188.103.64.193 - - [23/Sep/2012:20:11:14 +0200] "GET /img/meno03.gif HTTP/1.1" 200 931 "http://www.dialyse-in-salzwedel.de/seiten/leistungen.htm" "Mozilla/5.0 (Windows NT 6.1; rv:15.0) Gecko/20100101 Firefox/15.0.1"
188.103.64.193 - - [23/Sep/2012:20:11:15 +0200] "GET /seiten/dialyse.htm HTTP/1.1" 200 4906 "http://www.dialyse-in-salzwedel.de/seiten/leistungen.htm" "Mozilla/5.0 (Windows NT 6.1; rv:15.0) Gecko/20100101 Firefox/15.0.1"
188.103.64.193 - - [23/Sep/2012:20:11:15 +0200] "GET /img/dialyse.jpg HTTP/1.1" 200 21241 "http://www.dialyse-in-salzwedel.de/seiten/dialyse.htm" "Mozilla/5.0 (Windows NT 6.1; rv:15.0) Gecko/20100101 Firefox/15.0.1"
188.103.64.193 - - [23/Sep/2012:20:11:32 +0200] "GET /img/meno07.gif HTTP/1.1" 200 1052 "http://www.dialyse-in-salzwedel.de/seiten/dialyse.htm" "Mozilla/5.0 (Windows NT 6.1; rv:15.0) Gecko/20100101 Firefox/15.0.1"
188.103.64.193 - - [23/Sep/2012:20:11:33 +0200] "GET /img/meno01.gif HTTP/1.1" 200 938 "http://www.dialyse-in-salzwedel.de/seiten/dialyse.htm" "Mozilla/5.0 (Windows NT 6.1; rv:15.0) Gecko/20100101 Firefox/15.0.1"
188.103.64.193 - - [23/Sep/2012:20:11:33 +0200] "GET /seiten/praxis.htm HTTP/1.1" 200 5018 "http://www.dialyse-in-salzwedel.de/seiten/dialyse.htm" "Mozilla/5.0 (Windows NT 6.1; rv:15.0) Gecko/20100101 Firefox/15.0.1"
188.103.64.193 - - [23/Sep/2012:20:11:33 +0200] "GET /img/praxis.jpg HTTP/1.1" 200 13082 "http://www.dialyse-in-salzwedel.de/seiten/praxis.htm" "Mozilla/5.0 (Windows NT 6.1; rv:15.0) Gecko/20100101 Firefox/15.0.1"
188.103.64.193 - - [23/Sep/2012:20:11:40 +0200] "GET /img/meno04.gif HTTP/1.1" 200 727 "http://www.dialyse-in-salzwedel.de/seiten/praxis.htm" "Mozilla/5.0 (Windows NT 6.1; rv:15.0) Gecko/20100101 Firefox/15.0.1"
66.249.72.198 - - [23/Sep/2012:21:04:48 +0200] "GET / HTTP/1.1" 200 2301 "-" "Mozilla/5.0 (compatible; Googlebot/2.1; +http://www.google.com/bot.html)"
95.168.172.156 - - [23/Sep/2012:22:23:25 +0200] "GET /seiten/start.htm HTTP/1.1" 200 4313 "http://evroporte.ru/" "Mozilla/4.0 (MSIE 6.0; Windows NT 5.1; Search)"
95.168.172.156 - - [23/Sep/2012:22:23:26 +0200] "GET /seiten/start.htm HTTP/1.1" 200 4313 "http://evroporte.ru/" "Mozilla/4.0 (MSIE 6.0; Windows NT 5.1; Search)"
131.253.46.116 - - [23/Sep/2012:22:57:09 +0200] "GET /robots.txt HTTP/1.1" 404 1256 "-" "Mozilla/5.0 (compatible; bingbot/2.0; +http://www.bing.com/bingbot.htm)"
131.253.46.116 - - [23/Sep/2012:23:03:05 +0200] "GET /seiten/start.htm HTTP/1.1" 200 4313 "-" "Mozilla/5.0 (compatible; bingbot/2.0; +http://www.bing.com/bingbot.htm)"
5.9.25.76 - - [23/Sep/2012:23:34:08 +0200] "GET /robots.txt HTTP/1.1" 404 1256 "-" "Pixray-Seeker/2.0 (Pixray-Seeker; http://www.pixray.com/pixraybot; crawler@pixray.com)"
5.9.25.76 - - [23/Sep/2012:23:34:08 +0200] "GET /img/lay04.gif HTTP/1.1" 200 272 "-" "Pixray-Seeker/2.0 (Pixray-Seeker; http://www.pixray.com/pixraybot; crawler@pixray.com)"
66.249.72.198 - - [23/Sep/2012:23:39:58 +0200] "GET /seiten/start.htm HTTP/1.1" 200 4313 "-" "Mozilla/5.0 (iPhone; U; CPU iPhone OS 4_1 like Mac OS X; en-us) AppleWebKit/532.9 (KHTML, like Gecko) Version/4.0.5 Mobile/8B117 Safari/6531.22.7 (compatible; Googlebot-Mobile/2.1; +http://www.google.com/bot.html)"
157.55.33.14 - - [24/Sep/2012:00:57:46 +0200] "GET /robots.txt HTTP/1.1" 404 1256 "-" "Mozilla/5.0 (compatible; bingbot/2.0; +http://www.bing.com/bingbot.htm)"
157.55.16.28 - - [24/Sep/2012:01:06:22 +0200] "GET / HTTP/1.1" 200 2301 "-" "Mozilla/5.0 (Windows NT 6.1; WOW64) AppleWebKit/534+ (KHTML, like Gecko) BingPreview/1.0b"
157.55.33.14 - - [24/Sep/2012:01:06:32 +0200] "GET / HTTP/1.1" 304 - "-" "Mozilla/5.0 (compatible; bingbot/2.0; +http://www.bing.com/bingbot.htm)"
157.55.16.28 - - [24/Sep/2012:01:06:33 +0200] "GET /scripte/basics.js HTTP/1.1" 200 1078 "-" "Mozilla/5.0 (Windows NT 6.1; WOW64) AppleWebKit/534+ (KHTML, like Gecko) BingPreview/1.0b"
157.55.16.28 - - [24/Sep/2012:01:06:34 +0200] "GET /seiten/start.htm HTTP/1.1" 200 4313 "-" "Mozilla/5.0 (Windows NT 6.1; WOW64) AppleWebKit/534+ (KHTML, like Gecko) BingPreview/1.0b"
131.253.46.231 - - [24/Sep/2012:06:35:43 +0200] "GET /robots.txt HTTP/1.1" 404 1256 "-" "Mozilla/5.0 (compatible; bingbot/2.0; +http://www.bing.com/bingbot.htm)"
193.106.136.55 - - [24/Sep/2012:06:37:44 +0200] "GET /seiten/start.htm HTTP/1.1" 200 4313 "http://tuningauto.dp.ua/" "Opera/7.54 (Windows NT 5.1; U) [pl]"
193.106.136.55 - - [24/Sep/2012:06:37:45 +0200] "GET /seiten/start.htm HTTP/1.1" 200 4313 "http://tuningauto.dp.ua/" "Opera/7.54 (Windows NT 5.1; U) [pl]"
131.253.46.231 - - [24/Sep/2012:06:50:24 +0200] "GET /seiten/dialyse.htm HTTP/1.1" 304 - "-" "Mozilla/5.0 (compatible; bingbot/2.0; +http://www.bing.com/bingbot.htm)"
178.137.5.167 - - [24/Sep/2012:06:56:14 +0200] "GET /seiten/start.htm HTTP/1.1" 200 4313 "http://bimatoprost-careprost.ru/" "Mozilla/4.76 [en] (Windows NT 5.0; U)"
178.137.5.167 - - [24/Sep/2012:06:56:14 +0200] "GET /seiten/start.htm HTTP/1.1" 200 4313 "http://bimatoprost-careprost.ru/" "Mozilla/4.76 [en] (Windows NT 5.0; U)"
123.125.71.103 - - [24/Sep/2012:07:35:34 +0200] "GET /robots.txt HTTP/1.1" 404 1256 "-" "Mozilla/5.0 (Windows NT 5.1; rv:6.0.2) Gecko/20100101 Firefox/6.0.2"
139.18.2.17 - - [24/Sep/2012:10:03:55 +0200] "GET /seiten/praxis.htm HTTP/1.1" 200 5018 "-" "findlinks/2.6 (+http://wortschatz.uni-leipzig.de/findlinks/)"
188.103.120.70 - - [24/Sep/2012:12:10:27 +0200] "GET / HTTP/1.1" 200 2301 "http://www.google.de/url?sa=t&rct=j&q=&esrc=s&source=web&cd=1&sqi=2&ved=0CCAQFjAA&url=http%3A%2F%2Fwww.dialyse-in-salzwedel.de%2F&ei=IjFgUJynNc2Gswb16IHACw&usg=AFQjCNHBZzdzRK6NkOJc_vuRxJ6F08FD_w" "Mozilla/5.0 (Windows NT 6.1) AppleWebKit/537.1 (KHTML, like Gecko) Chrome/21.0.1180.89 Safari/537.1"
188.103.120.70 - - [24/Sep/2012:12:10:27 +0200] "GET /css/style.css HTTP/1.1" 200 3212 "http://www.dialyse-in-salzwedel.de/" "Mozilla/5.0 (Windows NT 6.1) AppleWebKit/537.1 (KHTML, like Gecko) Chrome/21.0.1180.89 Safari/537.1"
188.103.120.70 - - [24/Sep/2012:12:10:27 +0200] "GET /scripte/basics.js HTTP/1.1" 200 1078 "http://www.dialyse-in-salzwedel.de/" "Mozilla/5.0 (Windows NT 6.1) AppleWebKit/537.1 (KHTML, like Gecko) Chrome/21.0.1180.89 Safari/537.1"
188.103.120.70 - - [24/Sep/2012:12:10:27 +0200] "GET /seiten/start.htm HTTP/1.1" 200 4313 "http://www.dialyse-in-salzwedel.de/" "Mozilla/5.0 (Windows NT 6.1) AppleWebKit/537.1 (KHTML, like Gecko) Chrome/21.0.1180.89 Safari/537.1"
188.103.120.70 - - [24/Sep/2012:12:10:27 +0200] "GET /favicon.ico HTTP/1.1" 404 1256 "-" "Mozilla/5.0 (Windows NT 6.1) AppleWebKit/537.1 (KHTML, like Gecko) Chrome/21.0.1180.89 Safari/537.1"
188.103.120.70 - - [24/Sep/2012:12:10:27 +0200] "GET /img/head.gif HTTP/1.1" 200 4213 "http://www.dialyse-in-salzwedel.de/seiten/start.htm" "Mozilla/5.0 (Windows NT 6.1) AppleWebKit/537.1 (KHTML, like Gecko) Chrome/21.0.1180.89 Safari/537.1"
188.103.120.70 - - [24/Sep/2012:12:10:27 +0200] "GET /img/men01.gif HTTP/1.1" 200 702 "http://www.dialyse-in-salzwedel.de/seiten/start.htm" "Mozilla/5.0 (Windows NT 6.1) AppleWebKit/537.1 (KHTML, like Gecko) Chrome/21.0.1180.89 Safari/537.1"
188.103.120.70 - - [24/Sep/2012:12:10:27 +0200] "GET /img/men03.gif HTTP/1.1" 200 999 "http://www.dialyse-in-salzwedel.de/seiten/start.htm" "Mozilla/5.0 (Windows NT 6.1) AppleWebKit/537.1 (KHTML, like Gecko) Chrome/21.0.1180.89 Safari/537.1"
188.103.120.70 - - [24/Sep/2012:12:10:27 +0200] "GET /img/men04.gif HTTP/1.1" 200 1234 "http://www.dialyse-in-salzwedel.de/seiten/start.htm" "Mozilla/5.0 (Windows NT 6.1) AppleWebKit/537.1 (KHTML, like Gecko) Chrome/21.0.1180.89 Safari/537.1"
188.103.120.70 - - [24/Sep/2012:12:10:27 +0200] "GET /img/men05.gif HTTP/1.1" 200 1042 "http://www.dialyse-in-salzwedel.de/seiten/start.htm" "Mozilla/5.0 (Windows NT 6.1) AppleWebKit/537.1 (KHTML, like Gecko) Chrome/21.0.1180.89 Safari/537.1"
188.103.120.70 - - [24/Sep/2012:12:10:27 +0200] "GET /img/men06.gif HTTP/1.1" 200 904 "http://www.dialyse-in-salzwedel.de/seiten/start.htm" "Mozilla/5.0 (Windows NT 6.1) AppleWebKit/537.1 (KHTML, like Gecko) Chrome/21.0.1180.89 Safari/537.1"
188.103.120.70 - - [24/Sep/2012:12:10:27 +0200] "GET /img/men07.gif HTTP/1.1" 200 893 "http://www.dialyse-in-salzwedel.de/seiten/start.htm" "Mozilla/5.0 (Windows NT 6.1) AppleWebKit/537.1 (KHTML, like Gecko) Chrome/21.0.1180.89 Safari/537.1"
188.103.120.70 - - [24/Sep/2012:12:10:27 +0200] "GET /img/men08.gif HTTP/1.1" 200 1069 "http://www.dialyse-in-salzwedel.de/seiten/start.htm" "Mozilla/5.0 (Windows NT 6.1) AppleWebKit/537.1 (KHTML, like Gecko) Chrome/21.0.1180.89 Safari/537.1"
188.103.120.70 - - [24/Sep/2012:12:10:27 +0200] "GET /img/men09.gif HTTP/1.1" 200 1200 "http://www.dialyse-in-salzwedel.de/seiten/start.htm" "Mozilla/5.0 (Windows NT 6.1) AppleWebKit/537.1 (KHTML, like Gecko) Chrome/21.0.1180.89 Safari/537.1"
188.103.120.70 - - [24/Sep/2012:12:10:27 +0200] "GET /img/men02.gif HTTP/1.1" 200 758 "http://www.dialyse-in-salzwedel.de/seiten/start.htm" "Mozilla/5.0 (Windows NT 6.1) AppleWebKit/537.1 (KHTML, like Gecko) Chrome/21.0.1180.89 Safari/537.1"
188.103.120.70 - - [24/Sep/2012:12:10:27 +0200] "GET /img/lay01.gif HTTP/1.1" 200 149 "http://www.dialyse-in-salzwedel.de/seiten/start.htm" "Mozilla/5.0 (Windows NT 6.1) AppleWebKit/537.1 (KHTML, like Gecko) Chrome/21.0.1180.89 Safari/537.1"
188.103.120.70 - - [24/Sep/2012:12:10:27 +0200] "GET /img/bg02.gif HTTP/1.1" 200 67 "http://www.dialyse-in-salzwedel.de/seiten/start.htm" "Mozilla/5.0 (Windows NT 6.1) AppleWebKit/537.1 (KHTML, like Gecko) Chrome/21.0.1180.89 Safari/537.1"
188.103.120.70 - - [24/Sep/2012:12:10:27 +0200] "GET /img/lay02.gif HTTP/1.1" 200 153 "http://www.dialyse-in-salzwedel.de/seiten/start.htm" "Mozilla/5.0 (Windows NT 6.1) AppleWebKit/537.1 (KHTML, like Gecko) Chrome/21.0.1180.89 Safari/537.1"
188.103.120.70 - - [24/Sep/2012:12:10:27 +0200] "GET /img/bg01.gif HTTP/1.1" 200 70 "http://www.dialyse-in-salzwedel.de/seiten/start.htm" "Mozilla/5.0 (Windows NT 6.1) AppleWebKit/537.1 (KHTML, like Gecko) Chrome/21.0.1180.89 Safari/537.1"
188.103.120.70 - - [24/Sep/2012:12:10:27 +0200] "GET /img/bg03.gif HTTP/1.1" 200 84 "http://www.dialyse-in-salzwedel.de/seiten/start.htm" "Mozilla/5.0 (Windows NT 6.1) AppleWebKit/537.1 (KHTML, like Gecko) Chrome/21.0.1180.89 Safari/537.1"
188.103.120.70 - - [24/Sep/2012:12:10:27 +0200] "GET /img/lay03.gif HTTP/1.1" 200 253 "http://www.dialyse-in-salzwedel.de/seiten/start.htm" "Mozilla/5.0 (Windows NT 6.1) AppleWebKit/537.1 (KHTML, like Gecko) Chrome/21.0.1180.89 Safari/537.1"
188.103.120.70 - - [24/Sep/2012:12:10:27 +0200] "GET /img/bg04.gif HTTP/1.1" 200 92 "http://www.dialyse-in-salzwedel.de/seiten/start.htm" "Mozilla/5.0 (Windows NT 6.1) AppleWebKit/537.1 (KHTML, like Gecko) Chrome/21.0.1180.89 Safari/537.1"
188.103.120.70 - - [24/Sep/2012:12:10:27 +0200] "GET /img/1px.gif HTTP/1.1" 200 43 "http://www.dialyse-in-salzwedel.de/seiten/start.htm" "Mozilla/5.0 (Windows NT 6.1) AppleWebKit/537.1 (KHTML, like Gecko) Chrome/21.0.1180.89 Safari/537.1"
188.103.120.70 - - [24/Sep/2012:12:10:27 +0200] "GET /img/lay04.gif HTTP/1.1" 200 272 "http://www.dialyse-in-salzwedel.de/seiten/start.htm" "Mozilla/5.0 (Windows NT 6.1) AppleWebKit/537.1 (KHTML, like Gecko) Chrome/21.0.1180.89 Safari/537.1"
188.103.120.70 - - [24/Sep/2012:12:10:27 +0200] "GET /img/start.jpg HTTP/1.1" 200 18933 "http://www.dialyse-in-salzwedel.de/seiten/start.htm" "Mozilla/5.0 (Windows NT 6.1) AppleWebKit/537.1 (KHTML, like Gecko) Chrome/21.0.1180.89 Safari/537.1"
188.103.120.70 - - [24/Sep/2012:12:10:36 +0200] "GET /img/meno03.gif HTTP/1.1" 200 931 "http://www.dialyse-in-salzwedel.de/seiten/start.htm" "Mozilla/5.0 (Windows NT 6.1) AppleWebKit/537.1 (KHTML, like Gecko) Chrome/21.0.1180.89 Safari/537.1"
188.103.120.70 - - [24/Sep/2012:12:10:37 +0200] "GET /img/meno02.gif HTTP/1.1" 200 1200 "http://www.dialyse-in-salzwedel.de/seiten/start.htm" "Mozilla/5.0 (Windows NT 6.1) AppleWebKit/537.1 (KHTML, like Gecko) Chrome/21.0.1180.89 Safari/537.1"
188.103.120.70 - - [24/Sep/2012:12:10:37 +0200] "GET /img/meno01.gif HTTP/1.1" 200 938 "http://www.dialyse-in-salzwedel.de/seiten/start.htm" "Mozilla/5.0 (Windows NT 6.1) AppleWebKit/537.1 (KHTML, like Gecko) Chrome/21.0.1180.89 Safari/537.1"
188.103.120.70 - - [24/Sep/2012:12:10:38 +0200] "GET /seiten/praxis.htm HTTP/1.1" 200 5018 "http://www.dialyse-in-salzwedel.de/seiten/start.htm" "Mozilla/5.0 (Windows NT 6.1) AppleWebKit/537.1 (KHTML, like Gecko) Chrome/21.0.1180.89 Safari/537.1"
188.103.120.70 - - [24/Sep/2012:12:10:38 +0200] "GET /img/praxis.jpg HTTP/1.1" 200 13082 "http://www.dialyse-in-salzwedel.de/seiten/praxis.htm" "Mozilla/5.0 (Windows NT 6.1) AppleWebKit/537.1 (KHTML, like Gecko) Chrome/21.0.1180.89 Safari/537.1"
188.103.120.70 - - [24/Sep/2012:12:10:39 +0200] "GET /favicon.ico HTTP/1.1" 404 1256 "-" "Mozilla/5.0 (Windows NT 6.1) AppleWebKit/537.1 (KHTML, like Gecko) Chrome/21.0.1180.89 Safari/537.1"
188.103.120.70 - - [24/Sep/2012:12:10:47 +0200] "GET /seiten/leistungen.htm HTTP/1.1" 200 5060 "http://www.dialyse-in-salzwedel.de/seiten/praxis.htm" "Mozilla/5.0 (Windows NT 6.1) AppleWebKit/537.1 (KHTML, like Gecko) Chrome/21.0.1180.89 Safari/537.1"
188.103.120.70 - - [24/Sep/2012:12:10:47 +0200] "GET /img/leist.jpg HTTP/1.1" 200 18843 "http://www.dialyse-in-salzwedel.de/seiten/leistungen.htm" "Mozilla/5.0 (Windows NT 6.1) AppleWebKit/537.1 (KHTML, like Gecko) Chrome/21.0.1180.89 Safari/537.1"
188.103.120.70 - - [24/Sep/2012:12:10:47 +0200] "GET /favicon.ico HTTP/1.1" 404 1256 "-" "Mozilla/5.0 (Windows NT 6.1) AppleWebKit/537.1 (KHTML, like Gecko) Chrome/21.0.1180.89 Safari/537.1"
188.103.120.70 - - [24/Sep/2012:12:10:54 +0200] "GET /img/meno04.gif HTTP/1.1" 200 727 "http://www.dialyse-in-salzwedel.de/seiten/leistungen.htm" "Mozilla/5.0 (Windows NT 6.1) AppleWebKit/537.1 (KHTML, like Gecko) Chrome/21.0.1180.89 Safari/537.1"
188.103.120.70 - - [24/Sep/2012:12:10:55 +0200] "GET /img/meno05.gif HTTP/1.1" 200 788 "http://www.dialyse-in-salzwedel.de/seiten/leistungen.htm" "Mozilla/5.0 (Windows NT 6.1) AppleWebKit/537.1 (KHTML, like Gecko) Chrome/21.0.1180.89 Safari/537.1"
188.103.120.70 - - [24/Sep/2012:12:10:56 +0200] "GET /seiten/links.htm HTTP/1.1" 200 5092 "http://www.dialyse-in-salzwedel.de/seiten/leistungen.htm" "Mozilla/5.0 (Windows NT 6.1) AppleWebKit/537.1 (KHTML, like Gecko) Chrome/21.0.1180.89 Safari/537.1"
188.103.120.70 - - [24/Sep/2012:12:10:59 +0200] "GET /img/sites.jpg HTTP/1.1" 200 12916 "http://www.dialyse-in-salzwedel.de/seiten/links.htm" "Mozilla/5.0 (Windows NT 6.1) AppleWebKit/537.1 (KHTML, like Gecko) Chrome/21.0.1180.89 Safari/537.1"
188.103.120.70 - - [24/Sep/2012:12:11:01 +0200] "GET /img/meno06.gif HTTP/1.1" 200 1054 "http://www.dialyse-in-salzwedel.de/seiten/links.htm" "Mozilla/5.0 (Windows NT 6.1) AppleWebKit/537.1 (KHTML, like Gecko) Chrome/21.0.1180.89 Safari/537.1"
188.103.120.70 - - [24/Sep/2012:12:11:01 +0200] "GET /seiten/kontakt.htm HTTP/1.1" 200 5472 "http://www.dialyse-in-salzwedel.de/seiten/links.htm" "Mozilla/5.0 (Windows NT 6.1) AppleWebKit/537.1 (KHTML, like Gecko) Chrome/21.0.1180.89 Safari/537.1"
188.103.120.70 - - [24/Sep/2012:12:11:02 +0200] "GET /favicon.ico HTTP/1.1" 404 1256 "-" "Mozilla/5.0 (Windows NT 6.1) AppleWebKit/537.1 (KHTML, like Gecko) Chrome/21.0.1180.89 Safari/537.1"
188.103.120.70 - - [24/Sep/2012:12:11:02 +0200] "GET /favicon.ico HTTP/1.1" 404 1256 "-" "Mozilla/5.0 (Windows NT 6.1) AppleWebKit/537.1 (KHTML, like Gecko) Chrome/21.0.1180.89 Safari/537.1"
188.103.120.70 - - [24/Sep/2012:12:11:23 +0200] "GET /img/meno07.gif HTTP/1.1" 200 1052 "http://www.dialyse-in-salzwedel.de/seiten/kontakt.htm" "Mozilla/5.0 (Windows NT 6.1) AppleWebKit/537.1 (KHTML, like Gecko) Chrome/21.0.1180.89 Safari/537.1"
188.103.120.70 - - [24/Sep/2012:12:11:24 +0200] "GET /seiten/impressum.htm HTTP/1.1" 200 6907 "http://www.dialyse-in-salzwedel.de/seiten/kontakt.htm" "Mozilla/5.0 (Windows NT 6.1) AppleWebKit/537.1 (KHTML, like Gecko) Chrome/21.0.1180.89 Safari/537.1"
188.103.120.70 - - [24/Sep/2012:12:11:24 +0200] "GET /favicon.ico HTTP/1.1" 404 1256 "-" "Mozilla/5.0 (Windows NT 6.1) AppleWebKit/537.1 (KHTML, like Gecko) Chrome/21.0.1180.89 Safari/537.1"
131.253.46.116 - - [24/Sep/2012:12:43:07 +0200] "GET /robots.txt HTTP/1.1" 404 1256 "-" "Mozilla/5.0 (compatible; bingbot/2.0; +http://www.bing.com/bingbot.htm)"
65.55.208.14 - - [24/Sep/2012:12:47:03 +0200] "GET /seiten/start.htm HTTP/1.1" 200 4313 "-" "Mozilla/5.0 (Windows NT 6.1; WOW64) AppleWebKit/534+ (KHTML, like Gecko) BingPreview/1.0b"
131.253.46.116 - - [24/Sep/2012:12:47:45 +0200] "GET /seiten/start.htm HTTP/1.1" 304 - "-" "Mozilla/5.0 (compatible; bingbot/2.0; +http://www.bing.com/bingbot.htm)"
65.55.208.14 - - [24/Sep/2012:12:47:46 +0200] "GET /scripte/basics.js HTTP/1.1" 200 1078 "-" "Mozilla/5.0 (Windows NT 6.1; WOW64) AppleWebKit/534+ (KHTML, like Gecko) BingPreview/1.0b"
139.18.2.17 - - [24/Sep/2012:13:39:11 +0200] "GET /seiten/impressum.htm HTTP/1.1" 200 6907 "-" "findlinks/2.6 (+http://wortschatz.uni-leipzig.de/findlinks/)"
139.18.2.17 - - [24/Sep/2012:17:55:30 +0200] "GET /seiten/start.htm HTTP/1.1" 200 4313 "-" "findlinks/2.6 (+http://wortschatz.uni-leipzig.de/findlinks/)"
123.125.71.50 - - [24/Sep/2012:17:59:02 +0200] "GET / HTTP/1.1" 200 2301 "-" "Mozilla/5.0 (compatible; Baiduspider/2.0; +http://www.baidu.com/search/spider.html)"
123.125.71.103 - - [24/Sep/2012:17:59:10 +0200] "GET /css/style.css HTTP/1.1" 200 3212 "-" "Mozilla/5.0 (compatible; Baiduspider/2.0; +http://www.baidu.com/search/spider.html)"
123.125.71.28 - - [24/Sep/2012:17:59:12 +0200] "GET /seiten/start.htm HTTP/1.1" 200 4313 "-" "Mozilla/5.0 (compatible; Baiduspider/2.0; +http://www.baidu.com/search/spider.html)"
123.125.71.92 - - [24/Sep/2012:17:59:14 +0200] "GET /scripte/basics.js HTTP/1.1" 200 1078 "-" "Mozilla/5.0 (compatible; Baiduspider/2.0; +http://www.baidu.com/search/spider.html)"
139.18.2.17 - - [24/Sep/2012:18:43:47 +0200] "GET /seiten/dialyse.htm HTTP/1.1" 200 4906 "-" "findlinks/2.6 (+http://wortschatz.uni-leipzig.de/findlinks/)"
193.106.136.48 - - [24/Sep/2012:22:18:06 +0200] "GET /seiten/start.htm HTTP/1.1" 200 4313 "http://rabotamoney.3bb.ru/" "Mozilla/4.0 (compatible; MSIE 6.0; Windows NT 5.1) Netscape/8.0.4"
193.106.136.48 - - [24/Sep/2012:22:18:06 +0200] "GET /seiten/start.htm HTTP/1.1" 200 4313 "http://rabotamoney.3bb.ru/" "Mozilla/4.0 (compatible; MSIE 6.0; Windows NT 5.1) Netscape/8.0.4"
178.137.5.167 - - [24/Sep/2012:22:44:39 +0200] "GET /seiten/start.htm HTTP/1.1" 200 4313 "http://vefire.tomsk.ru/" "Opera/7.54 (Windows NT 5.1; U) [pl]"
178.137.5.167 - - [24/Sep/2012:22:44:40 +0200] "GET /seiten/start.htm HTTP/1.1" 200 4313 "http://vefire.tomsk.ru/" "Opera/7.54 (Windows NT 5.1; U) [pl]"
83.133.125.202 - - [24/Sep/2012:22:55:59 +0200] "GET / HTTP/1.1" 200 2301 "http://www.sumaja.de/?such_wert=brandenburg" "Mozilla/4.0 (compatible; MSIE 7.0; Windows NT 6.0; GTB6; SLCC1; .NET CLR 2.0.50727; Media Center PC 5.0; eSobiSubscriber 2.0.4.16; .NET CLR 3.5.30729; .NET CLR 3.0.30729; .NET4.0C)"
131.253.47.177 - - [24/Sep/2012:23:29:11 +0200] "GET /robots.txt HTTP/1.1" 404 1256 "-" "Mozilla/5.0 (compatible; bingbot/2.0; +http://www.bing.com/bingbot.htm)"
131.253.47.177 - - [24/Sep/2012:23:30:26 +0200] "GET /seiten/impressum.htm HTTP/1.1" 304 - "-" "Mozilla/5.0 (compatible; bingbot/2.0; +http://www.bing.com/bingbot.htm)"
92.249.127.111 - - [25/Sep/2012:01:04:28 +0200] "GET /seiten/start.htm HTTP/1.1" 200 4313 "http://mmoanons.ru/" "Mozilla/5.0 (compatible; news bot /2.1)"
92.249.127.111 - - [25/Sep/2012:01:04:28 +0200] "GET /seiten/start.htm HTTP/1.1" 200 4313 "http://mmoanons.ru/" "Mozilla/5.0 (compatible; news bot /2.1)"
200.98.129.60 - - [25/Sep/2012:01:36:00 +0200] "GET /seiten//wp-content/themes/photoria/functions/timthumb.php?src=http://img.youtube.com.alsahiltextiles.com/indek.php HTTP/1.1" 404 1256 "-" "Mozilla/4.0 (compatible; MSIE 6.0; Windows NT 5.1; Avant Browser [avantbrowser.com]; iOpus-I-M; QXW03416; .NET CLR 1.1.4322)"
200.98.129.60 - - [25/Sep/2012:01:36:04 +0200] "GET //wp-content/themes/photoria/functions/timthumb.php?src=http://img.youtube.com.alsahiltextiles.com/indek.php HTTP/1.1" 404 1256 "-" "Mozilla/4.0 (compatible; MSIE 6.0; Windows NT 5.1; Avant Browser [avantbrowser.com]; iOpus-I-M; QXW03416; .NET CLR 1.1.4322)"
200.98.129.68 - - [25/Sep/2012:01:44:56 +0200] "GET /seiten//wp-content/themes/photoria/functions/timthumb.php?src= HTTP/1.1" 404 1256 "-" "Mozilla/5.0 (Windows; U; Windows NT 6.0; en-US; rv:1.8.1.8pre) Gecko/20070928 Firefox/2.0.0.7 Navigator/9.0RC1"
200.98.129.68 - - [25/Sep/2012:01:44:59 +0200] "GET /seiten//wp-content/themes/photoria/functions/timthumb.php?src=http://wordpress.com.alumnipmc.com/index.php HTTP/1.1" 404 1256 "-" "Mozilla/5.0 (Windows; U; Windows NT 6.0; en-US; rv:1.8.1.8pre) Gecko/20070928 Firefox/2.0.0.7 Navigator/9.0RC1"
200.98.129.68 - - [25/Sep/2012:01:45:00 +0200] "GET //wp-content/themes/photoria/functions/timthumb.php?src= HTTP/1.1" 404 1256 "-" "Mozilla/5.0 (Windows; U; Windows NT 6.0; en-US; rv:1.8.1.8pre) Gecko/20070928 Firefox/2.0.0.7 Navigator/9.0RC1"
200.98.129.68 - - [25/Sep/2012:01:45:04 +0200] "GET //wp-content/themes/photoria/functions/timthumb.php?src=http://wordpress.com.alumnipmc.com/index.php HTTP/1.1" 404 1256 "-" "Mozilla/5.0 (Windows; U; Windows NT 6.0; en-US; rv:1.8.1.8pre) Gecko/20070928 Firefox/2.0.0.7 Navigator/9.0RC1"
200.98.171.78 - - [25/Sep/2012:01:45:51 +0200] "GET /seiten//wp-content/themes/photoria/functions/timthumb.php?src= HTTP/1.1" 404 1256 "-" "Mozilla/5.0 (Windows; U; Windows NT 5.1; pl-PL; rv:1.8.1.24pre) Gecko/20100228 K-Meleon/1.5.4"
200.98.171.78 - - [25/Sep/2012:01:45:55 +0200] "GET /seiten//wp-content/themes/photoria/functions/timthumb.php?src=http://wordpress.com.alumnipmc.com/index.php HTTP/1.1" 404 1256 "-" "Mozilla/5.0 (Windows; U; Windows NT 5.1; pl-PL; rv:1.8.1.24pre) Gecko/20100228 K-Meleon/1.5.4"
200.98.171.78 - - [25/Sep/2012:01:45:56 +0200] "GET //wp-content/themes/photoria/functions/timthumb.php?src= HTTP/1.1" 404 1256 "-" "Mozilla/5.0 (Windows; U; Windows NT 5.1; pl-PL; rv:1.8.1.24pre) Gecko/20100228 K-Meleon/1.5.4"
200.98.171.78 - - [25/Sep/2012:01:46:00 +0200] "GET //wp-content/themes/photoria/functions/timthumb.php?src=http://wordpress.com.alumnipmc.com/index.php HTTP/1.1" 404 1256 "-" "Mozilla/5.0 (Windows; U; Windows NT 5.1; pl-PL; rv:1.8.1.24pre) Gecko/20100228 K-Meleon/1.5.4"
200.98.129.67 - - [25/Sep/2012:01:46:50 +0200] "GET /seiten//wp-content/themes/photoria/functions/timthumb.php?src=http://img.youtube.com.alsahiltextiles.com/indek.php HTTP/1.1" 404 1256 "-" "Mozilla/4.0 (compatible; MSIE 6.0; Windows NT 5.1; Avant Browser [avantbrowser.com]; iOpus-I-M; QXW03416; .NET CLR 1.1.4322)"
200.98.129.67 - - [25/Sep/2012:01:47:05 +0200] "GET //wp-content/themes/photoria/functions/timthumb.php?src=http://img.youtube.com.alsahiltextiles.com/indek.php HTTP/1.1" 404 1256 "-" "Mozilla/4.0 (compatible; MSIE 6.0; Windows NT 5.1; Avant Browser [avantbrowser.com]; iOpus-I-M; QXW03416; .NET CLR 1.1.4322)"
200.98.170.252 - - [25/Sep/2012:01:49:48 +0200] "GET /seiten//wp-content/themes/photoria/functions/timthumb.php?src=http://img.youtube.com.alsahiltextiles.com/indek.php HTTP/1.1" 404 1256 "-" "Mozilla/4.0 (compatible; MSIE 6.0; America Online Browser 1.1; rev1.5; Windows NT 5.1;)"
200.98.170.252 - - [25/Sep/2012:01:49:52 +0200] "GET //wp-content/themes/photoria/functions/timthumb.php?src=http://img.youtube.com.alsahiltextiles.com/indek.php HTTP/1.1" 404 1256 "-" "Mozilla/4.0 (compatible; MSIE 6.0; America Online Browser 1.1; rev1.5; Windows NT 5.1;)"
200.98.129.60 - - [25/Sep/2012:01:50:53 +0200] "GET /seiten//wp-content/themes/Glamour_Shots_Pink_ad/functions/timthumb.php?src=http://img.youtube.com.alsahiltextiles.com/indek.php HTTP/1.1" 404 1256 "-" "Mozilla/4.0 (compatible; MSIE 6.0; Windows NT 5.1; Avant Browser [avantbrowser.com]; iOpus-I-M; QXW03416; .NET CLR 1.1.4322)"
200.98.129.60 - - [25/Sep/2012:01:50:57 +0200] "GET //wp-content/themes/Glamour_Shots_Pink_ad/functions/timthumb.php?src=http://img.youtube.com.alsahiltextiles.com/indek.php HTTP/1.1" 404 1256 "-" "Mozilla/4.0 (compatible; MSIE 6.0; Windows NT 5.1; Avant Browser [avantbrowser.com]; iOpus-I-M; QXW03416; .NET CLR 1.1.4322)"
200.98.129.67 - - [25/Sep/2012:01:54:19 +0200] "GET /seiten//wp-content/themes/Glamour_Shots_Pink_ad/functions/timthumb.php?src=http://img.youtube.com.alsahiltextiles.com/indek.php HTTP/1.1" 404 1256 "-" "Mozilla/4.0 (compatible; MSIE 6.0; Windows NT 5.1; Avant Browser [avantbrowser.com]; iOpus-I-M; QXW03416; .NET CLR 1.1.4322)"
200.98.129.67 - - [25/Sep/2012:01:54:22 +0200] "GET //wp-content/themes/Glamour_Shots_Pink_ad/functions/timthumb.php?src=http://img.youtube.com.alsahiltextiles.com/indek.php HTTP/1.1" 404 1256 "-" "Mozilla/4.0 (compatible; MSIE 6.0; Windows NT 5.1; Avant Browser [avantbrowser.com]; iOpus-I-M; QXW03416; .NET CLR 1.1.4322)"
200.98.175.189 - - [25/Sep/2012:01:59:03 +0200] "GET //wp-content/themes/photoria/functions/timthumb.php?src=http://img.youtube.com.alsahiltextiles.com/indek.php HTTP/1.1" 404 1256 "-" "Mozilla/5.0 (Windows; U; Windows NT 5.1; it; rv:1.8.1b1) Gecko/20060710 Firefox/2.0b1"
200.98.175.189 - - [25/Sep/2012:01:59:04 +0200] "GET /seiten//wp-content/themes/photoria/functions/timthumb.php?src=http://img.youtube.com.alsahiltextiles.com/indek.php HTTP/1.1" 404 1256 "-" "Mozilla/5.0 (Windows; U; Windows NT 5.1; it; rv:1.8.1b1) Gecko/20060710 Firefox/2.0b1"
200.98.170.252 - - [25/Sep/2012:01:59:44 +0200] "GET /seiten//wp-content/themes/Glamour_Shots_Pink_ad/functions/timthumb.php?src=http://img.youtube.com.alsahiltextiles.com/indek.php HTTP/1.1" 404 1256 "-" "Mozilla/4.0 (compatible; MSIE 6.0; America Online Browser 1.1; rev1.5; Windows NT 5.1;)"
200.98.170.252 - - [25/Sep/2012:01:59:52 +0200] "GET //wp-content/themes/Glamour_Shots_Pink_ad/functions/timthumb.php?src=http://img.youtube.com.alsahiltextiles.com/indek.php HTTP/1.1" 404 1256 "-" "Mozilla/4.0 (compatible; MSIE 6.0; America Online Browser 1.1; rev1.5; Windows NT 5.1;)"
200.98.175.189 - - [25/Sep/2012:02:01:45 +0200] "GET /seiten//wp-content/themes/Glamour_Shots_Pink_ad/functions/timthumb.php?src=http://img.youtube.com.alsahiltextiles.com/indek.php HTTP/1.1" 404 1256 "-" "Mozilla/5.0 (Windows; U; Windows NT 5.1; it; rv:1.8.1b1) Gecko/20060710 Firefox/2.0b1"
200.98.175.189 - - [25/Sep/2012:02:01:54 +0200] "GET //wp-content/themes/Glamour_Shots_Pink_ad/functions/timthumb.php?src=http://img.youtube.com.alsahiltextiles.com/indek.php HTTP/1.1" 404 1256 "-" "Mozilla/5.0 (Windows; U; Windows NT 5.1; it; rv:1.8.1b1) Gecko/20060710 Firefox/2.0b1"
200.98.129.60 - - [25/Sep/2012:02:05:20 +0200] "GET /seiten//wp-content/themes/photoria/functions/timthumb.php?src= HTTP/1.1" 404 1256 "-" "Mozilla/5.0 (Windows; U; Windows NT 6.0; en-US; rv:1.8.1.8pre) Gecko/20070928 Firefox/2.0.0.7 Navigator/9.0RC1"
200.98.175.189 - - [25/Sep/2012:02:05:20 +0200] "GET /seiten//wp-content/themes/photoria/functions/timthumb.php?src= HTTP/1.1" 404 1256 "-" "Mozilla/5.0 (Windows; U; Windows NT 5.1; en-US; rv:1.9.2) Gecko/20100115 Firefox/3.6"
200.98.129.60 - - [25/Sep/2012:02:05:24 +0200] "GET /seiten//wp-content/themes/photoria/functions/timthumb.php?src=http://wordpress.com.alumnipmc.com/index.php HTTP/1.1" 404 1256 "-" "Mozilla/5.0 (Windows; U; Windows NT 6.0; en-US; rv:1.8.1.8pre) Gecko/20070928 Firefox/2.0.0.7 Navigator/9.0RC1"
200.98.129.60 - - [25/Sep/2012:02:05:25 +0200] "GET //wp-content/themes/photoria/functions/timthumb.php?src= HTTP/1.1" 404 1256 "-" "Mozilla/5.0 (Windows; U; Windows NT 6.0; en-US; rv:1.8.1.8pre) Gecko/20070928 Firefox/2.0.0.7 Navigator/9.0RC1"
200.98.129.60 - - [25/Sep/2012:02:05:29 +0200] "GET //wp-content/themes/photoria/functions/timthumb.php?src=http://wordpress.com.alumnipmc.com/index.php HTTP/1.1" 404 1256 "-" "Mozilla/5.0 (Windows; U; Windows NT 6.0; en-US; rv:1.8.1.8pre) Gecko/20070928 Firefox/2.0.0.7 Navigator/9.0RC1"
200.98.175.189 - - [25/Sep/2012:02:05:30 +0200] "GET //wp-content/themes/photoria/functions/timthumb.php?src= HTTP/1.1" 404 1256 "-" "Mozilla/5.0 (Windows; U; Windows NT 5.1; en-US; rv:1.9.2) Gecko/20100115 Firefox/3.6"
200.98.175.189 - - [25/Sep/2012:02:05:35 +0200] "GET /seiten//wp-content/themes/photoria/functions/timthumb.php?src=http://wordpress.com.alumnipmc.com/index.php HTTP/1.1" 404 1256 "-" "Mozilla/5.0 (Windows; U; Windows NT 5.1; en-US; rv:1.9.2) Gecko/20100115 Firefox/3.6"
200.98.175.189 - - [25/Sep/2012:02:05:47 +0200] "GET //wp-content/themes/photoria/functions/timthumb.php?src=http://wordpress.com.alumnipmc.com/index.php HTTP/1.1" 404 1256 "-" "Mozilla/5.0 (Windows; U; Windows NT 5.1; en-US; rv:1.9.2) Gecko/20100115 Firefox/3.6"
200.98.129.67 - - [25/Sep/2012:02:08:24 +0200] "GET /seiten//wp-content/themes/photoria/functions/timthumb.php?src= HTTP/1.1" 404 1256 "-" "Mozilla/5.0 (X11; U; Linux i686 (x86_64); en-US; rv:1.9.0.16) Gecko/2009122206 Firefox/3.0.16 Flock/2.5.6"
200.98.129.67 - - [25/Sep/2012:02:08:28 +0200] "GET /seiten//wp-content/themes/photoria/functions/timthumb.php?src=http://wordpress.com.alumnipmc.com/index.php HTTP/1.1" 404 1256 "-" "Mozilla/5.0 (X11; U; Linux i686 (x86_64); en-US; rv:1.9.0.16) Gecko/2009122206 Firefox/3.0.16 Flock/2.5.6"
200.98.129.67 - - [25/Sep/2012:02:08:30 +0200] "GET //wp-content/themes/photoria/functions/timthumb.php?src= HTTP/1.1" 404 1256 "-" "Mozilla/5.0 (X11; U; Linux i686 (x86_64); en-US; rv:1.9.0.16) Gecko/2009122206 Firefox/3.0.16 Flock/2.5.6"
200.98.129.67 - - [25/Sep/2012:02:08:33 +0200] "GET //wp-content/themes/photoria/functions/timthumb.php?src=http://wordpress.com.alumnipmc.com/index.php HTTP/1.1" 404 1256 "-" "Mozilla/5.0 (X11; U; Linux i686 (x86_64); en-US; rv:1.9.0.16) Gecko/2009122206 Firefox/3.0.16 Flock/2.5.6"
200.98.129.67 - - [25/Sep/2012:02:09:25 +0200] "GET /seiten//wp-content/themes/photoria/functions/timthumb.php?src= HTTP/1.1" 404 1256 "-" "Mozilla/5.0 (Windows; U; Windows NT 5.1; pl-PL; rv:1.8.1.24pre) Gecko/20100228 K-Meleon/1.5.4"
200.98.129.67 - - [25/Sep/2012:02:09:29 +0200] "GET /seiten//wp-content/themes/photoria/functions/timthumb.php?src=http://wordpress.com.alumnipmc.com/index.php HTTP/1.1" 404 1256 "-" "Mozilla/5.0 (Windows; U; Windows NT 5.1; pl-PL; rv:1.8.1.24pre) Gecko/20100228 K-Meleon/1.5.4"
200.98.129.67 - - [25/Sep/2012:02:09:30 +0200] "GET //wp-content/themes/photoria/functions/timthumb.php?src= HTTP/1.1" 404 1256 "-" "Mozilla/5.0 (Windows; U; Windows NT 5.1; pl-PL; rv:1.8.1.24pre) Gecko/20100228 K-Meleon/1.5.4"
200.98.129.67 - - [25/Sep/2012:02:09:34 +0200] "GET //wp-content/themes/photoria/functions/timthumb.php?src=http://wordpress.com.alumnipmc.com/index.php HTTP/1.1" 404 1256 "-" "Mozilla/5.0 (Windows; U; Windows NT 5.1; pl-PL; rv:1.8.1.24pre) Gecko/20100228 K-Meleon/1.5.4"
200.98.169.175 - - [25/Sep/2012:02:13:07 +0200] "GET /seiten//wp-content/themes/photoria/functions/timthumb.php?src= HTTP/1.1" 404 1256 "-" "Mozilla/5.0 (Windows; U; Windows NT 6.0; en-US; rv:1.8.1.8pre) Gecko/20070928 Firefox/2.0.0.7 Navigator/9.0RC1"
200.98.169.175 - - [25/Sep/2012:02:13:14 +0200] "GET /seiten//wp-content/themes/photoria/functions/timthumb.php?src=http://wordpress.com.alumnipmc.com/index.php HTTP/1.1" 404 1256 "-" "Mozilla/5.0 (Windows; U; Windows NT 6.0; en-US; rv:1.8.1.8pre) Gecko/20070928 Firefox/2.0.0.7 Navigator/9.0RC1"
200.98.169.175 - - [25/Sep/2012:02:13:16 +0200] "GET //wp-content/themes/photoria/functions/timthumb.php?src= HTTP/1.1" 404 1256 "-" "Mozilla/5.0 (Windows; U; Windows NT 6.0; en-US; rv:1.8.1.8pre) Gecko/20070928 Firefox/2.0.0.7 Navigator/9.0RC1"
200.98.169.175 - - [25/Sep/2012:02:13:19 +0200] "GET //wp-content/themes/photoria/functions/timthumb.php?src=http://wordpress.com.alumnipmc.com/index.php HTTP/1.1" 404 1256 "-" "Mozilla/5.0 (Windows; U; Windows NT 6.0; en-US; rv:1.8.1.8pre) Gecko/20070928 Firefox/2.0.0.7 Navigator/9.0RC1"
200.98.129.62 - - [25/Sep/2012:02:14:04 +0200] "GET /seiten//wp-content/themes/Glamour_Shots_Pink_ad/functions/timthumb.php?src= HTTP/1.1" 404 1256 "-" "Mozilla/5.0 (X11; U; Linux i686 (x86_64); en-US; rv:1.9.0.16) Gecko/2009122206 Firefox/3.0.16 Flock/2.5.6"
200.98.129.62 - - [25/Sep/2012:02:14:07 +0200] "GET /seiten//wp-content/themes/Glamour_Shots_Pink_ad/functions/timthumb.php?src=http://wordpress.com.alumnipmc.com/index.php HTTP/1.1" 404 1256 "-" "Mozilla/5.0 (X11; U; Linux i686 (x86_64); en-US; rv:1.9.0.16) Gecko/2009122206 Firefox/3.0.16 Flock/2.5.6"
200.98.129.62 - - [25/Sep/2012:02:14:09 +0200] "GET //wp-content/themes/Glamour_Shots_Pink_ad/functions/timthumb.php?src= HTTP/1.1" 404 1256 "-" "Mozilla/5.0 (X11; U; Linux i686 (x86_64); en-US; rv:1.9.0.16) Gecko/2009122206 Firefox/3.0.16 Flock/2.5.6"
200.98.129.62 - - [25/Sep/2012:02:14:12 +0200] "GET //wp-content/themes/Glamour_Shots_Pink_ad/functions/timthumb.php?src=http://wordpress.com.alumnipmc.com/index.php HTTP/1.1" 404 1256 "-" "Mozilla/5.0 (X11; U; Linux i686 (x86_64); en-US; rv:1.9.0.16) Gecko/2009122206 Firefox/3.0.16 Flock/2.5.6"
200.98.170.252 - - [25/Sep/2012:02:14:29 +0200] "GET /seiten//wp-content/themes/photoria/functions/timthumb.php?src= HTTP/1.1" 404 1256 "-" "Mozilla/5.0 (X11; U; Linux i686 (x86_64); en-US; rv:1.9.0.16) Gecko/2009122206 Firefox/3.0.16 Flock/2.5.6"
200.98.170.252 - - [25/Sep/2012:02:14:32 +0200] "GET /seiten//wp-content/themes/photoria/functions/timthumb.php?src=http://wordpress.com.alumnipmc.com/index.php HTTP/1.1" 404 1256 "-" "Mozilla/5.0 (X11; U; Linux i686 (x86_64); en-US; rv:1.9.0.16) Gecko/2009122206 Firefox/3.0.16 Flock/2.5.6"
200.98.170.252 - - [25/Sep/2012:02:14:37 +0200] "GET //wp-content/themes/photoria/functions/timthumb.php?src= HTTP/1.1" 404 1256 "-" "Mozilla/5.0 (X11; U; Linux i686 (x86_64); en-US; rv:1.9.0.16) Gecko/2009122206 Firefox/3.0.16 Flock/2.5.6"
200.98.170.252 - - [25/Sep/2012:02:14:52 +0200] "GET //wp-content/themes/photoria/functions/timthumb.php?src=http://wordpress.com.alumnipmc.com/index.php HTTP/1.1" 404 1256 "-" "Mozilla/5.0 (X11; U; Linux i686 (x86_64); en-US; rv:1.9.0.16) Gecko/2009122206 Firefox/3.0.16 Flock/2.5.6"
200.98.129.68 - - [25/Sep/2012:02:17:03 +0200] "GET /seiten//wp-content/themes/Glamour_Shots_Pink_ad/functions/timthumb.php?src= HTTP/1.1" 404 1256 "-" "Mozilla/5.0 (Windows; U; Windows NT 6.0; en-US; rv:1.8.1.8pre) Gecko/20070928 Firefox/2.0.0.7 Navigator/9.0RC1"
200.98.129.68 - - [25/Sep/2012:02:17:07 +0200] "GET /seiten//wp-content/themes/Glamour_Shots_Pink_ad/functions/timthumb.php?src=http://wordpress.com.alumnipmc.com/index.php HTTP/1.1" 404 1256 "-" "Mozilla/5.0 (Windows; U; Windows NT 6.0; en-US; rv:1.8.1.8pre) Gecko/20070928 Firefox/2.0.0.7 Navigator/9.0RC1"
200.98.129.68 - - [25/Sep/2012:02:17:08 +0200] "GET //wp-content/themes/Glamour_Shots_Pink_ad/functions/timthumb.php?src= HTTP/1.1" 404 1256 "-" "Mozilla/5.0 (Windows; U; Windows NT 6.0; en-US; rv:1.8.1.8pre) Gecko/20070928 Firefox/2.0.0.7 Navigator/9.0RC1"
200.98.129.68 - - [25/Sep/2012:02:17:12 +0200] "GET //wp-content/themes/Glamour_Shots_Pink_ad/functions/timthumb.php?src=http://wordpress.com.alumnipmc.com/index.php HTTP/1.1" 404 1256 "-" "Mozilla/5.0 (Windows; U; Windows NT 6.0; en-US; rv:1.8.1.8pre) Gecko/20070928 Firefox/2.0.0.7 Navigator/9.0RC1"
200.98.129.60 - - [25/Sep/2012:02:17:20 +0200] "GET /seiten//wp-content/themes/Glamour_Shots_Pink_ad/functions/timthumb.php?src= HTTP/1.1" 404 1256 "-" "Mozilla/5.0 (Windows; U; Windows NT 6.0; en-US; rv:1.8.1.8pre) Gecko/20070928 Firefox/2.0.0.7 Navigator/9.0RC1"
200.98.129.60 - - [25/Sep/2012:02:17:23 +0200] "GET /seiten//wp-content/themes/Glamour_Shots_Pink_ad/functions/timthumb.php?src=http://wordpress.com.alumnipmc.com/index.php HTTP/1.1" 404 1256 "-" "Mozilla/5.0 (Windows; U; Windows NT 6.0; en-US; rv:1.8.1.8pre) Gecko/20070928 Firefox/2.0.0.7 Navigator/9.0RC1"
200.98.129.60 - - [25/Sep/2012:02:17:25 +0200] "GET //wp-content/themes/Glamour_Shots_Pink_ad/functions/timthumb.php?src= HTTP/1.1" 404 1256 "-" "Mozilla/5.0 (Windows; U; Windows NT 6.0; en-US; rv:1.8.1.8pre) Gecko/20070928 Firefox/2.0.0.7 Navigator/9.0RC1"
200.98.129.60 - - [25/Sep/2012:02:17:28 +0200] "GET //wp-content/themes/Glamour_Shots_Pink_ad/functions/timthumb.php?src=http://wordpress.com.alumnipmc.com/index.php HTTP/1.1" 404 1256 "-" "Mozilla/5.0 (Windows; U; Windows NT 6.0; en-US; rv:1.8.1.8pre) Gecko/20070928 Firefox/2.0.0.7 Navigator/9.0RC1"
200.98.129.67 - - [25/Sep/2012:02:24:06 +0200] "GET /seiten//wp-content/themes/Glamour_Shots_Pink_ad/functions/timthumb.php?src= HTTP/1.1" 404 1256 "-" "Mozilla/5.0 (Windows; U; Windows NT 5.1; pl-PL; rv:1.8.1.24pre) Gecko/20100228 K-Meleon/1.5.4"
200.98.129.67 - - [25/Sep/2012:02:24:10 +0200] "GET /seiten//wp-content/themes/Glamour_Shots_Pink_ad/functions/timthumb.php?src=http://wordpress.com.alumnipmc.com/index.php HTTP/1.1" 404 1256 "-" "Mozilla/5.0 (Windows; U; Windows NT 5.1; pl-PL; rv:1.8.1.24pre) Gecko/20100228 K-Meleon/1.5.4"
200.98.129.67 - - [25/Sep/2012:02:24:16 +0200] "GET //wp-content/themes/Glamour_Shots_Pink_ad/functions/timthumb.php?src= HTTP/1.1" 404 1256 "-" "Mozilla/5.0 (Windows; U; Windows NT 5.1; pl-PL; rv:1.8.1.24pre) Gecko/20100228 K-Meleon/1.5.4"
200.98.129.67 - - [25/Sep/2012:02:24:26 +0200] "GET //wp-content/themes/Glamour_Shots_Pink_ad/functions/timthumb.php?src=http://wordpress.com.alumnipmc.com/index.php HTTP/1.1" 404 1256 "-" "Mozilla/5.0 (Windows; U; Windows NT 5.1; pl-PL; rv:1.8.1.24pre) Gecko/20100228 K-Meleon/1.5.4"
200.98.171.78 - - [25/Sep/2012:02:36:29 +0200] "GET /seiten//wp-content/themes/Glamour_Shots_Pink_ad/functions/timthumb.php?src= HTTP/1.1" 404 1256 "-" "Mozilla/5.0 (Windows; U; Windows NT 5.1; pl-PL; rv:1.8.1.24pre) Gecko/20100228 K-Meleon/1.5.4"
200.98.171.78 - - [25/Sep/2012:02:36:42 +0200] "GET //wp-content/themes/Glamour_Shots_Pink_ad/functions/timthumb.php?src= HTTP/1.1" 404 1256 "-" "Mozilla/5.0 (Windows; U; Windows NT 5.1; pl-PL; rv:1.8.1.24pre) Gecko/20100228 K-Meleon/1.5.4"
200.98.171.78 - - [25/Sep/2012:02:36:43 +0200] "GET /seiten//wp-content/themes/Glamour_Shots_Pink_ad/functions/timthumb.php?src=http://wordpress.com.alumnipmc.com/index.php HTTP/1.1" 404 1256 "-" "Mozilla/5.0 (Windows; U; Windows NT 5.1; pl-PL; rv:1.8.1.24pre) Gecko/20100228 K-Meleon/1.5.4"
200.98.171.78 - - [25/Sep/2012:02:36:45 +0200] "GET //wp-content/themes/Glamour_Shots_Pink_ad/functions/timthumb.php?src=http://wordpress.com.alumnipmc.com/index.php HTTP/1.1" 404 1256 "-" "Mozilla/5.0 (Windows; U; Windows NT 5.1; pl-PL; rv:1.8.1.24pre) Gecko/20100228 K-Meleon/1.5.4"
200.98.169.175 - - [25/Sep/2012:02:38:41 +0200] "GET /seiten//wp-content/themes/Glamour_Shots_Pink_ad/functions/timthumb.php?src= HTTP/1.1" 404 1256 "-" "Mozilla/5.0 (Windows; U; Windows NT 6.0; en-US; rv:1.8.1.8pre) Gecko/20070928 Firefox/2.0.0.7 Navigator/9.0RC1"
200.98.169.175 - - [25/Sep/2012:02:38:44 +0200] "GET /seiten//wp-content/themes/Glamour_Shots_Pink_ad/functions/timthumb.php?src=http://wordpress.com.alumnipmc.com/index.php HTTP/1.1" 404 1256 "-" "Mozilla/5.0 (Windows; U; Windows NT 6.0; en-US; rv:1.8.1.8pre) Gecko/20070928 Firefox/2.0.0.7 Navigator/9.0RC1"
200.98.169.175 - - [25/Sep/2012:02:38:46 +0200] "GET //wp-content/themes/Glamour_Shots_Pink_ad/functions/timthumb.php?src= HTTP/1.1" 404 1256 "-" "Mozilla/5.0 (Windows; U; Windows NT 6.0; en-US; rv:1.8.1.8pre) Gecko/20070928 Firefox/2.0.0.7 Navigator/9.0RC1"
200.98.169.175 - - [25/Sep/2012:02:38:49 +0200] "GET //wp-content/themes/Glamour_Shots_Pink_ad/functions/timthumb.php?src=http://wordpress.com.alumnipmc.com/index.php HTTP/1.1" 404 1256 "-" "Mozilla/5.0 (Windows; U; Windows NT 6.0; en-US; rv:1.8.1.8pre) Gecko/20070928 Firefox/2.0.0.7 Navigator/9.0RC1"
200.98.170.252 - - [25/Sep/2012:02:39:47 +0200] "GET /seiten//wp-content/themes/Glamour_Shots_Pink_ad/functions/timthumb.php?src= HTTP/1.1" 404 1256 "-" "Mozilla/5.0 (X11; U; Linux i686 (x86_64); en-US; rv:1.9.0.16) Gecko/2009122206 Firefox/3.0.16 Flock/2.5.6"
200.98.170.252 - - [25/Sep/2012:02:39:50 +0200] "GET /seiten//wp-content/themes/Glamour_Shots_Pink_ad/functions/timthumb.php?src=http://wordpress.com.alumnipmc.com/index.php HTTP/1.1" 404 1256 "-" "Mozilla/5.0 (X11; U; Linux i686 (x86_64); en-US; rv:1.9.0.16) Gecko/2009122206 Firefox/3.0.16 Flock/2.5.6"
200.98.170.252 - - [25/Sep/2012:02:39:52 +0200] "GET //wp-content/themes/Glamour_Shots_Pink_ad/functions/timthumb.php?src= HTTP/1.1" 404 1256 "-" "Mozilla/5.0 (X11; U; Linux i686 (x86_64); en-US; rv:1.9.0.16) Gecko/2009122206 Firefox/3.0.16 Flock/2.5.6"
200.98.175.189 - - [25/Sep/2012:02:39:55 +0200] "GET /seiten//wp-content/themes/Glamour_Shots_Pink_ad/functions/timthumb.php?src= HTTP/1.1" 404 1256 "-" "Mozilla/5.0 (Windows; U; Windows NT 5.1; en-US; rv:1.9.2) Gecko/20100115 Firefox/3.6"
200.98.170.252 - - [25/Sep/2012:02:40:02 +0200] "GET //wp-content/themes/Glamour_Shots_Pink_ad/functions/timthumb.php?src=http://wordpress.com.alumnipmc.com/index.php HTTP/1.1" 404 1256 "-" "Mozilla/5.0 (X11; U; Linux i686 (x86_64); en-US; rv:1.9.0.16) Gecko/2009122206 Firefox/3.0.16 Flock/2.5.6"
200.98.175.189 - - [25/Sep/2012:02:40:05 +0200] "GET //wp-content/themes/Glamour_Shots_Pink_ad/functions/timthumb.php?src= HTTP/1.1" 404 1256 "-" "Mozilla/5.0 (Windows; U; Windows NT 5.1; en-US; rv:1.9.2) Gecko/20100115 Firefox/3.6"
200.98.175.189 - - [25/Sep/2012:02:40:10 +0200] "GET /seiten//wp-content/themes/Glamour_Shots_Pink_ad/functions/timthumb.php?src=http://wordpress.com.alumnipmc.com/index.php HTTP/1.1" 404 1256 "-" "Mozilla/5.0 (Windows; U; Windows NT 5.1; en-US; rv:1.9.2) Gecko/20100115 Firefox/3.6"
200.98.175.189 - - [25/Sep/2012:02:40:19 +0200] "GET //wp-content/themes/Glamour_Shots_Pink_ad/functions/timthumb.php?src=http://wordpress.com.alumnipmc.com/index.php HTTP/1.1" 404 1256 "-" "Mozilla/5.0 (Windows; U; Windows NT 5.1; en-US; rv:1.9.2) Gecko/20100115 Firefox/3.6"
139.18.2.209 - - [25/Sep/2012:03:51:16 +0200] "GET /seiten/news.php HTTP/1.1" 200 4865 "-" "findlinks/2.6 (+http://wortschatz.uni-leipzig.de/findlinks/)"
66.249.72.198 - - [25/Sep/2012:03:54:58 +0200] "GET /robots.txt HTTP/1.1" 404 1256 "-" "Mozilla/5.0 (compatible; Googlebot/2.1; +http://www.google.com/bot.html)"
66.249.72.198 - - [25/Sep/2012:03:54:58 +0200] "GET / HTTP/1.1" 200 2301 "-" "Mozilla/5.0 (compatible; Googlebot/2.1; +http://www.google.com/bot.html)"
139.18.2.17 - - [25/Sep/2012:05:06:56 +0200] "GET / HTTP/1.1" 200 2301 "-" "findlinks/2.6 (+http://wortschatz.uni-leipzig.de/findlinks/)"
123.125.71.88 - - [25/Sep/2012:06:46:59 +0200] "GET /robots.txt HTTP/1.1" 404 1256 "-" "Mozilla/5.0 (Windows NT 5.1; rv:6.0.2) Gecko/20100101 Firefox/6.0.2"
131.253.46.112 - - [25/Sep/2012:07:09:30 +0200] "GET /robots.txt HTTP/1.1" 404 1256 "-" "Mozilla/5.0 (compatible; bingbot/2.0; +http://www.bing.com/bingbot.htm)"
131.253.46.112 - - [25/Sep/2012:07:18:07 +0200] "GET /seiten/dialyse.htm HTTP/1.1" 200 4906 "-" "Mozilla/5.0 (compatible; bingbot/2.0; +http://www.bing.com/bingbot.htm)"
131.253.46.112 - - [25/Sep/2012:07:23:36 +0200] "GET /seiten/kont_form.php HTTP/1.1" 200 6397 "-" "Mozilla/5.0 (compatible; bingbot/2.0; +http://www.bing.com/bingbot.htm)"
66.249.72.198 - - [25/Sep/2012:08:07:55 +0200] "GET /seiten/kontakt.htm HTTP/1.1" 200 5472 "-" "Mozilla/5.0 (compatible; Googlebot/2.1; +http://www.google.com/bot.html)"
217.226.131.243 - - [25/Sep/2012:09:51:14 +0200] "GET /seiten/praxis.htm HTTP/1.1" 200 5018 "http://www.google.de/search?q=dialysezentrum+salzwedel&hl=de&gbv=2&gs_l=heirloom-hp.3...5909.25817.0.28561.90.64.11.1.1.7.451.9982.0j10j20j8j2.40.0...0.0...1c.1.q8fejRaGs-o&oq=salzwedel+dialyse" "Mozilla/4.0 (compatible; MSIE 7.0; Windows NT 5.1)"
217.226.131.243 - - [25/Sep/2012:09:51:15 +0200] "GET /scripte/basics.js HTTP/1.1" 200 1078 "http://www.dialyse-in-salzwedel.de/seiten/praxis.htm" "Mozilla/4.0 (compatible; MSIE 7.0; Windows NT 5.1)"
217.226.131.243 - - [25/Sep/2012:09:51:15 +0200] "GET /css/style.css HTTP/1.1" 200 3212 "http://www.dialyse-in-salzwedel.de/seiten/praxis.htm" "Mozilla/4.0 (compatible; MSIE 7.0; Windows NT 5.1)"
217.226.131.243 - - [25/Sep/2012:09:51:15 +0200] "GET /img/men01.gif HTTP/1.1" 200 702 "http://www.dialyse-in-salzwedel.de/seiten/praxis.htm" "Mozilla/4.0 (compatible; MSIE 7.0; Windows NT 5.1)"
217.226.131.243 - - [25/Sep/2012:09:51:15 +0200] "GET /img/head.gif HTTP/1.1" 200 4213 "http://www.dialyse-in-salzwedel.de/seiten/praxis.htm" "Mozilla/4.0 (compatible; MSIE 7.0; Windows NT 5.1)"
217.226.131.243 - - [25/Sep/2012:09:51:15 +0200] "GET /img/meno01.gif HTTP/1.1" 200 938 "http://www.dialyse-in-salzwedel.de/seiten/praxis.htm" "Mozilla/4.0 (compatible; MSIE 7.0; Windows NT 5.1)"
217.226.131.243 - - [25/Sep/2012:09:51:15 +0200] "GET /img/men04.gif HTTP/1.1" 200 1234 "http://www.dialyse-in-salzwedel.de/seiten/praxis.htm" "Mozilla/4.0 (compatible; MSIE 7.0; Windows NT 5.1)"
217.226.131.243 - - [25/Sep/2012:09:51:15 +0200] "GET /img/men05.gif HTTP/1.1" 200 1042 "http://www.dialyse-in-salzwedel.de/seiten/praxis.htm" "Mozilla/4.0 (compatible; MSIE 7.0; Windows NT 5.1)"
217.226.131.243 - - [25/Sep/2012:09:51:16 +0200] "GET /img/men06.gif HTTP/1.1" 200 904 "http://www.dialyse-in-salzwedel.de/seiten/praxis.htm" "Mozilla/4.0 (compatible; MSIE 7.0; Windows NT 5.1)"
217.226.131.243 - - [25/Sep/2012:09:51:16 +0200] "GET /img/men07.gif HTTP/1.1" 200 893 "http://www.dialyse-in-salzwedel.de/seiten/praxis.htm" "Mozilla/4.0 (compatible; MSIE 7.0; Windows NT 5.1)"
217.226.131.243 - - [25/Sep/2012:09:51:16 +0200] "GET /img/men08.gif HTTP/1.1" 200 1069 "http://www.dialyse-in-salzwedel.de/seiten/praxis.htm" "Mozilla/4.0 (compatible; MSIE 7.0; Windows NT 5.1)"
217.226.131.243 - - [25/Sep/2012:09:51:16 +0200] "GET /img/men09.gif HTTP/1.1" 200 1200 "http://www.dialyse-in-salzwedel.de/seiten/praxis.htm" "Mozilla/4.0 (compatible; MSIE 7.0; Windows NT 5.1)"
217.226.131.243 - - [25/Sep/2012:09:51:16 +0200] "GET /img/men02.gif HTTP/1.1" 200 758 "http://www.dialyse-in-salzwedel.de/seiten/praxis.htm" "Mozilla/4.0 (compatible; MSIE 7.0; Windows NT 5.1)"
217.226.131.243 - - [25/Sep/2012:09:51:16 +0200] "GET /img/lay01.gif HTTP/1.1" 200 149 "http://www.dialyse-in-salzwedel.de/seiten/praxis.htm" "Mozilla/4.0 (compatible; MSIE 7.0; Windows NT 5.1)"
217.226.131.243 - - [25/Sep/2012:09:51:16 +0200] "GET /img/bg02.gif HTTP/1.1" 200 67 "http://www.dialyse-in-salzwedel.de/seiten/praxis.htm" "Mozilla/4.0 (compatible; MSIE 7.0; Windows NT 5.1)"
217.226.131.243 - - [25/Sep/2012:09:51:17 +0200] "GET /img/lay02.gif HTTP/1.1" 200 153 "http://www.dialyse-in-salzwedel.de/seiten/praxis.htm" "Mozilla/4.0 (compatible; MSIE 7.0; Windows NT 5.1)"
217.226.131.243 - - [25/Sep/2012:09:51:17 +0200] "GET /img/bg01.gif HTTP/1.1" 200 70 "http://www.dialyse-in-salzwedel.de/seiten/praxis.htm" "Mozilla/4.0 (compatible; MSIE 7.0; Windows NT 5.1)"
217.226.131.243 - - [25/Sep/2012:09:51:17 +0200] "GET /img/praxis.jpg HTTP/1.1" 200 13082 "http://www.dialyse-in-salzwedel.de/seiten/praxis.htm" "Mozilla/4.0 (compatible; MSIE 7.0; Windows NT 5.1)"
217.226.131.243 - - [25/Sep/2012:09:51:17 +0200] "GET /img/bg03.gif HTTP/1.1" 200 84 "http://www.dialyse-in-salzwedel.de/seiten/praxis.htm" "Mozilla/4.0 (compatible; MSIE 7.0; Windows NT 5.1)"
217.226.131.243 - - [25/Sep/2012:09:51:17 +0200] "GET /img/lay03.gif HTTP/1.1" 200 253 "http://www.dialyse-in-salzwedel.de/seiten/praxis.htm" "Mozilla/4.0 (compatible; MSIE 7.0; Windows NT 5.1)"
217.226.131.243 - - [25/Sep/2012:09:51:17 +0200] "GET /img/bg04.gif HTTP/1.1" 200 92 "http://www.dialyse-in-salzwedel.de/seiten/praxis.htm" "Mozilla/4.0 (compatible; MSIE 7.0; Windows NT 5.1)"
217.226.131.243 - - [25/Sep/2012:09:51:17 +0200] "GET /img/1px.gif HTTP/1.1" 200 43 "http://www.dialyse-in-salzwedel.de/seiten/praxis.htm" "Mozilla/4.0 (compatible; MSIE 7.0; Windows NT 5.1)"
217.226.131.243 - - [25/Sep/2012:09:51:17 +0200] "GET /img/lay04.gif HTTP/1.1" 200 272 "http://www.dialyse-in-salzwedel.de/seiten/praxis.htm" "Mozilla/4.0 (compatible; MSIE 7.0; Windows NT 5.1)"
217.226.131.243 - - [25/Sep/2012:09:51:18 +0200] "GET /favicon.ico HTTP/1.1" 404 1256 "-" "Mozilla/4.0 (compatible; MSIE 7.0; Windows NT 5.1)"
217.226.131.243 - - [25/Sep/2012:09:51:30 +0200] "GET /img/meno05.gif HTTP/1.1" 200 788 "http://www.dialyse-in-salzwedel.de/seiten/praxis.htm" "Mozilla/4.0 (compatible; MSIE 7.0; Windows NT 5.1)"
217.226.131.243 - - [25/Sep/2012:09:51:33 +0200] "GET /img/meno06.gif HTTP/1.1" 200 1054 "http://www.dialyse-in-salzwedel.de/seiten/praxis.htm" "Mozilla/4.0 (compatible; MSIE 7.0; Windows NT 5.1)"
217.226.131.243 - - [25/Sep/2012:09:51:34 +0200] "GET /seiten/kontakt.htm HTTP/1.1" 200 5472 "http://www.dialyse-in-salzwedel.de/seiten/praxis.htm" "Mozilla/4.0 (compatible; MSIE 7.0; Windows NT 5.1)"
217.226.131.243 - - [25/Sep/2012:09:51:35 +0200] "GET /img/men03.gif HTTP/1.1" 200 999 "http://www.dialyse-in-salzwedel.de/seiten/kontakt.htm" "Mozilla/4.0 (compatible; MSIE 7.0; Windows NT 5.1)"
217.226.131.243 - - [25/Sep/2012:09:51:43 +0200] "GET /img/meno05.gif HTTP/1.1" 200 788 "http://www.dialyse-in-salzwedel.de/seiten/kontakt.htm" "Mozilla/4.0 (compatible; MSIE 7.0; Windows NT 5.1)"
217.226.131.243 - - [25/Sep/2012:09:51:43 +0200] "GET /img/meno04.gif HTTP/1.1" 200 727 "http://www.dialyse-in-salzwedel.de/seiten/kontakt.htm" "Mozilla/4.0 (compatible; MSIE 7.0; Windows NT 5.1)"
217.226.131.243 - - [25/Sep/2012:09:51:44 +0200] "GET /img/meno03.gif HTTP/1.1" 200 931 "http://www.dialyse-in-salzwedel.de/seiten/kontakt.htm" "Mozilla/4.0 (compatible; MSIE 7.0; Windows NT 5.1)"
217.226.131.243 - - [25/Sep/2012:09:51:46 +0200] "GET /seiten/news.php HTTP/1.1" 200 4865 "http://www.dialyse-in-salzwedel.de/seiten/kontakt.htm" "Mozilla/4.0 (compatible; MSIE 7.0; Windows NT 5.1)"
217.226.131.243 - - [25/Sep/2012:09:51:49 +0200] "GET /img/meno02.gif HTTP/1.1" 200 1200 "http://www.dialyse-in-salzwedel.de/seiten/news.php" "Mozilla/4.0 (compatible; MSIE 7.0; Windows NT 5.1)"
217.226.131.243 - - [25/Sep/2012:09:51:49 +0200] "GET /img/meno02.gif HTTP/1.1" 200 1200 "http://www.dialyse-in-salzwedel.de/seiten/news.php" "Mozilla/4.0 (compatible; MSIE 7.0; Windows NT 5.1)"
217.226.131.243 - - [25/Sep/2012:09:51:50 +0200] "GET /seiten/leistungen.htm HTTP/1.1" 200 5060 "http://www.dialyse-in-salzwedel.de/seiten/news.php" "Mozilla/4.0 (compatible; MSIE 7.0; Windows NT 5.1)"
