192.114.71.13 - - [22/May/2013:03:38:43 +0200] "GET /img/lay08.gif HTTP/1.0" 200 322 "http://www.dialyse-borna.de/seiten/start.htm" "Mozilla/5.0 (X11; U; Linux i686; en-US; rv:1.9.2.28) Gecko"
192.114.71.13 - - [22/May/2013:03:38:43 +0200] "GET /img/main_pic.jpg HTTP/1.0" 200 14864 "http://www.dialyse-borna.de/seiten/start.htm" "Mozilla/5.0 (X11; U; Linux i686; en-US; rv:1.9.2.28) Gecko"
192.114.71.13 - - [22/May/2013:03:38:43 +0200] "GET /img/lay07.gif HTTP/1.0" 200 272 "http://www.dialyse-borna.de/seiten/start.htm" "Mozilla/5.0 (X11; U; Linux i686; en-US; rv:1.9.2.28) Gecko"
192.114.71.13 - - [22/May/2013:03:38:43 +0200] "GET /img/bg1.gif HTTP/1.0" 200 54 "http://www.dialyse-borna.de/seiten/start.htm" "Mozilla/5.0 (X11; U; Linux i686; en-US; rv:1.9.2.28) Gecko"
192.114.71.13 - - [22/May/2013:03:38:43 +0200] "GET /css/borna.css HTTP/1.0" 200 2909 "http://www.dialyse-borna.de/seiten/start.htm" "Mozilla/5.0 (X11; U; Linux i686; en-US; rv:1.9.2.28) Gecko"
192.114.71.13 - - [22/May/2013:03:38:43 +0200] "GET /img/bg4.gif HTTP/1.0" 200 135 "http://www.dialyse-borna.de/seiten/start.htm" "Mozilla/5.0 (X11; U; Linux i686; en-US; rv:1.9.2.28) Gecko"
192.114.71.13 - - [22/May/2013:03:38:43 +0200] "GET /img/lay05.gif HTTP/1.0" 200 541 "http://www.dialyse-borna.de/seiten/start.htm" "Mozilla/5.0 (X11; U; Linux i686; en-US; rv:1.9.2.28) Gecko"
192.114.71.13 - - [22/May/2013:03:38:43 +0200] "GET /img/bilder.swf HTTP/1.0" 200 78858 "http://www.dialyse-borna.de/seiten/start.htm" "Mozilla/5.0 (X11; U; Linux i686; en-US; rv:1.9.2.28) Gecko"
192.114.71.13 - - [22/May/2013:03:38:43 +0200] "GET /img/men01.gif HTTP/1.0" 200 432 "http://www.dialyse-borna.de/seiten/start.htm" "Mozilla/5.0 (X11; U; Linux i686; en-US; rv:1.9.2.28) Gecko"
192.114.71.13 - - [22/May/2013:03:38:43 +0200] "GET /img/1pixel.gif HTTP/1.0" 200 45 "http://www.dialyse-borna.de/seiten/start.htm" "Mozilla/5.0 (X11; U; Linux i686; en-US; rv:1.9.2.28) Gecko"
192.114.71.13 - - [22/May/2013:03:38:43 +0200] "GET /img/men02a.gif HTTP/1.0" 200 589 "http://www.dialyse-borna.de/seiten/start.htm" "Mozilla/5.0 (X11; U; Linux i686; en-US; rv:1.9.2.28) Gecko"
192.114.71.13 - - [22/May/2013:03:38:43 +0200] "GET /img/men03.gif HTTP/1.0" 200 1621 "http://www.dialyse-borna.de/seiten/start.htm" "Mozilla/5.0 (X11; U; Linux i686; en-US; rv:1.9.2.28) Gecko"
192.114.71.13 - - [22/May/2013:03:38:43 +0200] "GET /img/men04.gif HTTP/1.0" 200 1395 "http://www.dialyse-borna.de/seiten/start.htm" "Mozilla/5.0 (X11; U; Linux i686; en-US; rv:1.9.2.28) Gecko"
192.114.71.13 - - [22/May/2013:03:38:43 +0200] "GET /img/bg2.gif HTTP/1.0" 200 49 "http://www.dialyse-borna.de/seiten/start.htm" "Mozilla/5.0 (X11; U; Linux i686; en-US; rv:1.9.2.28) Gecko"
192.114.71.13 - - [22/May/2013:03:38:43 +0200] "GET /img/men06.gif HTTP/1.0" 200 1162 "http://www.dialyse-borna.de/seiten/start.htm" "Mozilla/5.0 (X11; U; Linux i686; en-US; rv:1.9.2.28) Gecko"
192.114.71.13 - - [22/May/2013:03:38:43 +0200] "GET /img/men07.gif HTTP/1.0" 200 1396 "http://www.dialyse-borna.de/seiten/start.htm" "Mozilla/5.0 (X11; U; Linux i686; en-US; rv:1.9.2.28) Gecko"
192.114.71.13 - - [22/May/2013:03:38:43 +0200] "GET /img/men08.gif HTTP/1.0" 200 1642 "http://www.dialyse-borna.de/seiten/start.htm" "Mozilla/5.0 (X11; U; Linux i686; en-US; rv:1.9.2.28) Gecko"
192.114.71.13 - - [22/May/2013:03:38:43 +0200] "GET /img/men09.gif HTTP/1.0" 200 708 "http://www.dialyse-borna.de/seiten/start.htm" "Mozilla/5.0 (X11; U; Linux i686; en-US; rv:1.9.2.28) Gecko"
192.114.71.13 - - [22/May/2013:03:38:43 +0200] "GET /img/lay03.gif HTTP/1.0" 200 671 "http://www.dialyse-borna.de/seiten/start.htm" "Mozilla/5.0 (X11; U; Linux i686; en-US; rv:1.9.2.28) Gecko"
192.114.71.13 - - [22/May/2013:03:38:43 +0200] "GET /img/main_pic.jpg HTTP/1.0" 200 14864 "http://www.dialyse-borna.de/seiten/start.htm" "Mozilla/5.0 (X11; U; Linux i686; en-US; rv:1.9.2.28) Gecko"
192.114.71.13 - - [22/May/2013:03:38:43 +0200] "GET /img/pfeil.jpg HTTP/1.0" 200 380 "http://www.dialyse-borna.de/seiten/start.htm" "Mozilla/5.0 (X11; U; Linux i686; en-US; rv:1.9.2.28) Gecko"
192.114.71.13 - - [22/May/2013:03:38:43 +0200] "GET /img/lay04.gif HTTP/1.0" 200 210 "http://www.dialyse-borna.de/seiten/start.htm" "Mozilla/5.0 (X11; U; Linux i686; en-US; rv:1.9.2.28) Gecko"
192.114.71.13 - - [22/May/2013:03:38:43 +0200] "GET /img/lay07.gif HTTP/1.0" 200 272 "http://www.dialyse-borna.de/seiten/start.htm" "Mozilla/5.0 (X11; U; Linux i686; en-US; rv:1.9.2.28) Gecko"
192.114.71.13 - - [22/May/2013:03:38:43 +0200] "GET /img/lay01.gif HTTP/1.0" 200 384 "http://www.dialyse-borna.de/seiten/start.htm" "Mozilla/5.0 (X11; U; Linux i686; en-US; rv:1.9.2.28) Gecko"
192.114.71.13 - - [22/May/2013:03:38:43 +0200] "GET /img/bilder.swf HTTP/1.0" 200 78858 "http://www.dialyse-borna.de/seiten/start.htm" "Mozilla/5.0 (X11; U; Linux i686; en-US; rv:1.9.2.28) Gecko"
192.114.71.13 - - [22/May/2013:03:38:43 +0200] "GET /img/lay02.gif HTTP/1.0" 200 3503 "http://www.dialyse-borna.de/seiten/start.htm" "Mozilla/5.0 (X11; U; Linux i686; en-US; rv:1.9.2.28) Gecko"
192.114.71.13 - - [22/May/2013:03:38:43 +0200] "GET /img/lay08.gif HTTP/1.0" 200 322 "http://www.dialyse-borna.de/seiten/start.htm" "Mozilla/5.0 (X11; U; Linux i686; en-US; rv:1.9.2.28) Gecko"
192.114.71.13 - - [22/May/2013:03:38:43 +0200] "GET /img/bg3.gif HTTP/1.0" 200 143 "http://www.dialyse-borna.de/seiten/start.htm" "Mozilla/5.0 (X11; U; Linux i686; en-US; rv:1.9.2.28) Gecko"
192.114.71.13 - - [22/May/2013:03:38:44 +0200] "GET /img/bg1.gif HTTP/1.0" 200 54 "http://www.dialyse-borna.de/seiten/start.htm" "Mozilla/5.0 (X11; U; Linux i686; en-US; rv:1.9.2.28) Gecko"
192.114.71.13 - - [22/May/2013:03:38:44 +0200] "GET /img/bg4.gif HTTP/1.0" 200 135 "http://www.dialyse-borna.de/seiten/start.htm" "Mozilla/5.0 (X11; U; Linux i686; en-US; rv:1.9.2.28) Gecko"
192.114.71.13 - - [22/May/2013:03:38:44 +0200] "GET /img/lay05.gif HTTP/1.0" 200 541 "http://www.dialyse-borna.de/seiten/start.htm" "Mozilla/5.0 (X11; U; Linux i686; en-US; rv:1.9.2.28) Gecko"
192.114.71.13 - - [22/May/2013:03:38:44 +0200] "GET /img/men05a.gif HTTP/1.0" 200 556 "http://www.dialyse-borna.de/seiten/start.htm" "Mozilla/5.0 (X11; U; Linux i686; en-US; rv:1.9.2.28) Gecko"
192.114.71.13 - - [22/May/2013:03:38:44 +0200] "GET /img/men08a.gif HTTP/1.0" 200 819 "http://www.dialyse-borna.de/seiten/start.htm" "Mozilla/5.0 (X11; U; Linux i686; en-US; rv:1.9.2.28) Gecko"
192.114.71.13 - - [22/May/2013:03:38:44 +0200] "GET /img/men07a.gif HTTP/1.0" 200 666 "http://www.dialyse-borna.de/seiten/start.htm" "Mozilla/5.0 (X11; U; Linux i686; en-US; rv:1.9.2.28) Gecko"
192.114.71.13 - - [22/May/2013:03:38:44 +0200] "GET /img/men03a.gif HTTP/1.0" 200 820 "http://www.dialyse-borna.de/seiten/start.htm" "Mozilla/5.0 (X11; U; Linux i686; en-US; rv:1.9.2.28) Gecko"
192.114.71.13 - - [22/May/2013:03:38:44 +0200] "GET /img/men06a.gif HTTP/1.0" 200 518 "http://www.dialyse-borna.de/seiten/start.htm" "Mozilla/5.0 (X11; U; Linux i686; en-US; rv:1.9.2.28) Gecko"
192.114.71.13 - - [22/May/2013:03:38:44 +0200] "GET /img/men04a.gif HTTP/1.0" 200 669 "http://www.dialyse-borna.de/seiten/start.htm" "Mozilla/5.0 (X11; U; Linux i686; en-US; rv:1.9.2.28) Gecko"
62.219.8.237 - - [22/May/2013:03:39:03 +0200] "GET /css/borna.css HTTP/1.1" 200 2909 "http://www.dialyse-seehausen.de/img/FL_check.swf" "Mozilla/5.0 (Windows NT 6.0; WOW64) AppleWebKit/534.30 (KHTML, like Gecko) Chrome/12.0.742.91 Safari/534.30"
62.219.8.237 - - [22/May/2013:03:39:03 +0200] "GET /img/bilder.swf HTTP/1.1" 200 78858 "http://www.dialyse-seehausen.de/img/FL_check.swf" "Mozilla/5.0 (compatible)"
192.114.71.13 - - [22/May/2013:03:39:05 +0200] "GET /img/bilder.swf HTTP/1.0" 200 78858 "-" "Mozilla/5.0 (X11; U; Linux i686; en-US; rv:1.9.2.28) Gecko"
82.80.244.55 - - [22/May/2013:03:40:06 +0200] "GET /img/lay02.gif HTTP/1.1" 200 3503 "-" "-"
82.80.244.56 - - [22/May/2013:03:40:06 +0200] "GET /img/men03.gif HTTP/1.1" 200 1621 "-" "-"
82.80.234.137 - - [22/May/2013:03:40:07 +0200] "GET /img/men02a.gif HTTP/1.1" 200 589 "-" "-"
82.80.244.52 - - [22/May/2013:03:40:08 +0200] "GET /img/main_pic.jpg HTTP/1.1" 200 14864 "-" "-"
82.80.244.55 - - [22/May/2013:03:40:09 +0200] "GET /img/men01.gif HTTP/1.1" 200 432 "-" "-"
82.80.234.134 - - [22/May/2013:03:40:09 +0200] "GET /img/men03a.gif HTTP/1.1" 200 820 "-" "-"
82.80.234.135 - - [22/May/2013:03:40:10 +0200] "GET /img/men04a.gif HTTP/1.1" 200 669 "-" "-"
82.80.244.56 - - [22/May/2013:03:40:10 +0200] "GET /img/lay05.gif HTTP/1.1" 200 541 "-" "-"
82.80.244.58 - - [22/May/2013:03:40:10 +0200] "GET /img/men05a.gif HTTP/1.1" 200 556 "-" "-"
82.80.234.138 - - [22/May/2013:03:40:10 +0200] "GET /img/men06a.gif HTTP/1.1" 200 518 "-" "-"
82.80.244.53 - - [22/May/2013:03:40:11 +0200] "GET /img/men06.gif HTTP/1.1" 200 1162 "-" "-"
82.80.234.140 - - [22/May/2013:03:40:12 +0200] "GET /img/lay07.gif HTTP/1.1" 200 272 "-" "-"
82.80.244.56 - - [22/May/2013:03:40:12 +0200] "GET /img/bg4.gif HTTP/1.1" 200 135 "-" "-"
82.80.244.56 - - [22/May/2013:03:40:12 +0200] "GET /img/bg3.gif HTTP/1.1" 200 143 "-" "-"
82.80.244.52 - - [22/May/2013:03:40:13 +0200] "GET /img/lay08.gif HTTP/1.1" 200 322 "-" "-"
82.80.244.59 - - [22/May/2013:03:40:16 +0200] "GET /img/men07a.gif HTTP/1.1" 200 666 "-" "-"
82.80.244.56 - - [22/May/2013:03:40:16 +0200] "GET /img/men07.gif HTTP/1.1" 200 1396 "-" "-"
82.80.244.52 - - [22/May/2013:03:40:16 +0200] "GET /img/men08a.gif HTTP/1.1" 200 819 "-" "-"
82.80.234.134 - - [22/May/2013:03:40:16 +0200] "GET /img/bg1.gif HTTP/1.1" 200 54 "-" "-"
82.80.244.52 - - [22/May/2013:03:40:16 +0200] "GET /img/men04.gif HTTP/1.1" 200 1395 "-" "-"
82.80.244.53 - - [22/May/2013:03:40:17 +0200] "GET /img/men08.gif HTTP/1.1" 200 1642 "-" "-"
82.80.234.137 - - [22/May/2013:03:40:18 +0200] "GET /img/lay01.gif HTTP/1.1" 200 384 "-" "-"
82.80.234.140 - - [22/May/2013:03:40:18 +0200] "GET /img/men09.gif HTTP/1.1" 200 708 "-" "-"
82.80.244.59 - - [22/May/2013:03:40:18 +0200] "GET /img/lay04.gif HTTP/1.1" 200 210 "-" "-"
82.80.234.141 - - [22/May/2013:03:40:18 +0200] "GET /img/1pixel.gif HTTP/1.1" 200 45 "-" "-"
82.80.234.135 - - [22/May/2013:03:40:21 +0200] "GET /img/lay03.gif HTTP/1.1" 200 671 "-" "-"
82.80.244.57 - - [22/May/2013:03:40:24 +0200] "GET /img/bg2.gif HTTP/1.1" 200 49 "-" "-"
82.80.244.58 - - [22/May/2013:03:40:25 +0200] "GET /img/pfeil.jpg HTTP/1.1" 200 380 "-" "-"
157.55.32.107 - - [22/May/2013:03:58:26 +0200] "GET /robots.txt HTTP/1.1" 200 157 "-" "Mozilla/5.0 (compatible; bingbot/2.0; +http://www.bing.com/bingbot.htm)"
157.55.32.107 - - [22/May/2013:04:00:52 +0200] "GET / HTTP/1.1" 200 2663 "-" "Mozilla/5.0 (compatible; bingbot/2.0; +http://www.bing.com/bingbot.htm)"
199.30.20.5 - - [22/May/2013:04:46:19 +0200] "GET /robots.txt HTTP/1.1" 200 157 "-" "msnbot-media/1.1 (+http://search.msn.com/msnbot.htm)"
199.30.20.5 - - [22/May/2013:04:46:19 +0200] "GET /img/men04a.gif HTTP/1.1" 200 669 "-" "msnbot-media/1.1 (+http://search.msn.com/msnbot.htm)"
66.249.78.101 - - [22/May/2013:05:08:25 +0200] "GET /seiten/links.htm HTTP/1.1" 304 - "-" "Mozilla/5.0 (iPhone; U; CPU iPhone OS 4_1 like Mac OS X; en-us) AppleWebKit/532.9 (KHTML, like Gecko) Version/4.0.5 Mobile/8B117 Safari/6531.22.7 (compatible; Googlebot-Mobile/2.1; +http://www.google.com/bot.html)"
157.56.93.154 - - [22/May/2013:05:40:17 +0200] "GET /robots.txt HTTP/1.1" 200 157 "-" "Mozilla/5.0 (compatible; bingbot/2.0; +http://www.bing.com/bingbot.htm)"
157.56.93.154 - - [22/May/2013:05:42:22 +0200] "GET /seiten/kont.htm HTTP/1.1" 200 8048 "-" "Mozilla/5.0 (compatible; bingbot/2.0; +http://www.bing.com/bingbot.htm)"
157.56.93.154 - - [22/May/2013:05:42:36 +0200] "GET /img/men02a.gif HTTP/1.1" 200 589 "-" "Mozilla/5.0 (compatible; bingbot/2.0; +http://www.bing.com/bingbot.htm)"
157.56.93.154 - - [22/May/2013:05:42:36 +0200] "GET /img/bg3.gif HTTP/1.1" 200 143 "-" "Mozilla/5.0 (compatible; bingbot/2.0; +http://www.bing.com/bingbot.htm)"
157.55.32.146 - - [22/May/2013:05:43:51 +0200] "GET /img/men03.gif HTTP/1.1" 200 1621 "-" "Mozilla/5.0 (compatible; bingbot/2.0; +http://www.bing.com/bingbot.htm)"
157.55.32.146 - - [22/May/2013:05:43:51 +0200] "GET /img/lay05.gif HTTP/1.1" 200 541 "-" "Mozilla/5.0 (compatible; bingbot/2.0; +http://www.bing.com/bingbot.htm)"
157.56.93.226 - - [22/May/2013:05:44:21 +0200] "GET /img/1pixel.gif HTTP/1.1" 200 45 "-" "Mozilla/5.0 (compatible; bingbot/2.0; +http://www.bing.com/bingbot.htm)"
157.56.93.226 - - [22/May/2013:05:44:21 +0200] "GET /img/lay03.gif HTTP/1.1" 200 671 "-" "Mozilla/5.0 (compatible; bingbot/2.0; +http://www.bing.com/bingbot.htm)"
157.56.93.226 - - [22/May/2013:05:44:21 +0200] "GET /img/bg2.gif HTTP/1.1" 200 49 "-" "Mozilla/5.0 (compatible; bingbot/2.0; +http://www.bing.com/bingbot.htm)"
199.30.25.95 - - [22/May/2013:06:43:43 +0200] "GET /css/borna.css HTTP/1.1" 200 2909 "http://www.dialyse-borna.de/seiten/kont.htm" "Mozilla/5.0 (Windows NT 6.1; WOW64) AppleWebKit/534+ (KHTML, like Gecko) BingPreview/1.0b"
199.30.25.95 - - [22/May/2013:06:43:43 +0200] "GET /img/men01.gif HTTP/1.1" 200 432 "http://www.dialyse-borna.de/seiten/kont.htm" "Mozilla/5.0 (Windows NT 6.1; WOW64) AppleWebKit/534+ (KHTML, like Gecko) BingPreview/1.0b"
199.30.25.95 - - [22/May/2013:06:43:43 +0200] "GET /img/men04.gif HTTP/1.1" 200 1395 "http://www.dialyse-borna.de/seiten/kont.htm" "Mozilla/5.0 (Windows NT 6.1; WOW64) AppleWebKit/534+ (KHTML, like Gecko) BingPreview/1.0b"
199.30.25.95 - - [22/May/2013:06:43:43 +0200] "GET /img/men02.gif HTTP/1.1" 200 1273 "http://www.dialyse-borna.de/seiten/kont.htm" "Mozilla/5.0 (Windows NT 6.1; WOW64) AppleWebKit/534+ (KHTML, like Gecko) BingPreview/1.0b"
199.30.25.95 - - [22/May/2013:06:43:43 +0200] "GET /img/men06.gif HTTP/1.1" 200 1162 "http://www.dialyse-borna.de/seiten/kont.htm" "Mozilla/5.0 (Windows NT 6.1; WOW64) AppleWebKit/534+ (KHTML, like Gecko) BingPreview/1.0b"
199.30.25.95 - - [22/May/2013:06:43:43 +0200] "GET /img/men07a.gif HTTP/1.1" 200 666 "http://www.dialyse-borna.de/seiten/kont.htm" "Mozilla/5.0 (Windows NT 6.1; WOW64) AppleWebKit/534+ (KHTML, like Gecko) BingPreview/1.0b"
199.30.25.95 - - [22/May/2013:06:43:43 +0200] "GET /img/men08.gif HTTP/1.1" 200 1642 "http://www.dialyse-borna.de/seiten/kont.htm" "Mozilla/5.0 (Windows NT 6.1; WOW64) AppleWebKit/534+ (KHTML, like Gecko) BingPreview/1.0b"
199.30.25.95 - - [22/May/2013:06:43:43 +0200] "GET /img/men09.gif HTTP/1.1" 200 708 "http://www.dialyse-borna.de/seiten/kont.htm" "Mozilla/5.0 (Windows NT 6.1; WOW64) AppleWebKit/534+ (KHTML, like Gecko) BingPreview/1.0b"
199.30.25.95 - - [22/May/2013:06:43:43 +0200] "GET /img/lay04.gif HTTP/1.1" 200 210 "http://www.dialyse-borna.de/seiten/kont.htm" "Mozilla/5.0 (Windows NT 6.1; WOW64) AppleWebKit/534+ (KHTML, like Gecko) BingPreview/1.0b"
199.30.25.95 - - [22/May/2013:06:43:43 +0200] "GET /img/lay07.gif HTTP/1.1" 200 272 "http://www.dialyse-borna.de/seiten/kont.htm" "Mozilla/5.0 (Windows NT 6.1; WOW64) AppleWebKit/534+ (KHTML, like Gecko) BingPreview/1.0b"
199.30.25.95 - - [22/May/2013:06:43:43 +0200] "GET /img/lay01.gif HTTP/1.1" 200 384 "http://www.dialyse-borna.de/seiten/kont.htm" "Mozilla/5.0 (Windows NT 6.1; WOW64) AppleWebKit/534+ (KHTML, like Gecko) BingPreview/1.0b"
199.30.25.95 - - [22/May/2013:06:43:44 +0200] "GET /img/lay02.gif HTTP/1.1" 200 3503 "http://www.dialyse-borna.de/seiten/kont.htm" "Mozilla/5.0 (Windows NT 6.1; WOW64) AppleWebKit/534+ (KHTML, like Gecko) BingPreview/1.0b"
199.30.25.95 - - [22/May/2013:06:43:44 +0200] "GET /img/lay08.gif HTTP/1.1" 200 322 "http://www.dialyse-borna.de/seiten/kont.htm" "Mozilla/5.0 (Windows NT 6.1; WOW64) AppleWebKit/534+ (KHTML, like Gecko) BingPreview/1.0b"
199.30.25.95 - - [22/May/2013:06:43:44 +0200] "GET /img/bg4.gif HTTP/1.1" 200 135 "http://www.dialyse-borna.de/seiten/kont.htm" "Mozilla/5.0 (Windows NT 6.1; WOW64) AppleWebKit/534+ (KHTML, like Gecko) BingPreview/1.0b"
199.30.25.95 - - [22/May/2013:06:43:44 +0200] "GET /img/bg1.gif HTTP/1.1" 200 54 "http://www.dialyse-borna.de/seiten/kont.htm" "Mozilla/5.0 (Windows NT 6.1; WOW64) AppleWebKit/534+ (KHTML, like Gecko) BingPreview/1.0b"
199.30.25.95 - - [22/May/2013:06:43:44 +0200] "GET /img/men03a.gif HTTP/1.1" 200 820 "http://www.dialyse-borna.de/seiten/kont.htm" "Mozilla/5.0 (Windows NT 6.1; WOW64) AppleWebKit/534+ (KHTML, like Gecko) BingPreview/1.0b"
199.30.25.95 - - [22/May/2013:06:43:44 +0200] "GET /img/men04a.gif HTTP/1.1" 200 669 "http://www.dialyse-borna.de/seiten/kont.htm" "Mozilla/5.0 (Windows NT 6.1; WOW64) AppleWebKit/534+ (KHTML, like Gecko) BingPreview/1.0b"
199.30.25.95 - - [22/May/2013:06:43:44 +0200] "GET /img/men05a.gif HTTP/1.1" 200 556 "http://www.dialyse-borna.de/seiten/kont.htm" "Mozilla/5.0 (Windows NT 6.1; WOW64) AppleWebKit/534+ (KHTML, like Gecko) BingPreview/1.0b"
199.30.25.95 - - [22/May/2013:06:43:44 +0200] "GET /img/men06a.gif HTTP/1.1" 200 518 "http://www.dialyse-borna.de/seiten/kont.htm" "Mozilla/5.0 (Windows NT 6.1; WOW64) AppleWebKit/534+ (KHTML, like Gecko) BingPreview/1.0b"
199.30.25.95 - - [22/May/2013:06:43:44 +0200] "GET /img/men08a.gif HTTP/1.1" 200 819 "http://www.dialyse-borna.de/seiten/kont.htm" "Mozilla/5.0 (Windows NT 6.1; WOW64) AppleWebKit/534+ (KHTML, like Gecko) BingPreview/1.0b"
194.153.113.7 - - [22/May/2013:07:27:24 +0200] "GET / HTTP/1.1" 200 2663 "-" "Mozilla/5.0 (compatible; oBot/2.3.1; +http://filterdb.iss.net/crawler/)"
218.213.130.67 - - [22/May/2013:08:56:52 +0200] "GET /robots.txt HTTP/1.1" 200 157 "-" "ichiro/3.0 (http://search.goo.ne.jp/option/use/sub4/sub4-1/)"
218.213.130.67 - - [22/May/2013:08:56:55 +0200] "GET /seiten/links.htm HTTP/1.1" 200 7302 "-" "ichiro/3.0 (http://search.goo.ne.jp/option/use/sub4/sub4-1/)"
66.249.78.101 - - [22/May/2013:09:01:40 +0200] "GET / HTTP/1.1" 200 2663 "-" "Mozilla/5.0 (compatible; Googlebot/2.1; +http://www.google.com/bot.html)"
199.30.20.36 - - [22/May/2013:10:57:41 +0200] "GET /robots.txt HTTP/1.1" 200 157 "-" "msnbot-media/1.1 (+http://search.msn.com/msnbot.htm)"
199.30.20.36 - - [22/May/2013:10:57:41 +0200] "GET /img/men07a.gif HTTP/1.1" 200 666 "-" "msnbot-media/1.1 (+http://search.msn.com/msnbot.htm)"
218.213.130.67 - - [22/May/2013:11:09:34 +0200] "GET /img/men01.gif HTTP/1.1" 200 432 "-" "ichiro/3.0 (http://search.goo.ne.jp/option/use/sub4/sub4-1/)"
218.213.130.67 - - [22/May/2013:11:09:35 +0200] "GET /seiten/start.htm HTTP/1.1" 200 7516 "-" "ichiro/3.0 (http://search.goo.ne.jp/option/use/sub4/sub4-1/)"
218.213.130.67 - - [22/May/2013:11:09:36 +0200] "GET /img/1pixel.gif HTTP/1.1" 200 45 "-" "ichiro/3.0 (http://search.goo.ne.jp/option/use/sub4/sub4-1/)"
218.213.130.67 - - [22/May/2013:11:09:37 +0200] "GET /seiten/praxis.htm HTTP/1.1" 200 7847 "-" "ichiro/3.0 (http://search.goo.ne.jp/option/use/sub4/sub4-1/)"
218.213.130.67 - - [22/May/2013:11:09:38 +0200] "GET /img/men02.gif HTTP/1.1" 200 1273 "-" "ichiro/3.0 (http://search.goo.ne.jp/option/use/sub4/sub4-1/)"
218.213.130.67 - - [22/May/2013:11:09:38 +0200] "GET /seiten/leist.htm HTTP/1.1" 200 7640 "-" "ichiro/3.0 (http://search.goo.ne.jp/option/use/sub4/sub4-1/)"
218.213.130.67 - - [22/May/2013:11:09:40 +0200] "GET /img/men03.gif HTTP/1.1" 200 1621 "-" "ichiro/3.0 (http://search.goo.ne.jp/option/use/sub4/sub4-1/)"
218.213.130.67 - - [22/May/2013:11:09:40 +0200] "GET /seiten/dialyse.htm HTTP/1.1" 200 7403 "-" "ichiro/3.0 (http://search.goo.ne.jp/option/use/sub4/sub4-1/)"
218.213.130.67 - - [22/May/2013:11:09:41 +0200] "GET /img/men04.gif HTTP/1.1" 200 1395 "-" "ichiro/3.0 (http://search.goo.ne.jp/option/use/sub4/sub4-1/)"
64.125.222.16 - - [22/May/2013:11:46:09 +0200] "GET /robots.txt HTTP/1.1" 200 157 "-" "Mozilla/5.0 (compatible; 008/0.83; http://www.80legs.com/webcrawler.html;) Gecko/2008032620"
95.59.247.79 - - [22/May/2013:11:46:25 +0200] "GET / HTTP/1.1" 200 2663 "-" "Mozilla/5.0 (compatible; 008/0.85; http://www.80legs.com/webcrawler.html) Gecko/2008032620"
94.153.66.29 - - [22/May/2013:12:06:46 +0200] "GET /false.htm HTTP/1.1" 200 2842 "-" "Mozilla/5.0 (compatible; 008/0.85; http://www.80legs.com/webcrawler.html) Gecko/2008032620"
178.95.36.171 - - [22/May/2013:12:18:28 +0200] "GET /seiten/start.htm HTTP/1.1" 200 7516 "-" "Mozilla/5.0 (compatible; 008/0.85; http://www.80legs.com/webcrawler.html) Gecko/2008032620"
5.76.9.11 - - [22/May/2013:12:24:50 +0200] "GET /false.htm HTTP/1.1" 200 2842 "-" "Mozilla/5.0 (compatible; 008/0.85; http://www.80legs.com/webcrawler.html) Gecko/2008032620"
218.213.130.67 - - [22/May/2013:13:01:18 +0200] "GET /img/men06a.gif HTTP/1.1" 200 518 "-" "ichiro/3.0 (http://search.goo.ne.jp/option/use/sub4/sub4-1/)"
218.213.130.67 - - [22/May/2013:13:01:19 +0200] "GET /seiten/kont.htm HTTP/1.1" 200 8048 "-" "ichiro/3.0 (http://search.goo.ne.jp/option/use/sub4/sub4-1/)"
218.213.130.67 - - [22/May/2013:13:01:21 +0200] "GET /img/men07.gif HTTP/1.1" 200 1396 "-" "ichiro/3.0 (http://search.goo.ne.jp/option/use/sub4/sub4-1/)"
218.213.130.67 - - [22/May/2013:13:01:22 +0200] "GET /seiten/impr.htm HTTP/1.1" 200 9648 "-" "ichiro/3.0 (http://search.goo.ne.jp/option/use/sub4/sub4-1/)"
218.213.130.67 - - [22/May/2013:13:01:22 +0200] "GET /img/men08.gif HTTP/1.1" 200 1642 "-" "ichiro/3.0 (http://search.goo.ne.jp/option/use/sub4/sub4-1/)"
218.213.130.67 - - [22/May/2013:13:01:23 +0200] "GET /img/men09.gif HTTP/1.1" 200 708 "-" "ichiro/3.0 (http://search.goo.ne.jp/option/use/sub4/sub4-1/)"
218.213.130.67 - - [22/May/2013:13:01:23 +0200] "GET /img/lay03.gif HTTP/1.1" 200 671 "-" "ichiro/3.0 (http://search.goo.ne.jp/option/use/sub4/sub4-1/)"
218.213.130.67 - - [22/May/2013:13:01:24 +0200] "GET /img/links.jpg HTTP/1.1" 200 15669 "-" "ichiro/3.0 (http://search.goo.ne.jp/option/use/sub4/sub4-1/)"
218.213.130.67 - - [22/May/2013:13:01:24 +0200] "GET /img/lay04.gif HTTP/1.1" 200 210 "-" "ichiro/3.0 (http://search.goo.ne.jp/option/use/sub4/sub4-1/)"
77.38.173.156 - - [22/May/2013:13:08:13 +0200] "GET /seiten/kont.htm HTTP/1.1" 200 8048 "-" "Mozilla/5.0 (compatible; 008/0.85; http://www.80legs.com/webcrawler.html) Gecko/2008032620"
112.215.65.84 - - [22/May/2013:13:09:15 +0200] "GET /seiten/impr.htm HTTP/1.1" 200 9648 "-" "Mozilla/5.0 (compatible; 008/0.85; http://www.80legs.com/webcrawler.html) Gecko/2008032620"
88.135.197.80 - - [22/May/2013:13:19:23 +0200] "GET /seiten/leist.htm HTTP/1.1" 200 7640 "-" "Mozilla/5.0 (compatible; 008/0.85; http://www.80legs.com/webcrawler.html) Gecko/2008032620"
94.153.129.222 - - [22/May/2013:13:22:08 +0200] "GET /seiten/dialyse.htm HTTP/1.1" 200 7403 "-" "Mozilla/5.0 (compatible; 008/0.85; http://www.80legs.com/webcrawler.html) Gecko/2008032620"
85.90.199.205 - - [22/May/2013:13:22:45 +0200] "GET /seiten/praxis.htm HTTP/1.1" 200 7847 "-" "Mozilla/5.0 (compatible; 008/0.85; http://www.80legs.com/webcrawler.html) Gecko/2008032620"
93.126.73.178 - - [22/May/2013:13:23:22 +0200] "GET /seiten/praxis.htm HTTP/1.1" 200 7847 "-" "Mozilla/5.0 (compatible; 008/0.85; http://www.80legs.com/webcrawler.html) Gecko/2008032620"
91.207.210.78 - - [22/May/2013:13:26:00 +0200] "GET /seiten/news.php HTTP/1.1" 200 7079 "-" "Mozilla/5.0 (compatible; 008/0.85; http://www.80legs.com/webcrawler.html) Gecko/2008032620"
95.58.154.246 - - [22/May/2013:13:26:29 +0200] "GET /seiten/links.htm HTTP/1.1" 200 7302 "-" "Mozilla/5.0 (compatible; 008/0.85; http://www.80legs.com/webcrawler.html) Gecko/2008032620"
178.76.217.60 - - [22/May/2013:13:26:50 +0200] "GET /seiten/links.htm HTTP/1.1" 200 7302 "-" "Mozilla/5.0 (compatible; 008/0.85; http://www.80legs.com/webcrawler.html) Gecko/2008032620"
208.115.111.73 - - [22/May/2013:15:07:36 +0200] "GET /robots.txt HTTP/1.1" 200 157 "-" "Mozilla/5.0 (compatible; Ezooms/1.0; ezooms.bot@gmail.com)"
92.249.127.111 - - [22/May/2013:15:27:43 +0200] "GET /seiten/news.php HTTP/1.1" 200 7079 "http://nalberan.com/" "Mozilla/5.0 (compatible; news bot /2.1)"
92.249.127.111 - - [22/May/2013:15:27:44 +0200] "GET /seiten/news.php HTTP/1.1" 200 7079 "http://nalberan.com/" "Mozilla/5.0 (compatible; news bot /2.1)"
218.213.130.67 - - [22/May/2013:15:34:00 +0200] "GET /img/lay07.gif HTTP/1.1" 200 272 "-" "ichiro/3.0 (http://search.goo.ne.jp/option/use/sub4/sub4-1/)"
208.115.111.73 - - [22/May/2013:16:54:13 +0200] "GET /seiten/impr.htm HTTP/1.1" 200 9648 "-" "Mozilla/5.0 (compatible; Ezooms/1.0; ezooms.bot@gmail.com)"
64.246.165.180 - - [22/May/2013:17:02:00 +0200] "GET /robots.txt HTTP/1.0" 200 157 "-" "Mozilla/5.0 (Windows; U; Windows NT 5.1; en; rv:1.9.0.13) Gecko/2009073022 Firefox/3.5.2 (.NET CLR 3.5.30729) SurveyBot/2.3 (DomainTools)"
64.246.165.180 - - [22/May/2013:17:02:01 +0200] "GET / HTTP/1.1" 200 2663 "http://whois.domaintools.com/dialyse-borna.de" "Mozilla/5.0 (Windows; U; Windows NT 5.1; en; rv:1.9.0.13) Gecko/2009073022 Firefox/3.5.2 (.NET CLR 3.5.30729) SurveyBot/2.3 (DomainTools)"
65.55.215.76 - - [22/May/2013:21:00:20 +0200] "GET /robots.txt HTTP/1.1" 200 157 "-" "msnbot-media/1.1 (+http://search.msn.com/msnbot.htm)"
65.55.215.76 - - [22/May/2013:21:00:21 +0200] "GET /img/men02a.gif HTTP/1.1" 200 589 "-" "msnbot-media/1.1 (+http://search.msn.com/msnbot.htm)"
65.55.215.93 - - [22/May/2013:23:18:21 +0200] "GET /robots.txt HTTP/1.1" 200 157 "-" "msnbot-media/1.1 (+http://search.msn.com/msnbot.htm)"
65.55.215.93 - - [22/May/2013:23:18:21 +0200] "GET /img/men03a.gif HTTP/1.1" 200 820 "-" "msnbot-media/1.1 (+http://search.msn.com/msnbot.htm)"
65.55.215.68 - - [23/May/2013:00:18:38 +0200] "GET /robots.txt HTTP/1.1" 200 157 "-" "msnbot-media/1.1 (+http://search.msn.com/msnbot.htm)"
65.55.215.68 - - [23/May/2013:00:18:38 +0200] "GET /img/men08.gif HTTP/1.1" 200 1642 "-" "msnbot-media/1.1 (+http://search.msn.com/msnbot.htm)"
199.30.16.48 - - [23/May/2013:00:40:48 +0200] "GET /robots.txt HTTP/1.1" 200 157 "-" "msnbot-media/1.1 (+http://search.msn.com/msnbot.htm)"
199.30.16.48 - - [23/May/2013:00:40:48 +0200] "GET /img/men02.gif HTTP/1.1" 200 1273 "-" "msnbot-media/1.1 (+http://search.msn.com/msnbot.htm)"
218.213.130.67 - - [23/May/2013:00:51:56 +0200] "GET /img/men04a.gif HTTP/1.1" 200 669 "-" "ichiro/3.0 (http://search.goo.ne.jp/option/use/sub4/sub4-1/)"
218.213.130.67 - - [23/May/2013:00:51:57 +0200] "GET /img/men06.gif HTTP/1.1" 200 1162 "-" "ichiro/3.0 (http://search.goo.ne.jp/option/use/sub4/sub4-1/)"
66.249.78.101 - - [23/May/2013:01:21:29 +0200] "GET /robots.txt HTTP/1.1" 200 157 "-" "Mozilla/5.0 (compatible; Googlebot/2.1; +http://www.google.com/bot.html)"
66.249.78.101 - - [23/May/2013:01:21:29 +0200] "GET /seiten/praxis.htm HTTP/1.1" 304 - "-" "Mozilla/5.0 (iPhone; U; CPU iPhone OS 4_1 like Mac OS X; en-us) AppleWebKit/532.9 (KHTML, like Gecko) Version/4.0.5 Mobile/8B117 Safari/6531.22.7 (compatible; Googlebot-Mobile/2.1; +http://www.google.com/bot.html)"
66.249.76.240 - - [23/May/2013:02:00:04 +0200] "GET /seiten/start.htm HTTP/1.1" 304 - "-" "SAMSUNG-SGH-E250/1.0 Profile/MIDP-2.0 Configuration/CLDC-1.1 UP.Browser/6.2.3.3.c.1.101 (GUI) MMP/2.0 (compatible; Googlebot-Mobile/2.1; +http://www.google.com/bot.html)"
199.30.20.8 - - [23/May/2013:02:33:41 +0200] "GET /robots.txt HTTP/1.1" 200 157 "-" "msnbot-media/1.1 (+http://search.msn.com/msnbot.htm)"
199.30.20.8 - - [23/May/2013:02:33:42 +0200] "GET /img/men03.gif HTTP/1.1" 200 1621 "-" "msnbot-media/1.1 (+http://search.msn.com/msnbot.htm)"
199.30.16.1 - - [23/May/2013:02:47:49 +0200] "GET /robots.txt HTTP/1.1" 200 157 "-" "msnbot-media/1.1 (+http://search.msn.com/msnbot.htm)"
199.30.16.1 - - [23/May/2013:02:47:50 +0200] "GET /img/men07.gif HTTP/1.1" 200 1396 "-" "msnbot-media/1.1 (+http://search.msn.com/msnbot.htm)"
217.212.224.183 - - [23/May/2013:03:40:49 +0200] "GET /robots.txt HTTP/1.0" 200 157 "-" "psbot/0.1 (+http://www.picsearch.com/bot.html)"
217.212.224.182 - - [23/May/2013:03:40:49 +0200] "GET /seiten/dialyse.htm HTTP/1.0" 304 - "-" "psbot/0.1 (+http://www.picsearch.com/bot.html)"
218.213.130.67 - - [23/May/2013:04:35:17 +0200] "GET /img/dialyse.jpg HTTP/1.1" 200 18017 "-" "ichiro/3.0 (http://search.goo.ne.jp/option/use/sub4/sub4-1/)"
141.8.147.12 - - [23/May/2013:05:32:52 +0200] "GET /robots.txt HTTP/1.1" 200 157 "-" "Mozilla/5.0 (compatible; YandexBot/3.0; +http://yandex.com/bots)"
141.8.147.12 - - [23/May/2013:05:35:15 +0200] "GET /img/leist.jpg HTTP/1.1" 304 - "-" "Mozilla/5.0 (compatible; YandexImages/3.0; +http://yandex.com/bots)"
65.55.215.45 - - [23/May/2013:07:23:35 +0200] "GET /robots.txt HTTP/1.1" 200 157 "-" "msnbot-media/1.1 (+http://search.msn.com/msnbot.htm)"
65.55.215.45 - - [23/May/2013:07:23:35 +0200] "GET /img/men08a.gif HTTP/1.1" 200 819 "-" "msnbot-media/1.1 (+http://search.msn.com/msnbot.htm)"
199.30.20.125 - - [23/May/2013:07:23:57 +0200] "GET /robots.txt HTTP/1.1" 200 157 "-" "msnbot-media/1.1 (+http://search.msn.com/msnbot.htm)"
199.30.20.125 - - [23/May/2013:07:23:58 +0200] "GET /img/men05a.gif HTTP/1.1" 200 556 "-" "msnbot-media/1.1 (+http://search.msn.com/msnbot.htm)"
65.55.215.79 - - [23/May/2013:09:59:47 +0200] "GET /robots.txt HTTP/1.1" 200 157 "-" "msnbot-media/1.1 (+http://search.msn.com/msnbot.htm)"
65.55.215.79 - - [23/May/2013:09:59:48 +0200] "GET /img/men05.gif HTTP/1.1" 200 1200 "-" "msnbot-media/1.1 (+http://search.msn.com/msnbot.htm)"
199.30.16.27 - - [23/May/2013:10:24:34 +0200] "GET /robots.txt HTTP/1.1" 200 157 "-" "msnbot-media/1.1 (+http://search.msn.com/msnbot.htm)"
199.30.16.27 - - [23/May/2013:10:24:34 +0200] "GET /img/men04.gif HTTP/1.1" 200 1395 "-" "msnbot-media/1.1 (+http://search.msn.com/msnbot.htm)"
81.7.13.161 - - [23/May/2013:15:53:33 +0200] "GET /seiten/impr.htm HTTP/1.1" 200 9648 "-" "Mozilla/5.0 (X11; Linux i686; rv:6.0) Gecko/20100101 Firefox/6.0"
199.30.16.42 - - [23/May/2013:16:16:31 +0200] "GET /robots.txt HTTP/1.1" 200 157 "-" "msnbot-media/1.1 (+http://search.msn.com/msnbot.htm)"
199.30.16.42 - - [23/May/2013:16:16:32 +0200] "GET /img/lay07.gif HTTP/1.1" 200 272 "-" "msnbot-media/1.1 (+http://search.msn.com/msnbot.htm)"
199.30.16.38 - - [23/May/2013:17:41:57 +0200] "GET /robots.txt HTTP/1.1" 200 157 "-" "msnbot-media/1.1 (+http://search.msn.com/msnbot.htm)"
199.30.16.38 - - [23/May/2013:17:41:57 +0200] "GET /img/men09.gif HTTP/1.1" 200 708 "-" "msnbot-media/1.1 (+http://search.msn.com/msnbot.htm)"
199.30.16.17 - - [23/May/2013:17:43:48 +0200] "GET /robots.txt HTTP/1.1" 200 157 "-" "msnbot-media/1.1 (+http://search.msn.com/msnbot.htm)"
199.30.16.17 - - [23/May/2013:17:43:48 +0200] "GET /img/lay04.gif HTTP/1.1" 200 210 "-" "msnbot-media/1.1 (+http://search.msn.com/msnbot.htm)"
141.8.147.12 - - [23/May/2013:17:53:25 +0200] "GET /robots.txt HTTP/1.1" 200 157 "-" "Mozilla/5.0 (compatible; YandexBot/3.0; +http://yandex.com/bots)"
141.8.147.12 - - [23/May/2013:19:08:20 +0200] "GET / HTTP/1.1" 200 2663 "-" "Mozilla/5.0 (compatible; YandexBot/3.0; +http://yandex.com/bots)"
65.55.215.62 - - [24/May/2013:00:10:53 +0200] "GET /robots.txt HTTP/1.1" 200 157 "-" "msnbot-media/1.1 (+http://search.msn.com/msnbot.htm)"
65.55.215.62 - - [24/May/2013:00:10:53 +0200] "GET /img/men06a.gif HTTP/1.1" 200 518 "-" "msnbot-media/1.1 (+http://search.msn.com/msnbot.htm)"
178.63.49.74 - - [24/May/2013:01:05:12 +0200] "GET / HTTP/1.1" 200 2663 "-" "Mozilla/5.0 (Windows; U; Windows NT 6.0; de; rv:1.8.1.3) Gecko/20070309 Firefox/2.0.0.3"
178.63.49.74 - - [24/May/2013:01:05:12 +0200] "GET /robots.txt HTTP/1.1" 200 157 "-" "libwww-perl/6.03"
178.63.49.74 - - [24/May/2013:01:05:12 +0200] "GET / HTTP/1.1" 200 2663 "-" "Mozilla/5.0 (Windows; U; Windows NT 6.0; de; rv:1.8.1.3) Gecko/20070309 Firefox/2.0.0.3"
178.63.49.74 - - [24/May/2013:01:05:12 +0200] "GET /seiten/start.htm HTTP/1.1" 200 7516 "http://www.dialyse-borna.de/" "Mozilla/5.0 (Windows; U; Windows NT 6.0; de; rv:1.8.1.3) Gecko/20070309 Firefox/2.0.0.3"
178.63.49.74 - - [24/May/2013:01:05:12 +0200] "GET /seiten/impr.htm HTTP/1.1" 200 9648 "http://www.dialyse-borna.de/seiten/start.htm" "Mozilla/5.0 (Windows; U; Windows NT 6.0; de; rv:1.8.1.3) Gecko/20070309 Firefox/2.0.0.3"
178.63.49.74 - - [24/May/2013:01:05:12 +0200] "GET /seiten/links.htm HTTP/1.1" 200 7302 "http://www.dialyse-borna.de/seiten/impr.htm" "Mozilla/5.0 (Windows; U; Windows NT 6.0; de; rv:1.8.1.3) Gecko/20070309 Firefox/2.0.0.3"
178.63.49.74 - - [24/May/2013:01:05:12 +0200] "GET /seiten/dialyse.htm HTTP/1.1" 200 7403 "http://www.dialyse-borna.de/seiten/links.htm" "Mozilla/5.0 (Windows; U; Windows NT 6.0; de; rv:1.8.1.3) Gecko/20070309 Firefox/2.0.0.3"
178.63.49.74 - - [24/May/2013:01:05:12 +0200] "GET /seiten/praxis.htm HTTP/1.1" 200 7847 "http://www.dialyse-borna.de/seiten/dialyse.htm" "Mozilla/5.0 (Windows; U; Windows NT 6.0; de; rv:1.8.1.3) Gecko/20070309 Firefox/2.0.0.3"
178.63.49.74 - - [24/May/2013:01:05:12 +0200] "GET /seiten/leist.htm HTTP/1.1" 200 7640 "http://www.dialyse-borna.de/seiten/praxis.htm" "Mozilla/5.0 (Windows; U; Windows NT 6.0; de; rv:1.8.1.3) Gecko/20070309 Firefox/2.0.0.3"
178.63.49.74 - - [24/May/2013:01:05:12 +0200] "GET /seiten/kont.htm HTTP/1.1" 200 8048 "http://www.dialyse-borna.de/seiten/leist.htm" "Mozilla/5.0 (Windows; U; Windows NT 6.0; de; rv:1.8.1.3) Gecko/20070309 Firefox/2.0.0.3"
178.63.49.74 - - [24/May/2013:01:05:12 +0200] "GET /seiten/kont_form.php HTTP/1.1" 200 8561 "http://www.dialyse-borna.de/seiten/kont.htm" "Mozilla/5.0 (Windows; U; Windows NT 6.0; de; rv:1.8.1.3) Gecko/20070309 Firefox/2.0.0.3"
178.63.49.74 - - [24/May/2013:01:05:12 +0200] "GET /seiten/news.php HTTP/1.1" 200 7079 "http://www.dialyse-borna.de/seiten/kont_form.php" "Mozilla/5.0 (Windows; U; Windows NT 6.0; de; rv:1.8.1.3) Gecko/20070309 Firefox/2.0.0.3"
178.63.49.74 - - [24/May/2013:01:05:12 +0200] "GET /seiten/function.include HTTP/1.1" 404 1256 "http://www.dialyse-borna.de/seiten/news.php" "Mozilla/5.0 (Windows; U; Windows NT 6.0; de; rv:1.8.1.3) Gecko/20070309 Firefox/2.0.0.3"
208.115.113.89 - - [24/May/2013:05:18:55 +0200] "GET /robots.txt HTTP/1.1" 200 157 "-" "Mozilla/5.0 (compatible; Ezooms/1.0; ezooms.bot@gmail.com)"
66.249.78.101 - - [24/May/2013:05:56:24 +0200] "GET /robots.txt HTTP/1.1" 200 157 "-" "Mozilla/5.0 (compatible; Googlebot/2.1; +http://www.google.com/bot.html)"
66.249.75.240 - - [24/May/2013:05:56:24 +0200] "GET /seiten/leist.htm HTTP/1.1" 304 - "-" "Mozilla/5.0 (iPhone; U; CPU iPhone OS 4_1 like Mac OS X; en-us) AppleWebKit/532.9 (KHTML, like Gecko) Version/4.0.5 Mobile/8B117 Safari/6531.22.7 (compatible; Googlebot-Mobile/2.1; +http://www.google.com/bot.html)"
208.115.113.89 - - [24/May/2013:07:06:23 +0200] "GET /seiten/kont.htm HTTP/1.1" 200 8048 "-" "Mozilla/5.0 (compatible; Ezooms/1.0; ezooms.bot@gmail.com)"
199.30.20.125 - - [24/May/2013:08:48:44 +0200] "GET /robots.txt HTTP/1.1" 200 157 "-" "msnbot-media/1.1 (+http://search.msn.com/msnbot.htm)"
199.30.20.125 - - [24/May/2013:08:48:44 +0200] "GET /img/men05a.gif HTTP/1.1" 200 556 "-" "msnbot-media/1.1 (+http://search.msn.com/msnbot.htm)"
157.55.36.36 - - [24/May/2013:12:34:18 +0200] "GET /robots.txt HTTP/1.1" 200 157 "-" "Mozilla/5.0 (compatible; bingbot/2.0; +http://www.bing.com/bingbot.htm)"
157.55.32.146 - - [24/May/2013:12:35:06 +0200] "GET /seiten/impr.htm HTTP/1.1" 200 9648 "-" "Mozilla/5.0 (compatible; bingbot/2.0; +http://www.bing.com/bingbot.htm)"
157.55.32.107 - - [24/May/2013:12:35:06 +0200] "GET /seiten/leist.htm HTTP/1.1" 200 7640 "-" "Mozilla/5.0 (compatible; bingbot/2.0; +http://www.bing.com/bingbot.htm)"
157.55.36.36 - - [24/May/2013:12:35:07 +0200] "GET /seiten/start.htm HTTP/1.1" 200 7516 "-" "Mozilla/5.0 (compatible; bingbot/2.0; +http://www.bing.com/bingbot.htm)"
157.55.36.36 - - [24/May/2013:12:35:07 +0200] "GET /seiten/links.htm HTTP/1.1" 200 7302 "-" "Mozilla/5.0 (compatible; bingbot/2.0; +http://www.bing.com/bingbot.htm)"
157.56.92.152 - - [24/May/2013:13:26:57 +0200] "GET /robots.txt HTTP/1.1" 200 157 "-" "Mozilla/5.0 (compatible; bingbot/2.0; +http://www.bing.com/bingbot.htm)"
157.56.92.152 - - [24/May/2013:13:27:37 +0200] "GET /seiten/kont.htm HTTP/1.1" 200 8048 "-" "Mozilla/5.0 (compatible; bingbot/2.0; +http://www.bing.com/bingbot.htm)"
157.56.92.152 - - [24/May/2013:13:27:37 +0200] "GET /seiten/news.php HTTP/1.1" 200 7079 "-" "Mozilla/5.0 (compatible; bingbot/2.0; +http://www.bing.com/bingbot.htm)"
141.8.147.12 - - [24/May/2013:16:28:06 +0200] "GET /robots.txt HTTP/1.1" 200 157 "-" "Mozilla/5.0 (compatible; YandexBot/3.0; +http://yandex.com/bots)"
141.8.147.12 - - [24/May/2013:16:28:09 +0200] "GET /img/men07.gif HTTP/1.1" 200 1396 "-" "Mozilla/5.0 (compatible; YandexImages/3.0; +http://yandex.com/bots)"
141.8.147.12 - - [24/May/2013:18:03:50 +0200] "GET /img/men04.gif HTTP/1.1" 200 1395 "-" "Mozilla/5.0 (compatible; YandexImages/3.0; +http://yandex.com/bots)"
142.4.112.122 - - [24/May/2013:19:16:14 +0200] "GET /seiten/links.htm HTTP/1.0" 200 7302 "http://www.dialyse-borna.de/seiten/links.htm" "Mozilla/5.0 (Windows NT 5.1) AppleWebKit/537.19 (KHTML, like Gecko) Chrome/25.0.1323.1 Safari/537.19"
217.212.224.183 - - [24/May/2013:19:40:43 +0200] "GET /robots.txt HTTP/1.0" 200 157 "-" "psbot/0.1 (+http://www.picsearch.com/bot.html)"
217.212.224.181 - - [24/May/2013:19:40:43 +0200] "GET /seiten/news.php HTTP/1.0" 200 7079 "-" "psbot/0.1 (+http://www.picsearch.com/bot.html)"
212.86.219.134 - - [24/May/2013:19:45:54 +0200] "GET /robots.txt HTTP/1.1" 200 157 "-" "Mozilla/5.0 (Macintosh; U; Intel Mac OS X 10_5_6; en-us) AppleWebKit/528.16 (KHTML, like Gecko) Version/4.0 Safari/528.16"
92.249.127.111 - - [24/May/2013:19:53:52 +0200] "GET /seiten/news.php HTTP/1.1" 200 7079 "http://nardulan.com/" "Mozilla/5.0 (compatible; news bot /2.1)"
92.249.127.111 - - [24/May/2013:19:53:53 +0200] "GET /seiten/news.php HTTP/1.1" 200 7079 "http://nardulan.com/" "Mozilla/5.0 (compatible; news bot /2.1)"
66.249.78.101 - - [24/May/2013:20:20:21 +0200] "GET /seiten/kont.htm HTTP/1.1" 304 - "-" "Mozilla/5.0 (iPhone; U; CPU iPhone OS 4_1 like Mac OS X; en-us) AppleWebKit/532.9 (KHTML, like Gecko) Version/4.0.5 Mobile/8B117 Safari/6531.22.7 (compatible; Googlebot-Mobile/2.1; +http://www.google.com/bot.html)"
141.8.147.12 - - [24/May/2013:21:04:43 +0200] "GET /img/men09.gif HTTP/1.1" 200 708 "-" "Mozilla/5.0 (compatible; YandexImages/3.0; +http://yandex.com/bots)"
94.242.237.153 - - [24/May/2013:21:13:19 +0200] "GET /seiten/links.htm HTTP/1.1" 200 7302 "http://www.dialyse-borna.de/" "Mozilla/4.0 (compatible; MSIE 7.0; Windows NT 5.1; Trident/4.0; .NET CLR 2.0.50727; .NET CLR 3.0.4506.2152; .NET CLR 3.5.30729)"
94.242.237.153 - - [24/May/2013:21:13:19 +0200] "GET /seiten/dialyse.htm HTTP/1.1" 200 7403 "http://www.dialyse-borna.de/" "Mozilla/4.0 (compatible; MSIE 7.0; Windows NT 5.1; Trident/4.0; .NET CLR 2.0.50727; .NET CLR 3.0.4506.2152; .NET CLR 3.5.30729)"
141.8.147.12 - - [24/May/2013:22:07:23 +0200] "GET /img/men05a.gif HTTP/1.1" 200 556 "-" "Mozilla/5.0 (compatible; YandexImages/3.0; +http://yandex.com/bots)"
157.55.32.107 - - [24/May/2013:22:36:44 +0200] "GET /robots.txt HTTP/1.1" 200 157 "-" "Mozilla/5.0 (compatible; bingbot/2.0; +http://www.bing.com/bingbot.htm)"
157.55.32.107 - - [24/May/2013:22:37:27 +0200] "GET /seiten/leist.htm HTTP/1.1" 304 - "-" "Mozilla/5.0 (compatible; bingbot/2.0; +http://www.bing.com/bingbot.htm)"
37.59.16.73 - - [24/May/2013:22:54:09 +0200] "GET /seiten/impr.htm HTTP/1.1" 200 9648 "-" "Mozilla/5.0 (X11; Linux i686; rv:6.0) Gecko/20100101 Firefox/6.0"
141.8.147.12 - - [24/May/2013:22:57:41 +0200] "GET /img/men08.gif HTTP/1.1" 200 1642 "-" "Mozilla/5.0 (compatible; YandexImages/3.0; +http://yandex.com/bots)"
81.7.13.161 - - [24/May/2013:23:00:32 +0200] "GET /seiten/impr.htm HTTP/1.1" 200 9648 "-" "Mozilla/5.0 (X11; Linux i686; rv:6.0) Gecko/20100101 Firefox/6.0"
66.249.78.101 - - [24/May/2013:23:50:24 +0200] "GET /seiten/links.htm HTTP/1.1" 304 - "-" "Mozilla/5.0 (compatible; Googlebot/2.1; +http://www.google.com/bot.html)"
66.249.75.240 - - [25/May/2013:00:42:58 +0200] "GET /seiten/start.htm HTTP/1.1" 304 - "-" "Mozilla/5.0 (iPhone; U; CPU iPhone OS 4_1 like Mac OS X; en-us) AppleWebKit/532.9 (KHTML, like Gecko) Version/4.0.5 Mobile/8B117 Safari/6531.22.7 (compatible; Googlebot-Mobile/2.1; +http://www.google.com/bot.html)"
66.249.78.101 - - [25/May/2013:03:06:23 +0200] "GET /seiten/kont.htm HTTP/1.1" 304 - "-" "Mozilla/5.0 (iPhone; U; CPU iPhone OS 4_1 like Mac OS X; en-us) AppleWebKit/532.9 (KHTML, like Gecko) Version/4.0.5 Mobile/8B117 Safari/6531.22.7 (compatible; Googlebot-Mobile/2.1; +http://www.google.com/bot.html)"
175.44.53.67 - - [25/May/2013:04:11:03 +0200] "GET /seiten/links.htm HTTP/1.0" 200 7302 "http://www.dialyse-borna.de/seiten/links.htm" "Mozilla/5.0 (Windows NT 5.1; rv:15.0) Gecko/20100101 Firefox/15.0.1"
141.8.147.12 - - [25/May/2013:04:19:19 +0200] "GET /img/men02.gif HTTP/1.1" 200 1273 "-" "Mozilla/5.0 (compatible; YandexImages/3.0; +http://yandex.com/bots)"
217.212.224.183 - - [25/May/2013:04:29:17 +0200] "GET /robots.txt HTTP/1.0" 200 157 "-" "psbot/0.1 (+http://www.picsearch.com/bot.html)"
217.212.224.182 - - [25/May/2013:04:29:17 +0200] "GET /seiten/kont.htm HTTP/1.0" 304 - "-" "psbot/0.1 (+http://www.picsearch.com/bot.html)"
66.249.75.240 - - [25/May/2013:07:55:29 +0200] "GET /robots.txt HTTP/1.1" 200 157 "-" "Mozilla/5.0 (compatible; Googlebot/2.1; +http://www.google.com/bot.html)"
66.249.78.101 - - [25/May/2013:07:55:30 +0200] "GET /seiten/start.htm HTTP/1.1" 304 - "-" "Mozilla/5.0 (compatible; Googlebot/2.1; +http://www.google.com/bot.html)"
199.30.20.31 - - [25/May/2013:08:33:11 +0200] "GET /robots.txt HTTP/1.1" 200 157 "-" "msnbot-media/1.1 (+http://search.msn.com/msnbot.htm)"
199.30.20.31 - - [25/May/2013:08:33:11 +0200] "GET /img/men02a.gif HTTP/1.1" 200 589 "-" "msnbot-media/1.1 (+http://search.msn.com/msnbot.htm)"
141.8.147.12 - - [25/May/2013:09:58:22 +0200] "GET /robots.txt HTTP/1.1" 200 157 "-" "Mozilla/5.0 (compatible; YandexBot/3.0; +http://yandex.com/bots)"
141.8.147.12 - - [25/May/2013:09:58:36 +0200] "GET /img/men03.gif HTTP/1.1" 200 1621 "-" "Mozilla/5.0 (compatible; YandexImages/3.0; +http://yandex.com/bots)"
141.8.147.12 - - [25/May/2013:10:30:08 +0200] "GET /img/main_pic.jpg HTTP/1.1" 304 - "-" "Mozilla/5.0 (compatible; YandexImages/3.0; +http://yandex.com/bots)"
141.8.147.12 - - [25/May/2013:10:33:29 +0200] "GET /img/lay03.gif HTTP/1.1" 200 671 "-" "Mozilla/5.0 (compatible; YandexImages/3.0; +http://yandex.com/bots)"
199.30.20.36 - - [25/May/2013:11:24:18 +0200] "GET /robots.txt HTTP/1.1" 200 157 "-" "msnbot-media/1.1 (+http://search.msn.com/msnbot.htm)"
199.30.20.36 - - [25/May/2013:11:24:19 +0200] "GET /img/men07a.gif HTTP/1.1" 200 666 "-" "msnbot-media/1.1 (+http://search.msn.com/msnbot.htm)"
141.8.147.12 - - [25/May/2013:12:45:19 +0200] "GET /img/lay04.gif HTTP/1.1" 200 210 "-" "Mozilla/5.0 (compatible; YandexImages/3.0; +http://yandex.com/bots)"
65.55.215.69 - - [25/May/2013:12:57:55 +0200] "GET /robots.txt HTTP/1.1" 200 157 "-" "msnbot-media/1.1 (+http://search.msn.com/msnbot.htm)"
65.55.215.69 - - [25/May/2013:12:57:55 +0200] "GET /img/men01.gif HTTP/1.1" 200 432 "-" "msnbot-media/1.1 (+http://search.msn.com/msnbot.htm)"
66.249.78.101 - - [25/May/2013:13:22:40 +0200] "GET /seiten/impr.htm HTTP/1.1" 304 - "-" "SAMSUNG-SGH-E250/1.0 Profile/MIDP-2.0 Configuration/CLDC-1.1 UP.Browser/6.2.3.3.c.1.101 (GUI) MMP/2.0 (compatible; Googlebot-Mobile/2.1; +http://www.google.com/bot.html)"
85.25.120.73 - - [25/May/2013:13:41:04 +0200] "GET / HTTP/1.1" 200 2663 "-" "Mozilla/5.0 (X11; U; Linux i686; en-US; rv:1.9.0.1) Gecko/2008070206 Firefox/3.0.1"
85.25.120.73 - - [25/May/2013:13:41:04 +0200] "GET /seiten/kont_form.php HTTP/1.1" 200 8561 "-" "Mozilla/5.0 (X11; U; Linux i686; en-US; rv:1.9.0.1) Gecko/2008070206 Firefox/3.0.1"
141.8.147.12 - - [25/May/2013:14:02:11 +0200] "GET /img/men06.gif HTTP/1.1" 200 1162 "-" "Mozilla/5.0 (compatible; YandexImages/3.0; +http://yandex.com/bots)"
141.8.147.12 - - [25/May/2013:15:47:34 +0200] "GET /img/men01.gif HTTP/1.1" 200 432 "-" "Mozilla/5.0 (compatible; YandexImages/3.0; +http://yandex.com/bots)"
65.55.215.64 - - [25/May/2013:15:49:44 +0200] "GET /robots.txt HTTP/1.1" 200 157 "-" "msnbot-media/1.1 (+http://search.msn.com/msnbot.htm)"
65.55.215.64 - - [25/May/2013:15:49:44 +0200] "GET /img/men04a.gif HTTP/1.1" 200 669 "-" "msnbot-media/1.1 (+http://search.msn.com/msnbot.htm)"
141.8.147.12 - - [25/May/2013:15:51:52 +0200] "GET /img/1pixel.gif HTTP/1.1" 200 45 "-" "Mozilla/5.0 (compatible; YandexImages/3.0; +http://yandex.com/bots)"
141.8.147.12 - - [25/May/2013:15:53:55 +0200] "GET /img/lay07.gif HTTP/1.1" 200 272 "-" "Mozilla/5.0 (compatible; YandexImages/3.0; +http://yandex.com/bots)"
173.199.115.75 - - [25/May/2013:16:55:51 +0200] "GET /seiten/start.htm HTTP/1.1" 200 7516 "-" "Mozilla/5.0 (compatible; AhrefsBot/4.0; +http://ahrefs.com/robot/)"
66.249.78.101 - - [25/May/2013:16:58:34 +0200] "GET / HTTP/1.1" 200 2663 "-" "Mozilla/5.0 (compatible; Googlebot/2.1; +http://www.google.com/bot.html)"
66.249.78.101 - - [25/May/2013:17:06:51 +0200] "GET /seiten/kont.htm HTTP/1.1" 304 - "-" "Mozilla/5.0 (compatible; Googlebot/2.1; +http://www.google.com/bot.html)"
199.30.20.65 - - [25/May/2013:18:16:47 +0200] "GET /robots.txt HTTP/1.1" 200 157 "-" "msnbot-media/1.1 (+http://search.msn.com/msnbot.htm)"
199.30.20.65 - - [25/May/2013:18:16:47 +0200] "GET /img/lay03.gif HTTP/1.1" 200 671 "-" "msnbot-media/1.1 (+http://search.msn.com/msnbot.htm)"
65.55.215.95 - - [25/May/2013:18:37:11 +0200] "GET /robots.txt HTTP/1.1" 200 157 "-" "msnbot-media/1.1 (+http://search.msn.com/msnbot.htm)"
65.55.215.95 - - [25/May/2013:18:37:11 +0200] "GET /img/pfeil.jpg HTTP/1.1" 200 380 "-" "msnbot-media/1.1 (+http://search.msn.com/msnbot.htm)"
66.249.78.101 - - [25/May/2013:21:52:28 +0200] "GET / HTTP/1.1" 200 2663 "-" "Mozilla/5.0 (iPhone; U; CPU iPhone OS 4_1 like Mac OS X; en-us) AppleWebKit/532.9 (KHTML, like Gecko) Version/4.0.5 Mobile/8B117 Safari/6531.22.7 (compatible; Googlebot-Mobile/2.1; +http://www.google.com/bot.html)"
157.55.36.36 - - [25/May/2013:22:24:23 +0200] "GET /robots.txt HTTP/1.1" 200 157 "-" "Mozilla/5.0 (compatible; bingbot/2.0; +http://www.bing.com/bingbot.htm)"
157.55.36.36 - - [25/May/2013:22:25:12 +0200] "GET /seiten/start.htm HTTP/1.1" 200 7516 "-" "Mozilla/5.0 (compatible; bingbot/2.0; +http://www.bing.com/bingbot.htm)"
157.55.32.107 - - [25/May/2013:22:26:11 +0200] "GET /img/bilder.swf HTTP/1.1" 200 78858 "-" "Mozilla/5.0 (compatible; bingbot/2.0; +http://www.bing.com/bingbot.htm)"
66.249.78.101 - - [25/May/2013:23:08:28 +0200] "GET /seiten/dialyse.htm HTTP/1.1" 304 - "-" "Mozilla/5.0 (iPhone; U; CPU iPhone OS 4_1 like Mac OS X; en-us) AppleWebKit/532.9 (KHTML, like Gecko) Version/4.0.5 Mobile/8B117 Safari/6531.22.7 (compatible; Googlebot-Mobile/2.1; +http://www.google.com/bot.html)"
208.115.111.73 - - [25/May/2013:23:10:44 +0200] "GET /robots.txt HTTP/1.1" 200 157 "-" "Mozilla/5.0 (compatible; Ezooms/1.0; ezooms.bot@gmail.com)"
66.249.78.101 - - [25/May/2013:23:17:56 +0200] "GET /seiten/leist.htm HTTP/1.1" 304 - "-" "Mozilla/5.0 (compatible; Googlebot/2.1; +http://www.google.com/bot.html)"
66.249.78.101 - - [25/May/2013:23:37:45 +0200] "GET /img/bilder.swf HTTP/1.1" 200 78858 "-" "Mozilla/5.0 (compatible; Googlebot/2.1; +http://www.google.com/bot.html)"
65.55.215.45 - - [25/May/2013:23:42:25 +0200] "GET /robots.txt HTTP/1.1" 200 157 "-" "msnbot-media/1.1 (+http://search.msn.com/msnbot.htm)"
65.55.215.45 - - [25/May/2013:23:42:25 +0200] "GET /img/men08a.gif HTTP/1.1" 200 819 "-" "msnbot-media/1.1 (+http://search.msn.com/msnbot.htm)"
131.253.24.12 - - [26/May/2013:00:19:09 +0200] "GET /robots.txt HTTP/1.1" 200 157 "-" "msnbot-media/1.1 (+http://search.msn.com/msnbot.htm)"
131.253.24.12 - - [26/May/2013:00:19:09 +0200] "GET /img/men07.gif HTTP/1.1" 200 1396 "-" "msnbot-media/1.1 (+http://search.msn.com/msnbot.htm)"
208.115.111.73 - - [26/May/2013:00:56:09 +0200] "GET /seiten/start.htm HTTP/1.1" 200 7516 "-" "Mozilla/5.0 (compatible; Ezooms/1.0; ezooms.bot@gmail.com)"
66.249.78.101 - - [26/May/2013:01:03:12 +0200] "GET /seiten/kont.htm HTTP/1.1" 304 - "-" "Mozilla/5.0 (compatible; Googlebot/2.1; +http://www.google.com/bot.html)"
65.55.215.58 - - [26/May/2013:02:19:40 +0200] "GET /robots.txt HTTP/1.1" 200 157 "-" "msnbot-media/1.1 (+http://search.msn.com/msnbot.htm)"
65.55.215.58 - - [26/May/2013:02:19:40 +0200] "GET /img/men06.gif HTTP/1.1" 200 1162 "-" "msnbot-media/1.1 (+http://search.msn.com/msnbot.htm)"
199.30.20.77 - - [26/May/2013:02:23:52 +0200] "GET /robots.txt HTTP/1.1" 200 157 "-" "msnbot-media/1.1 (+http://search.msn.com/msnbot.htm)"
199.30.20.77 - - [26/May/2013:02:23:52 +0200] "GET /img/men09.gif HTTP/1.1" 200 708 "-" "msnbot-media/1.1 (+http://search.msn.com/msnbot.htm)"
173.199.115.75 - - [26/May/2013:02:37:27 +0200] "GET /seiten/praxis3.php HTTP/1.1" 200 5550 "-" "Mozilla/5.0 (compatible; AhrefsBot/4.0; +http://ahrefs.com/robot/)"
199.30.16.40 - - [26/May/2013:02:53:37 +0200] "GET /robots.txt HTTP/1.1" 200 157 "-" "msnbot-media/1.1 (+http://search.msn.com/msnbot.htm)"
199.30.16.40 - - [26/May/2013:02:53:37 +0200] "GET /img/lay07.gif HTTP/1.1" 200 272 "-" "msnbot-media/1.1 (+http://search.msn.com/msnbot.htm)"
178.151.216.53 - - [26/May/2013:02:56:52 +0200] "GET / HTTP/1.0" 200 2663 "-" "Mozilla/4.0 (compatible; MSIE 6.0; Windows NT 5.1)"
173.199.115.75 - - [26/May/2013:03:41:26 +0200] "GET /seiten/dialyse.htm HTTP/1.1" 200 7403 "-" "Mozilla/5.0 (compatible; AhrefsBot/4.0; +http://ahrefs.com/robot/)"
66.249.78.101 - - [26/May/2013:04:04:16 +0200] "GET /seiten/impr.htm HTTP/1.1" 304 - "-" "Mozilla/5.0 (iPhone; U; CPU iPhone OS 4_1 like Mac OS X; en-us) AppleWebKit/532.9 (KHTML, like Gecko) Version/4.0.5 Mobile/8B117 Safari/6531.22.7 (compatible; Googlebot-Mobile/2.1; +http://www.google.com/bot.html)"
65.55.215.93 - - [26/May/2013:05:08:46 +0200] "GET /robots.txt HTTP/1.1" 200 157 "-" "msnbot-media/1.1 (+http://search.msn.com/msnbot.htm)"
65.55.215.93 - - [26/May/2013:05:08:46 +0200] "GET /img/men03a.gif HTTP/1.1" 200 820 "-" "msnbot-media/1.1 (+http://search.msn.com/msnbot.htm)"
173.199.115.75 - - [26/May/2013:05:11:28 +0200] "GET /seiten/praxis.htm HTTP/1.1" 200 7847 "-" "Mozilla/5.0 (compatible; AhrefsBot/4.0; +http://ahrefs.com/robot/)"
199.30.20.25 - - [26/May/2013:05:26:30 +0200] "GET /robots.txt HTTP/1.1" 200 157 "-" "msnbot-media/1.1 (+http://search.msn.com/msnbot.htm)"
