176.9.148.197 - - [01/Apr/2013:00:37:02 +0200] "GET /robots.txt HTTP/1.1" 200 157 "-" "Mozilla/5.0 (compatible; SISTRIX Crawler; http://crawler.sistrix.net/)"
176.9.148.197 - - [01/Apr/2013:00:37:02 +0200] "GET / HTTP/1.1" 200 2663 "-" "Mozilla/5.0 (compatible; SISTRIX Crawler; http://crawler.sistrix.net/)"
176.9.148.197 - - [01/Apr/2013:00:37:02 +0200] "GET /seiten/start.htm HTTP/1.1" 200 7516 "-" "Mozilla/5.0 (compatible; SISTRIX Crawler; http://crawler.sistrix.net/)"
176.9.148.197 - - [01/Apr/2013:00:37:02 +0200] "GET /seiten/impr.htm HTTP/1.1" 200 9648 "-" "Mozilla/5.0 (compatible; SISTRIX Crawler; http://crawler.sistrix.net/)"
176.9.148.197 - - [01/Apr/2013:00:37:02 +0200] "GET /seiten/news.php HTTP/1.1" 200 7079 "-" "Mozilla/5.0 (compatible; SISTRIX Crawler; http://crawler.sistrix.net/)"
176.9.148.197 - - [01/Apr/2013:00:37:03 +0200] "GET /seiten/praxis.htm HTTP/1.1" 200 7847 "-" "Mozilla/5.0 (compatible; SISTRIX Crawler; http://crawler.sistrix.net/)"
176.9.148.197 - - [01/Apr/2013:00:37:03 +0200] "GET /seiten/leist.htm HTTP/1.1" 200 7640 "-" "Mozilla/5.0 (compatible; SISTRIX Crawler; http://crawler.sistrix.net/)"
176.9.148.197 - - [01/Apr/2013:00:37:03 +0200] "GET /seiten/kont.htm HTTP/1.1" 200 8048 "-" "Mozilla/5.0 (compatible; SISTRIX Crawler; http://crawler.sistrix.net/)"
176.9.148.197 - - [01/Apr/2013:00:37:03 +0200] "GET /seiten/dialyse.htm HTTP/1.1" 200 7403 "-" "Mozilla/5.0 (compatible; SISTRIX Crawler; http://crawler.sistrix.net/)"
176.9.148.197 - - [01/Apr/2013:00:37:03 +0200] "GET /seiten/links.htm HTTP/1.1" 200 7302 "-" "Mozilla/5.0 (compatible; SISTRIX Crawler; http://crawler.sistrix.net/)"
176.9.148.197 - - [01/Apr/2013:00:37:03 +0200] "GET /seiten/kont_form.php HTTP/1.1" 200 8561 "-" "Mozilla/5.0 (compatible; SISTRIX Crawler; http://crawler.sistrix.net/)"
199.30.20.21 - - [01/Apr/2013:01:26:25 +0200] "GET /robots.txt HTTP/1.1" 200 157 "-" "msnbot-media/1.1 (+http://search.msn.com/msnbot.htm)"
199.30.20.21 - - [01/Apr/2013:01:26:25 +0200] "GET /img/men08.gif HTTP/1.1" 200 1642 "-" "msnbot-media/1.1 (+http://search.msn.com/msnbot.htm)"
199.30.20.83 - - [01/Apr/2013:01:53:28 +0200] "GET /robots.txt HTTP/1.1" 200 157 "-" "msnbot-media/1.1 (+http://search.msn.com/msnbot.htm)"
199.30.20.83 - - [01/Apr/2013:01:53:28 +0200] "GET /img/lay04.gif HTTP/1.1" 200 210 "-" "msnbot-media/1.1 (+http://search.msn.com/msnbot.htm)"
66.249.76.240 - - [01/Apr/2013:03:21:50 +0200] "GET / HTTP/1.1" 200 2663 "-" "Mozilla/5.0 (compatible; Googlebot/2.1; +http://www.google.com/bot.html)"
66.249.76.240 - - [01/Apr/2013:03:56:48 +0200] "GET /seiten/start.htm HTTP/1.1" 304 - "-" "Mozilla/5.0 (compatible; Googlebot/2.1; +http://www.google.com/bot.html)"
66.249.76.240 - - [01/Apr/2013:05:45:58 +0200] "GET / HTTP/1.1" 200 2663 "-" "SAMSUNG-SGH-E250/1.0 Profile/MIDP-2.0 Configuration/CLDC-1.1 UP.Browser/6.2.3.3.c.1.101 (GUI) MMP/2.0 (compatible; Googlebot-Mobile/2.1; +http://www.google.com/bot.html)"
199.30.16.62 - - [01/Apr/2013:05:50:07 +0200] "GET /robots.txt HTTP/1.1" 200 157 "-" "msnbot-media/1.1 (+http://search.msn.com/msnbot.htm)"
199.30.16.62 - - [01/Apr/2013:05:50:07 +0200] "GET /img/men03a.gif HTTP/1.1" 200 820 "-" "msnbot-media/1.1 (+http://search.msn.com/msnbot.htm)"
199.30.16.27 - - [01/Apr/2013:08:06:00 +0200] "GET /robots.txt HTTP/1.1" 200 157 "-" "msnbot-media/1.1 (+http://search.msn.com/msnbot.htm)"
199.30.16.27 - - [01/Apr/2013:08:06:00 +0200] "GET /img/men09.gif HTTP/1.1" 200 708 "-" "msnbot-media/1.1 (+http://search.msn.com/msnbot.htm)"
65.55.215.62 - - [01/Apr/2013:08:45:01 +0200] "GET /robots.txt HTTP/1.1" 200 157 "-" "msnbot-media/1.1 (+http://search.msn.com/msnbot.htm)"
65.55.215.62 - - [01/Apr/2013:08:45:02 +0200] "GET /img/men06a.gif HTTP/1.1" 200 518 "-" "msnbot-media/1.1 (+http://search.msn.com/msnbot.htm)"
199.30.20.126 - - [01/Apr/2013:09:03:36 +0200] "GET /robots.txt HTTP/1.1" 200 157 "-" "msnbot-media/1.1 (+http://search.msn.com/msnbot.htm)"
199.30.20.126 - - [01/Apr/2013:09:03:36 +0200] "GET /img/men02.gif HTTP/1.1" 200 1273 "-" "msnbot-media/1.1 (+http://search.msn.com/msnbot.htm)"
157.56.93.206 - - [01/Apr/2013:11:34:23 +0200] "GET /robots.txt HTTP/1.1" 200 157 "-" "Mozilla/5.0 (compatible; bingbot/2.0; +http://www.bing.com/bingbot.htm)"
157.56.93.206 - - [01/Apr/2013:11:36:14 +0200] "GET /seiten/kont_form.php HTTP/1.1" 200 8561 "-" "Mozilla/5.0 (compatible; bingbot/2.0; +http://www.bing.com/bingbot.htm)"
66.249.76.240 - - [01/Apr/2013:13:18:54 +0200] "GET /seiten/kont.htm HTTP/1.1" 304 - "-" "Mozilla/5.0 (iPhone; U; CPU iPhone OS 4_1 like Mac OS X; en-us) AppleWebKit/532.9 (KHTML, like Gecko) Version/4.0.5 Mobile/8B117 Safari/6531.22.7 (compatible; Googlebot-Mobile/2.1; +http://www.google.com/bot.html)"
66.249.76.240 - - [01/Apr/2013:14:31:43 +0200] "GET /seiten/start.htm HTTP/1.1" 304 - "-" "Mozilla/5.0 (iPhone; U; CPU iPhone OS 4_1 like Mac OS X; en-us) AppleWebKit/532.9 (KHTML, like Gecko) Version/4.0.5 Mobile/8B117 Safari/6531.22.7 (compatible; Googlebot-Mobile/2.1; +http://www.google.com/bot.html)"
65.55.215.58 - - [01/Apr/2013:16:18:18 +0200] "GET /robots.txt HTTP/1.1" 200 157 "-" "msnbot-media/1.1 (+http://search.msn.com/msnbot.htm)"
65.55.215.58 - - [01/Apr/2013:16:18:19 +0200] "GET /img/men06.gif HTTP/1.1" 200 1162 "-" "msnbot-media/1.1 (+http://search.msn.com/msnbot.htm)"
66.249.76.240 - - [01/Apr/2013:17:02:20 +0200] "GET /seiten/links.htm HTTP/1.1" 304 - "-" "Mozilla/5.0 (iPhone; U; CPU iPhone OS 4_1 like Mac OS X; en-us) AppleWebKit/532.9 (KHTML, like Gecko) Version/4.0.5 Mobile/8B117 Safari/6531.22.7 (compatible; Googlebot-Mobile/2.1; +http://www.google.com/bot.html)"
157.56.93.37 - - [01/Apr/2013:20:54:20 +0200] "GET /robots.txt HTTP/1.1" 200 157 "-" "Mozilla/5.0 (compatible; bingbot/2.0; +http://www.bing.com/bingbot.htm)"
157.56.93.37 - - [01/Apr/2013:20:56:17 +0200] "GET /seiten/news.php HTTP/1.1" 200 7079 "-" "Mozilla/5.0 (compatible; bingbot/2.0; +http://www.bing.com/bingbot.htm)"
157.56.93.206 - - [01/Apr/2013:21:02:25 +0200] "GET / HTTP/1.1" 200 2663 "-" "Mozilla/5.0 (compatible; bingbot/2.0; +http://www.bing.com/bingbot.htm)"
157.56.93.206 - - [02/Apr/2013:03:24:44 +0200] "GET /robots.txt HTTP/1.1" 200 157 "-" "Mozilla/5.0 (compatible; bingbot/2.0; +http://www.bing.com/bingbot.htm)"
199.30.16.29 - - [02/Apr/2013:03:59:57 +0200] "GET /robots.txt HTTP/1.1" 200 157 "-" "msnbot-media/1.1 (+http://search.msn.com/msnbot.htm)"
199.30.16.29 - - [02/Apr/2013:03:59:57 +0200] "GET /img/lay07.gif HTTP/1.1" 200 272 "-" "msnbot-media/1.1 (+http://search.msn.com/msnbot.htm)"
184.22.211.146 - - [02/Apr/2013:04:24:41 +0200] "GET /seiten/impr.htm HTTP/1.1" 200 9648 "-" "Mozilla/5.0 (X11; Linux i686; rv:6.0) Gecko/20100101 Firefox/6.0"
157.56.93.206 - - [02/Apr/2013:05:19:05 +0200] "GET /seiten/kont_form.php HTTP/1.0" 200 8561 "-" "Mozilla/5.0 (compatible; bingbot/2.0; +http://www.bing.com/bingbot.htm)"
66.249.78.101 - - [02/Apr/2013:05:36:25 +0200] "GET /robots.txt HTTP/1.1" 200 157 "-" "Mozilla/5.0 (compatible; Googlebot/2.1; +http://www.google.com/bot.html)"
66.249.78.101 - - [02/Apr/2013:05:36:25 +0200] "GET /seiten/start.htm HTTP/1.1" 200 7516 "-" "SAMSUNG-SGH-E250/1.0 Profile/MIDP-2.0 Configuration/CLDC-1.1 UP.Browser/6.2.3.3.c.1.101 (GUI) MMP/2.0 (compatible; Googlebot-Mobile/2.1; +http://www.google.com/bot.html)"
66.249.78.101 - - [02/Apr/2013:09:31:49 +0200] "GET /seiten/impr.htm HTTP/1.1" 304 - "-" "Mozilla/5.0 (compatible; Googlebot/2.1; +http://www.google.com/bot.html)"
65.55.215.39 - - [02/Apr/2013:10:48:34 +0200] "GET /robots.txt HTTP/1.1" 200 157 "-" "msnbot-media/1.1 (+http://search.msn.com/msnbot.htm)"
65.55.215.39 - - [02/Apr/2013:10:48:34 +0200] "GET /img/men08a.gif HTTP/1.1" 200 819 "-" "msnbot-media/1.1 (+http://search.msn.com/msnbot.htm)"
66.249.76.240 - - [02/Apr/2013:16:34:31 +0200] "GET /robots.txt HTTP/1.1" 200 157 "-" "Mozilla/5.0 (compatible; Googlebot/2.1; +http://www.google.com/bot.html)"
66.249.76.240 - - [02/Apr/2013:16:34:31 +0200] "GET / HTTP/1.1" 200 2663 "-" "Mozilla/5.0 (iPhone; U; CPU iPhone OS 4_1 like Mac OS X; en-us) AppleWebKit/532.9 (KHTML, like Gecko) Version/4.0.5 Mobile/8B117 Safari/6531.22.7 (compatible; Googlebot-Mobile/2.1; +http://www.google.com/bot.html)"
157.56.93.40 - - [02/Apr/2013:16:58:01 +0200] "GET /robots.txt HTTP/1.1" 200 157 "-" "Mozilla/5.0 (compatible; bingbot/2.0; +http://www.bing.com/bingbot.htm)"
65.55.215.40 - - [02/Apr/2013:16:58:40 +0200] "GET /robots.txt HTTP/1.1" 200 157 "-" "msnbot-media/1.1 (+http://search.msn.com/msnbot.htm)"
65.55.215.40 - - [02/Apr/2013:16:58:41 +0200] "GET /img/men08a.gif HTTP/1.1" 200 819 "-" "msnbot-media/1.1 (+http://search.msn.com/msnbot.htm)"
157.56.93.40 - - [02/Apr/2013:17:02:21 +0200] "GET /seiten/dialyse.htm HTTP/1.1" 200 7403 "-" "Mozilla/5.0 (compatible; bingbot/2.0; +http://www.bing.com/bingbot.htm)"
157.56.93.83 - - [02/Apr/2013:17:04:13 +0200] "GET /img/men04a.gif HTTP/1.1" 200 669 "-" "Mozilla/5.0 (compatible; bingbot/2.0; +http://www.bing.com/bingbot.htm)"
157.56.93.83 - - [02/Apr/2013:17:04:13 +0200] "GET /img/bg1.gif HTTP/1.1" 200 54 "-" "Mozilla/5.0 (compatible; bingbot/2.0; +http://www.bing.com/bingbot.htm)"
157.56.93.83 - - [02/Apr/2013:17:04:14 +0200] "GET /img/men09.gif HTTP/1.1" 200 708 "-" "Mozilla/5.0 (compatible; bingbot/2.0; +http://www.bing.com/bingbot.htm)"
157.56.93.83 - - [02/Apr/2013:17:04:14 +0200] "GET /img/men07a.gif HTTP/1.1" 200 666 "-" "Mozilla/5.0 (compatible; bingbot/2.0; +http://www.bing.com/bingbot.htm)"
157.56.93.83 - - [02/Apr/2013:17:04:15 +0200] "GET /img/men06.gif HTTP/1.1" 200 1162 "-" "Mozilla/5.0 (compatible; bingbot/2.0; +http://www.bing.com/bingbot.htm)"
65.55.55.230 - - [02/Apr/2013:18:28:04 +0200] "GET /robots.txt HTTP/1.1" 200 157 "-" "Mozilla/5.0 (compatible; bingbot/2.0; +http://www.bing.com/bingbot.htm)"
157.55.32.87 - - [02/Apr/2013:18:28:04 +0200] "GET /robots.txt HTTP/1.1" 200 157 "-" "Mozilla/5.0 (compatible; bingbot/2.0; +http://www.bing.com/bingbot.htm)"
199.30.16.56 - - [02/Apr/2013:18:47:11 +0200] "GET /robots.txt HTTP/1.1" 200 157 "-" "msnbot-media/1.1 (+http://search.msn.com/msnbot.htm)"
199.30.16.56 - - [02/Apr/2013:18:47:12 +0200] "GET /img/men05a.gif HTTP/1.1" 200 556 "-" "msnbot-media/1.1 (+http://search.msn.com/msnbot.htm)"
157.55.33.113 - - [02/Apr/2013:19:22:42 +0200] "GET /robots.txt HTTP/1.1" 200 157 "-" "Mozilla/5.0 (compatible; bingbot/2.0; +http://www.bing.com/bingbot.htm)"
65.55.55.230 - - [02/Apr/2013:19:22:43 +0200] "GET /robots.txt HTTP/1.1" 200 157 "-" "Mozilla/5.0 (compatible; bingbot/2.0; +http://www.bing.com/bingbot.htm)"
65.55.55.230 - - [02/Apr/2013:19:25:43 +0200] "GET /seiten/impr.htm HTTP/1.1" 200 9648 "-" "Mozilla/5.0 (compatible; bingbot/2.0; +http://www.bing.com/bingbot.htm)"
157.55.33.113 - - [02/Apr/2013:19:26:13 +0200] "GET /seiten/kont.htm HTTP/1.1" 200 8048 "-" "Mozilla/5.0 (compatible; bingbot/2.0; +http://www.bing.com/bingbot.htm)"
65.55.52.95 - - [02/Apr/2013:19:31:39 +0200] "GET /seiten/links.htm HTTP/1.1" 200 7302 "-" "Mozilla/5.0 (compatible; bingbot/2.0; +http://www.bing.com/bingbot.htm)"
157.55.33.29 - - [02/Apr/2013:19:43:40 +0200] "GET / HTTP/1.1" 200 2663 "-" "Mozilla/5.0 (compatible; bingbot/2.0; +http://www.bing.com/bingbot.htm)"
157.55.33.29 - - [02/Apr/2013:19:43:40 +0200] "GET / HTTP/1.1" 200 2663 "-" "Mozilla/5.0 (compatible; bingbot/2.0; +http://www.bing.com/bingbot.htm)"
157.56.229.23 - - [02/Apr/2013:19:50:11 +0200] "GET /seiten/kont_form.php HTTP/1.1" 200 8561 "-" "Mozilla/5.0 (compatible; bingbot/2.0; +http://www.bing.com/bingbot.htm)"
157.56.229.23 - - [02/Apr/2013:19:50:11 +0200] "GET /seiten/start.htm HTTP/1.1" 200 7516 "-" "Mozilla/5.0 (compatible; bingbot/2.0; +http://www.bing.com/bingbot.htm)"
66.249.76.240 - - [02/Apr/2013:20:25:29 +0200] "GET /seiten/impr.htm HTTP/1.1" 200 9648 "-" "Mozilla/5.0 (iPhone; U; CPU iPhone OS 4_1 like Mac OS X; en-us) AppleWebKit/532.9 (KHTML, like Gecko) Version/4.0.5 Mobile/8B117 Safari/6531.22.7 (compatible; Googlebot-Mobile/2.1; +http://www.google.com/bot.html)"
65.55.55.230 - - [02/Apr/2013:20:30:54 +0200] "GET /robots.txt HTTP/1.1" 200 157 "-" "Mozilla/5.0 (compatible; bingbot/2.0; +http://www.bing.com/bingbot.htm)"
65.55.55.230 - - [02/Apr/2013:20:32:40 +0200] "GET /seiten/impr.htm HTTP/1.1" 200 9648 "-" "Mozilla/5.0 (compatible; bingbot/2.0; +http://www.bing.com/bingbot.htm)"
65.55.55.230 - - [02/Apr/2013:20:32:54 +0200] "GET /img/men03.gif HTTP/1.1" 200 1621 "-" "Mozilla/5.0 (compatible; bingbot/2.0; +http://www.bing.com/bingbot.htm)"
65.55.55.230 - - [02/Apr/2013:20:32:54 +0200] "GET /img/lay05.gif HTTP/1.1" 200 541 "-" "Mozilla/5.0 (compatible; bingbot/2.0; +http://www.bing.com/bingbot.htm)"
157.55.33.113 - - [02/Apr/2013:20:34:38 +0200] "GET /img/men02a.gif HTTP/1.1" 200 589 "-" "Mozilla/5.0 (compatible; bingbot/2.0; +http://www.bing.com/bingbot.htm)"
157.55.32.87 - - [02/Apr/2013:20:34:38 +0200] "GET /img/men01.gif HTTP/1.1" 200 432 "-" "Mozilla/5.0 (compatible; bingbot/2.0; +http://www.bing.com/bingbot.htm)"
157.55.32.87 - - [02/Apr/2013:20:34:38 +0200] "GET /img/men04.gif HTTP/1.1" 200 1395 "-" "Mozilla/5.0 (compatible; bingbot/2.0; +http://www.bing.com/bingbot.htm)"
157.55.33.113 - - [02/Apr/2013:20:34:38 +0200] "GET /img/bg3.gif HTTP/1.1" 200 143 "-" "Mozilla/5.0 (compatible; bingbot/2.0; +http://www.bing.com/bingbot.htm)"
199.19.249.196 - - [02/Apr/2013:20:43:12 +0200] "GET / HTTP/1.1" 200 2663 "-" "Mozilla/4.0 (compatible; MSIE 7.0; Windows NT 5.1; InfoPath.1; .NET CLR 2.0.50727; .NET CLR 1.1.4322; MS-RTC LM 8; .NET CLR 3.0.4506.2152; .NET CLR 3.5.30729)"
194.59.172.128 - - [02/Apr/2013:20:43:13 +0200] "GET / HTTP/1.1" 200 2663 "http://www.google.de/url?sa=t&rct=j&q=dialyse%20borna&source=web&cd=1&ved=0CDAQFjAA&url=http%3A%2F%2Fwww.dialyse-borna.de%2F&ei=sSZbUaqCIuPf4QTz2IDACA&usg=AFQjCNF2KNTIkBF7QiIB3UFmpF4J1FAf4w&bvm=bv.44697112,d.bGE" "Mozilla/4.0 (compatible; MSIE 8.0; Windows NT 6.1; Trident/4.0; SLCC2; .NET CLR 2.0.50727; .NET CLR 3.5.30729; .NET CLR 3.0.30729; InfoPath.2; Tablet PC 2.0)"
194.59.172.128 - - [02/Apr/2013:20:43:13 +0200] "GET /img/bg1.gif HTTP/1.1" 200 54 "http://www.dialyse-borna.de/" "Mozilla/4.0 (compatible; MSIE 8.0; Windows NT 6.1; Trident/4.0; SLCC2; .NET CLR 2.0.50727; .NET CLR 3.5.30729; .NET CLR 3.0.30729; InfoPath.2; Tablet PC 2.0)"
194.59.172.128 - - [02/Apr/2013:20:43:13 +0200] "GET /img/FL_check.swf HTTP/1.1" 200 100 "http://www.dialyse-borna.de/" "Mozilla/4.0 (compatible; MSIE 8.0; Windows NT 6.1; Trident/4.0; SLCC2; .NET CLR 2.0.50727; .NET CLR 3.5.30729; .NET CLR 3.0.30729; InfoPath.2; Tablet PC 2.0)"
194.59.172.128 - - [02/Apr/2013:20:43:13 +0200] "GET /css/borna.css HTTP/1.1" 200 2909 "http://www.dialyse-borna.de/" "Mozilla/4.0 (compatible; MSIE 8.0; Windows NT 6.1; Trident/4.0; SLCC2; .NET CLR 2.0.50727; .NET CLR 3.5.30729; .NET CLR 3.0.30729; InfoPath.2; Tablet PC 2.0)"
199.19.249.196 - - [02/Apr/2013:20:43:13 +0200] "GET /seiten/start.htm HTTP/1.1" 200 7516 "-" "Mozilla/4.0 (compatible; MSIE 7.0; Windows NT 5.1; InfoPath.1; .NET CLR 2.0.50727; .NET CLR 1.1.4322; MS-RTC LM 8; .NET CLR 3.0.4506.2152; .NET CLR 3.5.30729)"
194.59.172.128 - - [02/Apr/2013:20:43:13 +0200] "GET /seiten/start.htm HTTP/1.1" 200 7516 "-" "Mozilla/4.0 (compatible; MSIE 8.0; Windows NT 6.1; Trident/4.0; SLCC2; .NET CLR 2.0.50727; .NET CLR 3.5.30729; .NET CLR 3.0.30729; InfoPath.2; Tablet PC 2.0)"
194.59.172.128 - - [02/Apr/2013:20:43:13 +0200] "GET /img/men03.gif HTTP/1.1" 200 1621 "http://www.dialyse-borna.de/seiten/start.htm" "Mozilla/4.0 (compatible; MSIE 8.0; Windows NT 6.1; Trident/4.0; SLCC2; .NET CLR 2.0.50727; .NET CLR 3.5.30729; .NET CLR 3.0.30729; InfoPath.2; Tablet PC 2.0)"
194.59.172.128 - - [02/Apr/2013:20:43:13 +0200] "GET /img/lay02.gif HTTP/1.1" 200 3503 "http://www.dialyse-borna.de/seiten/start.htm" "Mozilla/4.0 (compatible; MSIE 8.0; Windows NT 6.1; Trident/4.0; SLCC2; .NET CLR 2.0.50727; .NET CLR 3.5.30729; .NET CLR 3.0.30729; InfoPath.2; Tablet PC 2.0)"
194.59.172.128 - - [02/Apr/2013:20:43:13 +0200] "GET /img/lay01.gif HTTP/1.1" 200 384 "http://www.dialyse-borna.de/seiten/start.htm" "Mozilla/4.0 (compatible; MSIE 8.0; Windows NT 6.1; Trident/4.0; SLCC2; .NET CLR 2.0.50727; .NET CLR 3.5.30729; .NET CLR 3.0.30729; InfoPath.2; Tablet PC 2.0)"
194.59.172.128 - - [02/Apr/2013:20:43:13 +0200] "GET /img/men01.gif HTTP/1.1" 200 432 "http://www.dialyse-borna.de/seiten/start.htm" "Mozilla/4.0 (compatible; MSIE 8.0; Windows NT 6.1; Trident/4.0; SLCC2; .NET CLR 2.0.50727; .NET CLR 3.5.30729; .NET CLR 3.0.30729; InfoPath.2; Tablet PC 2.0)"
194.59.172.128 - - [02/Apr/2013:20:43:13 +0200] "GET /img/1pixel.gif HTTP/1.1" 200 45 "http://www.dialyse-borna.de/seiten/start.htm" "Mozilla/4.0 (compatible; MSIE 8.0; Windows NT 6.1; Trident/4.0; SLCC2; .NET CLR 2.0.50727; .NET CLR 3.5.30729; .NET CLR 3.0.30729; InfoPath.2; Tablet PC 2.0)"
194.59.172.128 - - [02/Apr/2013:20:43:14 +0200] "GET /img/men04.gif HTTP/1.1" 200 1395 "http://www.dialyse-borna.de/seiten/start.htm" "Mozilla/4.0 (compatible; MSIE 8.0; Windows NT 6.1; Trident/4.0; SLCC2; .NET CLR 2.0.50727; .NET CLR 3.5.30729; .NET CLR 3.0.30729; InfoPath.2; Tablet PC 2.0)"
194.59.172.128 - - [02/Apr/2013:20:43:14 +0200] "GET /img/men02a.gif HTTP/1.1" 200 589 "http://www.dialyse-borna.de/seiten/start.htm" "Mozilla/4.0 (compatible; MSIE 8.0; Windows NT 6.1; Trident/4.0; SLCC2; .NET CLR 2.0.50727; .NET CLR 3.5.30729; .NET CLR 3.0.30729; InfoPath.2; Tablet PC 2.0)"
194.59.172.128 - - [02/Apr/2013:20:43:14 +0200] "GET /img/bg2.gif HTTP/1.1" 200 49 "http://www.dialyse-borna.de/seiten/start.htm" "Mozilla/4.0 (compatible; MSIE 8.0; Windows NT 6.1; Trident/4.0; SLCC2; .NET CLR 2.0.50727; .NET CLR 3.5.30729; .NET CLR 3.0.30729; InfoPath.2; Tablet PC 2.0)"
194.59.172.128 - - [02/Apr/2013:20:43:14 +0200] "GET /img/main_pic.jpg HTTP/1.1" 200 14864 "http://www.dialyse-borna.de/seiten/start.htm" "Mozilla/4.0 (compatible; MSIE 8.0; Windows NT 6.1; Trident/4.0; SLCC2; .NET CLR 2.0.50727; .NET CLR 3.5.30729; .NET CLR 3.0.30729; InfoPath.2; Tablet PC 2.0)"
194.59.172.128 - - [02/Apr/2013:20:43:14 +0200] "GET /img/men06.gif HTTP/1.1" 200 1162 "http://www.dialyse-borna.de/seiten/start.htm" "Mozilla/4.0 (compatible; MSIE 8.0; Windows NT 6.1; Trident/4.0; SLCC2; .NET CLR 2.0.50727; .NET CLR 3.5.30729; .NET CLR 3.0.30729; InfoPath.2; Tablet PC 2.0)"
194.59.172.128 - - [02/Apr/2013:20:43:14 +0200] "GET /img/men08.gif HTTP/1.1" 200 1642 "http://www.dialyse-borna.de/seiten/start.htm" "Mozilla/4.0 (compatible; MSIE 8.0; Windows NT 6.1; Trident/4.0; SLCC2; .NET CLR 2.0.50727; .NET CLR 3.5.30729; .NET CLR 3.0.30729; InfoPath.2; Tablet PC 2.0)"
194.59.172.128 - - [02/Apr/2013:20:43:15 +0200] "GET /img/men09.gif HTTP/1.1" 200 708 "http://www.dialyse-borna.de/seiten/start.htm" "Mozilla/4.0 (compatible; MSIE 8.0; Windows NT 6.1; Trident/4.0; SLCC2; .NET CLR 2.0.50727; .NET CLR 3.5.30729; .NET CLR 3.0.30729; InfoPath.2; Tablet PC 2.0)"
194.59.172.128 - - [02/Apr/2013:20:43:15 +0200] "GET /img/lay05.gif HTTP/1.1" 200 541 "http://www.dialyse-borna.de/seiten/start.htm" "Mozilla/4.0 (compatible; MSIE 8.0; Windows NT 6.1; Trident/4.0; SLCC2; .NET CLR 2.0.50727; .NET CLR 3.5.30729; .NET CLR 3.0.30729; InfoPath.2; Tablet PC 2.0)"
194.59.172.128 - - [02/Apr/2013:20:43:15 +0200] "GET /img/bg3.gif HTTP/1.1" 200 143 "http://www.dialyse-borna.de/seiten/start.htm" "Mozilla/4.0 (compatible; MSIE 8.0; Windows NT 6.1; Trident/4.0; SLCC2; .NET CLR 2.0.50727; .NET CLR 3.5.30729; .NET CLR 3.0.30729; InfoPath.2; Tablet PC 2.0)"
194.59.172.128 - - [02/Apr/2013:20:43:15 +0200] "GET /img/lay08.gif HTTP/1.1" 200 322 "http://www.dialyse-borna.de/seiten/start.htm" "Mozilla/4.0 (compatible; MSIE 8.0; Windows NT 6.1; Trident/4.0; SLCC2; .NET CLR 2.0.50727; .NET CLR 3.5.30729; .NET CLR 3.0.30729; InfoPath.2; Tablet PC 2.0)"
194.59.172.128 - - [02/Apr/2013:20:43:15 +0200] "GET /img/bg4.gif HTTP/1.1" 200 135 "http://www.dialyse-borna.de/seiten/start.htm" "Mozilla/4.0 (compatible; MSIE 8.0; Windows NT 6.1; Trident/4.0; SLCC2; .NET CLR 2.0.50727; .NET CLR 3.5.30729; .NET CLR 3.0.30729; InfoPath.2; Tablet PC 2.0)"
194.59.172.128 - - [02/Apr/2013:20:43:16 +0200] "GET /img/lay03.gif HTTP/1.1" 200 671 "http://www.dialyse-borna.de/seiten/start.htm" "Mozilla/4.0 (compatible; MSIE 8.0; Windows NT 6.1; Trident/4.0; SLCC2; .NET CLR 2.0.50727; .NET CLR 3.5.30729; .NET CLR 3.0.30729; InfoPath.2; Tablet PC 2.0)"
194.59.172.128 - - [02/Apr/2013:20:43:16 +0200] "GET /img/lay04.gif HTTP/1.1" 200 210 "http://www.dialyse-borna.de/seiten/start.htm" "Mozilla/4.0 (compatible; MSIE 8.0; Windows NT 6.1; Trident/4.0; SLCC2; .NET CLR 2.0.50727; .NET CLR 3.5.30729; .NET CLR 3.0.30729; InfoPath.2; Tablet PC 2.0)"
194.59.172.128 - - [02/Apr/2013:20:43:16 +0200] "GET /img/men07.gif HTTP/1.1" 200 1396 "http://www.dialyse-borna.de/seiten/start.htm" "Mozilla/4.0 (compatible; MSIE 8.0; Windows NT 6.1; Trident/4.0; SLCC2; .NET CLR 2.0.50727; .NET CLR 3.5.30729; .NET CLR 3.0.30729; InfoPath.2; Tablet PC 2.0)"
194.59.172.128 - - [02/Apr/2013:20:43:16 +0200] "GET /img/pfeil.jpg HTTP/1.1" 200 380 "http://www.dialyse-borna.de/seiten/start.htm" "Mozilla/4.0 (compatible; MSIE 8.0; Windows NT 6.1; Trident/4.0; SLCC2; .NET CLR 2.0.50727; .NET CLR 3.5.30729; .NET CLR 3.0.30729; InfoPath.2; Tablet PC 2.0)"
194.59.172.128 - - [02/Apr/2013:20:43:16 +0200] "GET /img/lay07.gif HTTP/1.1" 200 272 "http://www.dialyse-borna.de/seiten/start.htm" "Mozilla/4.0 (compatible; MSIE 8.0; Windows NT 6.1; Trident/4.0; SLCC2; .NET CLR 2.0.50727; .NET CLR 3.5.30729; .NET CLR 3.0.30729; InfoPath.2; Tablet PC 2.0)"
194.59.172.128 - - [02/Apr/2013:20:43:16 +0200] "GET /img/bilder.swf HTTP/1.1" 200 78858 "http://www.dialyse-borna.de/seiten/start.htm" "Mozilla/4.0 (compatible; MSIE 8.0; Windows NT 6.1; Trident/4.0; SLCC2; .NET CLR 2.0.50727; .NET CLR 3.5.30729; .NET CLR 3.0.30729; InfoPath.2; Tablet PC 2.0)"
194.59.172.128 - - [02/Apr/2013:20:43:17 +0200] "GET /img/men04a.gif HTTP/1.1" 200 669 "http://www.dialyse-borna.de/seiten/start.htm" "Mozilla/4.0 (compatible; MSIE 8.0; Windows NT 6.1; Trident/4.0; SLCC2; .NET CLR 2.0.50727; .NET CLR 3.5.30729; .NET CLR 3.0.30729; InfoPath.2; Tablet PC 2.0)"
194.59.172.128 - - [02/Apr/2013:20:43:17 +0200] "GET /img/men03a.gif HTTP/1.1" 200 820 "http://www.dialyse-borna.de/seiten/start.htm" "Mozilla/4.0 (compatible; MSIE 8.0; Windows NT 6.1; Trident/4.0; SLCC2; .NET CLR 2.0.50727; .NET CLR 3.5.30729; .NET CLR 3.0.30729; InfoPath.2; Tablet PC 2.0)"
194.59.172.128 - - [02/Apr/2013:20:43:17 +0200] "GET /img/men05a.gif HTTP/1.1" 200 556 "http://www.dialyse-borna.de/seiten/start.htm" "Mozilla/4.0 (compatible; MSIE 8.0; Windows NT 6.1; Trident/4.0; SLCC2; .NET CLR 2.0.50727; .NET CLR 3.5.30729; .NET CLR 3.0.30729; InfoPath.2; Tablet PC 2.0)"
194.59.172.128 - - [02/Apr/2013:20:43:17 +0200] "GET /img/men06a.gif HTTP/1.1" 200 518 "http://www.dialyse-borna.de/seiten/start.htm" "Mozilla/4.0 (compatible; MSIE 8.0; Windows NT 6.1; Trident/4.0; SLCC2; .NET CLR 2.0.50727; .NET CLR 3.5.30729; .NET CLR 3.0.30729; InfoPath.2; Tablet PC 2.0)"
194.59.172.128 - - [02/Apr/2013:20:43:18 +0200] "GET /favicon.ico HTTP/1.1" 404 1256 "-" "Mozilla/4.0 (compatible; MSIE 8.0; Windows NT 6.1; Trident/4.0; SLCC2; .NET CLR 2.0.50727; .NET CLR 3.5.30729; .NET CLR 3.0.30729; InfoPath.2; Tablet PC 2.0)"
194.59.172.128 - - [02/Apr/2013:20:43:18 +0200] "GET /img/men07a.gif HTTP/1.1" 200 666 "http://www.dialyse-borna.de/seiten/start.htm" "Mozilla/4.0 (compatible; MSIE 8.0; Windows NT 6.1; Trident/4.0; SLCC2; .NET CLR 2.0.50727; .NET CLR 3.5.30729; .NET CLR 3.0.30729; InfoPath.2; Tablet PC 2.0)"
194.59.172.128 - - [02/Apr/2013:20:43:18 +0200] "GET /img/men08a.gif HTTP/1.1" 200 819 "http://www.dialyse-borna.de/seiten/start.htm" "Mozilla/4.0 (compatible; MSIE 8.0; Windows NT 6.1; Trident/4.0; SLCC2; .NET CLR 2.0.50727; .NET CLR 3.5.30729; .NET CLR 3.0.30729; InfoPath.2; Tablet PC 2.0)"
199.19.249.196 - - [02/Apr/2013:20:43:47 +0200] "GET /seiten/kont.htm HTTP/1.1" 200 8048 "-" "Mozilla/4.0 (compatible; MSIE 7.0; Windows NT 5.1; InfoPath.1; .NET CLR 2.0.50727; .NET CLR 1.1.4322; MS-RTC LM 8; .NET CLR 3.0.4506.2152; .NET CLR 3.5.30729)"
194.59.172.128 - - [02/Apr/2013:20:43:48 +0200] "GET /seiten/kont.htm HTTP/1.1" 200 8048 "http://www.dialyse-borna.de/seiten/start.htm" "Mozilla/4.0 (compatible; MSIE 8.0; Windows NT 6.1; Trident/4.0; SLCC2; .NET CLR 2.0.50727; .NET CLR 3.5.30729; .NET CLR 3.0.30729; InfoPath.2; Tablet PC 2.0)"
194.59.172.128 - - [02/Apr/2013:20:43:48 +0200] "GET /img/men02.gif HTTP/1.1" 200 1273 "http://www.dialyse-borna.de/seiten/kont.htm" "Mozilla/4.0 (compatible; MSIE 8.0; Windows NT 6.1; Trident/4.0; SLCC2; .NET CLR 2.0.50727; .NET CLR 3.5.30729; .NET CLR 3.0.30729; InfoPath.2; Tablet PC 2.0)"
194.59.172.128 - - [02/Apr/2013:20:43:52 +0200] "GET /favicon.ico HTTP/1.1" 404 1256 "-" "Mozilla/4.0 (compatible; MSIE 8.0; Windows NT 6.1; Trident/4.0; SLCC2; .NET CLR 2.0.50727; .NET CLR 3.5.30729; .NET CLR 3.0.30729; InfoPath.2; Tablet PC 2.0)"
157.56.229.23 - - [02/Apr/2013:21:18:10 +0200] "GET /seiten/start.htm HTTP/1.1" 200 7516 "-" "Mozilla/5.0 (compatible; bingbot/2.0; +http://www.bing.com/bingbot.htm)"
66.249.76.240 - - [03/Apr/2013:01:33:41 +0200] "GET /seiten/praxis.htm HTTP/1.1" 304 - "-" "Mozilla/5.0 (compatible; Googlebot/2.1; +http://www.google.com/bot.html)"
65.55.52.95 - - [03/Apr/2013:01:49:54 +0200] "GET /robots.txt HTTP/1.1" 200 157 "-" "Mozilla/5.0 (compatible; bingbot/2.0; +http://www.bing.com/bingbot.htm)"
65.55.52.95 - - [03/Apr/2013:01:51:58 +0200] "GET /seiten/praxis.htm HTTP/1.1" 200 7847 "-" "Mozilla/5.0 (compatible; bingbot/2.0; +http://www.bing.com/bingbot.htm)"
65.55.52.95 - - [03/Apr/2013:01:54:44 +0200] "GET /img/lay01.gif HTTP/1.1" 200 384 "-" "Mozilla/5.0 (compatible; bingbot/2.0; +http://www.bing.com/bingbot.htm)"
65.55.52.95 - - [03/Apr/2013:01:54:44 +0200] "GET /img/lay08.gif HTTP/1.1" 200 322 "-" "Mozilla/5.0 (compatible; bingbot/2.0; +http://www.bing.com/bingbot.htm)"
65.55.52.95 - - [03/Apr/2013:01:54:45 +0200] "GET /img/lay04.gif HTTP/1.1" 200 210 "-" "Mozilla/5.0 (compatible; bingbot/2.0; +http://www.bing.com/bingbot.htm)"
65.55.52.95 - - [03/Apr/2013:01:54:45 +0200] "GET /img/schild.jpg HTTP/1.1" 200 12757 "-" "Mozilla/5.0 (compatible; bingbot/2.0; +http://www.bing.com/bingbot.htm)"
65.55.52.95 - - [03/Apr/2013:01:54:45 +0200] "GET /img/men08a.gif HTTP/1.1" 200 819 "-" "Mozilla/5.0 (compatible; bingbot/2.0; +http://www.bing.com/bingbot.htm)"
157.56.92.162 - - [03/Apr/2013:02:54:00 +0200] "GET /robots.txt HTTP/1.1" 200 157 "-" "Mozilla/5.0 (compatible; bingbot/2.0; +http://www.bing.com/bingbot.htm)"
157.55.35.85 - - [03/Apr/2013:02:56:15 +0200] "GET /img/bg4.gif HTTP/1.1" 200 135 "-" "Mozilla/5.0 (compatible; bingbot/2.0; +http://www.bing.com/bingbot.htm)"
157.55.35.85 - - [03/Apr/2013:02:56:17 +0200] "GET /img/men03a.gif HTTP/1.1" 200 820 "-" "Mozilla/5.0 (compatible; bingbot/2.0; +http://www.bing.com/bingbot.htm)"
188.165.195.156 - - [03/Apr/2013:03:55:49 +0200] "HEAD / HTTP/1.1" 200 - "-" "Mozilla/4.0 (compatible; MSIE 5.01; Windows NT 5.0)"
157.55.32.87 - - [03/Apr/2013:11:20:10 +0200] "GET /robots.txt HTTP/1.1" 200 157 "-" "Mozilla/5.0 (compatible; bingbot/2.0; +http://www.bing.com/bingbot.htm)"
157.55.32.94 - - [03/Apr/2013:15:11:02 +0200] "GET /robots.txt HTTP/1.1" 200 157 "-" "Mozilla/5.0 (compatible; bingbot/2.0; +http://www.bing.com/bingbot.htm)"
157.55.32.94 - - [03/Apr/2013:15:12:52 +0200] "GET /seiten/kont.htm HTTP/1.1" 200 8048 "-" "Mozilla/5.0 (compatible; bingbot/2.0; +http://www.bing.com/bingbot.htm)"
157.55.32.94 - - [03/Apr/2013:15:12:52 +0200] "GET /seiten/news.php HTTP/1.1" 200 7079 "-" "Mozilla/5.0 (compatible; bingbot/2.0; +http://www.bing.com/bingbot.htm)"
64.125.222.16 - - [03/Apr/2013:20:55:42 +0200] "GET /robots.txt HTTP/1.1" 200 157 "-" "Mozilla/5.0 (compatible; 008/0.83; http://www.80legs.com/webcrawler.html;) Gecko/2008032620"
89.251.16.106 - - [03/Apr/2013:20:55:48 +0200] "GET / HTTP/1.1" 200 2663 "-" "Mozilla/5.0 (compatible; 008/0.85; http://www.80legs.com/webcrawler.html) Gecko/2008032620"
89.254.238.101 - - [03/Apr/2013:20:55:50 +0200] "GET / HTTP/1.1" 200 2663 "-" "Mozilla/5.0 (compatible; 008/0.85; http://www.80legs.com/webcrawler.html) Gecko/2008032620"
89.251.16.106 - - [03/Apr/2013:20:55:55 +0200] "GET / HTTP/1.1" 200 2663 "-" "Mozilla/5.0 (compatible; 008/0.85; http://www.80legs.com/webcrawler.html) Gecko/2008032620"
89.251.16.106 - - [03/Apr/2013:20:55:56 +0200] "GET / HTTP/1.1" 200 2663 "-" "Mozilla/5.0 (compatible; 008/0.85; http://www.80legs.com/webcrawler.html) Gecko/2008032620"
93.74.117.64 - - [03/Apr/2013:20:55:58 +0200] "GET / HTTP/1.1" 200 2663 "-" "Mozilla/5.0 (compatible; 008/0.85; http://www.80legs.com/webcrawler.html) Gecko/2008032620"
93.74.117.64 - - [03/Apr/2013:20:55:59 +0200] "GET / HTTP/1.1" 200 2663 "-" "Mozilla/5.0 (compatible; 008/0.85; http://www.80legs.com/webcrawler.html) Gecko/2008032620"
93.74.117.64 - - [03/Apr/2013:20:56:04 +0200] "GET / HTTP/1.1" 200 2663 "-" "Mozilla/5.0 (compatible; 008/0.85; http://www.80legs.com/webcrawler.html) Gecko/2008032620"
93.74.117.64 - - [03/Apr/2013:20:56:05 +0200] "GET / HTTP/1.1" 200 2663 "-" "Mozilla/5.0 (compatible; 008/0.85; http://www.80legs.com/webcrawler.html) Gecko/2008032620"
141.8.147.12 - - [03/Apr/2013:22:25:52 +0200] "GET /robots.txt HTTP/1.1" 200 157 "-" "Mozilla/5.0 (compatible; YandexBot/3.0; +http://yandex.com/bots)"
141.8.147.12 - - [03/Apr/2013:22:25:56 +0200] "GET / HTTP/1.1" 200 2663 "-" "Mozilla/5.0 (compatible; YandexBot/3.0; MirrorDetector; +http://yandex.com/bots)"
141.8.147.12 - - [03/Apr/2013:22:26:46 +0200] "GET / HTTP/1.1" 200 2663 "-" "Mozilla/5.0 (compatible; YandexBot/3.0; MirrorDetector; +http://yandex.com/bots)"
95.25.83.197 - - [03/Apr/2013:23:24:41 +0200] "GET /robots.txt HTTP/1.1" 200 157 "-" "Mozilla/5.0 (compatible; 008/0.83; http://www.80legs.com/webcrawler.html;) Gecko/2008032620"
95.25.83.197 - - [03/Apr/2013:23:24:41 +0200] "GET /false.htm HTTP/1.1" 200 2842 "-" "Mozilla/5.0 (compatible; 008/0.85; http://www.80legs.com/webcrawler.html) Gecko/2008032620"
109.194.225.46 - - [03/Apr/2013:23:26:04 +0200] "GET /robots.txt HTTP/1.1" 200 157 "-" "Mozilla/5.0 (compatible; 008/0.83; http://www.80legs.com/webcrawler.html;) Gecko/2008032620"
109.194.225.46 - - [03/Apr/2013:23:26:05 +0200] "GET /seiten/start.htm HTTP/1.1" 200 7516 "-" "Mozilla/5.0 (compatible; 008/0.85; http://www.80legs.com/webcrawler.html) Gecko/2008032620"
95.31.134.207 - - [03/Apr/2013:23:30:01 +0200] "GET /robots.txt HTTP/1.1" 200 157 "-" "Mozilla/5.0 (compatible; 008/0.83; http://www.80legs.com/webcrawler.html;) Gecko/2008032620"
95.31.134.207 - - [03/Apr/2013:23:30:01 +0200] "GET /false.htm HTTP/1.1" 200 2842 "-" "Mozilla/5.0 (compatible; 008/0.85; http://www.80legs.com/webcrawler.html) Gecko/2008032620"
197.148.51.37 - - [03/Apr/2013:23:30:02 +0200] "GET /robots.txt HTTP/1.1" 200 157 "-" "Mozilla/5.0 (compatible; 008/0.83; http://www.80legs.com/webcrawler.html;) Gecko/2008032620"
197.148.51.37 - - [03/Apr/2013:23:30:02 +0200] "GET /false.htm HTTP/1.1" 200 2842 "-" "Mozilla/5.0 (compatible; 008/0.85; http://www.80legs.com/webcrawler.html) Gecko/2008032620"
213.85.69.121 - - [03/Apr/2013:23:30:10 +0200] "GET /robots.txt HTTP/1.1" 200 157 "-" "Mozilla/5.0 (compatible; 008/0.83; http://www.80legs.com/webcrawler.html;) Gecko/2008032620"
213.85.69.121 - - [03/Apr/2013:23:30:11 +0200] "GET /false.htm HTTP/1.1" 200 2842 "-" "Mozilla/5.0 (compatible; 008/0.85; http://www.80legs.com/webcrawler.html) Gecko/2008032620"
188.65.69.241 - - [03/Apr/2013:23:30:13 +0200] "GET /robots.txt HTTP/1.1" 200 157 "-" "Mozilla/5.0 (compatible; 008/0.83; http://www.80legs.com/webcrawler.html;) Gecko/2008032620"
188.65.69.241 - - [03/Apr/2013:23:30:13 +0200] "GET /false.htm HTTP/1.1" 200 2842 "-" "Mozilla/5.0 (compatible; 008/0.85; http://www.80legs.com/webcrawler.html) Gecko/2008032620"
77.51.226.7 - - [03/Apr/2013:23:30:20 +0200] "GET /robots.txt HTTP/1.1" 200 157 "-" "Mozilla/5.0 (compatible; 008/0.83; http://www.80legs.com/webcrawler.html;) Gecko/2008032620"
77.51.226.7 - - [03/Apr/2013:23:30:20 +0200] "GET /false.htm HTTP/1.1" 200 2842 "-" "Mozilla/5.0 (compatible; 008/0.85; http://www.80legs.com/webcrawler.html) Gecko/2008032620"
192.162.142.144 - - [03/Apr/2013:23:30:21 +0200] "GET /robots.txt HTTP/1.1" 200 157 "-" "Mozilla/5.0 (compatible; 008/0.83; http://www.80legs.com/webcrawler.html;) Gecko/2008032620"
192.162.142.144 - - [03/Apr/2013:23:30:21 +0200] "GET /false.htm HTTP/1.1" 200 2842 "-" "Mozilla/5.0 (compatible; 008/0.85; http://www.80legs.com/webcrawler.html) Gecko/2008032620"
109.86.185.25 - - [03/Apr/2013:23:30:35 +0200] "GET /robots.txt HTTP/1.1" 200 157 "-" "Mozilla/5.0 (compatible; 008/0.83; http://www.80legs.com/webcrawler.html;) Gecko/2008032620"
109.86.185.25 - - [03/Apr/2013:23:30:35 +0200] "GET /false.htm HTTP/1.1" 200 2842 "-" "Mozilla/5.0 (compatible; 008/0.85; http://www.80legs.com/webcrawler.html) Gecko/2008032620"
157.55.33.29 - - [04/Apr/2013:01:46:53 +0200] "GET /robots.txt HTTP/1.1" 200 157 "-" "Mozilla/5.0 (compatible; bingbot/2.0; +http://www.bing.com/bingbot.htm)"
157.55.33.29 - - [04/Apr/2013:01:50:00 +0200] "GET / HTTP/1.1" 200 2663 "-" "Mozilla/5.0 (compatible; bingbot/2.0; +http://www.bing.com/bingbot.htm)"
92.249.127.111 - - [04/Apr/2013:03:16:47 +0200] "GET /seiten/news.php HTTP/1.1" 200 7079 "http://gahenkor.ya.ru/replies.xml?item_no=42" "Mozilla/5.0 (compatible; news bot /2.1)"
92.249.127.111 - - [04/Apr/2013:03:16:48 +0200] "GET /seiten/news.php HTTP/1.1" 200 7079 "http://gahenkor.ya.ru/replies.xml?item_no=42" "Mozilla/5.0 (compatible; news bot /2.1)"
178.255.215.68 - - [04/Apr/2013:05:04:08 +0200] "GET /robots.txt HTTP/1.1" 200 157 "-" "Mozilla/5.0 (compatible; Exabot/3.0; +http://www.exabot.com/go/robot)"
178.255.215.68 - - [04/Apr/2013:05:04:08 +0200] "GET /img/FL_check.swf HTTP/1.1" 304 - "-" "Mozilla/5.0 (compatible; Exabot/3.0; +http://www.exabot.com/go/robot)"
66.249.76.240 - - [04/Apr/2013:05:17:09 +0200] "GET /robots.txt HTTP/1.1" 200 157 "-" "Mozilla/5.0 (compatible; Googlebot/2.1; +http://www.google.com/bot.html)"
66.249.76.240 - - [04/Apr/2013:05:17:09 +0200] "GET /seiten/start.htm HTTP/1.1" 304 - "-" "Mozilla/5.0 (iPhone; U; CPU iPhone OS 4_1 like Mac OS X; en-us) AppleWebKit/532.9 (KHTML, like Gecko) Version/4.0.5 Mobile/8B117 Safari/6531.22.7 (compatible; Googlebot-Mobile/2.1; +http://www.google.com/bot.html)"
66.249.76.240 - - [04/Apr/2013:07:33:37 +0200] "GET /seiten/dialyse.htm HTTP/1.1" 304 - "-" "Mozilla/5.0 (iPhone; U; CPU iPhone OS 4_1 like Mac OS X; en-us) AppleWebKit/532.9 (KHTML, like Gecko) Version/4.0.5 Mobile/8B117 Safari/6531.22.7 (compatible; Googlebot-Mobile/2.1; +http://www.google.com/bot.html)"
173.199.119.27 - - [04/Apr/2013:08:11:44 +0200] "GET /seiten/start.htm HTTP/1.1" 200 7516 "-" "Mozilla/5.0 (compatible; AhrefsBot/4.0; +http://ahrefs.com/robot/)"
173.199.115.139 - - [04/Apr/2013:12:09:28 +0200] "GET /seiten/praxis3.php HTTP/1.1" 200 5550 "-" "Mozilla/5.0 (compatible; AhrefsBot/4.0; +http://ahrefs.com/robot/)"
81.7.13.161 - - [04/Apr/2013:19:33:32 +0200] "GET /seiten/impr.htm HTTP/1.1" 200 9648 "-" "Mozilla/5.0 (X11; Linux i686; rv:6.0) Gecko/20100101 Firefox/6.0"
65.55.215.62 - - [04/Apr/2013:21:39:43 +0200] "GET /robots.txt HTTP/1.1" 200 157 "-" "msnbot-media/1.1 (+http://search.msn.com/msnbot.htm)"
65.55.215.62 - - [04/Apr/2013:21:39:43 +0200] "GET /img/men06a.gif HTTP/1.1" 200 518 "-" "msnbot-media/1.1 (+http://search.msn.com/msnbot.htm)"
199.30.16.49 - - [04/Apr/2013:23:24:45 +0200] "GET /robots.txt HTTP/1.1" 200 157 "-" "msnbot-media/1.1 (+http://search.msn.com/msnbot.htm)"
199.30.16.49 - - [04/Apr/2013:23:24:45 +0200] "GET /img/men07a.gif HTTP/1.1" 200 666 "-" "msnbot-media/1.1 (+http://search.msn.com/msnbot.htm)"
199.30.16.51 - - [04/Apr/2013:23:29:43 +0200] "GET /robots.txt HTTP/1.1" 200 157 "-" "msnbot-media/1.1 (+http://search.msn.com/msnbot.htm)"
199.30.16.51 - - [04/Apr/2013:23:29:43 +0200] "GET /img/men02.gif HTTP/1.1" 200 1273 "-" "msnbot-media/1.1 (+http://search.msn.com/msnbot.htm)"
199.30.20.42 - - [05/Apr/2013:00:24:07 +0200] "GET /robots.txt HTTP/1.1" 200 157 "-" "msnbot-media/1.1 (+http://search.msn.com/msnbot.htm)"
199.30.20.42 - - [05/Apr/2013:00:24:07 +0200] "GET /img/men07.gif HTTP/1.1" 200 1396 "-" "msnbot-media/1.1 (+http://search.msn.com/msnbot.htm)"
199.30.20.106 - - [05/Apr/2013:00:30:41 +0200] "GET /robots.txt HTTP/1.1" 200 157 "-" "msnbot-media/1.1 (+http://search.msn.com/msnbot.htm)"
199.30.20.106 - - [05/Apr/2013:00:30:41 +0200] "GET /img/men01.gif HTTP/1.1" 200 432 "-" "msnbot-media/1.1 (+http://search.msn.com/msnbot.htm)"
199.30.20.17 - - [05/Apr/2013:00:42:28 +0200] "GET /robots.txt HTTP/1.1" 200 157 "-" "msnbot-media/1.1 (+http://search.msn.com/msnbot.htm)"
199.30.20.17 - - [05/Apr/2013:00:42:28 +0200] "GET /img/men04a.gif HTTP/1.1" 200 669 "-" "msnbot-media/1.1 (+http://search.msn.com/msnbot.htm)"
66.249.76.240 - - [05/Apr/2013:00:54:35 +0200] "GET / HTTP/1.1" 200 2663 "-" "Mozilla/5.0 (compatible; Googlebot/2.1; +http://www.google.com/bot.html)"
66.249.76.240 - - [05/Apr/2013:02:25:47 +0200] "GET / HTTP/1.1" 200 2663 "-" "Mozilla/5.0 (compatible; Googlebot/2.1; +http://www.google.com/bot.html)"
66.249.76.240 - - [05/Apr/2013:02:34:56 +0200] "GET /seiten/start.htm HTTP/1.1" 304 - "-" "Mozilla/5.0 (compatible; Googlebot/2.1; +http://www.google.com/bot.html)"
66.249.76.240 - - [05/Apr/2013:03:02:25 +0200] "GET /seiten/praxis.htm HTTP/1.1" 304 - "-" "Mozilla/5.0 (compatible; Googlebot/2.1; +http://www.google.com/bot.html)"
64.125.222.16 - - [05/Apr/2013:05:31:11 +0200] "GET /robots.txt HTTP/1.1" 200 157 "-" "Mozilla/5.0 (compatible; 008/0.83; http://www.80legs.com/webcrawler.html;) Gecko/2008032620"
212.35.182.235 - - [05/Apr/2013:05:41:09 +0200] "GET /seiten/links.htm HTTP/1.1" 200 7302 "-" "Mozilla/5.0 (compatible; 008/0.85; http://www.80legs.com/webcrawler.html) Gecko/2008032620"
178.213.108.153 - - [05/Apr/2013:05:43:26 +0200] "GET /seiten/dialyse.htm HTTP/1.1" 200 7403 "-" "Mozilla/5.0 (compatible; 008/0.85; http://www.80legs.com/webcrawler.html) Gecko/2008032620"
178.213.108.153 - - [05/Apr/2013:05:43:27 +0200] "GET /seiten/links.htm HTTP/1.1" 200 7302 "-" "Mozilla/5.0 (compatible; 008/0.85; http://www.80legs.com/webcrawler.html) Gecko/2008032620"
89.21.136.82 - - [05/Apr/2013:05:47:19 +0200] "GET /seiten/kont.htm HTTP/1.1" 200 8048 "-" "Mozilla/5.0 (compatible; 008/0.85; http://www.80legs.com/webcrawler.html) Gecko/2008032620"
217.118.91.107 - - [05/Apr/2013:05:51:48 +0200] "GET /seiten/leist.htm HTTP/1.1" 200 7640 "-" "Mozilla/5.0 (compatible; 008/0.85; http://www.80legs.com/webcrawler.html) Gecko/2008032620"
188.187.115.19 - - [05/Apr/2013:05:52:27 +0200] "GET /seiten/leist.htm HTTP/1.1" 200 7640 "-" "Mozilla/5.0 (compatible; 008/0.85; http://www.80legs.com/webcrawler.html) Gecko/2008032620"
173.199.118.35 - - [05/Apr/2013:08:47:56 +0200] "GET /robots.txt HTTP/1.1" 200 157 "-" "Mozilla/5.0 (compatible; AhrefsBot/4.0; +http://ahrefs.com/robot/)"
83.133.125.202 - - [05/Apr/2013:09:48:29 +0200] "GET / HTTP/1.1" 200 2663 "http://www.sumaja.de/?such_wert=brandenburg" "Mozilla/4.0 (compatible; MSIE 8.0; Windows NT 5.1; Trident/4.0; FBSMTWB; ATC/1.0; .NET CLR 1.1.4322; ATC/1.0; .NET CLR 2.0.50727; .NET CLR 3.0.4506.2152; .NET CLR 3.5.30729)"
65.55.215.92 - - [05/Apr/2013:10:11:33 +0200] "GET /robots.txt HTTP/1.1" 200 157 "-" "msnbot-media/1.1 (+http://search.msn.com/msnbot.htm)"
65.55.215.92 - - [05/Apr/2013:10:11:33 +0200] "GET /img/pfeil.jpg HTTP/1.1" 200 380 "-" "msnbot-media/1.1 (+http://search.msn.com/msnbot.htm)"
199.30.16.63 - - [05/Apr/2013:10:21:44 +0200] "GET /robots.txt HTTP/1.1" 200 157 "-" "msnbot-media/1.1 (+http://search.msn.com/msnbot.htm)"
199.30.16.63 - - [05/Apr/2013:10:21:45 +0200] "GET /img/lay03.gif HTTP/1.1" 200 671 "-" "msnbot-media/1.1 (+http://search.msn.com/msnbot.htm)"
199.30.16.8 - - [05/Apr/2013:10:23:16 +0200] "GET /robots.txt HTTP/1.1" 200 157 "-" "msnbot-media/1.1 (+http://search.msn.com/msnbot.htm)"
199.30.16.8 - - [05/Apr/2013:10:23:17 +0200] "GET /img/men02a.gif HTTP/1.1" 200 589 "-" "msnbot-media/1.1 (+http://search.msn.com/msnbot.htm)"
208.115.111.73 - - [05/Apr/2013:11:38:05 +0200] "GET /robots.txt HTTP/1.1" 200 157 "-" "Mozilla/5.0 (compatible; Ezooms/1.0; ezooms.bot@gmail.com)"
199.30.16.51 - - [05/Apr/2013:12:12:00 +0200] "GET /robots.txt HTTP/1.1" 200 157 "-" "msnbot-media/1.1 (+http://search.msn.com/msnbot.htm)"
199.30.16.51 - - [05/Apr/2013:12:12:01 +0200] "GET /img/men02.gif HTTP/1.1" 200 1273 "-" "msnbot-media/1.1 (+http://search.msn.com/msnbot.htm)"
199.30.20.88 - - [05/Apr/2013:12:17:25 +0200] "GET /robots.txt HTTP/1.1" 200 157 "-" "msnbot-media/1.1 (+http://search.msn.com/msnbot.htm)"
199.30.20.88 - - [05/Apr/2013:12:17:25 +0200] "GET /img/men04.gif HTTP/1.1" 200 1395 "-" "msnbot-media/1.1 (+http://search.msn.com/msnbot.htm)"
65.55.215.62 - - [05/Apr/2013:12:17:30 +0200] "GET /robots.txt HTTP/1.1" 200 157 "-" "msnbot-media/1.1 (+http://search.msn.com/msnbot.htm)"
65.55.215.62 - - [05/Apr/2013:12:17:30 +0200] "GET /img/men06a.gif HTTP/1.1" 200 518 "-" "msnbot-media/1.1 (+http://search.msn.com/msnbot.htm)"
208.115.111.73 - - [05/Apr/2013:13:24:28 +0200] "GET / HTTP/1.1" 200 2663 "-" "Mozilla/5.0 (compatible; Ezooms/1.0; ezooms.bot@gmail.com)"
64.246.165.10 - - [05/Apr/2013:16:35:42 +0200] "GET /robots.txt HTTP/1.0" 200 157 "-" "Mozilla/5.0 (Windows; U; Windows NT 5.1; en; rv:1.9.0.13) Gecko/2009073022 Firefox/3.5.2 (.NET CLR 3.5.30729) SurveyBot/2.3 (DomainTools)"
64.246.165.10 - - [05/Apr/2013:16:35:43 +0200] "GET / HTTP/1.1" 200 2663 "http://whois.domaintools.com/dialyse-borna.de" "Mozilla/5.0 (Windows; U; Windows NT 5.1; en; rv:1.9.0.13) Gecko/2009073022 Firefox/3.5.2 (.NET CLR 3.5.30729) SurveyBot/2.3 (DomainTools)"
141.8.147.12 - - [05/Apr/2013:19:40:39 +0200] "GET /robots.txt HTTP/1.1" 200 157 "-" "Mozilla/5.0 (compatible; YandexBot/3.0; +http://yandex.com/bots)"
141.8.147.12 - - [05/Apr/2013:21:20:40 +0200] "GET / HTTP/1.1" 200 2663 "-" "Mozilla/5.0 (compatible; YandexBot/3.0; +http://yandex.com/bots)"
157.56.229.23 - - [05/Apr/2013:22:11:27 +0200] "GET /robots.txt HTTP/1.1" 200 157 "-" "Mozilla/5.0 (compatible; bingbot/2.0; +http://www.bing.com/bingbot.htm)"
157.56.229.23 - - [05/Apr/2013:22:13:44 +0200] "GET /seiten/start.htm HTTP/1.1" 200 7516 "-" "Mozilla/5.0 (compatible; bingbot/2.0; +http://www.bing.com/bingbot.htm)"
27.159.210.36 - - [05/Apr/2013:23:01:03 +0200] "GET /seiten/links.htm HTTP/1.0" 200 7302 "http://www.dialyse-borna.de/seiten/links.htm" "Mozilla/5.0 (Windows NT 5.1) AppleWebKit/535.19 (KHTML, like Gecko) Chrome/18.0.1025.1634 Safari/535.19 YI"
65.55.55.230 - - [05/Apr/2013:23:09:35 +0200] "GET /robots.txt HTTP/1.1" 200 157 "-" "Mozilla/5.0 (compatible; bingbot/2.0; +http://www.bing.com/bingbot.htm)"
65.55.55.230 - - [05/Apr/2013:23:11:17 +0200] "GET /seiten/impr.htm HTTP/1.1" 200 9648 "-" "Mozilla/5.0 (compatible; bingbot/2.0; +http://www.bing.com/bingbot.htm)"
157.56.93.62 - - [06/Apr/2013:00:12:52 +0200] "GET /robots.txt HTTP/1.1" 200 157 "-" "Mozilla/5.0 (compatible; bingbot/2.0; +http://www.bing.com/bingbot.htm)"
157.56.93.62 - - [06/Apr/2013:00:14:47 +0200] "GET /img/men05a.gif HTTP/1.1" 200 556 "-" "Mozilla/5.0 (compatible; bingbot/2.0; +http://www.bing.com/bingbot.htm)"
157.56.93.62 - - [06/Apr/2013:00:14:47 +0200] "GET /img/men02.gif HTTP/1.1" 200 1273 "-" "Mozilla/5.0 (compatible; bingbot/2.0; +http://www.bing.com/bingbot.htm)"
157.56.93.62 - - [06/Apr/2013:00:14:48 +0200] "GET /img/men07.gif HTTP/1.1" 200 1396 "-" "Mozilla/5.0 (compatible; bingbot/2.0; +http://www.bing.com/bingbot.htm)"
65.55.215.75 - - [06/Apr/2013:01:36:36 +0200] "GET /robots.txt HTTP/1.1" 200 157 "-" "msnbot-media/1.1 (+http://search.msn.com/msnbot.htm)"
65.55.215.75 - - [06/Apr/2013:01:36:37 +0200] "GET /img/men05.gif HTTP/1.1" 200 1200 "-" "msnbot-media/1.1 (+http://search.msn.com/msnbot.htm)"
199.30.20.94 - - [06/Apr/2013:02:01:52 +0200] "GET /robots.txt HTTP/1.1" 200 157 "-" "msnbot-media/1.1 (+http://search.msn.com/msnbot.htm)"
199.30.20.94 - - [06/Apr/2013:02:01:52 +0200] "GET /img/men09.gif HTTP/1.1" 200 708 "-" "msnbot-media/1.1 (+http://search.msn.com/msnbot.htm)"
54.234.84.198 - - [06/Apr/2013:02:24:50 +0200] "HEAD / HTTP/1.1" 200 - "http://www.netcraft.com/survey/" "Mozilla/4.0 (compatible; Netcraft Web Server Survey)"
66.249.78.101 - - [06/Apr/2013:03:54:13 +0200] "GET /robots.txt HTTP/1.1" 200 157 "-" "Mozilla/5.0 (compatible; Googlebot/2.1; +http://www.google.com/bot.html)"
66.249.78.101 - - [06/Apr/2013:03:54:13 +0200] "GET / HTTP/1.1" 200 2663 "-" "Mozilla/5.0 (iPhone; U; CPU iPhone OS 4_1 like Mac OS X; en-us) AppleWebKit/532.9 (KHTML, like Gecko) Version/4.0.5 Mobile/8B117 Safari/6531.22.7 (compatible; Googlebot-Mobile/2.1; +http://www.google.com/bot.html)"
199.30.16.12 - - [06/Apr/2013:05:21:19 +0200] "GET /robots.txt HTTP/1.1" 200 157 "-" "msnbot-media/1.1 (+http://search.msn.com/msnbot.htm)"
199.30.16.12 - - [06/Apr/2013:05:21:19 +0200] "GET /img/lay04.gif HTTP/1.1" 200 210 "-" "msnbot-media/1.1 (+http://search.msn.com/msnbot.htm)"
131.253.24.8 - - [06/Apr/2013:09:29:58 +0200] "GET /robots.txt HTTP/1.1" 200 157 "-" "msnbot-media/1.1 (+http://search.msn.com/msnbot.htm)"
131.253.24.8 - - [06/Apr/2013:09:29:58 +0200] "GET /img/men08a.gif HTTP/1.1" 200 819 "-" "msnbot-media/1.1 (+http://search.msn.com/msnbot.htm)"
157.55.32.188 - - [06/Apr/2013:09:43:32 +0200] "GET /robots.txt HTTP/1.1" 200 157 "-" "Mozilla/5.0 (compatible; bingbot/2.0; +http://www.bing.com/bingbot.htm)"
157.55.32.188 - - [06/Apr/2013:09:45:13 +0200] "GET /seiten/dialyse.htm HTTP/1.1" 200 7403 "-" "Mozilla/5.0 (compatible; bingbot/2.0; +http://www.bing.com/bingbot.htm)"
157.55.32.188 - - [06/Apr/2013:09:45:19 +0200] "GET /seiten/leist.htm HTTP/1.1" 200 7640 "-" "Mozilla/5.0 (compatible; bingbot/2.0; +http://www.bing.com/bingbot.htm)"
157.55.32.188 - - [06/Apr/2013:09:45:22 +0200] "GET /seiten/praxis.htm HTTP/1.1" 200 7847 "-" "Mozilla/5.0 (compatible; bingbot/2.0; +http://www.bing.com/bingbot.htm)"
65.55.215.67 - - [06/Apr/2013:10:02:16 +0200] "GET /robots.txt HTTP/1.1" 200 157 "-" "msnbot-media/1.1 (+http://search.msn.com/msnbot.htm)"
65.55.215.67 - - [06/Apr/2013:10:02:17 +0200] "GET /img/men08.gif HTTP/1.1" 200 1642 "-" "msnbot-media/1.1 (+http://search.msn.com/msnbot.htm)"
85.19.205.124 - - [06/Apr/2013:12:47:18 +0200] "GET /robots.txt HTTP/1.0" 200 157 "-" "Mozilla/5.0 (compatible; MJ12bot/v1.4.3; http://www.majestic12.co.uk/bot.php?+)"
85.19.205.124 - - [06/Apr/2013:12:47:20 +0200] "GET / HTTP/1.0" 200 2663 "-" "Mozilla/5.0 (compatible; MJ12bot/v1.4.3; http://www.majestic12.co.uk/bot.php?+)"
157.55.33.19 - - [06/Apr/2013:13:28:04 +0200] "GET /robots.txt HTTP/1.1" 200 157 "-" "Mozilla/5.0 (compatible; bingbot/2.0; +http://www.bing.com/bingbot.htm)"
157.55.33.19 - - [06/Apr/2013:13:29:27 +0200] "GET / HTTP/1.1" 200 2663 "-" "Mozilla/5.0 (compatible; bingbot/2.0; +http://www.bing.com/bingbot.htm)"
157.55.33.19 - - [06/Apr/2013:13:29:27 +0200] "GET / HTTP/1.1" 200 2663 "-" "Mozilla/5.0 (compatible; bingbot/2.0; +http://www.bing.com/bingbot.htm)"
65.55.55.230 - - [06/Apr/2013:13:29:57 +0200] "GET /seiten/impr.htm HTTP/1.1" 200 9648 "-" "Mozilla/5.0 (compatible; bingbot/2.0; +http://www.bing.com/bingbot.htm)"
157.55.36.37 - - [06/Apr/2013:13:29:58 +0200] "GET /seiten/links.htm HTTP/1.1" 200 7302 "-" "Mozilla/5.0 (compatible; bingbot/2.0; +http://www.bing.com/bingbot.htm)"
157.55.36.52 - - [06/Apr/2013:13:30:27 +0200] "GET /seiten/start.htm HTTP/1.1" 200 7516 "-" "Mozilla/5.0 (compatible; bingbot/2.0; +http://www.bing.com/bingbot.htm)"
157.55.36.52 - - [06/Apr/2013:13:30:27 +0200] "GET /seiten/kont_form.php HTTP/1.1" 200 8561 "-" "Mozilla/5.0 (compatible; bingbot/2.0; +http://www.bing.com/bingbot.htm)"
131.253.38.101 - - [06/Apr/2013:13:42:16 +0200] "GET /robots.txt HTTP/1.1" 200 157 "-" "msnbot-media/1.1 (+http://search.msn.com/msnbot.htm)"
131.253.38.101 - - [06/Apr/2013:13:42:16 +0200] "GET /img/men03.gif HTTP/1.1" 200 1621 "-" "msnbot-media/1.1 (+http://search.msn.com/msnbot.htm)"
199.30.16.30 - - [06/Apr/2013:14:11:33 +0200] "GET /robots.txt HTTP/1.1" 200 157 "-" "msnbot-media/1.1 (+http://search.msn.com/msnbot.htm)"
199.30.16.30 - - [06/Apr/2013:14:11:33 +0200] "GET /img/lay07.gif HTTP/1.1" 200 272 "-" "msnbot-media/1.1 (+http://search.msn.com/msnbot.htm)"
199.30.16.56 - - [06/Apr/2013:14:23:20 +0200] "GET /robots.txt HTTP/1.1" 200 157 "-" "msnbot-media/1.1 (+http://search.msn.com/msnbot.htm)"
199.30.16.56 - - [06/Apr/2013:14:23:21 +0200] "GET /img/men05a.gif HTTP/1.1" 200 556 "-" "msnbot-media/1.1 (+http://search.msn.com/msnbot.htm)"
199.30.16.61 - - [06/Apr/2013:14:30:48 +0200] "GET /robots.txt HTTP/1.1" 200 157 "-" "msnbot-media/1.1 (+http://search.msn.com/msnbot.htm)"
199.30.16.61 - - [06/Apr/2013:14:30:48 +0200] "GET /img/men03a.gif HTTP/1.1" 200 820 "-" "msnbot-media/1.1 (+http://search.msn.com/msnbot.htm)"
157.55.32.58 - - [06/Apr/2013:14:35:07 +0200] "GET /robots.txt HTTP/1.1" 200 157 "-" "Mozilla/5.0 (compatible; bingbot/2.0; +http://www.bing.com/bingbot.htm)"
157.55.32.58 - - [06/Apr/2013:14:36:57 +0200] "GET /seiten/kont.htm HTTP/1.1" 200 8048 "-" "Mozilla/5.0 (compatible; bingbot/2.0; +http://www.bing.com/bingbot.htm)"
157.55.32.58 - - [06/Apr/2013:14:36:57 +0200] "GET /seiten/news.php HTTP/1.1" 200 7079 "-" "Mozilla/5.0 (compatible; bingbot/2.0; +http://www.bing.com/bingbot.htm)"
66.249.78.101 - - [06/Apr/2013:15:10:20 +0200] "GET /robots.txt HTTP/1.1" 200 157 "-" "Mozilla/5.0 (compatible; Googlebot/2.1; +http://www.google.com/bot.html)"
66.249.75.240 - - [06/Apr/2013:15:10:21 +0200] "GET /seiten/leist.htm HTTP/1.1" 200 7640 "-" "Mozilla/5.0 (iPhone; U; CPU iPhone OS 4_1 like Mac OS X; en-us) AppleWebKit/532.9 (KHTML, like Gecko) Version/4.0.5 Mobile/8B117 Safari/6531.22.7 (compatible; Googlebot-Mobile/2.1; +http://www.google.com/bot.html)"
131.253.38.99 - - [06/Apr/2013:15:16:12 +0200] "GET /robots.txt HTTP/1.1" 200 157 "-" "msnbot-media/1.1 (+http://search.msn.com/msnbot.htm)"
