88.198.55.242 - - [13/Apr/2013:09:26:50 +0200] "GET /seiten/start.htm HTTP/1.1" 200 7516 "http://www.dialyse-borna.de/" "Mozilla/5.0 (Windows; U; Windows NT 5.1; de; rv:1.8.1.3) Gecko/20070309 Firefox/2.0.0.3"
88.198.55.242 - - [13/Apr/2013:09:26:50 +0200] "GET /seiten/impr.htm HTTP/1.1" 200 9648 "http://www.dialyse-borna.de/seiten/start.htm" "Mozilla/5.0 (Windows; U; Windows NT 5.1; de; rv:1.8.1.3) Gecko/20070309 Firefox/2.0.0.3"
88.198.55.242 - - [13/Apr/2013:09:26:50 +0200] "GET /seiten/links.htm HTTP/1.1" 200 7302 "http://www.dialyse-borna.de/seiten/impr.htm" "Mozilla/5.0 (Windows; U; Windows NT 5.1; de; rv:1.8.1.3) Gecko/20070309 Firefox/2.0.0.3"
88.198.55.242 - - [13/Apr/2013:09:26:50 +0200] "GET /seiten/dialyse.htm HTTP/1.1" 200 7403 "http://www.dialyse-borna.de/seiten/links.htm" "Mozilla/5.0 (Windows; U; Windows NT 5.1; de; rv:1.8.1.3) Gecko/20070309 Firefox/2.0.0.3"
88.198.55.242 - - [13/Apr/2013:09:26:50 +0200] "GET /seiten/praxis.htm HTTP/1.1" 200 7847 "http://www.dialyse-borna.de/seiten/dialyse.htm" "Mozilla/5.0 (Windows; U; Windows NT 5.1; de; rv:1.8.1.3) Gecko/20070309 Firefox/2.0.0.3"
88.198.55.242 - - [13/Apr/2013:09:26:50 +0200] "GET /seiten/leist.htm HTTP/1.1" 200 7640 "http://www.dialyse-borna.de/seiten/praxis.htm" "Mozilla/5.0 (Windows; U; Windows NT 5.1; de; rv:1.8.1.3) Gecko/20070309 Firefox/2.0.0.3"
88.198.55.242 - - [13/Apr/2013:09:26:50 +0200] "GET /seiten/kont.htm HTTP/1.1" 200 8048 "http://www.dialyse-borna.de/seiten/leist.htm" "Mozilla/5.0 (Windows; U; Windows NT 5.1; de; rv:1.8.1.3) Gecko/20070309 Firefox/2.0.0.3"
88.198.55.242 - - [13/Apr/2013:09:26:50 +0200] "GET /seiten/kont_form.php HTTP/1.1" 200 8561 "http://www.dialyse-borna.de/seiten/kont.htm" "Mozilla/5.0 (Windows; U; Windows NT 5.1; de; rv:1.8.1.3) Gecko/20070309 Firefox/2.0.0.3"
88.198.55.242 - - [13/Apr/2013:09:26:50 +0200] "GET /seiten/news.php HTTP/1.1" 200 7079 "http://www.dialyse-borna.de/seiten/kont_form.php" "Mozilla/5.0 (Windows; U; Windows NT 5.1; de; rv:1.8.1.3) Gecko/20070309 Firefox/2.0.0.3"
88.198.55.242 - - [13/Apr/2013:09:26:50 +0200] "GET /seiten/function.include HTTP/1.1" 404 1256 "http://www.dialyse-borna.de/seiten/news.php" "Mozilla/5.0 (Windows; U; Windows NT 5.1; de; rv:1.8.1.3) Gecko/20070309 Firefox/2.0.0.3"
141.8.147.12 - - [13/Apr/2013:11:00:35 +0200] "GET /robots.txt HTTP/1.1" 200 157 "-" "Mozilla/5.0 (compatible; YandexBot/3.0; +http://yandex.com/bots)"
208.115.111.73 - - [13/Apr/2013:11:56:27 +0200] "GET /robots.txt HTTP/1.1" 200 157 "-" "Mozilla/5.0 (compatible; Ezooms/1.0; ezooms.bot@gmail.com)"
95.96.224.110 - - [13/Apr/2013:12:58:56 +0200] "GET /robots.txt HTTP/1.0" 200 157 "-" "Mozilla/5.0 (compatible; MJ12bot/v1.4.3; http://www.majestic12.co.uk/bot.php?+)"
95.96.224.110 - - [13/Apr/2013:12:58:58 +0200] "GET / HTTP/1.1" 200 2663 "-" "Mozilla/5.0 (compatible; MJ12bot/v1.4.3; http://www.majestic12.co.uk/bot.php?+)"
208.115.111.73 - - [13/Apr/2013:13:42:55 +0200] "GET /seiten/leist.htm HTTP/1.1" 200 7640 "-" "Mozilla/5.0 (compatible; Ezooms/1.0; ezooms.bot@gmail.com)"
157.56.93.41 - - [13/Apr/2013:16:54:33 +0200] "GET /robots.txt HTTP/1.1" 200 157 "-" "Mozilla/5.0 (compatible; bingbot/2.0; +http://www.bing.com/bingbot.htm)"
157.56.93.41 - - [13/Apr/2013:16:57:21 +0200] "GET /seiten/impr.htm HTTP/1.1" 200 9648 "-" "Mozilla/5.0 (compatible; bingbot/2.0; +http://www.bing.com/bingbot.htm)"
141.8.147.12 - - [13/Apr/2013:17:10:11 +0200] "GET / HTTP/1.1" 200 2663 "-" "Mozilla/5.0 (compatible; YandexBot/3.0; +http://yandex.com/bots)"
157.56.93.222 - - [13/Apr/2013:17:29:22 +0200] "GET / HTTP/1.1" 200 2663 "-" "Mozilla/5.0 (compatible; bingbot/2.0; +http://www.bing.com/bingbot.htm)"
66.249.75.240 - - [13/Apr/2013:17:48:48 +0200] "GET /robots.txt HTTP/1.1" 200 157 "-" "Mozilla/5.0 (compatible; Googlebot/2.1; +http://www.google.com/bot.html)"
66.249.75.240 - - [13/Apr/2013:17:48:48 +0200] "GET /seiten/dialyse.htm HTTP/1.1" 200 7403 "-" "SAMSUNG-SGH-E250/1.0 Profile/MIDP-2.0 Configuration/CLDC-1.1 UP.Browser/6.2.3.3.c.1.101 (GUI) MMP/2.0 (compatible; Googlebot-Mobile/2.1; +http://www.google.com/bot.html)"
157.56.92.146 - - [13/Apr/2013:18:24:51 +0200] "GET /img/lay01.gif HTTP/1.1" 200 384 "-" "Mozilla/5.0 (compatible; bingbot/2.0; +http://www.bing.com/bingbot.htm)"
157.56.92.146 - - [13/Apr/2013:18:24:51 +0200] "GET /img/lay08.gif HTTP/1.1" 200 322 "-" "Mozilla/5.0 (compatible; bingbot/2.0; +http://www.bing.com/bingbot.htm)"
157.55.35.53 - - [13/Apr/2013:18:24:51 +0200] "GET /img/men02a.gif HTTP/1.1" 200 589 "-" "Mozilla/5.0 (compatible; bingbot/2.0; +http://www.bing.com/bingbot.htm)"
157.55.35.53 - - [13/Apr/2013:18:24:51 +0200] "GET /img/bg3.gif HTTP/1.1" 200 143 "-" "Mozilla/5.0 (compatible; bingbot/2.0; +http://www.bing.com/bingbot.htm)"
157.56.93.226 - - [13/Apr/2013:18:25:04 +0200] "GET /img/men08a.gif HTTP/1.1" 200 819 "-" "Mozilla/5.0 (compatible; bingbot/2.0; +http://www.bing.com/bingbot.htm)"
157.56.92.163 - - [13/Apr/2013:18:25:21 +0200] "GET /img/bg1.gif HTTP/1.1" 200 54 "-" "Mozilla/5.0 (compatible; bingbot/2.0; +http://www.bing.com/bingbot.htm)"
157.56.92.163 - - [13/Apr/2013:18:25:21 +0200] "GET /img/men07a.gif HTTP/1.1" 200 666 "-" "Mozilla/5.0 (compatible; bingbot/2.0; +http://www.bing.com/bingbot.htm)"
157.56.93.230 - - [13/Apr/2013:18:25:21 +0200] "GET /img/bg4.gif HTTP/1.1" 200 135 "-" "Mozilla/5.0 (compatible; bingbot/2.0; +http://www.bing.com/bingbot.htm)"
157.56.93.230 - - [13/Apr/2013:18:25:21 +0200] "GET /img/men02.gif HTTP/1.1" 200 1273 "-" "Mozilla/5.0 (compatible; bingbot/2.0; +http://www.bing.com/bingbot.htm)"
157.55.34.171 - - [13/Apr/2013:18:25:21 +0200] "GET /img/men01.gif HTTP/1.1" 200 432 "-" "Mozilla/5.0 (compatible; bingbot/2.0; +http://www.bing.com/bingbot.htm)"
157.55.34.171 - - [13/Apr/2013:18:25:21 +0200] "GET /img/men04.gif HTTP/1.1" 200 1395 "-" "Mozilla/5.0 (compatible; bingbot/2.0; +http://www.bing.com/bingbot.htm)"
157.56.93.230 - - [13/Apr/2013:18:25:22 +0200] "GET /img/men03a.gif HTTP/1.1" 200 820 "-" "Mozilla/5.0 (compatible; bingbot/2.0; +http://www.bing.com/bingbot.htm)"
157.56.93.230 - - [13/Apr/2013:18:25:22 +0200] "GET /img/men07.gif HTTP/1.1" 200 1396 "-" "Mozilla/5.0 (compatible; bingbot/2.0; +http://www.bing.com/bingbot.htm)"
157.56.92.163 - - [13/Apr/2013:18:25:22 +0200] "GET /img/men06.gif HTTP/1.1" 200 1162 "-" "Mozilla/5.0 (compatible; bingbot/2.0; +http://www.bing.com/bingbot.htm)"
157.56.92.163 - - [13/Apr/2013:18:25:22 +0200] "GET /img/men09.gif HTTP/1.1" 200 708 "-" "Mozilla/5.0 (compatible; bingbot/2.0; +http://www.bing.com/bingbot.htm)"
157.56.93.230 - - [13/Apr/2013:18:25:23 +0200] "GET /img/men05a.gif HTTP/1.1" 200 556 "-" "Mozilla/5.0 (compatible; bingbot/2.0; +http://www.bing.com/bingbot.htm)"
157.56.92.163 - - [13/Apr/2013:18:25:23 +0200] "GET /img/men04a.gif HTTP/1.1" 200 669 "-" "Mozilla/5.0 (compatible; bingbot/2.0; +http://www.bing.com/bingbot.htm)"
157.56.92.146 - - [13/Apr/2013:18:25:51 +0200] "GET /img/lay08.gif HTTP/1.1" 200 322 "-" "Mozilla/5.0 (compatible; bingbot/2.0; +http://www.bing.com/bingbot.htm)"
157.56.93.41 - - [13/Apr/2013:18:25:51 +0200] "GET /img/lay05.gif HTTP/1.1" 200 541 "-" "Mozilla/5.0 (compatible; bingbot/2.0; +http://www.bing.com/bingbot.htm)"
157.56.93.222 - - [13/Apr/2013:18:25:51 +0200] "GET /img/men06a.gif HTTP/1.1" 200 518 "-" "Mozilla/5.0 (compatible; bingbot/2.0; +http://www.bing.com/bingbot.htm)"
157.56.93.222 - - [13/Apr/2013:18:25:51 +0200] "GET /img/lay02.gif HTTP/1.1" 200 3503 "-" "Mozilla/5.0 (compatible; bingbot/2.0; +http://www.bing.com/bingbot.htm)"
157.56.93.41 - - [13/Apr/2013:18:25:52 +0200] "GET /img/men03.gif HTTP/1.1" 200 1621 "-" "Mozilla/5.0 (compatible; bingbot/2.0; +http://www.bing.com/bingbot.htm)"
157.55.35.53 - - [13/Apr/2013:18:41:52 +0200] "GET /seiten/kont.htm HTTP/1.1" 200 8048 "-" "Mozilla/5.0 (compatible; bingbot/2.0; +http://www.bing.com/bingbot.htm)"
157.55.35.53 - - [13/Apr/2013:18:41:52 +0200] "GET /seiten/news.php HTTP/1.1" 200 7079 "-" "Mozilla/5.0 (compatible; bingbot/2.0; +http://www.bing.com/bingbot.htm)"
157.56.93.226 - - [13/Apr/2013:18:41:53 +0200] "GET /seiten/links.htm HTTP/1.1" 200 7302 "-" "Mozilla/5.0 (compatible; bingbot/2.0; +http://www.bing.com/bingbot.htm)"
157.56.229.23 - - [13/Apr/2013:18:42:22 +0200] "GET /seiten/start.htm HTTP/1.1" 200 7516 "-" "Mozilla/5.0 (compatible; bingbot/2.0; +http://www.bing.com/bingbot.htm)"
157.56.229.23 - - [13/Apr/2013:18:42:22 +0200] "GET /seiten/kont_form.php HTTP/1.1" 200 8561 "-" "Mozilla/5.0 (compatible; bingbot/2.0; +http://www.bing.com/bingbot.htm)"
157.56.93.41 - - [13/Apr/2013:18:42:22 +0200] "GET /seiten/impr.htm HTTP/1.1" 200 9648 "-" "Mozilla/5.0 (compatible; bingbot/2.0; +http://www.bing.com/bingbot.htm)"
157.56.93.222 - - [13/Apr/2013:18:42:37 +0200] "GET / HTTP/1.1" 200 2663 "-" "Mozilla/5.0 (compatible; bingbot/2.0; +http://www.bing.com/bingbot.htm)"
157.56.93.222 - - [13/Apr/2013:18:42:37 +0200] "GET / HTTP/1.1" 200 2663 "-" "Mozilla/5.0 (compatible; bingbot/2.0; +http://www.bing.com/bingbot.htm)"
157.55.34.171 - - [13/Apr/2013:19:26:51 +0200] "GET /img/men04.gif HTTP/1.1" 200 1395 "-" "Mozilla/5.0 (compatible; bingbot/2.0; +http://www.bing.com/bingbot.htm)"
157.56.92.163 - - [13/Apr/2013:19:26:51 +0200] "GET /img/men07a.gif HTTP/1.1" 200 666 "-" "Mozilla/5.0 (compatible; bingbot/2.0; +http://www.bing.com/bingbot.htm)"
157.56.229.23 - - [13/Apr/2013:19:27:51 +0200] "GET /img/1pixel.gif HTTP/1.1" 200 45 "-" "Mozilla/5.0 (compatible; bingbot/2.0; +http://www.bing.com/bingbot.htm)"
157.56.229.23 - - [13/Apr/2013:19:27:51 +0200] "GET /img/lay03.gif HTTP/1.1" 200 671 "-" "Mozilla/5.0 (compatible; bingbot/2.0; +http://www.bing.com/bingbot.htm)"
157.56.229.23 - - [13/Apr/2013:19:27:52 +0200] "GET /img/bg2.gif HTTP/1.1" 200 49 "-" "Mozilla/5.0 (compatible; bingbot/2.0; +http://www.bing.com/bingbot.htm)"
92.249.127.111 - - [13/Apr/2013:22:07:55 +0200] "GET /seiten/news.php HTTP/1.1" 200 7079 "http://palvarduk.ya.ru/replies.xml?item_no=2" "Mozilla/5.0 (compatible; news bot /2.1)"
92.249.127.111 - - [13/Apr/2013:22:07:56 +0200] "GET /seiten/news.php HTTP/1.1" 200 7079 "http://palvarduk.ya.ru/replies.xml?item_no=2" "Mozilla/5.0 (compatible; news bot /2.1)"
157.56.92.146 - - [13/Apr/2013:22:09:31 +0200] "GET /robots.txt HTTP/1.1" 200 157 "-" "Mozilla/5.0 (compatible; bingbot/2.0; +http://www.bing.com/bingbot.htm)"
157.56.92.146 - - [13/Apr/2013:22:10:54 +0200] "GET /seiten/praxis.htm HTTP/1.1" 304 - "-" "Mozilla/5.0 (compatible; bingbot/2.0; +http://www.bing.com/bingbot.htm)"
199.30.16.51 - - [13/Apr/2013:23:54:32 +0200] "GET /robots.txt HTTP/1.1" 200 157 "-" "msnbot-media/1.1 (+http://search.msn.com/msnbot.htm)"
199.30.16.51 - - [13/Apr/2013:23:54:33 +0200] "GET /img/men02.gif HTTP/1.1" 200 1273 "-" "msnbot-media/1.1 (+http://search.msn.com/msnbot.htm)"
141.8.147.12 - - [14/Apr/2013:00:05:30 +0200] "GET /robots.txt HTTP/1.1" 200 157 "-" "Mozilla/5.0 (compatible; YandexBot/3.0; +http://yandex.com/bots)"
157.55.35.53 - - [14/Apr/2013:00:29:58 +0200] "GET /robots.txt HTTP/1.1" 200 157 "-" "Mozilla/5.0 (compatible; bingbot/2.0; +http://www.bing.com/bingbot.htm)"
157.55.35.53 - - [14/Apr/2013:00:31:29 +0200] "GET /seiten/kont.htm HTTP/1.1" 200 8048 "-" "Mozilla/5.0 (compatible; bingbot/2.0; +http://www.bing.com/bingbot.htm)"
157.55.35.53 - - [14/Apr/2013:00:31:29 +0200] "GET /seiten/news.php HTTP/1.1" 200 7079 "-" "Mozilla/5.0 (compatible; bingbot/2.0; +http://www.bing.com/bingbot.htm)"
157.56.229.23 - - [14/Apr/2013:00:33:00 +0200] "GET /seiten/kont_form.php HTTP/1.1" 200 8561 "-" "Mozilla/5.0 (compatible; bingbot/2.0; +http://www.bing.com/bingbot.htm)"
65.55.215.62 - - [14/Apr/2013:02:46:29 +0200] "GET /robots.txt HTTP/1.1" 200 157 "-" "msnbot-media/1.1 (+http://search.msn.com/msnbot.htm)"
65.55.215.62 - - [14/Apr/2013:02:46:29 +0200] "GET /img/men06a.gif HTTP/1.1" 200 518 "-" "msnbot-media/1.1 (+http://search.msn.com/msnbot.htm)"
199.30.16.49 - - [14/Apr/2013:02:48:18 +0200] "GET /robots.txt HTTP/1.1" 200 157 "-" "msnbot-media/1.1 (+http://search.msn.com/msnbot.htm)"
199.30.16.49 - - [14/Apr/2013:02:48:18 +0200] "GET /img/men07a.gif HTTP/1.1" 200 666 "-" "msnbot-media/1.1 (+http://search.msn.com/msnbot.htm)"
157.55.35.53 - - [14/Apr/2013:04:07:40 +0200] "GET /robots.txt HTTP/1.1" 200 157 "-" "Mozilla/5.0 (compatible; bingbot/2.0; +http://www.bing.com/bingbot.htm)"
157.55.35.53 - - [14/Apr/2013:04:09:02 +0200] "GET /seiten/kont.htm HTTP/1.1" 200 8048 "-" "Mozilla/5.0 (compatible; bingbot/2.0; +http://www.bing.com/bingbot.htm)"
66.249.75.240 - - [14/Apr/2013:07:16:19 +0200] "GET / HTTP/1.1" 200 2663 "-" "Mozilla/5.0 (iPhone; U; CPU iPhone OS 4_1 like Mac OS X; en-us) AppleWebKit/532.9 (KHTML, like Gecko) Version/4.0.5 Mobile/8B117 Safari/6531.22.7 (compatible; Googlebot-Mobile/2.1; +http://www.google.com/bot.html)"
199.30.16.39 - - [14/Apr/2013:07:34:27 +0200] "GET /robots.txt HTTP/1.1" 200 157 "-" "msnbot-media/1.1 (+http://search.msn.com/msnbot.htm)"
199.30.16.39 - - [14/Apr/2013:07:34:27 +0200] "GET /img/men01.gif HTTP/1.1" 200 432 "-" "msnbot-media/1.1 (+http://search.msn.com/msnbot.htm)"
66.249.75.240 - - [14/Apr/2013:09:39:55 +0200] "GET /img/bilder.swf HTTP/1.1" 200 78858 "-" "Mozilla/5.0 (iPhone; U; CPU iPhone OS 4_1 like Mac OS X; en-us) AppleWebKit/532.9 (KHTML, like Gecko) Version/4.0.5 Mobile/8B117 Safari/6531.22.7 (compatible; Googlebot-Mobile/2.1; +http://www.google.com/bot.html)"
199.30.16.19 - - [14/Apr/2013:11:36:47 +0200] "GET /robots.txt HTTP/1.1" 200 157 "-" "msnbot-media/1.1 (+http://search.msn.com/msnbot.htm)"
199.30.16.19 - - [14/Apr/2013:11:36:48 +0200] "GET /img/men04.gif HTTP/1.1" 200 1395 "-" "msnbot-media/1.1 (+http://search.msn.com/msnbot.htm)"
66.249.75.240 - - [14/Apr/2013:12:17:42 +0200] "GET /seiten/kont.htm HTTP/1.1" 304 - "-" "SAMSUNG-SGH-E250/1.0 Profile/MIDP-2.0 Configuration/CLDC-1.1 UP.Browser/6.2.3.3.c.1.101 (GUI) MMP/2.0 (compatible; Googlebot-Mobile/2.1; +http://www.google.com/bot.html)"
194.153.113.35 - - [14/Apr/2013:12:33:31 +0200] "GET / HTTP/1.1" 200 2663 "-" "Mozilla/5.0 (compatible; oBot/2.3.1; +http://filterdb.iss.net/crawler/)"
199.30.20.18 - - [14/Apr/2013:13:10:32 +0200] "GET /robots.txt HTTP/1.1" 200 157 "-" "msnbot-media/1.1 (+http://search.msn.com/msnbot.htm)"
199.30.20.18 - - [14/Apr/2013:13:10:33 +0200] "GET /img/men04a.gif HTTP/1.1" 200 669 "-" "msnbot-media/1.1 (+http://search.msn.com/msnbot.htm)"
199.30.16.63 - - [14/Apr/2013:15:21:33 +0200] "GET /robots.txt HTTP/1.1" 200 157 "-" "msnbot-media/1.1 (+http://search.msn.com/msnbot.htm)"
199.30.16.63 - - [14/Apr/2013:15:21:34 +0200] "GET /img/lay03.gif HTTP/1.1" 200 671 "-" "msnbot-media/1.1 (+http://search.msn.com/msnbot.htm)"
66.249.75.240 - - [14/Apr/2013:19:35:05 +0200] "GET /robots.txt HTTP/1.1" 200 157 "-" "Mozilla/5.0 (compatible; Googlebot/2.1; +http://www.google.com/bot.html)"
66.249.75.240 - - [14/Apr/2013:19:35:05 +0200] "GET /seiten/kont.htm HTTP/1.1" 304 - "-" "SAMSUNG-SGH-E250/1.0 Profile/MIDP-2.0 Configuration/CLDC-1.1 UP.Browser/6.2.3.3.c.1.101 (GUI) MMP/2.0 (compatible; Googlebot-Mobile/2.1; +http://www.google.com/bot.html)"
199.30.20.42 - - [14/Apr/2013:19:57:13 +0200] "GET /robots.txt HTTP/1.1" 200 157 "-" "msnbot-media/1.1 (+http://search.msn.com/msnbot.htm)"
199.30.20.42 - - [14/Apr/2013:19:57:13 +0200] "GET /img/men07.gif HTTP/1.1" 200 1396 "-" "msnbot-media/1.1 (+http://search.msn.com/msnbot.htm)"
199.30.20.32 - - [14/Apr/2013:19:59:15 +0200] "GET /robots.txt HTTP/1.1" 200 157 "-" "msnbot-media/1.1 (+http://search.msn.com/msnbot.htm)"
199.30.20.32 - - [14/Apr/2013:19:59:15 +0200] "GET /img/men02a.gif HTTP/1.1" 200 589 "-" "msnbot-media/1.1 (+http://search.msn.com/msnbot.htm)"
199.30.20.43 - - [14/Apr/2013:20:09:11 +0200] "GET /robots.txt HTTP/1.1" 200 157 "-" "msnbot-media/1.1 (+http://search.msn.com/msnbot.htm)"
199.30.20.43 - - [14/Apr/2013:20:09:11 +0200] "GET /img/pfeil.jpg HTTP/1.1" 200 380 "-" "msnbot-media/1.1 (+http://search.msn.com/msnbot.htm)"
216.144.252.110 - - [14/Apr/2013:20:30:44 +0200] "GET /seiten/links.htm HTTP/1.0" 200 7302 "http://www.dialyse-borna.de/seiten/links.htm" "Mozilla/5.0 (Windows NT 5.1; rv:13.0) Gecko/20100101 Firefox/13.0"
199.30.16.27 - - [14/Apr/2013:23:56:06 +0200] "GET /robots.txt HTTP/1.1" 200 157 "-" "msnbot-media/1.1 (+http://search.msn.com/msnbot.htm)"
199.30.16.27 - - [14/Apr/2013:23:56:07 +0200] "GET /img/men09.gif HTTP/1.1" 200 708 "-" "msnbot-media/1.1 (+http://search.msn.com/msnbot.htm)"
199.30.16.30 - - [15/Apr/2013:00:05:16 +0200] "GET /robots.txt HTTP/1.1" 200 157 "-" "msnbot-media/1.1 (+http://search.msn.com/msnbot.htm)"
199.30.16.30 - - [15/Apr/2013:00:05:17 +0200] "GET /img/lay07.gif HTTP/1.1" 200 272 "-" "msnbot-media/1.1 (+http://search.msn.com/msnbot.htm)"
199.30.20.91 - - [15/Apr/2013:02:21:10 +0200] "GET /robots.txt HTTP/1.1" 200 157 "-" "msnbot-media/1.1 (+http://search.msn.com/msnbot.htm)"
199.30.20.91 - - [15/Apr/2013:02:21:10 +0200] "GET /img/men06.gif HTTP/1.1" 200 1162 "-" "msnbot-media/1.1 (+http://search.msn.com/msnbot.htm)"
208.115.111.73 - - [15/Apr/2013:03:11:05 +0200] "GET /robots.txt HTTP/1.1" 200 157 "-" "Mozilla/5.0 (compatible; Ezooms/1.0; ezooms.bot@gmail.com)"
208.115.111.73 - - [15/Apr/2013:04:52:51 +0200] "GET /seiten/praxis.htm HTTP/1.1" 200 7847 "-" "Mozilla/5.0 (compatible; Ezooms/1.0; ezooms.bot@gmail.com)"
66.249.75.240 - - [15/Apr/2013:06:16:52 +0200] "GET /seiten/start.htm HTTP/1.1" 304 - "-" "Mozilla/5.0 (iPhone; U; CPU iPhone OS 4_1 like Mac OS X; en-us) AppleWebKit/532.9 (KHTML, like Gecko) Version/4.0.5 Mobile/8B117 Safari/6531.22.7 (compatible; Googlebot-Mobile/2.1; +http://www.google.com/bot.html)"
66.249.75.240 - - [15/Apr/2013:06:21:09 +0200] "GET / HTTP/1.1" 200 2663 "-" "Mozilla/5.0 (compatible; Googlebot/2.1; +http://www.google.com/bot.html)"
66.249.75.240 - - [15/Apr/2013:06:31:11 +0200] "GET /seiten/start.htm HTTP/1.1" 200 7516 "-" "Mozilla/5.0 (compatible; Googlebot/2.1; +http://www.google.com/bot.html)"
66.249.75.240 - - [15/Apr/2013:06:51:39 +0200] "GET /img/FL_check.swf HTTP/1.1" 200 100 "-" "Mozilla/5.0 (compatible; Googlebot/2.1; +http://www.google.com/bot.html)"
199.30.16.12 - - [15/Apr/2013:07:34:44 +0200] "GET /robots.txt HTTP/1.1" 200 157 "-" "msnbot-media/1.1 (+http://search.msn.com/msnbot.htm)"
199.30.16.12 - - [15/Apr/2013:07:34:44 +0200] "GET /img/lay04.gif HTTP/1.1" 200 210 "-" "msnbot-media/1.1 (+http://search.msn.com/msnbot.htm)"
65.55.215.39 - - [15/Apr/2013:07:42:34 +0200] "GET /robots.txt HTTP/1.1" 200 157 "-" "msnbot-media/1.1 (+http://search.msn.com/msnbot.htm)"
65.55.215.39 - - [15/Apr/2013:07:42:34 +0200] "GET /img/men08a.gif HTTP/1.1" 200 819 "-" "msnbot-media/1.1 (+http://search.msn.com/msnbot.htm)"
66.249.75.240 - - [15/Apr/2013:08:12:21 +0200] "GET /seiten/praxis.htm HTTP/1.1" 304 - "-" "Mozilla/5.0 (iPhone; U; CPU iPhone OS 4_1 like Mac OS X; en-us) AppleWebKit/532.9 (KHTML, like Gecko) Version/4.0.5 Mobile/8B117 Safari/6531.22.7 (compatible; Googlebot-Mobile/2.1; +http://www.google.com/bot.html)"
199.30.20.125 - - [15/Apr/2013:08:19:36 +0200] "GET /robots.txt HTTP/1.1" 200 157 "-" "msnbot-media/1.1 (+http://search.msn.com/msnbot.htm)"
199.30.20.125 - - [15/Apr/2013:08:19:37 +0200] "GET /img/men05a.gif HTTP/1.1" 200 556 "-" "msnbot-media/1.1 (+http://search.msn.com/msnbot.htm)"
66.249.75.240 - - [15/Apr/2013:10:10:43 +0200] "GET /seiten/leist.htm HTTP/1.1" 304 - "-" "Mozilla/5.0 (compatible; Googlebot/2.1; +http://www.google.com/bot.html)"
66.249.75.240 - - [15/Apr/2013:10:20:06 +0200] "GET /img/bilder.swf HTTP/1.1" 200 78858 "-" "Mozilla/5.0 (compatible; Googlebot/2.1; +http://www.google.com/bot.html)"
5.9.112.67 - - [15/Apr/2013:10:29:09 +0200] "GET /robots.txt HTTP/1.1" 200 157 "-" "Mozilla/5.0 (compatible; SISTRIX Crawler; http://crawler.sistrix.net/)"
5.9.112.67 - - [15/Apr/2013:10:29:09 +0200] "GET / HTTP/1.1" 200 2663 "-" "Mozilla/5.0 (compatible; SISTRIX Crawler; http://crawler.sistrix.net/)"
5.9.112.67 - - [15/Apr/2013:10:29:09 +0200] "GET /seiten/start.htm HTTP/1.1" 200 7516 "-" "Mozilla/5.0 (compatible; SISTRIX Crawler; http://crawler.sistrix.net/)"
5.9.112.67 - - [15/Apr/2013:10:29:09 +0200] "GET /seiten/impr.htm HTTP/1.1" 200 9648 "-" "Mozilla/5.0 (compatible; SISTRIX Crawler; http://crawler.sistrix.net/)"
5.9.112.67 - - [15/Apr/2013:10:29:09 +0200] "GET /seiten/news.php HTTP/1.1" 200 7079 "-" "Mozilla/5.0 (compatible; SISTRIX Crawler; http://crawler.sistrix.net/)"
5.9.112.67 - - [15/Apr/2013:10:29:09 +0200] "GET /seiten/praxis.htm HTTP/1.1" 200 7847 "-" "Mozilla/5.0 (compatible; SISTRIX Crawler; http://crawler.sistrix.net/)"
5.9.112.67 - - [15/Apr/2013:10:29:09 +0200] "GET /seiten/leist.htm HTTP/1.1" 200 7640 "-" "Mozilla/5.0 (compatible; SISTRIX Crawler; http://crawler.sistrix.net/)"
5.9.112.67 - - [15/Apr/2013:10:29:09 +0200] "GET /seiten/kont.htm HTTP/1.1" 200 8048 "-" "Mozilla/5.0 (compatible; SISTRIX Crawler; http://crawler.sistrix.net/)"
5.9.112.67 - - [15/Apr/2013:10:29:09 +0200] "GET /seiten/dialyse.htm HTTP/1.1" 200 7403 "-" "Mozilla/5.0 (compatible; SISTRIX Crawler; http://crawler.sistrix.net/)"
5.9.112.67 - - [15/Apr/2013:10:29:09 +0200] "GET /seiten/links.htm HTTP/1.1" 200 7302 "-" "Mozilla/5.0 (compatible; SISTRIX Crawler; http://crawler.sistrix.net/)"
5.9.112.67 - - [15/Apr/2013:10:29:09 +0200] "GET /seiten/kont_form.php HTTP/1.1" 200 8561 "-" "Mozilla/5.0 (compatible; SISTRIX Crawler; http://crawler.sistrix.net/)"
5.9.112.67 - - [15/Apr/2013:10:29:17 +0200] "GET /robots.txt HTTP/1.1" 200 157 "-" "Mozilla/5.0 (compatible; SISTRIX Crawler; http://crawler.sistrix.net/)"
5.9.112.67 - - [15/Apr/2013:10:29:17 +0200] "GET / HTTP/1.1" 200 2663 "-" "Mozilla/5.0 (compatible; SISTRIX Crawler; http://crawler.sistrix.net/)"
5.9.112.67 - - [15/Apr/2013:10:29:17 +0200] "GET /seiten/start.htm HTTP/1.1" 200 7516 "-" "Mozilla/5.0 (compatible; SISTRIX Crawler; http://crawler.sistrix.net/)"
5.9.112.67 - - [15/Apr/2013:10:29:17 +0200] "GET /seiten/impr.htm HTTP/1.1" 200 9648 "-" "Mozilla/5.0 (compatible; SISTRIX Crawler; http://crawler.sistrix.net/)"
5.9.112.67 - - [15/Apr/2013:10:29:17 +0200] "GET /seiten/news.php HTTP/1.1" 200 7079 "-" "Mozilla/5.0 (compatible; SISTRIX Crawler; http://crawler.sistrix.net/)"
5.9.112.67 - - [15/Apr/2013:10:29:18 +0200] "GET /seiten/praxis.htm HTTP/1.1" 200 7847 "-" "Mozilla/5.0 (compatible; SISTRIX Crawler; http://crawler.sistrix.net/)"
5.9.112.67 - - [15/Apr/2013:10:29:18 +0200] "GET /seiten/leist.htm HTTP/1.1" 200 7640 "-" "Mozilla/5.0 (compatible; SISTRIX Crawler; http://crawler.sistrix.net/)"
5.9.112.67 - - [15/Apr/2013:10:29:18 +0200] "GET /seiten/kont.htm HTTP/1.1" 200 8048 "-" "Mozilla/5.0 (compatible; SISTRIX Crawler; http://crawler.sistrix.net/)"
5.9.112.67 - - [15/Apr/2013:10:29:18 +0200] "GET /seiten/dialyse.htm HTTP/1.1" 200 7403 "-" "Mozilla/5.0 (compatible; SISTRIX Crawler; http://crawler.sistrix.net/)"
5.9.112.67 - - [15/Apr/2013:10:29:18 +0200] "GET /seiten/links.htm HTTP/1.1" 200 7302 "-" "Mozilla/5.0 (compatible; SISTRIX Crawler; http://crawler.sistrix.net/)"
5.9.112.67 - - [15/Apr/2013:10:29:18 +0200] "GET /seiten/kont_form.php HTTP/1.1" 200 8561 "-" "Mozilla/5.0 (compatible; SISTRIX Crawler; http://crawler.sistrix.net/)"
131.253.38.101 - - [15/Apr/2013:11:02:31 +0200] "GET /robots.txt HTTP/1.1" 200 157 "-" "msnbot-media/1.1 (+http://search.msn.com/msnbot.htm)"
131.253.38.101 - - [15/Apr/2013:11:02:32 +0200] "GET /img/men03.gif HTTP/1.1" 200 1621 "-" "msnbot-media/1.1 (+http://search.msn.com/msnbot.htm)"
199.30.20.22 - - [15/Apr/2013:11:09:40 +0200] "GET /robots.txt HTTP/1.1" 200 157 "-" "msnbot-media/1.1 (+http://search.msn.com/msnbot.htm)"
199.30.20.22 - - [15/Apr/2013:11:09:41 +0200] "GET /img/men08.gif HTTP/1.1" 200 1642 "-" "msnbot-media/1.1 (+http://search.msn.com/msnbot.htm)"
193.104.84.201 - - [15/Apr/2013:11:17:34 +0200] "GET /seiten/impr.htm HTTP/1.1" 200 9648 "http://www.google.de/url?sa=t&rct=j&q=nephrologie%20borna&source=web&cd=1&ved=0CDMQFjAA&url=http%3A%2F%2Fwww.dialyse-borna.de%2Fseiten%2Fimpr.htm&ei=RMVrUe6YH5HntQaHvYHgCw&usg=AFQjCNHLZZEhkKT2QkjwwRmqgb-uGk-kyg" "Mozilla/4.0 (compatible; MSIE 8.0; Windows NT 6.1; WOW64; Trident/4.0; SLCC2; .NET CLR 2.0.50727; .NET CLR 3.5.30729; .NET CLR 3.0.30729; Media Center PC 6.0; .NET4.0C; .NET4.0E; BRI/2; .NET CLR 1.1.4322)"
193.104.84.201 - - [15/Apr/2013:11:17:34 +0200] "GET /css/borna.css HTTP/1.1" 200 2909 "http://www.dialyse-borna.de/seiten/impr.htm" "Mozilla/4.0 (compatible; MSIE 8.0; Windows NT 6.1; WOW64; Trident/4.0; SLCC2; .NET CLR 2.0.50727; .NET CLR 3.5.30729; .NET CLR 3.0.30729; Media Center PC 6.0; .NET4.0C; .NET4.0E; BRI/2; .NET CLR 1.1.4322)"
193.104.84.201 - - [15/Apr/2013:11:17:34 +0200] "GET /img/1pixel.gif HTTP/1.1" 200 45 "http://www.dialyse-borna.de/seiten/impr.htm" "Mozilla/4.0 (compatible; MSIE 8.0; Windows NT 6.1; WOW64; Trident/4.0; SLCC2; .NET CLR 2.0.50727; .NET CLR 3.5.30729; .NET CLR 3.0.30729; Media Center PC 6.0; .NET4.0C; .NET4.0E; BRI/2; .NET CLR 1.1.4322)"
193.104.84.201 - - [15/Apr/2013:11:17:34 +0200] "GET /img/men02.gif HTTP/1.1" 200 1273 "http://www.dialyse-borna.de/seiten/impr.htm" "Mozilla/4.0 (compatible; MSIE 8.0; Windows NT 6.1; WOW64; Trident/4.0; SLCC2; .NET CLR 2.0.50727; .NET CLR 3.5.30729; .NET CLR 3.0.30729; Media Center PC 6.0; .NET4.0C; .NET4.0E; BRI/2; .NET CLR 1.1.4322)"
193.104.84.201 - - [15/Apr/2013:11:17:34 +0200] "GET /img/bg2.gif HTTP/1.1" 200 49 "http://www.dialyse-borna.de/seiten/impr.htm" "Mozilla/4.0 (compatible; MSIE 8.0; Windows NT 6.1; WOW64; Trident/4.0; SLCC2; .NET CLR 2.0.50727; .NET CLR 3.5.30729; .NET CLR 3.0.30729; Media Center PC 6.0; .NET4.0C; .NET4.0E; BRI/2; .NET CLR 1.1.4322)"
193.104.84.201 - - [15/Apr/2013:11:17:34 +0200] "GET /img/men01.gif HTTP/1.1" 200 432 "http://www.dialyse-borna.de/seiten/impr.htm" "Mozilla/4.0 (compatible; MSIE 8.0; Windows NT 6.1; WOW64; Trident/4.0; SLCC2; .NET CLR 2.0.50727; .NET CLR 3.5.30729; .NET CLR 3.0.30729; Media Center PC 6.0; .NET4.0C; .NET4.0E; BRI/2; .NET CLR 1.1.4322)"
193.104.84.201 - - [15/Apr/2013:11:17:34 +0200] "GET /img/men04.gif HTTP/1.1" 200 1395 "http://www.dialyse-borna.de/seiten/impr.htm" "Mozilla/4.0 (compatible; MSIE 8.0; Windows NT 6.1; WOW64; Trident/4.0; SLCC2; .NET CLR 2.0.50727; .NET CLR 3.5.30729; .NET CLR 3.0.30729; Media Center PC 6.0; .NET4.0C; .NET4.0E; BRI/2; .NET CLR 1.1.4322)"
193.104.84.201 - - [15/Apr/2013:11:17:34 +0200] "GET /img/men03.gif HTTP/1.1" 200 1621 "http://www.dialyse-borna.de/seiten/impr.htm" "Mozilla/4.0 (compatible; MSIE 8.0; Windows NT 6.1; WOW64; Trident/4.0; SLCC2; .NET CLR 2.0.50727; .NET CLR 3.5.30729; .NET CLR 3.0.30729; Media Center PC 6.0; .NET4.0C; .NET4.0E; BRI/2; .NET CLR 1.1.4322)"
193.104.84.201 - - [15/Apr/2013:11:17:34 +0200] "GET /img/men06.gif HTTP/1.1" 200 1162 "http://www.dialyse-borna.de/seiten/impr.htm" "Mozilla/4.0 (compatible; MSIE 8.0; Windows NT 6.1; WOW64; Trident/4.0; SLCC2; .NET CLR 2.0.50727; .NET CLR 3.5.30729; .NET CLR 3.0.30729; Media Center PC 6.0; .NET4.0C; .NET4.0E; BRI/2; .NET CLR 1.1.4322)"
193.104.84.201 - - [15/Apr/2013:11:17:34 +0200] "GET /img/men07.gif HTTP/1.1" 200 1396 "http://www.dialyse-borna.de/seiten/impr.htm" "Mozilla/4.0 (compatible; MSIE 8.0; Windows NT 6.1; WOW64; Trident/4.0; SLCC2; .NET CLR 2.0.50727; .NET CLR 3.5.30729; .NET CLR 3.0.30729; Media Center PC 6.0; .NET4.0C; .NET4.0E; BRI/2; .NET CLR 1.1.4322)"
193.104.84.201 - - [15/Apr/2013:11:17:34 +0200] "GET /img/men08a.gif HTTP/1.1" 200 819 "http://www.dialyse-borna.de/seiten/impr.htm" "Mozilla/4.0 (compatible; MSIE 8.0; Windows NT 6.1; WOW64; Trident/4.0; SLCC2; .NET CLR 2.0.50727; .NET CLR 3.5.30729; .NET CLR 3.0.30729; Media Center PC 6.0; .NET4.0C; .NET4.0E; BRI/2; .NET CLR 1.1.4322)"
193.104.84.201 - - [15/Apr/2013:11:17:34 +0200] "GET /img/lay03.gif HTTP/1.1" 200 671 "http://www.dialyse-borna.de/seiten/impr.htm" "Mozilla/4.0 (compatible; MSIE 8.0; Windows NT 6.1; WOW64; Trident/4.0; SLCC2; .NET CLR 2.0.50727; .NET CLR 3.5.30729; .NET CLR 3.0.30729; Media Center PC 6.0; .NET4.0C; .NET4.0E; BRI/2; .NET CLR 1.1.4322)"
193.104.84.201 - - [15/Apr/2013:11:17:34 +0200] "GET /img/men09.gif HTTP/1.1" 200 708 "http://www.dialyse-borna.de/seiten/impr.htm" "Mozilla/4.0 (compatible; MSIE 8.0; Windows NT 6.1; WOW64; Trident/4.0; SLCC2; .NET CLR 2.0.50727; .NET CLR 3.5.30729; .NET CLR 3.0.30729; Media Center PC 6.0; .NET4.0C; .NET4.0E; BRI/2; .NET CLR 1.1.4322)"
193.104.84.201 - - [15/Apr/2013:11:17:34 +0200] "GET /img/lay01.gif HTTP/1.1" 200 384 "http://www.dialyse-borna.de/seiten/impr.htm" "Mozilla/4.0 (compatible; MSIE 8.0; Windows NT 6.1; WOW64; Trident/4.0; SLCC2; .NET CLR 2.0.50727; .NET CLR 3.5.30729; .NET CLR 3.0.30729; Media Center PC 6.0; .NET4.0C; .NET4.0E; BRI/2; .NET CLR 1.1.4322)"
193.104.84.201 - - [15/Apr/2013:11:17:34 +0200] "GET /img/lay02.gif HTTP/1.1" 200 3503 "http://www.dialyse-borna.de/seiten/impr.htm" "Mozilla/4.0 (compatible; MSIE 8.0; Windows NT 6.1; WOW64; Trident/4.0; SLCC2; .NET CLR 2.0.50727; .NET CLR 3.5.30729; .NET CLR 3.0.30729; Media Center PC 6.0; .NET4.0C; .NET4.0E; BRI/2; .NET CLR 1.1.4322)"
193.104.84.201 - - [15/Apr/2013:11:17:34 +0200] "GET /img/lay08.gif HTTP/1.1" 200 322 "http://www.dialyse-borna.de/seiten/impr.htm" "Mozilla/4.0 (compatible; MSIE 8.0; Windows NT 6.1; WOW64; Trident/4.0; SLCC2; .NET CLR 2.0.50727; .NET CLR 3.5.30729; .NET CLR 3.0.30729; Media Center PC 6.0; .NET4.0C; .NET4.0E; BRI/2; .NET CLR 1.1.4322)"
193.104.84.201 - - [15/Apr/2013:11:17:34 +0200] "GET /img/bg3.gif HTTP/1.1" 200 143 "http://www.dialyse-borna.de/seiten/impr.htm" "Mozilla/4.0 (compatible; MSIE 8.0; Windows NT 6.1; WOW64; Trident/4.0; SLCC2; .NET CLR 2.0.50727; .NET CLR 3.5.30729; .NET CLR 3.0.30729; Media Center PC 6.0; .NET4.0C; .NET4.0E; BRI/2; .NET CLR 1.1.4322)"
193.104.84.201 - - [15/Apr/2013:11:17:34 +0200] "GET /img/bg1.gif HTTP/1.1" 200 54 "http://www.dialyse-borna.de/seiten/impr.htm" "Mozilla/4.0 (compatible; MSIE 8.0; Windows NT 6.1; WOW64; Trident/4.0; SLCC2; .NET CLR 2.0.50727; .NET CLR 3.5.30729; .NET CLR 3.0.30729; Media Center PC 6.0; .NET4.0C; .NET4.0E; BRI/2; .NET CLR 1.1.4322)"
193.104.84.201 - - [15/Apr/2013:11:17:34 +0200] "GET /img/lay04.gif HTTP/1.1" 200 210 "http://www.dialyse-borna.de/seiten/impr.htm" "Mozilla/4.0 (compatible; MSIE 8.0; Windows NT 6.1; WOW64; Trident/4.0; SLCC2; .NET CLR 2.0.50727; .NET CLR 3.5.30729; .NET CLR 3.0.30729; Media Center PC 6.0; .NET4.0C; .NET4.0E; BRI/2; .NET CLR 1.1.4322)"
193.104.84.201 - - [15/Apr/2013:11:17:34 +0200] "GET /img/lay07.gif HTTP/1.1" 200 272 "http://www.dialyse-borna.de/seiten/impr.htm" "Mozilla/4.0 (compatible; MSIE 8.0; Windows NT 6.1; WOW64; Trident/4.0; SLCC2; .NET CLR 2.0.50727; .NET CLR 3.5.30729; .NET CLR 3.0.30729; Media Center PC 6.0; .NET4.0C; .NET4.0E; BRI/2; .NET CLR 1.1.4322)"
193.104.84.201 - - [15/Apr/2013:11:17:34 +0200] "GET /img/bg4.gif HTTP/1.1" 200 135 "http://www.dialyse-borna.de/seiten/impr.htm" "Mozilla/4.0 (compatible; MSIE 8.0; Windows NT 6.1; WOW64; Trident/4.0; SLCC2; .NET CLR 2.0.50727; .NET CLR 3.5.30729; .NET CLR 3.0.30729; Media Center PC 6.0; .NET4.0C; .NET4.0E; BRI/2; .NET CLR 1.1.4322)"
193.104.84.201 - - [15/Apr/2013:11:17:34 +0200] "GET /img/lay05.gif HTTP/1.1" 200 541 "http://www.dialyse-borna.de/seiten/impr.htm" "Mozilla/4.0 (compatible; MSIE 8.0; Windows NT 6.1; WOW64; Trident/4.0; SLCC2; .NET CLR 2.0.50727; .NET CLR 3.5.30729; .NET CLR 3.0.30729; Media Center PC 6.0; .NET4.0C; .NET4.0E; BRI/2; .NET CLR 1.1.4322)"
193.104.84.201 - - [15/Apr/2013:11:17:34 +0200] "GET /img/men03a.gif HTTP/1.1" 200 820 "http://www.dialyse-borna.de/seiten/impr.htm" "Mozilla/4.0 (compatible; MSIE 8.0; Windows NT 6.1; WOW64; Trident/4.0; SLCC2; .NET CLR 2.0.50727; .NET CLR 3.5.30729; .NET CLR 3.0.30729; Media Center PC 6.0; .NET4.0C; .NET4.0E; BRI/2; .NET CLR 1.1.4322)"
193.104.84.201 - - [15/Apr/2013:11:17:34 +0200] "GET /img/men02a.gif HTTP/1.1" 200 589 "http://www.dialyse-borna.de/seiten/impr.htm" "Mozilla/4.0 (compatible; MSIE 8.0; Windows NT 6.1; WOW64; Trident/4.0; SLCC2; .NET CLR 2.0.50727; .NET CLR 3.5.30729; .NET CLR 3.0.30729; Media Center PC 6.0; .NET4.0C; .NET4.0E; BRI/2; .NET CLR 1.1.4322)"
193.104.84.201 - - [15/Apr/2013:11:17:34 +0200] "GET /img/men04a.gif HTTP/1.1" 200 669 "http://www.dialyse-borna.de/seiten/impr.htm" "Mozilla/4.0 (compatible; MSIE 8.0; Windows NT 6.1; WOW64; Trident/4.0; SLCC2; .NET CLR 2.0.50727; .NET CLR 3.5.30729; .NET CLR 3.0.30729; Media Center PC 6.0; .NET4.0C; .NET4.0E; BRI/2; .NET CLR 1.1.4322)"
193.104.84.201 - - [15/Apr/2013:11:17:34 +0200] "GET /img/men05a.gif HTTP/1.1" 200 556 "http://www.dialyse-borna.de/seiten/impr.htm" "Mozilla/4.0 (compatible; MSIE 8.0; Windows NT 6.1; WOW64; Trident/4.0; SLCC2; .NET CLR 2.0.50727; .NET CLR 3.5.30729; .NET CLR 3.0.30729; Media Center PC 6.0; .NET4.0C; .NET4.0E; BRI/2; .NET CLR 1.1.4322)"
193.104.84.201 - - [15/Apr/2013:11:17:34 +0200] "GET /img/men06a.gif HTTP/1.1" 200 518 "http://www.dialyse-borna.de/seiten/impr.htm" "Mozilla/4.0 (compatible; MSIE 8.0; Windows NT 6.1; WOW64; Trident/4.0; SLCC2; .NET CLR 2.0.50727; .NET CLR 3.5.30729; .NET CLR 3.0.30729; Media Center PC 6.0; .NET4.0C; .NET4.0E; BRI/2; .NET CLR 1.1.4322)"
193.104.84.201 - - [15/Apr/2013:11:17:34 +0200] "GET /img/men07a.gif HTTP/1.1" 200 666 "http://www.dialyse-borna.de/seiten/impr.htm" "Mozilla/4.0 (compatible; MSIE 8.0; Windows NT 6.1; WOW64; Trident/4.0; SLCC2; .NET CLR 2.0.50727; .NET CLR 3.5.30729; .NET CLR 3.0.30729; Media Center PC 6.0; .NET4.0C; .NET4.0E; BRI/2; .NET CLR 1.1.4322)"
193.104.84.201 - - [15/Apr/2013:11:17:34 +0200] "GET /favicon.ico HTTP/1.1" 404 1256 "-" "Mozilla/4.0 (compatible; MSIE 8.0; Windows NT 6.1; WOW64; Trident/4.0; SLCC2; .NET CLR 2.0.50727; .NET CLR 3.5.30729; .NET CLR 3.0.30729; Media Center PC 6.0; .NET4.0C; .NET4.0E; BRI/2; .NET CLR 1.1.4322)"
65.55.215.73 - - [15/Apr/2013:12:34:37 +0200] "GET /robots.txt HTTP/1.1" 200 157 "-" "msnbot-media/1.1 (+http://search.msn.com/msnbot.htm)"
65.55.215.73 - - [15/Apr/2013:12:34:37 +0200] "GET /img/men05.gif HTTP/1.1" 200 1200 "-" "msnbot-media/1.1 (+http://search.msn.com/msnbot.htm)"
216.244.73.250 - - [15/Apr/2013:13:39:27 +0200] "GET /seiten/links.htm HTTP/1.0" 200 7302 "http://www.dialyse-borna.de/seiten/links.htm" "Opera/9.80 (Windows NT 5.1) Presto/2.12.388 Version/12.10"
66.249.73.188 - - [15/Apr/2013:13:42:43 +0200] "GET /robots.txt HTTP/1.1" 200 157 "-" "Mozilla/5.0 (compatible; Googlebot/2.1; +http://www.google.com/bot.html)"
66.249.73.188 - - [15/Apr/2013:13:42:43 +0200] "GET /seiten/start.htm HTTP/1.1" 304 - "-" "Mozilla/5.0 (compatible; Googlebot/2.1; +http://www.google.com/bot.html)"
66.249.73.188 - - [15/Apr/2013:15:28:07 +0200] "GET /seiten/leist.htm HTTP/1.1" 304 - "-" "SAMSUNG-SGH-E250/1.0 Profile/MIDP-2.0 Configuration/CLDC-1.1 UP.Browser/6.2.3.3.c.1.101 (GUI) MMP/2.0 (compatible; Googlebot-Mobile/2.1; +http://www.google.com/bot.html)"
66.249.73.188 - - [15/Apr/2013:15:43:17 +0200] "GET /seiten/kont.htm HTTP/1.1" 200 8048 "-" "Mozilla/5.0 (compatible; Googlebot/2.1; +http://www.google.com/bot.html)"
157.56.93.39 - - [15/Apr/2013:16:48:46 +0200] "GET /robots.txt HTTP/1.1" 200 157 "-" "Mozilla/5.0 (compatible; bingbot/2.0; +http://www.bing.com/bingbot.htm)"
157.56.93.39 - - [15/Apr/2013:16:50:26 +0200] "GET /seiten/start.htm HTTP/1.1" 200 7516 "-" "Mozilla/5.0 (compatible; bingbot/2.0; +http://www.bing.com/bingbot.htm)"
66.249.73.188 - - [15/Apr/2013:17:23:24 +0200] "GET /seiten/kont_form.php HTTP/1.1" 200 8561 "-" "Mozilla/5.0 (compatible; Googlebot/2.1; +http://www.google.com/bot.html)"
199.30.16.62 - - [15/Apr/2013:17:32:30 +0200] "GET /robots.txt HTTP/1.1" 200 157 "-" "msnbot-media/1.1 (+http://search.msn.com/msnbot.htm)"
199.30.16.62 - - [15/Apr/2013:17:32:30 +0200] "GET /img/men03a.gif HTTP/1.1" 200 820 "-" "msnbot-media/1.1 (+http://search.msn.com/msnbot.htm)"
81.7.13.161 - - [16/Apr/2013:04:24:27 +0200] "GET /seiten/start.htm HTTP/1.1" 200 7516 "-" "Mozilla/5.0 (X11; Linux i686; rv:6.0) Gecko/20100101 Firefox/6.0"
66.249.73.188 - - [16/Apr/2013:05:00:35 +0200] "GET / HTTP/1.1" 200 2663 "-" "Mozilla/5.0 (iPhone; U; CPU iPhone OS 4_1 like Mac OS X; en-us) AppleWebKit/532.9 (KHTML, like Gecko) Version/4.0.5 Mobile/8B117 Safari/6531.22.7 (compatible; Googlebot-Mobile/2.1; +http://www.google.com/bot.html)"
199.30.16.61 - - [16/Apr/2013:06:43:34 +0200] "GET /robots.txt HTTP/1.1" 200 157 "-" "msnbot-media/1.1 (+http://search.msn.com/msnbot.htm)"
199.30.16.61 - - [16/Apr/2013:06:43:35 +0200] "GET /img/men03a.gif HTTP/1.1" 200 820 "-" "msnbot-media/1.1 (+http://search.msn.com/msnbot.htm)"
66.249.73.188 - - [16/Apr/2013:09:35:24 +0200] "GET /seiten/kont.htm HTTP/1.1" 304 - "-" "Mozilla/5.0 (iPhone; U; CPU iPhone OS 4_1 like Mac OS X; en-us) AppleWebKit/532.9 (KHTML, like Gecko) Version/4.0.5 Mobile/8B117 Safari/6531.22.7 (compatible; Googlebot-Mobile/2.1; +http://www.google.com/bot.html)"
194.127.8.25 - - [16/Apr/2013:09:42:11 +0200] "GET / HTTP/1.1" 200 2663 "-" "Mozilla/4.0 (compatible; MSIE 7.0; Windows NT 5.1; .NET CLR 1.1.4322; .NET CLR 2.0.50727; .NET CLR 3.0.4506.2152; .NET CLR 3.5.30729; MS-RTC LM 8)"
194.127.8.25 - - [16/Apr/2013:09:42:11 +0200] "GET / HTTP/1.1" 200 2663 "-" "Mozilla/4.0 (compatible; MSIE 7.0; Windows NT 5.1; .NET CLR 1.1.4322; .NET CLR 2.0.50727; .NET CLR 3.0.4506.2152; .NET CLR 3.5.30729; MS-RTC LM 8)"
194.127.8.18 - - [16/Apr/2013:09:42:11 +0200] "GET /img/bg1.gif HTTP/1.1" 200 54 "-" "Mozilla/4.0 (compatible;)"
194.127.8.18 - - [16/Apr/2013:09:42:11 +0200] "GET /img/FL_check.swf HTTP/1.1" 200 100 "-" "Mozilla/4.0 (compatible;)"
194.127.8.18 - - [16/Apr/2013:09:42:11 +0200] "GET /css/borna.css HTTP/1.1" 200 2909 "-" "Mozilla/4.0 (compatible;)"
194.127.8.25 - - [16/Apr/2013:09:42:11 +0200] "GET /seiten/start.htm HTTP/1.1" 200 7516 "-" "Mozilla/4.0 (compatible; MSIE 7.0; Windows NT 5.1; .NET CLR 1.1.4322; .NET CLR 2.0.50727; .NET CLR 3.0.4506.2152; .NET CLR 3.5.30729; MS-RTC LM 8)"
194.127.8.18 - - [16/Apr/2013:09:42:11 +0200] "GET /img/lay02.gif HTTP/1.1" 200 3503 "-" "Mozilla/4.0 (compatible;)"
194.127.8.18 - - [16/Apr/2013:09:42:11 +0200] "GET /img/men01.gif HTTP/1.1" 200 432 "-" "Mozilla/4.0 (compatible;)"
194.127.8.18 - - [16/Apr/2013:09:42:11 +0200] "GET /img/men03.gif HTTP/1.1" 200 1621 "-" "Mozilla/4.0 (compatible;)"
194.127.8.18 - - [16/Apr/2013:09:42:11 +0200] "GET /img/lay08.gif HTTP/1.1" 200 322 "-" "Mozilla/4.0 (compatible;)"
194.127.8.18 - - [16/Apr/2013:09:42:11 +0200] "GET /img/men06.gif HTTP/1.1" 200 1162 "-" "Mozilla/4.0 (compatible;)"
194.127.8.18 - - [16/Apr/2013:09:42:11 +0200] "GET /img/lay05.gif HTTP/1.1" 200 541 "-" "Mozilla/4.0 (compatible;)"
194.127.8.18 - - [16/Apr/2013:09:42:11 +0200] "GET /img/men08.gif HTTP/1.1" 200 1642 "-" "Mozilla/4.0 (compatible;)"
194.127.8.18 - - [16/Apr/2013:09:42:11 +0200] "GET /img/men09.gif HTTP/1.1" 200 708 "-" "Mozilla/4.0 (compatible;)"
194.127.8.18 - - [16/Apr/2013:09:42:11 +0200] "GET /img/men02a.gif HTTP/1.1" 200 589 "-" "Mozilla/4.0 (compatible;)"
194.127.8.18 - - [16/Apr/2013:09:42:11 +0200] "GET /img/bg3.gif HTTP/1.1" 200 143 "-" "Mozilla/4.0 (compatible;)"
194.127.8.18 - - [16/Apr/2013:09:42:11 +0200] "GET /img/bg2.gif HTTP/1.1" 200 49 "-" "Mozilla/4.0 (compatible;)"
194.127.8.18 - - [16/Apr/2013:09:42:11 +0200] "GET /img/lay03.gif HTTP/1.1" 200 671 "-" "Mozilla/4.0 (compatible;)"
194.127.8.18 - - [16/Apr/2013:09:42:11 +0200] "GET /img/lay01.gif HTTP/1.1" 200 384 "-" "Mozilla/4.0 (compatible;)"
194.127.8.18 - - [16/Apr/2013:09:42:11 +0200] "GET /img/lay04.gif HTTP/1.1" 200 210 "-" "Mozilla/4.0 (compatible;)"
194.127.8.18 - - [16/Apr/2013:09:42:11 +0200] "GET /img/bg4.gif HTTP/1.1" 200 135 "-" "Mozilla/4.0 (compatible;)"
194.127.8.18 - - [16/Apr/2013:09:42:11 +0200] "GET /img/men07.gif HTTP/1.1" 200 1396 "-" "Mozilla/4.0 (compatible;)"
194.127.8.18 - - [16/Apr/2013:09:42:11 +0200] "GET /img/pfeil.jpg HTTP/1.1" 200 380 "-" "Mozilla/4.0 (compatible;)"
194.127.8.18 - - [16/Apr/2013:09:42:11 +0200] "GET /img/1pixel.gif HTTP/1.1" 200 45 "-" "Mozilla/4.0 (compatible;)"
194.127.8.18 - - [16/Apr/2013:09:42:11 +0200] "GET /img/main_pic.jpg HTTP/1.1" 200 14864 "-" "Mozilla/4.0 (compatible;)"
194.127.8.18 - - [16/Apr/2013:09:42:11 +0200] "GET /img/men04.gif HTTP/1.1" 200 1395 "-" "Mozilla/4.0 (compatible;)"
194.127.8.18 - - [16/Apr/2013:09:42:11 +0200] "GET /img/lay07.gif HTTP/1.1" 200 272 "-" "Mozilla/4.0 (compatible;)"
194.127.8.18 - - [16/Apr/2013:09:42:11 +0200] "GET /img/bilder.swf HTTP/1.1" 200 78858 "-" "Mozilla/4.0 (compatible;)"
194.127.8.25 - - [16/Apr/2013:09:42:12 +0200] "GET /favicon.ico HTTP/1.1" 404 1256 "-" "Mozilla/4.0 (compatible; MSIE 7.0; Windows NT 5.1; .NET CLR 1.1.4322; .NET CLR 2.0.50727; .NET CLR 3.0.4506.2152; .NET CLR 3.5.30729; MS-RTC LM 8)"
194.127.8.25 - - [16/Apr/2013:09:42:12 +0200] "GET /img/men03a.gif HTTP/1.1" 200 820 "http://www.dialyse-borna.de/seiten/start.htm" "Mozilla/4.0 (compatible; MSIE 7.0; Windows NT 5.1; .NET CLR 1.1.4322; .NET CLR 2.0.50727; .NET CLR 3.0.4506.2152; .NET CLR 3.5.30729; MS-RTC LM 8)"
194.127.8.25 - - [16/Apr/2013:09:42:12 +0200] "GET /img/men04a.gif HTTP/1.1" 200 669 "http://www.dialyse-borna.de/seiten/start.htm" "Mozilla/4.0 (compatible; MSIE 7.0; Windows NT 5.1; .NET CLR 1.1.4322; .NET CLR 2.0.50727; .NET CLR 3.0.4506.2152; .NET CLR 3.5.30729; MS-RTC LM 8)"
194.127.8.25 - - [16/Apr/2013:09:42:12 +0200] "GET /img/men05a.gif HTTP/1.1" 200 556 "http://www.dialyse-borna.de/seiten/start.htm" "Mozilla/4.0 (compatible; MSIE 7.0; Windows NT 5.1; .NET CLR 1.1.4322; .NET CLR 2.0.50727; .NET CLR 3.0.4506.2152; .NET CLR 3.5.30729; MS-RTC LM 8)"
194.127.8.25 - - [16/Apr/2013:09:42:12 +0200] "GET /img/men08a.gif HTTP/1.1" 200 819 "http://www.dialyse-borna.de/seiten/start.htm" "Mozilla/4.0 (compatible; MSIE 7.0; Windows NT 5.1; .NET CLR 1.1.4322; .NET CLR 2.0.50727; .NET CLR 3.0.4506.2152; .NET CLR 3.5.30729; MS-RTC LM 8)"
194.127.8.25 - - [16/Apr/2013:09:42:12 +0200] "GET /img/men06a.gif HTTP/1.1" 200 518 "http://www.dialyse-borna.de/seiten/start.htm" "Mozilla/4.0 (compatible; MSIE 7.0; Windows NT 5.1; .NET CLR 1.1.4322; .NET CLR 2.0.50727; .NET CLR 3.0.4506.2152; .NET CLR 3.5.30729; MS-RTC LM 8)"
194.127.8.25 - - [16/Apr/2013:09:42:12 +0200] "GET /img/men07a.gif HTTP/1.1" 200 666 "http://www.dialyse-borna.de/seiten/start.htm" "Mozilla/4.0 (compatible; MSIE 7.0; Windows NT 5.1; .NET CLR 1.1.4322; .NET CLR 2.0.50727; .NET CLR 3.0.4506.2152; .NET CLR 3.5.30729; MS-RTC LM 8)"
194.127.8.25 - - [16/Apr/2013:09:42:14 +0200] "GET /seiten/praxis.htm HTTP/1.1" 200 7847 "http://www.dialyse-borna.de/seiten/start.htm" "Mozilla/4.0 (compatible; MSIE 7.0; Windows NT 5.1; .NET CLR 1.1.4322; .NET CLR 2.0.50727; .NET CLR 3.0.4506.2152; .NET CLR 3.5.30729; MS-RTC LM 8)"
194.127.8.18 - - [16/Apr/2013:09:42:14 +0200] "GET /img/schild.jpg HTTP/1.1" 200 12757 "-" "Mozilla/4.0 (compatible;)"
194.127.8.25 - - [16/Apr/2013:09:42:22 +0200] "GET /seiten/leist.htm HTTP/1.1" 200 7640 "http://www.dialyse-borna.de/seiten/praxis.htm" "Mozilla/4.0 (compatible; MSIE 7.0; Windows NT 5.1; .NET CLR 1.1.4322; .NET CLR 2.0.50727; .NET CLR 3.0.4506.2152; .NET CLR 3.5.30729; MS-RTC LM 8)"
194.127.8.25 - - [16/Apr/2013:09:42:22 +0200] "GET /img/men02.gif HTTP/1.1" 200 1273 "http://www.dialyse-borna.de/seiten/leist.htm" "Mozilla/4.0 (compatible; MSIE 7.0; Windows NT 5.1; .NET CLR 1.1.4322; .NET CLR 2.0.50727; .NET CLR 3.0.4506.2152; .NET CLR 3.5.30729; MS-RTC LM 8)"
194.127.8.25 - - [16/Apr/2013:09:42:22 +0200] "GET /img/leist.jpg HTTP/1.1" 200 18546 "http://www.dialyse-borna.de/seiten/leist.htm" "Mozilla/4.0 (compatible; MSIE 7.0; Windows NT 5.1; .NET CLR 1.1.4322; .NET CLR 2.0.50727; .NET CLR 3.0.4506.2152; .NET CLR 3.5.30729; MS-RTC LM 8)"
194.127.8.25 - - [16/Apr/2013:09:42:35 +0200] "GET /seiten/dialyse.htm HTTP/1.1" 200 7403 "http://www.dialyse-borna.de/seiten/leist.htm" "Mozilla/4.0 (compatible; MSIE 7.0; Windows NT 5.1; .NET CLR 1.1.4322; .NET CLR 2.0.50727; .NET CLR 3.0.4506.2152; .NET CLR 3.5.30729; MS-RTC LM 8)"
194.127.8.18 - - [16/Apr/2013:09:42:35 +0200] "GET /img/dialyse.jpg HTTP/1.1" 200 18017 "-" "Mozilla/4.0 (compatible;)"
194.127.8.25 - - [16/Apr/2013:09:42:42 +0200] "GET /seiten/links.htm HTTP/1.1" 200 7302 "http://www.dialyse-borna.de/seiten/dialyse.htm" "Mozilla/4.0 (compatible; MSIE 7.0; Windows NT 5.1; .NET CLR 1.1.4322; .NET CLR 2.0.50727; .NET CLR 3.0.4506.2152; .NET CLR 3.5.30729; MS-RTC LM 8)"
194.127.8.18 - - [16/Apr/2013:09:42:42 +0200] "GET /img/links.jpg HTTP/1.1" 200 15669 "-" "Mozilla/4.0 (compatible;)"
157.56.92.151 - - [16/Apr/2013:09:50:15 +0200] "GET /robots.txt HTTP/1.1" 200 157 "-" "Mozilla/5.0 (compatible; bingbot/2.0; +http://www.bing.com/bingbot.htm)"
157.56.92.151 - - [16/Apr/2013:09:52:43 +0200] "GET /seiten/links.htm HTTP/1.1" 200 7302 "-" "Mozilla/5.0 (compatible; bingbot/2.0; +http://www.bing.com/bingbot.htm)"
157.56.93.39 - - [16/Apr/2013:09:53:04 +0200] "GET /seiten/start.htm HTTP/1.1" 200 7516 "-" "Mozilla/5.0 (compatible; bingbot/2.0; +http://www.bing.com/bingbot.htm)"
157.56.93.222 - - [16/Apr/2013:09:54:13 +0200] "GET / HTTP/1.1" 200 2663 "-" "Mozilla/5.0 (compatible; bingbot/2.0; +http://www.bing.com/bingbot.htm)"
157.56.92.172 - - [16/Apr/2013:09:55:26 +0200] "GET /seiten/impr.htm HTTP/1.1" 200 9648 "-" "Mozilla/5.0 (compatible; bingbot/2.0; +http://www.bing.com/bingbot.htm)"
157.56.93.222 - - [16/Apr/2013:09:57:25 +0200] "GET / HTTP/1.1" 200 2663 "-" "Mozilla/5.0 (compatible; bingbot/2.0; +http://www.bing.com/bingbot.htm)"
66.249.73.188 - - [16/Apr/2013:10:03:37 +0200] "GET /seiten/kont.htm HTTP/1.1" 304 - "-" "Mozilla/5.0 (iPhone; U; CPU iPhone OS 4_1 like Mac OS X; en-us) AppleWebKit/532.9 (KHTML, like Gecko) Version/4.0.5 Mobile/8B117 Safari/6531.22.7 (compatible; Googlebot-Mobile/2.1; +http://www.google.com/bot.html)"
66.249.75.240 - - [16/Apr/2013:14:06:26 +0200] "GET /robots.txt HTTP/1.1" 200 157 "-" "Mozilla/5.0 (compatible; Googlebot/2.1; +http://www.google.com/bot.html)"
66.249.75.240 - - [16/Apr/2013:14:06:26 +0200] "GET /seiten/links.htm HTTP/1.1" 304 - "-" "SAMSUNG-SGH-E250/1.0 Profile/MIDP-2.0 Configuration/CLDC-1.1 UP.Browser/6.2.3.3.c.1.101 (GUI) MMP/2.0 (compatible; Googlebot-Mobile/2.1; +http://www.google.com/bot.html)"
93.115.85.169 - - [16/Apr/2013:15:42:47 +0200] "GET /seiten/links.htm HTTP/1.0" 200 7302 "http://www.dialyse-borna.de/seiten/links.htm" "Mozilla/5.0 (Windows NT 5.1) AppleWebKit/537.4 (KHTML, like Gecko) Chrome/22.0.1229.94 Safari/537.4"
66.249.76.240 - - [16/Apr/2013:16:41:33 +0200] "GET /robots.txt HTTP/1.1" 200 157 "-" "Mozilla/5.0 (compatible; Googlebot/2.1; +http://www.google.com/bot.html)"
66.249.76.240 - - [16/Apr/2013:16:41:33 +0200] "GET /seiten/impr.htm HTTP/1.1" 304 - "-" "Mozilla/5.0 (compatible; Googlebot/2.1; +http://www.google.com/bot.html)"
91.207.4.186 - - [16/Apr/2013:16:45:04 +0200] "GET /seiten/news.php HTTP/1.1" 200 7079 "http://ranedaly.net/" "Mozilla/4.0 (compatible; MSIE 5.01; Windows 95; MSIECrawler)"
91.207.4.186 - - [16/Apr/2013:16:45:04 +0200] "GET /seiten/news.php HTTP/1.1" 200 7079 "http://ranedaly.net/" "Mozilla/4.0 (compatible; MSIE 5.01; Windows 95; MSIECrawler)"
66.249.75.240 - - [16/Apr/2013:18:22:23 +0200] "GET /seiten/praxis.htm HTTP/1.1" 200 7847 "-" "Mozilla/5.0 (compatible; Googlebot/2.1; +http://www.google.com/bot.html)"
199.30.16.39 - - [16/Apr/2013:22:41:54 +0200] "GET /robots.txt HTTP/1.1" 200 157 "-" "msnbot-media/1.1 (+http://search.msn.com/msnbot.htm)"
199.30.16.39 - - [16/Apr/2013:22:41:54 +0200] "GET /img/men01.gif HTTP/1.1" 200 432 "-" "msnbot-media/1.1 (+http://search.msn.com/msnbot.htm)"
64.246.161.42 - - [16/Apr/2013:22:51:33 +0200] "GET /robots.txt HTTP/1.0" 200 157 "-" "Mozilla/5.0 (Windows; U; Windows NT 5.1; en; rv:1.9.0.13) Gecko/2009073022 Firefox/3.5.2 (.NET CLR 3.5.30729) SurveyBot/2.3 (DomainTools)"
64.246.161.42 - - [16/Apr/2013:22:51:33 +0200] "GET / HTTP/1.1" 200 2663 "http://whois.domaintools.com/dialyse-borna.de" "Mozilla/5.0 (Windows; U; Windows NT 5.1; en; rv:1.9.0.13) Gecko/2009073022 Firefox/3.5.2 (.NET CLR 3.5.30729) SurveyBot/2.3 (DomainTools)"
199.30.16.0 - - [16/Apr/2013:22:53:25 +0200] "GET /robots.txt HTTP/1.1" 200 157 "-" "msnbot-media/1.1 (+http://search.msn.com/msnbot.htm)"
199.30.16.0 - - [16/Apr/2013:22:53:25 +0200] "GET /img/men07.gif HTTP/1.1" 200 1396 "-" "msnbot-media/1.1 (+http://search.msn.com/msnbot.htm)"
157.56.92.172 - - [16/Apr/2013:22:56:06 +0200] "GET /robots.txt HTTP/1.1" 200 157 "-" "Mozilla/5.0 (compatible; bingbot/2.0; +http://www.bing.com/bingbot.htm)"
157.56.92.172 - - [16/Apr/2013:22:59:01 +0200] "GET /seiten/impr.htm HTTP/1.1" 200 9648 "-" "Mozilla/5.0 (compatible; bingbot/2.0; +http://www.bing.com/bingbot.htm)"
199.30.20.18 - - [17/Apr/2013:02:39:36 +0200] "GET /robots.txt HTTP/1.1" 200 157 "-" "msnbot-media/1.1 (+http://search.msn.com/msnbot.htm)"
199.30.20.18 - - [17/Apr/2013:02:39:36 +0200] "GET /img/men04a.gif HTTP/1.1" 200 669 "-" "msnbot-media/1.1 (+http://search.msn.com/msnbot.htm)"
216.244.73.250 - - [17/Apr/2013:02:47:04 +0200] "GET /seiten/links.htm+%28%27forums%27%29 HTTP/1.0" 404 1256 "http://www.dialyse-borna.de/seiten/links.htm+%28%27forums%27%29" "Opera/9.80 (Windows NT 6.1; Edition Yx) Presto/2.12.388 Version/12.10"
216.244.73.250 - - [17/Apr/2013:02:47:04 +0200] "GET / HTTP/1.0" 200 2663 "http://www.dialyse-borna.de/" "Opera/9.80 (Windows NT 6.1; Edition Yx) Presto/2.12.388 Version/12.10"
157.56.93.222 - - [17/Apr/2013:02:55:12 +0200] "GET /robots.txt HTTP/1.1" 200 157 "-" "Mozilla/5.0 (compatible; bingbot/2.0; +http://www.bing.com/bingbot.htm)"
157.56.93.222 - - [17/Apr/2013:02:59:06 +0200] "GET / HTTP/1.1" 200 2663 "-" "Mozilla/5.0 (compatible; bingbot/2.0; +http://www.bing.com/bingbot.htm)"
141.8.147.12 - - [17/Apr/2013:03:11:31 +0200] "GET /robots.txt HTTP/1.1" 200 157 "-" "Mozilla/5.0 (compatible; YandexBot/3.0; +http://yandex.com/bots)"
199.30.16.49 - - [17/Apr/2013:04:17:09 +0200] "GET /robots.txt HTTP/1.1" 200 157 "-" "msnbot-media/1.1 (+http://search.msn.com/msnbot.htm)"
199.30.16.49 - - [17/Apr/2013:04:17:10 +0200] "GET /img/men07a.gif HTTP/1.1" 200 666 "-" "msnbot-media/1.1 (+http://search.msn.com/msnbot.htm)"
