141.47.247.137 - - [15/Jun/2013:13:57:09 +0200] "GET /00themen00.swf HTTP/1.1" 304 - "http://www.dialyse-pforzheim.de/00themen00.html" "Mozilla/4.0 (compatible; MSIE 8.0; Windows NT 5.1; Trident/4.0)"
141.47.247.137 - - [15/Jun/2013:13:57:11 +0200] "GET /04.swf HTTP/1.1" 304 - "http://www.dialyse-pforzheim.de/04.html" "Mozilla/4.0 (compatible; MSIE 8.0; Windows NT 5.1; Trident/4.0)"
141.47.247.137 - - [15/Jun/2013:13:57:12 +0200] "GET /08.swf HTTP/1.1" 304 - "http://www.dialyse-pforzheim.de/08.html" "Mozilla/4.0 (compatible; MSIE 8.0; Windows NT 5.1; Trident/4.0)"
141.47.247.137 - - [15/Jun/2013:13:57:14 +0200] "GET /00themen00.swf HTTP/1.1" 304 - "http://www.dialyse-pforzheim.de/00themen00.html" "Mozilla/4.0 (compatible; MSIE 8.0; Windows NT 5.1; Trident/4.0)"
141.47.247.137 - - [15/Jun/2013:13:57:36 +0200] "GET /03a.swf HTTP/1.1" 304 - "http://www.dialyse-pforzheim.de/03a.html" "Mozilla/4.0 (compatible; MSIE 8.0; Windows NT 5.1; Trident/4.0)"
141.47.247.137 - - [15/Jun/2013:13:57:38 +0200] "GET /00themen00.swf HTTP/1.1" 304 - "http://www.dialyse-pforzheim.de/00themen00.html" "Mozilla/4.0 (compatible; MSIE 8.0; Windows NT 5.1; Trident/4.0)"
141.47.247.137 - - [15/Jun/2013:13:57:39 +0200] "GET /00start.swf HTTP/1.1" 304 - "-" "contype"
141.47.247.137 - - [15/Jun/2013:13:57:39 +0200] "GET /00start.swf HTTP/1.1" 304 - "http://www.dialyse-pforzheim.de/" "Mozilla/4.0 (compatible; MSIE 8.0; Windows NT 5.1; Trident/4.0)"
2.205.7.210 - - [15/Jun/2013:13:57:59 +0200] "GET / HTTP/1.1" 200 2366 "http://www.google.de/url?sa=t&rct=j&q=nephrologisches%20centrum%20pforzheim&source=web&cd=1&ved=0CC4QFjAA&url=http%3A%2F%2Fwww.dialyse-calw.de%2F&ei=ela8Ue7ME4PkswarhIFo&usg=AFQjCNECMxQiO0NOt3ERqW1uzT1RIToCeg&bvm=bv.47883778,d.Yms" "Mozilla/5.0 (compatible; MSIE 9.0; Windows NT 6.0; Trident/5.0)"
2.205.7.210 - - [15/Jun/2013:13:58:00 +0200] "HEAD /00start.swf HTTP/1.1" 200 - "-" "contype"
2.205.7.210 - - [15/Jun/2013:13:58:01 +0200] "GET /00start.swf HTTP/1.1" 200 8575 "http://www.dialyse-calw.de/" "Mozilla/5.0 (compatible; MSIE 9.0; Windows NT 6.0; Trident/5.0)"
2.205.7.210 - - [15/Jun/2013:13:58:03 +0200] "GET /favicon.ico HTTP/1.1" 404 1256 "-" "Mozilla/5.0 (compatible; MSIE 9.0; Windows NT 6.0; Trident/5.0)"
2.205.7.210 - - [15/Jun/2013:13:58:04 +0200] "GET /00themen00.html HTTP/1.1" 200 2254 "http://www.dialyse-calw.de/00start.swf" "Mozilla/5.0 (compatible; MSIE 9.0; Windows NT 6.0; Trident/5.0)"
2.205.7.210 - - [15/Jun/2013:13:58:05 +0200] "GET /AC_RunActiveContent.js HTTP/1.1" 200 8029 "http://www.dialyse-calw.de/00themen00.html" "Mozilla/5.0 (compatible; MSIE 9.0; Windows NT 6.0; Trident/5.0)"
2.205.7.210 - - [15/Jun/2013:13:58:06 +0200] "GET /00themen00.swf HTTP/1.1" 200 136579 "http://www.dialyse-calw.de/00themen00.html" "Mozilla/5.0 (compatible; MSIE 9.0; Windows NT 6.0; Trident/5.0)"
2.205.7.210 - - [15/Jun/2013:13:58:10 +0200] "GET /favicon.ico HTTP/1.1" 404 1256 "-" "Mozilla/5.0 (compatible; MSIE 9.0; Windows NT 6.0; Trident/5.0)"
2.205.7.210 - - [15/Jun/2013:13:58:16 +0200] "GET /03.html HTTP/1.1" 200 1982 "http://www.dialyse-calw.de/00themen00.swf" "Mozilla/5.0 (compatible; MSIE 9.0; Windows NT 6.0; Trident/5.0)"
2.205.7.210 - - [15/Jun/2013:13:58:16 +0200] "GET /03.swf HTTP/1.1" 200 74505 "http://www.dialyse-calw.de/03.html" "Mozilla/5.0 (compatible; MSIE 9.0; Windows NT 6.0; Trident/5.0)"
2.205.7.210 - - [15/Jun/2013:13:58:28 +0200] "GET /03a.html HTTP/1.1" 200 1991 "http://www.dialyse-calw.de/00themen00.swf" "Mozilla/5.0 (compatible; MSIE 9.0; Windows NT 6.0; Trident/5.0)"
2.205.7.210 - - [15/Jun/2013:13:58:30 +0200] "GET /03a.swf HTTP/1.1" 200 94997 "http://www.dialyse-calw.de/03a.html" "Mozilla/5.0 (compatible; MSIE 9.0; Windows NT 6.0; Trident/5.0)"
2.205.7.210 - - [15/Jun/2013:13:58:44 +0200] "GET /05.html HTTP/1.1" 200 1982 "http://www.dialyse-calw.de/00themen00.swf" "Mozilla/5.0 (compatible; MSIE 9.0; Windows NT 6.0; Trident/5.0)"
2.205.7.210 - - [15/Jun/2013:13:58:44 +0200] "GET /05.swf HTTP/1.1" 200 58083 "http://www.dialyse-calw.de/05.html" "Mozilla/5.0 (compatible; MSIE 9.0; Windows NT 6.0; Trident/5.0)"
2.205.7.210 - - [15/Jun/2013:13:58:57 +0200] "GET /04.html HTTP/1.1" 200 2106 "http://www.dialyse-calw.de/00themen00.swf" "Mozilla/5.0 (compatible; MSIE 9.0; Windows NT 6.0; Trident/5.0)"
2.205.7.210 - - [15/Jun/2013:13:59:00 +0200] "GET /04.swf HTTP/1.1" 200 62769 "http://www.dialyse-calw.de/04.html" "Mozilla/5.0 (compatible; MSIE 9.0; Windows NT 6.0; Trident/5.0)"
2.205.7.210 - - [15/Jun/2013:13:59:14 +0200] "GET /04Karteaaa.html HTTP/1.1" 200 2077 "http://www.dialyse-calw.de/04.swf" "Mozilla/5.0 (compatible; MSIE 9.0; Windows NT 6.0; Trident/5.0)"
2.205.7.210 - - [15/Jun/2013:13:59:14 +0200] "GET /04Karteaaa.swf HTTP/1.1" 200 18538 "http://www.dialyse-calw.de/04Karteaaa.html" "Mozilla/5.0 (compatible; MSIE 9.0; Windows NT 6.0; Trident/5.0)"
2.205.7.210 - - [15/Jun/2013:13:59:24 +0200] "GET /04Kartebbb.html HTTP/1.1" 200 2077 "http://www.dialyse-calw.de/04.swf" "Mozilla/5.0 (compatible; MSIE 9.0; Windows NT 6.0; Trident/5.0)"
2.205.7.210 - - [15/Jun/2013:13:59:25 +0200] "GET /04Kartebbb.swf HTTP/1.1" 200 32635 "http://www.dialyse-calw.de/04Kartebbb.html" "Mozilla/5.0 (compatible; MSIE 9.0; Windows NT 6.0; Trident/5.0)"
66.249.72.214 - - [15/Jun/2013:14:40:05 +0200] "GET /robots.txt HTTP/1.1" 404 1256 "-" "Mozilla/5.0 (compatible; Googlebot/2.1; +http://www.google.com/bot.html)"
66.249.72.214 - - [15/Jun/2013:14:40:05 +0200] "GET /04Karteccc.swf HTTP/1.1" 200 32338 "-" "DoCoMo/2.0 N905i(c100;TB;W24H16) (compatible; Googlebot-Mobile/2.1; +http://www.google.com/bot.html)"
157.56.92.160 - - [15/Jun/2013:14:42:03 +0200] "GET /robots.txt HTTP/1.1" 404 1256 "-" "Mozilla/5.0 (compatible; bingbot/2.0; +http://www.bing.com/bingbot.htm)"
157.56.92.160 - - [15/Jun/2013:14:42:42 +0200] "GET / HTTP/1.1" 200 2366 "-" "Mozilla/5.0 (compatible; bingbot/2.0; +http://www.bing.com/bingbot.htm)"
217.69.133.67 - - [15/Jun/2013:15:24:51 +0200] "GET / HTTP/1.0" 200 2366 "-" "Mozilla/5.0 (compatible; Linux x86_64; Mail.RU_Bot/2.0; +http://go.mail.ru/help/robots)"
199.19.249.196 - - [15/Jun/2013:15:40:39 +0200] "GET /08.html HTTP/1.1" 200 2005 "-" "Mozilla/4.0 (compatible; MSIE 7.0; Windows NT 5.1; InfoPath.1; .NET CLR 2.0.50727; .NET CLR 1.1.4322; MS-RTC LM 8; .NET CLR 3.0.4506.2152; .NET CLR 3.5.30729)"
157.56.93.72 - - [15/Jun/2013:15:57:19 +0200] "GET /robots.txt HTTP/1.1" 404 1256 "-" "Mozilla/5.0 (compatible; bingbot/2.0; +http://www.bing.com/bingbot.htm)"
157.56.93.72 - - [15/Jun/2013:15:58:56 +0200] "GET / HTTP/1.1" 200 2366 "-" "Mozilla/5.0 (compatible; bingbot/2.0; +http://www.bing.com/bingbot.htm)"
85.89.91.159 - - [15/Jun/2013:17:12:05 +0200] "GET / HTTP/1.1" 200 2366 "http://www.google.com/url?sa=t&rct=j&q=&esrc=s&source=web&cd=1&ved=0CCoQFjAA&url=http%3A%2F%2Fwww.dialyse-calw.de%2F&ei=8oO8UdeBCYi04ATe1oDoBw&usg=AFQjCNECMxQiO0NOt3ERqW1uzT1RIToCeg&bvm=bv.47883778,d.bGE" "Mozilla/5.0 (X11; Ubuntu; Linux i686; rv:21.0) Gecko/20100101 Firefox/21.0"
85.89.91.159 - - [15/Jun/2013:17:12:05 +0200] "GET /00start.swf HTTP/1.1" 200 8575 "http://www.dialyse-calw.de/" "Mozilla/5.0 (X11; Ubuntu; Linux i686; rv:21.0) Gecko/20100101 Firefox/21.0"
85.89.91.159 - - [15/Jun/2013:17:12:08 +0200] "GET /favicon.ico HTTP/1.1" 404 1256 "-" "Mozilla/5.0 (X11; Ubuntu; Linux i686; rv:21.0) Gecko/20100101 Firefox/21.0"
85.89.91.159 - - [15/Jun/2013:17:12:08 +0200] "GET /favicon.ico HTTP/1.1" 404 1256 "-" "Mozilla/5.0 (X11; Ubuntu; Linux i686; rv:21.0) Gecko/20100101 Firefox/21.0"
85.89.91.159 - - [15/Jun/2013:17:12:13 +0200] "GET /00themen00.html HTTP/1.1" 200 2254 "http://www.dialyse-calw.de/" "Mozilla/5.0 (X11; Ubuntu; Linux i686; rv:21.0) Gecko/20100101 Firefox/21.0"
85.89.91.159 - - [15/Jun/2013:17:12:13 +0200] "GET /AC_RunActiveContent.js HTTP/1.1" 200 8029 "http://www.dialyse-calw.de/00themen00.html" "Mozilla/5.0 (X11; Ubuntu; Linux i686; rv:21.0) Gecko/20100101 Firefox/21.0"
85.89.91.159 - - [15/Jun/2013:17:12:13 +0200] "GET /00themen00.swf HTTP/1.1" 200 136579 "http://www.dialyse-calw.de/00themen00.html" "Mozilla/5.0 (X11; Ubuntu; Linux i686; rv:21.0) Gecko/20100101 Firefox/21.0"
85.89.91.159 - - [15/Jun/2013:17:12:16 +0200] "GET /03.html HTTP/1.1" 200 1982 "http://www.dialyse-calw.de/00themen00.html" "Mozilla/5.0 (X11; Ubuntu; Linux i686; rv:21.0) Gecko/20100101 Firefox/21.0"
85.89.91.159 - - [15/Jun/2013:17:12:16 +0200] "GET /03.swf HTTP/1.1" 200 74505 "http://www.dialyse-calw.de/03.html" "Mozilla/5.0 (X11; Ubuntu; Linux i686; rv:21.0) Gecko/20100101 Firefox/21.0"
85.89.91.159 - - [15/Jun/2013:17:12:49 +0200] "GET /04.html HTTP/1.1" 200 2106 "http://www.dialyse-calw.de/00themen00.html" "Mozilla/5.0 (X11; Ubuntu; Linux i686; rv:21.0) Gecko/20100101 Firefox/21.0"
85.89.91.159 - - [15/Jun/2013:17:12:49 +0200] "GET /04.swf HTTP/1.1" 200 62769 "http://www.dialyse-calw.de/04.html" "Mozilla/5.0 (X11; Ubuntu; Linux i686; rv:21.0) Gecko/20100101 Firefox/21.0"
85.89.91.159 - - [15/Jun/2013:17:13:00 +0200] "GET /04Karteddd.html HTTP/1.1" 200 2077 "http://www.dialyse-calw.de/04.html" "Mozilla/5.0 (X11; Ubuntu; Linux i686; rv:21.0) Gecko/20100101 Firefox/21.0"
85.89.91.159 - - [15/Jun/2013:17:13:00 +0200] "GET /04Karteddd.swf HTTP/1.1" 200 33790 "http://www.dialyse-calw.de/04Karteddd.html" "Mozilla/5.0 (X11; Ubuntu; Linux i686; rv:21.0) Gecko/20100101 Firefox/21.0"
157.55.32.111 - - [15/Jun/2013:18:32:14 +0200] "GET /robots.txt HTTP/1.1" 404 1256 "-" "Mozilla/5.0 (compatible; bingbot/2.0; +http://www.bing.com/bingbot.htm)"
157.55.32.111 - - [15/Jun/2013:18:32:52 +0200] "GET / HTTP/1.1" 200 2366 "-" "Mozilla/5.0 (compatible; bingbot/2.0; +http://www.bing.com/bingbot.htm)"
157.56.92.146 - - [15/Jun/2013:18:35:51 +0200] "GET /robots.txt HTTP/1.1" 404 1256 "-" "Mozilla/5.0 (compatible; bingbot/2.0; +http://www.bing.com/bingbot.htm)"
157.56.92.146 - - [15/Jun/2013:18:36:21 +0200] "GET / HTTP/1.1" 200 2366 "-" "Mozilla/5.0 (compatible; bingbot/2.0; +http://www.bing.com/bingbot.htm)"
157.56.92.177 - - [15/Jun/2013:20:40:53 +0200] "GET /robots.txt HTTP/1.1" 404 1256 "-" "Mozilla/5.0 (compatible; bingbot/2.0; +http://www.bing.com/bingbot.htm)"
157.56.92.177 - - [15/Jun/2013:20:41:48 +0200] "GET /03a.html HTTP/1.1" 200 1991 "-" "Mozilla/5.0 (compatible; bingbot/2.0; +http://www.bing.com/bingbot.htm)"
157.55.32.76 - - [15/Jun/2013:20:42:16 +0200] "GET /03.swf HTTP/1.1" 200 74505 "-" "Mozilla/5.0 (compatible; bingbot/2.0; +http://www.bing.com/bingbot.htm)"
157.56.92.160 - - [15/Jun/2013:20:42:46 +0200] "GET /02.html HTTP/1.1" 200 1982 "-" "Mozilla/5.0 (compatible; bingbot/2.0; +http://www.bing.com/bingbot.htm)"
157.56.92.160 - - [15/Jun/2013:20:42:46 +0200] "GET /01.swf HTTP/1.1" 200 19349 "-" "Mozilla/5.0 (compatible; bingbot/2.0; +http://www.bing.com/bingbot.htm)"
157.56.92.157 - - [15/Jun/2013:21:02:54 +0200] "GET /04Karteaaa.html HTTP/1.1" 200 2077 "-" "Mozilla/5.0 (compatible; bingbot/2.0; +http://www.bing.com/bingbot.htm)"
157.56.92.157 - - [15/Jun/2013:21:02:54 +0200] "GET /01.html HTTP/1.1" 200 1982 "-" "Mozilla/5.0 (compatible; bingbot/2.0; +http://www.bing.com/bingbot.htm)"
74.95.0.186 - - [15/Jun/2013:21:39:20 +0200] "GET /robots.txt HTTP/1.0" 404 1256 "-" "nrsbot/6"
74.95.0.186 - - [15/Jun/2013:21:39:20 +0200] "GET / HTTP/1.0" 200 2366 "-" "nrsbot/6"
66.249.72.27 - - [15/Jun/2013:21:52:02 +0200] "GET /robots.txt HTTP/1.1" 404 1256 "-" "Mozilla/5.0 (compatible; Googlebot/2.1; +http://www.google.com/bot.html)"
66.249.72.27 - - [15/Jun/2013:21:52:02 +0200] "GET / HTTP/1.1" 200 2366 "-" "Mozilla/5.0 (iPhone; U; CPU iPhone OS 4_1 like Mac OS X; en-us) AppleWebKit/532.9 (KHTML, like Gecko) Version/4.0.5 Mobile/8B117 Safari/6531.22.7 (compatible; Googlebot-Mobile/2.1; +http://www.google.com/bot.html)"
66.249.72.27 - - [15/Jun/2013:21:55:02 +0200] "GET / HTTP/1.1" 200 2366 "-" "DoCoMo/2.0 N905i(c100;TB;W24H16) (compatible; Googlebot-Mobile/2.1; +http://www.google.com/bot.html)"
157.56.92.160 - - [15/Jun/2013:22:34:50 +0200] "GET /robots.txt HTTP/1.1" 404 1256 "-" "Mozilla/5.0 (compatible; bingbot/2.0; +http://www.bing.com/bingbot.htm)"
84.163.59.105 - - [15/Jun/2013:22:34:55 +0200] "GET / HTTP/1.1" 200 2366 "http://www.siloah.de/content.php" "Mozilla/5.0 (compatible; MSIE 9.0; Windows NT 6.0; Trident/5.0)"
84.163.59.105 - - [15/Jun/2013:22:34:55 +0200] "HEAD /00start.swf HTTP/1.1" 200 - "-" "contype"
84.163.59.105 - - [15/Jun/2013:22:34:56 +0200] "GET /00start.swf HTTP/1.1" 200 8575 "http://www.dialyse-calw.de/" "Mozilla/5.0 (compatible; MSIE 9.0; Windows NT 6.0; Trident/5.0)"
84.163.59.105 - - [15/Jun/2013:22:34:56 +0200] "GET /favicon.ico HTTP/1.1" 404 1256 "-" "Mozilla/5.0 (compatible; MSIE 9.0; Windows NT 6.0; Trident/5.0)"
84.163.59.105 - - [15/Jun/2013:22:34:57 +0200] "GET /favicon.ico HTTP/1.1" 404 1256 "-" "Mozilla/5.0 (compatible; Google Desktop/5.9.1005.12335; http://desktop.google.com/)"
84.163.59.105 - - [15/Jun/2013:22:35:10 +0200] "GET / HTTP/1.1" 200 2366 "http://www.dialyse-calw.de/" "Mozilla/5.0 (compatible; MSIE 9.0; Windows NT 6.0; Trident/5.0)"
84.163.59.105 - - [15/Jun/2013:22:35:10 +0200] "HEAD /00start.swf HTTP/1.1" 200 - "-" "contype"
84.163.59.105 - - [15/Jun/2013:22:35:11 +0200] "GET /00start.swf HTTP/1.1" 200 8575 "http://www.dialyse-pforzheim.de/" "Mozilla/5.0 (compatible; MSIE 9.0; Windows NT 6.0; Trident/5.0)"
84.163.59.105 - - [15/Jun/2013:22:35:11 +0200] "GET /favicon.ico HTTP/1.1" 404 1256 "-" "Mozilla/5.0 (compatible; MSIE 9.0; Windows NT 6.0; Trident/5.0)"
84.163.59.105 - - [15/Jun/2013:22:35:12 +0200] "GET /favicon.ico HTTP/1.1" 404 1256 "-" "Mozilla/5.0 (compatible; Google Desktop/5.9.1005.12335; http://desktop.google.com/)"
84.163.59.105 - - [15/Jun/2013:22:35:19 +0200] "GET /00themen00.html HTTP/1.1" 200 2254 "http://www.dialyse-pforzheim.de/00start.swf" "Mozilla/5.0 (compatible; MSIE 9.0; Windows NT 6.0; Trident/5.0)"
84.163.59.105 - - [15/Jun/2013:22:35:19 +0200] "GET /AC_RunActiveContent.js HTTP/1.1" 200 8029 "http://www.dialyse-pforzheim.de/00themen00.html" "Mozilla/5.0 (compatible; MSIE 9.0; Windows NT 6.0; Trident/5.0)"
84.163.59.105 - - [15/Jun/2013:22:35:20 +0200] "GET /00themen00.swf HTTP/1.1" 200 136579 "http://www.dialyse-pforzheim.de/00themen00.html" "Mozilla/5.0 (compatible; MSIE 9.0; Windows NT 6.0; Trident/5.0)"
84.163.59.105 - - [15/Jun/2013:22:35:21 +0200] "GET /favicon.ico HTTP/1.1" 404 1256 "-" "Mozilla/5.0 (compatible; MSIE 9.0; Windows NT 6.0; Trident/5.0)"
84.163.59.105 - - [15/Jun/2013:22:35:24 +0200] "GET /03.html HTTP/1.1" 200 1982 "http://www.dialyse-pforzheim.de/00themen00.swf" "Mozilla/5.0 (compatible; MSIE 9.0; Windows NT 6.0; Trident/5.0)"
84.163.59.105 - - [15/Jun/2013:22:35:25 +0200] "GET /03.swf HTTP/1.1" 200 74505 "http://www.dialyse-pforzheim.de/03.html" "Mozilla/5.0 (compatible; MSIE 9.0; Windows NT 6.0; Trident/5.0)"
157.56.92.160 - - [15/Jun/2013:22:35:54 +0200] "GET / HTTP/1.1" 200 2366 "-" "Mozilla/5.0 (compatible; bingbot/2.0; +http://www.bing.com/bingbot.htm)"
84.163.59.105 - - [15/Jun/2013:22:36:10 +0200] "GET /02.html HTTP/1.1" 200 1982 "http://www.dialyse-pforzheim.de/00themen00.swf" "Mozilla/5.0 (compatible; MSIE 9.0; Windows NT 6.0; Trident/5.0)"
84.163.59.105 - - [15/Jun/2013:22:36:10 +0200] "GET /02.swf HTTP/1.1" 200 22781 "http://www.dialyse-pforzheim.de/02.html" "Mozilla/5.0 (compatible; MSIE 9.0; Windows NT 6.0; Trident/5.0)"
84.163.59.105 - - [15/Jun/2013:22:37:02 +0200] "HEAD /00start.swf HTTP/1.1" 200 - "-" "contype"
66.249.72.214 - - [15/Jun/2013:22:56:21 +0200] "GET /robots.txt HTTP/1.1" 404 1256 "-" "Mozilla/5.0 (compatible; Googlebot/2.1; +http://www.google.com/bot.html)"
66.249.72.214 - - [15/Jun/2013:22:56:21 +0200] "GET / HTTP/1.1" 200 2366 "-" "SAMSUNG-SGH-E250/1.0 Profile/MIDP-2.0 Configuration/CLDC-1.1 UP.Browser/6.2.3.3.c.1.101 (GUI) MMP/2.0 (compatible; Googlebot-Mobile/2.1; +http://www.google.com/bot.html)"
66.249.72.58 - - [15/Jun/2013:23:31:32 +0200] "GET /robots.txt HTTP/1.1" 404 1256 "-" "Mozilla/5.0 (compatible; Googlebot/2.1; +http://www.google.com/bot.html)"
66.249.72.58 - - [15/Jun/2013:23:31:32 +0200] "GET / HTTP/1.1" 200 2366 "-" "SAMSUNG-SGH-E250/1.0 Profile/MIDP-2.0 Configuration/CLDC-1.1 UP.Browser/6.2.3.3.c.1.101 (GUI) MMP/2.0 (compatible; Googlebot-Mobile/2.1; +http://www.google.com/bot.html)"
157.56.93.72 - - [15/Jun/2013:23:41:56 +0200] "GET /robots.txt HTTP/1.1" 404 1256 "-" "Mozilla/5.0 (compatible; bingbot/2.0; +http://www.bing.com/bingbot.htm)"
157.56.93.72 - - [15/Jun/2013:23:42:55 +0200] "GET / HTTP/1.1" 200 2366 "-" "Mozilla/5.0 (compatible; bingbot/2.0; +http://www.bing.com/bingbot.htm)"
37.139.52.23 - - [16/Jun/2013:00:55:02 +0200] "GET / HTTP/1.1" 200 2366 "http://www.vsegsm.ru/sonnik/musulmanskiy_sonnik/" "Mozilla/4.0 (compatible; MSIE 6.0; Windows NT 5.0; KTXN)"
37.139.52.23 - - [16/Jun/2013:00:55:03 +0200] "GET / HTTP/1.1" 200 2366 "http://www.vsegsm.ru/sonnik/musulmanskiy_sonnik/" "Mozilla/4.0 (compatible; MSIE 6.0; Windows NT 5.0; KTXN)"
66.249.72.27 - - [16/Jun/2013:01:10:07 +0200] "GET /09.html HTTP/1.1" 304 - "-" "Mozilla/5.0 (iPhone; U; CPU iPhone OS 4_1 like Mac OS X; en-us) AppleWebKit/532.9 (KHTML, like Gecko) Version/4.0.5 Mobile/8B117 Safari/6531.22.7 (compatible; Googlebot-Mobile/2.1; +http://www.google.com/bot.html)"
176.9.39.170 - - [16/Jun/2013:01:17:06 +0200] "GET / HTTP/1.1" 200 2366 "-" "-"
157.55.32.111 - - [16/Jun/2013:02:11:38 +0200] "GET /robots.txt HTTP/1.1" 404 1256 "-" "Mozilla/5.0 (compatible; bingbot/2.0; +http://www.bing.com/bingbot.htm)"
157.55.32.111 - - [16/Jun/2013:02:12:20 +0200] "GET / HTTP/1.1" 200 2366 "-" "Mozilla/5.0 (compatible; bingbot/2.0; +http://www.bing.com/bingbot.htm)"
188.40.133.208 - - [16/Jun/2013:03:32:49 +0200] "GET / HTTP/1.0" 200 2366 "-" "Snoopy v1.2.4"
66.249.72.27 - - [16/Jun/2013:03:49:07 +0200] "GET /00themen00.html HTTP/1.1" 304 - "-" "SAMSUNG-SGH-E250/1.0 Profile/MIDP-2.0 Configuration/CLDC-1.1 UP.Browser/6.2.3.3.c.1.101 (GUI) MMP/2.0 (compatible; Googlebot-Mobile/2.1; +http://www.google.com/bot.html)"
207.189.121.45 - - [16/Jun/2013:04:19:45 +0200] "GET / HTTP/1.1" 200 2366 "-" "Mozilla/5.0 (Windows; U; Windows NT 5.1; en-US; rv:1.9.2.8) Gecko/20100721 Firefox/3.6.8"
207.189.121.45 - - [16/Jun/2013:04:19:56 +0200] "GET / HTTP/1.1" 200 2366 "http://www.dialyse-pforzheim.de/" "Mozilla/5.0 (Windows; U; Windows NT 5.1; en-US; rv:1.9.2.8) Gecko/20100721 Firefox/3.6.8"
66.249.72.27 - - [16/Jun/2013:05:36:45 +0200] "GET /00themen00.html HTTP/1.1" 304 - "-" "DoCoMo/2.0 N905i(c100;TB;W24H16) (compatible; Googlebot-Mobile/2.1; +http://www.google.com/bot.html)"
157.56.92.146 - - [16/Jun/2013:06:26:06 +0200] "GET /robots.txt HTTP/1.1" 404 1256 "-" "Mozilla/5.0 (compatible; bingbot/2.0; +http://www.bing.com/bingbot.htm)"
157.56.92.146 - - [16/Jun/2013:06:26:59 +0200] "GET / HTTP/1.1" 200 2366 "-" "Mozilla/5.0 (compatible; bingbot/2.0; +http://www.bing.com/bingbot.htm)"
5.9.7.208 - - [16/Jun/2013:06:35:17 +0200] "GET /robots.txt HTTP/1.0" 404 1256 "-" "Mozilla/5.0 (compatible; MJ12bot/v1.4.3; http://www.majestic12.co.uk/bot.php?+)"
5.9.7.208 - - [16/Jun/2013:06:35:20 +0200] "GET / HTTP/1.0" 200 2366 "-" "Mozilla/5.0 (compatible; MJ12bot/v1.4.3; http://www.majestic12.co.uk/bot.php?+)"
91.45.166.227 - - [16/Jun/2013:07:43:34 +0200] "GET / HTTP/1.1" 200 2366 "http://www.google.de/url?sa=t&rct=j&q=nephrologisches%20zentrum%20pforzheim&source=web&cd=2&ved=0CDQQFjAB&url=http%3A%2F%2Fwww.dialyse-calw.de%2F&ei=H1C9UdfENu2O4gSGy4DYBw&usg=AFQjCNECMxQiO0NOt3ERqW1uzT1RIToCeg" "Mozilla/5.0 (Windows NT 6.0; rv:21.0) Gecko/20100101 Firefox/21.0"
91.45.166.227 - - [16/Jun/2013:07:43:34 +0200] "GET /00start.swf HTTP/1.1" 200 8575 "http://www.dialyse-calw.de/" "Mozilla/5.0 (Windows NT 6.0; rv:21.0) Gecko/20100101 Firefox/21.0"
91.45.166.227 - - [16/Jun/2013:07:43:35 +0200] "GET /favicon.ico HTTP/1.1" 404 1256 "-" "Mozilla/5.0 (Windows NT 6.0; rv:21.0) Gecko/20100101 Firefox/21.0"
91.45.166.227 - - [16/Jun/2013:07:43:39 +0200] "GET /00themen00.html HTTP/1.1" 200 2254 "http://www.dialyse-calw.de/" "Mozilla/5.0 (Windows NT 6.0; rv:21.0) Gecko/20100101 Firefox/21.0"
91.45.166.227 - - [16/Jun/2013:07:43:40 +0200] "GET /AC_RunActiveContent.js HTTP/1.1" 200 8029 "http://www.dialyse-calw.de/00themen00.html" "Mozilla/5.0 (Windows NT 6.0; rv:21.0) Gecko/20100101 Firefox/21.0"
91.45.166.227 - - [16/Jun/2013:07:43:40 +0200] "GET /00themen00.swf HTTP/1.1" 200 136579 "http://www.dialyse-calw.de/00themen00.html" "Mozilla/5.0 (Windows NT 6.0; rv:21.0) Gecko/20100101 Firefox/21.0"
91.45.166.227 - - [16/Jun/2013:07:43:46 +0200] "GET /01.html HTTP/1.1" 200 1982 "http://www.dialyse-calw.de/00themen00.html" "Mozilla/5.0 (Windows NT 6.0; rv:21.0) Gecko/20100101 Firefox/21.0"
91.45.166.227 - - [16/Jun/2013:07:43:46 +0200] "GET /01.swf HTTP/1.1" 200 19349 "http://www.dialyse-calw.de/01.html" "Mozilla/5.0 (Windows NT 6.0; rv:21.0) Gecko/20100101 Firefox/21.0"
91.45.166.227 - - [16/Jun/2013:07:44:13 +0200] "GET /02.html HTTP/1.1" 200 1982 "http://www.dialyse-calw.de/00themen00.html" "Mozilla/5.0 (Windows NT 6.0; rv:21.0) Gecko/20100101 Firefox/21.0"
91.45.166.227 - - [16/Jun/2013:07:44:13 +0200] "GET /02.swf HTTP/1.1" 200 22781 "http://www.dialyse-calw.de/02.html" "Mozilla/5.0 (Windows NT 6.0; rv:21.0) Gecko/20100101 Firefox/21.0"
91.45.166.227 - - [16/Jun/2013:07:44:36 +0200] "GET /03.html HTTP/1.1" 200 1982 "http://www.dialyse-calw.de/00themen00.html" "Mozilla/5.0 (Windows NT 6.0; rv:21.0) Gecko/20100101 Firefox/21.0"
91.45.166.227 - - [16/Jun/2013:07:44:44 +0200] "GET /03.swf HTTP/1.1" 200 74505 "http://www.dialyse-calw.de/03.html" "Mozilla/5.0 (Windows NT 6.0; rv:21.0) Gecko/20100101 Firefox/21.0"
91.45.166.227 - - [16/Jun/2013:07:45:03 +0200] "GET /04.html HTTP/1.1" 200 2106 "http://www.dialyse-calw.de/00themen00.html" "Mozilla/5.0 (Windows NT 6.0; rv:21.0) Gecko/20100101 Firefox/21.0"
91.45.166.227 - - [16/Jun/2013:07:45:03 +0200] "GET /04.swf HTTP/1.1" 200 62769 "http://www.dialyse-calw.de/04.html" "Mozilla/5.0 (Windows NT 6.0; rv:21.0) Gecko/20100101 Firefox/21.0"
91.45.166.227 - - [16/Jun/2013:07:45:08 +0200] "GET /04Kartebbb.html HTTP/1.1" 200 2077 "http://www.dialyse-calw.de/04.html" "Mozilla/5.0 (Windows NT 6.0; rv:21.0) Gecko/20100101 Firefox/21.0"
91.45.166.227 - - [16/Jun/2013:07:45:09 +0200] "GET /04Kartebbb.swf HTTP/1.1" 200 32635 "http://www.dialyse-calw.de/04Kartebbb.html" "Mozilla/5.0 (Windows NT 6.0; rv:21.0) Gecko/20100101 Firefox/21.0"
91.45.166.227 - - [16/Jun/2013:07:45:17 +0200] "GET /05.html HTTP/1.1" 200 1982 "http://www.dialyse-calw.de/00themen00.html" "Mozilla/5.0 (Windows NT 6.0; rv:21.0) Gecko/20100101 Firefox/21.0"
91.45.166.227 - - [16/Jun/2013:07:45:17 +0200] "GET /05.swf HTTP/1.1" 200 58083 "http://www.dialyse-calw.de/05.html" "Mozilla/5.0 (Windows NT 6.0; rv:21.0) Gecko/20100101 Firefox/21.0"
91.45.166.227 - - [16/Jun/2013:07:45:24 +0200] "GET /06.html HTTP/1.1" 200 2278 "http://www.dialyse-calw.de/00themen00.html" "Mozilla/5.0 (Windows NT 6.0; rv:21.0) Gecko/20100101 Firefox/21.0"
91.45.166.227 - - [16/Jun/2013:07:45:25 +0200] "GET /06.swf HTTP/1.1" 200 20731 "http://www.dialyse-calw.de/06.html" "Mozilla/5.0 (Windows NT 6.0; rv:21.0) Gecko/20100101 Firefox/21.0"
91.45.166.227 - - [16/Jun/2013:07:45:30 +0200] "GET /07.html HTTP/1.1" 200 2319 "http://www.dialyse-calw.de/00themen00.html" "Mozilla/5.0 (Windows NT 6.0; rv:21.0) Gecko/20100101 Firefox/21.0"
91.45.166.227 - - [16/Jun/2013:07:45:30 +0200] "GET /07.swf HTTP/1.1" 200 20730 "http://www.dialyse-calw.de/07.html" "Mozilla/5.0 (Windows NT 6.0; rv:21.0) Gecko/20100101 Firefox/21.0"
91.45.166.227 - - [16/Jun/2013:07:45:37 +0200] "GET /08.html HTTP/1.1" 200 2005 "http://www.dialyse-calw.de/00themen00.html" "Mozilla/5.0 (Windows NT 6.0; rv:21.0) Gecko/20100101 Firefox/21.0"
91.45.166.227 - - [16/Jun/2013:07:45:37 +0200] "GET /08.swf HTTP/1.1" 200 20405 "http://www.dialyse-calw.de/08.html" "Mozilla/5.0 (Windows NT 6.0; rv:21.0) Gecko/20100101 Firefox/21.0"
91.45.166.227 - - [16/Jun/2013:07:45:48 +0200] "GET /09.html HTTP/1.1" 200 2086 "http://www.dialyse-calw.de/00themen00.html" "Mozilla/5.0 (Windows NT 6.0; rv:21.0) Gecko/20100101 Firefox/21.0"
91.45.166.227 - - [16/Jun/2013:07:45:49 +0200] "GET /09.swf HTTP/1.1" 200 23096 "http://www.dialyse-calw.de/09.html" "Mozilla/5.0 (Windows NT 6.0; rv:21.0) Gecko/20100101 Firefox/21.0"
139.18.2.209 - - [16/Jun/2013:08:03:20 +0200] "GET /robots.txt HTTP/1.1" 404 1256 "-" "findlinks/2.6 (+http://wortschatz.uni-leipzig.de/findlinks/)"
139.18.2.209 - - [16/Jun/2013:08:03:27 +0200] "GET /robots.txt HTTP/1.1" 404 1256 "-" "findlinks/2.6 (+http://wortschatz.uni-leipzig.de/findlinks/)"
66.162.42.131 - - [16/Jun/2013:08:20:16 +0200] "GET /robots.txt HTTP/1.0" 404 1256 "-" "Mozilla/5.0 (compatible; GigaBot/1.0; +http://www.gigablast.com/ )"
66.162.42.131 - - [16/Jun/2013:08:20:16 +0200] "GET / HTTP/1.0" 200 2366 "-" "Mozilla/5.0 (compatible; GigaBot/1.0; +http://www.gigablast.com/ )"
92.249.127.111 - - [16/Jun/2013:09:43:17 +0200] "GET / HTTP/1.1" 200 2366 "http://vizantiya-gym.ru/" "Mozilla/5.0 (compatible; news bot /2.1)"
92.249.127.111 - - [16/Jun/2013:09:43:18 +0200] "GET / HTTP/1.1" 200 2366 "http://vizantiya-gym.ru/" "Mozilla/5.0 (compatible; news bot /2.1)"
66.249.72.27 - - [16/Jun/2013:09:48:46 +0200] "GET /00start.swf HTTP/1.1" 200 8575 "-" "Mozilla/5.0 (iPhone; U; CPU iPhone OS 4_1 like Mac OS X; en-us) AppleWebKit/532.9 (KHTML, like Gecko) Version/4.0.5 Mobile/8B117 Safari/6531.22.7 (compatible; Googlebot-Mobile/2.1; +http://www.google.com/bot.html)"
157.56.92.160 - - [16/Jun/2013:10:04:00 +0200] "GET /robots.txt HTTP/1.1" 404 1256 "-" "Mozilla/5.0 (compatible; bingbot/2.0; +http://www.bing.com/bingbot.htm)"
157.56.92.160 - - [16/Jun/2013:10:04:32 +0200] "GET / HTTP/1.1" 200 2366 "-" "Mozilla/5.0 (compatible; bingbot/2.0; +http://www.bing.com/bingbot.htm)"
66.249.72.214 - - [16/Jun/2013:10:11:22 +0200] "GET / HTTP/1.1" 200 2366 "-" "Mozilla/5.0 (iPhone; U; CPU iPhone OS 4_1 like Mac OS X; en-us) AppleWebKit/532.9 (KHTML, like Gecko) Version/4.0.5 Mobile/8B117 Safari/6531.22.7 (compatible; Googlebot-Mobile/2.1; +http://www.google.com/bot.html)"
66.249.72.58 - - [16/Jun/2013:10:18:53 +0200] "GET /robots.txt HTTP/1.1" 404 1256 "-" "Mozilla/5.0 (compatible; Googlebot/2.1; +http://www.google.com/bot.html)"
66.249.72.58 - - [16/Jun/2013:10:18:53 +0200] "GET / HTTP/1.1" 200 2366 "-" "Mozilla/5.0 (iPhone; U; CPU iPhone OS 4_1 like Mac OS X; en-us) AppleWebKit/532.9 (KHTML, like Gecko) Version/4.0.5 Mobile/8B117 Safari/6531.22.7 (compatible; Googlebot-Mobile/2.1; +http://www.google.com/bot.html)"
157.55.36.52 - - [16/Jun/2013:10:31:00 +0200] "GET /robots.txt HTTP/1.1" 404 1256 "-" "Mozilla/5.0 (compatible; bingbot/2.0; +http://www.bing.com/bingbot.htm)"
157.55.36.52 - - [16/Jun/2013:10:32:03 +0200] "GET /kontakt.htm HTTP/1.1" 404 1256 "-" "Mozilla/5.0 (compatible; bingbot/2.0; +http://www.bing.com/bingbot.htm)"
157.56.92.146 - - [16/Jun/2013:10:51:02 +0200] "GET /robots.txt HTTP/1.1" 404 1256 "-" "Mozilla/5.0 (compatible; bingbot/2.0; +http://www.bing.com/bingbot.htm)"
157.56.92.146 - - [16/Jun/2013:10:51:32 +0200] "GET / HTTP/1.1" 200 2366 "-" "Mozilla/5.0 (compatible; bingbot/2.0; +http://www.bing.com/bingbot.htm)"
66.249.72.27 - - [16/Jun/2013:10:53:23 +0200] "GET /robots.txt HTTP/1.1" 404 1256 "-" "Mozilla/5.0 (compatible; Googlebot/2.1; +http://www.google.com/bot.html)"
66.249.72.27 - - [16/Jun/2013:10:53:23 +0200] "GET /00themen00.html HTTP/1.1" 304 - "-" "Mozilla/5.0 (iPhone; U; CPU iPhone OS 4_1 like Mac OS X; en-us) AppleWebKit/532.9 (KHTML, like Gecko) Version/4.0.5 Mobile/8B117 Safari/6531.22.7 (compatible; Googlebot-Mobile/2.1; +http://www.google.com/bot.html)"
157.56.93.72 - - [16/Jun/2013:11:40:19 +0200] "GET /robots.txt HTTP/1.1" 404 1256 "-" "Mozilla/5.0 (compatible; bingbot/2.0; +http://www.bing.com/bingbot.htm)"
157.56.93.72 - - [16/Jun/2013:11:42:00 +0200] "GET / HTTP/1.1" 200 2366 "-" "Mozilla/5.0 (compatible; bingbot/2.0; +http://www.bing.com/bingbot.htm)"
66.249.72.214 - - [16/Jun/2013:11:58:50 +0200] "GET /robots.txt HTTP/1.1" 404 1256 "-" "Mozilla/5.0 (compatible; Googlebot/2.1; +http://www.google.com/bot.html)"
66.249.72.214 - - [16/Jun/2013:11:58:50 +0200] "GET /03a.swf HTTP/1.1" 200 94997 "-" "Mozilla/5.0 (compatible; Googlebot/2.1; +http://www.google.com/bot.html)"
66.249.72.27 - - [16/Jun/2013:12:16:15 +0200] "GET /08.html HTTP/1.1" 304 - "-" "Mozilla/5.0 (compatible; Googlebot/2.1; +http://www.google.com/bot.html)"
157.55.36.39 - - [16/Jun/2013:13:00:10 +0200] "GET /robots.txt HTTP/1.1" 404 1256 "-" "Mozilla/5.0 (compatible; bingbot/2.0; +http://www.bing.com/bingbot.htm)"
157.55.36.39 - - [16/Jun/2013:13:00:56 +0200] "GET / HTTP/1.1" 200 2366 "-" "Mozilla/5.0 (compatible; bingbot/2.0; +http://www.bing.com/bingbot.htm)"
93.231.129.248 - - [16/Jun/2013:14:58:56 +0200] "GET /08.html HTTP/1.1" 200 2005 "-" "Mozilla/5.0 (iPad; CPU OS 6_1_3 like Mac OS X) AppleWebKit/536.26 (KHTML, like Gecko) Version/6.0 Mobile/10B329 Safari/8536.25"
93.231.129.248 - - [16/Jun/2013:14:58:56 +0200] "GET /AC_RunActiveContent.js HTTP/1.1" 200 8029 "http://www.dialyse-pforzheim.de/08.html" "Mozilla/5.0 (iPad; CPU OS 6_1_3 like Mac OS X) AppleWebKit/536.26 (KHTML, like Gecko) Version/6.0 Mobile/10B329 Safari/8536.25"
66.249.72.27 - - [16/Jun/2013:15:59:55 +0200] "GET /robots.txt HTTP/1.1" 404 1256 "-" "Mozilla/5.0 (compatible; Googlebot/2.1; +http://www.google.com/bot.html)"
66.249.72.27 - - [16/Jun/2013:15:59:55 +0200] "GET /04Karteddd.swf HTTP/1.1" 200 33790 "-" "Mozilla/5.0 (compatible; Googlebot/2.1; +http://www.google.com/bot.html)"
69.197.128.26 - - [16/Jun/2013:17:45:48 +0200] "GET /robots.txt HTTP/1.0" 404 1256 "-" "Mozilla/5.0 (compatible; MJ12bot/v1.4.3; http://www.majestic12.co.uk/bot.php?+)"
69.197.128.26 - - [16/Jun/2013:17:45:50 +0200] "GET / HTTP/1.0" 200 2366 "-" "Mozilla/5.0 (compatible; MJ12bot/v1.4.3; http://www.majestic12.co.uk/bot.php?+)"
69.197.128.26 - - [16/Jun/2013:17:45:55 +0200] "GET /robots.txt HTTP/1.0" 404 1256 "-" "Mozilla/5.0 (compatible; MJ12bot/v1.4.3; http://www.majestic12.co.uk/bot.php?+)"
69.197.128.26 - - [16/Jun/2013:17:45:55 +0200] "GET /robots.txt HTTP/1.0" 404 1256 "-" "Mozilla/5.0 (compatible; MJ12bot/v1.4.3; http://www.majestic12.co.uk/bot.php?+)"
69.197.128.26 - - [16/Jun/2013:17:45:56 +0200] "GET / HTTP/1.0" 200 2366 "-" "Mozilla/5.0 (compatible; MJ12bot/v1.4.3; http://www.majestic12.co.uk/bot.php?+)"
69.197.128.26 - - [16/Jun/2013:17:45:58 +0200] "GET / HTTP/1.0" 200 2366 "-" "Mozilla/5.0 (compatible; MJ12bot/v1.4.3; http://www.majestic12.co.uk/bot.php?+)"
69.197.128.26 - - [16/Jun/2013:17:46:06 +0200] "GET /robots.txt HTTP/1.0" 404 1256 "-" "Mozilla/5.0 (compatible; MJ12bot/v1.4.3; http://www.majestic12.co.uk/bot.php?+)"
69.197.128.26 - - [16/Jun/2013:17:46:07 +0200] "GET / HTTP/1.0" 200 2366 "-" "Mozilla/5.0 (compatible; MJ12bot/v1.4.3; http://www.majestic12.co.uk/bot.php?+)"
157.56.92.146 - - [16/Jun/2013:18:25:51 +0200] "GET /robots.txt HTTP/1.1" 404 1256 "-" "Mozilla/5.0 (compatible; bingbot/2.0; +http://www.bing.com/bingbot.htm)"
157.56.92.146 - - [16/Jun/2013:18:26:31 +0200] "GET / HTTP/1.1" 200 2366 "-" "Mozilla/5.0 (compatible; bingbot/2.0; +http://www.bing.com/bingbot.htm)"
157.56.92.151 - - [16/Jun/2013:19:17:10 +0200] "GET /00themen00.swf HTTP/1.1" 200 136579 "-" "Mozilla/5.0 (compatible; bingbot/2.0; +http://www.bing.com/bingbot.htm)"
157.55.35.109 - - [16/Jun/2013:20:24:50 +0200] "GET /robots.txt HTTP/1.1" 404 1256 "-" "Mozilla/5.0 (compatible; bingbot/2.0; +http://www.bing.com/bingbot.htm)"
157.55.35.109 - - [16/Jun/2013:20:25:39 +0200] "GET /00themen00.html HTTP/1.1" 200 2254 "-" "Mozilla/5.0 (compatible; bingbot/2.0; +http://www.bing.com/bingbot.htm)"
199.30.24.1 - - [16/Jun/2013:20:25:40 +0200] "GET /AC_RunActiveContent.js HTTP/1.1" 200 8029 "http://www.dialyse-calw.de/00themen00.html" "Mozilla/5.0 (Windows NT 6.1; WOW64) AppleWebKit/534+ (KHTML, like Gecko) BingPreview/1.0b"
199.30.24.1 - - [16/Jun/2013:20:25:43 +0200] "GET /00themen00.swf HTTP/1.1" 200 136579 "http://www.dialyse-calw.de/00themen00.swf" "Mozilla/5.0 (Windows NT 6.1; WOW64) AppleWebKit/534+ (KHTML, like Gecko) BingPreview/1.0b"
157.55.35.109 - - [16/Jun/2013:20:25:45 +0200] "GET /AC_RunActiveContent.js HTTP/1.1" 200 8029 "-" "Mozilla/5.0 (compatible; bingbot/2.0; +http://www.bing.com/bingbot.htm)"
66.249.72.27 - - [16/Jun/2013:20:51:07 +0200] "GET /00themen00.html HTTP/1.1" 304 - "-" "Mozilla/5.0 (iPhone; U; CPU iPhone OS 4_1 like Mac OS X; en-us) AppleWebKit/532.9 (KHTML, like Gecko) Version/4.0.5 Mobile/8B117 Safari/6531.22.7 (compatible; Googlebot-Mobile/2.1; +http://www.google.com/bot.html)"
66.249.72.58 - - [16/Jun/2013:21:03:12 +0200] "GET /robots.txt HTTP/1.1" 404 1256 "-" "Mozilla/5.0 (compatible; Googlebot/2.1; +http://www.google.com/bot.html)"
66.249.72.58 - - [16/Jun/2013:21:03:12 +0200] "GET /08.html HTTP/1.1" 304 - "-" "Mozilla/5.0 (iPhone; U; CPU iPhone OS 4_1 like Mac OS X; en-us) AppleWebKit/532.9 (KHTML, like Gecko) Version/4.0.5 Mobile/8B117 Safari/6531.22.7 (compatible; Googlebot-Mobile/2.1; +http://www.google.com/bot.html)"
66.249.72.27 - - [16/Jun/2013:22:22:38 +0200] "GET / HTTP/1.1" 200 2366 "-" "SAMSUNG-SGH-E250/1.0 Profile/MIDP-2.0 Configuration/CLDC-1.1 UP.Browser/6.2.3.3.c.1.101 (GUI) MMP/2.0 (compatible; Googlebot-Mobile/2.1; +http://www.google.com/bot.html)"
66.249.72.214 - - [16/Jun/2013:22:36:56 +0200] "GET /robots.txt HTTP/1.1" 404 1256 "-" "Mozilla/5.0 (compatible; Googlebot/2.1; +http://www.google.com/bot.html)"
66.249.72.214 - - [16/Jun/2013:22:36:56 +0200] "GET / HTTP/1.1" 200 2366 "-" "Mozilla/5.0 (compatible; Googlebot/2.1; +http://www.google.com/bot.html)"
157.56.92.160 - - [16/Jun/2013:23:05:56 +0200] "GET /robots.txt HTTP/1.1" 404 1256 "-" "Mozilla/5.0 (compatible; bingbot/2.0; +http://www.bing.com/bingbot.htm)"
157.56.92.160 - - [16/Jun/2013:23:07:36 +0200] "GET / HTTP/1.1" 200 2366 "-" "Mozilla/5.0 (compatible; bingbot/2.0; +http://www.bing.com/bingbot.htm)"
157.56.92.177 - - [16/Jun/2013:23:19:34 +0200] "GET /00themen00.swf HTTP/1.1" 200 136579 "-" "Mozilla/5.0 (compatible; bingbot/2.0; +http://www.bing.com/bingbot.htm)"
157.55.35.93 - - [16/Jun/2013:23:22:07 +0200] "GET /00themen00.html HTTP/1.1" 200 2254 "-" "Mozilla/5.0 (compatible; bingbot/2.0; +http://www.bing.com/bingbot.htm)"
199.30.24.154 - - [16/Jun/2013:23:22:18 +0200] "GET /AC_RunActiveContent.js HTTP/1.1" 200 8029 "http://www.dialyse-pforzheim.de/00themen00.html" "Mozilla/5.0 (Windows NT 6.1; WOW64) AppleWebKit/534+ (KHTML, like Gecko) BingPreview/1.0b"
199.30.24.154 - - [16/Jun/2013:23:22:19 +0200] "GET /00themen00.swf HTTP/1.1" 200 136579 "http://www.dialyse-pforzheim.de/00themen00.swf" "Mozilla/5.0 (Windows NT 6.1; WOW64) AppleWebKit/534+ (KHTML, like Gecko) BingPreview/1.0b"
157.56.93.72 - - [16/Jun/2013:23:51:43 +0200] "GET /robots.txt HTTP/1.1" 404 1256 "-" "Mozilla/5.0 (compatible; bingbot/2.0; +http://www.bing.com/bingbot.htm)"
157.56.93.72 - - [16/Jun/2013:23:53:42 +0200] "GET / HTTP/1.1" 200 2366 "-" "Mozilla/5.0 (compatible; bingbot/2.0; +http://www.bing.com/bingbot.htm)"
176.9.149.54 - - [17/Jun/2013:01:14:04 +0200] "GET /robots.txt HTTP/1.1" 404 1256 "-" "Mozilla/5.0 (compatible; SearchmetricsBot; http://www.searchmetrics.com/en/searchmetrics-bot/)"
176.9.149.54 - - [17/Jun/2013:01:14:04 +0200] "GET / HTTP/1.1" 200 2366 "-" "Mozilla/5.0 (compatible; SearchmetricsBot; http://www.searchmetrics.com/en/searchmetrics-bot/)"
66.249.72.27 - - [17/Jun/2013:01:42:29 +0200] "GET / HTTP/1.1" 200 2366 "-" "Mozilla/5.0 (compatible; Googlebot/2.1; +http://www.google.com/bot.html)"
157.55.35.48 - - [17/Jun/2013:03:35:46 +0200] "GET /robots.txt HTTP/1.1" 404 1256 "-" "Mozilla/5.0 (compatible; bingbot/2.0; +http://www.bing.com/bingbot.htm)"
157.55.35.48 - - [17/Jun/2013:03:36:37 +0200] "GET / HTTP/1.1" 200 2366 "-" "Mozilla/5.0 (compatible; bingbot/2.0; +http://www.bing.com/bingbot.htm)"
66.249.72.27 - - [17/Jun/2013:03:40:25 +0200] "GET /09a.swf HTTP/1.1" 200 20604 "-" "Googlebot-Video/1.0"
66.249.72.27 - - [17/Jun/2013:03:40:31 +0200] "GET /09.html HTTP/1.1" 200 2086 "-" "SAMSUNG-SGH-E250/1.0 Profile/MIDP-2.0 Configuration/CLDC-1.1 UP.Browser/6.2.3.3.c.1.101 (GUI) MMP/2.0 (compatible; Googlebot-Mobile/2.1; +http://www.google.com/bot.html)"
141.8.147.12 - - [17/Jun/2013:04:00:17 +0200] "GET /robots.txt HTTP/1.1" 404 1256 "-" "Mozilla/5.0 (compatible; YandexBot/3.0; +http://yandex.com/bots)"
141.8.147.12 - - [17/Jun/2013:04:00:17 +0200] "GET /robots.txt HTTP/1.1" 404 1256 "-" "Mozilla/5.0 (compatible; YandexBot/3.0; +http://yandex.com/bots)"
141.8.147.12 - - [17/Jun/2013:04:00:18 +0200] "GET /robots.txt HTTP/1.1" 404 1256 "-" "Mozilla/5.0 (compatible; YandexBot/3.0; +http://yandex.com/bots)"
141.8.147.12 - - [17/Jun/2013:04:00:19 +0200] "GET / HTTP/1.1" 200 2366 "-" "Mozilla/5.0 (compatible; YandexBot/3.0; +http://yandex.com/bots)"
141.8.147.12 - - [17/Jun/2013:04:00:19 +0200] "GET / HTTP/1.1" 200 2366 "-" "Mozilla/5.0 (compatible; YandexBot/3.0; +http://yandex.com/bots)"
141.8.147.12 - - [17/Jun/2013:04:00:20 +0200] "GET / HTTP/1.1" 200 2366 "-" "Mozilla/5.0 (compatible; YandexBot/3.0; +http://yandex.com/bots)"
141.8.147.12 - - [17/Jun/2013:04:00:23 +0200] "GET /00start.swf HTTP/1.1" 200 8575 "-" "Mozilla/5.0 (compatible; YandexBot/3.0; +http://yandex.com/bots)"
141.8.147.12 - - [17/Jun/2013:04:00:23 +0200] "GET /00start.swf HTTP/1.1" 200 8575 "-" "Mozilla/5.0 (compatible; YandexBot/3.0; +http://yandex.com/bots)"
141.8.147.12 - - [17/Jun/2013:04:00:24 +0200] "GET /00start.swf HTTP/1.1" 200 8575 "-" "Mozilla/5.0 (compatible; YandexBot/3.0; +http://yandex.com/bots)"
141.8.147.12 - - [17/Jun/2013:04:00:25 +0200] "GET / HTTP/1.1" 200 2366 "-" "Mozilla/5.0 (compatible; YandexBot/3.0; +http://yandex.com/bots)"
141.8.147.12 - - [17/Jun/2013:04:00:26 +0200] "GET / HTTP/1.1" 200 2366 "-" "Mozilla/5.0 (compatible; YandexBot/3.0; +http://yandex.com/bots)"
141.8.147.12 - - [17/Jun/2013:04:00:27 +0200] "GET / HTTP/1.1" 200 2366 "-" "Mozilla/5.0 (compatible; YandexBot/3.0; +http://yandex.com/bots)"
66.249.72.27 - - [17/Jun/2013:07:17:32 +0200] "GET /robots.txt HTTP/1.1" 404 1256 "-" "Mozilla/5.0 (compatible; Googlebot/2.1; +http://www.google.com/bot.html)"
66.249.72.27 - - [17/Jun/2013:07:17:32 +0200] "GET /00themen00.html HTTP/1.1" 304 - "-" "DoCoMo/2.0 N905i(c100;TB;W24H16) (compatible; Googlebot-Mobile/2.1; +http://www.google.com/bot.html)"
157.56.92.146 - - [17/Jun/2013:07:22:45 +0200] "GET /robots.txt HTTP/1.1" 404 1256 "-" "Mozilla/5.0 (compatible; bingbot/2.0; +http://www.bing.com/bingbot.htm)"
157.56.92.146 - - [17/Jun/2013:07:23:21 +0200] "GET / HTTP/1.1" 200 2366 "-" "Mozilla/5.0 (compatible; bingbot/2.0; +http://www.bing.com/bingbot.htm)"
66.249.72.27 - - [17/Jun/2013:08:40:09 +0200] "GET /09.html HTTP/1.1" 200 2086 "-" "DoCoMo/2.0 N905i(c100;TB;W24H16) (compatible; Googlebot-Mobile/2.1; +http://www.google.com/bot.html)"
193.246.92.244 - - [17/Jun/2013:09:32:05 +0200] "GET /00themen00.swf HTTP/1.0" 304 - "-" "Mozilla/4.0 (compatible;)"
66.249.72.27 - - [17/Jun/2013:09:50:35 +0200] "GET / HTTP/1.1" 200 2366 "-" "Mozilla/5.0 (iPhone; U; CPU iPhone OS 4_1 like Mac OS X; en-us) AppleWebKit/532.9 (KHTML, like Gecko) Version/4.0.5 Mobile/8B117 Safari/6531.22.7 (compatible; Googlebot-Mobile/2.1; +http://www.google.com/bot.html)"
199.19.249.196 - - [17/Jun/2013:09:57:19 +0200] "GET / HTTP/1.1" 200 2366 "-" "Mozilla/4.0 (compatible; MSIE 7.0; Windows NT 5.1; InfoPath.1; .NET CLR 2.0.50727; .NET CLR 1.1.4322; MS-RTC LM 8; .NET CLR 3.0.4506.2152; .NET CLR 3.5.30729)"
193.41.37.3 - - [17/Jun/2013:09:57:19 +0200] "GET / HTTP/1.1" 200 2366 "-" "Mozilla/5.0 (compatible; MSIE 10.0; Windows NT 6.1; Trident/6.0)"
193.41.37.3 - - [17/Jun/2013:09:57:19 +0200] "GET /00start.swf HTTP/1.1" 200 8575 "-" "Mozilla/4.0 (compatible;)"
193.41.37.3 - - [17/Jun/2013:09:57:24 +0200] "HEAD /00start.swf HTTP/1.1" 200 - "-" "contype"
193.41.37.3 - - [17/Jun/2013:09:57:24 +0200] "GET /favicon.ico HTTP/1.1" 404 1256 "-" "Mozilla/5.0 (compatible; MSIE 10.0; Windows NT 6.1; Trident/6.0)"
199.19.249.196 - - [17/Jun/2013:09:57:30 +0200] "GET /00themen00.html HTTP/1.1" 200 2254 "-" "Mozilla/4.0 (compatible; MSIE 7.0; Windows NT 5.1; InfoPath.1; .NET CLR 2.0.50727; .NET CLR 1.1.4322; MS-RTC LM 8; .NET CLR 3.0.4506.2152; .NET CLR 3.5.30729)"
193.41.37.3 - - [17/Jun/2013:09:57:30 +0200] "GET /00themen00.html HTTP/1.1" 200 2254 "http://www.dialyse-pforzheim.de/00start.swf" "Mozilla/5.0 (compatible; MSIE 10.0; Windows NT 6.1; Trident/6.0)"
193.41.37.3 - - [17/Jun/2013:09:57:30 +0200] "GET /AC_RunActiveContent.js HTTP/1.1" 200 8029 "-" "Mozilla/4.0 (compatible;)"
193.41.37.3 - - [17/Jun/2013:09:57:30 +0200] "GET /00themen00.swf HTTP/1.1" 200 136579 "-" "Mozilla/4.0 (compatible;)"
193.41.37.3 - - [17/Jun/2013:09:57:34 +0200] "GET /favicon.ico HTTP/1.1" 404 1256 "-" "Mozilla/5.0 (compatible; MSIE 10.0; Windows NT 6.1; Trident/6.0)"
199.19.249.196 - - [17/Jun/2013:09:57:50 +0200] "GET /01.html HTTP/1.1" 200 1982 "-" "Mozilla/4.0 (compatible; MSIE 7.0; Windows NT 5.1; InfoPath.1; .NET CLR 2.0.50727; .NET CLR 1.1.4322; MS-RTC LM 8; .NET CLR 3.0.4506.2152; .NET CLR 3.5.30729)"
193.41.37.3 - - [17/Jun/2013:09:57:50 +0200] "GET /01.html HTTP/1.1" 200 1982 "http://www.dialyse-pforzheim.de/00themen00.swf" "Mozilla/5.0 (compatible; MSIE 10.0; Windows NT 6.1; Trident/6.0)"
193.41.37.3 - - [17/Jun/2013:09:57:50 +0200] "GET /01.swf HTTP/1.1" 200 19349 "-" "Mozilla/4.0 (compatible;)"
199.19.249.196 - - [17/Jun/2013:09:58:00 +0200] "GET /03a.html HTTP/1.1" 200 1991 "-" "Mozilla/4.0 (compatible; MSIE 7.0; Windows NT 5.1; InfoPath.1; .NET CLR 2.0.50727; .NET CLR 1.1.4322; MS-RTC LM 8; .NET CLR 3.0.4506.2152; .NET CLR 3.5.30729)"
193.41.37.3 - - [17/Jun/2013:09:58:00 +0200] "GET /03a.html HTTP/1.1" 200 1991 "http://www.dialyse-pforzheim.de/00themen00.swf" "Mozilla/5.0 (compatible; MSIE 10.0; Windows NT 6.1; Trident/6.0)"
193.41.37.3 - - [17/Jun/2013:09:58:00 +0200] "GET /03a.swf HTTP/1.1" 200 94997 "-" "Mozilla/4.0 (compatible;)"
199.19.249.196 - - [17/Jun/2013:09:58:17 +0200] "GET /03.html HTTP/1.1" 200 1982 "-" "Mozilla/4.0 (compatible; MSIE 7.0; Windows NT 5.1; InfoPath.1; .NET CLR 2.0.50727; .NET CLR 1.1.4322; MS-RTC LM 8; .NET CLR 3.0.4506.2152; .NET CLR 3.5.30729)"
193.41.37.3 - - [17/Jun/2013:09:58:17 +0200] "GET /03.html HTTP/1.1" 200 1982 "http://www.dialyse-pforzheim.de/00themen00.swf" "Mozilla/5.0 (compatible; MSIE 10.0; Windows NT 6.1; Trident/6.0)"
193.41.37.3 - - [17/Jun/2013:09:58:17 +0200] "GET /03.swf HTTP/1.1" 200 74505 "-" "Mozilla/4.0 (compatible;)"
199.19.249.196 - - [17/Jun/2013:09:58:48 +0200] "GET /04.html HTTP/1.1" 200 2106 "-" "Mozilla/4.0 (compatible; MSIE 7.0; Windows NT 5.1; InfoPath.1; .NET CLR 2.0.50727; .NET CLR 1.1.4322; MS-RTC LM 8; .NET CLR 3.0.4506.2152; .NET CLR 3.5.30729)"
193.41.37.3 - - [17/Jun/2013:09:58:48 +0200] "GET /04.html HTTP/1.1" 200 2106 "http://www.dialyse-pforzheim.de/00themen00.swf" "Mozilla/5.0 (compatible; MSIE 10.0; Windows NT 6.1; Trident/6.0)"
193.41.37.3 - - [17/Jun/2013:09:58:48 +0200] "GET /04.swf HTTP/1.1" 200 62769 "-" "Mozilla/4.0 (compatible;)"
199.19.249.196 - - [17/Jun/2013:09:59:08 +0200] "GET /06.html HTTP/1.1" 200 2278 "-" "Mozilla/4.0 (compatible; MSIE 7.0; Windows NT 5.1; InfoPath.1; .NET CLR 2.0.50727; .NET CLR 1.1.4322; MS-RTC LM 8; .NET CLR 3.0.4506.2152; .NET CLR 3.5.30729)"
193.41.37.3 - - [17/Jun/2013:09:59:08 +0200] "GET /06.html HTTP/1.1" 200 2278 "http://www.dialyse-pforzheim.de/00themen00.swf" "Mozilla/5.0 (compatible; MSIE 10.0; Windows NT 6.1; Trident/6.0)"
193.41.37.3 - - [17/Jun/2013:09:59:08 +0200] "GET /06.swf HTTP/1.1" 200 20731 "-" "Mozilla/4.0 (compatible;)"
199.19.249.196 - - [17/Jun/2013:09:59:25 +0200] "GET /07.html HTTP/1.1" 200 2319 "-" "Mozilla/4.0 (compatible; MSIE 7.0; Windows NT 5.1; InfoPath.1; .NET CLR 2.0.50727; .NET CLR 1.1.4322; MS-RTC LM 8; .NET CLR 3.0.4506.2152; .NET CLR 3.5.30729)"
193.41.37.3 - - [17/Jun/2013:09:59:25 +0200] "GET /07.html HTTP/1.1" 200 2319 "http://www.dialyse-pforzheim.de/00themen00.swf" "Mozilla/5.0 (compatible; MSIE 10.0; Windows NT 6.1; Trident/6.0)"
193.41.37.3 - - [17/Jun/2013:09:59:25 +0200] "GET /07.swf HTTP/1.1" 200 20730 "-" "Mozilla/4.0 (compatible;)"
217.228.49.39 - - [17/Jun/2013:10:00:02 +0200] "GET / HTTP/1.1" 200 2366 "https://www.google.de/" "Mozilla/5.0 (Linux; U; Android 4.1.2; de-de; SAMSUNG GT-I9300/I9300XXEMRA Build/JZO54K) AppleWebKit/534.30 (KHTML, like Gecko) Version/4.0 Mobile Safari/534.30"
217.228.49.39 - - [17/Jun/2013:10:00:04 +0200] "GET /favicon.ico HTTP/1.1" 404 1256 "http://www.dialyse-calw.de/" "Mozilla/5.0 (Linux; U; Android 4.1.2; de-de; SAMSUNG GT-I9300/I9300XXEMRA Build/JZO54K) AppleWebKit/534.30 (KHTML, like Gecko) Version/4.0 Mobile Safari/534.30"
217.228.49.39 - - [17/Jun/2013:10:00:30 +0200] "GET / HTTP/1.1" 200 2366 "https://www.google.de/" "Mozilla/5.0 (Linux; U; Android 4.1.2; de-de; SAMSUNG GT-I9300/I9300XXEMRA Build/JZO54K) AppleWebKit/534.30 (KHTML, like Gecko) Version/4.0 Mobile Safari/534.30"
157.56.92.160 - - [17/Jun/2013:10:32:24 +0200] "GET /robots.txt HTTP/1.1" 404 1256 "-" "Mozilla/5.0 (compatible; bingbot/2.0; +http://www.bing.com/bingbot.htm)"
157.56.92.160 - - [17/Jun/2013:10:33:14 +0200] "GET / HTTP/1.1" 200 2366 "-" "Mozilla/5.0 (compatible; bingbot/2.0; +http://www.bing.com/bingbot.htm)"
84.173.173.215 - - [17/Jun/2013:10:35:55 +0200] "GET /favicon.ico HTTP/1.1" 404 1256 "-" "Mozilla/5.0 (Windows NT 5.1; rv:21.0) Gecko/20100101 Firefox/21.0"
87.179.38.179 - - [17/Jun/2013:10:36:49 +0200] "GET / HTTP/1.1" 200 2366 "http://www.google.de/url?sa=t&rct=j&q=nephrologienagold&source=web&cd=2&ved=0CDMQFjAB&url=http%3A%2F%2Fwww.dialyse-calw.de%2F&ei=M8q-UZ7bEbD34QSwyYHgAg&usg=AFQjCNECMxQiO0NOt3ERqW1uzT1RIToCeg&bvm=bv.47883778,d.bGE" "Mozilla/5.0 (Macintosh; Intel Mac OS X 10_6_8) AppleWebKit/534.59.8 (KHTML, like Gecko) Version/5.1.9 Safari/534.59.8"
87.179.38.179 - - [17/Jun/2013:10:36:50 +0200] "GET /00start.swf HTTP/1.1" 200 8575 "http://www.dialyse-calw.de/" "Mozilla/5.0 (Macintosh; Intel Mac OS X 10_6_8) AppleWebKit/534.59.8 (KHTML, like Gecko) Version/5.1.9 Safari/534.59.8"
87.179.38.179 - - [17/Jun/2013:10:37:00 +0200] "GET /favicon.ico HTTP/1.1" 404 1256 "http://www.dialyse-calw.de/" "Mozilla/5.0 (Macintosh; Intel Mac OS X 10_6_8) AppleWebKit/534.59.8 (KHTML, like Gecko) Version/5.1.9 Safari/534.59.8"
87.179.38.179 - - [17/Jun/2013:10:37:05 +0200] "GET /00themen00.html HTTP/1.1" 200 2254 "http://www.dialyse-calw.de/" "Mozilla/5.0 (Macintosh; Intel Mac OS X 10_6_8) AppleWebKit/534.59.8 (KHTML, like Gecko) Version/5.1.9 Safari/534.59.8"
87.179.38.179 - - [17/Jun/2013:10:37:05 +0200] "GET /AC_RunActiveContent.js HTTP/1.1" 200 8029 "http://www.dialyse-calw.de/00themen00.html" "Mozilla/5.0 (Macintosh; Intel Mac OS X 10_6_8) AppleWebKit/534.59.8 (KHTML, like Gecko) Version/5.1.9 Safari/534.59.8"
87.179.38.179 - - [17/Jun/2013:10:37:05 +0200] "GET /00themen00.swf HTTP/1.1" 200 136579 "http://www.dialyse-calw.de/00themen00.html" "Mozilla/5.0 (Macintosh; Intel Mac OS X 10_6_8) AppleWebKit/534.59.8 (KHTML, like Gecko) Version/5.1.9 Safari/534.59.8"
87.179.38.179 - - [17/Jun/2013:10:37:11 +0200] "GET /03.html HTTP/1.1" 200 1982 "http://www.dialyse-calw.de/00themen00.html" "Mozilla/5.0 (Macintosh; Intel Mac OS X 10_6_8) AppleWebKit/534.59.8 (KHTML, like Gecko) Version/5.1.9 Safari/534.59.8"
87.179.38.179 - - [17/Jun/2013:10:37:11 +0200] "GET /03.swf HTTP/1.1" 200 74505 "http://www.dialyse-calw.de/03.html" "Mozilla/5.0 (Macintosh; Intel Mac OS X 10_6_8) AppleWebKit/534.59.8 (KHTML, like Gecko) Version/5.1.9 Safari/534.59.8"
87.179.38.179 - - [17/Jun/2013:10:37:36 +0200] "GET /03a.html HTTP/1.1" 200 1991 "http://www.dialyse-calw.de/00themen00.html" "Mozilla/5.0 (Macintosh; Intel Mac OS X 10_6_8) AppleWebKit/534.59.8 (KHTML, like Gecko) Version/5.1.9 Safari/534.59.8"
87.179.38.179 - - [17/Jun/2013:10:37:36 +0200] "GET /03a.swf HTTP/1.1" 200 94997 "http://www.dialyse-calw.de/03a.html" "Mozilla/5.0 (Macintosh; Intel Mac OS X 10_6_8) AppleWebKit/534.59.8 (KHTML, like Gecko) Version/5.1.9 Safari/534.59.8"
87.179.38.179 - - [17/Jun/2013:10:37:52 +0200] "GET /04.html HTTP/1.1" 200 2106 "http://www.dialyse-calw.de/00themen00.html" "Mozilla/5.0 (Macintosh; Intel Mac OS X 10_6_8) AppleWebKit/534.59.8 (KHTML, like Gecko) Version/5.1.9 Safari/534.59.8"
87.179.38.179 - - [17/Jun/2013:10:37:52 +0200] "GET /04.swf HTTP/1.1" 200 62769 "http://www.dialyse-calw.de/04.html" "Mozilla/5.0 (Macintosh; Intel Mac OS X 10_6_8) AppleWebKit/534.59.8 (KHTML, like Gecko) Version/5.1.9 Safari/534.59.8"
87.179.38.179 - - [17/Jun/2013:10:38:03 +0200] "GET /00themen00.html HTTP/1.1" 200 2254 "http://www.dialyse-calw.de/03a.html" "Mozilla/5.0 (Macintosh; Intel Mac OS X 10_6_8) AppleWebKit/534.59.8 (KHTML, like Gecko) Version/5.1.9 Safari/534.59.8"
87.179.38.179 - - [17/Jun/2013:10:38:50 +0200] "GET /02.html HTTP/1.1" 200 1982 "http://www.dialyse-calw.de/00themen00.html" "Mozilla/5.0 (Macintosh; Intel Mac OS X 10_6_8) AppleWebKit/534.59.8 (KHTML, like Gecko) Version/5.1.9 Safari/534.59.8"
87.179.38.179 - - [17/Jun/2013:10:38:50 +0200] "GET /02.swf HTTP/1.1" 200 22781 "http://www.dialyse-calw.de/02.html" "Mozilla/5.0 (Macintosh; Intel Mac OS X 10_6_8) AppleWebKit/534.59.8 (KHTML, like Gecko) Version/5.1.9 Safari/534.59.8"
87.179.38.179 - - [17/Jun/2013:10:39:58 +0200] "GET /06.html HTTP/1.1" 200 2278 "http://www.dialyse-calw.de/00themen00.html" "Mozilla/5.0 (Macintosh; Intel Mac OS X 10_6_8) AppleWebKit/534.59.8 (KHTML, like Gecko) Version/5.1.9 Safari/534.59.8"
87.179.38.179 - - [17/Jun/2013:10:39:58 +0200] "GET /06.swf HTTP/1.1" 200 20731 "http://www.dialyse-calw.de/06.html" "Mozilla/5.0 (Macintosh; Intel Mac OS X 10_6_8) AppleWebKit/534.59.8 (KHTML, like Gecko) Version/5.1.9 Safari/534.59.8"
2.205.189.74 - - [17/Jun/2013:11:02:33 +0200] "HEAD /00start.swf HTTP/1.1" 200 - "-" "contype"
2.205.189.74 - - [17/Jun/2013:11:02:34 +0200] "GET /00start.swf HTTP/1.1" 304 - "http://www.dialyse-calw.de/" "Mozilla/5.0 (compatible; MSIE 9.0; Windows NT 6.0; Trident/5.0)"
