66.249.75.27 - - [14/Jun/2013:09:18:25 +0200] "GET /robots.txt HTTP/1.1" 404 1256 "-" "Mozilla/5.0 (compatible; Googlebot/2.1; +http://www.google.com/bot.html)"
66.249.75.27 - - [14/Jun/2013:09:18:25 +0200] "GET /01.html HTTP/1.1" 304 - "-" "Mozilla/5.0 (iPhone; U; CPU iPhone OS 4_1 like Mac OS X; en-us) AppleWebKit/532.9 (KHTML, like Gecko) Version/4.0.5 Mobile/8B117 Safari/6531.22.7 (compatible; Googlebot-Mobile/2.1; +http://www.google.com/bot.html)"
84.56.144.45 - - [14/Jun/2013:09:31:02 +0200] "GET / HTTP/1.0" 200 2366 "-" "Mozilla/5.0 (Windows NT 5.1; rv:10.0.9) Gecko/20100101 Firefox/10.0.9"
84.56.144.45 - - [14/Jun/2013:09:31:02 +0200] "GET /00start.swf HTTP/1.0" 200 8575 "http://www.dialyse-calw.de/" "Mozilla/5.0 (Windows NT 5.1; rv:10.0.9) Gecko/20100101 Firefox/10.0.9"
84.56.144.45 - - [14/Jun/2013:09:31:04 +0200] "GET /favicon.ico HTTP/1.0" 404 1256 "-" "Mozilla/5.0 (Windows NT 5.1; rv:10.0.9) Gecko/20100101 Firefox/10.0.9"
157.56.92.146 - - [14/Jun/2013:09:45:40 +0200] "GET /robots.txt HTTP/1.1" 404 1256 "-" "Mozilla/5.0 (compatible; bingbot/2.0; +http://www.bing.com/bingbot.htm)"
157.56.92.146 - - [14/Jun/2013:09:46:29 +0200] "GET / HTTP/1.1" 200 2366 "-" "Mozilla/5.0 (compatible; bingbot/2.0; +http://www.bing.com/bingbot.htm)"
66.249.75.27 - - [14/Jun/2013:09:48:08 +0200] "GET / HTTP/1.1" 200 2366 "-" "Mozilla/5.0 (iPhone; U; CPU iPhone OS 4_1 like Mac OS X; en-us) AppleWebKit/532.9 (KHTML, like Gecko) Version/4.0.5 Mobile/8B117 Safari/6531.22.7 (compatible; Googlebot-Mobile/2.1; +http://www.google.com/bot.html)"
109.193.225.158 - - [14/Jun/2013:09:48:41 +0200] "GET /03.html HTTP/1.1" 200 1982 "http://www.dialyse-calw.de/00themen00.swf" "Mozilla/5.0 (compatible; MSIE 10.0; Windows NT 6.1; WOW64; Trident/6.0)"
109.193.225.158 - - [14/Jun/2013:09:48:42 +0200] "GET /03.swf HTTP/1.1" 200 74505 "http://www.dialyse-calw.de/03.html" "Mozilla/5.0 (compatible; MSIE 10.0; Windows NT 6.1; WOW64; Trident/6.0)"
109.193.225.158 - - [14/Jun/2013:09:49:36 +0200] "GET /03a.html HTTP/1.1" 200 1991 "http://www.dialyse-calw.de/00themen00.swf" "Mozilla/5.0 (compatible; MSIE 10.0; Windows NT 6.1; WOW64; Trident/6.0)"
109.193.225.158 - - [14/Jun/2013:09:49:36 +0200] "GET /03a.swf HTTP/1.1" 200 94997 "http://www.dialyse-calw.de/03a.html" "Mozilla/5.0 (compatible; MSIE 10.0; Windows NT 6.1; WOW64; Trident/6.0)"
109.193.225.158 - - [14/Jun/2013:09:49:49 +0200] "GET /02.html HTTP/1.1" 200 1982 "http://www.dialyse-calw.de/00themen00.swf" "Mozilla/5.0 (compatible; MSIE 10.0; Windows NT 6.1; WOW64; Trident/6.0)"
109.193.225.158 - - [14/Jun/2013:09:49:49 +0200] "GET /02.swf HTTP/1.1" 200 22781 "http://www.dialyse-calw.de/02.html" "Mozilla/5.0 (compatible; MSIE 10.0; Windows NT 6.1; WOW64; Trident/6.0)"
109.193.225.158 - - [14/Jun/2013:09:51:02 +0200] "GET /06.html HTTP/1.1" 200 2278 "http://www.dialyse-calw.de/00themen00.swf" "Mozilla/5.0 (compatible; MSIE 10.0; Windows NT 6.1; WOW64; Trident/6.0)"
109.193.225.158 - - [14/Jun/2013:09:51:02 +0200] "GET /06.swf HTTP/1.1" 200 20731 "http://www.dialyse-calw.de/06.html" "Mozilla/5.0 (compatible; MSIE 10.0; Windows NT 6.1; WOW64; Trident/6.0)"
109.193.225.158 - - [14/Jun/2013:09:51:17 +0200] "GET /07.html HTTP/1.1" 200 2319 "http://www.dialyse-calw.de/00themen00.swf" "Mozilla/5.0 (compatible; MSIE 10.0; Windows NT 6.1; WOW64; Trident/6.0)"
109.193.225.158 - - [14/Jun/2013:09:51:18 +0200] "GET /07.swf HTTP/1.1" 200 20730 "http://www.dialyse-calw.de/07.html" "Mozilla/5.0 (compatible; MSIE 10.0; Windows NT 6.1; WOW64; Trident/6.0)"
66.249.75.27 - - [14/Jun/2013:12:05:55 +0200] "GET /09a.html HTTP/1.1" 304 - "-" "Mozilla/5.0 (iPhone; U; CPU iPhone OS 4_1 like Mac OS X; en-us) AppleWebKit/532.9 (KHTML, like Gecko) Version/4.0.5 Mobile/8B117 Safari/6531.22.7 (compatible; Googlebot-Mobile/2.1; +http://www.google.com/bot.html)"
173.192.235.226 - - [14/Jun/2013:12:07:06 +0200] "GET /robots.txt HTTP/1.1" 404 1256 "-" "Mozilla/5.0 (compatible; SiteExplorer/1.0b; +http://siteexplorer.info/)"
173.192.235.226 - - [14/Jun/2013:12:07:10 +0200] "GET / HTTP/1.1" 200 2366 "-" "Mozilla/5.0 (compatible; SiteExplorer/1.0b; +http://siteexplorer.info/)"
157.56.92.146 - - [14/Jun/2013:12:23:16 +0200] "GET /robots.txt HTTP/1.1" 404 1256 "-" "Mozilla/5.0 (compatible; bingbot/2.0; +http://www.bing.com/bingbot.htm)"
157.56.92.146 - - [14/Jun/2013:12:23:53 +0200] "GET / HTTP/1.1" 200 2366 "-" "Mozilla/5.0 (compatible; bingbot/2.0; +http://www.bing.com/bingbot.htm)"
66.249.75.27 - - [14/Jun/2013:12:42:50 +0200] "GET /03b.html HTTP/1.1" 304 - "-" "Mozilla/5.0 (compatible; Googlebot/2.1; +http://www.google.com/bot.html)"
66.249.75.112 - - [14/Jun/2013:13:06:00 +0200] "GET /robots.txt HTTP/1.1" 404 1256 "-" "Mozilla/5.0 (compatible; Googlebot/2.1; +http://www.google.com/bot.html)"
66.249.75.112 - - [14/Jun/2013:13:06:00 +0200] "GET /xukqiqhnuhypiufx.html HTTP/1.1" 404 1256 "-" "Mozilla/5.0 (compatible; Googlebot/2.1; +http://www.google.com/bot.html)"
89.106.221.146 - - [14/Jun/2013:13:13:45 +0200] "GET / HTTP/1.1" 200 2366 "http://www.google.de/url?sa=t&rct=j&q=dialyse%20pforzheim&source=web&cd=1&sqi=2&ved=0CCsQFjAA&url=http%3A%2F%2Fwww.dialyse-calw.de%2F&ei=qPq6Ub-GOsbcswaa1IGYAQ&usg=AFQjCNECMxQiO0NOt3ERqW1uzT1RIToCeg&bvm=bv.47883778,d.Yms" "Mozilla/4.0 (compatible; MSIE 8.0; Windows NT 5.2; Trident/4.0; .NET CLR 1.1.4322; .NET CLR 2.0.50727; .NET CLR 3.0.4506.2152; .NET CLR 3.5.30729; .NET4.0C; .NET4.0E)"
89.106.221.146 - - [14/Jun/2013:13:13:45 +0200] "GET /00start.swf HTTP/1.1" 200 8575 "-" "contype"
89.106.221.146 - - [14/Jun/2013:13:13:45 +0200] "GET /00start.swf HTTP/1.1" 200 8575 "http://www.dialyse-calw.de/" "Mozilla/4.0 (compatible; MSIE 8.0; Windows NT 5.2; Trident/4.0; .NET CLR 1.1.4322; .NET CLR 2.0.50727; .NET CLR 3.0.4506.2152; .NET CLR 3.5.30729; .NET4.0C; .NET4.0E)"
89.106.221.146 - - [14/Jun/2013:13:13:46 +0200] "GET /favicon.ico HTTP/1.1" 404 1256 "-" "Mozilla/4.0 (compatible; MSIE 8.0; Windows NT 5.2; Trident/4.0; .NET CLR 1.1.4322; .NET CLR 2.0.50727; .NET CLR 3.0.4506.2152; .NET CLR 3.5.30729; .NET4.0C; .NET4.0E)"
89.106.221.146 - - [14/Jun/2013:13:13:50 +0200] "GET /00themen00.html HTTP/1.1" 200 2254 "http://www.dialyse-calw.de/00start.swf" "Mozilla/4.0 (compatible; MSIE 8.0; Windows NT 5.2; Trident/4.0; .NET CLR 1.1.4322; .NET CLR 2.0.50727; .NET CLR 3.0.4506.2152; .NET CLR 3.5.30729; .NET4.0C; .NET4.0E)"
89.106.221.146 - - [14/Jun/2013:13:13:50 +0200] "GET /AC_RunActiveContent.js HTTP/1.1" 200 8029 "http://www.dialyse-calw.de/00start.swf" "Mozilla/4.0 (compatible; MSIE 8.0; Windows NT 5.2; Trident/4.0; .NET CLR 1.1.4322; .NET CLR 2.0.50727; .NET CLR 3.0.4506.2152; .NET CLR 3.5.30729; .NET4.0C; .NET4.0E)"
89.106.221.146 - - [14/Jun/2013:13:13:50 +0200] "GET /00themen00.swf HTTP/1.1" 200 136579 "http://www.dialyse-calw.de/00themen00.html" "Mozilla/4.0 (compatible; MSIE 8.0; Windows NT 5.2; Trident/4.0; .NET CLR 1.1.4322; .NET CLR 2.0.50727; .NET CLR 3.0.4506.2152; .NET CLR 3.5.30729; .NET4.0C; .NET4.0E)"
89.106.221.146 - - [14/Jun/2013:13:13:51 +0200] "GET /favicon.ico HTTP/1.1" 404 1256 "-" "Mozilla/4.0 (compatible; MSIE 8.0; Windows NT 5.2; Trident/4.0; .NET CLR 1.1.4322; .NET CLR 2.0.50727; .NET CLR 3.0.4506.2152; .NET CLR 3.5.30729; .NET4.0C; .NET4.0E)"
89.106.221.146 - - [14/Jun/2013:13:13:54 +0200] "GET /01.html HTTP/1.1" 200 1982 "http://www.dialyse-calw.de/00themen00.swf" "Mozilla/4.0 (compatible; MSIE 8.0; Windows NT 5.2; Trident/4.0; .NET CLR 1.1.4322; .NET CLR 2.0.50727; .NET CLR 3.0.4506.2152; .NET CLR 3.5.30729; .NET4.0C; .NET4.0E)"
89.106.221.146 - - [14/Jun/2013:13:13:54 +0200] "GET /01.swf HTTP/1.1" 200 19349 "http://www.dialyse-calw.de/01.html" "Mozilla/4.0 (compatible; MSIE 8.0; Windows NT 5.2; Trident/4.0; .NET CLR 1.1.4322; .NET CLR 2.0.50727; .NET CLR 3.0.4506.2152; .NET CLR 3.5.30729; .NET4.0C; .NET4.0E)"
89.106.221.146 - - [14/Jun/2013:13:14:01 +0200] "GET /04.html HTTP/1.1" 200 2106 "http://www.dialyse-calw.de/00themen00.swf" "Mozilla/4.0 (compatible; MSIE 8.0; Windows NT 5.2; Trident/4.0; .NET CLR 1.1.4322; .NET CLR 2.0.50727; .NET CLR 3.0.4506.2152; .NET CLR 3.5.30729; .NET4.0C; .NET4.0E)"
89.106.221.146 - - [14/Jun/2013:13:14:01 +0200] "GET /04.swf HTTP/1.1" 200 62769 "http://www.dialyse-calw.de/04.html" "Mozilla/4.0 (compatible; MSIE 8.0; Windows NT 5.2; Trident/4.0; .NET CLR 1.1.4322; .NET CLR 2.0.50727; .NET CLR 3.0.4506.2152; .NET CLR 3.5.30729; .NET4.0C; .NET4.0E)"
89.106.221.146 - - [14/Jun/2013:13:14:07 +0200] "GET /04Karteaaa.html HTTP/1.1" 200 2077 "http://www.dialyse-calw.de/04.swf" "Mozilla/4.0 (compatible; MSIE 8.0; Windows NT 5.2; Trident/4.0; .NET CLR 1.1.4322; .NET CLR 2.0.50727; .NET CLR 3.0.4506.2152; .NET CLR 3.5.30729; .NET4.0C; .NET4.0E)"
89.106.221.146 - - [14/Jun/2013:13:14:07 +0200] "GET /04Karteaaa.swf HTTP/1.1" 200 18538 "http://www.dialyse-calw.de/04Karteaaa.html" "Mozilla/4.0 (compatible; MSIE 8.0; Windows NT 5.2; Trident/4.0; .NET CLR 1.1.4322; .NET CLR 2.0.50727; .NET CLR 3.0.4506.2152; .NET CLR 3.5.30729; .NET4.0C; .NET4.0E)"
89.106.221.146 - - [14/Jun/2013:13:14:15 +0200] "GET /04Kartebbb.html HTTP/1.1" 200 2077 "http://www.dialyse-calw.de/04.swf" "Mozilla/4.0 (compatible; MSIE 8.0; Windows NT 5.2; Trident/4.0; .NET CLR 1.1.4322; .NET CLR 2.0.50727; .NET CLR 3.0.4506.2152; .NET CLR 3.5.30729; .NET4.0C; .NET4.0E)"
89.106.221.146 - - [14/Jun/2013:13:14:15 +0200] "GET /04Kartebbb.swf HTTP/1.1" 200 32635 "http://www.dialyse-calw.de/04Kartebbb.html" "Mozilla/4.0 (compatible; MSIE 8.0; Windows NT 5.2; Trident/4.0; .NET CLR 1.1.4322; .NET CLR 2.0.50727; .NET CLR 3.0.4506.2152; .NET CLR 3.5.30729; .NET4.0C; .NET4.0E)"
89.106.221.146 - - [14/Jun/2013:13:14:22 +0200] "GET /08.html HTTP/1.1" 200 2005 "http://www.dialyse-calw.de/00themen00.swf" "Mozilla/4.0 (compatible; MSIE 8.0; Windows NT 5.2; Trident/4.0; .NET CLR 1.1.4322; .NET CLR 2.0.50727; .NET CLR 3.0.4506.2152; .NET CLR 3.5.30729; .NET4.0C; .NET4.0E)"
89.106.221.146 - - [14/Jun/2013:13:14:22 +0200] "GET /08.swf HTTP/1.1" 200 20405 "http://www.dialyse-calw.de/08.html" "Mozilla/4.0 (compatible; MSIE 8.0; Windows NT 5.2; Trident/4.0; .NET CLR 1.1.4322; .NET CLR 2.0.50727; .NET CLR 3.0.4506.2152; .NET CLR 3.5.30729; .NET4.0C; .NET4.0E)"
89.106.221.146 - - [14/Jun/2013:13:14:31 +0200] "GET /03a.html HTTP/1.1" 200 1991 "http://www.dialyse-calw.de/00themen00.swf" "Mozilla/4.0 (compatible; MSIE 8.0; Windows NT 5.2; Trident/4.0; .NET CLR 1.1.4322; .NET CLR 2.0.50727; .NET CLR 3.0.4506.2152; .NET CLR 3.5.30729; .NET4.0C; .NET4.0E)"
89.106.221.146 - - [14/Jun/2013:13:14:31 +0200] "GET /03a.swf HTTP/1.1" 200 94997 "http://www.dialyse-calw.de/03a.html" "Mozilla/4.0 (compatible; MSIE 8.0; Windows NT 5.2; Trident/4.0; .NET CLR 1.1.4322; .NET CLR 2.0.50727; .NET CLR 3.0.4506.2152; .NET CLR 3.5.30729; .NET4.0C; .NET4.0E)"
89.106.221.146 - - [14/Jun/2013:13:14:38 +0200] "GET /03.html HTTP/1.1" 200 1982 "http://www.dialyse-calw.de/00themen00.swf" "Mozilla/4.0 (compatible; MSIE 8.0; Windows NT 5.2; Trident/4.0; .NET CLR 1.1.4322; .NET CLR 2.0.50727; .NET CLR 3.0.4506.2152; .NET CLR 3.5.30729; .NET4.0C; .NET4.0E)"
89.106.221.146 - - [14/Jun/2013:13:14:38 +0200] "GET /03.swf HTTP/1.1" 200 74505 "http://www.dialyse-calw.de/03.html" "Mozilla/4.0 (compatible; MSIE 8.0; Windows NT 5.2; Trident/4.0; .NET CLR 1.1.4322; .NET CLR 2.0.50727; .NET CLR 3.0.4506.2152; .NET CLR 3.5.30729; .NET4.0C; .NET4.0E)"
157.55.32.144 - - [14/Jun/2013:13:25:05 +0200] "GET /robots.txt HTTP/1.1" 404 1256 "-" "Mozilla/5.0 (compatible; bingbot/2.0; +http://www.bing.com/bingbot.htm)"
157.55.32.144 - - [14/Jun/2013:13:25:31 +0200] "GET /04Karteccc.swf HTTP/1.1" 200 32338 "-" "Mozilla/5.0 (compatible; bingbot/2.0; +http://www.bing.com/bingbot.htm)"
212.86.219.134 - - [14/Jun/2013:13:29:50 +0200] "GET /robots.txt HTTP/1.1" 404 1256 "-" "Mozilla/5.0 (Macintosh; U; Intel Mac OS X 10_5_6; en-us) AppleWebKit/528.16 (KHTML, like Gecko) Version/4.0 Safari/528.16"
212.86.219.134 - - [14/Jun/2013:13:29:50 +0200] "GET / HTTP/1.1" 200 2366 "-" "Mozilla/5.0 (Macintosh; U; Intel Mac OS X 10_5_6; en-us) AppleWebKit/528.16 (KHTML, like Gecko) Version/4.0 Safari/528.16"
66.249.72.27 - - [14/Jun/2013:13:47:53 +0200] "GET /robots.txt HTTP/1.1" 404 1256 "-" "Mozilla/5.0 (compatible; Googlebot/2.1; +http://www.google.com/bot.html)"
66.249.72.27 - - [14/Jun/2013:13:47:53 +0200] "GET /04Karteddd.swf HTTP/1.1" 200 33790 "-" "Mozilla/5.0 (compatible; Googlebot/2.1; +http://www.google.com/bot.html)"
79.214.64.84 - - [14/Jun/2013:13:49:15 +0200] "GET / HTTP/1.1" 200 2366 "http://www.google.de/url?sa=t&rct=j&q=&esrc=s&source=web&cd=4&ved=0CFUQoAIwAw&url=http%3A%2F%2Fwww.dialyse-calw.de%2F&ei=3AK7UeCxI8mG4gSm0YGYDA&usg=AFQjCNECMxQiO0NOt3ERqW1uzT1RIToCeg&sig2=QyKcWawBCBNfkYfAIpV5Qg" "Mozilla/5.0 (Windows NT 6.2; WOW64; rv:21.0) Gecko/20100101 Firefox/21.0"
79.214.64.84 - - [14/Jun/2013:13:49:15 +0200] "GET /00start.swf HTTP/1.1" 200 8575 "http://www.dialyse-calw.de/" "Mozilla/5.0 (Windows NT 6.2; WOW64; rv:21.0) Gecko/20100101 Firefox/21.0"
79.214.64.84 - - [14/Jun/2013:13:49:23 +0200] "GET /favicon.ico HTTP/1.1" 404 1256 "-" "Mozilla/5.0 (Windows NT 6.2; WOW64; rv:21.0) Gecko/20100101 Firefox/21.0"
79.214.64.84 - - [14/Jun/2013:13:49:23 +0200] "GET /00themen00.html HTTP/1.1" 200 2254 "http://www.dialyse-calw.de/" "Mozilla/5.0 (Windows NT 6.2; WOW64; rv:21.0) Gecko/20100101 Firefox/21.0"
79.214.64.84 - - [14/Jun/2013:13:49:23 +0200] "GET /favicon.ico HTTP/1.1" 404 1256 "-" "Mozilla/5.0 (Windows NT 6.2; WOW64; rv:21.0) Gecko/20100101 Firefox/21.0"
79.214.64.84 - - [14/Jun/2013:13:49:23 +0200] "GET /AC_RunActiveContent.js HTTP/1.1" 200 8029 "http://www.dialyse-calw.de/00themen00.html" "Mozilla/5.0 (Windows NT 6.2; WOW64; rv:21.0) Gecko/20100101 Firefox/21.0"
79.214.64.84 - - [14/Jun/2013:13:49:24 +0200] "GET /00themen00.swf HTTP/1.1" 200 136579 "http://www.dialyse-calw.de/00themen00.html" "Mozilla/5.0 (Windows NT 6.2; WOW64; rv:21.0) Gecko/20100101 Firefox/21.0"
75.98.9.254 - - [14/Jun/2013:13:49:26 +0200] "GET / HTTP/1.1" 200 2366 "-" "Mozilla/5.0 (compatible; NetSeer crawler/2.0; +http://www.netseer.com/crawler.html; crawler@netseer.com)"
50.16.72.232 - - [14/Jun/2013:13:49:28 +0200] "GET /robots.txt HTTP/1.1" 404 1256 "-" "Mozilla/5.0 (compatible; proximic; +http://www.proximic.com/info/spider.php)"
79.214.64.84 - - [14/Jun/2013:13:49:29 +0200] "GET /03.html HTTP/1.1" 200 1982 "http://www.dialyse-calw.de/00themen00.html" "Mozilla/5.0 (Windows NT 6.2; WOW64; rv:21.0) Gecko/20100101 Firefox/21.0"
79.214.64.84 - - [14/Jun/2013:13:49:30 +0200] "GET /03.swf HTTP/1.1" 200 74505 "http://www.dialyse-calw.de/03.html" "Mozilla/5.0 (Windows NT 6.2; WOW64; rv:21.0) Gecko/20100101 Firefox/21.0"
54.226.54.154 - - [14/Jun/2013:13:49:58 +0200] "GET /00themen00.html HTTP/1.1" 200 2254 "-" "Mozilla/5.0 (compatible; proximic; +http://www.proximic.com/info/spider.php)"
79.214.64.84 - - [14/Jun/2013:13:50:09 +0200] "GET /06.html HTTP/1.1" 200 2278 "http://www.dialyse-calw.de/00themen00.html" "Mozilla/5.0 (Windows NT 6.2; WOW64; rv:21.0) Gecko/20100101 Firefox/21.0"
79.214.64.84 - - [14/Jun/2013:13:50:09 +0200] "GET /06.swf HTTP/1.1" 200 20731 "http://www.dialyse-calw.de/06.html" "Mozilla/5.0 (Windows NT 6.2; WOW64; rv:21.0) Gecko/20100101 Firefox/21.0"
79.214.64.84 - - [14/Jun/2013:13:50:48 +0200] "GET /01.html HTTP/1.1" 200 1982 "http://www.dialyse-calw.de/00themen00.html" "Mozilla/5.0 (Windows NT 6.2; WOW64; rv:21.0) Gecko/20100101 Firefox/21.0"
79.214.64.84 - - [14/Jun/2013:13:50:49 +0200] "GET /01.swf HTTP/1.1" 200 19349 "http://www.dialyse-calw.de/01.html" "Mozilla/5.0 (Windows NT 6.2; WOW64; rv:21.0) Gecko/20100101 Firefox/21.0"
79.214.64.84 - - [14/Jun/2013:13:52:03 +0200] "GET /02.html HTTP/1.1" 200 1982 "http://www.dialyse-calw.de/00themen00.html" "Mozilla/5.0 (Windows NT 6.2; WOW64; rv:21.0) Gecko/20100101 Firefox/21.0"
79.214.64.84 - - [14/Jun/2013:13:52:04 +0200] "GET /02.swf HTTP/1.1" 200 22781 "http://www.dialyse-calw.de/02.html" "Mozilla/5.0 (Windows NT 6.2; WOW64; rv:21.0) Gecko/20100101 Firefox/21.0"
157.55.35.109 - - [14/Jun/2013:13:56:03 +0200] "GET /04Karteccc.html HTTP/1.1" 200 2077 "-" "Mozilla/5.0 (compatible; bingbot/2.0; +http://www.bing.com/bingbot.htm)"
199.30.24.252 - - [14/Jun/2013:13:56:05 +0200] "GET /AC_RunActiveContent.js HTTP/1.1" 200 8029 "http://www.dialyse-calw.de/04Karteccc.html" "Mozilla/5.0 (Windows NT 6.1; WOW64) AppleWebKit/534+ (KHTML, like Gecko) BingPreview/1.0b"
199.30.24.252 - - [14/Jun/2013:13:56:06 +0200] "GET /04Karteccc.swf HTTP/1.1" 200 32338 "http://www.dialyse-calw.de/04Karteccc.swf" "Mozilla/5.0 (Windows NT 6.1; WOW64) AppleWebKit/534+ (KHTML, like Gecko) BingPreview/1.0b"
66.249.72.27 - - [14/Jun/2013:14:29:16 +0200] "GET /00themen00.html HTTP/1.1" 304 - "-" "Mozilla/5.0 (iPhone; U; CPU iPhone OS 4_1 like Mac OS X; en-us) AppleWebKit/532.9 (KHTML, like Gecko) Version/4.0.5 Mobile/8B117 Safari/6531.22.7 (compatible; Googlebot-Mobile/2.1; +http://www.google.com/bot.html)"
178.255.215.68 - - [14/Jun/2013:15:20:16 +0200] "GET /robots.txt HTTP/1.1" 404 1256 "-" "Mozilla/5.0 (compatible; Exabot/3.0; +http://www.exabot.com/go/robot)"
178.255.215.68 - - [14/Jun/2013:15:20:16 +0200] "GET / HTTP/1.1" 304 - "-" "Mozilla/5.0 (compatible; Exabot/3.0; +http://www.exabot.com/go/robot)"
157.56.92.160 - - [14/Jun/2013:15:33:05 +0200] "GET /robots.txt HTTP/1.1" 404 1256 "-" "Mozilla/5.0 (compatible; bingbot/2.0; +http://www.bing.com/bingbot.htm)"
157.56.92.160 - - [14/Jun/2013:15:34:03 +0200] "GET / HTTP/1.1" 200 2366 "-" "Mozilla/5.0 (compatible; bingbot/2.0; +http://www.bing.com/bingbot.htm)"
217.228.19.80 - - [14/Jun/2013:15:44:17 +0200] "GET / HTTP/1.1" 200 2366 "http://www.goyellow.de/home/nephrologie-dialysezentrum-calw-calw.html" "Mozilla/5.0 (X11; U; Linux i686; de; rv:1.9.0.4) Gecko/2008103100 SUSE/3.0.4-4.6 Firefox/3.0.4"
217.228.19.80 - - [14/Jun/2013:15:44:17 +0200] "GET /00start.swf HTTP/1.1" 200 8575 "http://www.dialyse-pforzheim.de/" "Mozilla/5.0 (X11; U; Linux i686; de; rv:1.9.0.4) Gecko/2008103100 SUSE/3.0.4-4.6 Firefox/3.0.4"
217.228.19.80 - - [14/Jun/2013:15:44:20 +0200] "GET /favicon.ico HTTP/1.1" 404 1256 "-" "Mozilla/5.0 (X11; U; Linux i686; de; rv:1.9.0.4) Gecko/2008103100 SUSE/3.0.4-4.6 Firefox/3.0.4"
217.228.19.80 - - [14/Jun/2013:15:44:23 +0200] "GET /favicon.ico HTTP/1.1" 404 1256 "-" "Mozilla/5.0 (X11; U; Linux i686; de; rv:1.9.0.4) Gecko/2008103100 SUSE/3.0.4-4.6 Firefox/3.0.4"
217.228.19.80 - - [14/Jun/2013:15:44:41 +0200] "GET /00start.swf HTTP/1.1" 206 8575 "http://www.dialyse-pforzheim.de/" "Mozilla/5.0 (X11; U; Linux i686; de; rv:1.9.0.4) Gecko/2008103100 SUSE/3.0.4-4.6 Firefox/3.0.4"
217.228.19.80 - - [14/Jun/2013:15:44:53 +0200] "GET /00start.swf HTTP/1.1" 206 8575 "http://www.dialyse-pforzheim.de/" "Mozilla/5.0 (X11; U; Linux i686; de; rv:1.9.0.4) Gecko/2008103100 SUSE/3.0.4-4.6 Firefox/3.0.4"
66.249.72.27 - - [14/Jun/2013:15:47:36 +0200] "GET /08.swf HTTP/1.1" 200 20405 "-" "Mozilla/5.0 (iPhone; U; CPU iPhone OS 4_1 like Mac OS X; en-us) AppleWebKit/532.9 (KHTML, like Gecko) Version/4.0.5 Mobile/8B117 Safari/6531.22.7 (compatible; Googlebot-Mobile/2.1; +http://www.google.com/bot.html)"
141.8.147.12 - - [14/Jun/2013:16:00:42 +0200] "GET /robots.txt HTTP/1.1" 404 1256 "-" "Mozilla/5.0 (compatible; YandexBot/3.0; +http://yandex.com/bots)"
141.8.147.12 - - [14/Jun/2013:16:00:43 +0200] "GET /robots.txt HTTP/1.1" 404 1256 "-" "Mozilla/5.0 (compatible; YandexBot/3.0; +http://yandex.com/bots)"
141.8.147.12 - - [14/Jun/2013:16:00:44 +0200] "GET / HTTP/1.1" 200 2366 "-" "Mozilla/5.0 (compatible; YandexBot/3.0; +http://yandex.com/bots)"
141.8.147.12 - - [14/Jun/2013:16:00:45 +0200] "GET / HTTP/1.1" 200 2366 "-" "Mozilla/5.0 (compatible; YandexBot/3.0; +http://yandex.com/bots)"
141.8.147.12 - - [14/Jun/2013:16:00:48 +0200] "GET /00start.swf HTTP/1.1" 200 8575 "-" "Mozilla/5.0 (compatible; YandexBot/3.0; +http://yandex.com/bots)"
141.8.147.12 - - [14/Jun/2013:16:00:49 +0200] "GET /00start.swf HTTP/1.1" 200 8575 "-" "Mozilla/5.0 (compatible; YandexBot/3.0; +http://yandex.com/bots)"
141.8.147.12 - - [14/Jun/2013:16:00:56 +0200] "GET / HTTP/1.1" 200 2366 "-" "Mozilla/5.0 (compatible; YandexBot/3.0; +http://yandex.com/bots)"
141.8.147.12 - - [14/Jun/2013:16:00:58 +0200] "GET / HTTP/1.1" 200 2366 "-" "Mozilla/5.0 (compatible; YandexBot/3.0; +http://yandex.com/bots)"
157.56.93.72 - - [14/Jun/2013:16:05:42 +0200] "GET /robots.txt HTTP/1.1" 404 1256 "-" "Mozilla/5.0 (compatible; bingbot/2.0; +http://www.bing.com/bingbot.htm)"
157.56.93.72 - - [14/Jun/2013:16:08:39 +0200] "GET / HTTP/1.1" 200 2366 "-" "Mozilla/5.0 (compatible; bingbot/2.0; +http://www.bing.com/bingbot.htm)"
199.19.249.196 - - [14/Jun/2013:16:38:27 +0200] "GET /08.html HTTP/1.1" 200 2005 "-" "Mozilla/4.0 (compatible; MSIE 7.0; Windows NT 5.1; InfoPath.1; .NET CLR 2.0.50727; .NET CLR 1.1.4322; MS-RTC LM 8; .NET CLR 3.0.4506.2152; .NET CLR 3.5.30729)"
69.58.178.56 - - [14/Jun/2013:18:08:43 +0200] "GET /robots.txt HTTP/1.1" 404 1256 "-" "Mozilla/5.0 (X11; Ubuntu; Linux i686; rv:14.0; ips-agent) Gecko/20100101 Firefox/14.0.1"
69.58.178.56 - - [14/Jun/2013:18:08:45 +0200] "GET / HTTP/1.1" 200 2366 "-" "Mozilla/5.0 (X11; Ubuntu; Linux i686; rv:14.0; ips-agent) Gecko/20100101 Firefox/14.0.1"
89.145.95.2 - - [14/Jun/2013:18:17:09 +0200] "GET /robots.txt HTTP/1.1" 404 1256 "-" "Mozilla/5.0 (compatible; GrapeshotCrawler/2.0; +http://www.grapeshot.co.uk/crawler.php)"
89.145.95.2 - - [14/Jun/2013:18:17:27 +0200] "GET /00themen00.html HTTP/1.1" 200 2254 "-" "Mozilla/5.0 (compatible; GrapeshotCrawler/2.0; +http://www.grapeshot.co.uk/crawler.php)"
157.55.32.60 - - [14/Jun/2013:18:58:48 +0200] "GET /robots.txt HTTP/1.1" 404 1256 "-" "Mozilla/5.0 (compatible; bingbot/2.0; +http://www.bing.com/bingbot.htm)"
157.55.32.60 - - [14/Jun/2013:19:00:04 +0200] "GET / HTTP/1.1" 200 2366 "-" "Mozilla/5.0 (compatible; bingbot/2.0; +http://www.bing.com/bingbot.htm)"
66.249.72.27 - - [14/Jun/2013:19:17:18 +0200] "GET /08.html HTTP/1.1" 304 - "-" "Mozilla/5.0 (iPhone; U; CPU iPhone OS 4_1 like Mac OS X; en-us) AppleWebKit/532.9 (KHTML, like Gecko) Version/4.0.5 Mobile/8B117 Safari/6531.22.7 (compatible; Googlebot-Mobile/2.1; +http://www.google.com/bot.html)"
46.229.164.97 - - [14/Jun/2013:20:23:41 +0200] "GET /robots.txt HTTP/1.1" 404 1256 "-" "Mozilla/5.0 (compatible; SemrushBot/0.96.3; +http://www.semrush.com/bot.html)"
157.56.92.146 - - [14/Jun/2013:20:39:12 +0200] "GET /robots.txt HTTP/1.1" 404 1256 "-" "Mozilla/5.0 (compatible; bingbot/2.0; +http://www.bing.com/bingbot.htm)"
157.56.92.146 - - [14/Jun/2013:20:40:06 +0200] "GET / HTTP/1.1" 200 2366 "-" "Mozilla/5.0 (compatible; bingbot/2.0; +http://www.bing.com/bingbot.htm)"
157.55.32.144 - - [14/Jun/2013:20:40:36 +0200] "GET /05.html HTTP/1.1" 200 1982 "-" "Mozilla/5.0 (compatible; bingbot/2.0; +http://www.bing.com/bingbot.htm)"
157.55.33.14 - - [14/Jun/2013:20:46:06 +0200] "GET /01.swf HTTP/1.1" 200 19349 "-" "Mozilla/5.0 (compatible; bingbot/2.0; +http://www.bing.com/bingbot.htm)"
157.55.33.14 - - [14/Jun/2013:20:46:06 +0200] "GET /04Karteddd.html HTTP/1.1" 200 2077 "-" "Mozilla/5.0 (compatible; bingbot/2.0; +http://www.bing.com/bingbot.htm)"
157.55.33.14 - - [14/Jun/2013:20:46:06 +0200] "GET /07.html HTTP/1.1" 200 2319 "-" "Mozilla/5.0 (compatible; bingbot/2.0; +http://www.bing.com/bingbot.htm)"
157.55.33.14 - - [14/Jun/2013:20:46:06 +0200] "GET /08.html HTTP/1.1" 200 2005 "-" "Mozilla/5.0 (compatible; bingbot/2.0; +http://www.bing.com/bingbot.htm)"
66.249.72.58 - - [14/Jun/2013:21:30:08 +0200] "GET /robots.txt HTTP/1.1" 404 1256 "-" "Mozilla/5.0 (compatible; Googlebot/2.1; +http://www.google.com/bot.html)"
66.249.72.58 - - [14/Jun/2013:21:30:08 +0200] "GET /AC_RunActiveContent.js HTTP/1.1" 200 8029 "-" "Mozilla/5.0 (compatible; Googlebot/2.1; +http://www.google.com/bot.html)"
46.229.164.97 - - [14/Jun/2013:21:30:31 +0200] "GET /robots.txt HTTP/1.1" 404 1256 "-" "Mozilla/5.0 (compatible; SemrushBot/0.96.3; +http://www.semrush.com/bot.html)"
157.55.35.109 - - [14/Jun/2013:21:49:07 +0200] "GET /robots.txt HTTP/1.1" 404 1256 "-" "Mozilla/5.0 (compatible; bingbot/2.0; +http://www.bing.com/bingbot.htm)"
157.55.35.109 - - [14/Jun/2013:21:50:07 +0200] "GET /03.html HTTP/1.1" 200 1982 "-" "Mozilla/5.0 (compatible; bingbot/2.0; +http://www.bing.com/bingbot.htm)"
157.55.35.109 - - [14/Jun/2013:21:50:07 +0200] "GET /00themen00.html HTTP/1.1" 200 2254 "-" "Mozilla/5.0 (compatible; bingbot/2.0; +http://www.bing.com/bingbot.htm)"
157.55.35.109 - - [14/Jun/2013:21:50:07 +0200] "GET /04Karteccc.html HTTP/1.1" 200 2077 "-" "Mozilla/5.0 (compatible; bingbot/2.0; +http://www.bing.com/bingbot.htm)"
64.246.161.42 - - [14/Jun/2013:22:43:18 +0200] "GET /robots.txt HTTP/1.0" 404 1256 "-" "Mozilla/5.0 (Windows; U; Windows NT 5.1; en; rv:1.9.0.13) Gecko/2009073022 Firefox/3.5.2 (.NET CLR 3.5.30729) SurveyBot/2.3 (DomainTools)"
64.246.161.42 - - [14/Jun/2013:22:43:18 +0200] "GET / HTTP/1.1" 200 2366 "http://whois.domaintools.com/dialyse-nagold.de" "Mozilla/5.0 (Windows; U; Windows NT 5.1; en; rv:1.9.0.13) Gecko/2009073022 Firefox/3.5.2 (.NET CLR 3.5.30729) SurveyBot/2.3 (DomainTools)"
64.246.165.170 - - [14/Jun/2013:23:36:21 +0200] "GET /robots.txt HTTP/1.0" 404 1256 "-" "Mozilla/5.0 (Windows; U; Windows NT 5.1; en; rv:1.9.0.13) Gecko/2009073022 Firefox/3.5.2 (.NET CLR 3.5.30729) SurveyBot/2.3 (DomainTools)"
64.246.165.170 - - [14/Jun/2013:23:36:21 +0200] "GET / HTTP/1.1" 200 2366 "http://whois.domaintools.com/dialyse-pforzheim.de" "Mozilla/5.0 (Windows; U; Windows NT 5.1; en; rv:1.9.0.13) Gecko/2009073022 Firefox/3.5.2 (.NET CLR 3.5.30729) SurveyBot/2.3 (DomainTools)"
64.246.165.160 - - [14/Jun/2013:23:53:22 +0200] "GET /robots.txt HTTP/1.0" 404 1256 "-" "Mozilla/5.0 (Windows; U; Windows NT 5.1; en; rv:1.9.0.13) Gecko/2009073022 Firefox/3.5.2 (.NET CLR 3.5.30729) SurveyBot/2.3 (DomainTools)"
64.246.165.160 - - [14/Jun/2013:23:53:22 +0200] "GET / HTTP/1.1" 200 2366 "http://whois.domaintools.com/dialyse-pforzheim-klinikum.de" "Mozilla/5.0 (Windows; U; Windows NT 5.1; en; rv:1.9.0.13) Gecko/2009073022 Firefox/3.5.2 (.NET CLR 3.5.30729) SurveyBot/2.3 (DomainTools)"
64.246.165.10 - - [14/Jun/2013:23:57:58 +0200] "GET /robots.txt HTTP/1.0" 404 1256 "-" "Mozilla/5.0 (Windows; U; Windows NT 5.1; en; rv:1.9.0.13) Gecko/2009073022 Firefox/3.5.2 (.NET CLR 3.5.30729) SurveyBot/2.3 (DomainTools)"
64.246.165.10 - - [14/Jun/2013:23:57:59 +0200] "GET / HTTP/1.1" 200 2366 "http://whois.domaintools.com/dialyse-calw.de" "Mozilla/5.0 (Windows; U; Windows NT 5.1; en; rv:1.9.0.13) Gecko/2009073022 Firefox/3.5.2 (.NET CLR 3.5.30729) SurveyBot/2.3 (DomainTools)"
66.249.72.27 - - [15/Jun/2013:00:11:26 +0200] "GET /00start.swf HTTP/1.1" 200 8575 "-" "Mozilla/5.0 (iPhone; U; CPU iPhone OS 4_1 like Mac OS X; en-us) AppleWebKit/532.9 (KHTML, like Gecko) Version/4.0.5 Mobile/8B117 Safari/6531.22.7 (compatible; Googlebot-Mobile/2.1; +http://www.google.com/bot.html)"
157.56.92.146 - - [15/Jun/2013:00:12:27 +0200] "GET /robots.txt HTTP/1.1" 404 1256 "-" "Mozilla/5.0 (compatible; bingbot/2.0; +http://www.bing.com/bingbot.htm)"
157.56.92.146 - - [15/Jun/2013:00:13:10 +0200] "GET / HTTP/1.1" 200 2366 "-" "Mozilla/5.0 (compatible; bingbot/2.0; +http://www.bing.com/bingbot.htm)"
66.249.72.27 - - [15/Jun/2013:00:35:51 +0200] "GET / HTTP/1.1" 200 2366 "-" "Mozilla/5.0 (compatible; Googlebot/2.1; +http://www.google.com/bot.html)"
141.8.147.12 - - [15/Jun/2013:01:12:19 +0200] "GET /00start.swf HTTP/1.1" 200 8575 "-" "Mozilla/5.0 (compatible; YandexBot/3.0; +http://yandex.com/bots)"
66.249.72.27 - - [15/Jun/2013:01:17:17 +0200] "GET /00start.swf HTTP/1.1" 200 8575 "-" "DoCoMo/2.0 N905i(c100;TB;W24H16) (compatible; Googlebot-Mobile/2.1; +http://www.google.com/bot.html)"
207.241.226.238 - - [15/Jun/2013:01:55:20 +0200] "GET /robots.txt HTTP/1.1" 404 1256 "-" "ia_archiver(OS-Wayback)"
207.241.226.238 - - [15/Jun/2013:02:03:38 +0200] "GET /robots.txt HTTP/1.1" 404 1256 "-" "ia_archiver(OS-Wayback)"
66.249.72.27 - - [15/Jun/2013:02:50:54 +0200] "GET /robots.txt HTTP/1.1" 404 1256 "-" "Mozilla/5.0 (compatible; Googlebot/2.1; +http://www.google.com/bot.html)"
157.56.92.160 - - [15/Jun/2013:02:58:02 +0200] "GET /robots.txt HTTP/1.1" 404 1256 "-" "Mozilla/5.0 (compatible; bingbot/2.0; +http://www.bing.com/bingbot.htm)"
157.56.92.160 - - [15/Jun/2013:02:59:09 +0200] "GET / HTTP/1.1" 200 2366 "-" "Mozilla/5.0 (compatible; bingbot/2.0; +http://www.bing.com/bingbot.htm)"
178.77.126.55 - - [15/Jun/2013:03:44:30 +0200] "GET /robots.txt HTTP/1.1" 404 1256 "-" "Mozilla/5.0 (compatible; CareerBot/1.1; +http://www.career-x.de/bot.html)"
178.77.126.55 - - [15/Jun/2013:03:44:30 +0200] "GET / HTTP/1.1" 200 2366 "-" "Mozilla/5.0 (compatible; CareerBot/1.1; +http://www.career-x.de/bot.html)"
178.77.126.55 - - [15/Jun/2013:03:52:16 +0200] "GET /robots.txt HTTP/1.1" 404 1256 "-" "Mozilla/5.0 (compatible; CareerBot/1.1; +http://www.career-x.de/bot.html)"
178.77.126.55 - - [15/Jun/2013:03:52:16 +0200] "GET / HTTP/1.1" 200 2366 "-" "Mozilla/5.0 (compatible; CareerBot/1.1; +http://www.career-x.de/bot.html)"
157.56.93.72 - - [15/Jun/2013:04:08:50 +0200] "GET /robots.txt HTTP/1.1" 404 1256 "-" "Mozilla/5.0 (compatible; bingbot/2.0; +http://www.bing.com/bingbot.htm)"
157.56.93.72 - - [15/Jun/2013:04:10:06 +0200] "GET / HTTP/1.1" 200 2366 "-" "Mozilla/5.0 (compatible; bingbot/2.0; +http://www.bing.com/bingbot.htm)"
66.162.42.131 - - [15/Jun/2013:04:44:44 +0200] "GET /robots.txt HTTP/1.0" 404 1256 "-" "Mozilla/5.0 (compatible; GigaBot/1.0; +http://www.gigablast.com/ )"
66.162.42.131 - - [15/Jun/2013:04:44:44 +0200] "GET / HTTP/1.0" 200 2366 "-" "Mozilla/5.0 (compatible; GigaBot/1.0; +http://www.gigablast.com/ )"
66.249.72.27 - - [15/Jun/2013:05:06:50 +0200] "GET /00start.swf HTTP/1.1" 200 8575 "-" "SAMSUNG-SGH-E250/1.0 Profile/MIDP-2.0 Configuration/CLDC-1.1 UP.Browser/6.2.3.3.c.1.101 (GUI) MMP/2.0 (compatible; Googlebot-Mobile/2.1; +http://www.google.com/bot.html)"
157.56.92.152 - - [15/Jun/2013:05:27:48 +0200] "GET /robots.txt HTTP/1.1" 404 1256 "-" "Mozilla/5.0 (compatible; bingbot/2.0; +http://www.bing.com/bingbot.htm)"
157.56.92.152 - - [15/Jun/2013:05:28:43 +0200] "GET / HTTP/1.1" 200 2366 "-" "Mozilla/5.0 (compatible; bingbot/2.0; +http://www.bing.com/bingbot.htm)"
78.158.11.226 - - [15/Jun/2013:05:38:28 +0200] "GET /00start.swf HTTP/1.1" 200 8575 "http://sameid.net/domain/www.dialyse-nagold.de/" "Lynx/2.8.5rel.1 libwww-FM/2.15FC SSL-MM/1.4.1c OpenSSL/0.9.7e-dev"
78.158.11.226 - - [15/Jun/2013:05:38:28 +0200] "GET /00start.swf HTTP/1.1" 200 8575 "http://www.google.com/url?sa=t&rct=j&q=www.dialyse-nagold.de&source=web&cd=5&ved=0CF0QFjAE&url=http:%2F%2Fwww.dialyse-nagold.de%2F00start.swf&cad=rja" "Lynx/2.8.5rel.1 libwww-FM/2.15FC SSL-MM/1.4.1c OpenSSL/0.9.7e-dev"
78.158.11.226 - - [15/Jun/2013:05:38:28 +0200] "GET / HTTP/1.1" 200 2366 "-" "Lynx/2.8.5rel.1 libwww-FM/2.15FC SSL-MM/1.4.1c OpenSSL/0.9.7e-dev"
66.249.72.58 - - [15/Jun/2013:07:58:47 +0200] "GET /robots.txt HTTP/1.1" 404 1256 "-" "Mozilla/5.0 (compatible; Googlebot/2.1; +http://www.google.com/bot.html)"
66.249.72.58 - - [15/Jun/2013:07:58:48 +0200] "GET /08.html HTTP/1.1" 304 - "-" "DoCoMo/2.0 N905i(c100;TB;W24H16) (compatible; Googlebot-Mobile/2.1; +http://www.google.com/bot.html)"
79.220.199.88 - - [15/Jun/2013:09:04:50 +0200] "GET /00themen00.swf HTTP/1.1" 200 136579 "http://www.dialyse-calw.de/00themen00.html" "Mozilla/5.0 (compatible; MSIE 9.0; Windows NT 6.0; Trident/5.0)"
66.249.72.27 - - [15/Jun/2013:09:09:02 +0200] "GET /robots.txt HTTP/1.1" 404 1256 "-" "Mozilla/5.0 (compatible; Googlebot/2.1; +http://www.google.com/bot.html)"
66.249.72.27 - - [15/Jun/2013:09:09:02 +0200] "GET /00themen00.html HTTP/1.1" 304 - "-" "Mozilla/5.0 (iPhone; U; CPU iPhone OS 4_1 like Mac OS X; en-us) AppleWebKit/532.9 (KHTML, like Gecko) Version/4.0.5 Mobile/8B117 Safari/6531.22.7 (compatible; Googlebot-Mobile/2.1; +http://www.google.com/bot.html)"
141.8.147.12 - - [15/Jun/2013:09:24:56 +0200] "GET /robots.txt HTTP/1.1" 404 1256 "-" "Mozilla/5.0 (compatible; YandexBot/3.0; +http://yandex.com/bots)"
141.8.147.12 - - [15/Jun/2013:09:24:58 +0200] "GET / HTTP/1.1" 200 2366 "-" "Mozilla/5.0 (compatible; YandexBot/3.0; +http://yandex.com/bots)"
141.8.147.12 - - [15/Jun/2013:09:25:00 +0200] "GET /robots.txt HTTP/1.1" 404 1256 "-" "Mozilla/5.0 (compatible; YandexBot/3.0; +http://yandex.com/bots)"
141.8.147.12 - - [15/Jun/2013:09:25:01 +0200] "GET /00start.swf HTTP/1.1" 200 8575 "-" "Mozilla/5.0 (compatible; YandexBot/3.0; +http://yandex.com/bots)"
141.8.147.12 - - [15/Jun/2013:09:25:02 +0200] "GET / HTTP/1.1" 200 2366 "-" "Mozilla/5.0 (compatible; YandexBot/3.0; +http://yandex.com/bots)"
141.8.147.12 - - [15/Jun/2013:09:25:02 +0200] "GET /robots.txt HTTP/1.1" 404 1256 "-" "Mozilla/5.0 (compatible; YandexBot/3.0; +http://yandex.com/bots)"
141.8.147.12 - - [15/Jun/2013:09:25:04 +0200] "GET / HTTP/1.1" 200 2366 "-" "Mozilla/5.0 (compatible; YandexBot/3.0; +http://yandex.com/bots)"
141.8.147.12 - - [15/Jun/2013:09:25:06 +0200] "GET /00start.swf HTTP/1.1" 200 8575 "-" "Mozilla/5.0 (compatible; YandexBot/3.0; +http://yandex.com/bots)"
141.8.147.12 - - [15/Jun/2013:09:25:08 +0200] "GET /00start.swf HTTP/1.1" 200 8575 "-" "Mozilla/5.0 (compatible; YandexBot/3.0; +http://yandex.com/bots)"
141.8.147.12 - - [15/Jun/2013:09:25:27 +0200] "GET / HTTP/1.1" 200 2366 "-" "Mozilla/5.0 (compatible; YandexBot/3.0; +http://yandex.com/bots)"
141.8.147.12 - - [15/Jun/2013:09:25:29 +0200] "GET / HTTP/1.1" 200 2366 "-" "Mozilla/5.0 (compatible; YandexBot/3.0; +http://yandex.com/bots)"
141.8.147.12 - - [15/Jun/2013:09:25:38 +0200] "GET / HTTP/1.1" 200 2366 "-" "Mozilla/5.0 (compatible; YandexBot/3.0; +http://yandex.com/bots)"
66.249.72.214 - - [15/Jun/2013:09:36:55 +0200] "GET /robots.txt HTTP/1.1" 404 1256 "-" "Mozilla/5.0 (compatible; Googlebot/2.1; +http://www.google.com/bot.html)"
66.249.72.214 - - [15/Jun/2013:09:36:55 +0200] "GET / HTTP/1.1" 200 2366 "-" "Mozilla/5.0 (iPhone; U; CPU iPhone OS 4_1 like Mac OS X; en-us) AppleWebKit/532.9 (KHTML, like Gecko) Version/4.0.5 Mobile/8B117 Safari/6531.22.7 (compatible; Googlebot-Mobile/2.1; +http://www.google.com/bot.html)"
66.249.72.58 - - [15/Jun/2013:09:43:54 +0200] "GET / HTTP/1.1" 200 2366 "-" "Mozilla/5.0 (iPhone; U; CPU iPhone OS 4_1 like Mac OS X; en-us) AppleWebKit/532.9 (KHTML, like Gecko) Version/4.0.5 Mobile/8B117 Safari/6531.22.7 (compatible; Googlebot-Mobile/2.1; +http://www.google.com/bot.html)"
176.9.149.54 - - [15/Jun/2013:10:07:16 +0200] "GET /robots.txt HTTP/1.1" 404 1256 "-" "Mozilla/5.0 (compatible; SearchmetricsBot; http://www.searchmetrics.com/en/searchmetrics-bot/)"
176.9.149.54 - - [15/Jun/2013:10:07:16 +0200] "GET / HTTP/1.1" 200 2366 "-" "Mozilla/5.0 (compatible; SearchmetricsBot; http://www.searchmetrics.com/en/searchmetrics-bot/)"
66.249.72.58 - - [15/Jun/2013:10:39:38 +0200] "GET /08.html HTTP/1.1" 200 2005 "-" "Mozilla/5.0 (iPhone; U; CPU iPhone OS 4_1 like Mac OS X; en-us) AppleWebKit/532.9 (KHTML, like Gecko) Version/4.0.5 Mobile/8B117 Safari/6531.22.7 (compatible; Googlebot-Mobile/2.1; +http://www.google.com/bot.html)"
66.249.72.27 - - [15/Jun/2013:10:40:51 +0200] "GET /08.swf HTTP/1.1" 200 20405 "-" "Mozilla/5.0 (compatible; Googlebot/2.1; +http://www.google.com/bot.html)"
157.56.92.146 - - [15/Jun/2013:10:56:14 +0200] "GET /robots.txt HTTP/1.1" 404 1256 "-" "Mozilla/5.0 (compatible; bingbot/2.0; +http://www.bing.com/bingbot.htm)"
157.56.92.146 - - [15/Jun/2013:10:56:47 +0200] "GET / HTTP/1.1" 200 2366 "-" "Mozilla/5.0 (compatible; bingbot/2.0; +http://www.bing.com/bingbot.htm)"
95.112.243.166 - - [15/Jun/2013:11:03:33 +0200] "GET /00themen00.html HTTP/1.1" 200 2254 "-" "Mozilla/5.0 (Macintosh; Intel Mac OS X 10_8_4) AppleWebKit/536.30.1 (KHTML, like Gecko) Version/6.0.5 Safari/536.30.1"
95.112.243.166 - - [15/Jun/2013:11:03:33 +0200] "GET /AC_RunActiveContent.js HTTP/1.1" 200 8029 "http://www.dialyse-calw.de/00themen00.html" "Mozilla/5.0 (Macintosh; Intel Mac OS X 10_8_4) AppleWebKit/536.30.1 (KHTML, like Gecko) Version/6.0.5 Safari/536.30.1"
84.241.99.122 - - [15/Jun/2013:11:49:47 +0200] "GET / HTTP/1.1" 304 - "http://www.google.ch/url?sa=t&rct=j&q=dialyse%20pforzheim&source=web&cd=1&sqi=2&ved=0CCoQFjAA&url=http%3A%2F%2Fwww.dialyse-calw.de%2F&ei=Szi8UbfLKIPC7Abio4CgCA&usg=AFQjCNECMxQiO0NOt3ERqW1uzT1RIToCeg&bvm=bv.47883778,d.bGE" "Mozilla/4.0 (compatible; MSIE 8.0; Windows NT 6.1; Trident/4.0; SLCC2; .NET CLR 2.0.50727; .NET CLR 3.5.30729; .NET CLR 3.0.30729; Media Center PC 6.0; .NET4.0C; .NET4.0E)"
84.241.99.122 - - [15/Jun/2013:11:49:50 +0200] "GET /00start.swf HTTP/1.1" 200 8575 "-" "contype"
84.241.99.122 - - [15/Jun/2013:11:49:54 +0200] "GET /favicon.ico HTTP/1.1" 404 1256 "-" "Mozilla/4.0 (compatible; MSIE 8.0; Windows NT 6.1; Trident/4.0; SLCC2; .NET CLR 2.0.50727; .NET CLR 3.5.30729; .NET CLR 3.0.30729; Media Center PC 6.0; .NET4.0C; .NET4.0E)"
84.241.99.122 - - [15/Jun/2013:11:50:02 +0200] "GET / HTTP/1.1" 200 2366 "http://www.dialyse-calw.de/" "Mozilla/4.0 (compatible; MSIE 8.0; Windows NT 6.1; Trident/4.0; SLCC2; .NET CLR 2.0.50727; .NET CLR 3.5.30729; .NET CLR 3.0.30729; Media Center PC 6.0; .NET4.0C; .NET4.0E)"
84.241.99.122 - - [15/Jun/2013:11:50:08 +0200] "GET /00start.swf HTTP/1.1" 200 8575 "-" "contype"
84.241.99.122 - - [15/Jun/2013:11:50:10 +0200] "GET /favicon.ico HTTP/1.1" 404 1256 "-" "Mozilla/4.0 (compatible; MSIE 8.0; Windows NT 6.1; Trident/4.0; SLCC2; .NET CLR 2.0.50727; .NET CLR 3.5.30729; .NET CLR 3.0.30729; Media Center PC 6.0; .NET4.0C; .NET4.0E)"
66.249.72.58 - - [15/Jun/2013:12:19:51 +0200] "GET /08.html HTTP/1.1" 304 - "-" "SAMSUNG-SGH-E250/1.0 Profile/MIDP-2.0 Configuration/CLDC-1.1 UP.Browser/6.2.3.3.c.1.101 (GUI) MMP/2.0 (compatible; Googlebot-Mobile/2.1; +http://www.google.com/bot.html)"
66.249.72.58 - - [15/Jun/2013:13:09:37 +0200] "GET /ducvnsgflqwviqs.html HTTP/1.1" 404 1256 "-" "Mozilla/5.0 (compatible; Googlebot/2.1; +http://www.google.com/bot.html)"
141.47.247.137 - - [15/Jun/2013:13:54:23 +0200] "GET / HTTP/1.1" 200 2366 "http://www.rhoen-klinikum-ag.com/rka/cms/pfk_2/deu/66265.html" "Mozilla/4.0 (compatible; MSIE 8.0; Windows NT 5.1; Trident/4.0)"
141.47.247.137 - - [15/Jun/2013:13:54:23 +0200] "GET /00start.swf HTTP/1.1" 200 8575 "-" "contype"
141.47.247.137 - - [15/Jun/2013:13:54:23 +0200] "GET /00start.swf HTTP/1.1" 200 8575 "http://www.dialyse-pforzheim.de/" "Mozilla/4.0 (compatible; MSIE 8.0; Windows NT 5.1; Trident/4.0)"
141.47.247.137 - - [15/Jun/2013:13:54:24 +0200] "GET /favicon.ico HTTP/1.1" 404 1256 "-" "Mozilla/4.0 (compatible; MSIE 8.0; Windows NT 5.1; Trident/4.0)"
141.47.247.137 - - [15/Jun/2013:13:54:29 +0200] "GET /00themen00.html HTTP/1.1" 200 2254 "http://www.dialyse-pforzheim.de/00start.swf" "Mozilla/4.0 (compatible; MSIE 8.0; Windows NT 5.1; Trident/4.0)"
141.47.247.137 - - [15/Jun/2013:13:54:29 +0200] "GET /AC_RunActiveContent.js HTTP/1.1" 200 8029 "http://www.dialyse-pforzheim.de/00start.swf" "Mozilla/4.0 (compatible; MSIE 8.0; Windows NT 5.1; Trident/4.0)"
141.47.247.137 - - [15/Jun/2013:13:54:30 +0200] "GET /00themen00.swf HTTP/1.1" 200 136579 "http://www.dialyse-pforzheim.de/00themen00.html" "Mozilla/4.0 (compatible; MSIE 8.0; Windows NT 5.1; Trident/4.0)"
141.47.247.137 - - [15/Jun/2013:13:54:30 +0200] "GET /favicon.ico HTTP/1.1" 404 1256 "-" "Mozilla/4.0 (compatible; MSIE 8.0; Windows NT 5.1; Trident/4.0)"
141.47.247.137 - - [15/Jun/2013:13:54:36 +0200] "GET /03a.html HTTP/1.1" 200 1991 "http://www.dialyse-pforzheim.de/00themen00.swf" "Mozilla/4.0 (compatible; MSIE 8.0; Windows NT 5.1; Trident/4.0)"
141.47.247.137 - - [15/Jun/2013:13:54:36 +0200] "GET /AC_RunActiveContent.js HTTP/1.1" 304 - "http://www.dialyse-pforzheim.de/00themen00.swf" "Mozilla/4.0 (compatible; MSIE 8.0; Windows NT 5.1; Trident/4.0)"
141.47.247.137 - - [15/Jun/2013:13:54:36 +0200] "GET /03a.swf HTTP/1.1" 200 94997 "http://www.dialyse-pforzheim.de/03a.html" "Mozilla/4.0 (compatible; MSIE 8.0; Windows NT 5.1; Trident/4.0)"
141.47.247.137 - - [15/Jun/2013:13:54:42 +0200] "GET /00themen00.html HTTP/1.1" 304 - "http://www.dialyse-pforzheim.de/03a.swf" "Mozilla/4.0 (compatible; MSIE 8.0; Windows NT 5.1; Trident/4.0)"
141.47.247.137 - - [15/Jun/2013:13:54:42 +0200] "GET /AC_RunActiveContent.js HTTP/1.1" 304 - "http://www.dialyse-pforzheim.de/03a.swf" "Mozilla/4.0 (compatible; MSIE 8.0; Windows NT 5.1; Trident/4.0)"
141.47.247.137 - - [15/Jun/2013:13:54:42 +0200] "GET /00themen00.swf HTTP/1.1" 304 - "http://www.dialyse-pforzheim.de/00themen00.html" "Mozilla/4.0 (compatible; MSIE 8.0; Windows NT 5.1; Trident/4.0)"
141.47.247.137 - - [15/Jun/2013:13:54:47 +0200] "GET /08.html HTTP/1.1" 200 2005 "http://www.dialyse-pforzheim.de/00themen00.swf" "Mozilla/4.0 (compatible; MSIE 8.0; Windows NT 5.1; Trident/4.0)"
141.47.247.137 - - [15/Jun/2013:13:54:47 +0200] "GET /AC_RunActiveContent.js HTTP/1.1" 304 - "http://www.dialyse-pforzheim.de/00themen00.swf" "Mozilla/4.0 (compatible; MSIE 8.0; Windows NT 5.1; Trident/4.0)"
141.47.247.137 - - [15/Jun/2013:13:54:47 +0200] "GET /08.swf HTTP/1.1" 200 20405 "http://www.dialyse-pforzheim.de/08.html" "Mozilla/4.0 (compatible; MSIE 8.0; Windows NT 5.1; Trident/4.0)"
141.47.247.137 - - [15/Jun/2013:13:54:51 +0200] "GET /04.html HTTP/1.1" 200 2106 "http://www.dialyse-pforzheim.de/08.swf" "Mozilla/4.0 (compatible; MSIE 8.0; Windows NT 5.1; Trident/4.0)"
141.47.247.137 - - [15/Jun/2013:13:54:51 +0200] "GET /AC_RunActiveContent.js HTTP/1.1" 304 - "http://www.dialyse-pforzheim.de/08.swf" "Mozilla/4.0 (compatible; MSIE 8.0; Windows NT 5.1; Trident/4.0)"
141.47.247.137 - - [15/Jun/2013:13:54:51 +0200] "GET /04.swf HTTP/1.1" 200 62769 "http://www.dialyse-pforzheim.de/04.html" "Mozilla/4.0 (compatible; MSIE 8.0; Windows NT 5.1; Trident/4.0)"
141.47.247.137 - - [15/Jun/2013:13:55:05 +0200] "GET /04Kartebbb.html HTTP/1.1" 200 2077 "http://www.dialyse-pforzheim.de/04.swf" "Mozilla/4.0 (compatible; MSIE 8.0; Windows NT 5.1; Trident/4.0)"
141.47.247.137 - - [15/Jun/2013:13:55:05 +0200] "GET /AC_RunActiveContent.js HTTP/1.1" 304 - "http://www.dialyse-pforzheim.de/04.swf" "Mozilla/4.0 (compatible; MSIE 8.0; Windows NT 5.1; Trident/4.0)"
141.47.247.137 - - [15/Jun/2013:13:55:05 +0200] "GET /04Kartebbb.swf HTTP/1.1" 200 32635 "http://www.dialyse-pforzheim.de/04Kartebbb.html" "Mozilla/4.0 (compatible; MSIE 8.0; Windows NT 5.1; Trident/4.0)"
141.47.247.137 - - [15/Jun/2013:13:55:17 +0200] "GET /04.html HTTP/1.1" 304 - "http://www.dialyse-pforzheim.de/04Kartebbb.swf" "Mozilla/4.0 (compatible; MSIE 8.0; Windows NT 5.1; Trident/4.0)"
141.47.247.137 - - [15/Jun/2013:13:55:17 +0200] "GET /AC_RunActiveContent.js HTTP/1.1" 304 - "http://www.dialyse-pforzheim.de/04Kartebbb.swf" "Mozilla/4.0 (compatible; MSIE 8.0; Windows NT 5.1; Trident/4.0)"
141.47.247.137 - - [15/Jun/2013:13:55:17 +0200] "GET /04.swf HTTP/1.1" 304 - "http://www.dialyse-pforzheim.de/04.html" "Mozilla/4.0 (compatible; MSIE 8.0; Windows NT 5.1; Trident/4.0)"
141.47.247.137 - - [15/Jun/2013:13:55:19 +0200] "GET /04Karteaaa.html HTTP/1.1" 200 2077 "http://www.dialyse-pforzheim.de/04.swf" "Mozilla/4.0 (compatible; MSIE 8.0; Windows NT 5.1; Trident/4.0)"
141.47.247.137 - - [15/Jun/2013:13:55:19 +0200] "GET /AC_RunActiveContent.js HTTP/1.1" 304 - "http://www.dialyse-pforzheim.de/04.swf" "Mozilla/4.0 (compatible; MSIE 8.0; Windows NT 5.1; Trident/4.0)"
141.47.247.137 - - [15/Jun/2013:13:55:19 +0200] "GET /04Karteaaa.swf HTTP/1.1" 200 18538 "http://www.dialyse-pforzheim.de/04Karteaaa.html" "Mozilla/4.0 (compatible; MSIE 8.0; Windows NT 5.1; Trident/4.0)"
141.47.247.137 - - [15/Jun/2013:13:55:22 +0200] "GET /04.html HTTP/1.1" 304 - "http://www.dialyse-pforzheim.de/04Karteaaa.swf" "Mozilla/4.0 (compatible; MSIE 8.0; Windows NT 5.1; Trident/4.0)"
141.47.247.137 - - [15/Jun/2013:13:55:22 +0200] "GET /AC_RunActiveContent.js HTTP/1.1" 304 - "http://www.dialyse-pforzheim.de/04Karteaaa.swf" "Mozilla/4.0 (compatible; MSIE 8.0; Windows NT 5.1; Trident/4.0)"
141.47.247.137 - - [15/Jun/2013:13:55:23 +0200] "GET /04.swf HTTP/1.1" 304 - "http://www.dialyse-pforzheim.de/04.html" "Mozilla/4.0 (compatible; MSIE 8.0; Windows NT 5.1; Trident/4.0)"
141.47.247.137 - - [15/Jun/2013:13:55:27 +0200] "GET /04Karteaaa.swf HTTP/1.1" 304 - "http://www.dialyse-pforzheim.de/04Karteaaa.html" "Mozilla/4.0 (compatible; MSIE 8.0; Windows NT 5.1; Trident/4.0)"
141.47.247.137 - - [15/Jun/2013:13:55:30 +0200] "GET /04.swf HTTP/1.1" 304 - "http://www.dialyse-pforzheim.de/04.html" "Mozilla/4.0 (compatible; MSIE 8.0; Windows NT 5.1; Trident/4.0)"
141.47.247.137 - - [15/Jun/2013:13:55:32 +0200] "GET /04Kartebbb.swf HTTP/1.1" 304 - "http://www.dialyse-pforzheim.de/04Kartebbb.html" "Mozilla/4.0 (compatible; MSIE 8.0; Windows NT 5.1; Trident/4.0)"
141.47.247.137 - - [15/Jun/2013:13:55:32 +0200] "GET /04.swf HTTP/1.1" 304 - "http://www.dialyse-pforzheim.de/04.html" "Mozilla/4.0 (compatible; MSIE 8.0; Windows NT 5.1; Trident/4.0)"
141.47.247.137 - - [15/Jun/2013:13:55:34 +0200] "GET /00themen00.html HTTP/1.1" 304 - "http://www.dialyse-pforzheim.de/04.swf" "Mozilla/4.0 (compatible; MSIE 8.0; Windows NT 5.1; Trident/4.0)"
141.47.247.137 - - [15/Jun/2013:13:55:34 +0200] "GET /AC_RunActiveContent.js HTTP/1.1" 304 - "http://www.dialyse-pforzheim.de/04.swf" "Mozilla/4.0 (compatible; MSIE 8.0; Windows NT 5.1; Trident/4.0)"
141.47.247.137 - - [15/Jun/2013:13:55:34 +0200] "GET /00themen00.swf HTTP/1.1" 304 - "http://www.dialyse-pforzheim.de/00themen00.html" "Mozilla/4.0 (compatible; MSIE 8.0; Windows NT 5.1; Trident/4.0)"
141.47.247.137 - - [15/Jun/2013:13:55:39 +0200] "GET /03a.html HTTP/1.1" 304 - "http://www.dialyse-pforzheim.de/00themen00.swf" "Mozilla/4.0 (compatible; MSIE 8.0; Windows NT 5.1; Trident/4.0)"
141.47.247.137 - - [15/Jun/2013:13:55:39 +0200] "GET /AC_RunActiveContent.js HTTP/1.1" 304 - "http://www.dialyse-pforzheim.de/00themen00.swf" "Mozilla/4.0 (compatible; MSIE 8.0; Windows NT 5.1; Trident/4.0)"
141.47.247.137 - - [15/Jun/2013:13:55:40 +0200] "GET /03a.swf HTTP/1.1" 304 - "http://www.dialyse-pforzheim.de/03a.html" "Mozilla/4.0 (compatible; MSIE 8.0; Windows NT 5.1; Trident/4.0)"
141.47.247.137 - - [15/Jun/2013:13:55:46 +0200] "GET /00themen00.swf HTTP/1.1" 304 - "http://www.dialyse-pforzheim.de/00themen00.html" "Mozilla/4.0 (compatible; MSIE 8.0; Windows NT 5.1; Trident/4.0)"
141.47.247.137 - - [15/Jun/2013:13:55:49 +0200] "GET /03a.html HTTP/1.1" 304 - "http://www.dialyse-pforzheim.de/00themen00.swf" "Mozilla/4.0 (compatible; MSIE 8.0; Windows NT 5.1; Trident/4.0)"
141.47.247.137 - - [15/Jun/2013:13:55:49 +0200] "GET /AC_RunActiveContent.js HTTP/1.1" 304 - "http://www.dialyse-pforzheim.de/00themen00.swf" "Mozilla/4.0 (compatible; MSIE 8.0; Windows NT 5.1; Trident/4.0)"
141.47.247.137 - - [15/Jun/2013:13:55:49 +0200] "GET /03a.swf HTTP/1.1" 304 - "http://www.dialyse-pforzheim.de/03a.html" "Mozilla/4.0 (compatible; MSIE 8.0; Windows NT 5.1; Trident/4.0)"
141.47.247.137 - - [15/Jun/2013:13:55:50 +0200] "GET /00themen00.swf HTTP/1.1" 304 - "http://www.dialyse-pforzheim.de/00themen00.html" "Mozilla/4.0 (compatible; MSIE 8.0; Windows NT 5.1; Trident/4.0)"
141.47.247.137 - - [15/Jun/2013:13:55:52 +0200] "GET /03.html HTTP/1.1" 200 1982 "http://www.dialyse-pforzheim.de/00themen00.swf" "Mozilla/4.0 (compatible; MSIE 8.0; Windows NT 5.1; Trident/4.0)"
141.47.247.137 - - [15/Jun/2013:13:55:52 +0200] "GET /AC_RunActiveContent.js HTTP/1.1" 304 - "http://www.dialyse-pforzheim.de/00themen00.swf" "Mozilla/4.0 (compatible; MSIE 8.0; Windows NT 5.1; Trident/4.0)"
141.47.247.137 - - [15/Jun/2013:13:55:52 +0200] "GET /03.swf HTTP/1.1" 200 74505 "http://www.dialyse-pforzheim.de/03.html" "Mozilla/4.0 (compatible; MSIE 8.0; Windows NT 5.1; Trident/4.0)"
141.47.247.137 - - [15/Jun/2013:13:56:08 +0200] "GET /00themen00.swf HTTP/1.1" 304 - "http://www.dialyse-pforzheim.de/00themen00.html" "Mozilla/4.0 (compatible; MSIE 8.0; Windows NT 5.1; Trident/4.0)"
141.47.247.137 - - [15/Jun/2013:13:56:13 +0200] "GET /02.html HTTP/1.1" 200 1982 "http://www.dialyse-pforzheim.de/00themen00.swf" "Mozilla/4.0 (compatible; MSIE 8.0; Windows NT 5.1; Trident/4.0)"
141.47.247.137 - - [15/Jun/2013:13:56:13 +0200] "GET /AC_RunActiveContent.js HTTP/1.1" 304 - "http://www.dialyse-pforzheim.de/00themen00.swf" "Mozilla/4.0 (compatible; MSIE 8.0; Windows NT 5.1; Trident/4.0)"
141.47.247.137 - - [15/Jun/2013:13:56:13 +0200] "GET /02.swf HTTP/1.1" 200 22781 "http://www.dialyse-pforzheim.de/02.html" "Mozilla/4.0 (compatible; MSIE 8.0; Windows NT 5.1; Trident/4.0)"
141.47.247.137 - - [15/Jun/2013:13:56:42 +0200] "GET /00themen00.swf HTTP/1.1" 304 - "http://www.dialyse-pforzheim.de/00themen00.html" "Mozilla/4.0 (compatible; MSIE 8.0; Windows NT 5.1; Trident/4.0)"
141.47.247.137 - - [15/Jun/2013:13:56:47 +0200] "GET /09.html HTTP/1.1" 200 2086 "http://www.dialyse-pforzheim.de/00themen00.swf" "Mozilla/4.0 (compatible; MSIE 8.0; Windows NT 5.1; Trident/4.0)"
141.47.247.137 - - [15/Jun/2013:13:56:47 +0200] "GET /AC_RunActiveContent.js HTTP/1.1" 304 - "http://www.dialyse-pforzheim.de/00themen00.swf" "Mozilla/4.0 (compatible; MSIE 8.0; Windows NT 5.1; Trident/4.0)"
141.47.247.137 - - [15/Jun/2013:13:56:48 +0200] "GET /09.swf HTTP/1.1" 200 23096 "http://www.dialyse-pforzheim.de/09.html" "Mozilla/4.0 (compatible; MSIE 8.0; Windows NT 5.1; Trident/4.0)"
141.47.247.137 - - [15/Jun/2013:13:56:55 +0200] "GET /00themen00.swf HTTP/1.1" 304 - "http://www.dialyse-pforzheim.de/00themen00.html" "Mozilla/4.0 (compatible; MSIE 8.0; Windows NT 5.1; Trident/4.0)"
141.47.247.137 - - [15/Jun/2013:13:57:03 +0200] "GET /08.html HTTP/1.1" 304 - "http://www.dialyse-pforzheim.de/00themen00.swf" "Mozilla/4.0 (compatible; MSIE 8.0; Windows NT 5.1; Trident/4.0)"
141.47.247.137 - - [15/Jun/2013:13:57:03 +0200] "GET /AC_RunActiveContent.js HTTP/1.1" 304 - "http://www.dialyse-pforzheim.de/00themen00.swf" "Mozilla/4.0 (compatible; MSIE 8.0; Windows NT 5.1; Trident/4.0)"
141.47.247.137 - - [15/Jun/2013:13:57:04 +0200] "GET /08.swf HTTP/1.1" 304 - "http://www.dialyse-pforzheim.de/08.html" "Mozilla/4.0 (compatible; MSIE 8.0; Windows NT 5.1; Trident/4.0)"
