217.254.129.157 - - [25/Jun/2013:14:04:47 +0200] "GET /AC_RunActiveContent.js HTTP/1.1" 200 8029 "http://www.dialyse-calw.de/00themen00.html" "Mozilla/5.0 (compatible; MSIE 9.0; Windows NT 6.1; WOW64; Trident/5.0)"
217.254.129.157 - - [25/Jun/2013:14:04:47 +0200] "GET /00themen00.swf HTTP/1.1" 200 136579 "http://www.dialyse-calw.de/00themen00.html" "Mozilla/5.0 (compatible; MSIE 9.0; Windows NT 6.1; WOW64; Trident/5.0)"
217.254.129.157 - - [25/Jun/2013:14:04:50 +0200] "GET /favicon.ico HTTP/1.1" 404 1256 "-" "Mozilla/5.0 (compatible; MSIE 9.0; Windows NT 6.1; WOW64; Trident/5.0)"
217.254.129.157 - - [25/Jun/2013:14:05:01 +0200] "GET /01.html HTTP/1.1" 200 1982 "http://www.dialyse-calw.de/00themen00.swf" "Mozilla/5.0 (compatible; MSIE 9.0; Windows NT 6.1; WOW64; Trident/5.0)"
217.254.129.157 - - [25/Jun/2013:14:05:01 +0200] "GET /01.swf HTTP/1.1" 200 19349 "http://www.dialyse-calw.de/01.html" "Mozilla/5.0 (compatible; MSIE 9.0; Windows NT 6.1; WOW64; Trident/5.0)"
217.254.129.157 - - [25/Jun/2013:14:05:07 +0200] "GET /02.html HTTP/1.1" 200 1982 "http://www.dialyse-calw.de/00themen00.swf" "Mozilla/5.0 (compatible; MSIE 9.0; Windows NT 6.1; WOW64; Trident/5.0)"
217.254.129.157 - - [25/Jun/2013:14:05:08 +0200] "GET /02.swf HTTP/1.1" 200 22781 "http://www.dialyse-calw.de/02.html" "Mozilla/5.0 (compatible; MSIE 9.0; Windows NT 6.1; WOW64; Trident/5.0)"
217.254.129.157 - - [25/Jun/2013:14:05:20 +0200] "GET /03.html HTTP/1.1" 200 1982 "http://www.dialyse-calw.de/00themen00.swf" "Mozilla/5.0 (compatible; MSIE 9.0; Windows NT 6.1; WOW64; Trident/5.0)"
217.254.129.157 - - [25/Jun/2013:14:05:20 +0200] "GET /03.swf HTTP/1.1" 200 74505 "http://www.dialyse-calw.de/03.html" "Mozilla/5.0 (compatible; MSIE 9.0; Windows NT 6.1; WOW64; Trident/5.0)"
217.254.129.157 - - [25/Jun/2013:14:05:37 +0200] "GET /03a.html HTTP/1.1" 200 1991 "http://www.dialyse-calw.de/00themen00.swf" "Mozilla/5.0 (compatible; MSIE 9.0; Windows NT 6.1; WOW64; Trident/5.0)"
217.254.129.157 - - [25/Jun/2013:14:05:37 +0200] "GET /03a.swf HTTP/1.1" 200 94997 "http://www.dialyse-calw.de/03a.html" "Mozilla/5.0 (compatible; MSIE 9.0; Windows NT 6.1; WOW64; Trident/5.0)"
217.254.129.157 - - [25/Jun/2013:14:05:47 +0200] "GET /04.html HTTP/1.1" 200 2106 "http://www.dialyse-calw.de/00themen00.swf" "Mozilla/5.0 (compatible; MSIE 9.0; Windows NT 6.1; WOW64; Trident/5.0)"
217.254.129.157 - - [25/Jun/2013:14:05:47 +0200] "GET /04.swf HTTP/1.1" 200 62769 "http://www.dialyse-calw.de/04.html" "Mozilla/5.0 (compatible; MSIE 9.0; Windows NT 6.1; WOW64; Trident/5.0)"
217.254.129.157 - - [25/Jun/2013:14:05:56 +0200] "GET /06.html HTTP/1.1" 200 2278 "http://www.dialyse-calw.de/00themen00.swf" "Mozilla/5.0 (compatible; MSIE 9.0; Windows NT 6.1; WOW64; Trident/5.0)"
217.254.129.157 - - [25/Jun/2013:14:05:57 +0200] "GET /06.swf HTTP/1.1" 200 20731 "http://www.dialyse-calw.de/06.html" "Mozilla/5.0 (compatible; MSIE 9.0; Windows NT 6.1; WOW64; Trident/5.0)"
217.254.129.157 - - [25/Jun/2013:14:06:03 +0200] "GET /07.html HTTP/1.1" 200 2319 "http://www.dialyse-calw.de/00themen00.swf" "Mozilla/5.0 (compatible; MSIE 9.0; Windows NT 6.1; WOW64; Trident/5.0)"
217.254.129.157 - - [25/Jun/2013:14:06:03 +0200] "GET /07.swf HTTP/1.1" 200 20730 "http://www.dialyse-calw.de/07.html" "Mozilla/5.0 (compatible; MSIE 9.0; Windows NT 6.1; WOW64; Trident/5.0)"
217.254.129.157 - - [25/Jun/2013:14:06:08 +0200] "GET /08.html HTTP/1.1" 200 2005 "http://www.dialyse-calw.de/00themen00.swf" "Mozilla/5.0 (compatible; MSIE 9.0; Windows NT 6.1; WOW64; Trident/5.0)"
217.254.129.157 - - [25/Jun/2013:14:06:08 +0200] "GET /08.swf HTTP/1.1" 200 20405 "http://www.dialyse-calw.de/08.html" "Mozilla/5.0 (compatible; MSIE 9.0; Windows NT 6.1; WOW64; Trident/5.0)"
217.254.129.157 - - [25/Jun/2013:14:06:13 +0200] "GET /09.html HTTP/1.1" 200 2086 "http://www.dialyse-calw.de/00themen00.swf" "Mozilla/5.0 (compatible; MSIE 9.0; Windows NT 6.1; WOW64; Trident/5.0)"
217.254.129.157 - - [25/Jun/2013:14:06:13 +0200] "GET /09.swf HTTP/1.1" 200 23096 "http://www.dialyse-calw.de/09.html" "Mozilla/5.0 (compatible; MSIE 9.0; Windows NT 6.1; WOW64; Trident/5.0)"
217.254.129.157 - - [25/Jun/2013:14:06:44 +0200] "HEAD /00start.swf HTTP/1.1" 200 - "-" "contype"
217.254.129.157 - - [25/Jun/2013:14:06:50 +0200] "GET / HTTP/1.1" 200 2366 "http://www.dialyse-calw.de/" "Mozilla/5.0 (compatible; MSIE 9.0; Windows NT 6.1; WOW64; Trident/5.0)"
217.254.129.157 - - [25/Jun/2013:14:06:50 +0200] "HEAD /00start.swf HTTP/1.1" 200 - "-" "contype"
217.254.129.157 - - [25/Jun/2013:14:06:51 +0200] "GET /00start.swf HTTP/1.1" 200 8575 "http://www.dialyse-pforzheim.de/" "Mozilla/5.0 (compatible; MSIE 9.0; Windows NT 6.1; WOW64; Trident/5.0)"
217.254.129.157 - - [25/Jun/2013:14:06:51 +0200] "GET /favicon.ico HTTP/1.1" 404 1256 "-" "Mozilla/5.0 (compatible; MSIE 9.0; Windows NT 6.1; WOW64; Trident/5.0)"
217.254.129.157 - - [25/Jun/2013:14:06:56 +0200] "GET /00themen00.html HTTP/1.1" 200 2254 "http://www.dialyse-pforzheim.de/00start.swf" "Mozilla/5.0 (compatible; MSIE 9.0; Windows NT 6.1; WOW64; Trident/5.0)"
217.254.129.157 - - [25/Jun/2013:14:06:56 +0200] "GET /AC_RunActiveContent.js HTTP/1.1" 200 8029 "http://www.dialyse-pforzheim.de/00start.swf" "Mozilla/5.0 (compatible; MSIE 9.0; Windows NT 6.1; WOW64; Trident/5.0)"
217.254.129.157 - - [25/Jun/2013:14:06:56 +0200] "GET /AC_RunActiveContent.js HTTP/1.1" 200 8029 "http://www.dialyse-pforzheim.de/00themen00.html" "Mozilla/5.0 (compatible; MSIE 9.0; Windows NT 6.1; WOW64; Trident/5.0)"
217.254.129.157 - - [25/Jun/2013:14:06:56 +0200] "GET /00themen00.swf HTTP/1.1" 200 136579 "http://www.dialyse-pforzheim.de/00themen00.html" "Mozilla/5.0 (compatible; MSIE 9.0; Windows NT 6.1; WOW64; Trident/5.0)"
217.254.129.157 - - [25/Jun/2013:14:06:57 +0200] "GET /favicon.ico HTTP/1.1" 404 1256 "-" "Mozilla/5.0 (compatible; MSIE 9.0; Windows NT 6.1; WOW64; Trident/5.0)"
217.254.129.157 - - [25/Jun/2013:14:07:03 +0200] "GET /08.html HTTP/1.1" 200 2005 "http://www.dialyse-pforzheim.de/00themen00.swf" "Mozilla/5.0 (compatible; MSIE 9.0; Windows NT 6.1; WOW64; Trident/5.0)"
217.254.129.157 - - [25/Jun/2013:14:07:03 +0200] "GET /08.swf HTTP/1.1" 200 20405 "http://www.dialyse-pforzheim.de/08.html" "Mozilla/5.0 (compatible; MSIE 9.0; Windows NT 6.1; WOW64; Trident/5.0)"
217.254.129.157 - - [25/Jun/2013:14:07:13 +0200] "GET /01.html HTTP/1.1" 200 1982 "http://www.dialyse-pforzheim.de/00themen00.swf" "Mozilla/5.0 (compatible; MSIE 9.0; Windows NT 6.1; WOW64; Trident/5.0)"
217.254.129.157 - - [25/Jun/2013:14:07:13 +0200] "GET /01.swf HTTP/1.1" 200 19349 "http://www.dialyse-pforzheim.de/01.html" "Mozilla/5.0 (compatible; MSIE 9.0; Windows NT 6.1; WOW64; Trident/5.0)"
217.254.129.157 - - [25/Jun/2013:14:07:26 +0200] "GET /03a.html HTTP/1.1" 200 1991 "http://www.dialyse-pforzheim.de/00themen00.swf" "Mozilla/5.0 (compatible; MSIE 9.0; Windows NT 6.1; WOW64; Trident/5.0)"
217.254.129.157 - - [25/Jun/2013:14:07:27 +0200] "GET /03a.swf HTTP/1.1" 200 94997 "http://www.dialyse-pforzheim.de/03a.html" "Mozilla/5.0 (compatible; MSIE 9.0; Windows NT 6.1; WOW64; Trident/5.0)"
217.254.129.157 - - [25/Jun/2013:14:07:31 +0200] "GET /index.html HTTP/1.1" 200 2366 "http://www.dialyse-pforzheim.de/03a.swf" "Mozilla/5.0 (compatible; MSIE 9.0; Windows NT 6.1; WOW64; Trident/5.0)"
217.254.129.157 - - [25/Jun/2013:14:07:31 +0200] "HEAD /00start.swf HTTP/1.1" 200 - "-" "contype"
217.254.129.157 - - [25/Jun/2013:14:07:37 +0200] "GET /09.html HTTP/1.1" 200 2086 "http://www.dialyse-pforzheim.de/00themen00.swf" "Mozilla/5.0 (compatible; MSIE 9.0; Windows NT 6.1; WOW64; Trident/5.0)"
217.254.129.157 - - [25/Jun/2013:14:07:37 +0200] "GET /09.swf HTTP/1.1" 200 23096 "http://www.dialyse-pforzheim.de/09.html" "Mozilla/5.0 (compatible; MSIE 9.0; Windows NT 6.1; WOW64; Trident/5.0)"
217.254.129.157 - - [25/Jun/2013:14:08:02 +0200] "GET /05.html HTTP/1.1" 200 1982 "http://www.dialyse-pforzheim.de/00themen00.swf" "Mozilla/5.0 (compatible; MSIE 9.0; Windows NT 6.1; WOW64; Trident/5.0)"
217.254.129.157 - - [25/Jun/2013:14:08:03 +0200] "GET /05.swf HTTP/1.1" 200 58083 "http://www.dialyse-pforzheim.de/05.html" "Mozilla/5.0 (compatible; MSIE 9.0; Windows NT 6.1; WOW64; Trident/5.0)"
217.254.129.157 - - [25/Jun/2013:14:08:18 +0200] "HEAD /00start.swf HTTP/1.1" 200 - "-" "contype"
217.254.129.157 - - [25/Jun/2013:14:08:18 +0200] "GET /00start.swf HTTP/1.1" 200 8575 "http://www.dialyse-pforzheim.de/index.html" "Mozilla/5.0 (compatible; MSIE 9.0; Windows NT 6.1; WOW64; Trident/5.0)"
194.25.45.16 - - [25/Jun/2013:14:20:07 +0200] "GET /08.html HTTP/1.1" 200 2005 "http://www.google.de/url?sa=t&rct=j&q=dialyse%2Bsiloah%2Bpforzheim&source=web&cd=3&ved=0CEMQFjAC&url=http%3A%2F%2Fwww.dialyse-pforzheim.de%2F08.html&ei=zorJUYHBH6n20gX-uoCIDA&usg=AFQjCNF1LYAuQXfOJwKjF0uyrGiuwvEndA&bvm=bv.48293060,d.bGE" "Mozilla/4.0 (compatible; MSIE 8.0; Windows NT 5.2; Trident/4.0; .NET CLR 1.1.4322; .NET CLR 2.0.50727; .NET CLR 3.0.4506.2152; .NET CLR 3.5.30729; .NET4.0C; .NET4.0E)"
194.25.45.16 - - [25/Jun/2013:14:20:07 +0200] "GET /AC_RunActiveContent.js HTTP/1.1" 200 8029 "http://www.dialyse-pforzheim.de/08.html" "Mozilla/4.0 (compatible; MSIE 8.0; Windows NT 5.2; Trident/4.0; .NET CLR 1.1.4322; .NET CLR 2.0.50727; .NET CLR 3.0.4506.2152; .NET CLR 3.5.30729; .NET4.0C; .NET4.0E)"
194.25.45.16 - - [25/Jun/2013:14:20:08 +0200] "GET /08.swf HTTP/1.1" 200 20405 "http://www.dialyse-pforzheim.de/08.html" "Mozilla/4.0 (compatible; MSIE 8.0; Windows NT 5.2; Trident/4.0; .NET CLR 1.1.4322; .NET CLR 2.0.50727; .NET CLR 3.0.4506.2152; .NET CLR 3.5.30729; .NET4.0C; .NET4.0E)"
194.25.45.16 - - [25/Jun/2013:14:20:08 +0200] "GET /favicon.ico HTTP/1.1" 404 1256 "-" "Mozilla/4.0 (compatible; MSIE 8.0; Windows NT 5.2; Trident/4.0; .NET CLR 1.1.4322; .NET CLR 2.0.50727; .NET CLR 3.0.4506.2152; .NET CLR 3.5.30729; .NET4.0C; .NET4.0E)"
46.229.164.97 - - [25/Jun/2013:14:29:58 +0200] "GET /robots.txt HTTP/1.1" 404 1256 "-" "Mozilla/5.0 (compatible; SemrushBot/0.96.3; +http://www.semrush.com/bot.html)"
46.229.164.97 - - [25/Jun/2013:14:33:53 +0200] "GET /robots.txt HTTP/1.1" 404 1256 "-" "Mozilla/5.0 (compatible; SemrushBot/0.96.3; +http://www.semrush.com/bot.html)"
141.8.147.12 - - [25/Jun/2013:14:53:28 +0200] "GET /03.html HTTP/1.1" 200 1982 "-" "Mozilla/5.0 (compatible; YandexBot/3.0; +http://yandex.com/bots)"
141.8.147.12 - - [25/Jun/2013:14:55:23 +0200] "GET /07.html HTTP/1.1" 200 2319 "-" "Mozilla/5.0 (compatible; YandexBot/3.0; +http://yandex.com/bots)"
141.8.147.12 - - [25/Jun/2013:14:55:27 +0200] "GET /03a.html HTTP/1.1" 200 1991 "-" "Mozilla/5.0 (compatible; YandexBot/3.0; +http://yandex.com/bots)"
141.8.147.12 - - [25/Jun/2013:14:55:56 +0200] "GET /09.html HTTP/1.1" 200 2086 "-" "Mozilla/5.0 (compatible; YandexBot/3.0; +http://yandex.com/bots)"
141.8.147.12 - - [25/Jun/2013:14:58:57 +0200] "GET /06.html HTTP/1.1" 200 2278 "-" "Mozilla/5.0 (compatible; YandexBot/3.0; +http://yandex.com/bots)"
141.8.147.12 - - [25/Jun/2013:15:04:45 +0200] "GET /04.html HTTP/1.1" 200 2106 "-" "Mozilla/5.0 (compatible; YandexBot/3.0; +http://yandex.com/bots)"
141.8.147.12 - - [25/Jun/2013:15:05:55 +0200] "GET /06.swf HTTP/1.1" 200 20731 "-" "Mozilla/5.0 (compatible; YandexBot/3.0; +http://yandex.com/bots)"
141.8.147.12 - - [25/Jun/2013:15:07:10 +0200] "GET /04Kartebbb.html HTTP/1.1" 200 2077 "-" "Mozilla/5.0 (compatible; YandexBot/3.0; +http://yandex.com/bots)"
141.8.147.12 - - [25/Jun/2013:15:08:10 +0200] "GET /03a.swf HTTP/1.1" 200 94997 "-" "Mozilla/5.0 (compatible; YandexBot/3.0; +http://yandex.com/bots)"
141.8.147.12 - - [25/Jun/2013:15:09:04 +0200] "GET /09a.html HTTP/1.1" 200 2059 "-" "Mozilla/5.0 (compatible; YandexBot/3.0; +http://yandex.com/bots)"
141.8.147.12 - - [25/Jun/2013:15:09:52 +0200] "GET /04Karteccc.swf HTTP/1.1" 200 32338 "-" "Mozilla/5.0 (compatible; YandexBot/3.0; +http://yandex.com/bots)"
141.8.147.12 - - [25/Jun/2013:15:10:50 +0200] "GET /04.swf HTTP/1.1" 200 62769 "-" "Mozilla/5.0 (compatible; YandexBot/3.0; +http://yandex.com/bots)"
141.8.147.12 - - [25/Jun/2013:15:10:57 +0200] "GET /04Karteaaa.html HTTP/1.1" 200 2077 "-" "Mozilla/5.0 (compatible; YandexBot/3.0; +http://yandex.com/bots)"
144.76.42.76 - - [25/Jun/2013:15:46:41 +0200] "GET / HTTP/1.1" 200 2366 "-" "Mozilla/5.0 (Macintosh; Intel Mac OS X 10_8_2) AppleWebKit/537.17 (KHTML, like Gecko) Chrome/24.0.1312.52 Safari/537.17"
144.76.42.76 - - [25/Jun/2013:15:46:41 +0200] "GET / HTTP/1.1" 200 2366 "-" "Mozilla/5.0 (Macintosh; Intel Mac OS X 10_8_2) AppleWebKit/537.17 (KHTML, like Gecko) Chrome/24.0.1312.52 Safari/537.17"
66.249.78.187 - - [25/Jun/2013:15:52:42 +0200] "GET /robots.txt HTTP/1.1" 404 1256 "-" "Mozilla/5.0 (compatible; Googlebot/2.1; +http://www.google.com/bot.html)"
66.249.78.187 - - [25/Jun/2013:15:52:42 +0200] "GET /00themen00.html HTTP/1.1" 304 - "-" "Mozilla/5.0 (iPhone; U; CPU iPhone OS 4_1 like Mac OS X; en-us) AppleWebKit/532.9 (KHTML, like Gecko) Version/4.0.5 Mobile/8B117 Safari/6531.22.7 (compatible; Googlebot-Mobile/2.1; +http://www.google.com/bot.html)"
79.197.232.127 - - [25/Jun/2013:15:53:22 +0200] "GET / HTTP/1.1" 304 - "http://www.google.de/search?site=&source=hp&ei=oqDJUdisBYaMtAa6_YGIAg&q=dialysezentrum+pforzheim&oq=dialysezentrum+p&gs_l=mobile-gws-hp.1.0.0l5.16519.26976.0.28583.17.16.0.1.1.0.422.3990.0j4j9j1j2.16.0.cqrwrth..0.0...1.1.17.mobile-gws-hp.UJhdtA5WR6o" "Mozilla/5.0 (iPhone; CPU iPhone OS 6_0 like Mac OS X) AppleWebKit/536.26 (KHTML, like Gecko) Version/6.0 Mobile/10A403 Safari/8536.25"
79.197.232.127 - - [25/Jun/2013:15:53:56 +0200] "GET / HTTP/1.1" 200 2366 "-" "Mozilla/5.0 (iPhone; CPU iPhone OS 6_0 like Mac OS X) AppleWebKit/536.26 (KHTML, like Gecko) Version/6.0 Mobile/10A403 Safari/8536.25"
188.97.133.46 - - [25/Jun/2013:16:57:19 +0200] "GET / HTTP/1.1" 200 2366 "http://maps.google.de/maps?oe=utf-8&rls=org.mozilla:de:official&client=firefox-a&um=1&ie=UTF-8&q=dialyse+stuttgart&fb=1&gl=de&hq=dialyse&hnear=0x4799db34c1ad8fd3:0x79d5c11c7791cfe4,Stuttgart&sa=X&ei=tq3JUYXmIsTGtAbeoICABQ&ved=0CKoBELYD&iwloc=cids:1765622859437898414" "Mozilla/5.0 (Windows NT 6.0; rv:21.0) Gecko/20100101 Firefox/21.0"
188.97.133.46 - - [25/Jun/2013:16:57:20 +0200] "GET /00start.swf HTTP/1.1" 200 8575 "http://www.dialyse-calw.de/" "Mozilla/5.0 (Windows NT 6.0; rv:21.0) Gecko/20100101 Firefox/21.0"
188.97.133.46 - - [25/Jun/2013:16:57:22 +0200] "GET /favicon.ico HTTP/1.1" 404 1256 "-" "Mozilla/5.0 (Windows NT 6.0; rv:21.0) Gecko/20100101 Firefox/21.0"
188.97.133.46 - - [25/Jun/2013:16:57:25 +0200] "GET /00themen00.html HTTP/1.1" 200 2254 "http://www.dialyse-calw.de/" "Mozilla/5.0 (Windows NT 6.0; rv:21.0) Gecko/20100101 Firefox/21.0"
188.97.133.46 - - [25/Jun/2013:16:57:25 +0200] "GET /AC_RunActiveContent.js HTTP/1.1" 200 8029 "http://www.dialyse-calw.de/00themen00.html" "Mozilla/5.0 (Windows NT 6.0; rv:21.0) Gecko/20100101 Firefox/21.0"
188.97.133.46 - - [25/Jun/2013:16:57:25 +0200] "GET /00themen00.swf HTTP/1.1" 200 136579 "http://www.dialyse-calw.de/00themen00.html" "Mozilla/5.0 (Windows NT 6.0; rv:21.0) Gecko/20100101 Firefox/21.0"
188.97.133.46 - - [25/Jun/2013:16:57:29 +0200] "GET /01.html HTTP/1.1" 200 1982 "http://www.dialyse-calw.de/00themen00.html" "Mozilla/5.0 (Windows NT 6.0; rv:21.0) Gecko/20100101 Firefox/21.0"
188.97.133.46 - - [25/Jun/2013:16:57:29 +0200] "GET /01.swf HTTP/1.1" 200 19349 "http://www.dialyse-calw.de/01.html" "Mozilla/5.0 (Windows NT 6.0; rv:21.0) Gecko/20100101 Firefox/21.0"
188.97.133.46 - - [25/Jun/2013:16:57:36 +0200] "GET /03.html HTTP/1.1" 200 1982 "http://www.dialyse-calw.de/00themen00.html" "Mozilla/5.0 (Windows NT 6.0; rv:21.0) Gecko/20100101 Firefox/21.0"
188.97.133.46 - - [25/Jun/2013:16:57:36 +0200] "GET /03.swf HTTP/1.1" 200 74505 "http://www.dialyse-calw.de/03.html" "Mozilla/5.0 (Windows NT 6.0; rv:21.0) Gecko/20100101 Firefox/21.0"
188.97.133.46 - - [25/Jun/2013:16:57:55 +0200] "GET /03a.html HTTP/1.1" 200 1991 "http://www.dialyse-calw.de/00themen00.html" "Mozilla/5.0 (Windows NT 6.0; rv:21.0) Gecko/20100101 Firefox/21.0"
188.97.133.46 - - [25/Jun/2013:16:57:55 +0200] "GET /03a.swf HTTP/1.1" 200 94997 "http://www.dialyse-calw.de/03a.html" "Mozilla/5.0 (Windows NT 6.0; rv:21.0) Gecko/20100101 Firefox/21.0"
188.97.133.46 - - [25/Jun/2013:16:58:07 +0200] "GET /06.html HTTP/1.1" 200 2278 "http://www.dialyse-calw.de/00themen00.html" "Mozilla/5.0 (Windows NT 6.0; rv:21.0) Gecko/20100101 Firefox/21.0"
188.97.133.46 - - [25/Jun/2013:16:58:07 +0200] "GET /06.swf HTTP/1.1" 200 20731 "http://www.dialyse-calw.de/06.html" "Mozilla/5.0 (Windows NT 6.0; rv:21.0) Gecko/20100101 Firefox/21.0"
141.8.147.12 - - [25/Jun/2013:17:28:51 +0200] "GET /04Karteddd.html HTTP/1.1" 200 2077 "-" "Mozilla/5.0 (compatible; YandexBot/3.0; +http://yandex.com/bots)"
157.55.32.237 - - [25/Jun/2013:17:40:48 +0200] "GET /robots.txt HTTP/1.1" 404 1256 "-" "Mozilla/5.0 (compatible; bingbot/2.0; +http://www.bing.com/bingbot.htm)"
157.55.32.237 - - [25/Jun/2013:17:41:46 +0200] "GET / HTTP/1.1" 200 2366 "-" "Mozilla/5.0 (compatible; bingbot/2.0; +http://www.bing.com/bingbot.htm)"
199.19.249.196 - - [25/Jun/2013:17:55:05 +0200] "GET /08.html HTTP/1.1" 200 2005 "-" "Mozilla/4.0 (compatible; MSIE 7.0; Windows NT 5.1; InfoPath.1; .NET CLR 2.0.50727; .NET CLR 1.1.4322; MS-RTC LM 8; .NET CLR 3.0.4506.2152; .NET CLR 3.5.30729)"
66.249.78.187 - - [25/Jun/2013:18:27:29 +0200] "GET / HTTP/1.1" 200 2366 "-" "Mozilla/5.0 (compatible; Googlebot/2.1; +http://www.google.com/bot.html)"
157.56.93.93 - - [25/Jun/2013:18:42:07 +0200] "GET /robots.txt HTTP/1.1" 404 1256 "-" "Mozilla/5.0 (compatible; bingbot/2.0; +http://www.bing.com/bingbot.htm)"
157.56.93.93 - - [25/Jun/2013:18:43:19 +0200] "GET / HTTP/1.1" 200 2366 "-" "Mozilla/5.0 (compatible; bingbot/2.0; +http://www.bing.com/bingbot.htm)"
66.249.78.187 - - [25/Jun/2013:18:50:53 +0200] "GET /08.html HTTP/1.1" 304 - "-" "Mozilla/5.0 (iPhone; U; CPU iPhone OS 4_1 like Mac OS X; en-us) AppleWebKit/532.9 (KHTML, like Gecko) Version/4.0.5 Mobile/8B117 Safari/6531.22.7 (compatible; Googlebot-Mobile/2.1; +http://www.google.com/bot.html)"
157.55.32.154 - - [25/Jun/2013:19:54:18 +0200] "GET /robots.txt HTTP/1.1" 404 1256 "-" "Mozilla/5.0 (compatible; bingbot/2.0; +http://www.bing.com/bingbot.htm)"
157.55.32.154 - - [25/Jun/2013:19:54:48 +0200] "GET /09a.html HTTP/1.1" 200 2059 "-" "Mozilla/5.0 (compatible; bingbot/2.0; +http://www.bing.com/bingbot.htm)"
199.30.24.35 - - [25/Jun/2013:19:54:51 +0200] "GET /09a.swf HTTP/1.1" 200 20604 "http://www.dialyse-calw.de/09a.swf" "Mozilla/5.0 (Windows NT 6.1; WOW64) AppleWebKit/534+ (KHTML, like Gecko) BingPreview/1.0b"
141.8.147.12 - - [25/Jun/2013:20:39:50 +0200] "GET /robots.txt HTTP/1.1" 404 1256 "-" "Mozilla/5.0 (compatible; YandexBot/3.0; +http://yandex.com/bots)"
157.55.35.101 - - [25/Jun/2013:20:46:53 +0200] "GET /robots.txt HTTP/1.1" 404 1256 "-" "Mozilla/5.0 (compatible; bingbot/2.0; +http://www.bing.com/bingbot.htm)"
157.55.35.101 - - [25/Jun/2013:20:47:49 +0200] "GET / HTTP/1.1" 200 2366 "-" "Mozilla/5.0 (compatible; bingbot/2.0; +http://www.bing.com/bingbot.htm)"
79.197.232.127 - - [25/Jun/2013:21:03:25 +0200] "GET / HTTP/1.1" 200 2366 "http://www.google.de/url?sa=t&rct=j&q=dr.%20k%C3%BCtemeyer%20pforzheim&source=web&cd=2&ved=0CDYQFjAB&url=http%3A%2F%2Fwww.dialyse-calw.de%2F&ei=benJUc-VA6bX4ASbw4CgDQ&usg=AFQjCNECMxQiO0NOt3ERqW1uzT1RIToCeg&bvm=bv.48293060,d.bGE" "Mozilla/5.0 (Windows NT 6.1; WOW64) AppleWebKit/537.36 (KHTML, like Gecko) Chrome/27.0.1453.116 Safari/537.36"
79.197.232.127 - - [25/Jun/2013:21:03:28 +0200] "GET /00start.swf HTTP/1.1" 200 8575 "http://www.dialyse-calw.de/" "Mozilla/5.0 (Windows NT 6.1; WOW64) AppleWebKit/537.36 (KHTML, like Gecko) Chrome/27.0.1453.116 Safari/537.36"
79.197.232.127 - - [25/Jun/2013:21:03:33 +0200] "GET /00themen00.html HTTP/1.1" 200 2254 "http://www.dialyse-calw.de/" "Mozilla/5.0 (Windows NT 6.1; WOW64) AppleWebKit/537.36 (KHTML, like Gecko) Chrome/27.0.1453.116 Safari/537.36"
79.197.232.127 - - [25/Jun/2013:21:03:33 +0200] "GET /AC_RunActiveContent.js HTTP/1.1" 200 8029 "http://www.dialyse-calw.de/00themen00.html" "Mozilla/5.0 (Windows NT 6.1; WOW64) AppleWebKit/537.36 (KHTML, like Gecko) Chrome/27.0.1453.116 Safari/537.36"
79.197.232.127 - - [25/Jun/2013:21:03:33 +0200] "GET /00themen00.swf HTTP/1.1" 200 136579 "http://www.dialyse-calw.de/00themen00.html" "Mozilla/5.0 (Windows NT 6.1; WOW64) AppleWebKit/537.36 (KHTML, like Gecko) Chrome/27.0.1453.116 Safari/537.36"
79.197.232.127 - - [25/Jun/2013:21:03:39 +0200] "GET /favicon.ico HTTP/1.1" 404 1256 "-" "Mozilla/5.0 (Windows NT 6.1; WOW64) AppleWebKit/537.36 (KHTML, like Gecko) Chrome/27.0.1453.116 Safari/537.36"
79.197.232.127 - - [25/Jun/2013:21:03:40 +0200] "GET /03.html HTTP/1.1" 200 1982 "http://www.dialyse-calw.de/00themen00.html" "Mozilla/5.0 (Windows NT 6.1; WOW64) AppleWebKit/537.36 (KHTML, like Gecko) Chrome/27.0.1453.116 Safari/537.36"
79.197.232.127 - - [25/Jun/2013:21:03:40 +0200] "GET /03.swf HTTP/1.1" 200 74505 "http://www.dialyse-calw.de/03.html" "Mozilla/5.0 (Windows NT 6.1; WOW64) AppleWebKit/537.36 (KHTML, like Gecko) Chrome/27.0.1453.116 Safari/537.36"
79.197.232.127 - - [25/Jun/2013:21:03:40 +0200] "GET /favicon.ico HTTP/1.1" 404 1256 "-" "Mozilla/5.0 (Windows NT 6.1; WOW64) AppleWebKit/537.36 (KHTML, like Gecko) Chrome/27.0.1453.116 Safari/537.36"
79.197.232.127 - - [25/Jun/2013:21:04:10 +0200] "GET /favicon.ico HTTP/1.1" 404 1256 "-" "Mozilla/5.0 (Windows NT 6.1; WOW64) AppleWebKit/537.36 (KHTML, like Gecko) Chrome/27.0.1453.116 Safari/537.36"
79.197.232.127 - - [25/Jun/2013:21:04:12 +0200] "GET /favicon.ico HTTP/1.1" 404 1256 "-" "Mozilla/5.0 (Windows NT 6.1; WOW64) AppleWebKit/537.36 (KHTML, like Gecko) Chrome/27.0.1453.116 Safari/537.36"
79.197.232.127 - - [25/Jun/2013:21:04:57 +0200] "GET /favicon.ico HTTP/1.1" 404 1256 "-" "Mozilla/5.0 (Windows NT 6.1; WOW64) AppleWebKit/537.36 (KHTML, like Gecko) Chrome/27.0.1453.116 Safari/537.36"
79.197.232.127 - - [25/Jun/2013:21:04:58 +0200] "GET /favicon.ico HTTP/1.1" 404 1256 "-" "Mozilla/5.0 (Windows NT 6.1; WOW64) AppleWebKit/537.36 (KHTML, like Gecko) Chrome/27.0.1453.116 Safari/537.36"
79.197.232.127 - - [25/Jun/2013:21:05:02 +0200] "GET /04.html HTTP/1.1" 200 2106 "http://www.dialyse-calw.de/00themen00.html" "Mozilla/5.0 (Windows NT 6.1; WOW64) AppleWebKit/537.36 (KHTML, like Gecko) Chrome/27.0.1453.116 Safari/537.36"
79.197.232.127 - - [25/Jun/2013:21:05:03 +0200] "GET /favicon.ico HTTP/1.1" 404 1256 "-" "Mozilla/5.0 (Windows NT 6.1; WOW64) AppleWebKit/537.36 (KHTML, like Gecko) Chrome/27.0.1453.116 Safari/537.36"
79.197.232.127 - - [25/Jun/2013:21:05:03 +0200] "GET /04.swf HTTP/1.1" 200 62769 "http://www.dialyse-calw.de/04.html" "Mozilla/5.0 (Windows NT 6.1; WOW64) AppleWebKit/537.36 (KHTML, like Gecko) Chrome/27.0.1453.116 Safari/537.36"
79.197.232.127 - - [25/Jun/2013:21:05:11 +0200] "GET /04Kartebbb.html HTTP/1.1" 200 2077 "http://www.dialyse-calw.de/04.html" "Mozilla/5.0 (Windows NT 6.1; WOW64) AppleWebKit/537.36 (KHTML, like Gecko) Chrome/27.0.1453.116 Safari/537.36"
79.197.232.127 - - [25/Jun/2013:21:05:11 +0200] "GET /04Kartebbb.swf HTTP/1.1" 200 32635 "http://www.dialyse-calw.de/04Kartebbb.html" "Mozilla/5.0 (Windows NT 6.1; WOW64) AppleWebKit/537.36 (KHTML, like Gecko) Chrome/27.0.1453.116 Safari/537.36"
79.197.232.127 - - [25/Jun/2013:21:05:11 +0200] "GET /favicon.ico HTTP/1.1" 404 1256 "-" "Mozilla/5.0 (Windows NT 6.1; WOW64) AppleWebKit/537.36 (KHTML, like Gecko) Chrome/27.0.1453.116 Safari/537.36"
79.197.232.127 - - [25/Jun/2013:21:06:14 +0200] "GET /favicon.ico HTTP/1.1" 404 1256 "-" "Mozilla/5.0 (Windows NT 6.1; WOW64) AppleWebKit/537.36 (KHTML, like Gecko) Chrome/27.0.1453.116 Safari/537.36"
79.197.232.127 - - [25/Jun/2013:21:06:15 +0200] "GET /favicon.ico HTTP/1.1" 404 1256 "-" "Mozilla/5.0 (Windows NT 6.1; WOW64) AppleWebKit/537.36 (KHTML, like Gecko) Chrome/27.0.1453.116 Safari/537.36"
79.197.232.127 - - [25/Jun/2013:21:06:16 +0200] "GET /favicon.ico HTTP/1.1" 404 1256 "-" "Mozilla/5.0 (Windows NT 6.1; WOW64) AppleWebKit/537.36 (KHTML, like Gecko) Chrome/27.0.1453.116 Safari/537.36"
141.8.147.12 - - [25/Jun/2013:21:22:53 +0200] "GET /02.html HTTP/1.1" 200 1982 "-" "Mozilla/5.0 (compatible; YandexBot/3.0; +http://yandex.com/bots)"
157.55.33.81 - - [25/Jun/2013:21:23:03 +0200] "GET /robots.txt HTTP/1.1" 404 1256 "-" "Mozilla/5.0 (compatible; bingbot/2.0; +http://www.bing.com/bingbot.htm)"
157.55.33.81 - - [25/Jun/2013:21:23:52 +0200] "GET /09a.swf HTTP/1.1" 200 20604 "-" "Mozilla/5.0 (compatible; bingbot/2.0; +http://www.bing.com/bingbot.htm)"
92.249.127.111 - - [25/Jun/2013:21:45:55 +0200] "GET / HTTP/1.1" 200 2366 "http://vizantiya-gym.ru/" "Mozilla/5.0 (compatible; news bot /2.1)"
92.249.127.111 - - [25/Jun/2013:21:45:55 +0200] "GET / HTTP/1.1" 200 2366 "http://vizantiya-gym.ru/" "Mozilla/5.0 (compatible; news bot /2.1)"
141.8.147.12 - - [25/Jun/2013:22:03:52 +0200] "GET /01.html HTTP/1.1" 200 1982 "-" "Mozilla/5.0 (compatible; YandexBot/3.0; +http://yandex.com/bots)"
66.249.75.27 - - [25/Jun/2013:22:18:56 +0200] "GET / HTTP/1.1" 200 2366 "-" "DoCoMo/2.0 N905i(c100;TB;W24H16) (compatible; Googlebot-Mobile/2.1; +http://www.google.com/bot.html)"
141.8.147.12 - - [25/Jun/2013:22:41:09 +0200] "GET /05.html HTTP/1.1" 200 1982 "-" "Mozilla/5.0 (compatible; YandexBot/3.0; +http://yandex.com/bots)"
141.8.147.12 - - [25/Jun/2013:22:45:58 +0200] "GET /08.html HTTP/1.1" 200 2005 "-" "Mozilla/5.0 (compatible; YandexBot/3.0; +http://yandex.com/bots)"
141.8.147.12 - - [25/Jun/2013:22:48:46 +0200] "GET /08.swf HTTP/1.1" 200 20405 "-" "Mozilla/5.0 (compatible; YandexBot/3.0; +http://yandex.com/bots)"
66.249.78.235 - - [25/Jun/2013:22:57:15 +0200] "GET /robots.txt HTTP/1.1" 404 1256 "-" "Mozilla/5.0 (compatible; Googlebot/2.1; +http://www.google.com/bot.html)"
66.249.78.235 - - [25/Jun/2013:22:57:15 +0200] "GET / HTTP/1.1" 200 2366 "-" "SAMSUNG-SGH-E250/1.0 Profile/MIDP-2.0 Configuration/CLDC-1.1 UP.Browser/6.2.3.3.c.1.101 (GUI) MMP/2.0 (compatible; Googlebot-Mobile/2.1; +http://www.google.com/bot.html)"
46.229.164.97 - - [25/Jun/2013:23:23:30 +0200] "GET /robots.txt HTTP/1.1" 404 1256 "-" "Mozilla/5.0 (compatible; SemrushBot/0.96.3; +http://www.semrush.com/bot.html)"
46.229.164.97 - - [25/Jun/2013:23:33:04 +0200] "GET /robots.txt HTTP/1.1" 404 1256 "-" "Mozilla/5.0 (compatible; SemrushBot/0.96.3; +http://www.semrush.com/bot.html)"
37.58.52.15 - - [25/Jun/2013:23:51:32 +0200] "GET /robots.txt HTTP/1.0" 404 1256 "-" "Mozilla/5.0 (compatible; AcoonBot/4.11.1; +http://www.acoon.de/robot.asp)"
37.58.52.15 - - [25/Jun/2013:23:51:33 +0200] "GET / HTTP/1.0" 200 2366 "-" "Mozilla/5.0 (compatible; AcoonBot/4.11.1; +http://www.acoon.de/robot.asp)"
66.249.78.36 - - [25/Jun/2013:23:53:21 +0200] "GET /robots.txt HTTP/1.1" 404 1256 "-" "Mozilla/5.0 (compatible; Googlebot/2.1; +http://www.google.com/bot.html)"
66.249.78.36 - - [25/Jun/2013:23:53:21 +0200] "GET / HTTP/1.1" 200 2366 "-" "SAMSUNG-SGH-E250/1.0 Profile/MIDP-2.0 Configuration/CLDC-1.1 UP.Browser/6.2.3.3.c.1.101 (GUI) MMP/2.0 (compatible; Googlebot-Mobile/2.1; +http://www.google.com/bot.html)"
141.8.147.12 - - [25/Jun/2013:23:58:44 +0200] "GET /04Karteaaa.swf HTTP/1.1" 200 18538 "-" "Mozilla/5.0 (compatible; YandexBot/3.0; +http://yandex.com/bots)"
141.8.147.12 - - [25/Jun/2013:23:58:51 +0200] "GET /04Karteccc.html HTTP/1.1" 200 2077 "-" "Mozilla/5.0 (compatible; YandexBot/3.0; +http://yandex.com/bots)"
46.229.164.100 - - [26/Jun/2013:00:08:20 +0200] "GET / HTTP/1.1" 200 2366 "-" "Mozilla/5.0 (compatible; SemrushBot/0.96.3; +http://www.semrush.com/bot.html)"
46.229.164.98 - - [26/Jun/2013:00:09:39 +0200] "GET / HTTP/1.1" 200 2366 "-" "Mozilla/5.0 (compatible; SemrushBot/0.96.3; +http://www.semrush.com/bot.html)"
66.249.78.235 - - [26/Jun/2013:00:10:06 +0200] "GET / HTTP/1.1" 200 2366 "-" "Mozilla/5.0 (compatible; Googlebot/2.1; +http://www.google.com/bot.html)"
157.56.93.40 - - [26/Jun/2013:00:59:13 +0200] "GET /robots.txt HTTP/1.1" 404 1256 "-" "Mozilla/5.0 (compatible; bingbot/2.0; +http://www.bing.com/bingbot.htm)"
157.56.93.40 - - [26/Jun/2013:00:59:51 +0200] "GET / HTTP/1.1" 200 2366 "-" "Mozilla/5.0 (compatible; bingbot/2.0; +http://www.bing.com/bingbot.htm)"
65.55.52.94 - - [26/Jun/2013:01:48:57 +0200] "GET /robots.txt HTTP/1.1" 404 1256 "-" "Mozilla/5.0 (compatible; bingbot/2.0; +http://www.bing.com/bingbot.htm)"
84.136.118.199 - - [26/Jun/2013:01:56:55 +0200] "GET / HTTP/1.1" 200 2366 "-" "Opera/9.80 (Windows NT 5.1) Presto/2.12.388 Version/12.15"
84.136.118.199 - - [26/Jun/2013:01:56:55 +0200] "GET /favicon.ico HTTP/1.1" 404 1256 "-" "Opera/9.80 (Windows NT 5.1) Presto/2.12.388 Version/12.15"
84.136.118.199 - - [26/Jun/2013:01:56:55 +0200] "GET /00start.swf HTTP/1.1" 200 8575 "-" "Opera/9.80 (Windows NT 5.1) Presto/2.12.388 Version/12.15"
84.136.118.199 - - [26/Jun/2013:01:57:05 +0200] "GET /00themen00.html HTTP/1.1" 200 2254 "-" "Opera/9.80 (Windows NT 5.1) Presto/2.12.388 Version/12.15"
84.136.118.199 - - [26/Jun/2013:01:57:05 +0200] "GET /AC_RunActiveContent.js HTTP/1.1" 200 8029 "-" "Opera/9.80 (Windows NT 5.1) Presto/2.12.388 Version/12.15"
84.136.118.199 - - [26/Jun/2013:01:57:05 +0200] "GET /00themen00.swf HTTP/1.1" 200 136579 "-" "Opera/9.80 (Windows NT 5.1) Presto/2.12.388 Version/12.15"
84.136.118.199 - - [26/Jun/2013:01:57:10 +0200] "GET /01.html HTTP/1.1" 200 1982 "-" "Opera/9.80 (Windows NT 5.1) Presto/2.12.388 Version/12.15"
84.136.118.199 - - [26/Jun/2013:01:57:10 +0200] "GET /01.swf HTTP/1.1" 200 19349 "-" "Opera/9.80 (Windows NT 5.1) Presto/2.12.388 Version/12.15"
84.136.118.199 - - [26/Jun/2013:01:57:30 +0200] "GET /02.html HTTP/1.1" 200 1982 "-" "Opera/9.80 (Windows NT 5.1) Presto/2.12.388 Version/12.15"
84.136.118.199 - - [26/Jun/2013:01:57:30 +0200] "GET /02.swf HTTP/1.1" 200 22781 "-" "Opera/9.80 (Windows NT 5.1) Presto/2.12.388 Version/12.15"
84.136.118.199 - - [26/Jun/2013:01:57:55 +0200] "GET /03.html HTTP/1.1" 200 1982 "-" "Opera/9.80 (Windows NT 5.1) Presto/2.12.388 Version/12.15"
84.136.118.199 - - [26/Jun/2013:01:57:55 +0200] "GET /03.swf HTTP/1.1" 200 74505 "-" "Opera/9.80 (Windows NT 5.1) Presto/2.12.388 Version/12.15"
84.136.118.199 - - [26/Jun/2013:01:58:35 +0200] "GET /03a.html HTTP/1.1" 200 1991 "-" "Opera/9.80 (Windows NT 5.1) Presto/2.12.388 Version/12.15"
84.136.118.199 - - [26/Jun/2013:01:58:35 +0200] "GET /03a.swf HTTP/1.1" 200 94997 "-" "Opera/9.80 (Windows NT 5.1) Presto/2.12.388 Version/12.15"
84.136.118.199 - - [26/Jun/2013:01:59:12 +0200] "GET /04.html HTTP/1.1" 200 2106 "-" "Opera/9.80 (Windows NT 5.1) Presto/2.12.388 Version/12.15"
84.136.118.199 - - [26/Jun/2013:01:59:12 +0200] "GET /04.swf HTTP/1.1" 200 62769 "-" "Opera/9.80 (Windows NT 5.1) Presto/2.12.388 Version/12.15"
84.136.118.199 - - [26/Jun/2013:01:59:37 +0200] "GET /05.html HTTP/1.1" 200 1982 "-" "Opera/9.80 (Windows NT 5.1) Presto/2.12.388 Version/12.15"
84.136.118.199 - - [26/Jun/2013:01:59:37 +0200] "GET /05.swf HTTP/1.1" 200 58083 "-" "Opera/9.80 (Windows NT 5.1) Presto/2.12.388 Version/12.15"
84.136.118.199 - - [26/Jun/2013:01:59:46 +0200] "GET /06.html HTTP/1.1" 200 2278 "-" "Opera/9.80 (Windows NT 5.1) Presto/2.12.388 Version/12.15"
84.136.118.199 - - [26/Jun/2013:01:59:46 +0200] "GET /06.swf HTTP/1.1" 200 20731 "-" "Opera/9.80 (Windows NT 5.1) Presto/2.12.388 Version/12.15"
84.136.118.199 - - [26/Jun/2013:01:59:58 +0200] "GET /07.html HTTP/1.1" 200 2319 "-" "Opera/9.80 (Windows NT 5.1) Presto/2.12.388 Version/12.15"
84.136.118.199 - - [26/Jun/2013:01:59:58 +0200] "GET /07.swf HTTP/1.1" 200 20730 "-" "Opera/9.80 (Windows NT 5.1) Presto/2.12.388 Version/12.15"
84.136.118.199 - - [26/Jun/2013:02:00:07 +0200] "GET /08.html HTTP/1.1" 200 2005 "-" "Opera/9.80 (Windows NT 5.1) Presto/2.12.388 Version/12.15"
84.136.118.199 - - [26/Jun/2013:02:00:07 +0200] "GET /08.swf HTTP/1.1" 200 20405 "-" "Opera/9.80 (Windows NT 5.1) Presto/2.12.388 Version/12.15"
84.136.118.199 - - [26/Jun/2013:02:00:23 +0200] "GET /09.html HTTP/1.1" 200 2086 "-" "Opera/9.80 (Windows NT 5.1) Presto/2.12.388 Version/12.15"
84.136.118.199 - - [26/Jun/2013:02:00:23 +0200] "GET /09.swf HTTP/1.1" 200 23096 "-" "Opera/9.80 (Windows NT 5.1) Presto/2.12.388 Version/12.15"
65.55.52.94 - - [26/Jun/2013:02:03:35 +0200] "GET /08.swf HTTP/1.1" 200 20405 "-" "Mozilla/5.0 (compatible; bingbot/2.0; +http://www.bing.com/bingbot.htm)"
66.249.78.187 - - [26/Jun/2013:02:04:39 +0200] "GET /09a.html HTTP/1.1" 200 2059 "-" "Mozilla/5.0 (compatible; Googlebot/2.1; +http://www.google.com/bot.html)"
157.56.93.40 - - [26/Jun/2013:02:40:20 +0200] "GET /robots.txt HTTP/1.1" 404 1256 "-" "Mozilla/5.0 (compatible; bingbot/2.0; +http://www.bing.com/bingbot.htm)"
157.56.93.40 - - [26/Jun/2013:02:46:21 +0200] "GET / HTTP/1.1" 200 2366 "-" "Mozilla/5.0 (compatible; bingbot/2.0; +http://www.bing.com/bingbot.htm)"
192.95.40.222 - - [26/Jun/2013:02:57:25 +0200] "GET / HTTP/1.1" 200 2366 "http://www.dialyse-nagold.de" "Mozilla/5.0 (Windows NT 6.1; rv:14.0) Gecko/20100101 Firefox/14.0.1"
66.249.78.187 - - [26/Jun/2013:04:31:57 +0200] "GET /robots.txt HTTP/1.1" 404 1256 "-" "Mozilla/5.0 (compatible; Googlebot/2.1; +http://www.google.com/bot.html)"
66.249.78.187 - - [26/Jun/2013:04:31:57 +0200] "GET /09a.swf HTTP/1.1" 200 20604 "-" "Mozilla/5.0 (compatible; Googlebot/2.1; +http://www.google.com/bot.html)"
66.249.78.235 - - [26/Jun/2013:04:33:43 +0200] "GET /robots.txt HTTP/1.1" 404 1256 "-" "Mozilla/5.0 (compatible; Googlebot/2.1; +http://www.google.com/bot.html)"
66.249.78.235 - - [26/Jun/2013:04:33:43 +0200] "GET /09a.html HTTP/1.1" 200 2059 "-" "SAMSUNG-SGH-E250/1.0 Profile/MIDP-2.0 Configuration/CLDC-1.1 UP.Browser/6.2.3.3.c.1.101 (GUI) MMP/2.0 (compatible; Googlebot-Mobile/2.1; +http://www.google.com/bot.html)"
144.76.4.165 - - [26/Jun/2013:05:42:20 +0200] "GET /robots.txt HTTP/1.1" 404 1256 "-" "Mozilla/5.0 (compatible; SISTRIX Crawler; http://crawler.sistrix.net/)"
144.76.4.165 - - [26/Jun/2013:05:42:20 +0200] "GET / HTTP/1.1" 206 2366 "-" "Mozilla/5.0 (compatible; SISTRIX Crawler; http://crawler.sistrix.net/)"
157.56.93.71 - - [26/Jun/2013:06:28:51 +0200] "GET /robots.txt HTTP/1.1" 404 1256 "-" "Mozilla/5.0 (compatible; bingbot/2.0; +http://www.bing.com/bingbot.htm)"
66.249.78.187 - - [26/Jun/2013:06:34:43 +0200] "GET / HTTP/1.1" 200 2366 "-" "Mozilla/5.0 (iPhone; U; CPU iPhone OS 4_1 like Mac OS X; en-us) AppleWebKit/532.9 (KHTML, like Gecko) Version/4.0.5 Mobile/8B117 Safari/6531.22.7 (compatible; Googlebot-Mobile/2.1; +http://www.google.com/bot.html)"
157.56.93.93 - - [26/Jun/2013:06:54:26 +0200] "GET /robots.txt HTTP/1.1" 404 1256 "-" "Mozilla/5.0 (compatible; bingbot/2.0; +http://www.bing.com/bingbot.htm)"
66.249.78.235 - - [26/Jun/2013:06:56:21 +0200] "GET / HTTP/1.1" 200 2366 "-" "Mozilla/5.0 (iPhone; U; CPU iPhone OS 4_1 like Mac OS X; en-us) AppleWebKit/532.9 (KHTML, like Gecko) Version/4.0.5 Mobile/8B117 Safari/6531.22.7 (compatible; Googlebot-Mobile/2.1; +http://www.google.com/bot.html)"
66.249.78.36 - - [26/Jun/2013:07:03:33 +0200] "GET / HTTP/1.1" 200 2366 "-" "Mozilla/5.0 (iPhone; U; CPU iPhone OS 4_1 like Mac OS X; en-us) AppleWebKit/532.9 (KHTML, like Gecko) Version/4.0.5 Mobile/8B117 Safari/6531.22.7 (compatible; Googlebot-Mobile/2.1; +http://www.google.com/bot.html)"
157.56.93.93 - - [26/Jun/2013:07:03:38 +0200] "GET / HTTP/1.1" 200 2366 "-" "Mozilla/5.0 (compatible; bingbot/2.0; +http://www.bing.com/bingbot.htm)"
157.56.93.71 - - [26/Jun/2013:07:16:50 +0200] "GET / HTTP/1.1" 200 2366 "-" "Mozilla/5.0 (compatible; bingbot/2.0; +http://www.bing.com/bingbot.htm)"
139.18.2.209 - - [26/Jun/2013:07:24:46 +0200] "GET /robots.txt HTTP/1.1" 404 1256 "-" "findlinks/2.6 (+http://wortschatz.uni-leipzig.de/findlinks/)"
139.18.2.209 - - [26/Jun/2013:07:24:47 +0200] "GET /robots.txt HTTP/1.1" 404 1256 "-" "findlinks/2.6 (+http://wortschatz.uni-leipzig.de/findlinks/)"
157.56.93.71 - - [26/Jun/2013:07:37:09 +0200] "GET /robots.txt HTTP/1.1" 404 1256 "-" "Mozilla/5.0 (compatible; bingbot/2.0; +http://www.bing.com/bingbot.htm)"
157.56.93.71 - - [26/Jun/2013:07:58:21 +0200] "GET /02.html HTTP/1.1" 200 1982 "-" "Mozilla/5.0 (compatible; bingbot/2.0; +http://www.bing.com/bingbot.htm)"
66.249.78.187 - - [26/Jun/2013:08:08:37 +0200] "GET /00themen00.html HTTP/1.1" 304 - "-" "Mozilla/5.0 (iPhone; U; CPU iPhone OS 4_1 like Mac OS X; en-us) AppleWebKit/532.9 (KHTML, like Gecko) Version/4.0.5 Mobile/8B117 Safari/6531.22.7 (compatible; Googlebot-Mobile/2.1; +http://www.google.com/bot.html)"
66.249.78.187 - - [26/Jun/2013:08:08:40 +0200] "GET /06.html HTTP/1.1" 304 - "-" "Mozilla/5.0 (iPhone; U; CPU iPhone OS 4_1 like Mac OS X; en-us) AppleWebKit/532.9 (KHTML, like Gecko) Version/4.0.5 Mobile/8B117 Safari/6531.22.7 (compatible; Googlebot-Mobile/2.1; +http://www.google.com/bot.html)"
66.249.78.235 - - [26/Jun/2013:08:15:58 +0200] "GET /09a.swf HTTP/1.1" 200 20604 "-" "Mozilla/5.0 (iPhone; U; CPU iPhone OS 4_1 like Mac OS X; en-us) AppleWebKit/532.9 (KHTML, like Gecko) Version/4.0.5 Mobile/8B117 Safari/6531.22.7 (compatible; Googlebot-Mobile/2.1; +http://www.google.com/bot.html)"
92.200.101.51 - - [26/Jun/2013:08:48:30 +0200] "GET / HTTP/1.1" 200 2366 "http://www.siloah.de/cms/diakonissenverein/stellenangebote_52.html" "Mozilla/5.0 (iPad; CPU OS 6_1_3 like Mac OS X) AppleWebKit/536.26 (KHTML, like Gecko) Version/6.0 Mobile/10B329 Safari/8536.25"
157.55.35.101 - - [26/Jun/2013:08:57:16 +0200] "GET /robots.txt HTTP/1.1" 404 1256 "-" "Mozilla/5.0 (compatible; bingbot/2.0; +http://www.bing.com/bingbot.htm)"
157.55.35.101 - - [26/Jun/2013:09:08:37 +0200] "GET / HTTP/1.1" 200 2366 "-" "Mozilla/5.0 (compatible; bingbot/2.0; +http://www.bing.com/bingbot.htm)"
141.8.147.12 - - [26/Jun/2013:09:18:24 +0200] "GET /robots.txt HTTP/1.1" 404 1256 "-" "Mozilla/5.0 (compatible; YandexBot/3.0; +http://yandex.com/bots)"
91.89.226.194 - - [26/Jun/2013:09:50:47 +0200] "GET / HTTP/1.1" 200 2366 "http://www.google.de/search?site=&source=hp&ei=n53JUYHwBMeotAahhoDoBg&q=dialyse+pforzheim&oq=dialyse+p&gs_l=mobile-gws-hp.1.0.0j0i10j0j0i10j0.9670.20616.0.22166.11.9.0.2.2.0.240.1508.0j6j2.8.0.ernk_timediscountc..0.0...1.1.18.mobile-gws-hp.gGcmOtKJpl8" "Mozilla/5.0 (Linux; U; Android 2.3.5; de-de; HUAWEI-U8850 Build/HuaweiU8850) AppleWebKit/533.1 (KHTML, like Gecko) Version/4.0 Mobile Safari/533.1"
91.89.226.194 - - [26/Jun/2013:09:50:48 +0200] "GET /favicon.ico HTTP/1.1" 404 1256 "http://www.dialyse-calw.de/" "Mozilla/5.0 (Linux; U; Android 2.3.5; de-de; HUAWEI-U8850 Build/HuaweiU8850) AppleWebKit/533.1 (KHTML, like Gecko) Version/4.0 Mobile Safari/533.1"
91.89.226.194 - - [26/Jun/2013:09:52:52 +0200] "GET / HTTP/1.1" 200 2366 "http://www.google.de/search?site=&source=hp&ei=n53JUYHwBMeotAahhoDoBg&q=dialyse+pforzheim&oq=dialyse+p&gs_l=mobile-gws-hp.1.0.0j0i10j0j0i10j0.9670.20616.0.22166.11.9.0.2.2.0.240.1508.0j6j2.8.0.ernk_timediscountc..0.0...1.1.18.mobile-gws-hp.gGcmOtKJpl8" "Mozilla/5.0 (Linux; U; Android 2.3.5; de-de; HUAWEI-U8850 Build/HuaweiU8850) AppleWebKit/533.1 (KHTML, like Gecko) Version/4.0 Mobile Safari/533.1"
91.89.226.194 - - [26/Jun/2013:09:53:27 +0200] "GET / HTTP/1.1" 200 2366 "http://mobil.dasoertliche.de/d?id=X-LWMX_76R6YD1P5IKM90BB4MZHGM0SNTCDWPPPN9RU5U37_JKP417" "Mozilla/5.0 (Linux; U; Android 2.3.5; de-de; HUAWEI-U8850 Build/HuaweiU8850) AppleWebKit/533.1 (KHTML, like Gecko) Version/4.0 Mobile Safari/533.1"
91.89.226.194 - - [26/Jun/2013:09:53:28 +0200] "GET /favicon.ico HTTP/1.1" 404 1256 "http://www.dialyse-pforzheim.de/" "Mozilla/5.0 (Linux; U; Android 2.3.5; de-de; HUAWEI-U8850 Build/HuaweiU8850) AppleWebKit/533.1 (KHTML, like Gecko) Version/4.0 Mobile Safari/533.1"
91.89.226.194 - - [26/Jun/2013:09:54:41 +0200] "GET /08.html HTTP/1.1" 200 2005 "http://www.google.de/search?site=&source=hp&ei=n53JUYHwBMeotAahhoDoBg&q=dialyse+pforzheim&oq=dialyse+p&gs_l=mobile-gws-hp.1.0.0j0i10j0j0i10j0.9670.20616.0.22166.11.9.0.2.2.0.240.1508.0j6j2.8.0.ernk_timediscountc..0.0...1.1.18.mobile-gws-hp.gGcmOtKJpl8" "Mozilla/5.0 (Linux; U; Android 2.3.5; de-de; HUAWEI-U8850 Build/HuaweiU8850) AppleWebKit/533.1 (KHTML, like Gecko) Version/4.0 Mobile Safari/533.1"
91.89.226.194 - - [26/Jun/2013:09:54:42 +0200] "GET /AC_RunActiveContent.js HTTP/1.1" 200 8029 "http://www.dialyse-pforzheim.de/08.html" "Mozilla/5.0 (Linux; U; Android 2.3.5; de-de; HUAWEI-U8850 Build/HuaweiU8850) AppleWebKit/533.1 (KHTML, like Gecko) Version/4.0 Mobile Safari/533.1"
5.56.209.35 - - [26/Jun/2013:09:58:27 +0200] "GET / HTTP/1.1" 200 2366 "http://www.siloah.de/content.php" "Mozilla/5.0 (Windows NT 6.1; WOW64) AppleWebKit/537.36 (KHTML, like Gecko) Chrome/27.0.1453.116 Safari/537.36"
5.56.209.35 - - [26/Jun/2013:09:58:27 +0200] "GET /00start.swf HTTP/1.1" 200 8575 "http://www.dialyse-calw.de/" "Mozilla/5.0 (Windows NT 6.1; WOW64) AppleWebKit/537.36 (KHTML, like Gecko) Chrome/27.0.1453.116 Safari/537.36"
5.56.209.35 - - [26/Jun/2013:09:58:28 +0200] "GET /favicon.ico HTTP/1.1" 404 1256 "-" "Mozilla/5.0 (Windows NT 6.1; WOW64) AppleWebKit/537.36 (KHTML, like Gecko) Chrome/27.0.1453.116 Safari/537.36"
5.56.209.35 - - [26/Jun/2013:09:58:31 +0200] "GET /00themen00.html HTTP/1.1" 200 2254 "http://www.dialyse-calw.de/" "Mozilla/5.0 (Windows NT 6.1; WOW64) AppleWebKit/537.36 (KHTML, like Gecko) Chrome/27.0.1453.116 Safari/537.36"
5.56.209.35 - - [26/Jun/2013:09:58:31 +0200] "GET /AC_RunActiveContent.js HTTP/1.1" 200 8029 "http://www.dialyse-calw.de/00themen00.html" "Mozilla/5.0 (Windows NT 6.1; WOW64) AppleWebKit/537.36 (KHTML, like Gecko) Chrome/27.0.1453.116 Safari/537.36"
5.56.209.35 - - [26/Jun/2013:09:58:31 +0200] "GET /favicon.ico HTTP/1.1" 404 1256 "-" "Mozilla/5.0 (Windows NT 6.1; WOW64) AppleWebKit/537.36 (KHTML, like Gecko) Chrome/27.0.1453.116 Safari/537.36"
5.56.209.35 - - [26/Jun/2013:09:58:31 +0200] "GET /00themen00.swf HTTP/1.1" 200 136579 "http://www.dialyse-calw.de/00themen00.html" "Mozilla/5.0 (Windows NT 6.1; WOW64) AppleWebKit/537.36 (KHTML, like Gecko) Chrome/27.0.1453.116 Safari/537.36"
5.56.209.35 - - [26/Jun/2013:09:58:39 +0200] "GET /03.html HTTP/1.1" 200 1982 "http://www.dialyse-calw.de/00themen00.html" "Mozilla/5.0 (Windows NT 6.1; WOW64) AppleWebKit/537.36 (KHTML, like Gecko) Chrome/27.0.1453.116 Safari/537.36"
5.56.209.35 - - [26/Jun/2013:09:58:40 +0200] "GET /03.swf HTTP/1.1" 200 74505 "http://www.dialyse-calw.de/03.html" "Mozilla/5.0 (Windows NT 6.1; WOW64) AppleWebKit/537.36 (KHTML, like Gecko) Chrome/27.0.1453.116 Safari/537.36"
5.56.209.35 - - [26/Jun/2013:09:58:40 +0200] "GET /favicon.ico HTTP/1.1" 404 1256 "-" "Mozilla/5.0 (Windows NT 6.1; WOW64) AppleWebKit/537.36 (KHTML, like Gecko) Chrome/27.0.1453.116 Safari/537.36"
5.56.209.35 - - [26/Jun/2013:09:59:02 +0200] "GET /favicon.ico HTTP/1.1" 404 1256 "-" "Mozilla/5.0 (Windows NT 6.1; WOW64) AppleWebKit/537.36 (KHTML, like Gecko) Chrome/27.0.1453.116 Safari/537.36"
5.56.209.35 - - [26/Jun/2013:09:59:05 +0200] "GET /04.html HTTP/1.1" 200 2106 "http://www.dialyse-calw.de/00themen00.html" "Mozilla/5.0 (Windows NT 6.1; WOW64) AppleWebKit/537.36 (KHTML, like Gecko) Chrome/27.0.1453.116 Safari/537.36"
5.56.209.35 - - [26/Jun/2013:09:59:05 +0200] "GET /favicon.ico HTTP/1.1" 404 1256 "-" "Mozilla/5.0 (Windows NT 6.1; WOW64) AppleWebKit/537.36 (KHTML, like Gecko) Chrome/27.0.1453.116 Safari/537.36"
5.56.209.35 - - [26/Jun/2013:09:59:05 +0200] "GET /04.swf HTTP/1.1" 200 62769 "http://www.dialyse-calw.de/04.html" "Mozilla/5.0 (Windows NT 6.1; WOW64) AppleWebKit/537.36 (KHTML, like Gecko) Chrome/27.0.1453.116 Safari/537.36"
5.56.209.35 - - [26/Jun/2013:09:59:10 +0200] "GET /04Kartebbb.html HTTP/1.1" 200 2077 "http://www.dialyse-calw.de/04.html" "Mozilla/5.0 (Windows NT 6.1; WOW64) AppleWebKit/537.36 (KHTML, like Gecko) Chrome/27.0.1453.116 Safari/537.36"
5.56.209.35 - - [26/Jun/2013:09:59:10 +0200] "GET /04Kartebbb.swf HTTP/1.1" 200 32635 "http://www.dialyse-calw.de/04Kartebbb.html" "Mozilla/5.0 (Windows NT 6.1; WOW64) AppleWebKit/537.36 (KHTML, like Gecko) Chrome/27.0.1453.116 Safari/537.36"
5.56.209.35 - - [26/Jun/2013:09:59:10 +0200] "GET /favicon.ico HTTP/1.1" 404 1256 "-" "Mozilla/5.0 (Windows NT 6.1; WOW64) AppleWebKit/537.36 (KHTML, like Gecko) Chrome/27.0.1453.116 Safari/537.36"
5.56.209.35 - - [26/Jun/2013:09:59:18 +0200] "GET /favicon.ico HTTP/1.1" 404 1256 "-" "Mozilla/5.0 (Windows NT 6.1; WOW64) AppleWebKit/537.36 (KHTML, like Gecko) Chrome/27.0.1453.116 Safari/537.36"
5.56.209.35 - - [26/Jun/2013:09:59:23 +0200] "GET /03a.html HTTP/1.1" 200 1991 "http://www.dialyse-calw.de/00themen00.html" "Mozilla/5.0 (Windows NT 6.1; WOW64) AppleWebKit/537.36 (KHTML, like Gecko) Chrome/27.0.1453.116 Safari/537.36"
5.56.209.35 - - [26/Jun/2013:09:59:23 +0200] "GET /favicon.ico HTTP/1.1" 404 1256 "-" "Mozilla/5.0 (Windows NT 6.1; WOW64) AppleWebKit/537.36 (KHTML, like Gecko) Chrome/27.0.1453.116 Safari/537.36"
5.56.209.35 - - [26/Jun/2013:09:59:23 +0200] "GET /03a.swf HTTP/1.1" 200 94997 "http://www.dialyse-calw.de/03a.html" "Mozilla/5.0 (Windows NT 6.1; WOW64) AppleWebKit/537.36 (KHTML, like Gecko) Chrome/27.0.1453.116 Safari/537.36"
5.56.209.35 - - [26/Jun/2013:09:59:28 +0200] "GET /favicon.ico HTTP/1.1" 404 1256 "-" "Mozilla/5.0 (Windows NT 6.1; WOW64) AppleWebKit/537.36 (KHTML, like Gecko) Chrome/27.0.1453.116 Safari/537.36"
5.56.209.35 - - [26/Jun/2013:09:59:31 +0200] "GET /favicon.ico HTTP/1.1" 404 1256 "-" "Mozilla/5.0 (Windows NT 6.1; WOW64) AppleWebKit/537.36 (KHTML, like Gecko) Chrome/27.0.1453.116 Safari/537.36"
5.56.209.35 - - [26/Jun/2013:09:59:31 +0200] "GET /favicon.ico HTTP/1.1" 404 1256 "-" "Mozilla/5.0 (Windows NT 6.1; WOW64) AppleWebKit/537.36 (KHTML, like Gecko) Chrome/27.0.1453.116 Safari/537.36"
5.56.209.35 - - [26/Jun/2013:09:59:32 +0200] "GET /favicon.ico HTTP/1.1" 404 1256 "-" "Mozilla/5.0 (Windows NT 6.1; WOW64) AppleWebKit/537.36 (KHTML, like Gecko) Chrome/27.0.1453.116 Safari/537.36"
5.56.209.35 - - [26/Jun/2013:09:59:33 +0200] "GET /favicon.ico HTTP/1.1" 404 1256 "-" "Mozilla/5.0 (Windows NT 6.1; WOW64) AppleWebKit/537.36 (KHTML, like Gecko) Chrome/27.0.1453.116 Safari/537.36"
5.56.209.35 - - [26/Jun/2013:09:59:34 +0200] "GET /favicon.ico HTTP/1.1" 404 1256 "-" "Mozilla/5.0 (Windows NT 6.1; WOW64) AppleWebKit/537.36 (KHTML, like Gecko) Chrome/27.0.1453.116 Safari/537.36"
5.56.209.35 - - [26/Jun/2013:09:59:35 +0200] "GET /favicon.ico HTTP/1.1" 404 1256 "-" "Mozilla/5.0 (Windows NT 6.1; WOW64) AppleWebKit/537.36 (KHTML, like Gecko) Chrome/27.0.1453.116 Safari/537.36"
157.55.36.50 - - [26/Jun/2013:10:38:36 +0200] "GET /robots.txt HTTP/1.1" 404 1256 "-" "Mozilla/5.0 (compatible; bingbot/2.0; +http://www.bing.com/bingbot.htm)"
157.55.36.50 - - [26/Jun/2013:10:41:49 +0200] "GET /04.html HTTP/1.1" 200 2106 "-" "Mozilla/5.0 (compatible; bingbot/2.0; +http://www.bing.com/bingbot.htm)"
157.55.36.50 - - [26/Jun/2013:10:49:35 +0200] "GET /03.html HTTP/1.1" 200 1982 "-" "Mozilla/5.0 (compatible; bingbot/2.0; +http://www.bing.com/bingbot.htm)"
66.249.75.214 - - [26/Jun/2013:11:07:41 +0200] "GET /09a.html HTTP/1.1" 200 2059 "-" "DoCoMo/2.0 N905i(c100;TB;W24H16) (compatible; Googlebot-Mobile/2.1; +http://www.google.com/bot.html)"
199.19.249.196 - - [26/Jun/2013:11:11:04 +0200] "GET / HTTP/1.1" 200 2366 "-" "Mozilla/4.0 (compatible; MSIE 7.0; Windows NT 5.1; InfoPath.1; .NET CLR 2.0.50727; .NET CLR 1.1.4322; MS-RTC LM 8; .NET CLR 3.0.4506.2152; .NET CLR 3.5.30729)"
193.41.37.3 - - [26/Jun/2013:11:11:04 +0200] "GET / HTTP/1.1" 200 2366 "https://www.google.de/" "Mozilla/5.0 (Windows NT 5.1) AppleWebKit/537.36 (KHTML, like Gecko) Chrome/27.0.1453.116 Safari/537.36"
193.41.37.3 - - [26/Jun/2013:11:11:04 +0200] "GET /00start.swf HTTP/1.1" 200 8575 "http://www.dialyse-calw.de/" "Mozilla/5.0 (Windows NT 5.1) AppleWebKit/537.36 (KHTML, like Gecko) Chrome/27.0.1453.116 Safari/537.36"
193.41.37.3 - - [26/Jun/2013:11:11:05 +0200] "GET /favicon.ico HTTP/1.1" 404 1256 "-" "Mozilla/5.0 (Windows NT 5.1) AppleWebKit/537.36 (KHTML, like Gecko) Chrome/27.0.1453.116 Safari/537.36"
199.19.249.196 - - [26/Jun/2013:11:11:07 +0200] "GET /00themen00.html HTTP/1.1" 200 2254 "-" "Mozilla/4.0 (compatible; MSIE 7.0; Windows NT 5.1; InfoPath.1; .NET CLR 2.0.50727; .NET CLR 1.1.4322; MS-RTC LM 8; .NET CLR 3.0.4506.2152; .NET CLR 3.5.30729)"
193.41.37.3 - - [26/Jun/2013:11:11:07 +0200] "GET /00themen00.html HTTP/1.1" 200 2254 "http://www.dialyse-calw.de/" "Mozilla/5.0 (Windows NT 5.1) AppleWebKit/537.36 (KHTML, like Gecko) Chrome/27.0.1453.116 Safari/537.36"
193.41.37.3 - - [26/Jun/2013:11:11:07 +0200] "GET /AC_RunActiveContent.js HTTP/1.1" 200 8029 "http://www.dialyse-calw.de/00themen00.html" "Mozilla/5.0 (Windows NT 5.1) AppleWebKit/537.36 (KHTML, like Gecko) Chrome/27.0.1453.116 Safari/537.36"
193.41.37.3 - - [26/Jun/2013:11:11:07 +0200] "GET /00themen00.swf HTTP/1.1" 200 136579 "http://www.dialyse-calw.de/00themen00.html" "Mozilla/5.0 (Windows NT 5.1) AppleWebKit/537.36 (KHTML, like Gecko) Chrome/27.0.1453.116 Safari/537.36"
193.41.37.3 - - [26/Jun/2013:11:11:07 +0200] "GET /favicon.ico HTTP/1.1" 404 1256 "-" "Mozilla/5.0 (Windows NT 5.1) AppleWebKit/537.36 (KHTML, like Gecko) Chrome/27.0.1453.116 Safari/537.36"
199.19.249.196 - - [26/Jun/2013:11:11:09 +0200] "GET /03a.html HTTP/1.1" 200 1991 "-" "Mozilla/4.0 (compatible; MSIE 7.0; Windows NT 5.1; InfoPath.1; .NET CLR 2.0.50727; .NET CLR 1.1.4322; MS-RTC LM 8; .NET CLR 3.0.4506.2152; .NET CLR 3.5.30729)"
193.41.37.3 - - [26/Jun/2013:11:11:09 +0200] "GET /03a.html HTTP/1.1" 200 1991 "http://www.dialyse-calw.de/00themen00.html" "Mozilla/5.0 (Windows NT 5.1) AppleWebKit/537.36 (KHTML, like Gecko) Chrome/27.0.1453.116 Safari/537.36"
193.41.37.3 - - [26/Jun/2013:11:11:09 +0200] "GET /favicon.ico HTTP/1.1" 404 1256 "-" "Mozilla/5.0 (Windows NT 5.1) AppleWebKit/537.36 (KHTML, like Gecko) Chrome/27.0.1453.116 Safari/537.36"
193.41.37.3 - - [26/Jun/2013:11:11:09 +0200] "GET /03a.swf HTTP/1.1" 200 94997 "http://www.dialyse-calw.de/03a.html" "Mozilla/5.0 (Windows NT 5.1) AppleWebKit/537.36 (KHTML, like Gecko) Chrome/27.0.1453.116 Safari/537.36"
193.41.37.3 - - [26/Jun/2013:11:11:11 +0200] "GET /favicon.ico HTTP/1.1" 404 1256 "-" "Mozilla/5.0 (Windows NT 5.1) AppleWebKit/537.36 (KHTML, like Gecko) Chrome/27.0.1453.116 Safari/537.36"
