157.56.93.71 - - [27/Jun/2013:18:34:07 +0200] "GET /index.html HTTP/1.1" 304 - "-" "Mozilla/5.0 (compatible; bingbot/2.0; +http://www.bing.com/bingbot.htm)"
208.167.230.43 - - [27/Jun/2013:18:39:15 +0200] "GET / HTTP/1.1" 200 2366 "-" "Mozilla/5.0 (compatible; AhrefsBot/4.0; +http://ahrefs.com/robot/)"
199.19.249.196 - - [27/Jun/2013:18:39:59 +0200] "GET /08.html HTTP/1.1" 200 2005 "-" "Mozilla/4.0 (compatible; MSIE 7.0; Windows NT 5.1; InfoPath.1; .NET CLR 2.0.50727; .NET CLR 1.1.4322; MS-RTC LM 8; .NET CLR 3.0.4506.2152; .NET CLR 3.5.30729)"
66.249.78.187 - - [27/Jun/2013:19:01:44 +0200] "GET /robots.txt HTTP/1.1" 404 1256 "-" "Mozilla/5.0 (compatible; Googlebot/2.1; +http://www.google.com/bot.html)"
66.249.78.187 - - [27/Jun/2013:19:01:44 +0200] "GET /00start.swf HTTP/1.1" 200 8575 "-" "Mozilla/5.0 (iPhone; U; CPU iPhone OS 4_1 like Mac OS X; en-us) AppleWebKit/532.9 (KHTML, like Gecko) Version/4.0.5 Mobile/8B117 Safari/6531.22.7 (compatible; Googlebot-Mobile/2.1; +http://www.google.com/bot.html)"
84.163.23.64 - - [27/Jun/2013:19:05:13 +0200] "GET / HTTP/1.1" 200 2366 "http://www.rhoen-klinikum-ag.com/rka/cms/pfk_2/deu/66265.html" "Mozilla/5.0 (compatible; MSIE 10.0; Windows NT 6.1; WOW64; Trident/6.0)"
84.163.23.64 - - [27/Jun/2013:19:05:14 +0200] "HEAD /00start.swf HTTP/1.1" 200 - "-" "contype"
84.163.23.64 - - [27/Jun/2013:19:05:14 +0200] "GET /00start.swf HTTP/1.1" 200 8575 "http://www.dialyse-pforzheim.de/" "Mozilla/5.0 (compatible; MSIE 10.0; Windows NT 6.1; WOW64; Trident/6.0)"
84.163.23.64 - - [27/Jun/2013:19:05:16 +0200] "GET /favicon.ico HTTP/1.1" 404 1256 "-" "Mozilla/5.0 (compatible; MSIE 10.0; Windows NT 6.1; WOW64; Trident/6.0)"
84.163.23.64 - - [27/Jun/2013:19:05:20 +0200] "GET /00themen00.html HTTP/1.1" 200 2254 "http://www.dialyse-pforzheim.de/00start.swf" "Mozilla/5.0 (compatible; MSIE 10.0; Windows NT 6.1; WOW64; Trident/6.0)"
84.163.23.64 - - [27/Jun/2013:19:05:21 +0200] "GET /AC_RunActiveContent.js HTTP/1.1" 200 8029 "http://www.dialyse-pforzheim.de/00start.swf" "Mozilla/5.0 (compatible; MSIE 10.0; Windows NT 6.1; WOW64; Trident/6.0)"
84.163.23.64 - - [27/Jun/2013:19:05:21 +0200] "GET /00themen00.swf HTTP/1.1" 200 136579 "http://www.dialyse-pforzheim.de/00themen00.html" "Mozilla/5.0 (compatible; MSIE 10.0; Windows NT 6.1; WOW64; Trident/6.0)"
84.163.23.64 - - [27/Jun/2013:19:05:22 +0200] "GET /favicon.ico HTTP/1.1" 404 1256 "-" "Mozilla/5.0 (compatible; MSIE 10.0; Windows NT 6.1; WOW64; Trident/6.0)"
84.163.23.64 - - [27/Jun/2013:19:05:28 +0200] "GET /08.html HTTP/1.1" 200 2005 "http://www.dialyse-pforzheim.de/00themen00.swf" "Mozilla/5.0 (compatible; MSIE 10.0; Windows NT 6.1; WOW64; Trident/6.0)"
84.163.23.64 - - [27/Jun/2013:19:05:28 +0200] "GET /08.swf HTTP/1.1" 200 20405 "http://www.dialyse-pforzheim.de/08.html" "Mozilla/5.0 (compatible; MSIE 10.0; Windows NT 6.1; WOW64; Trident/6.0)"
84.163.23.64 - - [27/Jun/2013:19:05:53 +0200] "GET /02.html HTTP/1.1" 200 1982 "http://www.dialyse-pforzheim.de/00themen00.swf" "Mozilla/5.0 (compatible; MSIE 10.0; Windows NT 6.1; WOW64; Trident/6.0)"
84.163.23.64 - - [27/Jun/2013:19:05:54 +0200] "GET /02.swf HTTP/1.1" 200 22781 "http://www.dialyse-pforzheim.de/02.html" "Mozilla/5.0 (compatible; MSIE 10.0; Windows NT 6.1; WOW64; Trident/6.0)"
84.163.23.64 - - [27/Jun/2013:19:06:17 +0200] "GET /04.html HTTP/1.1" 200 2106 "http://www.dialyse-pforzheim.de/08.swf" "Mozilla/5.0 (compatible; MSIE 10.0; Windows NT 6.1; WOW64; Trident/6.0)"
84.163.23.64 - - [27/Jun/2013:19:06:17 +0200] "GET /04.swf HTTP/1.1" 200 62769 "http://www.dialyse-pforzheim.de/04.html" "Mozilla/5.0 (compatible; MSIE 10.0; Windows NT 6.1; WOW64; Trident/6.0)"
150.70.97.114 - - [27/Jun/2013:19:06:24 +0200] "GET / HTTP/1.1" 200 2366 "-" "Mozilla/4.0 (compatible; MSIE 8.0; Windows NT 5.1; Trident/4.0)"
84.163.23.64 - - [27/Jun/2013:19:06:25 +0200] "GET /04Karteaaa.html HTTP/1.1" 200 2077 "http://www.dialyse-pforzheim.de/04.swf" "Mozilla/5.0 (compatible; MSIE 10.0; Windows NT 6.1; WOW64; Trident/6.0)"
84.163.23.64 - - [27/Jun/2013:19:06:25 +0200] "GET /04Karteaaa.swf HTTP/1.1" 200 18538 "http://www.dialyse-pforzheim.de/04Karteaaa.html" "Mozilla/5.0 (compatible; MSIE 10.0; Windows NT 6.1; WOW64; Trident/6.0)"
150.70.64.215 - - [27/Jun/2013:19:07:47 +0200] "GET / HTTP/1.0" 200 2366 "-" "Mozilla/4.0 (compatible; MSIE 6.0; Windows NT 5.1)"
217.113.186.222 - - [27/Jun/2013:19:08:08 +0200] "GET / HTTP/1.1" 200 2366 "http://www.rhoen-klinikum-ag.com/rka/cms/pfk_2/deu/66265.html" "Mozilla/5.0 (Windows NT 6.1; rv:21.0) Gecko/20100101 Firefox/21.0"
217.113.186.222 - - [27/Jun/2013:19:08:09 +0200] "GET /00start.swf HTTP/1.1" 200 8575 "http://www.dialyse-pforzheim.de/" "Mozilla/5.0 (Windows NT 6.1; rv:21.0) Gecko/20100101 Firefox/21.0"
217.113.186.222 - - [27/Jun/2013:19:08:09 +0200] "GET /favicon.ico HTTP/1.1" 404 1256 "-" "Mozilla/5.0 (Windows NT 6.1; rv:21.0) Gecko/20100101 Firefox/21.0"
217.113.186.222 - - [27/Jun/2013:19:08:09 +0200] "GET /favicon.ico HTTP/1.1" 404 1256 "-" "Mozilla/5.0 (Windows NT 6.1; rv:21.0) Gecko/20100101 Firefox/21.0"
217.113.186.222 - - [27/Jun/2013:19:08:12 +0200] "GET /00themen00.html HTTP/1.1" 200 2254 "http://www.dialyse-pforzheim.de/" "Mozilla/5.0 (Windows NT 6.1; rv:21.0) Gecko/20100101 Firefox/21.0"
217.113.186.222 - - [27/Jun/2013:19:08:12 +0200] "GET /AC_RunActiveContent.js HTTP/1.1" 200 8029 "http://www.dialyse-pforzheim.de/00themen00.html" "Mozilla/5.0 (Windows NT 6.1; rv:21.0) Gecko/20100101 Firefox/21.0"
217.113.186.222 - - [27/Jun/2013:19:08:12 +0200] "GET /00themen00.swf HTTP/1.1" 200 136579 "http://www.dialyse-pforzheim.de/00themen00.html" "Mozilla/5.0 (Windows NT 6.1; rv:21.0) Gecko/20100101 Firefox/21.0"
217.113.186.222 - - [27/Jun/2013:19:08:16 +0200] "GET /03.html HTTP/1.1" 200 1982 "http://www.dialyse-pforzheim.de/00themen00.html" "Mozilla/5.0 (Windows NT 6.1; rv:21.0) Gecko/20100101 Firefox/21.0"
217.113.186.222 - - [27/Jun/2013:19:08:16 +0200] "GET /03.swf HTTP/1.1" 200 74505 "http://www.dialyse-pforzheim.de/03.html" "Mozilla/5.0 (Windows NT 6.1; rv:21.0) Gecko/20100101 Firefox/21.0"
217.113.186.222 - - [27/Jun/2013:19:08:39 +0200] "GET /03a.html HTTP/1.1" 200 1991 "http://www.dialyse-pforzheim.de/00themen00.html" "Mozilla/5.0 (Windows NT 6.1; rv:21.0) Gecko/20100101 Firefox/21.0"
217.113.186.222 - - [27/Jun/2013:19:08:40 +0200] "GET /03a.swf HTTP/1.1" 200 94997 "http://www.dialyse-pforzheim.de/03a.html" "Mozilla/5.0 (Windows NT 6.1; rv:21.0) Gecko/20100101 Firefox/21.0"
85.214.68.227 - - [27/Jun/2013:19:38:05 +0200] "GET / HTTP/1.1" 200 2366 "-" "i-market-bot"
85.214.68.227 - - [27/Jun/2013:19:38:05 +0200] "GET / HTTP/1.1" 200 2366 "-" "i-market-bot"
66.249.78.235 - - [27/Jun/2013:19:42:40 +0200] "GET /robots.txt HTTP/1.1" 404 1256 "-" "Mozilla/5.0 (compatible; Googlebot/2.1; +http://www.google.com/bot.html)"
66.249.78.235 - - [27/Jun/2013:19:42:40 +0200] "GET /09a.swf HTTP/1.1" 200 20604 "-" "Mozilla/5.0 (iPhone; U; CPU iPhone OS 4_1 like Mac OS X; en-us) AppleWebKit/532.9 (KHTML, like Gecko) Version/4.0.5 Mobile/8B117 Safari/6531.22.7 (compatible; Googlebot-Mobile/2.1; +http://www.google.com/bot.html)"
157.55.35.101 - - [27/Jun/2013:19:52:21 +0200] "GET /robots.txt HTTP/1.1" 404 1256 "-" "Mozilla/5.0 (compatible; bingbot/2.0; +http://www.bing.com/bingbot.htm)"
157.55.35.101 - - [27/Jun/2013:19:53:26 +0200] "GET / HTTP/1.1" 200 2366 "-" "Mozilla/5.0 (compatible; bingbot/2.0; +http://www.bing.com/bingbot.htm)"
46.229.164.101 - - [27/Jun/2013:23:24:24 +0200] "GET / HTTP/1.1" 200 2366 "-" "Mozilla/5.0 (compatible; SemrushBot/0.96.3; +http://www.semrush.com/bot.html)"
46.229.164.101 - - [27/Jun/2013:23:27:53 +0200] "GET / HTTP/1.1" 200 2366 "-" "Mozilla/5.0 (compatible; SemrushBot/0.96.3; +http://www.semrush.com/bot.html)"
157.55.36.50 - - [27/Jun/2013:23:59:34 +0200] "GET /robots.txt HTTP/1.1" 404 1256 "-" "Mozilla/5.0 (compatible; bingbot/2.0; +http://www.bing.com/bingbot.htm)"
157.55.36.50 - - [28/Jun/2013:00:21:57 +0200] "GET /00themen00.html HTTP/1.1" 200 2254 "-" "Mozilla/5.0 (compatible; bingbot/2.0; +http://www.bing.com/bingbot.htm)"
109.226.97.151 - - [28/Jun/2013:00:35:20 +0200] "GET /robots.txt HTTP/1.1" 404 1256 "-" "Mozilla/5.0 (compatible; 008/0.83; http://www.80legs.com/webcrawler.html;) Gecko/2008032620"
109.226.97.151 - - [28/Jun/2013:00:35:21 +0200] "GET / HTTP/1.1" 200 2366 "-" "Mozilla/5.0 (compatible; 008/0.85; http://www.80legs.com/webcrawler.html) Gecko/2008032620"
88.206.96.185 - - [28/Jun/2013:00:39:45 +0200] "GET /robots.txt HTTP/1.1" 404 1256 "-" "Mozilla/5.0 (compatible; 008/0.83; http://www.80legs.com/webcrawler.html;) Gecko/2008032620"
88.206.96.185 - - [28/Jun/2013:00:39:45 +0200] "GET / HTTP/1.1" 200 2366 "-" "Mozilla/5.0 (compatible; 008/0.85; http://www.80legs.com/webcrawler.html) Gecko/2008032620"
64.125.222.16 - - [28/Jun/2013:01:15:39 +0200] "GET /robots.txt HTTP/1.1" 404 1256 "-" "Mozilla/5.0 (compatible; 008/0.83; http://www.80legs.com/webcrawler.html;) Gecko/2008032620"
46.107.226.176 - - [28/Jun/2013:01:15:58 +0200] "GET / HTTP/1.1" 200 2366 "-" "Mozilla/5.0 (compatible; 008/0.85; http://www.80legs.com/webcrawler.html) Gecko/2008032620"
46.107.226.176 - - [28/Jun/2013:01:15:59 +0200] "GET / HTTP/1.1" 200 2366 "-" "Mozilla/5.0 (compatible; 008/0.85; http://www.80legs.com/webcrawler.html) Gecko/2008032620"
46.107.226.176 - - [28/Jun/2013:01:16:00 +0200] "GET / HTTP/1.1" 200 2366 "-" "Mozilla/5.0 (compatible; 008/0.85; http://www.80legs.com/webcrawler.html) Gecko/2008032620"
46.107.226.176 - - [28/Jun/2013:01:16:01 +0200] "GET / HTTP/1.1" 200 2366 "-" "Mozilla/5.0 (compatible; 008/0.85; http://www.80legs.com/webcrawler.html) Gecko/2008032620"
37.145.92.181 - - [28/Jun/2013:01:16:05 +0200] "GET / HTTP/1.1" 200 2366 "-" "Mozilla/5.0 (compatible; 008/0.85; http://www.80legs.com/webcrawler.html) Gecko/2008032620"
37.145.92.181 - - [28/Jun/2013:01:16:06 +0200] "GET / HTTP/1.1" 200 2366 "-" "Mozilla/5.0 (compatible; 008/0.85; http://www.80legs.com/webcrawler.html) Gecko/2008032620"
37.145.92.181 - - [28/Jun/2013:01:16:07 +0200] "GET / HTTP/1.1" 200 2366 "-" "Mozilla/5.0 (compatible; 008/0.85; http://www.80legs.com/webcrawler.html) Gecko/2008032620"
37.145.92.181 - - [28/Jun/2013:01:16:08 +0200] "GET / HTTP/1.1" 200 2366 "-" "Mozilla/5.0 (compatible; 008/0.85; http://www.80legs.com/webcrawler.html) Gecko/2008032620"
91.240.112.26 - - [28/Jun/2013:01:16:10 +0200] "GET / HTTP/1.1" 200 2366 "-" "Mozilla/5.0 (compatible; 008/0.85; http://www.80legs.com/webcrawler.html) Gecko/2008032620"
91.240.112.26 - - [28/Jun/2013:01:16:11 +0200] "GET / HTTP/1.1" 200 2366 "-" "Mozilla/5.0 (compatible; 008/0.85; http://www.80legs.com/webcrawler.html) Gecko/2008032620"
130.0.63.146 - - [28/Jun/2013:01:16:15 +0200] "GET / HTTP/1.1" 200 2366 "-" "Mozilla/5.0 (compatible; 008/0.85; http://www.80legs.com/webcrawler.html) Gecko/2008032620"
130.0.63.146 - - [28/Jun/2013:01:16:16 +0200] "GET / HTTP/1.1" 200 2366 "-" "Mozilla/5.0 (compatible; 008/0.85; http://www.80legs.com/webcrawler.html) Gecko/2008032620"
130.0.63.146 - - [28/Jun/2013:01:16:17 +0200] "GET / HTTP/1.1" 200 2366 "-" "Mozilla/5.0 (compatible; 008/0.85; http://www.80legs.com/webcrawler.html) Gecko/2008032620"
130.0.63.146 - - [28/Jun/2013:01:16:18 +0200] "GET / HTTP/1.1" 200 2366 "-" "Mozilla/5.0 (compatible; 008/0.85; http://www.80legs.com/webcrawler.html) Gecko/2008032620"
37.54.143.130 - - [28/Jun/2013:01:16:24 +0200] "GET / HTTP/1.1" 200 2366 "-" "Mozilla/5.0 (compatible; 008/0.85; http://www.80legs.com/webcrawler.html) Gecko/2008032620"
37.54.143.130 - - [28/Jun/2013:01:16:25 +0200] "GET / HTTP/1.1" 200 2366 "-" "Mozilla/5.0 (compatible; 008/0.85; http://www.80legs.com/webcrawler.html) Gecko/2008032620"
46.63.27.87 - - [28/Jun/2013:01:16:28 +0200] "GET / HTTP/1.1" 200 2366 "-" "Mozilla/5.0 (compatible; 008/0.85; http://www.80legs.com/webcrawler.html) Gecko/2008032620"
46.63.27.87 - - [28/Jun/2013:01:16:29 +0200] "GET / HTTP/1.1" 200 2366 "-" "Mozilla/5.0 (compatible; 008/0.85; http://www.80legs.com/webcrawler.html) Gecko/2008032620"
46.63.27.87 - - [28/Jun/2013:01:16:30 +0200] "GET / HTTP/1.1" 200 2366 "-" "Mozilla/5.0 (compatible; 008/0.85; http://www.80legs.com/webcrawler.html) Gecko/2008032620"
46.63.27.87 - - [28/Jun/2013:01:16:31 +0200] "GET / HTTP/1.1" 200 2366 "-" "Mozilla/5.0 (compatible; 008/0.85; http://www.80legs.com/webcrawler.html) Gecko/2008032620"
91.76.244.193 - - [28/Jun/2013:01:16:47 +0200] "GET / HTTP/1.1" 200 2366 "-" "Mozilla/5.0 (compatible; 008/0.85; http://www.80legs.com/webcrawler.html) Gecko/2008032620"
91.76.244.193 - - [28/Jun/2013:01:16:48 +0200] "GET / HTTP/1.1" 200 2366 "-" "Mozilla/5.0 (compatible; 008/0.85; http://www.80legs.com/webcrawler.html) Gecko/2008032620"
91.76.244.193 - - [28/Jun/2013:01:16:49 +0200] "GET / HTTP/1.1" 200 2366 "-" "Mozilla/5.0 (compatible; 008/0.85; http://www.80legs.com/webcrawler.html) Gecko/2008032620"
91.76.244.193 - - [28/Jun/2013:01:16:50 +0200] "GET / HTTP/1.1" 200 2366 "-" "Mozilla/5.0 (compatible; 008/0.85; http://www.80legs.com/webcrawler.html) Gecko/2008032620"
64.125.222.16 - - [28/Jun/2013:01:18:13 +0200] "GET /robots.txt HTTP/1.1" 404 1256 "-" "Mozilla/5.0 (compatible; 008/0.83; http://www.80legs.com/webcrawler.html;) Gecko/2008032620"
91.240.112.26 - - [28/Jun/2013:01:18:26 +0200] "GET / HTTP/1.1" 200 2366 "-" "Mozilla/5.0 (compatible; 008/0.85; http://www.80legs.com/webcrawler.html) Gecko/2008032620"
37.145.92.181 - - [28/Jun/2013:01:18:27 +0200] "GET / HTTP/1.1" 200 2366 "-" "Mozilla/5.0 (compatible; 008/0.85; http://www.80legs.com/webcrawler.html) Gecko/2008032620"
91.240.112.26 - - [28/Jun/2013:01:18:27 +0200] "GET / HTTP/1.1" 200 2366 "-" "Mozilla/5.0 (compatible; 008/0.85; http://www.80legs.com/webcrawler.html) Gecko/2008032620"
37.145.92.181 - - [28/Jun/2013:01:18:28 +0200] "GET / HTTP/1.1" 200 2366 "-" "Mozilla/5.0 (compatible; 008/0.85; http://www.80legs.com/webcrawler.html) Gecko/2008032620"
91.240.112.26 - - [28/Jun/2013:01:18:28 +0200] "GET / HTTP/1.1" 200 2366 "-" "Mozilla/5.0 (compatible; 008/0.85; http://www.80legs.com/webcrawler.html) Gecko/2008032620"
37.145.92.181 - - [28/Jun/2013:01:18:29 +0200] "GET / HTTP/1.1" 200 2366 "-" "Mozilla/5.0 (compatible; 008/0.85; http://www.80legs.com/webcrawler.html) Gecko/2008032620"
178.163.64.250 - - [28/Jun/2013:01:18:29 +0200] "GET / HTTP/1.1" 200 2366 "-" "Mozilla/5.0 (compatible; 008/0.85; http://www.80legs.com/webcrawler.html) Gecko/2008032620"
178.127.249.174 - - [28/Jun/2013:01:18:30 +0200] "GET / HTTP/1.1" 200 2366 "-" "Mozilla/5.0 (compatible; 008/0.85; http://www.80legs.com/webcrawler.html) Gecko/2008032620"
178.163.64.250 - - [28/Jun/2013:01:18:30 +0200] "GET / HTTP/1.1" 200 2366 "-" "Mozilla/5.0 (compatible; 008/0.85; http://www.80legs.com/webcrawler.html) Gecko/2008032620"
178.163.64.250 - - [28/Jun/2013:01:18:31 +0200] "GET / HTTP/1.1" 200 2366 "-" "Mozilla/5.0 (compatible; 008/0.85; http://www.80legs.com/webcrawler.html) Gecko/2008032620"
178.127.249.174 - - [28/Jun/2013:01:18:32 +0200] "GET / HTTP/1.1" 200 2366 "-" "Mozilla/5.0 (compatible; 008/0.85; http://www.80legs.com/webcrawler.html) Gecko/2008032620"
178.127.249.174 - - [28/Jun/2013:01:18:33 +0200] "GET / HTTP/1.1" 200 2366 "-" "Mozilla/5.0 (compatible; 008/0.85; http://www.80legs.com/webcrawler.html) Gecko/2008032620"
178.121.181.253 - - [28/Jun/2013:01:18:33 +0200] "GET / HTTP/1.1" 200 2366 "-" "Mozilla/5.0 (compatible; 008/0.85; http://www.80legs.com/webcrawler.html) Gecko/2008032620"
178.121.181.253 - - [28/Jun/2013:01:18:34 +0200] "GET / HTTP/1.1" 200 2366 "-" "Mozilla/5.0 (compatible; 008/0.85; http://www.80legs.com/webcrawler.html) Gecko/2008032620"
178.121.181.253 - - [28/Jun/2013:01:18:35 +0200] "GET / HTTP/1.1" 200 2366 "-" "Mozilla/5.0 (compatible; 008/0.85; http://www.80legs.com/webcrawler.html) Gecko/2008032620"
91.76.244.193 - - [28/Jun/2013:01:18:38 +0200] "GET / HTTP/1.1" 200 2366 "-" "Mozilla/5.0 (compatible; 008/0.85; http://www.80legs.com/webcrawler.html) Gecko/2008032620"
37.145.92.181 - - [28/Jun/2013:01:18:39 +0200] "GET / HTTP/1.1" 200 2366 "-" "Mozilla/5.0 (compatible; 008/0.85; http://www.80legs.com/webcrawler.html) Gecko/2008032620"
91.76.244.193 - - [28/Jun/2013:01:18:40 +0200] "GET / HTTP/1.1" 200 2366 "-" "Mozilla/5.0 (compatible; 008/0.85; http://www.80legs.com/webcrawler.html) Gecko/2008032620"
37.145.92.181 - - [28/Jun/2013:01:18:40 +0200] "GET / HTTP/1.1" 200 2366 "-" "Mozilla/5.0 (compatible; 008/0.85; http://www.80legs.com/webcrawler.html) Gecko/2008032620"
91.76.244.193 - - [28/Jun/2013:01:18:41 +0200] "GET / HTTP/1.1" 200 2366 "-" "Mozilla/5.0 (compatible; 008/0.85; http://www.80legs.com/webcrawler.html) Gecko/2008032620"
37.145.92.181 - - [28/Jun/2013:01:18:41 +0200] "GET / HTTP/1.1" 200 2366 "-" "Mozilla/5.0 (compatible; 008/0.85; http://www.80legs.com/webcrawler.html) Gecko/2008032620"
37.145.92.181 - - [28/Jun/2013:01:18:42 +0200] "GET / HTTP/1.1" 200 2366 "-" "Mozilla/5.0 (compatible; 008/0.85; http://www.80legs.com/webcrawler.html) Gecko/2008032620"
37.54.143.130 - - [28/Jun/2013:01:18:42 +0200] "GET / HTTP/1.1" 200 2366 "-" "Mozilla/5.0 (compatible; 008/0.85; http://www.80legs.com/webcrawler.html) Gecko/2008032620"
91.76.244.193 - - [28/Jun/2013:01:18:42 +0200] "GET / HTTP/1.1" 200 2366 "-" "Mozilla/5.0 (compatible; 008/0.85; http://www.80legs.com/webcrawler.html) Gecko/2008032620"
37.54.143.130 - - [28/Jun/2013:01:18:44 +0200] "GET / HTTP/1.1" 200 2366 "-" "Mozilla/5.0 (compatible; 008/0.85; http://www.80legs.com/webcrawler.html) Gecko/2008032620"
37.54.143.130 - - [28/Jun/2013:01:18:46 +0200] "GET / HTTP/1.1" 200 2366 "-" "Mozilla/5.0 (compatible; 008/0.85; http://www.80legs.com/webcrawler.html) Gecko/2008032620"
178.121.181.253 - - [28/Jun/2013:01:18:47 +0200] "GET / HTTP/1.1" 200 2366 "-" "Mozilla/5.0 (compatible; 008/0.85; http://www.80legs.com/webcrawler.html) Gecko/2008032620"
37.54.143.130 - - [28/Jun/2013:01:18:48 +0200] "GET / HTTP/1.1" 200 2366 "-" "Mozilla/5.0 (compatible; 008/0.85; http://www.80legs.com/webcrawler.html) Gecko/2008032620"
178.121.181.253 - - [28/Jun/2013:01:18:48 +0200] "GET / HTTP/1.1" 200 2366 "-" "Mozilla/5.0 (compatible; 008/0.85; http://www.80legs.com/webcrawler.html) Gecko/2008032620"
178.121.181.253 - - [28/Jun/2013:01:18:50 +0200] "GET / HTTP/1.1" 200 2366 "-" "Mozilla/5.0 (compatible; 008/0.85; http://www.80legs.com/webcrawler.html) Gecko/2008032620"
178.121.181.253 - - [28/Jun/2013:01:18:51 +0200] "GET / HTTP/1.1" 200 2366 "-" "Mozilla/5.0 (compatible; 008/0.85; http://www.80legs.com/webcrawler.html) Gecko/2008032620"
178.127.249.174 - - [28/Jun/2013:01:18:56 +0200] "GET / HTTP/1.1" 200 2366 "-" "Mozilla/5.0 (compatible; 008/0.85; http://www.80legs.com/webcrawler.html) Gecko/2008032620"
178.127.249.174 - - [28/Jun/2013:01:18:57 +0200] "GET / HTTP/1.1" 200 2366 "-" "Mozilla/5.0 (compatible; 008/0.85; http://www.80legs.com/webcrawler.html) Gecko/2008032620"
178.127.249.174 - - [28/Jun/2013:01:18:58 +0200] "GET / HTTP/1.1" 200 2366 "-" "Mozilla/5.0 (compatible; 008/0.85; http://www.80legs.com/webcrawler.html) Gecko/2008032620"
178.163.64.250 - - [28/Jun/2013:01:18:59 +0200] "GET / HTTP/1.1" 200 2366 "-" "Mozilla/5.0 (compatible; 008/0.85; http://www.80legs.com/webcrawler.html) Gecko/2008032620"
178.127.249.174 - - [28/Jun/2013:01:18:59 +0200] "GET / HTTP/1.1" 200 2366 "-" "Mozilla/5.0 (compatible; 008/0.85; http://www.80legs.com/webcrawler.html) Gecko/2008032620"
178.163.64.250 - - [28/Jun/2013:01:19:00 +0200] "GET / HTTP/1.1" 200 2366 "-" "Mozilla/5.0 (compatible; 008/0.85; http://www.80legs.com/webcrawler.html) Gecko/2008032620"
46.63.27.87 - - [28/Jun/2013:01:19:01 +0200] "GET / HTTP/1.1" 200 2366 "-" "Mozilla/5.0 (compatible; 008/0.85; http://www.80legs.com/webcrawler.html) Gecko/2008032620"
178.163.64.250 - - [28/Jun/2013:01:19:02 +0200] "GET / HTTP/1.1" 200 2366 "-" "Mozilla/5.0 (compatible; 008/0.85; http://www.80legs.com/webcrawler.html) Gecko/2008032620"
46.63.27.87 - - [28/Jun/2013:01:19:02 +0200] "GET / HTTP/1.1" 200 2366 "-" "Mozilla/5.0 (compatible; 008/0.85; http://www.80legs.com/webcrawler.html) Gecko/2008032620"
178.163.64.250 - - [28/Jun/2013:01:19:03 +0200] "GET / HTTP/1.1" 200 2366 "-" "Mozilla/5.0 (compatible; 008/0.85; http://www.80legs.com/webcrawler.html) Gecko/2008032620"
46.63.27.87 - - [28/Jun/2013:01:19:03 +0200] "GET / HTTP/1.1" 200 2366 "-" "Mozilla/5.0 (compatible; 008/0.85; http://www.80legs.com/webcrawler.html) Gecko/2008032620"
46.63.27.87 - - [28/Jun/2013:01:19:04 +0200] "GET / HTTP/1.1" 200 2366 "-" "Mozilla/5.0 (compatible; 008/0.85; http://www.80legs.com/webcrawler.html) Gecko/2008032620"
66.249.75.214 - - [28/Jun/2013:01:32:54 +0200] "GET / HTTP/1.1" 200 2366 "-" "DoCoMo/2.0 N905i(c100;TB;W24H16) (compatible; Googlebot-Mobile/2.1; +http://www.google.com/bot.html)"
157.56.93.40 - - [28/Jun/2013:01:50:18 +0200] "GET /robots.txt HTTP/1.1" 404 1256 "-" "Mozilla/5.0 (compatible; bingbot/2.0; +http://www.bing.com/bingbot.htm)"
157.56.93.40 - - [28/Jun/2013:01:55:47 +0200] "GET / HTTP/1.1" 200 2366 "-" "Mozilla/5.0 (compatible; bingbot/2.0; +http://www.bing.com/bingbot.htm)"
66.249.78.36 - - [28/Jun/2013:02:42:51 +0200] "GET /robots.txt HTTP/1.1" 404 1256 "-" "Mozilla/5.0 (compatible; Googlebot/2.1; +http://www.google.com/bot.html)"
66.249.75.58 - - [28/Jun/2013:02:42:51 +0200] "GET / HTTP/1.1" 200 2366 "-" "DoCoMo/2.0 N905i(c100;TB;W24H16) (compatible; Googlebot-Mobile/2.1; +http://www.google.com/bot.html)"
93.232.56.191 - - [28/Jun/2013:03:02:01 +0200] "HEAD / HTTP/1.1" 200 - "-" "LWP::Simple/6.00 libwww-perl/6.04"
93.232.56.191 - - [28/Jun/2013:03:02:01 +0200] "GET / HTTP/1.1" 200 2366 "-" "LWP::Simple/6.00 libwww-perl/6.04"
93.232.56.191 - - [28/Jun/2013:03:02:02 +0200] "GET / HTTP/1.1" 200 2366 "" "suma spider"
65.55.55.229 - - [28/Jun/2013:03:15:45 +0200] "GET /robots.txt HTTP/1.1" 404 1256 "-" "Mozilla/5.0 (compatible; bingbot/2.0; +http://www.bing.com/bingbot.htm)"
65.55.55.229 - - [28/Jun/2013:03:22:42 +0200] "GET /00themen00.html HTTP/1.1" 200 2254 "-" "Mozilla/5.0 (compatible; bingbot/2.0; +http://www.bing.com/bingbot.htm)"
66.249.78.187 - - [28/Jun/2013:03:29:29 +0200] "GET /robots.txt HTTP/1.1" 404 1256 "-" "Mozilla/5.0 (compatible; Googlebot/2.1; +http://www.google.com/bot.html)"
66.249.78.187 - - [28/Jun/2013:03:29:29 +0200] "GET / HTTP/1.1" 200 2366 "-" "Mozilla/5.0 (compatible; Googlebot/2.1; +http://www.google.com/bot.html)"
66.249.78.36 - - [28/Jun/2013:03:44:29 +0200] "GET / HTTP/1.1" 200 2366 "-" "Mozilla/5.0 (compatible; Googlebot/2.1; +http://www.google.com/bot.html)"
66.249.78.187 - - [28/Jun/2013:03:54:29 +0200] "GET /04.html HTTP/1.1" 200 2106 "-" "Mozilla/5.0 (compatible; Googlebot/2.1; +http://www.google.com/bot.html)"
66.249.78.36 - - [28/Jun/2013:04:09:30 +0200] "GET /08.swf HTTP/1.1" 200 20405 "-" "Mozilla/5.0 (compatible; Googlebot/2.1; +http://www.google.com/bot.html)"
157.55.36.50 - - [28/Jun/2013:04:22:28 +0200] "GET /robots.txt HTTP/1.1" 404 1256 "-" "Mozilla/5.0 (compatible; bingbot/2.0; +http://www.bing.com/bingbot.htm)"
65.55.55.229 - - [28/Jun/2013:04:27:33 +0200] "GET /robots.txt HTTP/1.1" 404 1256 "-" "Mozilla/5.0 (compatible; bingbot/2.0; +http://www.bing.com/bingbot.htm)"
157.55.36.50 - - [28/Jun/2013:04:27:57 +0200] "GET /08.swf HTTP/1.1" 200 20405 "-" "Mozilla/5.0 (compatible; bingbot/2.0; +http://www.bing.com/bingbot.htm)"
65.55.55.229 - - [28/Jun/2013:04:34:09 +0200] "GET /00themen00.html HTTP/1.1" 200 2254 "-" "Mozilla/5.0 (compatible; bingbot/2.0; +http://www.bing.com/bingbot.htm)"
66.249.78.187 - - [28/Jun/2013:04:59:30 +0200] "GET /02.swf HTTP/1.1" 200 22781 "-" "Mozilla/5.0 (compatible; Googlebot/2.1; +http://www.google.com/bot.html)"
66.249.78.187 - - [28/Jun/2013:05:14:30 +0200] "GET /05.html HTTP/1.1" 304 - "-" "Mozilla/5.0 (compatible; Googlebot/2.1; +http://www.google.com/bot.html)"
157.56.93.71 - - [28/Jun/2013:05:15:42 +0200] "GET / HTTP/1.1" 200 2366 "-" "Mozilla/5.0 (compatible; bingbot/2.0; +http://www.bing.com/bingbot.htm)"
157.55.35.37 - - [28/Jun/2013:05:15:48 +0200] "GET /08.html HTTP/1.1" 200 2005 "-" "Mozilla/5.0 (compatible; bingbot/2.0; +http://www.bing.com/bingbot.htm)"
199.30.25.31 - - [28/Jun/2013:05:15:49 +0200] "GET /08.swf HTTP/1.1" 200 20405 "http://www.dialyse-calw.de/08.swf" "Mozilla/5.0 (Windows NT 6.1; WOW64) AppleWebKit/534+ (KHTML, like Gecko) BingPreview/1.0b"
66.249.78.187 - - [28/Jun/2013:06:24:31 +0200] "GET /04Kartebbb.html HTTP/1.1" 200 2077 "-" "Mozilla/5.0 (compatible; Googlebot/2.1; +http://www.google.com/bot.html)"
46.229.164.98 - - [28/Jun/2013:06:45:03 +0200] "GET / HTTP/1.1" 200 2366 "-" "Mozilla/5.0 (compatible; SemrushBot/0.96.3; +http://www.semrush.com/bot.html)"
66.249.78.187 - - [28/Jun/2013:06:59:31 +0200] "GET /04Karteaaa.html HTTP/1.1" 304 - "-" "Mozilla/5.0 (compatible; Googlebot/2.1; +http://www.google.com/bot.html)"
66.249.78.187 - - [28/Jun/2013:07:03:16 +0200] "GET /00themen00.html HTTP/1.1" 304 - "-" "Mozilla/5.0 (iPhone; U; CPU iPhone OS 4_1 like Mac OS X; en-us) AppleWebKit/532.9 (KHTML, like Gecko) Version/4.0.5 Mobile/8B117 Safari/6531.22.7 (compatible; Googlebot-Mobile/2.1; +http://www.google.com/bot.html)"
5.199.136.130 - - [28/Jun/2013:07:12:05 +0200] "GET /robots.txt HTTP/1.1" 404 1256 "-" "Mozilla/5.0 (compatible; Spiderlytics/1.0; +spider@spiderlytics.com)"
5.199.136.130 - - [28/Jun/2013:07:12:05 +0200] "GET / HTTP/1.1" 200 2366 "-" "Mozilla/5.0 (compatible; Spiderlytics/1.0; +spider@spiderlytics.com)"
46.229.164.102 - - [28/Jun/2013:07:14:25 +0200] "GET / HTTP/1.1" 200 2366 "-" "Mozilla/5.0 (compatible; SemrushBot/0.96.3; +http://www.semrush.com/bot.html)"
92.249.127.111 - - [28/Jun/2013:07:28:51 +0200] "GET / HTTP/1.1" 200 2366 "http://byte-finance.ru/" "Mozilla/5.0 (compatible; news bot /2.1)"
92.249.127.111 - - [28/Jun/2013:07:28:52 +0200] "GET / HTTP/1.1" 200 2366 "http://byte-finance.ru/" "Mozilla/5.0 (compatible; news bot /2.1)"
217.113.186.168 - - [28/Jun/2013:07:39:32 +0200] "GET / HTTP/1.1" 200 2366 "http://www.google.de/url?sa=t&rct=j&q=&esrc=s&source=web&cd=1&ved=0CDIQFjAA&url=http%3A%2F%2Fwww.dialyse-calw.de%2F&ei=ZSHNUcPYPIXUtAak8oDQDQ&usg=AFQjCNECMxQiO0NOt3ERqW1uzT1RIToCeg&bvm=bv.48572450,d.Yms" "Mozilla/5.0 (Windows NT 6.1; rv:21.0) Gecko/20100101 Firefox/21.0"
217.113.186.168 - - [28/Jun/2013:07:39:33 +0200] "GET /00start.swf HTTP/1.1" 200 8575 "http://www.dialyse-calw.de/" "Mozilla/5.0 (Windows NT 6.1; rv:21.0) Gecko/20100101 Firefox/21.0"
217.113.186.168 - - [28/Jun/2013:07:39:33 +0200] "GET /favicon.ico HTTP/1.1" 404 1256 "-" "Mozilla/5.0 (Windows NT 6.1; rv:21.0) Gecko/20100101 Firefox/21.0"
217.113.186.168 - - [28/Jun/2013:07:39:33 +0200] "GET /favicon.ico HTTP/1.1" 404 1256 "-" "Mozilla/5.0 (Windows NT 6.1; rv:21.0) Gecko/20100101 Firefox/21.0"
217.113.186.168 - - [28/Jun/2013:07:39:34 +0200] "GET /00themen00.html HTTP/1.1" 200 2254 "http://www.dialyse-calw.de/" "Mozilla/5.0 (Windows NT 6.1; rv:21.0) Gecko/20100101 Firefox/21.0"
217.113.186.168 - - [28/Jun/2013:07:39:34 +0200] "GET /AC_RunActiveContent.js HTTP/1.1" 200 8029 "http://www.dialyse-calw.de/00themen00.html" "Mozilla/5.0 (Windows NT 6.1; rv:21.0) Gecko/20100101 Firefox/21.0"
217.113.186.168 - - [28/Jun/2013:07:39:34 +0200] "GET /00themen00.swf HTTP/1.1" 200 136579 "http://www.dialyse-calw.de/00themen00.html" "Mozilla/5.0 (Windows NT 6.1; rv:21.0) Gecko/20100101 Firefox/21.0"
217.113.186.168 - - [28/Jun/2013:07:39:36 +0200] "GET /03.html HTTP/1.1" 200 1982 "http://www.dialyse-calw.de/00themen00.html" "Mozilla/5.0 (Windows NT 6.1; rv:21.0) Gecko/20100101 Firefox/21.0"
217.113.186.168 - - [28/Jun/2013:07:39:37 +0200] "GET /03.swf HTTP/1.1" 200 74505 "http://www.dialyse-calw.de/03.html" "Mozilla/5.0 (Windows NT 6.1; rv:21.0) Gecko/20100101 Firefox/21.0"
217.113.186.168 - - [28/Jun/2013:07:41:10 +0200] "GET /04.html HTTP/1.1" 200 2106 "http://www.dialyse-calw.de/00themen00.html" "Mozilla/5.0 (Windows NT 6.1; rv:21.0) Gecko/20100101 Firefox/21.0"
217.113.186.168 - - [28/Jun/2013:07:41:11 +0200] "GET /04.swf HTTP/1.1" 200 62769 "http://www.dialyse-calw.de/04.html" "Mozilla/5.0 (Windows NT 6.1; rv:21.0) Gecko/20100101 Firefox/21.0"
217.113.186.168 - - [28/Jun/2013:07:41:23 +0200] "GET /04Kartebbb.html HTTP/1.1" 200 2077 "http://www.dialyse-calw.de/04.html" "Mozilla/5.0 (Windows NT 6.1; rv:21.0) Gecko/20100101 Firefox/21.0"
217.113.186.168 - - [28/Jun/2013:07:41:23 +0200] "GET /04Kartebbb.swf HTTP/1.1" 200 32635 "http://www.dialyse-calw.de/04Kartebbb.html" "Mozilla/5.0 (Windows NT 6.1; rv:21.0) Gecko/20100101 Firefox/21.0"
217.113.186.168 - - [28/Jun/2013:07:42:02 +0200] "GET /04Karteaaa.html HTTP/1.1" 200 2077 "http://www.dialyse-calw.de/04.html" "Mozilla/5.0 (Windows NT 6.1; rv:21.0) Gecko/20100101 Firefox/21.0"
217.113.186.168 - - [28/Jun/2013:07:42:02 +0200] "GET /04Karteaaa.swf HTTP/1.1" 200 18538 "http://www.dialyse-calw.de/04Karteaaa.html" "Mozilla/5.0 (Windows NT 6.1; rv:21.0) Gecko/20100101 Firefox/21.0"
157.56.93.71 - - [28/Jun/2013:07:46:53 +0200] "GET /robots.txt HTTP/1.1" 404 1256 "-" "Mozilla/5.0 (compatible; bingbot/2.0; +http://www.bing.com/bingbot.htm)"
157.56.93.71 - - [28/Jun/2013:08:03:20 +0200] "GET /05.html HTTP/1.1" 200 1982 "-" "Mozilla/5.0 (compatible; bingbot/2.0; +http://www.bing.com/bingbot.htm)"
66.249.78.187 - - [28/Jun/2013:08:04:32 +0200] "GET /02.html HTTP/1.1" 200 1982 "-" "Mozilla/5.0 (compatible; Googlebot/2.1; +http://www.google.com/bot.html)"
69.30.238.26 - - [28/Jun/2013:08:18:21 +0200] "GET /robots.txt HTTP/1.0" 404 1256 "-" "Mozilla/5.0 (compatible; MJ12bot/v1.4.3; http://www.majestic12.co.uk/bot.php?+)"
69.30.238.26 - - [28/Jun/2013:08:18:22 +0200] "GET / HTTP/1.0" 200 2366 "-" "Mozilla/5.0 (compatible; MJ12bot/v1.4.3; http://www.majestic12.co.uk/bot.php?+)"
5.9.7.208 - - [28/Jun/2013:09:16:00 +0200] "GET /robots.txt HTTP/1.0" 404 1256 "-" "Mozilla/5.0 (compatible; MJ12bot/v1.4.3; http://www.majestic12.co.uk/bot.php?+)"
5.9.7.208 - - [28/Jun/2013:09:16:00 +0200] "GET /robots.txt HTTP/1.0" 404 1256 "-" "Mozilla/5.0 (compatible; MJ12bot/v1.4.3; http://www.majestic12.co.uk/bot.php?+)"
5.9.7.208 - - [28/Jun/2013:09:16:00 +0200] "GET /robots.txt HTTP/1.0" 404 1256 "-" "Mozilla/5.0 (compatible; MJ12bot/v1.4.3; http://www.majestic12.co.uk/bot.php?+)"
5.9.7.208 - - [28/Jun/2013:09:16:12 +0200] "GET / HTTP/1.0" 200 2366 "-" "Mozilla/5.0 (compatible; MJ12bot/v1.4.3; http://www.majestic12.co.uk/bot.php?+)"
5.9.7.208 - - [28/Jun/2013:09:16:12 +0200] "GET / HTTP/1.0" 200 2366 "-" "Mozilla/5.0 (compatible; MJ12bot/v1.4.3; http://www.majestic12.co.uk/bot.php?+)"
5.9.7.208 - - [28/Jun/2013:09:16:13 +0200] "GET / HTTP/1.0" 200 2366 "-" "Mozilla/5.0 (compatible; MJ12bot/v1.4.3; http://www.majestic12.co.uk/bot.php?+)"
66.249.78.187 - - [28/Jun/2013:09:29:33 +0200] "GET /00themen00.swf HTTP/1.1" 200 136579 "-" "Mozilla/5.0 (compatible; Googlebot/2.1; +http://www.google.com/bot.html)"
193.246.92.244 - - [28/Jun/2013:09:33:41 +0200] "GET /00themen00.html HTTP/1.0" 304 - "-" "Mozilla/4.0 (compatible;)"
66.249.78.187 - - [28/Jun/2013:10:04:33 +0200] "GET /08.swf HTTP/1.1" 200 20405 "-" "Mozilla/5.0 (compatible; Googlebot/2.1; +http://www.google.com/bot.html)"
193.246.92.244 - - [28/Jun/2013:10:38:55 +0200] "GET /AC_RunActiveContent.js HTTP/1.0" 304 - "-" "Mozilla/4.0 (compatible;)"
157.56.229.187 - - [28/Jun/2013:10:50:15 +0200] "GET /robots.txt HTTP/1.1" 404 1256 "-" "Mozilla/5.0 (compatible; bingbot/2.0; +http://www.bing.com/bingbot.htm)"
157.56.229.187 - - [28/Jun/2013:10:51:35 +0200] "GET / HTTP/1.1" 304 - "-" "Mozilla/5.0 (compatible; bingbot/2.0; +http://www.bing.com/bingbot.htm)"
79.248.225.98 - - [28/Jun/2013:10:59:13 +0200] "GET / HTTP/1.1" 200 2366 "http://www.bing.com/search?q=nephrologisches+zentrum+pforzheim&qs=AS&form=QBRE&pq=nephrologisches+zentrum+pf&sc=1-26&sp=1&sk=" "Mozilla/5.0 (compatible; MSIE 10.0; Windows NT 6.2; ARM; Trident/6.0; Touch)"
79.248.225.98 - - [28/Jun/2013:10:59:13 +0200] "HEAD /00start.swf HTTP/1.1" 200 - "-" "contype"
79.248.225.98 - - [28/Jun/2013:10:59:14 +0200] "GET /00start.swf HTTP/1.1" 200 8575 "http://www.dialyse-pforzheim.de/" "Mozilla/5.0 (compatible; MSIE 10.0; Windows NT 6.2; ARM; Trident/6.0; Touch)"
79.248.225.98 - - [28/Jun/2013:10:59:15 +0200] "GET /favicon.ico HTTP/1.1" 404 1256 "-" "Mozilla/5.0 (compatible; MSIE 10.0; Windows NT 6.2; ARM; Trident/6.0; Touch)"
79.248.225.98 - - [28/Jun/2013:10:59:24 +0200] "GET /00themen00.html HTTP/1.1" 200 2254 "http://www.dialyse-pforzheim.de/00start.swf" "Mozilla/5.0 (compatible; MSIE 10.0; Windows NT 6.2; ARM; Trident/6.0; Touch)"
79.248.225.98 - - [28/Jun/2013:10:59:25 +0200] "GET /AC_RunActiveContent.js HTTP/1.1" 200 8029 "http://www.dialyse-pforzheim.de/00start.swf" "Mozilla/5.0 (compatible; MSIE 10.0; Windows NT 6.2; ARM; Trident/6.0; Touch)"
79.248.225.98 - - [28/Jun/2013:10:59:25 +0200] "GET /00themen00.swf HTTP/1.1" 200 136579 "http://www.dialyse-pforzheim.de/00themen00.html" "Mozilla/5.0 (compatible; MSIE 10.0; Windows NT 6.2; ARM; Trident/6.0; Touch)"
79.248.225.98 - - [28/Jun/2013:10:59:25 +0200] "GET /favicon.ico HTTP/1.1" 404 1256 "-" "Mozilla/5.0 (compatible; MSIE 10.0; Windows NT 6.2; ARM; Trident/6.0; Touch)"
79.248.225.98 - - [28/Jun/2013:10:59:32 +0200] "GET /03a.html HTTP/1.1" 200 1991 "http://www.dialyse-pforzheim.de/00themen00.swf" "Mozilla/5.0 (compatible; MSIE 10.0; Windows NT 6.2; ARM; Trident/6.0; Touch)"
79.248.225.98 - - [28/Jun/2013:10:59:32 +0200] "GET /03a.swf HTTP/1.1" 200 94997 "http://www.dialyse-pforzheim.de/03a.html" "Mozilla/5.0 (compatible; MSIE 10.0; Windows NT 6.2; ARM; Trident/6.0; Touch)"
79.248.225.98 - - [28/Jun/2013:10:59:49 +0200] "HEAD /00start.swf HTTP/1.1" 200 - "-" "contype"
79.248.225.98 - - [28/Jun/2013:11:03:45 +0200] "HEAD /00start.swf HTTP/1.1" 200 - "-" "contype"
79.248.225.98 - - [28/Jun/2013:11:03:45 +0200] "GET /00start.swf HTTP/1.1" 200 8575 "http://www.dialyse-pforzheim.de/" "Mozilla/5.0 (compatible; MSIE 10.0; Windows NT 6.2; ARM; Trident/6.0; Touch)"
79.248.225.98 - - [28/Jun/2013:11:04:01 +0200] "GET /08.html HTTP/1.1" 200 2005 "http://www.dialyse-pforzheim.de/00themen00.swf" "Mozilla/5.0 (compatible; MSIE 10.0; Windows NT 6.2; ARM; Trident/6.0; Touch)"
79.248.225.98 - - [28/Jun/2013:11:04:01 +0200] "GET /08.swf HTTP/1.1" 200 20405 "http://www.dialyse-pforzheim.de/08.html" "Mozilla/5.0 (compatible; MSIE 10.0; Windows NT 6.2; ARM; Trident/6.0; Touch)"
62.47.98.166 - - [28/Jun/2013:11:04:09 +0200] "GET / HTTP/1.1" 200 2366 "http://www.google.at/url?sa=t&rct=j&q=dr.%20heinrich%20wiedemann%20pforzheim&source=web&cd=1&ved=0CCwQFjAA&url=http%3A%2F%2Fwww.dialyse-calw.de%2F&ei=WlHNUYe5NuaH4gSU_IDIDw&usg=AFQjCNECMxQiO0NOt3ERqW1uzT1RIToCeg&bvm=bv.48572450,d.bGE" "Mozilla/5.0 (Macintosh; Intel Mac OS X 10.6; rv:21.0) Gecko/20100101 Firefox/21.0"
62.47.98.166 - - [28/Jun/2013:11:04:10 +0200] "GET /00start.swf HTTP/1.1" 200 8575 "http://www.dialyse-calw.de/" "Mozilla/5.0 (Macintosh; Intel Mac OS X 10.6; rv:21.0) Gecko/20100101 Firefox/21.0"
62.47.98.166 - - [28/Jun/2013:11:04:11 +0200] "GET /favicon.ico HTTP/1.1" 404 1256 "-" "Mozilla/5.0 (Macintosh; Intel Mac OS X 10.6; rv:21.0) Gecko/20100101 Firefox/21.0"
62.47.98.166 - - [28/Jun/2013:11:04:11 +0200] "GET /favicon.ico HTTP/1.1" 404 1256 "-" "Mozilla/5.0 (Macintosh; Intel Mac OS X 10.6; rv:21.0) Gecko/20100101 Firefox/21.0"
62.47.98.166 - - [28/Jun/2013:11:04:26 +0200] "GET / HTTP/1.1" 200 2366 "http://www.dialyse-calw.de/" "Mozilla/5.0 (Macintosh; Intel Mac OS X 10.6; rv:21.0) Gecko/20100101 Firefox/21.0"
62.47.98.166 - - [28/Jun/2013:11:04:26 +0200] "GET /00start.swf HTTP/1.1" 200 8575 "http://www.dialyse-pforzheim.de/" "Mozilla/5.0 (Macintosh; Intel Mac OS X 10.6; rv:21.0) Gecko/20100101 Firefox/21.0"
62.47.98.166 - - [28/Jun/2013:11:04:27 +0200] "GET /favicon.ico HTTP/1.1" 404 1256 "-" "Mozilla/5.0 (Macintosh; Intel Mac OS X 10.6; rv:21.0) Gecko/20100101 Firefox/21.0"
62.47.98.166 - - [28/Jun/2013:11:04:27 +0200] "GET /favicon.ico HTTP/1.1" 404 1256 "-" "Mozilla/5.0 (Macintosh; Intel Mac OS X 10.6; rv:21.0) Gecko/20100101 Firefox/21.0"
62.47.98.166 - - [28/Jun/2013:11:04:28 +0200] "GET /00themen00.html HTTP/1.1" 200 2254 "http://www.dialyse-pforzheim.de/" "Mozilla/5.0 (Macintosh; Intel Mac OS X 10.6; rv:21.0) Gecko/20100101 Firefox/21.0"
62.47.98.166 - - [28/Jun/2013:11:04:29 +0200] "GET /AC_RunActiveContent.js HTTP/1.1" 200 8029 "http://www.dialyse-pforzheim.de/00themen00.html" "Mozilla/5.0 (Macintosh; Intel Mac OS X 10.6; rv:21.0) Gecko/20100101 Firefox/21.0"
62.47.98.166 - - [28/Jun/2013:11:04:29 +0200] "GET /00themen00.swf HTTP/1.1" 200 136579 "http://www.dialyse-pforzheim.de/00themen00.html" "Mozilla/5.0 (Macintosh; Intel Mac OS X 10.6; rv:21.0) Gecko/20100101 Firefox/21.0"
62.47.98.166 - - [28/Jun/2013:11:04:31 +0200] "GET /01.html HTTP/1.1" 200 1982 "http://www.dialyse-pforzheim.de/00themen00.html" "Mozilla/5.0 (Macintosh; Intel Mac OS X 10.6; rv:21.0) Gecko/20100101 Firefox/21.0"
62.47.98.166 - - [28/Jun/2013:11:04:32 +0200] "GET /01.swf HTTP/1.1" 200 19349 "http://www.dialyse-pforzheim.de/01.html" "Mozilla/5.0 (Macintosh; Intel Mac OS X 10.6; rv:21.0) Gecko/20100101 Firefox/21.0"
66.249.78.187 - - [28/Jun/2013:11:04:33 +0200] "GET /04Karteddd.swf HTTP/1.1" 200 33790 "-" "Mozilla/5.0 (compatible; Googlebot/2.1; +http://www.google.com/bot.html)"
62.47.98.166 - - [28/Jun/2013:11:04:36 +0200] "GET /03.html HTTP/1.1" 200 1982 "http://www.dialyse-pforzheim.de/00themen00.html" "Mozilla/5.0 (Macintosh; Intel Mac OS X 10.6; rv:21.0) Gecko/20100101 Firefox/21.0"
62.47.98.166 - - [28/Jun/2013:11:04:36 +0200] "GET /03.swf HTTP/1.1" 200 74505 "http://www.dialyse-pforzheim.de/03.html" "Mozilla/5.0 (Macintosh; Intel Mac OS X 10.6; rv:21.0) Gecko/20100101 Firefox/21.0"
62.47.98.166 - - [28/Jun/2013:11:04:53 +0200] "GET /08.html HTTP/1.1" 200 2005 "http://www.dialyse-pforzheim.de/00themen00.html" "Mozilla/5.0 (Macintosh; Intel Mac OS X 10.6; rv:21.0) Gecko/20100101 Firefox/21.0"
62.47.98.166 - - [28/Jun/2013:11:04:54 +0200] "GET /08.swf HTTP/1.1" 200 20405 "http://www.dialyse-pforzheim.de/08.html" "Mozilla/5.0 (Macintosh; Intel Mac OS X 10.6; rv:21.0) Gecko/20100101 Firefox/21.0"
66.249.78.187 - - [28/Jun/2013:11:39:34 +0200] "GET /03b.html HTTP/1.1" 200 2014 "-" "Mozilla/5.0 (compatible; Googlebot/2.1; +http://www.google.com/bot.html)"
66.249.78.187 - - [28/Jun/2013:11:41:50 +0200] "GET /03b.swf HTTP/1.1" 200 95838 "-" "Mozilla/5.0 (compatible; Googlebot/2.1; +http://www.google.com/bot.html)"
141.8.147.12 - - [28/Jun/2013:12:04:35 +0200] "GET /robots.txt HTTP/1.1" 404 1256 "-" "Mozilla/5.0 (compatible; YandexBot/3.0; +http://yandex.com/bots)"
141.8.147.12 - - [28/Jun/2013:12:06:36 +0200] "GET / HTTP/1.1" 200 2366 "-" "Mozilla/5.0 (compatible; YandexBot/3.0; +http://yandex.com/bots)"
141.8.147.12 - - [28/Jun/2013:12:09:54 +0200] "GET /00start.swf HTTP/1.1" 200 8575 "-" "Mozilla/5.0 (compatible; YandexBot/3.0; +http://yandex.com/bots)"
91.103.113.198 - - [28/Jun/2013:12:10:01 +0200] "GET / HTTP/1.1" 200 2366 "-" "Mozilla/4.0 (compatible; MSIE 8.0; Windows NT 6.1; Trident/4.0; SLCC2; .NET CLR 2.0.50727; .NET CLR 3.5.30729; .NET CLR 3.0.30729; Media Center PC 6.0; .NET4.0C; .NET4.0E; InfoPath.2; Tablet PC 2.0)"
91.103.113.198 - - [28/Jun/2013:12:10:01 +0200] "GET /00start.swf HTTP/1.1" 200 8575 "-" "contype"
91.103.113.198 - - [28/Jun/2013:12:10:01 +0200] "GET /00start.swf HTTP/1.1" 200 8575 "http://www.dialyse-pforzheim.de/" "Mozilla/4.0 (compatible; MSIE 8.0; Windows NT 6.1; Trident/4.0; SLCC2; .NET CLR 2.0.50727; .NET CLR 3.5.30729; .NET CLR 3.0.30729; Media Center PC 6.0; .NET4.0C; .NET4.0E; InfoPath.2; Tablet PC 2.0)"
91.103.113.198 - - [28/Jun/2013:12:10:01 +0200] "GET /favicon.ico HTTP/1.1" 404 1256 "-" "Mozilla/4.0 (compatible; MSIE 8.0; Windows NT 6.1; Trident/4.0; SLCC2; .NET CLR 2.0.50727; .NET CLR 3.5.30729; .NET CLR 3.0.30729; Media Center PC 6.0; .NET4.0C; .NET4.0E; InfoPath.2; Tablet PC 2.0)"
91.103.113.198 - - [28/Jun/2013:12:10:04 +0200] "GET /00themen00.html HTTP/1.1" 200 2254 "http://www.dialyse-pforzheim.de/00start.swf" "Mozilla/4.0 (compatible; MSIE 8.0; Windows NT 6.1; Trident/4.0; SLCC2; .NET CLR 2.0.50727; .NET CLR 3.5.30729; .NET CLR 3.0.30729; Media Center PC 6.0; .NET4.0C; .NET4.0E; InfoPath.2; Tablet PC 2.0)"
91.103.113.198 - - [28/Jun/2013:12:10:04 +0200] "GET /AC_RunActiveContent.js HTTP/1.1" 200 8029 "http://www.dialyse-pforzheim.de/00start.swf" "Mozilla/4.0 (compatible; MSIE 8.0; Windows NT 6.1; Trident/4.0; SLCC2; .NET CLR 2.0.50727; .NET CLR 3.5.30729; .NET CLR 3.0.30729; Media Center PC 6.0; .NET4.0C; .NET4.0E; InfoPath.2; Tablet PC 2.0)"
91.103.113.198 - - [28/Jun/2013:12:10:04 +0200] "GET /00themen00.swf HTTP/1.1" 200 136579 "http://www.dialyse-pforzheim.de/00themen00.html" "Mozilla/4.0 (compatible; MSIE 8.0; Windows NT 6.1; Trident/4.0; SLCC2; .NET CLR 2.0.50727; .NET CLR 3.5.30729; .NET CLR 3.0.30729; Media Center PC 6.0; .NET4.0C; .NET4.0E; InfoPath.2; Tablet PC 2.0)"
91.103.113.198 - - [28/Jun/2013:12:10:05 +0200] "GET /favicon.ico HTTP/1.1" 404 1256 "-" "Mozilla/4.0 (compatible; MSIE 8.0; Windows NT 6.1; Trident/4.0; SLCC2; .NET CLR 2.0.50727; .NET CLR 3.5.30729; .NET CLR 3.0.30729; Media Center PC 6.0; .NET4.0C; .NET4.0E; InfoPath.2; Tablet PC 2.0)"
91.103.113.198 - - [28/Jun/2013:12:10:09 +0200] "GET /08.html HTTP/1.1" 200 2005 "http://www.dialyse-pforzheim.de/00themen00.swf" "Mozilla/4.0 (compatible; MSIE 8.0; Windows NT 6.1; Trident/4.0; SLCC2; .NET CLR 2.0.50727; .NET CLR 3.5.30729; .NET CLR 3.0.30729; Media Center PC 6.0; .NET4.0C; .NET4.0E; InfoPath.2; Tablet PC 2.0)"
91.103.113.198 - - [28/Jun/2013:12:10:09 +0200] "GET /08.swf HTTP/1.1" 200 20405 "http://www.dialyse-pforzheim.de/08.html" "Mozilla/4.0 (compatible; MSIE 8.0; Windows NT 6.1; Trident/4.0; SLCC2; .NET CLR 2.0.50727; .NET CLR 3.5.30729; .NET CLR 3.0.30729; Media Center PC 6.0; .NET4.0C; .NET4.0E; InfoPath.2; Tablet PC 2.0)"
157.56.93.40 - - [28/Jun/2013:12:43:30 +0200] "GET /robots.txt HTTP/1.1" 404 1256 "-" "Mozilla/5.0 (compatible; bingbot/2.0; +http://www.bing.com/bingbot.htm)"
157.56.93.40 - - [28/Jun/2013:13:00:39 +0200] "GET / HTTP/1.1" 200 2366 "-" "Mozilla/5.0 (compatible; bingbot/2.0; +http://www.bing.com/bingbot.htm)"
85.25.137.24 - - [28/Jun/2013:13:25:53 +0200] "GET /robots.txt HTTP/1.1" 404 1256 "http://netcomber.com" "NCBot (http://netcomber.com : tool for finding true domain owners) Queries/complaints: bot@netcomber.com"
85.25.137.24 - - [28/Jun/2013:13:25:53 +0200] "GET / HTTP/1.1" 200 2366 "http://netcomber.com" "NCBot (http://netcomber.com : tool for finding true domain owners) Queries/complaints: bot@netcomber.com"
79.214.103.86 - - [28/Jun/2013:14:47:49 +0200] "GET / HTTP/1.1" 200 2366 "http://www.bing.com/search?q=nefrologisches+zentrum+pforzheim&pc=MOZI&form=MOZSBR" "Mozilla/5.0 (Windows NT 6.2; WOW64; rv:21.0) Gecko/20100101 Firefox/21.0"
79.214.103.86 - - [28/Jun/2013:14:47:49 +0200] "GET /00start.swf HTTP/1.1" 200 8575 "http://www.dialyse-pforzheim.de/" "Mozilla/5.0 (Windows NT 6.2; WOW64; rv:21.0) Gecko/20100101 Firefox/21.0"
79.214.103.86 - - [28/Jun/2013:14:47:52 +0200] "GET /favicon.ico HTTP/1.1" 404 1256 "-" "Mozilla/5.0 (Windows NT 6.2; WOW64; rv:21.0) Gecko/20100101 Firefox/21.0"
79.214.103.86 - - [28/Jun/2013:14:47:57 +0200] "GET /00themen00.html HTTP/1.1" 200 2254 "http://www.dialyse-pforzheim.de/" "Mozilla/5.0 (Windows NT 6.2; WOW64; rv:21.0) Gecko/20100101 Firefox/21.0"
79.214.103.86 - - [28/Jun/2013:14:47:58 +0200] "GET /AC_RunActiveContent.js HTTP/1.1" 200 8029 "http://www.dialyse-pforzheim.de/00themen00.html" "Mozilla/5.0 (Windows NT 6.2; WOW64; rv:21.0) Gecko/20100101 Firefox/21.0"
79.214.103.86 - - [28/Jun/2013:14:47:59 +0200] "GET /00themen00.swf HTTP/1.1" 200 136579 "http://www.dialyse-pforzheim.de/00themen00.html" "Mozilla/5.0 (Windows NT 6.2; WOW64; rv:21.0) Gecko/20100101 Firefox/21.0"
79.214.103.86 - - [28/Jun/2013:14:48:04 +0200] "GET /07.html HTTP/1.1" 200 2319 "http://www.dialyse-pforzheim.de/00themen00.html" "Mozilla/5.0 (Windows NT 6.2; WOW64; rv:21.0) Gecko/20100101 Firefox/21.0"
79.214.103.86 - - [28/Jun/2013:14:48:04 +0200] "GET /07.swf HTTP/1.1" 200 20730 "http://www.dialyse-pforzheim.de/07.html" "Mozilla/5.0 (Windows NT 6.2; WOW64; rv:21.0) Gecko/20100101 Firefox/21.0"
213.110.133.221 - - [28/Jun/2013:15:20:42 +0200] "GET / HTTP/1.1" 200 2366 "http://dentuled.net/index.php?rowstart=210" "Mozilla/4.0 (compatible; Blog Search;)"
213.110.133.221 - - [28/Jun/2013:15:20:42 +0200] "GET / HTTP/1.1" 200 2366 "http://dentuled.net/index.php?rowstart=210" "Mozilla/4.0 (compatible; Blog Search;)"
91.198.67.78 - - [28/Jun/2013:15:54:14 +0200] "GET / HTTP/1.1" 200 2366 "http://www.google.de/url?sa=t&rct=j&q=nephrologe%20calw&source=web&cd=1&ved=0CC8QFjAA&url=http%3A%2F%2Fwww.dialyse-calw.de%2F&ei=UZXNUequDMWN4gSV0YGQCw&usg=AFQjCNECMxQiO0NOt3ERqW1uzT1RIToCeg&bvm=bv.48572450,d.bGE" "Mozilla/4.0 (compatible; MSIE 8.0; Windows NT 6.1; WOW64; Trident/4.0; SLCC2; .NET CLR 2.0.50727; .NET CLR 3.5.30729; .NET CLR 3.0.30729; InfoPath.1; .NET CLR 1.1.4322; .NET4.0C; .NET4.0E; L-20050401-D)"
199.19.249.196 - - [28/Jun/2013:15:54:14 +0200] "GET / HTTP/1.1" 200 2366 "-" "Mozilla/4.0 (compatible; MSIE 7.0; Windows NT 5.1; InfoPath.1; .NET CLR 2.0.50727; .NET CLR 1.1.4322; MS-RTC LM 8; .NET CLR 3.0.4506.2152; .NET CLR 3.5.30729)"
91.198.67.78 - - [28/Jun/2013:15:54:14 +0200] "GET /00start.swf HTTP/1.1" 200 8575 "http://www.dialyse-calw.de/" "Mozilla/4.0 (compatible; MSIE 8.0; Windows NT 6.1; WOW64; Trident/4.0; SLCC2; .NET CLR 2.0.50727; .NET CLR 3.5.30729; .NET CLR 3.0.30729; InfoPath.1; .NET CLR 1.1.4322; .NET4.0C; .NET4.0E; L-20050401-D)"
91.198.67.78 - - [28/Jun/2013:15:54:15 +0200] "GET /favicon.ico HTTP/1.1" 404 1256 "-" "Mozilla/4.0 (compatible; MSIE 8.0; Windows NT 6.1; WOW64; Trident/4.0; SLCC2; .NET CLR 2.0.50727; .NET CLR 3.5.30729; .NET CLR 3.0.30729; InfoPath.1; .NET CLR 1.1.4322; .NET4.0C; .NET4.0E; L-20050401-D)"
91.198.67.78 - - [28/Jun/2013:15:54:16 +0200] "GET /00themen00.html HTTP/1.1" 200 2254 "http://www.dialyse-calw.de/00start.swf" "Mozilla/4.0 (compatible; MSIE 8.0; Windows NT 6.1; WOW64; Trident/4.0; SLCC2; .NET CLR 2.0.50727; .NET CLR 3.5.30729; .NET CLR 3.0.30729; InfoPath.1; .NET CLR 1.1.4322; .NET4.0C; .NET4.0E; L-20050401-D)"
199.19.249.196 - - [28/Jun/2013:15:54:17 +0200] "GET /00themen00.html HTTP/1.1" 200 2254 "-" "Mozilla/4.0 (compatible; MSIE 7.0; Windows NT 5.1; InfoPath.1; .NET CLR 2.0.50727; .NET CLR 1.1.4322; MS-RTC LM 8; .NET CLR 3.0.4506.2152; .NET CLR 3.5.30729)"
91.198.67.78 - - [28/Jun/2013:15:54:17 +0200] "GET /AC_RunActiveContent.js HTTP/1.1" 200 8029 "http://www.dialyse-calw.de/00themen00.html" "Mozilla/4.0 (compatible; MSIE 8.0; Windows NT 6.1; WOW64; Trident/4.0; SLCC2; .NET CLR 2.0.50727; .NET CLR 3.5.30729; .NET CLR 3.0.30729; InfoPath.1; .NET CLR 1.1.4322; .NET4.0C; .NET4.0E; L-20050401-D)"
91.198.67.78 - - [28/Jun/2013:15:54:17 +0200] "GET /00themen00.swf HTTP/1.1" 200 136579 "http://www.dialyse-calw.de/00themen00.html" "Mozilla/4.0 (compatible; MSIE 8.0; Windows NT 6.1; WOW64; Trident/4.0; SLCC2; .NET CLR 2.0.50727; .NET CLR 3.5.30729; .NET CLR 3.0.30729; InfoPath.1; .NET CLR 1.1.4322; .NET4.0C; .NET4.0E; L-20050401-D)"
91.198.67.78 - - [28/Jun/2013:15:54:17 +0200] "GET /favicon.ico HTTP/1.1" 404 1256 "-" "Mozilla/4.0 (compatible; MSIE 8.0; Windows NT 6.1; WOW64; Trident/4.0; SLCC2; .NET CLR 2.0.50727; .NET CLR 3.5.30729; .NET CLR 3.0.30729; InfoPath.1; .NET CLR 1.1.4322; .NET4.0C; .NET4.0E; L-20050401-D)"
91.198.67.78 - - [28/Jun/2013:15:54:19 +0200] "GET /03a.html HTTP/1.1" 200 1991 "http://www.dialyse-calw.de/00themen00.swf" "Mozilla/4.0 (compatible; MSIE 8.0; Windows NT 6.1; WOW64; Trident/4.0; SLCC2; .NET CLR 2.0.50727; .NET CLR 3.5.30729; .NET CLR 3.0.30729; InfoPath.1; .NET CLR 1.1.4322; .NET4.0C; .NET4.0E; L-20050401-D)"
199.19.249.196 - - [28/Jun/2013:15:54:19 +0200] "GET /03a.html HTTP/1.1" 200 1991 "-" "Mozilla/4.0 (compatible; MSIE 7.0; Windows NT 5.1; InfoPath.1; .NET CLR 2.0.50727; .NET CLR 1.1.4322; MS-RTC LM 8; .NET CLR 3.0.4506.2152; .NET CLR 3.5.30729)"
91.198.67.78 - - [28/Jun/2013:15:54:19 +0200] "GET /03a.swf HTTP/1.1" 200 94997 "http://www.dialyse-calw.de/03a.html" "Mozilla/4.0 (compatible; MSIE 8.0; Windows NT 6.1; WOW64; Trident/4.0; SLCC2; .NET CLR 2.0.50727; .NET CLR 3.5.30729; .NET CLR 3.0.30729; InfoPath.1; .NET CLR 1.1.4322; .NET4.0C; .NET4.0E; L-20050401-D)"
91.198.67.78 - - [28/Jun/2013:15:54:26 +0200] "GET /08.html HTTP/1.1" 200 2005 "http://www.dialyse-calw.de/00themen00.swf" "Mozilla/4.0 (compatible; MSIE 8.0; Windows NT 6.1; WOW64; Trident/4.0; SLCC2; .NET CLR 2.0.50727; .NET CLR 3.5.30729; .NET CLR 3.0.30729; InfoPath.1; .NET CLR 1.1.4322; .NET4.0C; .NET4.0E; L-20050401-D)"
199.19.249.196 - - [28/Jun/2013:15:54:26 +0200] "GET /08.html HTTP/1.1" 200 2005 "-" "Mozilla/4.0 (compatible; MSIE 7.0; Windows NT 5.1; InfoPath.1; .NET CLR 2.0.50727; .NET CLR 1.1.4322; MS-RTC LM 8; .NET CLR 3.0.4506.2152; .NET CLR 3.5.30729)"
91.198.67.78 - - [28/Jun/2013:15:54:26 +0200] "GET /08.swf HTTP/1.1" 200 20405 "http://www.dialyse-calw.de/08.html" "Mozilla/4.0 (compatible; MSIE 8.0; Windows NT 6.1; WOW64; Trident/4.0; SLCC2; .NET CLR 2.0.50727; .NET CLR 3.5.30729; .NET CLR 3.0.30729; InfoPath.1; .NET CLR 1.1.4322; .NET4.0C; .NET4.0E; L-20050401-D)"
157.56.93.71 - - [28/Jun/2013:16:04:32 +0200] "GET /robots.txt HTTP/1.1" 404 1256 "-" "Mozilla/5.0 (compatible; bingbot/2.0; +http://www.bing.com/bingbot.htm)"
83.133.125.202 - - [28/Jun/2013:16:32:54 +0200] "GET / HTTP/1.1" 200 2366 "http://www.sumaja.de/?such_wert=pforzheim" "Mozilla/5.0 (Windows; U; Windows NT 6.1; de; rv:1.9.2.8) Gecko/20100722 Firefox/3.6.8 GTB7.1"
157.56.93.71 - - [28/Jun/2013:16:35:01 +0200] "GET / HTTP/1.1" 200 2366 "-" "Mozilla/5.0 (compatible; bingbot/2.0; +http://www.bing.com/bingbot.htm)"
141.8.147.12 - - [28/Jun/2013:16:59:46 +0200] "GET /robots.txt HTTP/1.1" 404 1256 "-" "Mozilla/5.0 (compatible; YandexBot/3.0; +http://yandex.com/bots)"
157.56.229.187 - - [28/Jun/2013:17:03:10 +0200] "GET /robots.txt HTTP/1.1" 404 1256 "-" "Mozilla/5.0 (compatible; bingbot/2.0; +http://www.bing.com/bingbot.htm)"
