119.63.196.122 - - [01/Jun/2013:00:38:32 +0200] "GET / HTTP/1.1" 200 2366 "-" "Mozilla/5.0 (compatible; Baiduspider/2.0; +http://www.baidu.com/search/spider.html)"
66.249.78.187 - - [01/Jun/2013:01:04:57 +0200] "GET / HTTP/1.1" 200 2366 "-" "Mozilla/5.0 (iPhone; U; CPU iPhone OS 4_1 like Mac OS X; en-us) AppleWebKit/532.9 (KHTML, like Gecko) Version/4.0.5 Mobile/8B117 Safari/6531.22.7 (compatible; Googlebot-Mobile/2.1; +http://www.google.com/bot.html)"
157.55.35.113 - - [01/Jun/2013:01:18:19 +0200] "GET /robots.txt HTTP/1.1" 404 1256 "-" "Mozilla/5.0 (compatible; bingbot/2.0; +http://www.bing.com/bingbot.htm)"
157.55.35.113 - - [01/Jun/2013:01:19:17 +0200] "GET /05.html HTTP/1.1" 200 1982 "-" "Mozilla/5.0 (compatible; bingbot/2.0; +http://www.bing.com/bingbot.htm)"
178.255.215.69 - - [01/Jun/2013:01:26:58 +0200] "GET /robots.txt HTTP/1.1" 404 1256 "-" "Mozilla/5.0 (compatible; Exabot/3.0; +http://www.exabot.com/go/robot)"
178.255.215.69 - - [01/Jun/2013:01:26:58 +0200] "GET / HTTP/1.1" 304 - "-" "Mozilla/5.0 (compatible; Exabot/3.0; +http://www.exabot.com/go/robot)"
66.249.78.235 - - [01/Jun/2013:01:29:10 +0200] "GET /robots.txt HTTP/1.1" 404 1256 "-" "Mozilla/5.0 (compatible; Googlebot/2.1; +http://www.google.com/bot.html)"
66.249.75.214 - - [01/Jun/2013:01:29:10 +0200] "GET / HTTP/1.1" 200 2366 "-" "Mozilla/5.0 (iPhone; U; CPU iPhone OS 4_1 like Mac OS X; en-us) AppleWebKit/532.9 (KHTML, like Gecko) Version/4.0.5 Mobile/8B117 Safari/6531.22.7 (compatible; Googlebot-Mobile/2.1; +http://www.google.com/bot.html)"
66.249.78.187 - - [01/Jun/2013:01:45:17 +0200] "GET /09a.html HTTP/1.1" 304 - "-" "Mozilla/5.0 (compatible; Googlebot/2.1; +http://www.google.com/bot.html)"
157.55.32.100 - - [01/Jun/2013:01:46:52 +0200] "GET /05.swf HTTP/1.1" 200 58083 "-" "Mozilla/5.0 (compatible; bingbot/2.0; +http://www.bing.com/bingbot.htm)"
66.249.78.187 - - [01/Jun/2013:02:36:29 +0200] "GET /00themen00.html HTTP/1.1" 304 - "-" "Mozilla/5.0 (iPhone; U; CPU iPhone OS 4_1 like Mac OS X; en-us) AppleWebKit/532.9 (KHTML, like Gecko) Version/4.0.5 Mobile/8B117 Safari/6531.22.7 (compatible; Googlebot-Mobile/2.1; +http://www.google.com/bot.html)"
173.192.235.226 - - [01/Jun/2013:02:56:02 +0200] "GET /robots.txt HTTP/1.1" 404 1256 "-" "Mozilla/5.0 (compatible; SiteExplorer/1.0b; +http://siteexplorer.info/)"
173.192.235.226 - - [01/Jun/2013:02:56:04 +0200] "GET /robots.txt HTTP/1.1" 404 1256 "-" "Mozilla/5.0 (compatible; SiteExplorer/1.0b; +http://siteexplorer.info/)"
173.192.235.226 - - [01/Jun/2013:02:56:07 +0200] "GET / HTTP/1.1" 200 2366 "-" "Mozilla/5.0 (compatible; SiteExplorer/1.0b; +http://siteexplorer.info/)"
173.192.235.226 - - [01/Jun/2013:02:56:09 +0200] "GET / HTTP/1.1" 200 2366 "-" "Mozilla/5.0 (compatible; SiteExplorer/1.0b; +http://siteexplorer.info/)"
157.55.35.113 - - [01/Jun/2013:03:29:48 +0200] "GET /robots.txt HTTP/1.1" 404 1256 "-" "Mozilla/5.0 (compatible; bingbot/2.0; +http://www.bing.com/bingbot.htm)"
157.55.35.113 - - [01/Jun/2013:03:30:39 +0200] "GET / HTTP/1.1" 200 2366 "-" "Mozilla/5.0 (compatible; bingbot/2.0; +http://www.bing.com/bingbot.htm)"
139.18.2.209 - - [01/Jun/2013:03:30:55 +0200] "GET /robots.txt HTTP/1.1" 404 1256 "-" "findlinks/2.6 (+http://wortschatz.uni-leipzig.de/findlinks/)"
139.18.2.209 - - [01/Jun/2013:03:30:56 +0200] "GET /robots.txt HTTP/1.1" 404 1256 "-" "findlinks/2.6 (+http://wortschatz.uni-leipzig.de/findlinks/)"
66.249.78.187 - - [01/Jun/2013:04:16:11 +0200] "GET /00themen00.html HTTP/1.1" 304 - "-" "Mozilla/5.0 (compatible; Googlebot/2.1; +http://www.google.com/bot.html)"
5.9.7.208 - - [01/Jun/2013:04:43:49 +0200] "GET /robots.txt HTTP/1.0" 404 1256 "-" "Mozilla/5.0 (compatible; MJ12bot/v1.4.3; http://www.majestic12.co.uk/bot.php?+)"
66.162.42.131 - - [01/Jun/2013:04:44:14 +0200] "GET /robots.txt HTTP/1.0" 404 1256 "-" "Mozilla/5.0 (compatible; ProCogSEOBot/1.0; +http://www.procog.com/ )"
66.162.42.131 - - [01/Jun/2013:04:44:15 +0200] "GET / HTTP/1.0" 200 2366 "-" "Mozilla/5.0 (compatible; ProCogSEOBot/1.0; +http://www.procog.com/ )"
5.9.7.208 - - [01/Jun/2013:04:44:27 +0200] "GET / HTTP/1.0" 200 2366 "-" "Mozilla/5.0 (compatible; MJ12bot/v1.4.3; http://www.majestic12.co.uk/bot.php?+)"
157.55.35.53 - - [01/Jun/2013:05:00:39 +0200] "GET /robots.txt HTTP/1.1" 404 1256 "-" "Mozilla/5.0 (compatible; bingbot/2.0; +http://www.bing.com/bingbot.htm)"
157.55.35.53 - - [01/Jun/2013:05:01:31 +0200] "GET / HTTP/1.1" 200 2366 "-" "Mozilla/5.0 (compatible; bingbot/2.0; +http://www.bing.com/bingbot.htm)"
66.249.78.187 - - [01/Jun/2013:07:07:25 +0200] "GET /robots.txt HTTP/1.1" 404 1256 "-" "Mozilla/5.0 (compatible; Googlebot/2.1; +http://www.google.com/bot.html)"
66.249.78.187 - - [01/Jun/2013:07:07:25 +0200] "GET /09.html HTTP/1.1" 304 - "-" "Mozilla/5.0 (iPhone; U; CPU iPhone OS 4_1 like Mac OS X; en-us) AppleWebKit/532.9 (KHTML, like Gecko) Version/4.0.5 Mobile/8B117 Safari/6531.22.7 (compatible; Googlebot-Mobile/2.1; +http://www.google.com/bot.html)"
91.19.26.172 - - [01/Jun/2013:08:18:43 +0200] "GET / HTTP/1.1" 200 2366 "http://www.bing.com/search?q=nephrologisches+zentrum+pforzheim&FORM=IE8SRC" "Mozilla/5.0 (compatible; MSIE 9.0; Windows NT 6.1; Trident/5.0)"
91.19.26.172 - - [01/Jun/2013:08:18:43 +0200] "HEAD /00start.swf HTTP/1.1" 200 - "-" "contype"
91.19.26.172 - - [01/Jun/2013:08:18:44 +0200] "GET /00start.swf HTTP/1.1" 200 8575 "http://www.dialyse-pforzheim.de/" "Mozilla/5.0 (compatible; MSIE 9.0; Windows NT 6.1; Trident/5.0)"
91.19.26.172 - - [01/Jun/2013:08:19:38 +0200] "GET /00themen00.html HTTP/1.1" 200 2254 "http://www.dialyse-pforzheim.de/00start.swf" "Mozilla/5.0 (compatible; MSIE 9.0; Windows NT 6.1; Trident/5.0)"
91.19.26.172 - - [01/Jun/2013:08:19:38 +0200] "GET /AC_RunActiveContent.js HTTP/1.1" 200 8029 "http://www.dialyse-pforzheim.de/00themen00.html" "Mozilla/5.0 (compatible; MSIE 9.0; Windows NT 6.1; Trident/5.0)"
91.19.26.172 - - [01/Jun/2013:08:19:38 +0200] "GET /00themen00.swf HTTP/1.1" 200 136579 "http://www.dialyse-pforzheim.de/00themen00.html" "Mozilla/5.0 (compatible; MSIE 9.0; Windows NT 6.1; Trident/5.0)"
91.19.26.172 - - [01/Jun/2013:08:19:39 +0200] "GET /favicon.ico HTTP/1.1" 404 1256 "-" "Mozilla/5.0 (compatible; MSIE 9.0; Windows NT 6.1; Trident/5.0)"
91.19.26.172 - - [01/Jun/2013:08:19:45 +0200] "GET /04.html HTTP/1.1" 200 2106 "http://www.dialyse-pforzheim.de/00themen00.swf" "Mozilla/5.0 (compatible; MSIE 9.0; Windows NT 6.1; Trident/5.0)"
91.19.26.172 - - [01/Jun/2013:08:19:45 +0200] "GET /04.swf HTTP/1.1" 200 62769 "http://www.dialyse-pforzheim.de/04.html" "Mozilla/5.0 (compatible; MSIE 9.0; Windows NT 6.1; Trident/5.0)"
91.19.26.172 - - [01/Jun/2013:08:19:46 +0200] "GET /favicon.ico HTTP/1.1" 404 1256 "-" "Mozilla/5.0 (compatible; MSIE 9.0; Windows NT 6.1; Trident/5.0)"
91.19.26.172 - - [01/Jun/2013:08:19:51 +0200] "GET /04Kartebbb.html HTTP/1.1" 200 2077 "http://www.dialyse-pforzheim.de/04.swf" "Mozilla/5.0 (compatible; MSIE 9.0; Windows NT 6.1; Trident/5.0)"
91.19.26.172 - - [01/Jun/2013:08:19:51 +0200] "GET /04Kartebbb.swf HTTP/1.1" 200 32635 "http://www.dialyse-pforzheim.de/04Kartebbb.html" "Mozilla/5.0 (compatible; MSIE 9.0; Windows NT 6.1; Trident/5.0)"
157.55.33.84 - - [01/Jun/2013:08:27:11 +0200] "GET /robots.txt HTTP/1.1" 404 1256 "-" "Mozilla/5.0 (compatible; bingbot/2.0; +http://www.bing.com/bingbot.htm)"
157.55.33.84 - - [01/Jun/2013:08:27:37 +0200] "GET / HTTP/1.1" 200 2366 "-" "Mozilla/5.0 (compatible; bingbot/2.0; +http://www.bing.com/bingbot.htm)"
66.249.78.187 - - [01/Jun/2013:08:48:59 +0200] "GET /04Kartebbb.html HTTP/1.1" 304 - "-" "Mozilla/5.0 (compatible; Googlebot/2.1; +http://www.google.com/bot.html)"
66.249.78.187 - - [01/Jun/2013:09:30:36 +0200] "GET /04Karteaaa.swf HTTP/1.1" 200 18538 "-" "Mozilla/5.0 (iPhone; U; CPU iPhone OS 4_1 like Mac OS X; en-us) AppleWebKit/532.9 (KHTML, like Gecko) Version/4.0.5 Mobile/8B117 Safari/6531.22.7 (compatible; Googlebot-Mobile/2.1; +http://www.google.com/bot.html)"
66.249.78.36 - - [01/Jun/2013:10:21:18 +0200] "GET /robots.txt HTTP/1.1" 404 1256 "-" "Mozilla/5.0 (compatible; Googlebot/2.1; +http://www.google.com/bot.html)"
66.249.78.36 - - [01/Jun/2013:10:21:18 +0200] "GET /00themen00.html HTTP/1.1" 200 2254 "-" "Mozilla/5.0 (compatible; Googlebot/2.1; +http://www.google.com/bot.html)"
66.249.78.187 - - [01/Jun/2013:11:03:02 +0200] "GET /09a.swf HTTP/1.1" 200 20604 "-" "Mozilla/5.0 (iPhone; U; CPU iPhone OS 4_1 like Mac OS X; en-us) AppleWebKit/532.9 (KHTML, like Gecko) Version/4.0.5 Mobile/8B117 Safari/6531.22.7 (compatible; Googlebot-Mobile/2.1; +http://www.google.com/bot.html)"
157.56.229.185 - - [01/Jun/2013:11:18:00 +0200] "GET /robots.txt HTTP/1.1" 404 1256 "-" "Mozilla/5.0 (compatible; bingbot/2.0; +http://www.bing.com/bingbot.htm)"
157.56.229.185 - - [01/Jun/2013:11:18:54 +0200] "GET / HTTP/1.1" 200 2366 "-" "Mozilla/5.0 (compatible; bingbot/2.0; +http://www.bing.com/bingbot.htm)"
66.249.78.187 - - [01/Jun/2013:12:13:12 +0200] "GET /04Karteddd.swf HTTP/1.1" 200 33790 "-" "SAMSUNG-SGH-E250/1.0 Profile/MIDP-2.0 Configuration/CLDC-1.1 UP.Browser/6.2.3.3.c.1.101 (GUI) MMP/2.0 (compatible; Googlebot-Mobile/2.1; +http://www.google.com/bot.html)"
208.88.225.147 - - [01/Jun/2013:12:37:54 +0200] "GET / HTTP/1.1" 200 2366 "-" "Mozilla/5.0 (compatible; Statsbot/2.1)"
85.25.137.24 - - [01/Jun/2013:12:54:25 +0200] "GET /robots.txt HTTP/1.1" 404 1256 "http://netcomber.com" "NCBot (http://netcomber.com : tool for finding true domain owners) Queries/complaints: bot@netcomber.com"
85.25.137.24 - - [01/Jun/2013:12:54:25 +0200] "GET / HTTP/1.1" 200 2366 "http://netcomber.com" "NCBot (http://netcomber.com : tool for finding true domain owners) Queries/complaints: bot@netcomber.com"
157.55.35.113 - - [01/Jun/2013:14:41:19 +0200] "GET /robots.txt HTTP/1.1" 404 1256 "-" "Mozilla/5.0 (compatible; bingbot/2.0; +http://www.bing.com/bingbot.htm)"
157.55.35.113 - - [01/Jun/2013:14:41:56 +0200] "GET / HTTP/1.1" 200 2366 "-" "Mozilla/5.0 (compatible; bingbot/2.0; +http://www.bing.com/bingbot.htm)"
66.249.75.27 - - [01/Jun/2013:14:51:19 +0200] "GET /04Karteccc.swf HTTP/1.1" 200 32338 "-" "DoCoMo/2.0 N905i(c100;TB;W24H16) (compatible; Googlebot-Mobile/2.1; +http://www.google.com/bot.html)"
199.19.249.196 - - [01/Jun/2013:14:53:38 +0200] "GET /00themen00.html HTTP/1.1" 200 2254 "-" "Mozilla/4.0 (compatible; MSIE 7.0; Windows NT 5.1; InfoPath.1; .NET CLR 2.0.50727; .NET CLR 1.1.4322; MS-RTC LM 8; .NET CLR 3.0.4506.2152; .NET CLR 3.5.30729)"
91.224.226.196 - - [01/Jun/2013:14:53:38 +0200] "GET /00themen00.html HTTP/1.1" 304 - "-" "Mozilla/4.0 (compatible;)"
199.19.249.196 - - [01/Jun/2013:15:20:21 +0200] "GET /08.html HTTP/1.1" 200 2005 "-" "Mozilla/4.0 (compatible; MSIE 7.0; Windows NT 5.1; InfoPath.1; .NET CLR 2.0.50727; .NET CLR 1.1.4322; MS-RTC LM 8; .NET CLR 3.0.4506.2152; .NET CLR 3.5.30729)"
178.255.215.68 - - [01/Jun/2013:15:26:51 +0200] "GET /robots.txt HTTP/1.1" 404 1256 "-" "Mozilla/5.0 (compatible; Exabot/3.0; +http://www.exabot.com/go/robot)"
178.255.215.68 - - [01/Jun/2013:15:26:51 +0200] "GET / HTTP/1.1" 304 - "-" "Mozilla/5.0 (compatible; Exabot/3.0; +http://www.exabot.com/go/robot)"
157.55.35.53 - - [01/Jun/2013:15:49:37 +0200] "GET /robots.txt HTTP/1.1" 404 1256 "-" "Mozilla/5.0 (compatible; bingbot/2.0; +http://www.bing.com/bingbot.htm)"
157.55.35.53 - - [01/Jun/2013:15:50:31 +0200] "GET / HTTP/1.1" 200 2366 "-" "Mozilla/5.0 (compatible; bingbot/2.0; +http://www.bing.com/bingbot.htm)"
66.249.78.187 - - [01/Jun/2013:16:15:48 +0200] "GET /09.swf HTTP/1.1" 200 23096 "-" "Mozilla/5.0 (iPhone; U; CPU iPhone OS 4_1 like Mac OS X; en-us) AppleWebKit/532.9 (KHTML, like Gecko) Version/4.0.5 Mobile/8B117 Safari/6531.22.7 (compatible; Googlebot-Mobile/2.1; +http://www.google.com/bot.html)"
66.249.78.235 - - [01/Jun/2013:16:37:00 +0200] "GET /robots.txt HTTP/1.1" 404 1256 "-" "Mozilla/5.0 (compatible; Googlebot/2.1; +http://www.google.com/bot.html)"
66.249.78.235 - - [01/Jun/2013:16:37:01 +0200] "GET /05.swf HTTP/1.1" 200 58083 "-" "Mozilla/5.0 (iPhone; U; CPU iPhone OS 4_1 like Mac OS X; en-us) AppleWebKit/532.9 (KHTML, like Gecko) Version/4.0.5 Mobile/8B117 Safari/6531.22.7 (compatible; Googlebot-Mobile/2.1; +http://www.google.com/bot.html)"
66.249.78.36 - - [01/Jun/2013:16:51:19 +0200] "GET /robots.txt HTTP/1.1" 404 1256 "-" "Mozilla/5.0 (compatible; Googlebot/2.1; +http://www.google.com/bot.html)"
66.249.75.58 - - [01/Jun/2013:16:51:20 +0200] "GET /02.html HTTP/1.1" 200 1982 "-" "Mozilla/5.0 (iPhone; U; CPU iPhone OS 4_1 like Mac OS X; en-us) AppleWebKit/532.9 (KHTML, like Gecko) Version/4.0.5 Mobile/8B117 Safari/6531.22.7 (compatible; Googlebot-Mobile/2.1; +http://www.google.com/bot.html)"
85.25.134.59 - - [01/Jun/2013:17:02:01 +0200] "GET /robots.txt HTTP/1.1" 404 1256 "http://netcomber.com" "NCBot (http://netcomber.com : tool for finding true domain owners) Queries/complaints: bot@netcomber.com"
85.25.134.59 - - [01/Jun/2013:17:02:02 +0200] "GET / HTTP/1.1" 200 2366 "http://netcomber.com" "NCBot (http://netcomber.com : tool for finding true domain owners) Queries/complaints: bot@netcomber.com"
66.249.78.187 - - [01/Jun/2013:17:54:33 +0200] "GET /04Karteccc.swf HTTP/1.1" 200 32338 "-" "Mozilla/5.0 (compatible; Googlebot/2.1; +http://www.google.com/bot.html)"
188.165.195.156 - - [01/Jun/2013:18:40:32 +0200] "HEAD / HTTP/1.1" 200 - "-" "Mozilla/4.0 (compatible; MSIE 5.01; Windows NT 5.0)"
157.55.33.84 - - [01/Jun/2013:19:50:25 +0200] "GET /robots.txt HTTP/1.1" 404 1256 "-" "Mozilla/5.0 (compatible; bingbot/2.0; +http://www.bing.com/bingbot.htm)"
157.55.33.84 - - [01/Jun/2013:19:51:00 +0200] "GET / HTTP/1.1" 200 2366 "-" "Mozilla/5.0 (compatible; bingbot/2.0; +http://www.bing.com/bingbot.htm)"
66.249.78.36 - - [01/Jun/2013:20:48:55 +0200] "GET /00start.swf HTTP/1.1" 200 8575 "-" "Mozilla/5.0 (compatible; Googlebot/2.1; +http://www.google.com/bot.html)"
84.146.75.92 - - [01/Jun/2013:21:07:09 +0200] "GET / HTTP/1.1" 200 2366 "https://www.google.com/" "Mozilla/5.0 (Windows NT 6.1; WOW64) AppleWebKit/537.36 (KHTML, like Gecko) Chrome/27.0.1453.94 Safari/537.36"
84.146.75.92 - - [01/Jun/2013:21:07:30 +0200] "GET /08.html HTTP/1.1" 200 2005 "https://www.google.com/" "Mozilla/5.0 (Windows NT 6.1; WOW64) AppleWebKit/537.36 (KHTML, like Gecko) Chrome/27.0.1453.94 Safari/537.36"
84.146.75.92 - - [01/Jun/2013:21:07:31 +0200] "GET /AC_RunActiveContent.js HTTP/1.1" 200 8029 "http://www.dialyse-pforzheim.de/08.html" "Mozilla/5.0 (Windows NT 6.1; WOW64) AppleWebKit/537.36 (KHTML, like Gecko) Chrome/27.0.1453.94 Safari/537.36"
84.146.75.92 - - [01/Jun/2013:21:07:31 +0200] "GET /08.swf HTTP/1.1" 200 20405 "http://www.dialyse-pforzheim.de/08.html" "Mozilla/5.0 (Windows NT 6.1; WOW64) AppleWebKit/537.36 (KHTML, like Gecko) Chrome/27.0.1453.94 Safari/537.36"
84.146.75.92 - - [01/Jun/2013:21:07:31 +0200] "GET /favicon.ico HTTP/1.1" 404 1256 "-" "Mozilla/5.0 (Windows NT 6.1; WOW64) AppleWebKit/537.36 (KHTML, like Gecko) Chrome/27.0.1453.94 Safari/537.36"
84.146.75.92 - - [01/Jun/2013:21:07:37 +0200] "GET /index.html HTTP/1.1" 200 2366 "http://www.dialyse-pforzheim.de/08.html" "Mozilla/5.0 (Windows NT 6.1; WOW64) AppleWebKit/537.36 (KHTML, like Gecko) Chrome/27.0.1453.94 Safari/537.36"
84.146.75.92 - - [01/Jun/2013:21:07:38 +0200] "GET /00start.swf HTTP/1.1" 200 8575 "http://www.dialyse-pforzheim.de/index.html" "Mozilla/5.0 (Windows NT 6.1; WOW64) AppleWebKit/537.36 (KHTML, like Gecko) Chrome/27.0.1453.94 Safari/537.36"
84.146.75.92 - - [01/Jun/2013:21:07:41 +0200] "GET /00themen00.html HTTP/1.1" 200 2254 "http://www.dialyse-pforzheim.de/index.html" "Mozilla/5.0 (Windows NT 6.1; WOW64) AppleWebKit/537.36 (KHTML, like Gecko) Chrome/27.0.1453.94 Safari/537.36"
84.146.75.92 - - [01/Jun/2013:21:07:41 +0200] "GET /favicon.ico HTTP/1.1" 404 1256 "-" "Mozilla/5.0 (Windows NT 6.1; WOW64) AppleWebKit/537.36 (KHTML, like Gecko) Chrome/27.0.1453.94 Safari/537.36"
84.146.75.92 - - [01/Jun/2013:21:07:41 +0200] "GET /favicon.ico HTTP/1.1" 404 1256 "-" "Mozilla/5.0 (Windows NT 6.1; WOW64) AppleWebKit/537.36 (KHTML, like Gecko) Chrome/27.0.1453.94 Safari/537.36"
84.146.75.92 - - [01/Jun/2013:21:07:41 +0200] "GET /00themen00.swf HTTP/1.1" 200 136579 "http://www.dialyse-pforzheim.de/00themen00.html" "Mozilla/5.0 (Windows NT 6.1; WOW64) AppleWebKit/537.36 (KHTML, like Gecko) Chrome/27.0.1453.94 Safari/537.36"
84.146.75.92 - - [01/Jun/2013:21:07:44 +0200] "GET /03.html HTTP/1.1" 200 1982 "http://www.dialyse-pforzheim.de/00themen00.html" "Mozilla/5.0 (Windows NT 6.1; WOW64) AppleWebKit/537.36 (KHTML, like Gecko) Chrome/27.0.1453.94 Safari/537.36"
84.146.75.92 - - [01/Jun/2013:21:07:44 +0200] "GET /03.swf HTTP/1.1" 200 74505 "http://www.dialyse-pforzheim.de/03.html" "Mozilla/5.0 (Windows NT 6.1; WOW64) AppleWebKit/537.36 (KHTML, like Gecko) Chrome/27.0.1453.94 Safari/537.36"
84.146.75.92 - - [01/Jun/2013:21:07:44 +0200] "GET /favicon.ico HTTP/1.1" 404 1256 "-" "Mozilla/5.0 (Windows NT 6.1; WOW64) AppleWebKit/537.36 (KHTML, like Gecko) Chrome/27.0.1453.94 Safari/537.36"
93.219.135.77 - - [01/Jun/2013:22:04:58 +0200] "GET / HTTP/1.1" 200 2366 "-" "Mozilla/5.0 (Windows; U; Windows NT 6.0; de; rv:1.9.2.3) Gecko/20100401 Firefox/3.6.3 ( .NET CLR 3.5.30729)"
80.187.102.10 - - [01/Jun/2013:22:32:15 +0200] "GET / HTTP/1.1" 200 2366 "http://www.siloah.de/content.php" "Mozilla/5.0 (Symbian/3; Series60/5.2 NokiaX7-00/021.013; Profile/MIDP-2.1 Configuration/CLDC-1.1 ) AppleWebKit/533.4 (KHTML, like Gecko) NokiaBrowser/7.3.1.28 Mobile Safari/533.4 3gpp-gba"
80.187.102.10 - - [01/Jun/2013:22:32:25 +0200] "GET /00start.swf HTTP/1.1" 200 8575 "-" "Mozilla/5.0 (Symbian/3; Series60/5.2 NokiaX7-00/021.013; Profile/MIDP-2.1 Configuration/CLDC-1.1 ) AppleWebKit/533.4 (KHTML, like Gecko) NokiaBrowser/7.3.1.28 Mobile Safari/533.4 3gpp-gba"
65.55.52.89 - - [01/Jun/2013:22:39:37 +0200] "GET /robots.txt HTTP/1.1" 404 1256 "-" "Mozilla/5.0 (compatible; bingbot/2.0; +http://www.bing.com/bingbot.htm)"
65.55.52.89 - - [01/Jun/2013:22:40:32 +0200] "GET / HTTP/1.1" 200 2366 "-" "Mozilla/5.0 (compatible; bingbot/2.0; +http://www.bing.com/bingbot.htm)"
66.162.42.131 - - [01/Jun/2013:23:19:30 +0200] "GET /robots.txt HTTP/1.0" 404 1256 "-" "Mozilla/5.0 (compatible; ProCogSEOBot/1.0; +http://www.procog.com/ )"
66.162.42.131 - - [01/Jun/2013:23:19:31 +0200] "GET / HTTP/1.0" 200 2366 "-" "Mozilla/5.0 (compatible; ProCogSEOBot/1.0; +http://www.procog.com/ )"
66.249.78.36 - - [02/Jun/2013:00:01:26 +0200] "GET / HTTP/1.1" 200 2366 "-" "Mozilla/5.0 (iPhone; U; CPU iPhone OS 4_1 like Mac OS X; en-us) AppleWebKit/532.9 (KHTML, like Gecko) Version/4.0.5 Mobile/8B117 Safari/6531.22.7 (compatible; Googlebot-Mobile/2.1; +http://www.google.com/bot.html)"
66.249.78.187 - - [02/Jun/2013:00:08:26 +0200] "GET /robots.txt HTTP/1.1" 404 1256 "-" "Mozilla/5.0 (compatible; Googlebot/2.1; +http://www.google.com/bot.html)"
66.249.78.187 - - [02/Jun/2013:00:08:26 +0200] "GET /index.html HTTP/1.1" 200 2366 "-" "Mozilla/5.0 (compatible; Googlebot/2.1; +http://www.google.com/bot.html)"
157.55.35.113 - - [02/Jun/2013:00:24:52 +0200] "GET /robots.txt HTTP/1.1" 404 1256 "-" "Mozilla/5.0 (compatible; bingbot/2.0; +http://www.bing.com/bingbot.htm)"
157.55.35.113 - - [02/Jun/2013:00:25:49 +0200] "GET /index.html HTTP/1.1" 200 2366 "-" "Mozilla/5.0 (compatible; bingbot/2.0; +http://www.bing.com/bingbot.htm)"
157.55.35.113 - - [02/Jun/2013:00:25:49 +0200] "GET /02.html HTTP/1.1" 200 1982 "-" "Mozilla/5.0 (compatible; bingbot/2.0; +http://www.bing.com/bingbot.htm)"
157.55.33.123 - - [02/Jun/2013:00:26:21 +0200] "GET /03a.html HTTP/1.1" 200 1991 "-" "Mozilla/5.0 (compatible; bingbot/2.0; +http://www.bing.com/bingbot.htm)"
157.55.33.123 - - [02/Jun/2013:00:26:21 +0200] "GET /04Karteddd.html HTTP/1.1" 200 2077 "-" "Mozilla/5.0 (compatible; bingbot/2.0; +http://www.bing.com/bingbot.htm)"
157.56.92.155 - - [02/Jun/2013:00:43:23 +0200] "GET /09a.html HTTP/1.1" 200 2059 "-" "Mozilla/5.0 (compatible; bingbot/2.0; +http://www.bing.com/bingbot.htm)"
157.56.92.155 - - [02/Jun/2013:00:43:23 +0200] "GET /04Karteccc.html HTTP/1.1" 200 2077 "-" "Mozilla/5.0 (compatible; bingbot/2.0; +http://www.bing.com/bingbot.htm)"
157.55.32.61 - - [02/Jun/2013:00:56:49 +0200] "GET /01.html HTTP/1.1" 200 1982 "-" "Mozilla/5.0 (compatible; bingbot/2.0; +http://www.bing.com/bingbot.htm)"
157.55.32.61 - - [02/Jun/2013:00:56:49 +0200] "GET /09.html HTTP/1.1" 200 2086 "-" "Mozilla/5.0 (compatible; bingbot/2.0; +http://www.bing.com/bingbot.htm)"
176.57.142.28 - - [02/Jun/2013:01:24:42 +0200] "GET /09.html HTTP/1.1" 200 2086 "-" "Mozilla/5.0 (X11; Linux i686; rv:6.0) Gecko/20100101 Firefox/6.0"
66.249.75.58 - - [02/Jun/2013:01:26:20 +0200] "GET /08.html HTTP/1.1" 304 - "-" "Mozilla/5.0 (iPhone; U; CPU iPhone OS 4_1 like Mac OS X; en-us) AppleWebKit/532.9 (KHTML, like Gecko) Version/4.0.5 Mobile/8B117 Safari/6531.22.7 (compatible; Googlebot-Mobile/2.1; +http://www.google.com/bot.html)"
157.55.35.113 - - [02/Jun/2013:03:06:26 +0200] "GET /robots.txt HTTP/1.1" 404 1256 "-" "Mozilla/5.0 (compatible; bingbot/2.0; +http://www.bing.com/bingbot.htm)"
157.55.35.113 - - [02/Jun/2013:03:07:04 +0200] "GET / HTTP/1.1" 200 2366 "-" "Mozilla/5.0 (compatible; bingbot/2.0; +http://www.bing.com/bingbot.htm)"
157.55.35.53 - - [02/Jun/2013:03:35:40 +0200] "GET /robots.txt HTTP/1.1" 404 1256 "-" "Mozilla/5.0 (compatible; bingbot/2.0; +http://www.bing.com/bingbot.htm)"
157.55.35.53 - - [02/Jun/2013:03:36:34 +0200] "GET / HTTP/1.1" 200 2366 "-" "Mozilla/5.0 (compatible; bingbot/2.0; +http://www.bing.com/bingbot.htm)"
119.63.196.93 - - [02/Jun/2013:03:36:36 +0200] "GET / HTTP/1.1" 200 2366 "-" "Mozilla/5.0 (compatible; Baiduspider/2.0; +http://www.baidu.com/search/spider.html)"
157.56.92.160 - - [02/Jun/2013:05:40:41 +0200] "GET /robots.txt HTTP/1.1" 404 1256 "-" "Mozilla/5.0 (compatible; bingbot/2.0; +http://www.bing.com/bingbot.htm)"
157.56.92.160 - - [02/Jun/2013:05:41:21 +0200] "GET /00themen00.html HTTP/1.1" 200 2254 "-" "Mozilla/5.0 (compatible; bingbot/2.0; +http://www.bing.com/bingbot.htm)"
199.30.24.199 - - [02/Jun/2013:05:41:23 +0200] "GET /AC_RunActiveContent.js HTTP/1.1" 200 8029 "http://www.dialyse-nagold.de/00themen00.html" "Mozilla/5.0 (Windows NT 6.1; WOW64) AppleWebKit/534+ (KHTML, like Gecko) BingPreview/1.0b"
199.30.24.199 - - [02/Jun/2013:05:41:23 +0200] "GET /00themen00.swf HTTP/1.1" 200 136579 "http://www.dialyse-nagold.de/00themen00.swf" "Mozilla/5.0 (Windows NT 6.1; WOW64) AppleWebKit/534+ (KHTML, like Gecko) BingPreview/1.0b"
157.56.92.160 - - [02/Jun/2013:05:41:27 +0200] "GET /AC_RunActiveContent.js HTTP/1.1" 200 8029 "-" "Mozilla/5.0 (compatible; bingbot/2.0; +http://www.bing.com/bingbot.htm)"
141.8.147.12 - - [02/Jun/2013:05:42:16 +0200] "GET /robots.txt HTTP/1.1" 404 1256 "-" "Mozilla/5.0 (compatible; YandexBot/3.0; +http://yandex.com/bots)"
141.8.147.12 - - [02/Jun/2013:05:42:17 +0200] "GET /robots.txt HTTP/1.1" 404 1256 "-" "Mozilla/5.0 (compatible; YandexBot/3.0; +http://yandex.com/bots)"
141.8.147.12 - - [02/Jun/2013:05:42:18 +0200] "GET /robots.txt HTTP/1.1" 404 1256 "-" "Mozilla/5.0 (compatible; YandexBot/3.0; +http://yandex.com/bots)"
141.8.147.12 - - [02/Jun/2013:05:42:19 +0200] "GET / HTTP/1.1" 200 2366 "-" "Mozilla/5.0 (compatible; YandexBot/3.0; +http://yandex.com/bots)"
141.8.147.12 - - [02/Jun/2013:05:42:19 +0200] "GET / HTTP/1.1" 200 2366 "-" "Mozilla/5.0 (compatible; YandexBot/3.0; +http://yandex.com/bots)"
141.8.147.12 - - [02/Jun/2013:05:42:20 +0200] "GET / HTTP/1.1" 200 2366 "-" "Mozilla/5.0 (compatible; YandexBot/3.0; +http://yandex.com/bots)"
141.8.147.12 - - [02/Jun/2013:05:42:25 +0200] "GET / HTTP/1.1" 200 2366 "-" "Mozilla/5.0 (compatible; YandexBot/3.0; +http://yandex.com/bots)"
141.8.147.12 - - [02/Jun/2013:05:42:26 +0200] "GET / HTTP/1.1" 200 2366 "-" "Mozilla/5.0 (compatible; YandexBot/3.0; +http://yandex.com/bots)"
141.8.147.12 - - [02/Jun/2013:05:42:30 +0200] "GET / HTTP/1.1" 200 2366 "-" "Mozilla/5.0 (compatible; YandexBot/3.0; +http://yandex.com/bots)"
141.8.147.12 - - [02/Jun/2013:05:48:48 +0200] "GET /00start.swf HTTP/1.1" 200 8575 "-" "Mozilla/5.0 (compatible; YandexBot/3.0; +http://yandex.com/bots)"
141.8.147.12 - - [02/Jun/2013:05:49:07 +0200] "GET /00start.swf HTTP/1.1" 200 8575 "-" "Mozilla/5.0 (compatible; YandexBot/3.0; +http://yandex.com/bots)"
141.8.147.12 - - [02/Jun/2013:05:49:08 +0200] "GET /00start.swf HTTP/1.1" 200 8575 "-" "Mozilla/5.0 (compatible; YandexBot/3.0; +http://yandex.com/bots)"
130.83.167.153 - - [02/Jun/2013:05:53:50 +0200] "GET / HTTP/1.1" 200 2366 "-" "findlinks/2.6 (+http://wortschatz.uni-leipzig.de/findlinks/)"
157.55.33.40 - - [02/Jun/2013:05:58:11 +0200] "GET /00themen00.swf HTTP/1.1" 200 136579 "-" "Mozilla/5.0 (compatible; bingbot/2.0; +http://www.bing.com/bingbot.htm)"
65.55.52.89 - - [02/Jun/2013:06:26:21 +0200] "GET /robots.txt HTTP/1.1" 404 1256 "-" "Mozilla/5.0 (compatible; bingbot/2.0; +http://www.bing.com/bingbot.htm)"
65.55.52.89 - - [02/Jun/2013:06:27:08 +0200] "GET / HTTP/1.1" 304 - "-" "Mozilla/5.0 (compatible; bingbot/2.0; +http://www.bing.com/bingbot.htm)"
130.83.167.153 - - [02/Jun/2013:07:34:57 +0200] "GET / HTTP/1.1" 200 2366 "-" "findlinks/2.6 (+http://wortschatz.uni-leipzig.de/findlinks/)"
157.55.33.84 - - [02/Jun/2013:07:53:27 +0200] "GET /robots.txt HTTP/1.1" 404 1256 "-" "Mozilla/5.0 (compatible; bingbot/2.0; +http://www.bing.com/bingbot.htm)"
157.55.33.84 - - [02/Jun/2013:07:54:22 +0200] "GET / HTTP/1.1" 200 2366 "-" "Mozilla/5.0 (compatible; bingbot/2.0; +http://www.bing.com/bingbot.htm)"
37.139.52.23 - - [02/Jun/2013:08:22:30 +0200] "GET / HTTP/1.1" 200 2366 "http://dentuled.net/" "Mozilla/4.0 (compatible; MSIE 6.0; Windows NT 5.0; APC; .NET CLR 1.0.3705; .NET CLR 1.1.4322; .NET CLR 2.0.50215; InfoPath.1)"
37.139.52.23 - - [02/Jun/2013:08:22:30 +0200] "GET / HTTP/1.1" 200 2366 "http://dentuled.net/" "Mozilla/4.0 (compatible; MSIE 6.0; Windows NT 5.0; APC; .NET CLR 1.0.3705; .NET CLR 1.1.4322; .NET CLR 2.0.50215; InfoPath.1)"
66.249.78.187 - - [02/Jun/2013:09:52:15 +0200] "GET /robots.txt HTTP/1.1" 404 1256 "-" "Mozilla/5.0 (compatible; Googlebot/2.1; +http://www.google.com/bot.html)"
66.249.78.187 - - [02/Jun/2013:09:52:15 +0200] "GET / HTTP/1.1" 304 - "-" "Mozilla/5.0 (compatible; Googlebot/2.1; +http://www.google.com/bot.html)"
65.55.52.112 - - [02/Jun/2013:10:17:55 +0200] "GET /robots.txt HTTP/1.1" 404 1256 "-" "Mozilla/5.0 (compatible; bingbot/2.0; +http://www.bing.com/bingbot.htm)"
65.55.52.112 - - [02/Jun/2013:10:18:42 +0200] "GET /00themen00.html HTTP/1.1" 200 2254 "-" "Mozilla/5.0 (compatible; bingbot/2.0; +http://www.bing.com/bingbot.htm)"
65.55.52.112 - - [02/Jun/2013:10:18:42 +0200] "GET /00themen00.swf HTTP/1.1" 200 136579 "-" "Mozilla/5.0 (compatible; bingbot/2.0; +http://www.bing.com/bingbot.htm)"
65.55.52.112 - - [02/Jun/2013:10:18:53 +0200] "GET /AC_RunActiveContent.js HTTP/1.1" 200 8029 "-" "Mozilla/5.0 (compatible; bingbot/2.0; +http://www.bing.com/bingbot.htm)"
84.160.0.176 - - [02/Jun/2013:10:24:43 +0200] "GET /00themen00.html HTTP/1.1" 200 2254 "-" "Mozilla/5.0 (Macintosh; Intel Mac OS X 10_8_3) AppleWebKit/536.29.13 (KHTML, like Gecko) Version/6.0.4 Safari/536.29.13"
84.160.0.176 - - [02/Jun/2013:10:24:44 +0200] "GET /AC_RunActiveContent.js HTTP/1.1" 200 8029 "http://www.dialyse-calw.de/00themen00.html" "Mozilla/5.0 (Macintosh; Intel Mac OS X 10_8_3) AppleWebKit/536.29.13 (KHTML, like Gecko) Version/6.0.4 Safari/536.29.13"
66.249.78.187 - - [02/Jun/2013:11:13:33 +0200] "GET /04Kartebbb.swf HTTP/1.1" 200 32635 "-" "Mozilla/5.0 (iPhone; U; CPU iPhone OS 4_1 like Mac OS X; en-us) AppleWebKit/532.9 (KHTML, like Gecko) Version/4.0.5 Mobile/8B117 Safari/6531.22.7 (compatible; Googlebot-Mobile/2.1; +http://www.google.com/bot.html)"
92.249.127.111 - - [02/Jun/2013:11:16:33 +0200] "GET / HTTP/1.1" 200 2366 "http://nalberan.com/news.php?readmore=57" "Mozilla/5.0 (compatible; news bot /2.1)"
92.249.127.111 - - [02/Jun/2013:11:16:33 +0200] "GET / HTTP/1.1" 200 2366 "http://nalberan.com/news.php?readmore=57" "Mozilla/5.0 (compatible; news bot /2.1)"
65.55.52.89 - - [02/Jun/2013:11:45:19 +0200] "GET /robots.txt HTTP/1.1" 404 1256 "-" "Mozilla/5.0 (compatible; bingbot/2.0; +http://www.bing.com/bingbot.htm)"
65.55.52.89 - - [02/Jun/2013:11:46:09 +0200] "GET / HTTP/1.1" 200 2366 "-" "Mozilla/5.0 (compatible; bingbot/2.0; +http://www.bing.com/bingbot.htm)"
80.56.154.64 - - [02/Jun/2013:12:05:56 +0200] "GET / HTTP/1.1" 200 2366 "-" "Java/1.4.1_04"
80.56.154.64 - - [02/Jun/2013:12:05:56 +0200] "GET /'+fc_protocol+'://www.flash-counter.com/scripts/counter.js HTTP/1.1" 404 1256 "-" "Java/1.4.1_04"
84.160.0.176 - - [02/Jun/2013:12:33:34 +0200] "GET /00themen00.html HTTP/1.1" 200 2254 "-" "Mozilla/5.0 (Macintosh; Intel Mac OS X 10_8_3) AppleWebKit/536.29.13 (KHTML, like Gecko) Version/6.0.4 Safari/536.29.13"
84.160.0.176 - - [02/Jun/2013:12:33:34 +0200] "GET /AC_RunActiveContent.js HTTP/1.1" 200 8029 "http://www.dialyse-calw.de/00themen00.html" "Mozilla/5.0 (Macintosh; Intel Mac OS X 10_8_3) AppleWebKit/536.29.13 (KHTML, like Gecko) Version/6.0.4 Safari/536.29.13"
5.9.86.85 - - [02/Jun/2013:13:07:05 +0200] "GET /robots.txt HTTP/1.1" 404 1256 "-" "Mozilla/5.0 (compatible; Infohelfer/1.3.3; +http://www.infohelfer.de/crawler.php)"
5.9.86.85 - - [02/Jun/2013:13:07:05 +0200] "GET / HTTP/1.1" 200 2366 "-" "Mozilla/5.0 (compatible; Infohelfer/1.3.3; +http://www.infohelfer.de/crawler.php)"
180.76.6.29 - - [02/Jun/2013:13:13:37 +0200] "GET / HTTP/1.1" 200 2366 "-" "Mozilla/5.0 (compatible; Baiduspider/2.0; +http://www.baidu.com/search/spider.html)"
176.9.21.194 - - [02/Jun/2013:13:41:57 +0200] "GET /robots.txt HTTP/1.0" 404 1256 "-" "Mozilla/5.0 (compatible; SEOkicks-Robot +http://www.seokicks.de/robot.html)"
176.9.21.194 - - [02/Jun/2013:13:42:00 +0200] "GET / HTTP/1.0" 200 2366 "-" "Mozilla/5.0 (compatible; SEOkicks-Robot +http://www.seokicks.de/robot.html)"
66.249.78.187 - - [02/Jun/2013:13:47:05 +0200] "GET /05.html HTTP/1.1" 304 - "-" "Mozilla/5.0 (compatible; Googlebot/2.1; +http://www.google.com/bot.html)"
91.45.148.248 - - [02/Jun/2013:14:00:37 +0200] "GET / HTTP/1.1" 200 2366 "http://www.google.de/url?sa=t&rct=j&q=nephrologisches%20zentrum%20pforzheim&source=web&cd=2&ved=0CDkQFjAB&url=http%3A%2F%2Fwww.dialyse-calw.de%2F&ei=ijOrUaPjMMqRtQbf74CIBw&usg=AFQjCNECMxQiO0NOt3ERqW1uzT1RIToCeg&sig2=PRRnxYJq-uPBL8_hMkznkA&bvm=bv.47244034,d.Yms" "Mozilla/5.0 (Macintosh; Intel Mac OS X 10_7_5) AppleWebKit/536.29.13 (KHTML, like Gecko) Version/6.0.4 Safari/536.29.13"
91.45.148.248 - - [02/Jun/2013:14:00:38 +0200] "GET /00start.swf HTTP/1.1" 200 8575 "http://www.dialyse-calw.de/" "Mozilla/5.0 (Macintosh; Intel Mac OS X 10_7_5) AppleWebKit/536.29.13 (KHTML, like Gecko) Version/6.0.4 Safari/536.29.13"
91.45.148.248 - - [02/Jun/2013:14:00:38 +0200] "GET /favicon.ico HTTP/1.1" 404 1256 "http://www.dialyse-calw.de/" "Mozilla/5.0 (Macintosh; Intel Mac OS X 10_7_5) AppleWebKit/536.29.13 (KHTML, like Gecko) Version/6.0.4 Safari/536.29.13"
91.45.148.248 - - [02/Jun/2013:14:00:56 +0200] "GET /00themen00.html HTTP/1.1" 200 2254 "http://www.dialyse-calw.de/" "Mozilla/5.0 (Macintosh; Intel Mac OS X 10_7_5) AppleWebKit/536.29.13 (KHTML, like Gecko) Version/6.0.4 Safari/536.29.13"
91.45.148.248 - - [02/Jun/2013:14:00:56 +0200] "GET /AC_RunActiveContent.js HTTP/1.1" 200 8029 "http://www.dialyse-calw.de/00themen00.html" "Mozilla/5.0 (Macintosh; Intel Mac OS X 10_7_5) AppleWebKit/536.29.13 (KHTML, like Gecko) Version/6.0.4 Safari/536.29.13"
91.45.148.248 - - [02/Jun/2013:14:00:56 +0200] "GET /00themen00.swf HTTP/1.1" 200 136579 "http://www.dialyse-calw.de/00themen00.html" "Mozilla/5.0 (Macintosh; Intel Mac OS X 10_7_5) AppleWebKit/536.29.13 (KHTML, like Gecko) Version/6.0.4 Safari/536.29.13"
91.45.148.248 - - [02/Jun/2013:14:01:01 +0200] "GET /05.html HTTP/1.1" 200 1982 "http://www.dialyse-calw.de/00themen00.html" "Mozilla/5.0 (Macintosh; Intel Mac OS X 10_7_5) AppleWebKit/536.29.13 (KHTML, like Gecko) Version/6.0.4 Safari/536.29.13"
91.45.148.248 - - [02/Jun/2013:14:01:02 +0200] "GET /05.swf HTTP/1.1" 200 58083 "http://www.dialyse-calw.de/05.html" "Mozilla/5.0 (Macintosh; Intel Mac OS X 10_7_5) AppleWebKit/536.29.13 (KHTML, like Gecko) Version/6.0.4 Safari/536.29.13"
91.45.148.248 - - [02/Jun/2013:14:01:06 +0200] "GET /03a.html HTTP/1.1" 200 1991 "http://www.dialyse-calw.de/00themen00.html" "Mozilla/5.0 (Macintosh; Intel Mac OS X 10_7_5) AppleWebKit/536.29.13 (KHTML, like Gecko) Version/6.0.4 Safari/536.29.13"
91.45.148.248 - - [02/Jun/2013:14:01:06 +0200] "GET /03a.swf HTTP/1.1" 200 94997 "http://www.dialyse-calw.de/03a.html" "Mozilla/5.0 (Macintosh; Intel Mac OS X 10_7_5) AppleWebKit/536.29.13 (KHTML, like Gecko) Version/6.0.4 Safari/536.29.13"
66.249.75.27 - - [02/Jun/2013:14:40:29 +0200] "GET /04Kartebbb.swf HTTP/1.1" 200 32635 "-" "DoCoMo/2.0 N905i(c100;TB;W24H16) (compatible; Googlebot-Mobile/2.1; +http://www.google.com/bot.html)"
199.19.249.196 - - [02/Jun/2013:14:40:43 +0200] "GET /08.html HTTP/1.1" 200 2005 "-" "Mozilla/4.0 (compatible; MSIE 7.0; Windows NT 5.1; InfoPath.1; .NET CLR 2.0.50727; .NET CLR 1.1.4322; MS-RTC LM 8; .NET CLR 3.0.4506.2152; .NET CLR 3.5.30729)"
91.224.226.196 - - [02/Jun/2013:14:44:25 +0200] "GET /AC_RunActiveContent.js HTTP/1.1" 304 - "-" "Mozilla/4.0 (compatible;)"
66.249.78.36 - - [02/Jun/2013:14:52:31 +0200] "GET /robots.txt HTTP/1.1" 404 1256 "-" "Mozilla/5.0 (compatible; Googlebot/2.1; +http://www.google.com/bot.html)"
66.249.78.36 - - [02/Jun/2013:14:52:31 +0200] "GET / HTTP/1.1" 200 2366 "-" "Mozilla/5.0 (compatible; Googlebot/2.1; +http://www.google.com/bot.html)"
199.19.249.196 - - [02/Jun/2013:14:54:23 +0200] "GET / HTTP/1.1" 200 2366 "-" "Mozilla/4.0 (compatible; MSIE 7.0; Windows NT 5.1; InfoPath.1; .NET CLR 2.0.50727; .NET CLR 1.1.4322; MS-RTC LM 8; .NET CLR 3.0.4506.2152; .NET CLR 3.5.30729)"
91.224.226.196 - - [02/Jun/2013:14:54:23 +0200] "GET / HTTP/1.1" 304 - "-" "Mozilla/4.0 (compatible;)"
46.105.114.127 - - [02/Jun/2013:14:58:52 +0200] "GET /09a.swf HTTP/1.1" 200 20604 "-" "Mozilla/5.0 (X11; Linux i686; rv:6.0) Gecko/20100101 Firefox/6.0"
157.55.35.113 - - [02/Jun/2013:15:16:41 +0200] "GET /robots.txt HTTP/1.1" 404 1256 "-" "Mozilla/5.0 (compatible; bingbot/2.0; +http://www.bing.com/bingbot.htm)"
157.55.35.113 - - [02/Jun/2013:15:17:12 +0200] "GET / HTTP/1.1" 200 2366 "-" "Mozilla/5.0 (compatible; bingbot/2.0; +http://www.bing.com/bingbot.htm)"
84.160.0.176 - - [02/Jun/2013:15:41:44 +0200] "GET /00themen00.html HTTP/1.1" 200 2254 "-" "Mozilla/5.0 (Macintosh; Intel Mac OS X 10_8_3) AppleWebKit/536.29.13 (KHTML, like Gecko) Version/6.0.4 Safari/536.29.13"
84.160.0.176 - - [02/Jun/2013:15:41:44 +0200] "GET /AC_RunActiveContent.js HTTP/1.1" 200 8029 "http://www.dialyse-calw.de/00themen00.html" "Mozilla/5.0 (Macintosh; Intel Mac OS X 10_8_3) AppleWebKit/536.29.13 (KHTML, like Gecko) Version/6.0.4 Safari/536.29.13"
157.55.33.253 - - [02/Jun/2013:15:47:58 +0200] "GET /robots.txt HTTP/1.1" 404 1256 "-" "Mozilla/5.0 (compatible; bingbot/2.0; +http://www.bing.com/bingbot.htm)"
157.55.33.253 - - [02/Jun/2013:15:48:49 +0200] "GET / HTTP/1.1" 200 2366 "-" "Mozilla/5.0 (compatible; bingbot/2.0; +http://www.bing.com/bingbot.htm)"
5.9.7.208 - - [02/Jun/2013:16:34:38 +0200] "GET /robots.txt HTTP/1.0" 404 1256 "-" "Mozilla/5.0 (compatible; MJ12bot/v1.4.3; http://www.majestic12.co.uk/bot.php?+)"
5.9.7.208 - - [02/Jun/2013:16:34:43 +0200] "GET / HTTP/1.0" 200 2366 "-" "Mozilla/5.0 (compatible; MJ12bot/v1.4.3; http://www.majestic12.co.uk/bot.php?+)"
5.9.7.208 - - [02/Jun/2013:16:34:57 +0200] "GET /robots.txt HTTP/1.0" 404 1256 "-" "Mozilla/5.0 (compatible; MJ12bot/v1.4.3; http://www.majestic12.co.uk/bot.php?+)"
5.9.7.208 - - [02/Jun/2013:16:34:57 +0200] "GET /robots.txt HTTP/1.0" 404 1256 "-" "Mozilla/5.0 (compatible; MJ12bot/v1.4.3; http://www.majestic12.co.uk/bot.php?+)"
5.9.7.208 - - [02/Jun/2013:16:35:03 +0200] "GET / HTTP/1.0" 200 2366 "-" "Mozilla/5.0 (compatible; MJ12bot/v1.4.3; http://www.majestic12.co.uk/bot.php?+)"
5.9.7.208 - - [02/Jun/2013:16:35:03 +0200] "GET / HTTP/1.0" 200 2366 "-" "Mozilla/5.0 (compatible; MJ12bot/v1.4.3; http://www.majestic12.co.uk/bot.php?+)"
5.9.7.208 - - [02/Jun/2013:16:35:24 +0200] "GET /robots.txt HTTP/1.0" 404 1256 "-" "Mozilla/5.0 (compatible; MJ12bot/v1.4.3; http://www.majestic12.co.uk/bot.php?+)"
5.9.7.208 - - [02/Jun/2013:16:35:32 +0200] "GET / HTTP/1.0" 200 2366 "-" "Mozilla/5.0 (compatible; MJ12bot/v1.4.3; http://www.majestic12.co.uk/bot.php?+)"
79.220.229.11 - - [02/Jun/2013:16:56:53 +0200] "GET / HTTP/1.1" 200 2366 "http://www.siloah.de/content.php" "Mozilla/5.0 (compatible; MSIE 9.0; Windows NT 6.0; Trident/5.0; tb-webde/1.7.0)"
79.220.229.11 - - [02/Jun/2013:16:56:53 +0200] "HEAD /00start.swf HTTP/1.1" 200 - "-" "contype"
79.220.229.11 - - [02/Jun/2013:16:56:53 +0200] "GET /00start.swf HTTP/1.1" 200 8575 "http://www.dialyse-calw.de/" "Mozilla/5.0 (compatible; MSIE 9.0; Windows NT 6.0; Trident/5.0; tb-webde/1.7.0)"
79.220.229.11 - - [02/Jun/2013:16:56:56 +0200] "GET /00themen00.html HTTP/1.1" 200 2254 "http://www.dialyse-calw.de/00start.swf" "Mozilla/5.0 (compatible; MSIE 9.0; Windows NT 6.0; Trident/5.0; tb-webde/1.7.0)"
79.220.229.11 - - [02/Jun/2013:16:56:56 +0200] "GET /AC_RunActiveContent.js HTTP/1.1" 200 8029 "http://www.dialyse-calw.de/00start.swf" "Mozilla/5.0 (compatible; MSIE 9.0; Windows NT 6.0; Trident/5.0; tb-webde/1.7.0)"
79.220.229.11 - - [02/Jun/2013:16:56:56 +0200] "GET /AC_RunActiveContent.js HTTP/1.1" 200 8029 "http://www.dialyse-calw.de/00themen00.html" "Mozilla/5.0 (compatible; MSIE 9.0; Windows NT 6.0; Trident/5.0; tb-webde/1.7.0)"
79.220.229.11 - - [02/Jun/2013:16:56:56 +0200] "GET /00themen00.swf HTTP/1.1" 200 136579 "http://www.dialyse-calw.de/00themen00.html" "Mozilla/5.0 (compatible; MSIE 9.0; Windows NT 6.0; Trident/5.0; tb-webde/1.7.0)"
79.220.229.11 - - [02/Jun/2013:16:56:57 +0200] "GET /favicon.ico HTTP/1.1" 404 1256 "-" "Mozilla/5.0 (compatible; MSIE 9.0; Windows NT 6.0; Trident/5.0; tb-webde/1.7.0)"
79.220.229.11 - - [02/Jun/2013:16:56:59 +0200] "GET /03.html HTTP/1.1" 200 1982 "http://www.dialyse-calw.de/00themen00.swf" "Mozilla/5.0 (compatible; MSIE 9.0; Windows NT 6.0; Trident/5.0; tb-webde/1.7.0)"
79.220.229.11 - - [02/Jun/2013:16:56:59 +0200] "GET /03.swf HTTP/1.1" 200 74505 "http://www.dialyse-calw.de/03.html" "Mozilla/5.0 (compatible; MSIE 9.0; Windows NT 6.0; Trident/5.0; tb-webde/1.7.0)"
79.220.229.11 - - [02/Jun/2013:16:57:00 +0200] "GET /favicon.ico HTTP/1.1" 404 1256 "-" "Mozilla/5.0 (compatible; MSIE 9.0; Windows NT 6.0; Trident/5.0; tb-webde/1.7.0)"
79.220.229.11 - - [02/Jun/2013:16:57:10 +0200] "HEAD /00start.swf HTTP/1.1" 200 - "-" "contype"
66.249.75.58 - - [02/Jun/2013:17:10:33 +0200] "GET /04Karteccc.swf HTTP/1.1" 200 32338 "-" "DoCoMo/2.0 N905i(c100;TB;W24H16) (compatible; Googlebot-Mobile/2.1; +http://www.google.com/bot.html)"
84.160.0.176 - - [02/Jun/2013:17:13:28 +0200] "GET /00themen00.html HTTP/1.1" 200 2254 "-" "Mozilla/5.0 (Macintosh; Intel Mac OS X 10_8_3) AppleWebKit/536.29.13 (KHTML, like Gecko) Version/6.0.4 Safari/536.29.13"
84.160.0.176 - - [02/Jun/2013:17:13:28 +0200] "GET /AC_RunActiveContent.js HTTP/1.1" 200 8029 "http://www.dialyse-calw.de/00themen00.html" "Mozilla/5.0 (Macintosh; Intel Mac OS X 10_8_3) AppleWebKit/536.29.13 (KHTML, like Gecko) Version/6.0.4 Safari/536.29.13"
66.249.78.187 - - [02/Jun/2013:17:21:56 +0200] "GET /06.html HTTP/1.1" 304 - "-" "Mozilla/5.0 (compatible; Googlebot/2.1; +http://www.google.com/bot.html)"
66.249.78.187 - - [02/Jun/2013:18:32:12 +0200] "GET /00themen00.swf HTTP/1.1" 200 136579 "-" "Mozilla/5.0 (iPhone; U; CPU iPhone OS 4_1 like Mac OS X; en-us) AppleWebKit/532.9 (KHTML, like Gecko) Version/4.0.5 Mobile/8B117 Safari/6531.22.7 (compatible; Googlebot-Mobile/2.1; +http://www.google.com/bot.html)"
66.249.78.235 - - [02/Jun/2013:19:21:43 +0200] "GET /robots.txt HTTP/1.1" 404 1256 "-" "Mozilla/5.0 (compatible; Googlebot/2.1; +http://www.google.com/bot.html)"
66.249.78.235 - - [02/Jun/2013:19:21:43 +0200] "GET /09.swf HTTP/1.1" 200 23096 "-" "Mozilla/5.0 (iPhone; U; CPU iPhone OS 4_1 like Mac OS X; en-us) AppleWebKit/532.9 (KHTML, like Gecko) Version/4.0.5 Mobile/8B117 Safari/6531.22.7 (compatible; Googlebot-Mobile/2.1; +http://www.google.com/bot.html)"
157.55.33.84 - - [02/Jun/2013:19:26:22 +0200] "GET /robots.txt HTTP/1.1" 404 1256 "-" "Mozilla/5.0 (compatible; bingbot/2.0; +http://www.bing.com/bingbot.htm)"
157.55.33.84 - - [02/Jun/2013:19:27:15 +0200] "GET / HTTP/1.1" 200 2366 "-" "Mozilla/5.0 (compatible; bingbot/2.0; +http://www.bing.com/bingbot.htm)"
176.9.149.54 - - [02/Jun/2013:19:46:57 +0200] "GET /robots.txt HTTP/1.1" 404 1256 "-" "Mozilla/5.0 (compatible; SearchmetricsBot; http://www.searchmetrics.com/en/searchmetrics-bot/)"
176.9.149.54 - - [02/Jun/2013:19:46:57 +0200] "GET / HTTP/1.1" 200 2366 "-" "Mozilla/5.0 (compatible; SearchmetricsBot; http://www.searchmetrics.com/en/searchmetrics-bot/)"
178.77.126.55 - - [02/Jun/2013:19:52:39 +0200] "GET /robots.txt HTTP/1.1" 404 1256 "-" "Mozilla/5.0 (compatible; CareerBot/1.1; +http://www.career-x.de/bot.html)"
178.77.126.55 - - [02/Jun/2013:19:52:39 +0200] "GET / HTTP/1.1" 200 2366 "-" "Mozilla/5.0 (compatible; CareerBot/1.1; +http://www.career-x.de/bot.html)"
178.77.126.55 - - [02/Jun/2013:20:00:39 +0200] "GET /robots.txt HTTP/1.1" 404 1256 "-" "Mozilla/5.0 (compatible; CareerBot/1.1; +http://www.career-x.de/bot.html)"
178.77.126.55 - - [02/Jun/2013:20:00:39 +0200] "GET / HTTP/1.1" 200 2366 "-" "Mozilla/5.0 (compatible; CareerBot/1.1; +http://www.career-x.de/bot.html)"
198.50.102.148 - - [02/Jun/2013:21:17:42 +0200] "GET / HTTP/1.1" 200 2366 "http://www.dialyse-calw.de" "Mozilla/5.0 (Windows NT 6.1; rv:14.0) Gecko/20100101 Firefox/14.0.1"
93.219.171.160 - - [02/Jun/2013:21:21:11 +0200] "GET /00start.swf HTTP/1.1" 200 8575 "-" "Mozilla/5.0 (Windows; U; Windows NT 6.0; de; rv:1.9.2.3) Gecko/20100401 Firefox/3.6.3 ( .NET CLR 3.5.30729)"
5.9.7.208 - - [02/Jun/2013:22:05:16 +0200] "GET /robots.txt HTTP/1.0" 404 1256 "-" "Mozilla/5.0 (compatible; MJ12bot/v1.4.3; http://www.majestic12.co.uk/bot.php?+)"
5.9.7.208 - - [02/Jun/2013:22:05:23 +0200] "GET /dialyse.htm HTTP/1.0" 404 1256 "-" "Mozilla/5.0 (compatible; MJ12bot/v1.4.3; http://www.majestic12.co.uk/bot.php?+)"
5.9.7.208 - - [02/Jun/2013:22:05:37 +0200] "GET /robots.txt HTTP/1.0" 404 1256 "-" "Mozilla/5.0 (compatible; MJ12bot/v1.4.3; http://www.majestic12.co.uk/bot.php?+)"
5.9.7.208 - - [02/Jun/2013:22:06:10 +0200] "GET /header.htm HTTP/1.0" 404 1256 "-" "Mozilla/5.0 (compatible; MJ12bot/v1.4.3; http://www.majestic12.co.uk/bot.php?+)"
5.9.7.208 - - [02/Jun/2013:22:06:49 +0200] "GET /home.htm HTTP/1.0" 404 1256 "-" "Mozilla/5.0 (compatible; MJ12bot/v1.4.3; http://www.majestic12.co.uk/bot.php?+)"
79.220.247.141 - - [02/Jun/2013:22:07:23 +0200] "GET / HTTP/1.1" 200 2366 "http://suche.t-online.de/fast-cgi/tsc?q=k%C3%BCtemeyer+pforzheim&tstmp=1370203541055&adtest=&mandant=toi&dia=suche&context=internet-tab&ptl=std&start=0&num=10&cr=&sb=top" "Mozilla/4.0 (compatible; MSIE 7.0; TOB 6.07; Windows NT 6.1; Trident/6.0; SLCC2; .NET CLR 2.0.50727; .NET CLR 3.5.30729; .NET CLR 3.0.30729; Media Center PC 6.0; .NET4.0C; Tablet PC 2.0; BRI/2; OfficeLiveConnector.1.5; OfficeLivePatch.1.3)"
79.220.247.141 - - [02/Jun/2013:22:07:23 +0200] "HEAD /00start.swf HTTP/1.1" 200 - "-" "contype"
79.220.247.141 - - [02/Jun/2013:22:07:23 +0200] "GET /00start.swf HTTP/1.1" 200 8575 "http://www.dialyse-calw.de/" "Mozilla/4.0 (compatible; MSIE 7.0; Windows NT 6.1; Trident/6.0; SLCC2; .NET CLR 2.0.50727; .NET CLR 3.5.30729; .NET CLR 3.0.30729; Media Center PC 6.0; .NET4.0C; Tablet PC 2.0; BRI/2; OfficeLiveConnector.1.5; OfficeLivePatch.1.3)"
79.220.247.141 - - [02/Jun/2013:22:07:24 +0200] "GET /favicon.ico HTTP/1.1" 404 1256 "-" "T-Online Browser"
79.220.247.141 - - [02/Jun/2013:22:07:28 +0200] "GET /00themen00.html HTTP/1.1" 200 2254 "http://www.dialyse-calw.de/00start.swf" "Mozilla/4.0 (compatible; MSIE 7.0; TOB 6.07; Windows NT 6.1; Trident/6.0; SLCC2; .NET CLR 2.0.50727; .NET CLR 3.5.30729; .NET CLR 3.0.30729; Media Center PC 6.0; .NET4.0C; Tablet PC 2.0; BRI/2; OfficeLiveConnector.1.5; OfficeLivePatch.1.3)"
79.220.247.141 - - [02/Jun/2013:22:07:28 +0200] "GET /AC_RunActiveContent.js HTTP/1.1" 200 8029 "http://www.dialyse-calw.de/00start.swf" "Mozilla/4.0 (compatible; MSIE 7.0; TOB 6.07; Windows NT 6.1; Trident/6.0; SLCC2; .NET CLR 2.0.50727; .NET CLR 3.5.30729; .NET CLR 3.0.30729; Media Center PC 6.0; .NET4.0C; Tablet PC 2.0; BRI/2; OfficeLiveConnector.1.5; OfficeLivePatch.1.3)"
79.220.247.141 - - [02/Jun/2013:22:07:28 +0200] "GET /00themen00.swf HTTP/1.1" 200 136579 "http://www.dialyse-calw.de/00themen00.html" "Mozilla/4.0 (compatible; MSIE 7.0; Windows NT 6.1; Trident/6.0; SLCC2; .NET CLR 2.0.50727; .NET CLR 3.5.30729; .NET CLR 3.0.30729; Media Center PC 6.0; .NET4.0C; Tablet PC 2.0; BRI/2; OfficeLiveConnector.1.5; OfficeLivePatch.1.3)"
79.220.247.141 - - [02/Jun/2013:22:07:31 +0200] "GET /03.html HTTP/1.1" 200 1982 "http://www.dialyse-calw.de/00themen00.swf" "Mozilla/4.0 (compatible; MSIE 7.0; TOB 6.07; Windows NT 6.1; Trident/6.0; SLCC2; .NET CLR 2.0.50727; .NET CLR 3.5.30729; .NET CLR 3.0.30729; Media Center PC 6.0; .NET4.0C; Tablet PC 2.0; BRI/2; OfficeLiveConnector.1.5; OfficeLivePatch.1.3)"
79.220.247.141 - - [02/Jun/2013:22:07:31 +0200] "GET /03.swf HTTP/1.1" 200 74505 "http://www.dialyse-calw.de/03.html" "Mozilla/4.0 (compatible; MSIE 7.0; Windows NT 6.1; Trident/6.0; SLCC2; .NET CLR 2.0.50727; .NET CLR 3.5.30729; .NET CLR 3.0.30729; Media Center PC 6.0; .NET4.0C; Tablet PC 2.0; BRI/2; OfficeLiveConnector.1.5; OfficeLivePatch.1.3)"
5.9.7.208 - - [02/Jun/2013:22:07:46 +0200] "GET /leer.htm HTTP/1.0" 404 1256 "-" "Mozilla/5.0 (compatible; MJ12bot/v1.4.3; http://www.majestic12.co.uk/bot.php?+)"
79.220.247.141 - - [02/Jun/2013:22:07:59 +0200] "HEAD /00start.swf HTTP/1.1" 200 - "-" "contype"
79.220.247.141 - - [02/Jun/2013:22:08:07 +0200] "GET / HTTP/1.1" 200 2366 "http://www.dialyse-calw.de/" "Mozilla/4.0 (compatible; MSIE 7.0; TOB 6.07; Windows NT 6.1; Trident/6.0; SLCC2; .NET CLR 2.0.50727; .NET CLR 3.5.30729; .NET CLR 3.0.30729; Media Center PC 6.0; .NET4.0C; Tablet PC 2.0; BRI/2; OfficeLiveConnector.1.5; OfficeLivePatch.1.3)"
79.220.247.141 - - [02/Jun/2013:22:08:07 +0200] "HEAD /00start.swf HTTP/1.1" 200 - "-" "contype"
79.220.247.141 - - [02/Jun/2013:22:08:07 +0200] "GET /00start.swf HTTP/1.1" 200 8575 "http://www.dialyse-pforzheim.de/" "Mozilla/4.0 (compatible; MSIE 7.0; Windows NT 6.1; Trident/6.0; SLCC2; .NET CLR 2.0.50727; .NET CLR 3.5.30729; .NET CLR 3.0.30729; Media Center PC 6.0; .NET4.0C; Tablet PC 2.0; BRI/2; OfficeLiveConnector.1.5; OfficeLivePatch.1.3)"
79.220.247.141 - - [02/Jun/2013:22:08:08 +0200] "GET /favicon.ico HTTP/1.1" 404 1256 "-" "T-Online Browser"
79.220.247.141 - - [02/Jun/2013:22:08:09 +0200] "GET /00themen00.html HTTP/1.1" 200 2254 "http://www.dialyse-pforzheim.de/00start.swf" "Mozilla/4.0 (compatible; MSIE 7.0; TOB 6.07; Windows NT 6.1; Trident/6.0; SLCC2; .NET CLR 2.0.50727; .NET CLR 3.5.30729; .NET CLR 3.0.30729; Media Center PC 6.0; .NET4.0C; Tablet PC 2.0; BRI/2; OfficeLiveConnector.1.5; OfficeLivePatch.1.3)"
79.220.247.141 - - [02/Jun/2013:22:08:09 +0200] "GET /AC_RunActiveContent.js HTTP/1.1" 200 8029 "http://www.dialyse-pforzheim.de/00start.swf" "Mozilla/4.0 (compatible; MSIE 7.0; TOB 6.07; Windows NT 6.1; Trident/6.0; SLCC2; .NET CLR 2.0.50727; .NET CLR 3.5.30729; .NET CLR 3.0.30729; Media Center PC 6.0; .NET4.0C; Tablet PC 2.0; BRI/2; OfficeLiveConnector.1.5; OfficeLivePatch.1.3)"
79.220.247.141 - - [02/Jun/2013:22:08:09 +0200] "GET /00themen00.swf HTTP/1.1" 200 136579 "http://www.dialyse-pforzheim.de/00themen00.html" "Mozilla/4.0 (compatible; MSIE 7.0; Windows NT 6.1; Trident/6.0; SLCC2; .NET CLR 2.0.50727; .NET CLR 3.5.30729; .NET CLR 3.0.30729; Media Center PC 6.0; .NET4.0C; Tablet PC 2.0; BRI/2; OfficeLiveConnector.1.5; OfficeLivePatch.1.3)"
79.220.247.141 - - [02/Jun/2013:22:08:15 +0200] "GET /08.html HTTP/1.1" 200 2005 "http://www.dialyse-pforzheim.de/00themen00.swf" "Mozilla/4.0 (compatible; MSIE 7.0; TOB 6.07; Windows NT 6.1; Trident/6.0; SLCC2; .NET CLR 2.0.50727; .NET CLR 3.5.30729; .NET CLR 3.0.30729; Media Center PC 6.0; .NET4.0C; Tablet PC 2.0; BRI/2; OfficeLiveConnector.1.5; OfficeLivePatch.1.3)"
79.220.247.141 - - [02/Jun/2013:22:08:15 +0200] "GET /08.swf HTTP/1.1" 200 20405 "http://www.dialyse-pforzheim.de/08.html" "Mozilla/4.0 (compatible; MSIE 7.0; Windows NT 6.1; Trident/6.0; SLCC2; .NET CLR 2.0.50727; .NET CLR 3.5.30729; .NET CLR 3.0.30729; Media Center PC 6.0; .NET4.0C; Tablet PC 2.0; BRI/2; OfficeLiveConnector.1.5; OfficeLivePatch.1.3)"
79.220.247.141 - - [02/Jun/2013:22:08:31 +0200] "GET /02.html HTTP/1.1" 200 1982 "http://www.dialyse-pforzheim.de/00themen00.swf" "Mozilla/4.0 (compatible; MSIE 7.0; TOB 6.07; Windows NT 6.1; Trident/6.0; SLCC2; .NET CLR 2.0.50727; .NET CLR 3.5.30729; .NET CLR 3.0.30729; Media Center PC 6.0; .NET4.0C; Tablet PC 2.0; BRI/2; OfficeLiveConnector.1.5; OfficeLivePatch.1.3)"
79.220.247.141 - - [02/Jun/2013:22:08:32 +0200] "GET /02.swf HTTP/1.1" 200 22781 "http://www.dialyse-pforzheim.de/02.html" "Mozilla/4.0 (compatible; MSIE 7.0; Windows NT 6.1; Trident/6.0; SLCC2; .NET CLR 2.0.50727; .NET CLR 3.5.30729; .NET CLR 3.0.30729; Media Center PC 6.0; .NET4.0C; Tablet PC 2.0; BRI/2; OfficeLiveConnector.1.5; OfficeLivePatch.1.3)"
79.220.247.141 - - [02/Jun/2013:22:08:40 +0200] "GET /04.html HTTP/1.1" 200 2106 "http://www.dialyse-pforzheim.de/00themen00.swf" "Mozilla/4.0 (compatible; MSIE 7.0; TOB 6.07; Windows NT 6.1; Trident/6.0; SLCC2; .NET CLR 2.0.50727; .NET CLR 3.5.30729; .NET CLR 3.0.30729; Media Center PC 6.0; .NET4.0C; Tablet PC 2.0; BRI/2; OfficeLiveConnector.1.5; OfficeLivePatch.1.3)"
79.220.247.141 - - [02/Jun/2013:22:08:40 +0200] "GET /04.swf HTTP/1.1" 200 62769 "http://www.dialyse-pforzheim.de/04.html" "Mozilla/4.0 (compatible; MSIE 7.0; Windows NT 6.1; Trident/6.0; SLCC2; .NET CLR 2.0.50727; .NET CLR 3.5.30729; .NET CLR 3.0.30729; Media Center PC 6.0; .NET4.0C; Tablet PC 2.0; BRI/2; OfficeLiveConnector.1.5; OfficeLivePatch.1.3)"
