62.12.221.165 - - [06/Jun/2013:13:04:14 +0200] "GET / HTTP/1.1" 200 2366 "http://www.google.de/url?sa=t&rct=j&q=dialyse%20pforzheim&source=web&cd=1&ved=0CDIQFjAA&url=http%3A%2F%2Fwww.dialyse-calw.de%2F&ei=l2uwUdj7KMSf7AbD24DQBw&usg=AFQjCNECMxQiO0NOt3ERqW1uzT1RIToCeg&bvm=bv.47534661,d.ZGU" "Mozilla/5.0 (iPad; U; CPU OS 4_3_5 like Mac OS X; de-de) AppleWebKit/533.17.9 (KHTML, like Gecko) Version/5.0.2 Mobile/8L1 Safari/6533.18.5"
62.12.221.165 - - [06/Jun/2013:13:04:26 +0200] "GET / HTTP/1.1" 200 2366 "http://www.google.de/url?sa=t&rct=j&q=dialyse%20pforzheim&source=web&cd=1&ved=0CDIQFjAA&url=http%3A%2F%2Fwww.dialyse-calw.de%2F&ei=l2uwUdj7KMSf7AbD24DQBw&usg=AFQjCNECMxQiO0NOt3ERqW1uzT1RIToCeg&bvm=bv.47534661,d.ZGU" "Mozilla/5.0 (iPad; U; CPU OS 4_3_5 like Mac OS X; de-de) AppleWebKit/533.17.9 (KHTML, like Gecko) Version/5.0.2 Mobile/8L1 Safari/6533.18.5"
62.12.221.165 - - [06/Jun/2013:13:04:28 +0200] "GET / HTTP/1.1" 200 2366 "http://www.google.de/url?sa=t&rct=j&q=dialyse%20pforzheim&source=web&cd=1&ved=0CDIQFjAA&url=http%3A%2F%2Fwww.dialyse-calw.de%2F&ei=l2uwUdj7KMSf7AbD24DQBw&usg=AFQjCNECMxQiO0NOt3ERqW1uzT1RIToCeg&bvm=bv.47534661,d.ZGU" "Mozilla/5.0 (iPad; U; CPU OS 4_3_5 like Mac OS X; de-de) AppleWebKit/533.17.9 (KHTML, like Gecko) Version/5.0.2 Mobile/8L1 Safari/6533.18.5"
62.12.221.165 - - [06/Jun/2013:13:04:30 +0200] "GET / HTTP/1.1" 200 2366 "http://www.google.de/url?sa=t&rct=j&q=dialyse%20pforzheim&source=web&cd=1&ved=0CDIQFjAA&url=http%3A%2F%2Fwww.dialyse-calw.de%2F&ei=l2uwUdj7KMSf7AbD24DQBw&usg=AFQjCNECMxQiO0NOt3ERqW1uzT1RIToCeg&bvm=bv.47534661,d.ZGU" "Mozilla/5.0 (iPad; U; CPU OS 4_3_5 like Mac OS X; de-de) AppleWebKit/533.17.9 (KHTML, like Gecko) Version/5.0.2 Mobile/8L1 Safari/6533.18.5"
62.12.221.165 - - [06/Jun/2013:13:04:35 +0200] "GET / HTTP/1.1" 200 2366 "http://www.google.de/url?sa=t&rct=j&q=dialyse%20pforzheim&source=web&cd=1&ved=0CDIQFjAA&url=http%3A%2F%2Fwww.dialyse-calw.de%2F&ei=l2uwUdj7KMSf7AbD24DQBw&usg=AFQjCNECMxQiO0NOt3ERqW1uzT1RIToCeg&bvm=bv.47534661,d.ZGU" "Mozilla/5.0 (iPad; U; CPU OS 4_3_5 like Mac OS X; de-de) AppleWebKit/533.17.9 (KHTML, like Gecko) Version/5.0.2 Mobile/8L1 Safari/6533.18.5"
62.12.221.165 - - [06/Jun/2013:13:04:37 +0200] "GET / HTTP/1.1" 200 2366 "http://www.google.de/url?sa=t&rct=j&q=dialyse%20pforzheim&source=web&cd=1&ved=0CDIQFjAA&url=http%3A%2F%2Fwww.dialyse-calw.de%2F&ei=l2uwUdj7KMSf7AbD24DQBw&usg=AFQjCNECMxQiO0NOt3ERqW1uzT1RIToCeg&bvm=bv.47534661,d.ZGU" "Mozilla/5.0 (iPad; U; CPU OS 4_3_5 like Mac OS X; de-de) AppleWebKit/533.17.9 (KHTML, like Gecko) Version/5.0.2 Mobile/8L1 Safari/6533.18.5"
62.12.221.165 - - [06/Jun/2013:13:05:04 +0200] "GET / HTTP/1.1" 200 2366 "http://www.google.de/url?sa=t&rct=j&q=dialyse%20pforzheim&source=web&cd=1&ved=0CDIQFjAA&url=http%3A%2F%2Fwww.dialyse-calw.de%2F&ei=l2uwUdj7KMSf7AbD24DQBw&usg=AFQjCNECMxQiO0NOt3ERqW1uzT1RIToCeg&bvm=bv.47534661,d.ZGU" "Mozilla/5.0 (iPad; U; CPU OS 4_3_5 like Mac OS X; de-de) AppleWebKit/533.17.9 (KHTML, like Gecko) Version/5.0.2 Mobile/8L1 Safari/6533.18.5"
62.12.221.165 - - [06/Jun/2013:13:05:06 +0200] "GET / HTTP/1.1" 200 2366 "http://www.google.de/url?sa=t&rct=j&q=dialyse%20pforzheim&source=web&cd=1&ved=0CDIQFjAA&url=http%3A%2F%2Fwww.dialyse-calw.de%2F&ei=l2uwUdj7KMSf7AbD24DQBw&usg=AFQjCNECMxQiO0NOt3ERqW1uzT1RIToCeg&bvm=bv.47534661,d.ZGU" "Mozilla/5.0 (iPad; U; CPU OS 4_3_5 like Mac OS X; de-de) AppleWebKit/533.17.9 (KHTML, like Gecko) Version/5.0.2 Mobile/8L1 Safari/6533.18.5"
62.12.221.165 - - [06/Jun/2013:13:05:09 +0200] "GET / HTTP/1.1" 200 2366 "http://www.google.de/url?sa=t&rct=j&q=dialyse%20pforzheim&source=web&cd=1&ved=0CDIQFjAA&url=http%3A%2F%2Fwww.dialyse-calw.de%2F&ei=l2uwUdj7KMSf7AbD24DQBw&usg=AFQjCNECMxQiO0NOt3ERqW1uzT1RIToCeg&bvm=bv.47534661,d.ZGU" "Mozilla/5.0 (iPad; U; CPU OS 4_3_5 like Mac OS X; de-de) AppleWebKit/533.17.9 (KHTML, like Gecko) Version/5.0.2 Mobile/8L1 Safari/6533.18.5"
62.12.221.165 - - [06/Jun/2013:13:05:12 +0200] "GET / HTTP/1.1" 200 2366 "http://www.google.de/url?sa=t&rct=j&q=dialyse%20pforzheim&source=web&cd=1&ved=0CDIQFjAA&url=http%3A%2F%2Fwww.dialyse-calw.de%2F&ei=l2uwUdj7KMSf7AbD24DQBw&usg=AFQjCNECMxQiO0NOt3ERqW1uzT1RIToCeg&bvm=bv.47534661,d.ZGU" "Mozilla/5.0 (iPad; U; CPU OS 4_3_5 like Mac OS X; de-de) AppleWebKit/533.17.9 (KHTML, like Gecko) Version/5.0.2 Mobile/8L1 Safari/6533.18.5"
62.12.221.165 - - [06/Jun/2013:13:05:14 +0200] "GET / HTTP/1.1" 200 2366 "http://www.google.de/url?sa=t&rct=j&q=dialyse%20pforzheim&source=web&cd=1&ved=0CDIQFjAA&url=http%3A%2F%2Fwww.dialyse-calw.de%2F&ei=l2uwUdj7KMSf7AbD24DQBw&usg=AFQjCNECMxQiO0NOt3ERqW1uzT1RIToCeg&bvm=bv.47534661,d.ZGU" "Mozilla/5.0 (iPad; U; CPU OS 4_3_5 like Mac OS X; de-de) AppleWebKit/533.17.9 (KHTML, like Gecko) Version/5.0.2 Mobile/8L1 Safari/6533.18.5"
62.12.221.165 - - [06/Jun/2013:13:05:16 +0200] "GET / HTTP/1.1" 200 2366 "http://www.google.de/url?sa=t&rct=j&q=dialyse%20pforzheim&source=web&cd=1&ved=0CDIQFjAA&url=http%3A%2F%2Fwww.dialyse-calw.de%2F&ei=l2uwUdj7KMSf7AbD24DQBw&usg=AFQjCNECMxQiO0NOt3ERqW1uzT1RIToCeg&bvm=bv.47534661,d.ZGU" "Mozilla/5.0 (iPad; U; CPU OS 4_3_5 like Mac OS X; de-de) AppleWebKit/533.17.9 (KHTML, like Gecko) Version/5.0.2 Mobile/8L1 Safari/6533.18.5"
62.12.221.165 - - [06/Jun/2013:13:06:00 +0200] "GET / HTTP/1.1" 200 2366 "http://www.google.de/url?sa=t&rct=j&q=dialyse%20pforzheim&source=web&cd=1&ved=0CDIQFjAA&url=http%3A%2F%2Fwww.dialyse-calw.de%2F&ei=l2uwUdj7KMSf7AbD24DQBw&usg=AFQjCNECMxQiO0NOt3ERqW1uzT1RIToCeg&bvm=bv.47534661,d.ZGU" "Mozilla/5.0 (iPad; U; CPU OS 4_3_5 like Mac OS X; de-de) AppleWebKit/533.17.9 (KHTML, like Gecko) Version/5.0.2 Mobile/8L1 Safari/6533.18.5"
62.12.221.165 - - [06/Jun/2013:13:06:18 +0200] "GET / HTTP/1.1" 200 2366 "http://www.google.de/url?sa=t&rct=j&q=dialyse%20pforzheim&source=web&cd=1&ved=0CDIQFjAA&url=http%3A%2F%2Fwww.dialyse-calw.de%2F&ei=l2uwUdj7KMSf7AbD24DQBw&usg=AFQjCNECMxQiO0NOt3ERqW1uzT1RIToCeg&bvm=bv.47534661,d.ZGU" "Mozilla/5.0 (iPad; U; CPU OS 4_3_5 like Mac OS X; de-de) AppleWebKit/533.17.9 (KHTML, like Gecko) Version/5.0.2 Mobile/8L1 Safari/6533.18.5"
62.12.221.165 - - [06/Jun/2013:13:06:26 +0200] "GET / HTTP/1.1" 200 2366 "http://www.google.de/url?sa=t&rct=j&q=dialyse%20pforzheim&source=web&cd=1&ved=0CDIQFjAA&url=http%3A%2F%2Fwww.dialyse-calw.de%2F&ei=l2uwUdj7KMSf7AbD24DQBw&usg=AFQjCNECMxQiO0NOt3ERqW1uzT1RIToCeg&bvm=bv.47534661,d.ZGU" "Mozilla/5.0 (iPad; U; CPU OS 4_3_5 like Mac OS X; de-de) AppleWebKit/533.17.9 (KHTML, like Gecko) Version/5.0.2 Mobile/8L1 Safari/6533.18.5"
62.12.221.165 - - [06/Jun/2013:13:06:29 +0200] "GET / HTTP/1.1" 200 2366 "http://www.google.de/url?sa=t&rct=j&q=dialyse%20pforzheim&source=web&cd=1&ved=0CDIQFjAA&url=http%3A%2F%2Fwww.dialyse-calw.de%2F&ei=l2uwUdj7KMSf7AbD24DQBw&usg=AFQjCNECMxQiO0NOt3ERqW1uzT1RIToCeg&bvm=bv.47534661,d.ZGU" "Mozilla/5.0 (iPad; U; CPU OS 4_3_5 like Mac OS X; de-de) AppleWebKit/533.17.9 (KHTML, like Gecko) Version/5.0.2 Mobile/8L1 Safari/6533.18.5"
62.12.221.165 - - [06/Jun/2013:13:07:52 +0200] "GET / HTTP/1.1" 200 2366 "http://www.google.de/url?sa=t&rct=j&q=dialyse%20pforzheim&source=web&cd=1&ved=0CDIQFjAA&url=http%3A%2F%2Fwww.dialyse-calw.de%2F&ei=l2uwUdj7KMSf7AbD24DQBw&usg=AFQjCNECMxQiO0NOt3ERqW1uzT1RIToCeg&bvm=bv.47534661,d.ZGU" "Mozilla/5.0 (iPad; U; CPU OS 4_3_5 like Mac OS X; de-de) AppleWebKit/533.17.9 (KHTML, like Gecko) Version/5.0.2 Mobile/8L1 Safari/6533.18.5"
62.12.221.165 - - [06/Jun/2013:13:08:39 +0200] "GET / HTTP/1.1" 200 2366 "http://www.google.de/url?sa=t&rct=j&q=dialyse%20pforzheim&source=web&cd=1&ved=0CDIQFjAA&url=http%3A%2F%2Fwww.dialyse-calw.de%2F&ei=cW2wUdSEA6WM7QbysIDIAw&usg=AFQjCNECMxQiO0NOt3ERqW1uzT1RIToCeg&bvm=bv.47534661,d.ZGU" "Mozilla/5.0 (iPad; U; CPU OS 4_3_5 like Mac OS X; de-de) AppleWebKit/533.17.9 (KHTML, like Gecko) Version/5.0.2 Mobile/8L1 Safari/6533.18.5"
62.12.221.165 - - [06/Jun/2013:13:12:05 +0200] "GET /09a.html HTTP/1.1" 200 2059 "http://www.google.de/url?sa=t&rct=j&q=dr%20heinrich%20k%C3%BCtemeyer%20pforzheim&source=web&cd=7&ved=0CEEQFjAG&url=http%3A%2F%2Fwww.dialyse-calw.de%2F09a.html&ei=Gm6wUfLMDvSu7AaftoGoCg&usg=AFQjCNEs7ra8oip9Ivy9h9haJq7d-kwktA&bvm=bv.47534661,d.ZGU" "Mozilla/5.0 (iPad; U; CPU OS 4_3_5 like Mac OS X; de-de) AppleWebKit/533.17.9 (KHTML, like Gecko) Version/5.0.2 Mobile/8L1 Safari/6533.18.5"
62.12.221.165 - - [06/Jun/2013:13:12:05 +0200] "GET /AC_RunActiveContent.js HTTP/1.1" 200 8029 "http://www.dialyse-calw.de/09a.html" "Mozilla/5.0 (iPad; U; CPU OS 4_3_5 like Mac OS X; de-de) AppleWebKit/533.17.9 (KHTML, like Gecko) Version/5.0.2 Mobile/8L1 Safari/6533.18.5"
62.12.221.165 - - [06/Jun/2013:13:12:09 +0200] "GET /09a.html HTTP/1.1" 200 2059 "http://www.google.de/url?sa=t&rct=j&q=dr%20heinrich%20k%C3%BCtemeyer%20pforzheim&source=web&cd=7&ved=0CEEQFjAG&url=http%3A%2F%2Fwww.dialyse-calw.de%2F09a.html&ei=Gm6wUfLMDvSu7AaftoGoCg&usg=AFQjCNEs7ra8oip9Ivy9h9haJq7d-kwktA&bvm=bv.47534661,d.ZGU" "Mozilla/5.0 (iPad; U; CPU OS 4_3_5 like Mac OS X; de-de) AppleWebKit/533.17.9 (KHTML, like Gecko) Version/5.0.2 Mobile/8L1 Safari/6533.18.5"
62.12.221.165 - - [06/Jun/2013:13:12:09 +0200] "GET /AC_RunActiveContent.js HTTP/1.1" 304 - "http://www.dialyse-calw.de/09a.html" "Mozilla/5.0 (iPad; U; CPU OS 4_3_5 like Mac OS X; de-de) AppleWebKit/533.17.9 (KHTML, like Gecko) Version/5.0.2 Mobile/8L1 Safari/6533.18.5"
62.12.221.165 - - [06/Jun/2013:13:12:11 +0200] "GET /09a.html HTTP/1.1" 200 2059 "http://www.google.de/url?sa=t&rct=j&q=dr%20heinrich%20k%C3%BCtemeyer%20pforzheim&source=web&cd=7&ved=0CEEQFjAG&url=http%3A%2F%2Fwww.dialyse-calw.de%2F09a.html&ei=Gm6wUfLMDvSu7AaftoGoCg&usg=AFQjCNEs7ra8oip9Ivy9h9haJq7d-kwktA&bvm=bv.47534661,d.ZGU" "Mozilla/5.0 (iPad; U; CPU OS 4_3_5 like Mac OS X; de-de) AppleWebKit/533.17.9 (KHTML, like Gecko) Version/5.0.2 Mobile/8L1 Safari/6533.18.5"
62.12.221.165 - - [06/Jun/2013:13:12:11 +0200] "GET /AC_RunActiveContent.js HTTP/1.1" 304 - "http://www.dialyse-calw.de/09a.html" "Mozilla/5.0 (iPad; U; CPU OS 4_3_5 like Mac OS X; de-de) AppleWebKit/533.17.9 (KHTML, like Gecko) Version/5.0.2 Mobile/8L1 Safari/6533.18.5"
62.12.221.165 - - [06/Jun/2013:13:12:12 +0200] "GET /09a.html HTTP/1.1" 200 2059 "http://www.google.de/url?sa=t&rct=j&q=dr%20heinrich%20k%C3%BCtemeyer%20pforzheim&source=web&cd=7&ved=0CEEQFjAG&url=http%3A%2F%2Fwww.dialyse-calw.de%2F09a.html&ei=Gm6wUfLMDvSu7AaftoGoCg&usg=AFQjCNEs7ra8oip9Ivy9h9haJq7d-kwktA&bvm=bv.47534661,d.ZGU" "Mozilla/5.0 (iPad; U; CPU OS 4_3_5 like Mac OS X; de-de) AppleWebKit/533.17.9 (KHTML, like Gecko) Version/5.0.2 Mobile/8L1 Safari/6533.18.5"
62.12.221.165 - - [06/Jun/2013:13:12:12 +0200] "GET /AC_RunActiveContent.js HTTP/1.1" 304 - "http://www.dialyse-calw.de/09a.html" "Mozilla/5.0 (iPad; U; CPU OS 4_3_5 like Mac OS X; de-de) AppleWebKit/533.17.9 (KHTML, like Gecko) Version/5.0.2 Mobile/8L1 Safari/6533.18.5"
157.55.35.44 - - [06/Jun/2013:13:22:14 +0200] "GET / HTTP/1.1" 200 2366 "-" "Mozilla/5.0 (compatible; bingbot/2.0; +http://www.bing.com/bingbot.htm)"
157.55.32.77 - - [06/Jun/2013:13:36:00 +0200] "GET /robots.txt HTTP/1.1" 404 1256 "-" "Mozilla/5.0 (compatible; bingbot/2.0; +http://www.bing.com/bingbot.htm)"
157.55.32.77 - - [06/Jun/2013:13:36:46 +0200] "GET /leistungen.htm HTTP/1.1" 404 1256 "-" "Mozilla/5.0 (compatible; bingbot/2.0; +http://www.bing.com/bingbot.htm)"
157.55.32.184 - - [06/Jun/2013:13:53:44 +0200] "GET /01.swf HTTP/1.1" 200 19349 "-" "Mozilla/5.0 (compatible; bingbot/2.0; +http://www.bing.com/bingbot.htm)"
88.72.20.88 - - [06/Jun/2013:14:01:52 +0200] "GET / HTTP/1.1" 200 2366 "-" "findlinks/1.1.6-beta1 (+http://wortschatz.uni-leipzig.de/findlinks/)"
178.255.215.67 - - [06/Jun/2013:14:04:12 +0200] "GET /robots.txt HTTP/1.1" 404 1256 "-" "Mozilla/5.0 (compatible; Exabot/3.0; +http://www.exabot.com/go/robot)"
178.255.215.67 - - [06/Jun/2013:14:04:12 +0200] "GET / HTTP/1.1" 304 - "-" "Mozilla/5.0 (compatible; Exabot/3.0; +http://www.exabot.com/go/robot)"
134.3.254.116 - - [06/Jun/2013:15:50:24 +0200] "GET / HTTP/1.1" 200 2366 "http://www3.dasoertliche.de/Controller?form_name=search_nat_ext&context=1&choose=true&page=1&sst=yes&zvo_ok=1&ci=pforzheim&skw=yes&book=131&image=Finden&action=43&kgs=08231000&kw=Nephrologie&buc=131&sfn=yes" "Mozilla/5.0 (compatible; MSIE 9.0; Windows NT 6.0; Trident/5.0)"
134.3.254.116 - - [06/Jun/2013:15:50:25 +0200] "HEAD /00start.swf HTTP/1.1" 200 - "-" "contype"
134.3.254.116 - - [06/Jun/2013:15:50:25 +0200] "GET /00start.swf HTTP/1.1" 200 8575 "http://www.dialyse-pforzheim.de/" "Mozilla/5.0 (compatible; MSIE 9.0; Windows NT 6.0; Trident/5.0)"
134.3.254.116 - - [06/Jun/2013:15:50:25 +0200] "GET /favicon.ico HTTP/1.1" 404 1256 "-" "Mozilla/5.0 (compatible; MSIE 9.0; Windows NT 6.0; Trident/5.0)"
134.3.254.116 - - [06/Jun/2013:15:50:26 +0200] "GET /favicon.ico HTTP/1.1" 404 1256 "-" "Mozilla/5.0 (compatible; Google Desktop/5.9.1005.12335; http://desktop.google.com/)"
134.3.254.116 - - [06/Jun/2013:15:50:31 +0200] "GET /00themen00.html HTTP/1.1" 200 2254 "http://www.dialyse-pforzheim.de/00start.swf" "Mozilla/5.0 (compatible; MSIE 9.0; Windows NT 6.0; Trident/5.0)"
134.3.254.116 - - [06/Jun/2013:15:50:31 +0200] "GET /AC_RunActiveContent.js HTTP/1.1" 200 8029 "http://www.dialyse-pforzheim.de/00start.swf" "Mozilla/5.0 (compatible; MSIE 9.0; Windows NT 6.0; Trident/5.0)"
134.3.254.116 - - [06/Jun/2013:15:50:31 +0200] "GET /AC_RunActiveContent.js HTTP/1.1" 200 8029 "http://www.dialyse-pforzheim.de/00themen00.html" "Mozilla/5.0 (compatible; MSIE 9.0; Windows NT 6.0; Trident/5.0)"
134.3.254.116 - - [06/Jun/2013:15:50:31 +0200] "GET /00themen00.swf HTTP/1.1" 200 136579 "http://www.dialyse-pforzheim.de/00themen00.html" "Mozilla/5.0 (compatible; MSIE 9.0; Windows NT 6.0; Trident/5.0)"
134.3.254.116 - - [06/Jun/2013:15:50:31 +0200] "GET /favicon.ico HTTP/1.1" 404 1256 "-" "Mozilla/5.0 (compatible; MSIE 9.0; Windows NT 6.0; Trident/5.0)"
134.3.254.116 - - [06/Jun/2013:15:50:45 +0200] "GET /02.html HTTP/1.1" 200 1982 "http://www.dialyse-pforzheim.de/00themen00.swf" "Mozilla/5.0 (compatible; MSIE 9.0; Windows NT 6.0; Trident/5.0)"
134.3.254.116 - - [06/Jun/2013:15:50:45 +0200] "GET /02.swf HTTP/1.1" 200 22781 "http://www.dialyse-pforzheim.de/02.html" "Mozilla/5.0 (compatible; MSIE 9.0; Windows NT 6.0; Trident/5.0)"
134.3.254.116 - - [06/Jun/2013:15:51:40 +0200] "GET /01.html HTTP/1.1" 200 1982 "http://www.dialyse-pforzheim.de/00themen00.swf" "Mozilla/5.0 (compatible; MSIE 9.0; Windows NT 6.0; Trident/5.0)"
134.3.254.116 - - [06/Jun/2013:15:51:40 +0200] "GET /01.swf HTTP/1.1" 200 19349 "http://www.dialyse-pforzheim.de/01.html" "Mozilla/5.0 (compatible; MSIE 9.0; Windows NT 6.0; Trident/5.0)"
83.133.125.202 - - [06/Jun/2013:16:01:08 +0200] "GET / HTTP/1.1" 200 2366 "http://www.sumaja.de/?such_wert=dialyse" "Mozilla/5.0 (Windows; U; Windows NT 6.1; de; rv:1.9.2.8) Gecko/20100722 Firefox/3.6.8 GTB7.1"
157.55.32.112 - - [06/Jun/2013:16:07:01 +0200] "GET /robots.txt HTTP/1.1" 404 1256 "-" "Mozilla/5.0 (compatible; bingbot/2.0; +http://www.bing.com/bingbot.htm)"
157.55.32.112 - - [06/Jun/2013:16:07:45 +0200] "GET /04Kartebbb.swf HTTP/1.1" 200 32635 "-" "Mozilla/5.0 (compatible; bingbot/2.0; +http://www.bing.com/bingbot.htm)"
91.89.121.66 - - [06/Jun/2013:16:08:28 +0200] "GET / HTTP/1.1" 200 2366 "http://www.google.de/url?sa=t&rct=j&q=nephrologie%20nagold&source=web&cd=2&ved=0CEMQFjAB&url=http%3A%2F%2Fwww.dialyse-calw.de%2F&ei=qJewUaK8H_T14QS_1IHYBw&usg=AFQjCNECMxQiO0NOt3ERqW1uzT1RIToCeg" "Mozilla/5.0 (Windows NT 6.0; rv:21.0) Gecko/20100101 Firefox/21.0"
91.89.121.66 - - [06/Jun/2013:16:08:29 +0200] "GET /00start.swf HTTP/1.1" 200 8575 "http://www.dialyse-calw.de/" "Mozilla/5.0 (Windows NT 6.0; rv:21.0) Gecko/20100101 Firefox/21.0"
91.89.121.66 - - [06/Jun/2013:16:08:29 +0200] "GET /favicon.ico HTTP/1.1" 404 1256 "-" "Mozilla/5.0 (Windows NT 6.0; rv:21.0) Gecko/20100101 Firefox/21.0"
91.89.121.66 - - [06/Jun/2013:16:08:30 +0200] "GET /favicon.ico HTTP/1.1" 404 1256 "-" "Mozilla/5.0 (Windows NT 6.0; rv:21.0) Gecko/20100101 Firefox/21.0"
91.89.121.66 - - [06/Jun/2013:16:08:34 +0200] "GET /00themen00.html HTTP/1.1" 200 2254 "http://www.dialyse-calw.de/" "Mozilla/5.0 (Windows NT 6.0; rv:21.0) Gecko/20100101 Firefox/21.0"
91.89.121.66 - - [06/Jun/2013:16:08:35 +0200] "GET /AC_RunActiveContent.js HTTP/1.1" 200 8029 "http://www.dialyse-calw.de/00themen00.html" "Mozilla/5.0 (Windows NT 6.0; rv:21.0) Gecko/20100101 Firefox/21.0"
91.89.121.66 - - [06/Jun/2013:16:08:35 +0200] "GET /00themen00.swf HTTP/1.1" 200 136579 "http://www.dialyse-calw.de/00themen00.html" "Mozilla/5.0 (Windows NT 6.0; rv:21.0) Gecko/20100101 Firefox/21.0"
91.89.121.66 - - [06/Jun/2013:16:08:42 +0200] "GET /03.html HTTP/1.1" 200 1982 "http://www.dialyse-calw.de/00themen00.html" "Mozilla/5.0 (Windows NT 6.0; rv:21.0) Gecko/20100101 Firefox/21.0"
91.89.121.66 - - [06/Jun/2013:16:08:42 +0200] "GET /03.swf HTTP/1.1" 200 74505 "http://www.dialyse-calw.de/03.html" "Mozilla/5.0 (Windows NT 6.0; rv:21.0) Gecko/20100101 Firefox/21.0"
91.89.121.66 - - [06/Jun/2013:16:08:59 +0200] "GET /04.html HTTP/1.1" 200 2106 "http://www.dialyse-calw.de/00themen00.html" "Mozilla/5.0 (Windows NT 6.0; rv:21.0) Gecko/20100101 Firefox/21.0"
91.89.121.66 - - [06/Jun/2013:16:08:59 +0200] "GET /04.swf HTTP/1.1" 200 62769 "http://www.dialyse-calw.de/04.html" "Mozilla/5.0 (Windows NT 6.0; rv:21.0) Gecko/20100101 Firefox/21.0"
91.89.121.66 - - [06/Jun/2013:16:09:06 +0200] "GET /04Karteccc.html HTTP/1.1" 200 2077 "http://www.dialyse-calw.de/04.html" "Mozilla/5.0 (Windows NT 6.0; rv:21.0) Gecko/20100101 Firefox/21.0"
91.89.121.66 - - [06/Jun/2013:16:09:06 +0200] "GET /04Karteccc.swf HTTP/1.1" 200 32338 "http://www.dialyse-calw.de/04Karteccc.html" "Mozilla/5.0 (Windows NT 6.0; rv:21.0) Gecko/20100101 Firefox/21.0"
91.89.121.66 - - [06/Jun/2013:16:10:53 +0200] "GET /02.html HTTP/1.1" 200 1982 "http://www.dialyse-calw.de/00themen00.html" "Mozilla/5.0 (Windows NT 6.0; rv:21.0) Gecko/20100101 Firefox/21.0"
91.89.121.66 - - [06/Jun/2013:16:10:54 +0200] "GET /02.swf HTTP/1.1" 200 22781 "http://www.dialyse-calw.de/02.html" "Mozilla/5.0 (Windows NT 6.0; rv:21.0) Gecko/20100101 Firefox/21.0"
91.89.121.66 - - [06/Jun/2013:16:12:18 +0200] "GET /06.html HTTP/1.1" 200 2278 "http://www.dialyse-calw.de/00themen00.html" "Mozilla/5.0 (Windows NT 6.0; rv:21.0) Gecko/20100101 Firefox/21.0"
91.89.121.66 - - [06/Jun/2013:16:12:18 +0200] "GET /06.swf HTTP/1.1" 200 20731 "http://www.dialyse-calw.de/06.html" "Mozilla/5.0 (Windows NT 6.0; rv:21.0) Gecko/20100101 Firefox/21.0"
91.89.121.66 - - [06/Jun/2013:16:12:31 +0200] "GET /08.html HTTP/1.1" 200 2005 "http://www.dialyse-calw.de/00themen00.html" "Mozilla/5.0 (Windows NT 6.0; rv:21.0) Gecko/20100101 Firefox/21.0"
91.89.121.66 - - [06/Jun/2013:16:12:31 +0200] "GET /08.swf HTTP/1.1" 200 20405 "http://www.dialyse-calw.de/08.html" "Mozilla/5.0 (Windows NT 6.0; rv:21.0) Gecko/20100101 Firefox/21.0"
91.89.121.66 - - [06/Jun/2013:16:14:27 +0200] "GET /03a.html HTTP/1.1" 200 1991 "http://www.dialyse-calw.de/00themen00.html" "Mozilla/5.0 (Windows NT 6.0; rv:21.0) Gecko/20100101 Firefox/21.0"
91.89.121.66 - - [06/Jun/2013:16:14:27 +0200] "GET /03a.swf HTTP/1.1" 200 94997 "http://www.dialyse-calw.de/03a.html" "Mozilla/5.0 (Windows NT 6.0; rv:21.0) Gecko/20100101 Firefox/21.0"
93.205.33.166 - - [06/Jun/2013:16:24:32 +0200] "GET / HTTP/1.1" 200 2366 "http://www.google.de/url?sa=t&rct=j&q=dialyse&source=web&cd=2&ved=0CDsQFjAB&url=http%3A%2F%2Fwww.dialyse-calw.de%2F&ei=bJuwUY_5D4ml4gTDlYH4AQ&usg=AFQjCNECMxQiO0NOt3ERqW1uzT1RIToCeg&bvm=bv.47534661,d.bGE" "Mozilla/5.0 (Windows NT 6.0; rv:10.0.2) Gecko/20100101 Firefox/10.0.2"
93.205.33.166 - - [06/Jun/2013:16:24:34 +0200] "GET /00start.swf HTTP/1.1" 200 8575 "http://www.dialyse-calw.de/" "Mozilla/5.0 (Windows NT 6.0; rv:10.0.2) Gecko/20100101 Firefox/10.0.2"
93.205.33.166 - - [06/Jun/2013:16:24:34 +0200] "GET /favicon.ico HTTP/1.1" 404 1256 "-" "Mozilla/5.0 (Windows NT 6.0; rv:10.0.2) Gecko/20100101 Firefox/10.0.2"
93.205.33.166 - - [06/Jun/2013:16:24:34 +0200] "GET /favicon.ico HTTP/1.1" 404 1256 "-" "Mozilla/5.0 (Windows NT 6.0; rv:10.0.2) Gecko/20100101 Firefox/10.0.2"
93.205.33.166 - - [06/Jun/2013:16:24:37 +0200] "GET /00themen00.html HTTP/1.1" 200 2254 "http://www.dialyse-calw.de/" "Mozilla/5.0 (Windows NT 6.0; rv:10.0.2) Gecko/20100101 Firefox/10.0.2"
93.205.33.166 - - [06/Jun/2013:16:24:37 +0200] "GET /AC_RunActiveContent.js HTTP/1.1" 200 8029 "http://www.dialyse-calw.de/00themen00.html" "Mozilla/5.0 (Windows NT 6.0; rv:10.0.2) Gecko/20100101 Firefox/10.0.2"
93.205.33.166 - - [06/Jun/2013:16:24:38 +0200] "GET /00themen00.swf HTTP/1.1" 200 136579 "http://www.dialyse-calw.de/00themen00.html" "Mozilla/5.0 (Windows NT 6.0; rv:10.0.2) Gecko/20100101 Firefox/10.0.2"
93.205.33.166 - - [06/Jun/2013:16:24:47 +0200] "GET /05.html HTTP/1.1" 200 1982 "http://www.dialyse-calw.de/00themen00.html" "Mozilla/5.0 (Windows NT 6.0; rv:10.0.2) Gecko/20100101 Firefox/10.0.2"
93.205.33.166 - - [06/Jun/2013:16:24:47 +0200] "GET /05.swf HTTP/1.1" 200 58083 "http://www.dialyse-calw.de/05.html" "Mozilla/5.0 (Windows NT 6.0; rv:10.0.2) Gecko/20100101 Firefox/10.0.2"
37.139.52.23 - - [06/Jun/2013:16:37:56 +0200] "GET / HTTP/1.1" 200 2366 "http://greatheale.net/" "Mozilla/4.0 (compatible; MSIE 6.0; Windows NT 5.0; APC; .NET CLR 1.0.3705; .NET CLR 1.1.4322; .NET CLR 2.0.50215; InfoPath.1)"
37.139.52.23 - - [06/Jun/2013:16:37:56 +0200] "GET / HTTP/1.1" 200 2366 "http://greatheale.net/" "Mozilla/4.0 (compatible; MSIE 6.0; Windows NT 5.0; APC; .NET CLR 1.0.3705; .NET CLR 1.1.4322; .NET CLR 2.0.50215; InfoPath.1)"
66.249.78.187 - - [06/Jun/2013:16:41:04 +0200] "GET /robots.txt HTTP/1.1" 404 1256 "-" "Mozilla/5.0 (compatible; Googlebot/2.1; +http://www.google.com/bot.html)"
66.249.78.187 - - [06/Jun/2013:16:41:04 +0200] "GET /04Karteccc.html HTTP/1.1" 304 - "-" "Mozilla/5.0 (iPhone; U; CPU iPhone OS 4_1 like Mac OS X; en-us) AppleWebKit/532.9 (KHTML, like Gecko) Version/4.0.5 Mobile/8B117 Safari/6531.22.7 (compatible; Googlebot-Mobile/2.1; +http://www.google.com/bot.html)"
157.56.92.155 - - [06/Jun/2013:16:46:46 +0200] "GET /04Kartebbb.html HTTP/1.1" 200 2077 "-" "Mozilla/5.0 (compatible; bingbot/2.0; +http://www.bing.com/bingbot.htm)"
199.19.249.196 - - [06/Jun/2013:17:18:14 +0200] "GET /08.html HTTP/1.1" 200 2005 "-" "Mozilla/4.0 (compatible; MSIE 7.0; Windows NT 5.1; InfoPath.1; .NET CLR 2.0.50727; .NET CLR 1.1.4322; MS-RTC LM 8; .NET CLR 3.0.4506.2152; .NET CLR 3.5.30729)"
84.158.166.65 - - [06/Jun/2013:17:22:50 +0200] "GET / HTTP/1.1" 200 2366 "http://www.google.de/url?sa=t&rct=j&q=dialyse%20nagold&source=web&cd=1&sqi=2&ved=0CC4QFjAA&url=http%3A%2F%2Fwww.dialyse-calw.de%2F&ei=GKmwUdKXMaXT4QT-pYFI&usg=AFQjCNECMxQiO0NOt3ERqW1uzT1RIToCeg&bvm=bv.47534661,d.bGE" "Mozilla/5.0 (Windows NT 6.1; WOW64; rv:21.0) Gecko/20100101 Firefox/21.0"
84.158.166.65 - - [06/Jun/2013:17:22:50 +0200] "GET /00start.swf HTTP/1.1" 200 8575 "http://www.dialyse-calw.de/" "Mozilla/5.0 (Windows NT 6.1; WOW64; rv:21.0) Gecko/20100101 Firefox/21.0"
84.158.166.65 - - [06/Jun/2013:17:22:51 +0200] "GET /favicon.ico HTTP/1.1" 404 1256 "-" "Mozilla/5.0 (Windows NT 6.1; WOW64; rv:21.0) Gecko/20100101 Firefox/21.0"
84.158.166.65 - - [06/Jun/2013:17:22:51 +0200] "GET /favicon.ico HTTP/1.1" 404 1256 "-" "Mozilla/5.0 (Windows NT 6.1; WOW64; rv:21.0) Gecko/20100101 Firefox/21.0"
54.228.48.96 - - [06/Jun/2013:18:36:30 +0200] "GET / HTTP/1.1" 200 2366 "-" "Mozilla/5.0 (compatible; HttpConduitDownloader/1.0; +http://hackage.haskell.org/package/http-conduit-downloader; Heins & Partner Impressumscrawler)"
157.56.92.152 - - [06/Jun/2013:18:43:40 +0200] "GET /robots.txt HTTP/1.1" 404 1256 "-" "Mozilla/5.0 (compatible; bingbot/2.0; +http://www.bing.com/bingbot.htm)"
157.56.92.152 - - [06/Jun/2013:18:44:34 +0200] "GET /06.html HTTP/1.1" 200 2278 "-" "Mozilla/5.0 (compatible; bingbot/2.0; +http://www.bing.com/bingbot.htm)"
157.56.92.152 - - [06/Jun/2013:18:44:34 +0200] "GET / HTTP/1.1" 200 2366 "-" "Mozilla/5.0 (compatible; bingbot/2.0; +http://www.bing.com/bingbot.htm)"
157.56.92.152 - - [06/Jun/2013:18:44:34 +0200] "GET /06.swf HTTP/1.1" 200 20731 "-" "Mozilla/5.0 (compatible; bingbot/2.0; +http://www.bing.com/bingbot.htm)"
217.233.151.46 - - [06/Jun/2013:18:54:32 +0200] "GET / HTTP/1.1" 200 2366 "http://www.google.de/url?sa=t&rct=j&q=&esrc=s&source=web&cd=1&ved=0CDQQFjAA&url=http%3A%2F%2Fwww.dialyse-calw.de%2F&ei=k76wUYrGBoT64QTptoDQBw&usg=AFQjCNECMxQiO0NOt3ERqW1uzT1RIToCeg&bvm=bv.47534661,d.bGE" "Mozilla/5.0 (Windows NT 5.1; rv:20.0) Gecko/20100101 Firefox/20.0"
217.233.151.46 - - [06/Jun/2013:18:54:36 +0200] "GET /00start.swf HTTP/1.1" 200 8575 "http://www.dialyse-calw.de/" "Mozilla/5.0 (Windows NT 5.1; rv:20.0) Gecko/20100101 Firefox/20.0"
217.233.151.46 - - [06/Jun/2013:18:54:44 +0200] "GET /00themen00.html HTTP/1.1" 200 2254 "http://www.dialyse-calw.de/" "Mozilla/5.0 (Windows NT 5.1; rv:20.0) Gecko/20100101 Firefox/20.0"
217.233.151.46 - - [06/Jun/2013:18:54:45 +0200] "GET /favicon.ico HTTP/1.1" 404 1256 "-" "Mozilla/5.0 (Windows NT 5.1; rv:20.0) Gecko/20100101 Firefox/20.0"
217.233.151.46 - - [06/Jun/2013:18:54:45 +0200] "GET /AC_RunActiveContent.js HTTP/1.1" 200 8029 "http://www.dialyse-calw.de/00themen00.html" "Mozilla/5.0 (Windows NT 5.1; rv:20.0) Gecko/20100101 Firefox/20.0"
217.233.151.46 - - [06/Jun/2013:18:54:47 +0200] "GET /00themen00.swf HTTP/1.1" 200 136579 "http://www.dialyse-calw.de/00themen00.html" "Mozilla/5.0 (Windows NT 5.1; rv:20.0) Gecko/20100101 Firefox/20.0"
217.233.151.46 - - [06/Jun/2013:18:54:50 +0200] "GET /03.html HTTP/1.1" 200 1982 "http://www.dialyse-calw.de/00themen00.html" "Mozilla/5.0 (Windows NT 5.1; rv:20.0) Gecko/20100101 Firefox/20.0"
217.233.151.46 - - [06/Jun/2013:18:54:52 +0200] "GET /03.swf HTTP/1.1" 200 74505 "http://www.dialyse-calw.de/03.html" "Mozilla/5.0 (Windows NT 5.1; rv:20.0) Gecko/20100101 Firefox/20.0"
85.25.137.24 - - [06/Jun/2013:19:01:14 +0200] "GET /robots.txt HTTP/1.1" 404 1256 "http://netcomber.com" "NCBot (http://netcomber.com : tool for finding true domain owners) Queries/complaints: bot@netcomber.com"
85.25.137.24 - - [06/Jun/2013:19:01:14 +0200] "GET / HTTP/1.1" 200 2366 "http://netcomber.com" "NCBot (http://netcomber.com : tool for finding true domain owners) Queries/complaints: bot@netcomber.com"
213.110.133.221 - - [06/Jun/2013:19:38:47 +0200] "GET / HTTP/1.1" 200 2366 "http://randecan.com/news.php?readmore=76" "Mozilla/4.0 (compatible; Blog Search;)"
213.110.133.221 - - [06/Jun/2013:19:38:49 +0200] "GET / HTTP/1.1" 200 2366 "http://randecan.com/news.php?readmore=76" "Mozilla/4.0 (compatible; Blog Search;)"
141.8.147.12 - - [06/Jun/2013:19:49:50 +0200] "GET /robots.txt HTTP/1.1" 404 1256 "-" "Mozilla/5.0 (compatible; YandexBot/3.0; +http://yandex.com/bots)"
92.224.32.174 - - [06/Jun/2013:19:52:10 +0200] "GET / HTTP/1.1" 200 2366 "-" "UserAgent: Apache-HttpClient/release (java 1.5)"
92.224.32.174 - - [06/Jun/2013:19:52:11 +0200] "GET /impressum.html HTTP/1.1" 404 1256 "-" "UserAgent: Apache-HttpClient/release (java 1.5)"
92.224.32.174 - - [06/Jun/2013:19:52:11 +0200] "GET /impressum.htm HTTP/1.1" 404 1256 "-" "UserAgent: Apache-HttpClient/release (java 1.5)"
46.105.114.127 - - [06/Jun/2013:20:31:40 +0200] "GET /09a.swf HTTP/1.1" 200 20604 "-" "Mozilla/5.0 (X11; Linux i686; rv:6.0) Gecko/20100101 Firefox/6.0"
66.249.78.36 - - [06/Jun/2013:20:35:48 +0200] "GET /robots.txt HTTP/1.1" 404 1256 "-" "Mozilla/5.0 (compatible; Googlebot/2.1; +http://www.google.com/bot.html)"
66.249.78.36 - - [06/Jun/2013:20:35:48 +0200] "GET /index.html HTTP/1.1" 304 - "-" "Mozilla/5.0 (compatible; Googlebot/2.1; +http://www.google.com/bot.html)"
65.55.215.254 - - [06/Jun/2013:21:07:20 +0200] "GET / HTTP/1.1" 200 2366 "-" "Mozilla/4.0 (compatible; MSIE 7.0; Windows NT 5.2; SLCC1; .NET CLR 1.1.4325; .NET CLR 2.0.40607)"
65.55.215.254 - - [06/Jun/2013:21:07:22 +0200] "GET /00start.swf HTTP/1.1" 200 8575 "-" "contype"
65.55.215.254 - - [06/Jun/2013:21:07:23 +0200] "GET /00start.swf HTTP/1.1" 206 8575 "http://www.dialyse-calw.de/" "Mozilla/4.0 (compatible; MSIE 7.0; Windows NT 5.2; SLCC1; .NET CLR 1.1.4325; .NET CLR 2.0.40607)"
66.249.78.187 - - [06/Jun/2013:21:22:13 +0200] "GET / HTTP/1.1" 200 2366 "-" "Mozilla/5.0 (compatible; Googlebot/2.1; +http://www.google.com/bot.html)"
157.55.32.112 - - [06/Jun/2013:23:10:02 +0200] "GET /robots.txt HTTP/1.1" 404 1256 "-" "Mozilla/5.0 (compatible; bingbot/2.0; +http://www.bing.com/bingbot.htm)"
157.55.32.112 - - [06/Jun/2013:23:10:35 +0200] "GET / HTTP/1.1" 200 2366 "-" "Mozilla/5.0 (compatible; bingbot/2.0; +http://www.bing.com/bingbot.htm)"
157.55.32.77 - - [06/Jun/2013:23:15:26 +0200] "GET /robots.txt HTTP/1.1" 404 1256 "-" "Mozilla/5.0 (compatible; bingbot/2.0; +http://www.bing.com/bingbot.htm)"
157.55.32.77 - - [06/Jun/2013:23:16:09 +0200] "GET / HTTP/1.1" 200 2366 "-" "Mozilla/5.0 (compatible; bingbot/2.0; +http://www.bing.com/bingbot.htm)"
141.8.147.12 - - [06/Jun/2013:23:21:30 +0200] "GET /index.html HTTP/1.1" 200 2366 "-" "Mozilla/5.0 (compatible; YandexBot/3.0; +http://yandex.com/bots)"
66.249.78.187 - - [06/Jun/2013:23:39:06 +0200] "GET /lnledyplxhpfm.html HTTP/1.1" 404 1256 "-" "Mozilla/5.0 (compatible; Googlebot/2.1; +http://www.google.com/bot.html)"
65.55.213.47 - - [07/Jun/2013:00:15:06 +0200] "GET /05.html HTTP/1.1" 200 1982 "-" "Mozilla/4.0 (compatible; MSIE 7.0; Windows NT 5.1; SLCC1; .NET CLR 1.1.4322; .NET CLR 2.0.50727; .NET CLR 3.0.04506.648)"
65.55.213.47 - - [07/Jun/2013:00:15:06 +0200] "GET /AC_RunActiveContent.js HTTP/1.1" 200 8029 "http://www.dialyse-pforzheim.de/05.html" "Mozilla/4.0 (compatible; MSIE 7.0; Windows NT 5.1; SLCC1; .NET CLR 1.1.4322; .NET CLR 2.0.50727; .NET CLR 3.0.04506.648)"
65.55.213.47 - - [07/Jun/2013:00:15:07 +0200] "GET /05.swf HTTP/1.1" 200 58083 "http://www.dialyse-pforzheim.de/05.html" "Mozilla/4.0 (compatible; MSIE 7.0; Windows NT 5.1; SLCC1; .NET CLR 1.1.4322; .NET CLR 2.0.50727; .NET CLR 3.0.04506.648)"
204.12.208.218 - - [07/Jun/2013:00:24:40 +0200] "GET /robots.txt HTTP/1.0" 404 1256 "-" "Mozilla/5.0 (compatible; MJ12bot/v1.4.3; http://www.majestic12.co.uk/bot.php?+)"
204.12.208.218 - - [07/Jun/2013:00:24:40 +0200] "GET /robots.txt HTTP/1.0" 404 1256 "-" "Mozilla/5.0 (compatible; MJ12bot/v1.4.3; http://www.majestic12.co.uk/bot.php?+)"
204.12.208.218 - - [07/Jun/2013:00:24:40 +0200] "GET /robots.txt HTTP/1.0" 404 1256 "-" "Mozilla/5.0 (compatible; MJ12bot/v1.4.3; http://www.majestic12.co.uk/bot.php?+)"
204.12.208.218 - - [07/Jun/2013:00:24:42 +0200] "GET / HTTP/1.0" 200 2366 "-" "Mozilla/5.0 (compatible; MJ12bot/v1.4.3; http://www.majestic12.co.uk/bot.php?+)"
204.12.208.218 - - [07/Jun/2013:00:24:43 +0200] "GET / HTTP/1.0" 200 2366 "-" "Mozilla/5.0 (compatible; MJ12bot/v1.4.3; http://www.majestic12.co.uk/bot.php?+)"
204.12.208.218 - - [07/Jun/2013:00:24:43 +0200] "GET / HTTP/1.0" 200 2366 "-" "Mozilla/5.0 (compatible; MJ12bot/v1.4.3; http://www.majestic12.co.uk/bot.php?+)"
217.230.130.86 - - [07/Jun/2013:00:33:16 +0200] "GET / HTTP/1.1" 200 2366 "http://www.bigfinder.de/online-11.html" "Mozilla/5.0 (Windows NT 6.1; WOW64; rv:19.0) Gecko/20100101 Firefox/19.0"
92.249.127.111 - - [07/Jun/2013:00:51:58 +0200] "GET / HTTP/1.1" 200 2366 "http://drbobah.com/" "Mozilla/5.0 (compatible; news bot /2.1)"
92.249.127.111 - - [07/Jun/2013:00:51:58 +0200] "GET / HTTP/1.1" 200 2366 "http://drbobah.com/" "Mozilla/5.0 (compatible; news bot /2.1)"
157.55.35.44 - - [07/Jun/2013:01:29:43 +0200] "GET /robots.txt HTTP/1.1" 404 1256 "-" "Mozilla/5.0 (compatible; bingbot/2.0; +http://www.bing.com/bingbot.htm)"
157.55.35.44 - - [07/Jun/2013:01:30:38 +0200] "GET / HTTP/1.1" 200 2366 "-" "Mozilla/5.0 (compatible; bingbot/2.0; +http://www.bing.com/bingbot.htm)"
66.249.78.235 - - [07/Jun/2013:02:31:23 +0200] "GET /robots.txt HTTP/1.1" 404 1256 "-" "Mozilla/5.0 (compatible; Googlebot/2.1; +http://www.google.com/bot.html)"
66.249.75.214 - - [07/Jun/2013:02:31:23 +0200] "GET / HTTP/1.1" 200 2366 "-" "DoCoMo/2.0 N905i(c100;TB;W24H16) (compatible; Googlebot-Mobile/2.1; +http://www.google.com/bot.html)"
66.249.75.58 - - [07/Jun/2013:03:41:11 +0200] "GET / HTTP/1.1" 200 2366 "-" "DoCoMo/2.0 N905i(c100;TB;W24H16) (compatible; Googlebot-Mobile/2.1; +http://www.google.com/bot.html)"
66.249.78.187 - - [07/Jun/2013:04:07:34 +0200] "GET /08.html HTTP/1.1" 304 - "-" "Mozilla/5.0 (iPhone; U; CPU iPhone OS 4_1 like Mac OS X; en-us) AppleWebKit/532.9 (KHTML, like Gecko) Version/4.0.5 Mobile/8B117 Safari/6531.22.7 (compatible; Googlebot-Mobile/2.1; +http://www.google.com/bot.html)"
204.12.208.218 - - [07/Jun/2013:05:42:20 +0200] "GET /robots.txt HTTP/1.0" 404 1256 "-" "Mozilla/5.0 (compatible; MJ12bot/v1.4.3; http://www.majestic12.co.uk/bot.php?+)"
204.12.208.218 - - [07/Jun/2013:05:42:22 +0200] "GET / HTTP/1.0" 200 2366 "-" "Mozilla/5.0 (compatible; MJ12bot/v1.4.3; http://www.majestic12.co.uk/bot.php?+)"
141.8.147.12 - - [07/Jun/2013:07:33:17 +0200] "GET /robots.txt HTTP/1.1" 404 1256 "-" "Mozilla/5.0 (compatible; YandexBot/3.0; +http://yandex.com/bots)"
130.83.167.153 - - [07/Jun/2013:07:39:05 +0200] "GET /robots.txt HTTP/1.1" 404 1256 "-" "findlinks/2.6 (+http://wortschatz.uni-leipzig.de/findlinks/)"
130.83.167.153 - - [07/Jun/2013:07:39:05 +0200] "GET /robots.txt HTTP/1.1" 404 1256 "-" "findlinks/2.6 (+http://wortschatz.uni-leipzig.de/findlinks/)"
217.5.248.105 - - [07/Jun/2013:08:11:56 +0200] "GET / HTTP/1.1" 200 2366 "http://www.google.de/search?q=nephrologisches+zentrum+pforzheim+calw+nagold&hl=de" "Mozilla/4.0 (compatible; MSIE 8.0; Windows NT 5.1; Trident/4.0; PHV Dialysezentren; .NET CLR 1.1.4322; .NET CLR 2.0.50727; .NET4.0C; .NET4.0E; PHV Dialysezentren)"
217.5.248.105 - - [07/Jun/2013:08:11:57 +0200] "GET /00start.swf HTTP/1.1" 200 8575 "-" "contype"
217.5.248.105 - - [07/Jun/2013:08:11:57 +0200] "GET /00start.swf HTTP/1.1" 200 8575 "http://www.dialyse-calw.de/" "Mozilla/4.0 (compatible; MSIE 8.0; Windows NT 5.1; Trident/4.0; PHV Dialysezentren; .NET CLR 1.1.4322; .NET CLR 2.0.50727; .NET4.0C; .NET4.0E; PHV Dialysezentren)"
217.5.248.105 - - [07/Jun/2013:08:11:58 +0200] "GET /favicon.ico HTTP/1.1" 404 1256 "-" "Mozilla/4.0 (compatible; MSIE 8.0; Windows NT 5.1; Trident/4.0; PHV Dialysezentren; .NET CLR 1.1.4322; .NET CLR 2.0.50727; .NET4.0C; .NET4.0E; PHV Dialysezentren)"
217.5.248.105 - - [07/Jun/2013:08:12:03 +0200] "GET /00themen00.html HTTP/1.1" 200 2254 "http://www.dialyse-calw.de/00start.swf" "Mozilla/4.0 (compatible; MSIE 8.0; Windows NT 5.1; Trident/4.0; PHV Dialysezentren; .NET CLR 1.1.4322; .NET CLR 2.0.50727; .NET4.0C; .NET4.0E; PHV Dialysezentren)"
217.5.248.105 - - [07/Jun/2013:08:12:03 +0200] "GET /AC_RunActiveContent.js HTTP/1.1" 200 8029 "http://www.dialyse-calw.de/00start.swf" "Mozilla/4.0 (compatible; MSIE 8.0; Windows NT 5.1; Trident/4.0; PHV Dialysezentren; .NET CLR 1.1.4322; .NET CLR 2.0.50727; .NET4.0C; .NET4.0E; PHV Dialysezentren)"
217.5.248.105 - - [07/Jun/2013:08:12:03 +0200] "GET /00themen00.swf HTTP/1.1" 200 136579 "http://www.dialyse-calw.de/00themen00.html" "Mozilla/4.0 (compatible; MSIE 8.0; Windows NT 5.1; Trident/4.0; PHV Dialysezentren; .NET CLR 1.1.4322; .NET CLR 2.0.50727; .NET4.0C; .NET4.0E; PHV Dialysezentren)"
217.5.248.105 - - [07/Jun/2013:08:12:05 +0200] "GET /favicon.ico HTTP/1.1" 404 1256 "-" "Mozilla/4.0 (compatible; MSIE 8.0; Windows NT 5.1; Trident/4.0; PHV Dialysezentren; .NET CLR 1.1.4322; .NET CLR 2.0.50727; .NET4.0C; .NET4.0E; PHV Dialysezentren)"
217.5.248.105 - - [07/Jun/2013:08:12:08 +0200] "GET /08.html HTTP/1.1" 200 2005 "http://www.dialyse-calw.de/00themen00.swf" "Mozilla/4.0 (compatible; MSIE 8.0; Windows NT 5.1; Trident/4.0; PHV Dialysezentren; .NET CLR 1.1.4322; .NET CLR 2.0.50727; .NET4.0C; .NET4.0E; PHV Dialysezentren)"
217.5.248.105 - - [07/Jun/2013:08:12:09 +0200] "GET /08.swf HTTP/1.1" 200 20405 "http://www.dialyse-calw.de/08.html" "Mozilla/4.0 (compatible; MSIE 8.0; Windows NT 5.1; Trident/4.0; PHV Dialysezentren; .NET CLR 1.1.4322; .NET CLR 2.0.50727; .NET4.0C; .NET4.0E; PHV Dialysezentren)"
157.56.92.152 - - [07/Jun/2013:08:36:02 +0200] "GET /robots.txt HTTP/1.1" 404 1256 "-" "Mozilla/5.0 (compatible; bingbot/2.0; +http://www.bing.com/bingbot.htm)"
157.56.92.152 - - [07/Jun/2013:08:36:43 +0200] "GET / HTTP/1.1" 200 2366 "-" "Mozilla/5.0 (compatible; bingbot/2.0; +http://www.bing.com/bingbot.htm)"
199.19.249.196 - - [07/Jun/2013:08:41:20 +0200] "GET / HTTP/1.1" 200 2366 "-" "Mozilla/4.0 (compatible; MSIE 7.0; Windows NT 5.1; InfoPath.1; .NET CLR 2.0.50727; .NET CLR 1.1.4322; MS-RTC LM 8; .NET CLR 3.0.4506.2152; .NET CLR 3.5.30729)"
91.198.67.78 - - [07/Jun/2013:08:41:20 +0200] "GET /00start.swf HTTP/1.1" 304 - "http://www.dialyse-calw.de/" "Mozilla/4.0 (compatible; MSIE 8.0; Windows NT 6.1; WOW64; Trident/4.0; SLCC2; .NET CLR 2.0.50727; .NET CLR 3.5.30729; .NET CLR 3.0.30729; InfoPath.1; .NET CLR 1.1.4322; .NET4.0C; .NET4.0E; L-20050401-D)"
91.198.67.78 - - [07/Jun/2013:08:41:21 +0200] "GET /00themen00.html HTTP/1.1" 200 2254 "http://www.dialyse-calw.de/00start.swf" "Mozilla/4.0 (compatible; MSIE 8.0; Windows NT 6.1; WOW64; Trident/4.0; SLCC2; .NET CLR 2.0.50727; .NET CLR 3.5.30729; .NET CLR 3.0.30729; InfoPath.1; .NET CLR 1.1.4322; .NET4.0C; .NET4.0E; L-20050401-D)"
199.19.249.196 - - [07/Jun/2013:08:41:21 +0200] "GET /00themen00.html HTTP/1.1" 200 2254 "-" "Mozilla/4.0 (compatible; MSIE 7.0; Windows NT 5.1; InfoPath.1; .NET CLR 2.0.50727; .NET CLR 1.1.4322; MS-RTC LM 8; .NET CLR 3.0.4506.2152; .NET CLR 3.5.30729)"
91.198.67.78 - - [07/Jun/2013:08:41:24 +0200] "GET /03.html HTTP/1.1" 200 1982 "http://www.dialyse-calw.de/00themen00.swf" "Mozilla/4.0 (compatible; MSIE 8.0; Windows NT 6.1; WOW64; Trident/4.0; SLCC2; .NET CLR 2.0.50727; .NET CLR 3.5.30729; .NET CLR 3.0.30729; InfoPath.1; .NET CLR 1.1.4322; .NET4.0C; .NET4.0E; L-20050401-D)"
199.19.249.196 - - [07/Jun/2013:08:41:24 +0200] "GET /03.html HTTP/1.1" 200 1982 "-" "Mozilla/4.0 (compatible; MSIE 7.0; Windows NT 5.1; InfoPath.1; .NET CLR 2.0.50727; .NET CLR 1.1.4322; MS-RTC LM 8; .NET CLR 3.0.4506.2152; .NET CLR 3.5.30729)"
91.198.67.78 - - [07/Jun/2013:08:41:24 +0200] "GET /03.swf HTTP/1.1" 200 74505 "http://www.dialyse-calw.de/03.html" "Mozilla/4.0 (compatible; MSIE 8.0; Windows NT 6.1; WOW64; Trident/4.0; SLCC2; .NET CLR 2.0.50727; .NET CLR 3.5.30729; .NET CLR 3.0.30729; InfoPath.1; .NET CLR 1.1.4322; .NET4.0C; .NET4.0E; L-20050401-D)"
91.198.67.78 - - [07/Jun/2013:08:41:34 +0200] "GET /08.html HTTP/1.1" 200 2005 "http://www.dialyse-calw.de/00themen00.swf" "Mozilla/4.0 (compatible; MSIE 8.0; Windows NT 6.1; WOW64; Trident/4.0; SLCC2; .NET CLR 2.0.50727; .NET CLR 3.5.30729; .NET CLR 3.0.30729; InfoPath.1; .NET CLR 1.1.4322; .NET4.0C; .NET4.0E; L-20050401-D)"
199.19.249.196 - - [07/Jun/2013:08:41:38 +0200] "GET /08.html HTTP/1.1" 200 2005 "-" "Mozilla/4.0 (compatible; MSIE 7.0; Windows NT 5.1; InfoPath.1; .NET CLR 2.0.50727; .NET CLR 1.1.4322; MS-RTC LM 8; .NET CLR 3.0.4506.2152; .NET CLR 3.5.30729)"
91.198.67.78 - - [07/Jun/2013:08:43:27 +0200] "GET /09.html HTTP/1.1" 200 2086 "http://www.dialyse-calw.de/00themen00.swf" "Mozilla/4.0 (compatible; MSIE 8.0; Windows NT 6.1; WOW64; Trident/4.0; SLCC2; .NET CLR 2.0.50727; .NET CLR 3.5.30729; .NET CLR 3.0.30729; InfoPath.1; .NET CLR 1.1.4322; .NET4.0C; .NET4.0E; L-20050401-D)"
199.19.249.196 - - [07/Jun/2013:08:43:27 +0200] "GET /09.html HTTP/1.1" 200 2086 "-" "Mozilla/4.0 (compatible; MSIE 7.0; Windows NT 5.1; InfoPath.1; .NET CLR 2.0.50727; .NET CLR 1.1.4322; MS-RTC LM 8; .NET CLR 3.0.4506.2152; .NET CLR 3.5.30729)"
91.198.67.78 - - [07/Jun/2013:08:43:27 +0200] "GET /09.swf HTTP/1.1" 200 23096 "http://www.dialyse-calw.de/09.html" "Mozilla/4.0 (compatible; MSIE 8.0; Windows NT 6.1; WOW64; Trident/4.0; SLCC2; .NET CLR 2.0.50727; .NET CLR 3.5.30729; .NET CLR 3.0.30729; InfoPath.1; .NET CLR 1.1.4322; .NET4.0C; .NET4.0E; L-20050401-D)"
91.198.67.78 - - [07/Jun/2013:08:43:37 +0200] "GET /07.html HTTP/1.1" 200 2319 "http://www.dialyse-calw.de/00themen00.swf" "Mozilla/4.0 (compatible; MSIE 8.0; Windows NT 6.1; WOW64; Trident/4.0; SLCC2; .NET CLR 2.0.50727; .NET CLR 3.5.30729; .NET CLR 3.0.30729; InfoPath.1; .NET CLR 1.1.4322; .NET4.0C; .NET4.0E; L-20050401-D)"
199.19.249.196 - - [07/Jun/2013:08:43:37 +0200] "GET /07.html HTTP/1.1" 200 2319 "-" "Mozilla/4.0 (compatible; MSIE 7.0; Windows NT 5.1; InfoPath.1; .NET CLR 2.0.50727; .NET CLR 1.1.4322; MS-RTC LM 8; .NET CLR 3.0.4506.2152; .NET CLR 3.5.30729)"
91.198.67.78 - - [07/Jun/2013:08:43:46 +0200] "GET /04.html HTTP/1.1" 200 2106 "http://www.dialyse-calw.de/00themen00.swf" "Mozilla/4.0 (compatible; MSIE 8.0; Windows NT 6.1; WOW64; Trident/4.0; SLCC2; .NET CLR 2.0.50727; .NET CLR 3.5.30729; .NET CLR 3.0.30729; InfoPath.1; .NET CLR 1.1.4322; .NET4.0C; .NET4.0E; L-20050401-D)"
199.19.249.196 - - [07/Jun/2013:08:43:46 +0200] "GET /04.html HTTP/1.1" 200 2106 "-" "Mozilla/4.0 (compatible; MSIE 7.0; Windows NT 5.1; InfoPath.1; .NET CLR 2.0.50727; .NET CLR 1.1.4322; MS-RTC LM 8; .NET CLR 3.0.4506.2152; .NET CLR 3.5.30729)"
91.198.67.78 - - [07/Jun/2013:08:43:50 +0200] "GET /04Karteddd.html HTTP/1.1" 200 2077 "http://www.dialyse-calw.de/04.swf" "Mozilla/4.0 (compatible; MSIE 8.0; Windows NT 6.1; WOW64; Trident/4.0; SLCC2; .NET CLR 2.0.50727; .NET CLR 3.5.30729; .NET CLR 3.0.30729; InfoPath.1; .NET CLR 1.1.4322; .NET4.0C; .NET4.0E; L-20050401-D)"
199.19.249.196 - - [07/Jun/2013:08:43:50 +0200] "GET /04Karteddd.html HTTP/1.1" 200 2077 "-" "Mozilla/4.0 (compatible; MSIE 7.0; Windows NT 5.1; InfoPath.1; .NET CLR 2.0.50727; .NET CLR 1.1.4322; MS-RTC LM 8; .NET CLR 3.0.4506.2152; .NET CLR 3.5.30729)"
141.8.147.12 - - [07/Jun/2013:09:19:16 +0200] "GET / HTTP/1.1" 200 2366 "-" "Mozilla/5.0 (compatible; YandexBot/3.0; +http://yandex.com/bots)"
141.8.147.12 - - [07/Jun/2013:09:19:36 +0200] "GET /00start.swf HTTP/1.1" 200 8575 "-" "Mozilla/5.0 (compatible; YandexBot/3.0; +http://yandex.com/bots)"
66.249.78.187 - - [07/Jun/2013:09:45:05 +0200] "GET /robots.txt HTTP/1.1" 404 1256 "-" "Mozilla/5.0 (compatible; Googlebot/2.1; +http://www.google.com/bot.html)"
66.249.78.187 - - [07/Jun/2013:09:45:05 +0200] "GET /04.html HTTP/1.1" 304 - "-" "Mozilla/5.0 (iPhone; U; CPU iPhone OS 4_1 like Mac OS X; en-us) AppleWebKit/532.9 (KHTML, like Gecko) Version/4.0.5 Mobile/8B117 Safari/6531.22.7 (compatible; Googlebot-Mobile/2.1; +http://www.google.com/bot.html)"
62.214.92.82 - - [07/Jun/2013:10:05:21 +0200] "GET / HTTP/1.0" 200 2366 "http://www.google.de/url?sa=t&rct=j&q=dialyse+calw&source=web&cd=1&ved=0CC4QFjAA&url=http%3A%2F%2Fwww.dialyse-calw.de%2F&ei=BJSxUa3sDMPB7Abh-oBw&usg=AFQjCNECMxQiO0NOt3ERqW1uzT1RIToCeg&bvm=bv.47534661,d.bGE" "Mozilla/4.0 (compatible; MSIE 8.0; Windows NT 5.2; Trident/4.0; .NET CLR 1.1.4322; .NET CLR 2.0.50727; .NET CLR 3.0.4506.2152; .NET CLR 3.5.30729; InfoPath.1; .NET4.0C; .NET4.0E)"
62.214.92.82 - - [07/Jun/2013:10:05:22 +0200] "GET /00start.swf HTTP/1.0" 200 8575 "-" "contype"
62.214.92.82 - - [07/Jun/2013:10:05:22 +0200] "GET /favicon.ico HTTP/1.0" 404 1256 "-" "Mozilla/4.0 (compatible; MSIE 8.0; Windows NT 5.2; Trident/4.0; .NET CLR 1.1.4322; .NET CLR 2.0.50727; .NET CLR 3.0.4506.2152; .NET CLR 3.5.30729; InfoPath.1; .NET4.0C; .NET4.0E)"
62.214.92.82 - - [07/Jun/2013:10:05:28 +0200] "GET /00themen00.html HTTP/1.0" 200 2254 "http://www.dialyse-calw.de/00start.swf" "Mozilla/4.0 (compatible; MSIE 8.0; Windows NT 5.2; Trident/4.0; .NET CLR 1.1.4322; .NET CLR 2.0.50727; .NET CLR 3.0.4506.2152; .NET CLR 3.5.30729; InfoPath.1; .NET4.0C; .NET4.0E)"
62.214.92.82 - - [07/Jun/2013:10:05:29 +0200] "GET /AC_RunActiveContent.js HTTP/1.0" 200 8029 "http://www.dialyse-calw.de/00start.swf" "Mozilla/4.0 (compatible; MSIE 8.0; Windows NT 5.2; Trident/4.0; .NET CLR 1.1.4322; .NET CLR 2.0.50727; .NET CLR 3.0.4506.2152; .NET CLR 3.5.30729; InfoPath.1; .NET4.0C; .NET4.0E)"
62.214.92.82 - - [07/Jun/2013:10:05:29 +0200] "GET /00themen00.swf HTTP/1.0" 200 136579 "http://www.dialyse-calw.de/00themen00.html" "Mozilla/4.0 (compatible; MSIE 8.0; Windows NT 5.2; Trident/4.0; .NET CLR 1.1.4322; .NET CLR 2.0.50727; .NET CLR 3.0.4506.2152; .NET CLR 3.5.30729; InfoPath.1; .NET4.0C; .NET4.0E)"
62.214.92.82 - - [07/Jun/2013:10:05:39 +0200] "GET /04.html HTTP/1.0" 200 2106 "http://www.dialyse-calw.de/00themen00.swf" "Mozilla/4.0 (compatible; MSIE 8.0; Windows NT 5.2; Trident/4.0; .NET CLR 1.1.4322; .NET CLR 2.0.50727; .NET CLR 3.0.4506.2152; .NET CLR 3.5.30729; InfoPath.1; .NET4.0C; .NET4.0E)"
62.214.92.82 - - [07/Jun/2013:10:05:39 +0200] "GET /04.swf HTTP/1.0" 200 62769 "http://www.dialyse-calw.de/04.html" "Mozilla/4.0 (compatible; MSIE 8.0; Windows NT 5.2; Trident/4.0; .NET CLR 1.1.4322; .NET CLR 2.0.50727; .NET CLR 3.0.4506.2152; .NET CLR 3.5.30729; InfoPath.1; .NET4.0C; .NET4.0E)"
62.214.92.82 - - [07/Jun/2013:10:05:41 +0200] "GET /04Karteddd.html HTTP/1.0" 200 2077 "http://www.dialyse-calw.de/04.swf" "Mozilla/4.0 (compatible; MSIE 8.0; Windows NT 5.2; Trident/4.0; .NET CLR 1.1.4322; .NET CLR 2.0.50727; .NET CLR 3.0.4506.2152; .NET CLR 3.5.30729; InfoPath.1; .NET4.0C; .NET4.0E)"
62.214.92.82 - - [07/Jun/2013:10:05:42 +0200] "GET /04Karteddd.swf HTTP/1.0" 200 33790 "http://www.dialyse-calw.de/04Karteddd.html" "Mozilla/4.0 (compatible; MSIE 8.0; Windows NT 5.2; Trident/4.0; .NET CLR 1.1.4322; .NET CLR 2.0.50727; .NET CLR 3.0.4506.2152; .NET CLR 3.5.30729; InfoPath.1; .NET4.0C; .NET4.0E)"
157.55.32.112 - - [07/Jun/2013:10:05:56 +0200] "GET /robots.txt HTTP/1.1" 404 1256 "-" "Mozilla/5.0 (compatible; bingbot/2.0; +http://www.bing.com/bingbot.htm)"
157.55.32.112 - - [07/Jun/2013:10:06:28 +0200] "GET / HTTP/1.1" 200 2366 "-" "Mozilla/5.0 (compatible; bingbot/2.0; +http://www.bing.com/bingbot.htm)"
157.55.33.86 - - [07/Jun/2013:10:54:31 +0200] "GET /robots.txt HTTP/1.1" 404 1256 "-" "Mozilla/5.0 (compatible; bingbot/2.0; +http://www.bing.com/bingbot.htm)"
157.55.33.86 - - [07/Jun/2013:10:57:03 +0200] "GET /02.html HTTP/1.1" 200 1982 "-" "Mozilla/5.0 (compatible; bingbot/2.0; +http://www.bing.com/bingbot.htm)"
157.56.92.158 - - [07/Jun/2013:11:31:43 +0200] "GET /robots.txt HTTP/1.1" 404 1256 "-" "Mozilla/5.0 (compatible; bingbot/2.0; +http://www.bing.com/bingbot.htm)"
157.56.92.158 - - [07/Jun/2013:11:32:29 +0200] "GET / HTTP/1.1" 200 2366 "-" "Mozilla/5.0 (compatible; bingbot/2.0; +http://www.bing.com/bingbot.htm)"
66.249.78.187 - - [07/Jun/2013:11:32:51 +0200] "GET / HTTP/1.1" 200 2366 "-" "Mozilla/5.0 (iPhone; U; CPU iPhone OS 4_1 like Mac OS X; en-us) AppleWebKit/532.9 (KHTML, like Gecko) Version/4.0.5 Mobile/8B117 Safari/6531.22.7 (compatible; Googlebot-Mobile/2.1; +http://www.google.com/bot.html)"
157.55.33.14 - - [07/Jun/2013:11:36:59 +0200] "GET /08.html HTTP/1.1" 200 2005 "-" "Mozilla/5.0 (compatible; bingbot/2.0; +http://www.bing.com/bingbot.htm)"
199.30.25.117 - - [07/Jun/2013:11:37:01 +0200] "GET /AC_RunActiveContent.js HTTP/1.1" 200 8029 "http://www.dialyse-calw.de/08.html" "Mozilla/5.0 (Windows NT 6.1; WOW64) AppleWebKit/534+ (KHTML, like Gecko) BingPreview/1.0b"
199.30.25.117 - - [07/Jun/2013:11:37:01 +0200] "GET /08.swf HTTP/1.1" 200 20405 "http://www.dialyse-calw.de/08.swf" "Mozilla/5.0 (Windows NT 6.1; WOW64) AppleWebKit/534+ (KHTML, like Gecko) BingPreview/1.0b"
65.55.52.112 - - [07/Jun/2013:11:49:30 +0200] "GET /08.swf HTTP/1.1" 200 20405 "-" "Mozilla/5.0 (compatible; bingbot/2.0; +http://www.bing.com/bingbot.htm)"
65.55.52.112 - - [07/Jun/2013:11:49:30 +0200] "GET /02.swf HTTP/1.1" 200 22781 "-" "Mozilla/5.0 (compatible; bingbot/2.0; +http://www.bing.com/bingbot.htm)"
65.55.52.112 - - [07/Jun/2013:11:54:59 +0200] "GET /AC_RunActiveContent.js HTTP/1.1" 200 8029 "-" "Mozilla/5.0 (compatible; bingbot/2.0; +http://www.bing.com/bingbot.htm)"
93.219.134.208 - - [07/Jun/2013:12:28:46 +0200] "GET / HTTP/1.1" 200 2366 "-" "Mozilla/5.0 (Windows; U; Windows NT 6.0; de; rv:1.9.2.3) Gecko/20100401 Firefox/3.6.3 ( .NET CLR 3.5.30729)"
157.56.93.223 - - [07/Jun/2013:12:58:37 +0200] "GET /robots.txt HTTP/1.1" 404 1256 "-" "Mozilla/5.0 (compatible; bingbot/2.0; +http://www.bing.com/bingbot.htm)"
157.56.93.223 - - [07/Jun/2013:13:00:34 +0200] "GET / HTTP/1.1" 200 2366 "-" "Mozilla/5.0 (compatible; bingbot/2.0; +http://www.bing.com/bingbot.htm)"
66.249.78.187 - - [07/Jun/2013:13:32:31 +0200] "GET /00start.swf HTTP/1.1" 200 8575 "-" "Mozilla/5.0 (iPhone; U; CPU iPhone OS 4_1 like Mac OS X; en-us) AppleWebKit/532.9 (KHTML, like Gecko) Version/4.0.5 Mobile/8B117 Safari/6531.22.7 (compatible; Googlebot-Mobile/2.1; +http://www.google.com/bot.html)"
217.82.145.61 - - [07/Jun/2013:13:55:28 +0200] "GET / HTTP/1.1" 200 2366 "http://www.google.de/url?sa=t&rct=j&q=pforzheim%20dialyse&source=web&cd=1&ved=0CC4QFjAA&url=http%3A%2F%2Fwww.dialyse-calw.de%2F&ei=8cmxUe63Neqv4QTK54G4BQ&usg=AFQjCNECMxQiO0NOt3ERqW1uzT1RIToCeg" "Mozilla/5.0 (compatible; MSIE 10.0; Windows NT 6.1; WOW64; Trident/6.0)"
217.82.145.61 - - [07/Jun/2013:13:55:29 +0200] "HEAD /00start.swf HTTP/1.1" 200 - "-" "contype"
217.82.145.61 - - [07/Jun/2013:13:55:29 +0200] "GET /00start.swf HTTP/1.1" 200 8575 "http://www.dialyse-calw.de/" "Mozilla/5.0 (compatible; MSIE 10.0; Windows NT 6.1; WOW64; Trident/6.0)"
217.82.145.61 - - [07/Jun/2013:13:55:32 +0200] "GET /00themen00.html HTTP/1.1" 200 2254 "http://www.dialyse-calw.de/00start.swf" "Mozilla/5.0 (compatible; MSIE 10.0; Windows NT 6.1; WOW64; Trident/6.0)"
217.82.145.61 - - [07/Jun/2013:13:55:32 +0200] "GET /AC_RunActiveContent.js HTTP/1.1" 200 8029 "http://www.dialyse-calw.de/00start.swf" "Mozilla/5.0 (compatible; MSIE 10.0; Windows NT 6.1; WOW64; Trident/6.0)"
217.82.145.61 - - [07/Jun/2013:13:55:32 +0200] "GET /00themen00.swf HTTP/1.1" 200 136579 "http://www.dialyse-calw.de/00themen00.html" "Mozilla/5.0 (compatible; MSIE 10.0; Windows NT 6.1; WOW64; Trident/6.0)"
217.82.145.61 - - [07/Jun/2013:13:55:33 +0200] "GET /favicon.ico HTTP/1.1" 404 1256 "-" "Mozilla/5.0 (compatible; MSIE 10.0; Windows NT 6.1; Win64; x64; Trident/6.0)"
217.82.145.61 - - [07/Jun/2013:13:56:22 +0200] "GET /02.html HTTP/1.1" 200 1982 "http://www.dialyse-calw.de/00themen00.swf" "Mozilla/5.0 (compatible; MSIE 10.0; Windows NT 6.1; WOW64; Trident/6.0)"
