157.55.32.189 - - [02/Feb/2013:14:17:00 +0100] "GET / HTTP/1.1" 200 2366 "-" "Mozilla/5.0 (compatible; bingbot/2.0; +http://www.bing.com/bingbot.htm)"
65.55.24.215 - - [02/Feb/2013:14:34:12 +0100] "GET /robots.txt HTTP/1.1" 404 1256 "-" "Mozilla/5.0 (compatible; bingbot/2.0; +http://www.bing.com/bingbot.htm)"
65.55.24.215 - - [02/Feb/2013:14:35:33 +0100] "GET /04.swf HTTP/1.1" 200 62769 "-" "Mozilla/5.0 (compatible; bingbot/2.0; +http://www.bing.com/bingbot.htm)"
66.249.76.187 - - [02/Feb/2013:15:23:42 +0100] "GET / HTTP/1.1" 200 2366 "-" "SAMSUNG-SGH-E250/1.0 Profile/MIDP-2.0 Configuration/CLDC-1.1 UP.Browser/6.2.3.3.c.1.101 (GUI) MMP/2.0 (compatible; Googlebot-Mobile/2.1; +http://www.google.com/bot.html)"
157.55.34.168 - - [02/Feb/2013:15:26:47 +0100] "GET /robots.txt HTTP/1.1" 404 1256 "-" "Mozilla/5.0 (compatible; bingbot/2.0; +http://www.bing.com/bingbot.htm)"
157.55.34.168 - - [02/Feb/2013:15:28:31 +0100] "GET /03.html HTTP/1.1" 200 1982 "-" "Mozilla/5.0 (compatible; bingbot/2.0; +http://www.bing.com/bingbot.htm)"
157.56.93.204 - - [02/Feb/2013:15:40:47 +0100] "GET /robots.txt HTTP/1.1" 404 1256 "-" "Mozilla/5.0 (compatible; bingbot/2.0; +http://www.bing.com/bingbot.htm)"
157.56.93.204 - - [02/Feb/2013:15:42:30 +0100] "GET /04.html HTTP/1.1" 200 2106 "-" "Mozilla/5.0 (compatible; bingbot/2.0; +http://www.bing.com/bingbot.htm)"
65.55.208.101 - - [02/Feb/2013:15:42:31 +0100] "GET /AC_RunActiveContent.js HTTP/1.1" 200 8029 "http://www.dialyse-pforzheim.de/04.html" "Mozilla/5.0 (Windows NT 6.1; WOW64) AppleWebKit/534+ (KHTML, like Gecko) BingPreview/1.0b"
65.55.208.101 - - [02/Feb/2013:15:42:31 +0100] "GET /04.swf HTTP/1.1" 200 62769 "http://www.dialyse-pforzheim.de/04.swf" "Mozilla/5.0 (Windows NT 6.1; WOW64) AppleWebKit/534+ (KHTML, like Gecko) BingPreview/1.0b"
87.153.89.186 - - [02/Feb/2013:15:50:32 +0100] "GET / HTTP/1.1" 200 2366 "http://www.google.de/url?sa=f&rct=j&url=http://www.dialyse-calw.de/&q=dialyse+pforzheim&ei=aCcNUdfQDMHWtAbZwYH4DA&usg=AFQjCNFFRd_balkChdqIXpqLjVV_lokoAA" "Mozilla/5.0 (Windows NT 5.1) AppleWebKit/537.17 (KHTML, like Gecko) Chrome/24.0.1312.57 Safari/537.17"
157.55.33.47 - - [02/Feb/2013:16:17:21 +0100] "GET /robots.txt HTTP/1.1" 404 1256 "-" "Mozilla/5.0 (compatible; bingbot/2.0; +http://www.bing.com/bingbot.htm)"
157.55.33.47 - - [02/Feb/2013:16:19:23 +0100] "GET /03.swf HTTP/1.1" 200 74505 "-" "Mozilla/5.0 (compatible; bingbot/2.0; +http://www.bing.com/bingbot.htm)"
193.106.136.61 - - [02/Feb/2013:16:26:57 +0100] "GET / HTTP/1.1" 200 2366 "http://terabita.by/" "Mozilla/4.0 (compatible; MSIE 6.0; Windows NT 5.0; .NET CLR 1.0.3705; .NET CLR 1.1.4322)"
193.106.136.61 - - [02/Feb/2013:16:26:57 +0100] "GET / HTTP/1.1" 200 2366 "http://terabita.by/" "Mozilla/4.0 (compatible; MSIE 6.0; Windows NT 5.0; .NET CLR 1.0.3705; .NET CLR 1.1.4322)"
66.249.76.235 - - [02/Feb/2013:16:42:26 +0100] "GET / HTTP/1.1" 200 2366 "-" "SAMSUNG-SGH-E250/1.0 Profile/MIDP-2.0 Configuration/CLDC-1.1 UP.Browser/6.2.3.3.c.1.101 (GUI) MMP/2.0 (compatible; Googlebot-Mobile/2.1; +http://www.google.com/bot.html)"
78.46.154.40 - - [02/Feb/2013:16:45:41 +0100] "GET /robots.txt HTTP/1.1" 404 1256 "-" "ExB Language Crawler 2.1.3 (+http://www.exb.de/crawler)"
78.46.198.74 - - [02/Feb/2013:17:04:54 +0100] "GET / HTTP/1.1" 200 2366 "-" "ExB Language Crawler 2.1.4 (+http://www.exb.de/crawler)"
157.55.32.188 - - [02/Feb/2013:17:23:52 +0100] "GET /robots.txt HTTP/1.1" 404 1256 "-" "Mozilla/5.0 (compatible; bingbot/2.0; +http://www.bing.com/bingbot.htm)"
157.55.32.188 - - [02/Feb/2013:17:25:25 +0100] "GET /02.swf HTTP/1.1" 200 22781 "-" "Mozilla/5.0 (compatible; bingbot/2.0; +http://www.bing.com/bingbot.htm)"
66.249.76.187 - - [02/Feb/2013:17:36:31 +0100] "GET /06.swf HTTP/1.1" 200 20731 "-" "Mozilla/5.0 (compatible; Googlebot/2.1; +http://www.google.com/bot.html)"
180.76.5.58 - - [02/Feb/2013:17:44:44 +0100] "GET /robots.txt HTTP/1.1" 404 1256 "-" "Mozilla/5.0 (Windows NT 5.1; rv:6.0.2) Gecko/20100101 Firefox/6.0.2"
157.56.229.189 - - [02/Feb/2013:18:12:02 +0100] "GET /robots.txt HTTP/1.1" 404 1256 "-" "Mozilla/5.0 (compatible; bingbot/2.0; +http://www.bing.com/bingbot.htm)"
157.56.229.189 - - [02/Feb/2013:18:14:42 +0100] "GET / HTTP/1.1" 200 2366 "-" "Mozilla/5.0 (compatible; bingbot/2.0; +http://www.bing.com/bingbot.htm)"
157.56.229.23 - - [02/Feb/2013:18:20:48 +0100] "GET /robots.txt HTTP/1.1" 404 1256 "-" "Mozilla/5.0 (compatible; bingbot/2.0; +http://www.bing.com/bingbot.htm)"
157.56.229.23 - - [02/Feb/2013:18:22:35 +0100] "GET / HTTP/1.1" 200 2366 "-" "Mozilla/5.0 (compatible; bingbot/2.0; +http://www.bing.com/bingbot.htm)"
178.137.128.25 - - [02/Feb/2013:18:32:21 +0100] "GET / HTTP/1.1" 200 2366 "http://ecowars.tv/" "Mozilla/4.0 (compatible; MSIE 6.0; Windows NT 5.0; T312461)"
178.137.128.25 - - [02/Feb/2013:18:32:21 +0100] "GET / HTTP/1.1" 200 2366 "http://ecowars.tv/" "Mozilla/4.0 (compatible; MSIE 6.0; Windows NT 5.0; T312461)"
66.249.76.187 - - [02/Feb/2013:18:55:18 +0100] "GET / HTTP/1.1" 200 2366 "-" "DoCoMo/2.0 N905i(c100;TB;W24H16) (compatible; Googlebot-Mobile/2.1; +http://www.google.com/bot.html)"
157.55.32.110 - - [02/Feb/2013:19:01:01 +0100] "GET /robots.txt HTTP/1.1" 404 1256 "-" "Mozilla/5.0 (compatible; bingbot/2.0; +http://www.bing.com/bingbot.htm)"
157.55.32.110 - - [02/Feb/2013:19:02:35 +0100] "GET /02.html HTTP/1.1" 200 1982 "-" "Mozilla/5.0 (compatible; bingbot/2.0; +http://www.bing.com/bingbot.htm)"
65.55.208.252 - - [02/Feb/2013:19:02:36 +0100] "GET /AC_RunActiveContent.js HTTP/1.1" 200 8029 "http://www.dialyse-calw.de/02.html" "Mozilla/5.0 (Windows NT 6.1; WOW64) AppleWebKit/534+ (KHTML, like Gecko) BingPreview/1.0b"
65.55.208.252 - - [02/Feb/2013:19:02:36 +0100] "GET /02.swf HTTP/1.1" 200 22781 "http://www.dialyse-calw.de/02.swf" "Mozilla/5.0 (Windows NT 6.1; WOW64) AppleWebKit/534+ (KHTML, like Gecko) BingPreview/1.0b"
84.148.236.176 - - [02/Feb/2013:19:14:54 +0100] "GET /09a.html HTTP/1.1" 200 2059 "http://www.google.de/url?sa=t&rct=j&q=dr.%20michael%20frank%20dialyse&source=web&cd=1&ved=0CDQQFjAA&url=http%3A%2F%2Fwww.dialyse-calw.de%2F09a.html&ei=GlcNUfS4HKb-4QTSmYGIAw&usg=AFQjCNEs7ra8oip9Ivy9h9haJq7d-kwktA&bvm=bv.41867550,d.bGE" "Mozilla/5.0 (iPad; CPU OS 5_1_1 like Mac OS X) AppleWebKit/534.46 (KHTML, like Gecko) Version/5.1 Mobile/9B206 Safari/7534.48.3"
84.148.236.176 - - [02/Feb/2013:19:14:54 +0100] "GET /AC_RunActiveContent.js HTTP/1.1" 200 8029 "http://www.dialyse-calw.de/09a.html" "Mozilla/5.0 (iPad; CPU OS 5_1_1 like Mac OS X) AppleWebKit/534.46 (KHTML, like Gecko) Version/5.1 Mobile/9B206 Safari/7534.48.3"
84.148.236.176 - - [02/Feb/2013:19:15:48 +0100] "GET / HTTP/1.1" 200 2366 "http://web2.cylex.de/reviews/viewcompanywebsite.aspx?firmaName=dr--med--michael-frank&companyId=5135857" "Mozilla/5.0 (iPad; CPU OS 5_1_1 like Mac OS X) AppleWebKit/534.46 (KHTML, like Gecko) Version/5.1 Mobile/9B206 Safari/7534.48.3"
87.106.28.40 - - [02/Feb/2013:19:23:43 +0100] "GET /robots.txt HTTP/1.1" 404 1256 "-" "ExB Language Crawler 2.1.3 (+http://www.exb.de/crawler)"
87.106.28.40 - - [02/Feb/2013:19:23:43 +0100] "GET /robots.txt HTTP/1.1" 404 1256 "-" "ExB Language Crawler 2.1.3 (+http://www.exb.de/crawler)"
78.46.198.74 - - [02/Feb/2013:19:48:05 +0100] "GET / HTTP/1.1" 200 2366 "-" "ExB Language Crawler 2.1.4 (+http://www.exb.de/crawler)"
157.56.229.188 - - [02/Feb/2013:20:45:11 +0100] "GET /robots.txt HTTP/1.1" 404 1256 "-" "Mozilla/5.0 (compatible; bingbot/2.0; +http://www.bing.com/bingbot.htm)"
157.56.229.188 - - [02/Feb/2013:20:48:33 +0100] "GET / HTTP/1.1" 200 2366 "-" "Mozilla/5.0 (compatible; bingbot/2.0; +http://www.bing.com/bingbot.htm)"
178.26.62.64 - - [02/Feb/2013:21:02:23 +0100] "GET / HTTP/1.1" 200 2366 "-" "ExB Language Crawler 2.1.2 (+http://www.exb.de/crawler)"
91.45.166.57 - - [02/Feb/2013:21:15:55 +0100] "GET /02.swf HTTP/1.1" 200 22781 "http://www.google.de/url?sa=t&rct=j&q=heimdialyse%20pforzheim&source=web&cd=16&ved=0CE0QFjAFOAo&url=http%3A%2F%2Fwww.dialyse-calw.de%2F02.swf&ei=k3MNUZXPHOWn4ASOloDICQ&usg=AFQjCNGyUfNM-1Xvl90JvzqnCyQ5if1n4A" "Mozilla/5.0 (compatible; MSIE 9.0; Windows NT 6.1; Win64; x64; Trident/5.0)"
91.45.166.57 - - [02/Feb/2013:21:15:56 +0100] "GET /favicon.ico HTTP/1.1" 404 1256 "-" "Mozilla/5.0 (compatible; MSIE 9.0; Windows NT 6.1; Win64; x64; Trident/5.0)"
91.45.166.57 - - [02/Feb/2013:21:16:36 +0100] "GET /00themen00.html HTTP/1.1" 200 2254 "http://www.dialyse-calw.de/02.swf" "Mozilla/5.0 (compatible; MSIE 9.0; Windows NT 6.1; Win64; x64; Trident/5.0)"
91.45.166.57 - - [02/Feb/2013:21:16:36 +0100] "GET /AC_RunActiveContent.js HTTP/1.1" 200 8029 "http://www.dialyse-calw.de/00themen00.html" "Mozilla/5.0 (compatible; MSIE 9.0; Windows NT 6.1; Win64; x64; Trident/5.0)"
91.45.166.57 - - [02/Feb/2013:21:16:37 +0100] "GET /00themen00.swf HTTP/1.1" 200 136579 "http://www.dialyse-calw.de/00themen00.html" "Mozilla/5.0 (compatible; MSIE 9.0; Windows NT 6.1; Win64; x64; Trident/5.0)"
91.45.166.57 - - [02/Feb/2013:21:16:37 +0100] "GET /favicon.ico HTTP/1.1" 404 1256 "-" "Mozilla/5.0 (compatible; MSIE 9.0; Windows NT 6.1; Win64; x64; Trident/5.0)"
91.45.166.57 - - [02/Feb/2013:21:16:43 +0100] "GET /03.html HTTP/1.1" 200 1982 "http://www.dialyse-calw.de/00themen00.swf" "Mozilla/5.0 (compatible; MSIE 9.0; Windows NT 6.1; Win64; x64; Trident/5.0)"
91.45.166.57 - - [02/Feb/2013:21:16:43 +0100] "GET /03.swf HTTP/1.1" 200 74505 "http://www.dialyse-calw.de/03.html" "Mozilla/5.0 (compatible; MSIE 9.0; Windows NT 6.1; Win64; x64; Trident/5.0)"
91.45.166.57 - - [02/Feb/2013:21:17:57 +0100] "GET /03a.html HTTP/1.1" 200 1991 "http://www.dialyse-calw.de/00themen00.swf" "Mozilla/5.0 (compatible; MSIE 9.0; Windows NT 6.1; Win64; x64; Trident/5.0)"
91.45.166.57 - - [02/Feb/2013:21:17:57 +0100] "GET /03a.swf HTTP/1.1" 200 94997 "http://www.dialyse-calw.de/03a.html" "Mozilla/5.0 (compatible; MSIE 9.0; Windows NT 6.1; Win64; x64; Trident/5.0)"
91.45.166.57 - - [02/Feb/2013:21:18:35 +0100] "GET /06.html HTTP/1.1" 200 2278 "http://www.dialyse-calw.de/00themen00.swf" "Mozilla/5.0 (compatible; MSIE 9.0; Windows NT 6.1; Win64; x64; Trident/5.0)"
91.45.166.57 - - [02/Feb/2013:21:18:35 +0100] "GET /06.swf HTTP/1.1" 200 20731 "http://www.dialyse-calw.de/06.html" "Mozilla/5.0 (compatible; MSIE 9.0; Windows NT 6.1; Win64; x64; Trident/5.0)"
91.45.166.57 - - [02/Feb/2013:21:24:13 +0100] "GET /04.html HTTP/1.1" 200 2106 "http://www.dialyse-calw.de/00themen00.swf" "Mozilla/5.0 (compatible; MSIE 9.0; Windows NT 6.1; Win64; x64; Trident/5.0)"
91.45.166.57 - - [02/Feb/2013:21:24:14 +0100] "GET /04.swf HTTP/1.1" 200 62769 "http://www.dialyse-calw.de/04.html" "Mozilla/5.0 (compatible; MSIE 9.0; Windows NT 6.1; Win64; x64; Trident/5.0)"
91.45.166.57 - - [02/Feb/2013:21:24:42 +0100] "GET /07.html HTTP/1.1" 200 2319 "http://www.dialyse-calw.de/00themen00.swf" "Mozilla/5.0 (compatible; MSIE 9.0; Windows NT 6.1; Win64; x64; Trident/5.0)"
91.45.166.57 - - [02/Feb/2013:21:24:42 +0100] "GET /07.swf HTTP/1.1" 200 20730 "http://www.dialyse-calw.de/07.html" "Mozilla/5.0 (compatible; MSIE 9.0; Windows NT 6.1; Win64; x64; Trident/5.0)"
66.249.76.187 - - [02/Feb/2013:21:24:52 +0100] "GET /robots.txt HTTP/1.1" 404 1256 "-" "Mozilla/5.0 (compatible; Googlebot/2.1; +http://www.google.com/bot.html)"
66.249.76.187 - - [02/Feb/2013:21:24:52 +0100] "GET /04Kartebbb.html HTTP/1.1" 200 2077 "-" "Mozilla/5.0 (compatible; Googlebot/2.1; +http://www.google.com/bot.html)"
176.9.83.228 - - [02/Feb/2013:22:02:04 +0100] "GET /robots.txt HTTP/1.1" 404 1256 "-" "ExB Language Crawler 2.1.3 (+http://www.exb.de/crawler)"
176.9.83.228 - - [02/Feb/2013:22:02:04 +0100] "GET /robots.txt HTTP/1.1" 404 1256 "-" "ExB Language Crawler 2.1.3 (+http://www.exb.de/crawler)"
130.83.167.153 - - [02/Feb/2013:22:34:26 +0100] "GET / HTTP/1.1" 200 2366 "-" "findlinks/2.6 (+http://wortschatz.uni-leipzig.de/findlinks/)"
46.119.120.35 - - [02/Feb/2013:22:46:37 +0100] "GET / HTTP/1.1" 200 2366 "http://www.nosokopt.ru/" "Opera/8.00 (Windows NT 5.1; U; en)"
46.119.120.35 - - [02/Feb/2013:22:46:37 +0100] "GET / HTTP/1.1" 200 2366 "http://www.nosokopt.ru/" "Opera/8.00 (Windows NT 5.1; U; en)"
46.119.120.35 - - [02/Feb/2013:22:46:37 +0100] "GET / HTTP/1.1" 200 2366 "http://www.nosokopt.ru/" "Opera/8.00 (Windows NT 5.1; U; en)"
66.249.76.187 - - [02/Feb/2013:22:48:33 +0100] "GET / HTTP/1.1" 200 2366 "-" "Mozilla/5.0 (compatible; Googlebot/2.1; +http://www.google.com/bot.html)"
176.9.97.10 - - [03/Feb/2013:00:15:40 +0100] "GET / HTTP/1.1" 200 2366 "-" "ExB Language Crawler 2.1.3 (+http://www.exb.de/crawler)"
65.55.24.220 - - [03/Feb/2013:00:38:28 +0100] "GET /robots.txt HTTP/1.1" 404 1256 "-" "Mozilla/5.0 (compatible; bingbot/2.0; +http://www.bing.com/bingbot.htm)"
176.9.83.228 - - [03/Feb/2013:00:40:20 +0100] "GET / HTTP/1.1" 200 2366 "-" "ExB Language Crawler 2.1.3 (+http://www.exb.de/crawler)"
65.55.24.220 - - [03/Feb/2013:00:40:59 +0100] "GET / HTTP/1.1" 200 2366 "-" "Mozilla/5.0 (compatible; bingbot/2.0; +http://www.bing.com/bingbot.htm)"
65.55.52.112 - - [03/Feb/2013:00:43:59 +0100] "GET /00themen00.html HTTP/1.1" 200 2254 "-" "Mozilla/5.0 (compatible; bingbot/2.0; +http://www.bing.com/bingbot.htm)"
65.55.52.112 - - [03/Feb/2013:00:43:59 +0100] "GET /03.html HTTP/1.1" 200 1982 "-" "Mozilla/5.0 (compatible; bingbot/2.0; +http://www.bing.com/bingbot.htm)"
65.55.52.112 - - [03/Feb/2013:00:44:00 +0100] "GET /03a.html HTTP/1.1" 200 1991 "-" "Mozilla/5.0 (compatible; bingbot/2.0; +http://www.bing.com/bingbot.htm)"
157.55.32.189 - - [03/Feb/2013:02:38:05 +0100] "GET /robots.txt HTTP/1.1" 404 1256 "-" "Mozilla/5.0 (compatible; bingbot/2.0; +http://www.bing.com/bingbot.htm)"
157.55.32.189 - - [03/Feb/2013:02:39:39 +0100] "GET / HTTP/1.1" 200 2366 "-" "Mozilla/5.0 (compatible; bingbot/2.0; +http://www.bing.com/bingbot.htm)"
141.8.147.1 - - [03/Feb/2013:03:35:14 +0100] "GET /robots.txt HTTP/1.1" 404 1256 "-" "Mozilla/5.0 (compatible; YandexBot/3.0; +http://yandex.com/bots)"
92.82.233.2 - - [03/Feb/2013:04:39:33 +0100] "GET / HTTP/1.1" 200 2366 "-" "Java/1.6.0_04"
92.82.233.2 - - [03/Feb/2013:04:39:33 +0100] "GET /'+fc_protocol+'://www.flash-counter.com/scripts/counter.js HTTP/1.1" 404 1256 "-" "Java/1.6.0_04"
66.249.76.187 - - [03/Feb/2013:05:25:02 +0100] "GET /robots.txt HTTP/1.1" 404 1256 "-" "Mozilla/5.0 (compatible; Googlebot/2.1; +http://www.google.com/bot.html)"
66.249.76.187 - - [03/Feb/2013:05:25:02 +0100] "GET /09a.html HTTP/1.1" 200 2059 "-" "DoCoMo/2.0 N905i(c100;TB;W24H16) (compatible; Googlebot-Mobile/2.1; +http://www.google.com/bot.html)"
66.249.76.235 - - [03/Feb/2013:05:50:09 +0100] "GET /robots.txt HTTP/1.1" 404 1256 "-" "Mozilla/5.0 (compatible; Googlebot/2.1; +http://www.google.com/bot.html)"
66.249.76.235 - - [03/Feb/2013:05:50:10 +0100] "GET /index.html HTTP/1.1" 200 2366 "-" "SAMSUNG-SGH-E250/1.0 Profile/MIDP-2.0 Configuration/CLDC-1.1 UP.Browser/6.2.3.3.c.1.101 (GUI) MMP/2.0 (compatible; Googlebot-Mobile/2.1; +http://www.google.com/bot.html)"
95.108.150.235 - - [03/Feb/2013:06:17:47 +0100] "GET /robots.txt HTTP/1.1" 404 1256 "-" "Mozilla/5.0 (compatible; YandexBot/3.0; +http://yandex.com/bots)"
95.108.150.235 - - [03/Feb/2013:06:17:47 +0100] "GET /robots.txt HTTP/1.1" 404 1256 "-" "Mozilla/5.0 (compatible; YandexBot/3.0; +http://yandex.com/bots)"
95.108.150.235 - - [03/Feb/2013:06:17:48 +0100] "GET / HTTP/1.1" 200 2366 "-" "Mozilla/5.0 (compatible; YandexBot/3.0; +http://yandex.com/bots)"
95.108.150.235 - - [03/Feb/2013:06:17:48 +0100] "GET / HTTP/1.1" 200 2366 "-" "Mozilla/5.0 (compatible; YandexBot/3.0; +http://yandex.com/bots)"
95.108.150.235 - - [03/Feb/2013:06:17:49 +0100] "GET / HTTP/1.1" 200 2366 "-" "Mozilla/5.0 (compatible; YandexBot/3.0; +http://yandex.com/bots)"
95.108.150.235 - - [03/Feb/2013:06:17:50 +0100] "GET /robots.txt HTTP/1.1" 404 1256 "-" "Mozilla/5.0 (compatible; YandexBot/3.0; +http://yandex.com/bots)"
95.108.150.235 - - [03/Feb/2013:06:17:51 +0100] "GET / HTTP/1.1" 200 2366 "-" "Mozilla/5.0 (compatible; YandexBot/3.0; +http://yandex.com/bots)"
95.108.150.235 - - [03/Feb/2013:06:17:51 +0100] "GET / HTTP/1.1" 200 2366 "-" "Mozilla/5.0 (compatible; YandexBot/3.0; +http://yandex.com/bots)"
95.108.150.235 - - [03/Feb/2013:06:17:52 +0100] "GET / HTTP/1.1" 200 2366 "-" "Mozilla/5.0 (compatible; YandexBot/3.0; +http://yandex.com/bots)"
217.69.133.67 - - [03/Feb/2013:06:19:21 +0100] "GET / HTTP/1.0" 200 2366 "-" "Mozilla/5.0 (compatible; Mail.RU_Bot/2.0; +http://go.mail.ru/help/robots)"
65.55.24.220 - - [03/Feb/2013:06:23:19 +0100] "GET /robots.txt HTTP/1.1" 404 1256 "-" "Mozilla/5.0 (compatible; bingbot/2.0; +http://www.bing.com/bingbot.htm)"
65.55.24.220 - - [03/Feb/2013:06:24:41 +0100] "GET / HTTP/1.1" 200 2366 "-" "Mozilla/5.0 (compatible; bingbot/2.0; +http://www.bing.com/bingbot.htm)"
66.249.76.235 - - [03/Feb/2013:06:34:33 +0100] "GET /07.html HTTP/1.1" 200 2319 "-" "DoCoMo/2.0 N905i(c100;TB;W24H16) (compatible; Googlebot-Mobile/2.1; +http://www.google.com/bot.html)"
157.56.229.189 - - [03/Feb/2013:06:40:15 +0100] "GET /robots.txt HTTP/1.1" 404 1256 "-" "Mozilla/5.0 (compatible; bingbot/2.0; +http://www.bing.com/bingbot.htm)"
157.56.229.189 - - [03/Feb/2013:06:42:13 +0100] "GET / HTTP/1.1" 200 2366 "-" "Mozilla/5.0 (compatible; bingbot/2.0; +http://www.bing.com/bingbot.htm)"
141.8.147.1 - - [03/Feb/2013:07:35:31 +0100] "GET /00themen00.html HTTP/1.1" 200 2254 "-" "Mozilla/5.0 (compatible; YandexBot/3.0; +http://yandex.com/bots)"
66.249.76.36 - - [03/Feb/2013:07:44:35 +0100] "GET /robots.txt HTTP/1.1" 404 1256 "-" "Mozilla/5.0 (compatible; Googlebot/2.1; +http://www.google.com/bot.html)"
66.249.76.36 - - [03/Feb/2013:07:44:35 +0100] "GET /09.swf HTTP/1.1" 200 23096 "-" "DoCoMo/2.0 N905i(c100;TB;W24H16) (compatible; Googlebot-Mobile/2.1; +http://www.google.com/bot.html)"
37.209.3.85 - - [03/Feb/2013:08:41:13 +0100] "GET /08.html HTTP/1.1" 200 2005 "http://www.google.de/url?sa=t&rct=j&q=pforzheim+dialyse&source=web&cd=3&ved=0CEEQFjAC&url=http%3A%2F%2Fwww.dialyse-pforzheim.de%2F08.html&ei=JhQOUYemBIj1sgaC1oGgBw&usg=AFQjCNF1LYAuQXfOJwKjF0uyrGiuwvEndA&bvm=bv.41867550,d.Yms" "Opera/9.80 (Windows NT 6.1; WOW64) Presto/2.12.388 Version/12.13"
37.209.3.85 - - [03/Feb/2013:08:41:13 +0100] "GET /AC_RunActiveContent.js HTTP/1.1" 200 8029 "http://www.dialyse-pforzheim.de/08.html" "Opera/9.80 (Windows NT 6.1; WOW64) Presto/2.12.388 Version/12.13"
37.209.3.85 - - [03/Feb/2013:08:41:13 +0100] "GET /favicon.ico HTTP/1.1" 404 1256 "http://www.dialyse-pforzheim.de/08.html" "Opera/9.80 (Windows NT 6.1; WOW64) Presto/2.12.388 Version/12.13"
37.209.3.85 - - [03/Feb/2013:08:41:13 +0100] "GET /08.swf HTTP/1.1" 200 20405 "http://www.dialyse-pforzheim.de/08.html" "Opera/9.80 (Windows NT 6.1; WOW64) Presto/2.12.388 Version/12.13"
37.209.3.85 - - [03/Feb/2013:08:41:39 +0100] "GET /00themen00.html HTTP/1.1" 200 2254 "http://www.dialyse-pforzheim.de/08.html" "Opera/9.80 (Windows NT 6.1; WOW64) Presto/2.12.388 Version/12.13"
37.209.3.85 - - [03/Feb/2013:08:41:39 +0100] "GET /00themen00.swf HTTP/1.1" 200 136579 "http://www.dialyse-pforzheim.de/00themen00.html" "Opera/9.80 (Windows NT 6.1; WOW64) Presto/2.12.388 Version/12.13"
37.209.3.85 - - [03/Feb/2013:08:41:54 +0100] "GET /01.html HTTP/1.1" 200 1982 "http://www.dialyse-pforzheim.de/00themen00.html" "Opera/9.80 (Windows NT 6.1; WOW64) Presto/2.12.388 Version/12.13"
37.209.3.85 - - [03/Feb/2013:08:41:54 +0100] "GET /01.swf HTTP/1.1" 200 19349 "http://www.dialyse-pforzheim.de/01.html" "Opera/9.80 (Windows NT 6.1; WOW64) Presto/2.12.388 Version/12.13"
37.209.3.85 - - [03/Feb/2013:08:43:10 +0100] "GET /favicon.ico HTTP/1.1" 404 1256 "http://www.dialyse-pforzheim.de/00themen00.html" "Opera/9.80 (Windows NT 6.1; WOW64) Presto/2.12.388 Version/12.13"
37.209.3.85 - - [03/Feb/2013:08:43:10 +0100] "GET /00themen00.swf HTTP/1.1" 200 136579 "http://www.dialyse-pforzheim.de/00themen00.html" "Opera/9.80 (Windows NT 6.1; WOW64) Presto/2.12.388 Version/12.13"
37.209.3.85 - - [03/Feb/2013:08:43:14 +0100] "GET /02.html HTTP/1.1" 200 1982 "http://www.dialyse-pforzheim.de/00themen00.html" "Opera/9.80 (Windows NT 6.1; WOW64) Presto/2.12.388 Version/12.13"
37.209.3.85 - - [03/Feb/2013:08:43:14 +0100] "GET /02.swf HTTP/1.1" 200 22781 "http://www.dialyse-pforzheim.de/02.html" "Opera/9.80 (Windows NT 6.1; WOW64) Presto/2.12.388 Version/12.13"
37.209.3.85 - - [03/Feb/2013:08:44:10 +0100] "GET /favicon.ico HTTP/1.1" 404 1256 "http://www.dialyse-pforzheim.de/00themen00.html" "Opera/9.80 (Windows NT 6.1; WOW64) Presto/2.12.388 Version/12.13"
37.209.3.85 - - [03/Feb/2013:08:44:10 +0100] "GET /00themen00.swf HTTP/1.1" 200 136579 "http://www.dialyse-pforzheim.de/00themen00.html" "Opera/9.80 (Windows NT 6.1; WOW64) Presto/2.12.388 Version/12.13"
37.209.3.85 - - [03/Feb/2013:08:44:13 +0100] "GET /03.html HTTP/1.1" 200 1982 "http://www.dialyse-pforzheim.de/00themen00.html" "Opera/9.80 (Windows NT 6.1; WOW64) Presto/2.12.388 Version/12.13"
37.209.3.85 - - [03/Feb/2013:08:44:13 +0100] "GET /03.swf HTTP/1.1" 200 74505 "http://www.dialyse-pforzheim.de/03.html" "Opera/9.80 (Windows NT 6.1; WOW64) Presto/2.12.388 Version/12.13"
37.209.3.85 - - [03/Feb/2013:08:44:32 +0100] "GET /03a.html HTTP/1.1" 200 1991 "http://www.dialyse-pforzheim.de/00themen00.html" "Opera/9.80 (Windows NT 6.1; WOW64) Presto/2.12.388 Version/12.13"
37.209.3.85 - - [03/Feb/2013:08:44:32 +0100] "GET /03a.swf HTTP/1.1" 200 94997 "http://www.dialyse-pforzheim.de/03a.html" "Opera/9.80 (Windows NT 6.1; WOW64) Presto/2.12.388 Version/12.13"
37.209.3.85 - - [03/Feb/2013:08:44:43 +0100] "GET /04.html HTTP/1.1" 200 2106 "http://www.dialyse-pforzheim.de/00themen00.html" "Opera/9.80 (Windows NT 6.1; WOW64) Presto/2.12.388 Version/12.13"
37.209.3.85 - - [03/Feb/2013:08:44:44 +0100] "GET /04.swf HTTP/1.1" 200 62769 "http://www.dialyse-pforzheim.de/04.html" "Opera/9.80 (Windows NT 6.1; WOW64) Presto/2.12.388 Version/12.13"
37.209.3.85 - - [03/Feb/2013:08:45:11 +0100] "GET /05.html HTTP/1.1" 200 1982 "http://www.dialyse-pforzheim.de/00themen00.html" "Opera/9.80 (Windows NT 6.1; WOW64) Presto/2.12.388 Version/12.13"
37.209.3.85 - - [03/Feb/2013:08:45:11 +0100] "GET /favicon.ico HTTP/1.1" 404 1256 "http://www.dialyse-pforzheim.de/05.html" "Opera/9.80 (Windows NT 6.1; WOW64) Presto/2.12.388 Version/12.13"
37.209.3.85 - - [03/Feb/2013:08:45:11 +0100] "GET /05.swf HTTP/1.1" 200 58083 "http://www.dialyse-pforzheim.de/05.html" "Opera/9.80 (Windows NT 6.1; WOW64) Presto/2.12.388 Version/12.13"
37.209.3.85 - - [03/Feb/2013:08:45:52 +0100] "GET /06.html HTTP/1.1" 200 2278 "http://www.dialyse-pforzheim.de/00themen00.html" "Opera/9.80 (Windows NT 6.1; WOW64) Presto/2.12.388 Version/12.13"
37.209.3.85 - - [03/Feb/2013:08:45:52 +0100] "GET /06.swf HTTP/1.1" 200 20731 "http://www.dialyse-pforzheim.de/06.html" "Opera/9.80 (Windows NT 6.1; WOW64) Presto/2.12.388 Version/12.13"
37.209.3.85 - - [03/Feb/2013:08:46:10 +0100] "GET /favicon.ico HTTP/1.1" 404 1256 "http://www.dialyse-pforzheim.de/00themen00.html" "Opera/9.80 (Windows NT 6.1; WOW64) Presto/2.12.388 Version/12.13"
37.209.3.85 - - [03/Feb/2013:08:46:10 +0100] "GET /00themen00.swf HTTP/1.1" 200 136579 "http://www.dialyse-pforzheim.de/00themen00.html" "Opera/9.80 (Windows NT 6.1; WOW64) Presto/2.12.388 Version/12.13"
37.209.3.85 - - [03/Feb/2013:08:46:16 +0100] "GET /07.html HTTP/1.1" 200 2319 "http://www.dialyse-pforzheim.de/00themen00.html" "Opera/9.80 (Windows NT 6.1; WOW64) Presto/2.12.388 Version/12.13"
37.209.3.85 - - [03/Feb/2013:08:46:16 +0100] "GET /07.swf HTTP/1.1" 200 20730 "http://www.dialyse-pforzheim.de/07.html" "Opera/9.80 (Windows NT 6.1; WOW64) Presto/2.12.388 Version/12.13"
157.56.229.188 - - [03/Feb/2013:08:46:19 +0100] "GET /robots.txt HTTP/1.1" 404 1256 "-" "Mozilla/5.0 (compatible; bingbot/2.0; +http://www.bing.com/bingbot.htm)"
157.56.229.188 - - [03/Feb/2013:08:48:16 +0100] "GET / HTTP/1.1" 200 2366 "-" "Mozilla/5.0 (compatible; bingbot/2.0; +http://www.bing.com/bingbot.htm)"
141.8.147.1 - - [03/Feb/2013:08:56:53 +0100] "GET /04Karteaaa.swf HTTP/1.1" 304 - "-" "Mozilla/5.0 (compatible; YandexBot/3.0; +http://yandex.com/bots)"
66.249.76.187 - - [03/Feb/2013:08:59:35 +0100] "GET /04Kartebbb.html HTTP/1.1" 200 2077 "-" "SAMSUNG-SGH-E250/1.0 Profile/MIDP-2.0 Configuration/CLDC-1.1 UP.Browser/6.2.3.3.c.1.101 (GUI) MMP/2.0 (compatible; Googlebot-Mobile/2.1; +http://www.google.com/bot.html)"
5.9.39.69 - - [03/Feb/2013:09:45:12 +0100] "GET /robots.txt HTTP/1.1" 404 1256 "-" "Mozilla/5.0 (compatible; Infohelfer/1.3.3; +http://www.infohelfer.de/crawler.php)"
5.9.39.69 - - [03/Feb/2013:09:45:12 +0100] "GET / HTTP/1.1" 200 2366 "-" "Mozilla/5.0 (compatible; Infohelfer/1.3.3; +http://www.infohelfer.de/crawler.php)"
66.249.76.36 - - [03/Feb/2013:10:03:10 +0100] "GET /04Kartebbb.html HTTP/1.1" 200 2077 "-" "SAMSUNG-SGH-E250/1.0 Profile/MIDP-2.0 Configuration/CLDC-1.1 UP.Browser/6.2.3.3.c.1.101 (GUI) MMP/2.0 (compatible; Googlebot-Mobile/2.1; +http://www.google.com/bot.html)"
192.166.166.4 - - [03/Feb/2013:10:19:00 +0100] "GET / HTTP/1.0" 304 - "-" "Mozilla/5.0 (X11; U; Linux x86_64; C) AppleWebKit/533.3 (KHTML, like Gecko) Qt/4.7.1 Safari/533.3"
157.55.32.146 - - [03/Feb/2013:10:37:09 +0100] "GET /robots.txt HTTP/1.1" 404 1256 "-" "Mozilla/5.0 (compatible; bingbot/2.0; +http://www.bing.com/bingbot.htm)"
157.55.32.146 - - [03/Feb/2013:10:39:15 +0100] "GET /01.html HTTP/1.1" 200 1982 "-" "Mozilla/5.0 (compatible; bingbot/2.0; +http://www.bing.com/bingbot.htm)"
157.55.32.146 - - [03/Feb/2013:10:39:15 +0100] "GET /02.html HTTP/1.1" 200 1982 "-" "Mozilla/5.0 (compatible; bingbot/2.0; +http://www.bing.com/bingbot.htm)"
130.83.167.153 - - [03/Feb/2013:10:55:38 +0100] "GET /robots.txt HTTP/1.1" 404 1256 "-" "findlinks/2.6 (+http://wortschatz.uni-leipzig.de/findlinks/)"
130.83.167.153 - - [03/Feb/2013:10:55:38 +0100] "GET /robots.txt HTTP/1.1" 404 1256 "-" "findlinks/2.6 (+http://wortschatz.uni-leipzig.de/findlinks/)"
157.56.229.188 - - [03/Feb/2013:10:58:13 +0100] "GET / HTTP/1.1" 200 2366 "-" "Mozilla/5.0 (compatible; bingbot/2.0; +http://www.bing.com/bingbot.htm)"
88.66.29.127 - - [03/Feb/2013:11:38:26 +0100] "GET / HTTP/1.1" 200 2366 "http://www.google.de/url?sa=t&rct=j&q=dialysezentrum%20pforzheim&source=web&cd=1&ved=0CDAQFjAA&url=http%3A%2F%2Fwww.dialyse-calw.de%2F&ei=HT0OUcePO8zMtAaboYGwCA&usg=AFQjCNECMxQiO0NOt3ERqW1uzT1RIToCeg&bvm=bv.41867550,d.Yms" "Mozilla/5.0 (Windows NT 5.1) AppleWebKit/537.17 (KHTML, like Gecko) Chrome/24.0.1312.57 Safari/537.17"
88.66.29.127 - - [03/Feb/2013:11:38:26 +0100] "GET /00start.swf HTTP/1.1" 200 8575 "http://www.dialyse-calw.de/" "Mozilla/5.0 (Windows NT 5.1) AppleWebKit/537.17 (KHTML, like Gecko) Chrome/24.0.1312.57 Safari/537.17"
88.66.29.127 - - [03/Feb/2013:11:38:27 +0100] "GET /favicon.ico HTTP/1.1" 404 1256 "-" "Mozilla/5.0 (Windows NT 5.1) AppleWebKit/537.17 (KHTML, like Gecko) Chrome/24.0.1312.57 Safari/537.17"
88.66.29.127 - - [03/Feb/2013:11:38:29 +0100] "GET /00themen00.html HTTP/1.1" 200 2254 "http://www.dialyse-calw.de/" "Mozilla/5.0 (Windows NT 5.1) AppleWebKit/537.17 (KHTML, like Gecko) Chrome/24.0.1312.57 Safari/537.17"
88.66.29.127 - - [03/Feb/2013:11:38:29 +0100] "GET /AC_RunActiveContent.js HTTP/1.1" 200 8029 "http://www.dialyse-calw.de/00themen00.html" "Mozilla/5.0 (Windows NT 5.1) AppleWebKit/537.17 (KHTML, like Gecko) Chrome/24.0.1312.57 Safari/537.17"
88.66.29.127 - - [03/Feb/2013:11:38:29 +0100] "GET /favicon.ico HTTP/1.1" 404 1256 "-" "Mozilla/5.0 (Windows NT 5.1) AppleWebKit/537.17 (KHTML, like Gecko) Chrome/24.0.1312.57 Safari/537.17"
88.66.29.127 - - [03/Feb/2013:11:38:29 +0100] "GET /00themen00.swf HTTP/1.1" 200 136579 "http://www.dialyse-calw.de/00themen00.html" "Mozilla/5.0 (Windows NT 5.1) AppleWebKit/537.17 (KHTML, like Gecko) Chrome/24.0.1312.57 Safari/537.17"
88.66.29.127 - - [03/Feb/2013:11:38:33 +0100] "GET /03.html HTTP/1.1" 200 1982 "http://www.dialyse-calw.de/00themen00.html" "Mozilla/5.0 (Windows NT 5.1) AppleWebKit/537.17 (KHTML, like Gecko) Chrome/24.0.1312.57 Safari/537.17"
88.66.29.127 - - [03/Feb/2013:11:38:33 +0100] "GET /favicon.ico HTTP/1.1" 404 1256 "-" "Mozilla/5.0 (Windows NT 5.1) AppleWebKit/537.17 (KHTML, like Gecko) Chrome/24.0.1312.57 Safari/537.17"
88.66.29.127 - - [03/Feb/2013:11:38:33 +0100] "GET /03.swf HTTP/1.1" 200 74505 "http://www.dialyse-calw.de/03.html" "Mozilla/5.0 (Windows NT 5.1) AppleWebKit/537.17 (KHTML, like Gecko) Chrome/24.0.1312.57 Safari/537.17"
88.66.29.127 - - [03/Feb/2013:11:49:36 +0100] "GET /favicon.ico HTTP/1.1" 404 1256 "-" "Mozilla/5.0 (Windows NT 5.1) AppleWebKit/537.17 (KHTML, like Gecko) Chrome/24.0.1312.57 Safari/537.17"
88.66.29.127 - - [03/Feb/2013:11:49:37 +0100] "GET /03a.html HTTP/1.1" 200 1991 "http://www.dialyse-calw.de/00themen00.html" "Mozilla/5.0 (Windows NT 5.1) AppleWebKit/537.17 (KHTML, like Gecko) Chrome/24.0.1312.57 Safari/537.17"
88.66.29.127 - - [03/Feb/2013:11:49:37 +0100] "GET /favicon.ico HTTP/1.1" 404 1256 "-" "Mozilla/5.0 (Windows NT 5.1) AppleWebKit/537.17 (KHTML, like Gecko) Chrome/24.0.1312.57 Safari/537.17"
88.66.29.127 - - [03/Feb/2013:11:49:37 +0100] "GET /03a.swf HTTP/1.1" 200 94997 "http://www.dialyse-calw.de/03a.html" "Mozilla/5.0 (Windows NT 5.1) AppleWebKit/537.17 (KHTML, like Gecko) Chrome/24.0.1312.57 Safari/537.17"
88.66.29.127 - - [03/Feb/2013:11:50:07 +0100] "GET /favicon.ico HTTP/1.1" 404 1256 "-" "Mozilla/5.0 (Windows NT 5.1) AppleWebKit/537.17 (KHTML, like Gecko) Chrome/24.0.1312.57 Safari/537.17"
88.66.29.127 - - [03/Feb/2013:11:50:12 +0100] "GET /04.html HTTP/1.1" 200 2106 "http://www.dialyse-calw.de/00themen00.html" "Mozilla/5.0 (Windows NT 5.1) AppleWebKit/537.17 (KHTML, like Gecko) Chrome/24.0.1312.57 Safari/537.17"
88.66.29.127 - - [03/Feb/2013:11:50:12 +0100] "GET /favicon.ico HTTP/1.1" 404 1256 "-" "Mozilla/5.0 (Windows NT 5.1) AppleWebKit/537.17 (KHTML, like Gecko) Chrome/24.0.1312.57 Safari/537.17"
88.66.29.127 - - [03/Feb/2013:11:50:12 +0100] "GET /04.swf HTTP/1.1" 200 62769 "http://www.dialyse-calw.de/04.html" "Mozilla/5.0 (Windows NT 5.1) AppleWebKit/537.17 (KHTML, like Gecko) Chrome/24.0.1312.57 Safari/537.17"
88.66.29.127 - - [03/Feb/2013:11:50:41 +0100] "GET /favicon.ico HTTP/1.1" 404 1256 "-" "Mozilla/5.0 (Windows NT 5.1) AppleWebKit/537.17 (KHTML, like Gecko) Chrome/24.0.1312.57 Safari/537.17"
88.66.29.127 - - [03/Feb/2013:11:51:05 +0100] "GET /06.html HTTP/1.1" 200 2278 "http://www.dialyse-calw.de/00themen00.html" "Mozilla/5.0 (Windows NT 5.1) AppleWebKit/537.17 (KHTML, like Gecko) Chrome/24.0.1312.57 Safari/537.17"
88.66.29.127 - - [03/Feb/2013:11:51:05 +0100] "GET /06.swf HTTP/1.1" 200 20731 "http://www.dialyse-calw.de/06.html" "Mozilla/5.0 (Windows NT 5.1) AppleWebKit/537.17 (KHTML, like Gecko) Chrome/24.0.1312.57 Safari/537.17"
88.66.29.127 - - [03/Feb/2013:11:51:05 +0100] "GET /favicon.ico HTTP/1.1" 404 1256 "-" "Mozilla/5.0 (Windows NT 5.1) AppleWebKit/537.17 (KHTML, like Gecko) Chrome/24.0.1312.57 Safari/537.17"
176.9.83.228 - - [03/Feb/2013:12:37:31 +0100] "GET /robots.txt HTTP/1.1" 404 1256 "-" "ExB Language Crawler 2.1.3 (+http://www.exb.de/crawler)"
84.158.55.89 - - [03/Feb/2013:13:05:39 +0100] "GET / HTTP/1.1" 200 2366 "http://www.google.de/url?sa=t&rct=j&q=dialyse%20nagold&source=web&cd=1&sqi=2&ved=0CDAQFjAA&url=http%3A%2F%2Fwww.dialyse-calw.de%2F&ei=KFIOUfr3NYPNtAa6i4DIBw&usg=AFQjCNECMxQiO0NOt3ERqW1uzT1RIToCeg&bvm=bv.41867550,d.Yms" "Mozilla/5.0 (Windows NT 6.2; WOW64; rv:18.0) Gecko/20100101 Firefox/18.0"
84.158.55.89 - - [03/Feb/2013:13:05:39 +0100] "GET /00start.swf HTTP/1.1" 200 8575 "http://www.dialyse-calw.de/" "Mozilla/5.0 (Windows NT 6.2; WOW64; rv:18.0) Gecko/20100101 Firefox/18.0"
84.158.55.89 - - [03/Feb/2013:13:05:41 +0100] "GET /favicon.ico HTTP/1.1" 404 1256 "-" "Mozilla/5.0 (Windows NT 6.2; WOW64; rv:18.0) Gecko/20100101 Firefox/18.0"
84.158.55.89 - - [03/Feb/2013:13:05:50 +0100] "GET /00themen00.html HTTP/1.1" 200 2254 "http://www.dialyse-calw.de/" "Mozilla/5.0 (Windows NT 6.2; WOW64; rv:18.0) Gecko/20100101 Firefox/18.0"
84.158.55.89 - - [03/Feb/2013:13:05:50 +0100] "GET /AC_RunActiveContent.js HTTP/1.1" 200 8029 "http://www.dialyse-calw.de/00themen00.html" "Mozilla/5.0 (Windows NT 6.2; WOW64; rv:18.0) Gecko/20100101 Firefox/18.0"
84.158.55.89 - - [03/Feb/2013:13:05:51 +0100] "GET /00themen00.swf HTTP/1.1" 200 136579 "http://www.dialyse-calw.de/00themen00.html" "Mozilla/5.0 (Windows NT 6.2; WOW64; rv:18.0) Gecko/20100101 Firefox/18.0"
84.158.55.89 - - [03/Feb/2013:13:05:58 +0100] "GET /08.html HTTP/1.1" 200 2005 "http://www.dialyse-calw.de/00themen00.html" "Mozilla/5.0 (Windows NT 6.2; WOW64; rv:18.0) Gecko/20100101 Firefox/18.0"
84.158.55.89 - - [03/Feb/2013:13:05:58 +0100] "GET /08.swf HTTP/1.1" 200 20405 "http://www.dialyse-calw.de/08.html" "Mozilla/5.0 (Windows NT 6.2; WOW64; rv:18.0) Gecko/20100101 Firefox/18.0"
84.158.55.89 - - [03/Feb/2013:13:06:24 +0100] "GET /01.html HTTP/1.1" 200 1982 "http://www.dialyse-calw.de/00themen00.html" "Mozilla/5.0 (Windows NT 6.2; WOW64; rv:18.0) Gecko/20100101 Firefox/18.0"
84.158.55.89 - - [03/Feb/2013:13:06:24 +0100] "GET /01.swf HTTP/1.1" 200 19349 "http://www.dialyse-calw.de/01.html" "Mozilla/5.0 (Windows NT 6.2; WOW64; rv:18.0) Gecko/20100101 Firefox/18.0"
84.158.55.89 - - [03/Feb/2013:13:06:30 +0100] "GET /02.html HTTP/1.1" 200 1982 "http://www.dialyse-calw.de/00themen00.html" "Mozilla/5.0 (Windows NT 6.2; WOW64; rv:18.0) Gecko/20100101 Firefox/18.0"
84.158.55.89 - - [03/Feb/2013:13:06:31 +0100] "GET /02.swf HTTP/1.1" 200 22781 "http://www.dialyse-calw.de/02.html" "Mozilla/5.0 (Windows NT 6.2; WOW64; rv:18.0) Gecko/20100101 Firefox/18.0"
84.158.55.89 - - [03/Feb/2013:13:06:42 +0100] "GET /03a.html HTTP/1.1" 200 1991 "http://www.dialyse-calw.de/00themen00.html" "Mozilla/5.0 (Windows NT 6.2; WOW64; rv:18.0) Gecko/20100101 Firefox/18.0"
84.158.55.89 - - [03/Feb/2013:13:06:43 +0100] "GET /03a.swf HTTP/1.1" 200 94997 "http://www.dialyse-calw.de/03a.html" "Mozilla/5.0 (Windows NT 6.2; WOW64; rv:18.0) Gecko/20100101 Firefox/18.0"
84.158.55.89 - - [03/Feb/2013:13:06:58 +0100] "GET /06.html HTTP/1.1" 200 2278 "http://www.dialyse-calw.de/00themen00.html" "Mozilla/5.0 (Windows NT 6.2; WOW64; rv:18.0) Gecko/20100101 Firefox/18.0"
84.158.55.89 - - [03/Feb/2013:13:06:58 +0100] "GET /06.swf HTTP/1.1" 200 20731 "http://www.dialyse-calw.de/06.html" "Mozilla/5.0 (Windows NT 6.2; WOW64; rv:18.0) Gecko/20100101 Firefox/18.0"
84.158.55.89 - - [03/Feb/2013:13:07:09 +0100] "GET /09.html HTTP/1.1" 200 2086 "http://www.dialyse-calw.de/00themen00.html" "Mozilla/5.0 (Windows NT 6.2; WOW64; rv:18.0) Gecko/20100101 Firefox/18.0"
84.158.55.89 - - [03/Feb/2013:13:07:10 +0100] "GET /09.swf HTTP/1.1" 200 23096 "http://www.dialyse-calw.de/09.html" "Mozilla/5.0 (Windows NT 6.2; WOW64; rv:18.0) Gecko/20100101 Firefox/18.0"
84.158.55.89 - - [03/Feb/2013:13:07:32 +0100] "GET /04.html HTTP/1.1" 200 2106 "http://www.dialyse-calw.de/08.html" "Mozilla/5.0 (Windows NT 6.2; WOW64; rv:18.0) Gecko/20100101 Firefox/18.0"
84.158.55.89 - - [03/Feb/2013:13:07:32 +0100] "GET /04.swf HTTP/1.1" 200 62769 "http://www.dialyse-calw.de/04.html" "Mozilla/5.0 (Windows NT 6.2; WOW64; rv:18.0) Gecko/20100101 Firefox/18.0"
84.158.55.89 - - [03/Feb/2013:13:07:48 +0100] "GET /03.html HTTP/1.1" 200 1982 "http://www.dialyse-calw.de/00themen00.html" "Mozilla/5.0 (Windows NT 6.2; WOW64; rv:18.0) Gecko/20100101 Firefox/18.0"
84.158.55.89 - - [03/Feb/2013:13:07:48 +0100] "GET /03.swf HTTP/1.1" 200 74505 "http://www.dialyse-calw.de/03.html" "Mozilla/5.0 (Windows NT 6.2; WOW64; rv:18.0) Gecko/20100101 Firefox/18.0"
93.233.87.62 - - [03/Feb/2013:14:01:45 +0100] "GET / HTTP/1.1" 200 2366 "-" "ExB Language Crawler 2.1.3 (+http://www.exb.de/crawler)"
46.119.120.35 - - [03/Feb/2013:14:29:54 +0100] "GET / HTTP/1.1" 200 2366 "http://www.world-mmo.com/" "Mozilla/4.0 (compatible; MSIE 6.0; AOL 9.0; Windows NT 5.1)"
46.119.120.35 - - [03/Feb/2013:14:29:54 +0100] "GET / HTTP/1.1" 200 2366 "http://www.world-mmo.com/" "Mozilla/4.0 (compatible; MSIE 6.0; AOL 9.0; Windows NT 5.1)"
46.119.120.35 - - [03/Feb/2013:14:29:56 +0100] "GET / HTTP/1.1" 200 2366 "http://www.world-mmo.com/" "Mozilla/4.0 (compatible; MSIE 6.0; AOL 9.0; Windows NT 5.1)"
157.55.32.189 - - [03/Feb/2013:14:31:24 +0100] "GET /robots.txt HTTP/1.1" 404 1256 "-" "Mozilla/5.0 (compatible; bingbot/2.0; +http://www.bing.com/bingbot.htm)"
157.55.32.189 - - [03/Feb/2013:14:33:08 +0100] "GET / HTTP/1.1" 200 2366 "-" "Mozilla/5.0 (compatible; bingbot/2.0; +http://www.bing.com/bingbot.htm)"
37.139.52.23 - - [03/Feb/2013:14:34:52 +0100] "GET / HTTP/1.1" 200 2366 "http://darforever.ucoz.com/" "Mozilla/4.0 (compatible; MSIE 6.0; Windows NT 5.1; en) Opera 8.00"
37.139.52.23 - - [03/Feb/2013:14:34:52 +0100] "GET / HTTP/1.1" 200 2366 "http://darforever.ucoz.com/" "Mozilla/4.0 (compatible; MSIE 6.0; Windows NT 5.1; en) Opera 8.00"
195.242.218.133 - - [03/Feb/2013:14:56:10 +0100] "GET / HTTP/1.1" 200 2366 "http://crazy-animetv.net/" "Mozilla/4.0 (compatible; MSIE 5.5; Windows NT 5.0)"
195.242.218.133 - - [03/Feb/2013:14:56:11 +0100] "GET / HTTP/1.1" 200 2366 "http://crazy-animetv.net/" "Mozilla/4.0 (compatible; MSIE 5.5; Windows NT 5.0)"
141.8.147.1 - - [03/Feb/2013:15:58:02 +0100] "GET /robots.txt HTTP/1.1" 404 1256 "-" "Mozilla/5.0 (compatible; YandexBot/3.0; +http://yandex.com/bots)"
94.23.220.161 - - [03/Feb/2013:16:39:50 +0100] "GET /09.swf HTTP/1.1" 200 23096 "-" "Mozilla/5.0 (X11; Linux i686; rv:6.0) Gecko/20100101 Firefox/6.0"
95.96.2.98 - - [03/Feb/2013:16:58:53 +0100] "GET / HTTP/1.1" 200 2366 "-" "Java/1.7.0_11"
95.96.2.98 - - [03/Feb/2013:16:58:58 +0100] "GET /'+fc_protocol+'://www.flash-counter.com/scripts/counter.js HTTP/1.1" 404 1256 "-" "Java/1.7.0_11"
66.249.76.235 - - [03/Feb/2013:17:35:28 +0100] "GET /robots.txt HTTP/1.1" 404 1256 "-" "Mozilla/5.0 (compatible; Googlebot/2.1; +http://www.google.com/bot.html)"
66.249.76.235 - - [03/Feb/2013:17:35:29 +0100] "GET / HTTP/1.1" 200 2366 "-" "DoCoMo/2.0 N905i(c100;TB;W24H16) (compatible; Googlebot-Mobile/2.1; +http://www.google.com/bot.html)"
65.55.24.220 - - [03/Feb/2013:17:50:02 +0100] "GET /robots.txt HTTP/1.1" 404 1256 "-" "Mozilla/5.0 (compatible; bingbot/2.0; +http://www.bing.com/bingbot.htm)"
65.55.24.220 - - [03/Feb/2013:17:51:21 +0100] "GET / HTTP/1.1" 200 2366 "-" "Mozilla/5.0 (compatible; bingbot/2.0; +http://www.bing.com/bingbot.htm)"
91.207.4.186 - - [03/Feb/2013:18:34:44 +0100] "GET / HTTP/1.1" 200 2366 "http://mir-betting.ru/" "Mozilla/4.0 (compatible; MSIE 6.0; Windows NT 5.0; .NET CLR 1.0.3705; .NET CLR 1.1.4322)"
91.207.4.186 - - [03/Feb/2013:18:34:44 +0100] "GET / HTTP/1.1" 200 2366 "http://google-play-soft.ru/" "Mozilla/4.0 (compatible; MSIE 6.0; Windows NT 5.0; .NET CLR 1.0.3705; .NET CLR 1.1.4322)"
91.207.4.186 - - [03/Feb/2013:18:34:45 +0100] "GET / HTTP/1.1" 200 2366 "http://mir-betting.ru/" "Mozilla/4.0 (compatible; MSIE 6.0; Windows NT 5.0; .NET CLR 1.0.3705; .NET CLR 1.1.4322)"
91.207.4.186 - - [03/Feb/2013:18:34:45 +0100] "GET / HTTP/1.1" 200 2366 "http://google-play-soft.ru/" "Mozilla/4.0 (compatible; MSIE 6.0; Windows NT 5.0; .NET CLR 1.0.3705; .NET CLR 1.1.4322)"
91.207.4.186 - - [03/Feb/2013:18:34:45 +0100] "GET / HTTP/1.1" 200 2366 "http://google-play-soft.ru/" "Mozilla/4.0 (compatible; MSIE 6.0; Windows NT 5.0; .NET CLR 1.0.3705; .NET CLR 1.1.4322)"
91.207.4.186 - - [03/Feb/2013:18:34:45 +0100] "GET / HTTP/1.1" 200 2366 "http://mir-betting.ru/" "Mozilla/4.0 (compatible; MSIE 6.0; Windows NT 5.0; .NET CLR 1.0.3705; .NET CLR 1.1.4322)"
157.56.229.189 - - [03/Feb/2013:18:37:18 +0100] "GET /robots.txt HTTP/1.1" 404 1256 "-" "Mozilla/5.0 (compatible; bingbot/2.0; +http://www.bing.com/bingbot.htm)"
157.56.229.189 - - [03/Feb/2013:18:40:28 +0100] "GET / HTTP/1.1" 200 2366 "-" "Mozilla/5.0 (compatible; bingbot/2.0; +http://www.bing.com/bingbot.htm)"
208.115.113.84 - - [03/Feb/2013:19:09:23 +0100] "GET /robots.txt HTTP/1.1" 404 1256 "-" "Mozilla/5.0 (compatible; Ezooms/1.0; ezooms.bot@gmail.com)"
208.115.113.84 - - [03/Feb/2013:19:37:37 +0100] "GET / HTTP/1.1" 200 2366 "-" "Mozilla/5.0 (compatible; Ezooms/1.0; ezooms.bot@gmail.com)"
157.56.229.188 - - [03/Feb/2013:20:15:01 +0100] "GET /robots.txt HTTP/1.1" 404 1256 "-" "Mozilla/5.0 (compatible; bingbot/2.0; +http://www.bing.com/bingbot.htm)"
157.56.229.188 - - [03/Feb/2013:20:18:13 +0100] "GET / HTTP/1.1" 200 2366 "-" "Mozilla/5.0 (compatible; bingbot/2.0; +http://www.bing.com/bingbot.htm)"
141.8.147.1 - - [03/Feb/2013:20:32:05 +0100] "GET / HTTP/1.1" 200 2366 "-" "Mozilla/5.0 (compatible; YandexBot/3.0; +http://yandex.com/bots)"
141.8.147.1 - - [03/Feb/2013:20:32:15 +0100] "GET /00start.swf HTTP/1.1" 200 8575 "-" "Mozilla/5.0 (compatible; YandexBot/3.0; +http://yandex.com/bots)"
84.163.17.195 - - [03/Feb/2013:20:50:51 +0100] "GET / HTTP/1.1" 200 2366 "http://www.google.de/url?sa=t&rct=j&q=dr.%20k%C3%BCtemeyer%20pforzheim&source=web&cd=3&ved=0CD4QFjAC&url=http%3A%2F%2Fwww.dialyse-calw.de%2F&ei=NL8OUYbvFtHEtAahyYHgAg&usg=AFQjCNECMxQiO0NOt3ERqW1uzT1RIToCeg" "Mozilla/5.0 (compatible; MSIE 9.0; Windows NT 6.1; Trident/5.0)"
84.163.17.195 - - [03/Feb/2013:20:50:51 +0100] "HEAD /00start.swf HTTP/1.1" 200 - "-" "contype"
84.163.17.195 - - [03/Feb/2013:20:50:51 +0100] "GET /00start.swf HTTP/1.1" 200 8575 "http://www.dialyse-calw.de/" "Mozilla/5.0 (compatible; MSIE 9.0; Windows NT 6.1; Trident/5.0)"
84.163.17.195 - - [03/Feb/2013:20:50:53 +0100] "GET /favicon.ico HTTP/1.1" 404 1256 "-" "Mozilla/5.0 (compatible; MSIE 9.0; Windows NT 6.1; Trident/5.0)"
84.163.17.195 - - [03/Feb/2013:20:51:00 +0100] "GET / HTTP/1.1" 200 2366 "http://www.dialyse-calw.de/" "Mozilla/5.0 (compatible; MSIE 9.0; Windows NT 6.1; Trident/5.0)"
84.163.17.195 - - [03/Feb/2013:20:51:01 +0100] "HEAD /00start.swf HTTP/1.1" 200 - "-" "contype"
84.163.17.195 - - [03/Feb/2013:20:51:01 +0100] "GET /00start.swf HTTP/1.1" 200 8575 "http://www.dialyse-pforzheim.de/" "Mozilla/5.0 (compatible; MSIE 9.0; Windows NT 6.1; Trident/5.0)"
84.163.17.195 - - [03/Feb/2013:20:51:03 +0100] "GET /favicon.ico HTTP/1.1" 404 1256 "-" "Mozilla/5.0 (compatible; MSIE 9.0; Windows NT 6.1; Trident/5.0)"
84.163.17.195 - - [03/Feb/2013:20:51:05 +0100] "GET /00themen00.html HTTP/1.1" 200 2254 "http://www.dialyse-pforzheim.de/00start.swf" "Mozilla/5.0 (compatible; MSIE 9.0; Windows NT 6.1; Trident/5.0)"
84.163.17.195 - - [03/Feb/2013:20:51:05 +0100] "GET /00themen00.html HTTP/1.1" 200 2254 "http://www.dialyse-pforzheim.de/00start.swf" "Mozilla/5.0 (compatible; MSIE 9.0; Windows NT 6.1; Trident/5.0)"
84.163.17.195 - - [03/Feb/2013:20:51:06 +0100] "GET /AC_RunActiveContent.js HTTP/1.1" 200 8029 "http://www.dialyse-pforzheim.de/00themen00.html" "Mozilla/5.0 (compatible; MSIE 9.0; Windows NT 6.1; Trident/5.0)"
84.163.17.195 - - [03/Feb/2013:20:51:06 +0100] "GET /00themen00.swf HTTP/1.1" 200 136579 "http://www.dialyse-pforzheim.de/00themen00.html" "Mozilla/5.0 (compatible; MSIE 9.0; Windows NT 6.1; Trident/5.0)"
84.163.17.195 - - [03/Feb/2013:20:51:08 +0100] "GET /favicon.ico HTTP/1.1" 404 1256 "-" "Mozilla/5.0 (compatible; MSIE 9.0; Windows NT 6.1; Trident/5.0)"
84.163.17.195 - - [03/Feb/2013:20:51:10 +0100] "GET /01.html HTTP/1.1" 200 1982 "http://www.dialyse-pforzheim.de/00themen00.swf" "Mozilla/5.0 (compatible; MSIE 9.0; Windows NT 6.1; Trident/5.0)"
84.163.17.195 - - [03/Feb/2013:20:51:10 +0100] "GET /01.swf HTTP/1.1" 200 19349 "http://www.dialyse-pforzheim.de/01.html" "Mozilla/5.0 (compatible; MSIE 9.0; Windows NT 6.1; Trident/5.0)"
84.163.17.195 - - [03/Feb/2013:20:51:19 +0100] "GET /03.html HTTP/1.1" 200 1982 "http://www.dialyse-pforzheim.de/00themen00.swf" "Mozilla/5.0 (compatible; MSIE 9.0; Windows NT 6.1; Trident/5.0)"
84.163.17.195 - - [03/Feb/2013:20:51:19 +0100] "GET /03.swf HTTP/1.1" 200 74505 "http://www.dialyse-pforzheim.de/03.html" "Mozilla/5.0 (compatible; MSIE 9.0; Windows NT 6.1; Trident/5.0)"
84.163.17.195 - - [03/Feb/2013:20:51:43 +0100] "GET /03a.html HTTP/1.1" 200 1991 "http://www.dialyse-pforzheim.de/00themen00.swf" "Mozilla/5.0 (compatible; MSIE 9.0; Windows NT 6.1; Trident/5.0)"
84.163.17.195 - - [03/Feb/2013:20:51:43 +0100] "GET /03a.swf HTTP/1.1" 200 94997 "http://www.dialyse-pforzheim.de/03a.html" "Mozilla/5.0 (compatible; MSIE 9.0; Windows NT 6.1; Trident/5.0)"
84.163.17.195 - - [03/Feb/2013:20:51:59 +0100] "GET /04.html HTTP/1.1" 200 2106 "http://www.dialyse-pforzheim.de/00themen00.swf" "Mozilla/5.0 (compatible; MSIE 9.0; Windows NT 6.1; Trident/5.0)"
84.163.17.195 - - [03/Feb/2013:20:51:59 +0100] "GET /04.swf HTTP/1.1" 200 62769 "http://www.dialyse-pforzheim.de/04.html" "Mozilla/5.0 (compatible; MSIE 9.0; Windows NT 6.1; Trident/5.0)"
84.163.17.195 - - [03/Feb/2013:20:52:12 +0100] "HEAD /00start.swf HTTP/1.1" 200 - "-" "contype"
83.133.125.202 - - [03/Feb/2013:20:55:51 +0100] "GET / HTTP/1.1" 200 2366 "http://www.sumaja.de/?such_wert=dialyse" "Mozilla/5.0 (Windows; U; Windows NT 6.1; de; rv:1.9.2.8) Gecko/20100722 Firefox/3.6.8 GTB7.1"
180.76.6.232 - - [03/Feb/2013:21:19:20 +0100] "GET /robots.txt HTTP/1.1" 404 1256 "-" "Mozilla/5.0 (Windows NT 5.1; rv:6.0.2) Gecko/20100101 Firefox/6.0.2"
66.249.76.187 - - [03/Feb/2013:21:27:52 +0100] "GET /robots.txt HTTP/1.1" 404 1256 "-" "Mozilla/5.0 (compatible; Googlebot/2.1; +http://www.google.com/bot.html)"
93.231.135.79 - - [03/Feb/2013:21:53:34 +0100] "GET / HTTP/1.1" 200 2366 "https://www.google.de/" "Mozilla/5.0 (Windows NT 6.1; WOW64) AppleWebKit/537.17 (KHTML, like Gecko) Chrome/24.0.1312.57 Safari/537.17"
93.231.135.79 - - [03/Feb/2013:21:53:35 +0100] "GET /00start.swf HTTP/1.1" 200 8575 "http://www.dialyse-calw.de/" "Mozilla/5.0 (Windows NT 6.1; WOW64) AppleWebKit/537.17 (KHTML, like Gecko) Chrome/24.0.1312.57 Safari/537.17"
93.231.135.79 - - [03/Feb/2013:21:53:36 +0100] "GET /favicon.ico HTTP/1.1" 404 1256 "-" "Mozilla/5.0 (Windows NT 6.1; WOW64) AppleWebKit/537.17 (KHTML, like Gecko) Chrome/24.0.1312.57 Safari/537.17"
93.231.135.79 - - [03/Feb/2013:21:53:40 +0100] "GET /00themen00.html HTTP/1.1" 200 2254 "http://www.dialyse-calw.de/" "Mozilla/5.0 (Windows NT 6.1; WOW64) AppleWebKit/537.17 (KHTML, like Gecko) Chrome/24.0.1312.57 Safari/537.17"
93.231.135.79 - - [03/Feb/2013:21:53:40 +0100] "GET /AC_RunActiveContent.js HTTP/1.1" 200 8029 "http://www.dialyse-calw.de/00themen00.html" "Mozilla/5.0 (Windows NT 6.1; WOW64) AppleWebKit/537.17 (KHTML, like Gecko) Chrome/24.0.1312.57 Safari/537.17"
93.231.135.79 - - [03/Feb/2013:21:53:41 +0100] "GET /favicon.ico HTTP/1.1" 404 1256 "-" "Mozilla/5.0 (Windows NT 6.1; WOW64) AppleWebKit/537.17 (KHTML, like Gecko) Chrome/24.0.1312.57 Safari/537.17"
93.231.135.79 - - [03/Feb/2013:21:53:40 +0100] "GET /00themen00.swf HTTP/1.1" 200 136579 "http://www.dialyse-calw.de/00themen00.html" "Mozilla/5.0 (Windows NT 6.1; WOW64) AppleWebKit/537.17 (KHTML, like Gecko) Chrome/24.0.1312.57 Safari/537.17"
93.231.135.79 - - [03/Feb/2013:21:53:44 +0100] "GET /04.html HTTP/1.1" 200 2106 "http://www.dialyse-calw.de/00themen00.html" "Mozilla/5.0 (Windows NT 6.1; WOW64) AppleWebKit/537.17 (KHTML, like Gecko) Chrome/24.0.1312.57 Safari/537.17"
93.231.135.79 - - [03/Feb/2013:21:53:44 +0100] "GET /04.swf HTTP/1.1" 200 62769 "http://www.dialyse-calw.de/04.html" "Mozilla/5.0 (Windows NT 6.1; WOW64) AppleWebKit/537.17 (KHTML, like Gecko) Chrome/24.0.1312.57 Safari/537.17"
93.231.135.79 - - [03/Feb/2013:21:53:44 +0100] "GET /favicon.ico HTTP/1.1" 404 1256 "-" "Mozilla/5.0 (Windows NT 6.1; WOW64) AppleWebKit/537.17 (KHTML, like Gecko) Chrome/24.0.1312.57 Safari/537.17"
46.119.124.93 - - [04/Feb/2013:00:00:40 +0100] "GET /robots.txt HTTP/1.0" 404 1256 "-" "Mozilla/5.0 (compatible; MJ12bot/v1.4.3; http://www.majestic12.co.uk/bot.php?+)"
46.119.124.93 - - [04/Feb/2013:00:00:42 +0100] "GET / HTTP/1.1" 200 2366 "-" "Mozilla/5.0 (compatible; MJ12bot/v1.4.3; http://www.majestic12.co.uk/bot.php?+)"
178.77.126.55 - - [04/Feb/2013:00:04:41 +0100] "GET /robots.txt HTTP/1.1" 404 1256 "-" "Mozilla/5.0 (compatible; CareerBot/1.1; +http://www.career-x.de/bot.html)"
178.77.126.55 - - [04/Feb/2013:00:04:41 +0100] "GET / HTTP/1.1" 200 2366 "-" "Mozilla/5.0 (compatible; CareerBot/1.1; +http://www.career-x.de/bot.html)"
66.249.76.173 - - [04/Feb/2013:00:13:31 +0100] "GET /robots.txt HTTP/1.1" 404 1256 "-" "Mozilla/5.0 (compatible; Googlebot/2.1; +http://www.google.com/bot.html)"
66.249.76.173 - - [04/Feb/2013:00:13:31 +0100] "GET / HTTP/1.1" 200 2366 "-" "Mozilla/5.0 (compatible; Googlebot/2.1; +http://www.google.com/bot.html)"
178.77.126.55 - - [04/Feb/2013:00:22:29 +0100] "GET /robots.txt HTTP/1.1" 404 1256 "-" "Mozilla/5.0 (compatible; CareerBot/1.1; +http://www.career-x.de/bot.html)"
178.77.126.55 - - [04/Feb/2013:00:22:29 +0100] "GET / HTTP/1.1" 200 2366 "-" "Mozilla/5.0 (compatible; CareerBot/1.1; +http://www.career-x.de/bot.html)"
66.249.76.187 - - [04/Feb/2013:01:23:52 +0100] "GET /00start.swf HTTP/1.1" 200 8575 "-" "Mozilla/5.0 (iPhone; U; CPU iPhone OS 4_1 like Mac OS X; en-us) AppleWebKit/532.9 (KHTML, like Gecko) Version/4.0.5 Mobile/8B117 Safari/6531.22.7 (compatible; Googlebot-Mobile/2.1; +http://www.google.com/bot.html)"
157.55.32.189 - - [04/Feb/2013:02:26:05 +0100] "GET /robots.txt HTTP/1.1" 404 1256 "-" "Mozilla/5.0 (compatible; bingbot/2.0; +http://www.bing.com/bingbot.htm)"
157.55.32.189 - - [04/Feb/2013:02:28:17 +0100] "GET / HTTP/1.1" 200 2366 "-" "Mozilla/5.0 (compatible; bingbot/2.0; +http://www.bing.com/bingbot.htm)"
141.8.147.1 - - [04/Feb/2013:02:58:57 +0100] "GET /robots.txt HTTP/1.1" 404 1256 "-" "Mozilla/5.0 (compatible; YandexBot/3.0; +http://yandex.com/bots)"
141.8.147.1 - - [04/Feb/2013:03:47:52 +0100] "GET / HTTP/1.1" 200 2366 "-" "Mozilla/5.0 (compatible; YandexBot/3.0; +http://yandex.com/bots)"
141.8.147.1 - - [04/Feb/2013:03:48:39 +0100] "GET /00start.swf HTTP/1.1" 200 8575 "-" "Mozilla/5.0 (compatible; YandexBot/3.0; +http://yandex.com/bots)"
157.55.36.50 - - [04/Feb/2013:03:55:07 +0100] "GET /robots.txt HTTP/1.1" 404 1256 "-" "Mozilla/5.0 (compatible; bingbot/2.0; +http://www.bing.com/bingbot.htm)"
157.55.36.50 - - [04/Feb/2013:03:56:56 +0100] "GET /praxis2.htm HTTP/1.1" 404 1256 "-" "Mozilla/5.0 (compatible; bingbot/2.0; +http://www.bing.com/bingbot.htm)"
