84.160.192.123 - - [28/Sep/2012:10:54:55 +0200] "GET /06.html HTTP/1.1" 200 2278 "http://www.dialyse-nagold.de/00themen00.html" "Mozilla/5.0 (Windows NT 5.0; rv:7.0.1) Gecko/20100101 Firefox/7.0.1"
84.160.192.123 - - [28/Sep/2012:10:54:55 +0200] "GET /06.swf HTTP/1.1" 200 20731 "http://www.dialyse-nagold.de/06.html" "Mozilla/5.0 (Windows NT 5.0; rv:7.0.1) Gecko/20100101 Firefox/7.0.1"
84.160.192.123 - - [28/Sep/2012:10:55:06 +0200] "GET /08.html HTTP/1.1" 200 2005 "http://www.dialyse-nagold.de/00themen00.html" "Mozilla/5.0 (Windows NT 5.0; rv:7.0.1) Gecko/20100101 Firefox/7.0.1"
84.160.192.123 - - [28/Sep/2012:10:55:07 +0200] "GET /08.swf HTTP/1.1" 200 20405 "http://www.dialyse-nagold.de/08.html" "Mozilla/5.0 (Windows NT 5.0; rv:7.0.1) Gecko/20100101 Firefox/7.0.1"
84.160.192.123 - - [28/Sep/2012:10:55:45 +0200] "GET /03a.html HTTP/1.1" 200 1991 "http://www.dialyse-nagold.de/00themen00.html" "Mozilla/5.0 (Windows NT 5.0; rv:7.0.1) Gecko/20100101 Firefox/7.0.1"
84.160.192.123 - - [28/Sep/2012:10:55:45 +0200] "GET /03a.swf HTTP/1.1" 200 94997 "http://www.dialyse-nagold.de/03a.html" "Mozilla/5.0 (Windows NT 5.0; rv:7.0.1) Gecko/20100101 Firefox/7.0.1"
84.160.192.123 - - [28/Sep/2012:10:55:57 +0200] "GET /09.html HTTP/1.1" 200 2086 "http://www.dialyse-nagold.de/00themen00.html" "Mozilla/5.0 (Windows NT 5.0; rv:7.0.1) Gecko/20100101 Firefox/7.0.1"
84.160.192.123 - - [28/Sep/2012:10:55:57 +0200] "GET /09.swf HTTP/1.1" 200 23096 "http://www.dialyse-nagold.de/09.html" "Mozilla/5.0 (Windows NT 5.0; rv:7.0.1) Gecko/20100101 Firefox/7.0.1"
84.160.192.123 - - [28/Sep/2012:11:11:05 +0200] "GET / HTTP/1.1" 200 2366 "http://www.google.de/url?sa=t&rct=j&q=dialysezentrum%20calw&source=web&cd=4&ved=0CDMQFjAD&url=http%3A%2F%2Fwww.dialyse-calw.de%2F&ei=X2llUL-fEurQ4QSIiYHQAg&usg=AFQjCNECMxQiO0NOt3ERqW1uzT1RIToCeg" "Mozilla/5.0 (Windows NT 5.0; rv:7.0.1) Gecko/20100101 Firefox/7.0.1"
84.160.192.123 - - [28/Sep/2012:11:11:06 +0200] "GET /00start.swf HTTP/1.1" 200 8575 "http://www.dialyse-calw.de/" "Mozilla/5.0 (Windows NT 5.0; rv:7.0.1) Gecko/20100101 Firefox/7.0.1"
84.160.192.123 - - [28/Sep/2012:11:11:10 +0200] "GET /favicon.ico HTTP/1.1" 404 1256 "-" "Mozilla/5.0 (Windows NT 5.0; rv:7.0.1) Gecko/20100101 Firefox/7.0.1"
84.160.192.123 - - [28/Sep/2012:11:11:10 +0200] "GET /favicon.ico HTTP/1.1" 404 1256 "-" "Mozilla/5.0 (Windows NT 5.0; rv:7.0.1) Gecko/20100101 Firefox/7.0.1"
193.106.136.39 - - [28/Sep/2012:12:14:05 +0200] "GET / HTTP/1.1" 200 2366 "http://newstalk.webtalk.ru/" "Mozilla/4.0 (compatible; MSIE 6.0; Windows NT 5.1; en) Opera 8.00"
193.106.136.39 - - [28/Sep/2012:12:14:05 +0200] "GET / HTTP/1.1" 200 2366 "http://newstalk.webtalk.ru/" "Mozilla/4.0 (compatible; MSIE 6.0; Windows NT 5.1; en) Opera 8.00"
66.249.71.137 - - [28/Sep/2012:12:33:33 +0200] "GET /robots.txt HTTP/1.1" 404 1256 "-" "Mozilla/5.0 (compatible; Googlebot/2.1; +http://www.google.com/bot.html)"
119.63.196.24 - - [28/Sep/2012:12:54:09 +0200] "GET /robots.txt HTTP/1.1" 404 1256 "-" "Baiduspider+(+http://www.baidu.com/search/spider.htm)"
199.19.249.196 - - [28/Sep/2012:13:03:20 +0200] "GET / HTTP/1.1" 200 2366 "-" "Mozilla/4.0 (compatible; MSIE 7.0; Windows NT 5.1; InfoPath.1; .NET CLR 2.0.50727; .NET CLR 1.1.4322; MS-RTC LM 8; .NET CLR 3.0.4506.2152; .NET CLR 3.5.30729)"
195.167.217.120 - - [28/Sep/2012:13:03:20 +0200] "GET / HTTP/1.1" 304 - "http://www.siloah.de/cms/siloah/Siloah_27.html" "Mozilla/4.0 (compatible; MSIE 8.0; Windows NT 5.1; Trident/4.0; .NET CLR 2.0.50727; .NET CLR 3.0.4506.2152; .NET CLR 3.5.30729)"
195.167.217.120 - - [28/Sep/2012:13:03:20 +0200] "GET /00start.swf HTTP/1.1" 304 - "-" "contype"
195.167.217.120 - - [28/Sep/2012:13:03:22 +0200] "GET /favicon.ico HTTP/1.1" 404 1256 "-" "Mozilla/4.0 (compatible; MSIE 8.0; Windows NT 5.1; Trident/4.0; .NET CLR 2.0.50727; .NET CLR 3.0.4506.2152; .NET CLR 3.5.30729)"
195.167.217.120 - - [28/Sep/2012:13:03:26 +0200] "GET /00themen00.html HTTP/1.1" 304 - "http://www.dialyse-calw.de/00start.swf" "Mozilla/4.0 (compatible; MSIE 8.0; Windows NT 5.1; Trident/4.0; .NET CLR 2.0.50727; .NET CLR 3.0.4506.2152; .NET CLR 3.5.30729)"
195.167.217.120 - - [28/Sep/2012:13:03:26 +0200] "GET /AC_RunActiveContent.js HTTP/1.1" 304 - "http://www.dialyse-calw.de/00start.swf" "Mozilla/4.0 (compatible; MSIE 8.0; Windows NT 5.1; Trident/4.0; .NET CLR 2.0.50727; .NET CLR 3.0.4506.2152; .NET CLR 3.5.30729)"
195.167.217.120 - - [28/Sep/2012:13:03:26 +0200] "GET /00themen00.swf HTTP/1.1" 304 - "http://www.dialyse-calw.de/00themen00.html" "Mozilla/4.0 (compatible; MSIE 8.0; Windows NT 5.1; Trident/4.0; .NET CLR 2.0.50727; .NET CLR 3.0.4506.2152; .NET CLR 3.5.30729)"
195.167.217.120 - - [28/Sep/2012:13:03:26 +0200] "GET /favicon.ico HTTP/1.1" 404 1256 "-" "Mozilla/4.0 (compatible; MSIE 8.0; Windows NT 5.1; Trident/4.0; .NET CLR 2.0.50727; .NET CLR 3.0.4506.2152; .NET CLR 3.5.30729)"
195.167.217.120 - - [28/Sep/2012:13:03:28 +0200] "GET /04.html HTTP/1.1" 304 - "http://www.dialyse-calw.de/00themen00.swf" "Mozilla/4.0 (compatible; MSIE 8.0; Windows NT 5.1; Trident/4.0; .NET CLR 2.0.50727; .NET CLR 3.0.4506.2152; .NET CLR 3.5.30729)"
195.167.217.120 - - [28/Sep/2012:13:03:29 +0200] "GET /04.swf HTTP/1.1" 304 - "http://www.dialyse-calw.de/04.html" "Mozilla/4.0 (compatible; MSIE 8.0; Windows NT 5.1; Trident/4.0; .NET CLR 2.0.50727; .NET CLR 3.0.4506.2152; .NET CLR 3.5.30729)"
195.167.217.120 - - [28/Sep/2012:13:03:35 +0200] "GET /03.html HTTP/1.1" 304 - "http://www.dialyse-calw.de/00themen00.swf" "Mozilla/4.0 (compatible; MSIE 8.0; Windows NT 5.1; Trident/4.0; .NET CLR 2.0.50727; .NET CLR 3.0.4506.2152; .NET CLR 3.5.30729)"
195.167.217.120 - - [28/Sep/2012:13:03:36 +0200] "GET /03.swf HTTP/1.1" 304 - "http://www.dialyse-calw.de/03.html" "Mozilla/4.0 (compatible; MSIE 8.0; Windows NT 5.1; Trident/4.0; .NET CLR 2.0.50727; .NET CLR 3.0.4506.2152; .NET CLR 3.5.30729)"
195.167.217.120 - - [28/Sep/2012:13:03:57 +0200] "GET /08.html HTTP/1.1" 200 2005 "http://www.dialyse-calw.de/00themen00.swf" "Mozilla/4.0 (compatible; MSIE 8.0; Windows NT 5.1; Trident/4.0; .NET CLR 2.0.50727; .NET CLR 3.0.4506.2152; .NET CLR 3.5.30729)"
195.167.217.120 - - [28/Sep/2012:13:03:57 +0200] "GET /08.swf HTTP/1.1" 200 20405 "http://www.dialyse-calw.de/08.html" "Mozilla/4.0 (compatible; MSIE 8.0; Windows NT 5.1; Trident/4.0; .NET CLR 2.0.50727; .NET CLR 3.0.4506.2152; .NET CLR 3.5.30729)"
157.56.94.172 - - [28/Sep/2012:13:05:25 +0200] "GET /robots.txt HTTP/1.1" 404 1256 "-" "msnbot/2.0b (+http://search.msn.com/msnbot.htm)"
157.56.94.172 - - [28/Sep/2012:13:05:26 +0200] "GET / HTTP/1.1" 200 2366 "-" "msnbot/2.0b (+http://search.msn.com/msnbot.htm)"
195.167.217.120 - - [28/Sep/2012:13:14:54 +0200] "GET /01.html HTTP/1.1" 304 - "http://www.dialyse-calw.de/00themen00.swf" "Mozilla/4.0 (compatible; MSIE 8.0; Windows NT 5.1; Trident/4.0; .NET CLR 2.0.50727; .NET CLR 3.0.4506.2152; .NET CLR 3.5.30729)"
195.167.217.120 - - [28/Sep/2012:13:14:54 +0200] "GET /01.swf HTTP/1.1" 304 - "http://www.dialyse-calw.de/01.html" "Mozilla/4.0 (compatible; MSIE 8.0; Windows NT 5.1; Trident/4.0; .NET CLR 2.0.50727; .NET CLR 3.0.4506.2152; .NET CLR 3.5.30729)"
195.167.217.120 - - [28/Sep/2012:13:15:02 +0200] "GET /03a.html HTTP/1.1" 200 1991 "http://www.dialyse-calw.de/00themen00.swf" "Mozilla/4.0 (compatible; MSIE 8.0; Windows NT 5.1; Trident/4.0; .NET CLR 2.0.50727; .NET CLR 3.0.4506.2152; .NET CLR 3.5.30729)"
195.167.217.120 - - [28/Sep/2012:13:15:02 +0200] "GET /03a.swf HTTP/1.1" 200 94997 "http://www.dialyse-calw.de/03a.html" "Mozilla/4.0 (compatible; MSIE 8.0; Windows NT 5.1; Trident/4.0; .NET CLR 2.0.50727; .NET CLR 3.0.4506.2152; .NET CLR 3.5.30729)"
66.249.71.75 - - [28/Sep/2012:14:28:50 +0200] "GET /robots.txt HTTP/1.1" 404 1256 "-" "Mozilla/5.0 (compatible; Googlebot/2.1; +http://www.google.com/bot.html)"
217.7.228.80 - - [28/Sep/2012:16:02:30 +0200] "GET / HTTP/1.1" 200 2366 "http://www.rhoen-klinikum-ag.com/rka/cms/pfk_2/deu/66265.html" "Mozilla/5.0 (compatible; MSIE 9.0; Windows NT 6.1; WOW64; Trident/5.0)"
217.7.228.80 - - [28/Sep/2012:16:02:30 +0200] "HEAD /00start.swf HTTP/1.1" 200 - "-" "contype"
217.7.228.80 - - [28/Sep/2012:16:02:30 +0200] "GET /00start.swf HTTP/1.1" 200 8575 "http://www.dialyse-pforzheim.de/" "Mozilla/5.0 (compatible; MSIE 9.0; Windows NT 6.1; WOW64; Trident/5.0)"
217.7.228.80 - - [28/Sep/2012:16:02:31 +0200] "GET /favicon.ico HTTP/1.1" 404 1256 "-" "Mozilla/5.0 (compatible; MSIE 9.0; Windows NT 6.1; WOW64; Trident/5.0)"
217.7.228.80 - - [28/Sep/2012:16:02:35 +0200] "GET /00themen00.html HTTP/1.1" 200 2254 "http://www.dialyse-pforzheim.de/00start.swf" "Mozilla/5.0 (compatible; MSIE 9.0; Windows NT 6.1; WOW64; Trident/5.0)"
217.7.228.80 - - [28/Sep/2012:16:02:35 +0200] "GET /AC_RunActiveContent.js HTTP/1.1" 200 8029 "http://www.dialyse-pforzheim.de/00start.swf" "Mozilla/5.0 (compatible; MSIE 9.0; Windows NT 6.1; WOW64; Trident/5.0)"
217.7.228.80 - - [28/Sep/2012:16:02:35 +0200] "GET /AC_RunActiveContent.js HTTP/1.1" 200 8029 "http://www.dialyse-pforzheim.de/00themen00.html" "Mozilla/5.0 (compatible; MSIE 9.0; Windows NT 6.1; WOW64; Trident/5.0)"
217.7.228.80 - - [28/Sep/2012:16:02:36 +0200] "GET /00themen00.swf HTTP/1.1" 200 136579 "http://www.dialyse-pforzheim.de/00themen00.html" "Mozilla/5.0 (compatible; MSIE 9.0; Windows NT 6.1; WOW64; Trident/5.0)"
217.7.228.80 - - [28/Sep/2012:16:02:36 +0200] "GET /favicon.ico HTTP/1.1" 404 1256 "-" "Mozilla/5.0 (compatible; MSIE 9.0; Windows NT 6.1; WOW64; Trident/5.0)"
217.7.228.80 - - [28/Sep/2012:16:02:38 +0200] "GET /04.html HTTP/1.1" 200 2106 "http://www.dialyse-pforzheim.de/00themen00.swf" "Mozilla/5.0 (compatible; MSIE 9.0; Windows NT 6.1; WOW64; Trident/5.0)"
217.7.228.80 - - [28/Sep/2012:16:02:38 +0200] "GET /04.swf HTTP/1.1" 200 62769 "http://www.dialyse-pforzheim.de/04.html" "Mozilla/5.0 (compatible; MSIE 9.0; Windows NT 6.1; WOW64; Trident/5.0)"
217.7.228.80 - - [28/Sep/2012:16:02:49 +0200] "GET /04Kartebbb.html HTTP/1.1" 200 2077 "http://www.dialyse-pforzheim.de/04.swf" "Mozilla/5.0 (compatible; MSIE 9.0; Windows NT 6.1; WOW64; Trident/5.0)"
217.7.228.80 - - [28/Sep/2012:16:02:49 +0200] "GET /04Kartebbb.swf HTTP/1.1" 200 32635 "http://www.dialyse-pforzheim.de/04Kartebbb.html" "Mozilla/5.0 (compatible; MSIE 9.0; Windows NT 6.1; WOW64; Trident/5.0)"
217.7.228.80 - - [28/Sep/2012:16:03:12 +0200] "GET /08.html HTTP/1.1" 200 2005 "http://www.dialyse-pforzheim.de/00themen00.swf" "Mozilla/5.0 (compatible; MSIE 9.0; Windows NT 6.1; WOW64; Trident/5.0)"
217.7.228.80 - - [28/Sep/2012:16:03:13 +0200] "GET /08.swf HTTP/1.1" 200 20405 "http://www.dialyse-pforzheim.de/08.html" "Mozilla/5.0 (compatible; MSIE 9.0; Windows NT 6.1; WOW64; Trident/5.0)"
84.56.240.166 - - [28/Sep/2012:16:03:21 +0200] "GET / HTTP/1.1" 200 2366 "http://siloah.de/cms/siloah/pflege_28.html" "Mozilla/5.0 (Android; Tablet; rv:15.0) Gecko/15.0 Firefox/15.0.1"
84.56.240.166 - - [28/Sep/2012:16:03:21 +0200] "GET /00start.swf HTTP/1.1" 200 8575 "http://www.dialyse-calw.de/" "Mozilla/5.0 (Android; Tablet; rv:15.0) Gecko/15.0 Firefox/15.0.1"
84.56.240.166 - - [28/Sep/2012:16:03:22 +0200] "GET /favicon.ico HTTP/1.1" 404 1256 "-" "Mozilla/5.0 (Android; Tablet; rv:15.0.1) Gecko/15.0.1 Firefox/15.0.1"
217.7.228.80 - - [28/Sep/2012:16:03:24 +0200] "GET /03.html HTTP/1.1" 200 1982 "http://www.dialyse-pforzheim.de/00themen00.swf" "Mozilla/5.0 (compatible; MSIE 9.0; Windows NT 6.1; WOW64; Trident/5.0)"
217.7.228.80 - - [28/Sep/2012:16:03:24 +0200] "GET /03.swf HTTP/1.1" 200 74505 "http://www.dialyse-pforzheim.de/03.html" "Mozilla/5.0 (compatible; MSIE 9.0; Windows NT 6.1; WOW64; Trident/5.0)"
84.56.240.166 - - [28/Sep/2012:16:03:36 +0200] "GET /00themen00.html HTTP/1.1" 200 2254 "http://www.dialyse-calw.de/" "Mozilla/5.0 (Android; Tablet; rv:15.0) Gecko/15.0 Firefox/15.0.1"
84.56.240.166 - - [28/Sep/2012:16:03:36 +0200] "GET /AC_RunActiveContent.js HTTP/1.1" 200 8029 "http://www.dialyse-calw.de/00themen00.html" "Mozilla/5.0 (Android; Tablet; rv:15.0) Gecko/15.0 Firefox/15.0.1"
84.56.240.166 - - [28/Sep/2012:16:03:37 +0200] "GET /00themen00.swf HTTP/1.1" 200 136579 "http://www.dialyse-calw.de/00themen00.html" "Mozilla/5.0 (Android; Tablet; rv:15.0) Gecko/15.0 Firefox/15.0.1"
84.56.240.166 - - [28/Sep/2012:16:03:37 +0200] "GET /favicon.ico HTTP/1.1" 404 1256 "-" "Mozilla/5.0 (Android; Tablet; rv:15.0.1) Gecko/15.0.1 Firefox/15.0.1"
84.56.240.166 - - [28/Sep/2012:16:03:43 +0200] "GET /04.html HTTP/1.1" 200 2106 "http://www.dialyse-calw.de/00themen00.html" "Mozilla/5.0 (Android; Tablet; rv:15.0) Gecko/15.0 Firefox/15.0.1"
84.56.240.166 - - [28/Sep/2012:16:03:44 +0200] "GET /04.swf HTTP/1.1" 200 62769 "http://www.dialyse-calw.de/04.html" "Mozilla/5.0 (Android; Tablet; rv:15.0) Gecko/15.0 Firefox/15.0.1"
84.56.240.166 - - [28/Sep/2012:16:03:44 +0200] "GET /favicon.ico HTTP/1.1" 404 1256 "-" "Mozilla/5.0 (Android; Tablet; rv:15.0.1) Gecko/15.0.1 Firefox/15.0.1"
84.56.240.166 - - [28/Sep/2012:16:03:57 +0200] "GET /04Kartebbb.html HTTP/1.1" 200 2077 "http://www.dialyse-calw.de/04.html" "Mozilla/5.0 (Android; Tablet; rv:15.0) Gecko/15.0 Firefox/15.0.1"
84.56.240.166 - - [28/Sep/2012:16:03:58 +0200] "GET /04Kartebbb.swf HTTP/1.1" 200 32635 "http://www.dialyse-calw.de/04Kartebbb.html" "Mozilla/5.0 (Android; Tablet; rv:15.0) Gecko/15.0 Firefox/15.0.1"
84.56.240.166 - - [28/Sep/2012:16:03:58 +0200] "GET /favicon.ico HTTP/1.1" 404 1256 "-" "Mozilla/5.0 (Android; Tablet; rv:15.0.1) Gecko/15.0.1 Firefox/15.0.1"
84.56.240.166 - - [28/Sep/2012:16:04:01 +0200] "GET /favicon.ico HTTP/1.1" 404 1256 "-" "Mozilla/5.0 (Android; Tablet; rv:15.0.1) Gecko/15.0.1 Firefox/15.0.1"
84.56.240.166 - - [28/Sep/2012:16:04:06 +0200] "GET /03.html HTTP/1.1" 200 1982 "http://www.dialyse-calw.de/00themen00.html" "Mozilla/5.0 (Android; Tablet; rv:15.0) Gecko/15.0 Firefox/15.0.1"
84.56.240.166 - - [28/Sep/2012:16:04:06 +0200] "GET /03.swf HTTP/1.1" 200 74505 "http://www.dialyse-calw.de/03.html" "Mozilla/5.0 (Android; Tablet; rv:15.0) Gecko/15.0 Firefox/15.0.1"
84.56.240.166 - - [28/Sep/2012:16:04:06 +0200] "GET /favicon.ico HTTP/1.1" 404 1256 "-" "Mozilla/5.0 (Android; Tablet; rv:15.0.1) Gecko/15.0.1 Firefox/15.0.1"
84.56.240.166 - - [28/Sep/2012:16:04:08 +0200] "GET /favicon.ico HTTP/1.1" 404 1256 "-" "Mozilla/5.0 (Android; Tablet; rv:15.0.1) Gecko/15.0.1 Firefox/15.0.1"
84.56.240.166 - - [28/Sep/2012:16:04:10 +0200] "GET /02.html HTTP/1.1" 200 1982 "http://www.dialyse-calw.de/00themen00.html" "Mozilla/5.0 (Android; Tablet; rv:15.0) Gecko/15.0 Firefox/15.0.1"
84.56.240.166 - - [28/Sep/2012:16:04:10 +0200] "GET /02.swf HTTP/1.1" 200 22781 "http://www.dialyse-calw.de/02.html" "Mozilla/5.0 (Android; Tablet; rv:15.0) Gecko/15.0 Firefox/15.0.1"
84.56.240.166 - - [28/Sep/2012:16:04:11 +0200] "GET /favicon.ico HTTP/1.1" 404 1256 "-" "Mozilla/5.0 (Android; Tablet; rv:15.0.1) Gecko/15.0.1 Firefox/15.0.1"
84.56.240.166 - - [28/Sep/2012:16:04:21 +0200] "GET /favicon.ico HTTP/1.1" 404 1256 "-" "Mozilla/5.0 (Android; Tablet; rv:15.0.1) Gecko/15.0.1 Firefox/15.0.1"
84.56.240.166 - - [28/Sep/2012:16:04:23 +0200] "GET /favicon.ico HTTP/1.1" 404 1256 "-" "Mozilla/5.0 (Android; Tablet; rv:15.0.1) Gecko/15.0.1 Firefox/15.0.1"
84.56.240.166 - - [28/Sep/2012:16:05:00 +0200] "GET /favicon.ico HTTP/1.1" 404 1256 "-" "Mozilla/5.0 (Android; Tablet; rv:15.0.1) Gecko/15.0.1 Firefox/15.0.1"
84.56.240.166 - - [28/Sep/2012:16:05:05 +0200] "GET /05.html HTTP/1.1" 200 1982 "http://www.dialyse-calw.de/00themen00.html" "Mozilla/5.0 (Android; Tablet; rv:15.0) Gecko/15.0 Firefox/15.0.1"
84.56.240.166 - - [28/Sep/2012:16:05:05 +0200] "GET /05.swf HTTP/1.1" 200 58083 "http://www.dialyse-calw.de/05.html" "Mozilla/5.0 (Android; Tablet; rv:15.0) Gecko/15.0 Firefox/15.0.1"
84.56.240.166 - - [28/Sep/2012:16:05:06 +0200] "GET /favicon.ico HTTP/1.1" 404 1256 "-" "Mozilla/5.0 (Android; Tablet; rv:15.0.1) Gecko/15.0.1 Firefox/15.0.1"
84.56.240.166 - - [28/Sep/2012:16:05:38 +0200] "GET /favicon.ico HTTP/1.1" 404 1256 "-" "Mozilla/5.0 (Android; Tablet; rv:15.0.1) Gecko/15.0.1 Firefox/15.0.1"
69.28.58.35 - - [28/Sep/2012:16:13:27 +0200] "GET /robots.txt HTTP/1.1" 404 1256 "-" "Wget/1.9+cvs-stable (Red Hat modified)"
178.137.129.128 - - [28/Sep/2012:18:50:32 +0200] "GET / HTTP/1.1" 200 2366 "http://crazy-animetv.ucoz.ru/" "Mozilla/4.0 (compatible; MSIE 7.0b; Windows NT 6.0)"
178.137.129.128 - - [28/Sep/2012:18:50:32 +0200] "GET / HTTP/1.1" 200 2366 "http://crazy-animetv.ucoz.ru/" "Mozilla/4.0 (compatible; MSIE 7.0b; Windows NT 6.0)"
149.172.167.57 - - [28/Sep/2012:19:11:56 +0200] "GET / HTTP/1.1" 200 2366 "http://1.1.1.1/http.stream.1tv.ru/login.cgi" "Mozilla/5.0 (Windows NT 6.1; WOW64) AppleWebKit/537.4 (KHTML, like Gecko) Chrome/22.0.1229.79 Safari/537.4"
149.172.167.57 - - [28/Sep/2012:19:11:57 +0200] "GET /00start.swf HTTP/1.1" 200 8575 "http://www.dialyse-pforzheim.de/" "Mozilla/5.0 (Windows NT 6.1; WOW64) AppleWebKit/537.4 (KHTML, like Gecko) Chrome/22.0.1229.79 Safari/537.4"
149.172.167.57 - - [28/Sep/2012:19:11:58 +0200] "GET /favicon.ico HTTP/1.1" 404 1256 "-" "Mozilla/5.0 (Windows NT 6.1; WOW64) AppleWebKit/537.4 (KHTML, like Gecko) Chrome/22.0.1229.79 Safari/537.4"
66.249.72.56 - - [28/Sep/2012:19:38:49 +0200] "GET /robots.txt HTTP/1.1" 404 1256 "-" "Mozilla/5.0 (compatible; Googlebot/2.1; +http://www.google.com/bot.html)"
66.249.72.56 - - [28/Sep/2012:19:38:49 +0200] "GET /06.swf HTTP/1.1" 200 20731 "-" "Mozilla/5.0 (compatible; Googlebot/2.1; +http://www.google.com/bot.html)"
157.55.34.35 - - [28/Sep/2012:20:32:50 +0200] "GET /robots.txt HTTP/1.1" 404 1256 "-" "Mozilla/5.0 (compatible; bingbot/2.0; +http://www.bing.com/bingbot.htm)"
157.55.35.88 - - [28/Sep/2012:20:34:17 +0200] "GET /08.html HTTP/1.1" 200 2005 "-" "Mozilla/5.0 (compatible; bingbot/2.0; +http://www.bing.com/bingbot.htm)"
157.55.32.190 - - [28/Sep/2012:20:34:51 +0200] "GET /04.html HTTP/1.1" 200 2106 "-" "Mozilla/5.0 (compatible; bingbot/2.0; +http://www.bing.com/bingbot.htm)"
157.55.35.40 - - [28/Sep/2012:20:34:54 +0200] "GET /00themen00.html HTTP/1.1" 200 2254 "-" "Mozilla/5.0 (compatible; bingbot/2.0; +http://www.bing.com/bingbot.htm)"
157.55.35.40 - - [28/Sep/2012:20:34:54 +0200] "GET /03.html HTTP/1.1" 200 1982 "-" "Mozilla/5.0 (compatible; bingbot/2.0; +http://www.bing.com/bingbot.htm)"
157.55.32.190 - - [28/Sep/2012:20:34:56 +0200] "GET /index.html HTTP/1.1" 200 2366 "-" "Mozilla/5.0 (compatible; bingbot/2.0; +http://www.bing.com/bingbot.htm)"
157.55.33.253 - - [28/Sep/2012:20:35:28 +0200] "GET /04Karteccc.html HTTP/1.1" 200 2077 "-" "Mozilla/5.0 (compatible; bingbot/2.0; +http://www.bing.com/bingbot.htm)"
157.55.35.40 - - [28/Sep/2012:20:39:50 +0200] "GET /07.html HTTP/1.1" 200 2319 "-" "Mozilla/5.0 (compatible; bingbot/2.0; +http://www.bing.com/bingbot.htm)"
157.55.33.22 - - [28/Sep/2012:20:48:30 +0200] "GET /09.html HTTP/1.1" 200 2086 "-" "Mozilla/5.0 (compatible; bingbot/2.0; +http://www.bing.com/bingbot.htm)"
157.55.34.35 - - [28/Sep/2012:20:50:27 +0200] "GET /06.html HTTP/1.1" 200 2278 "-" "Mozilla/5.0 (compatible; bingbot/2.0; +http://www.bing.com/bingbot.htm)"
157.55.34.35 - - [28/Sep/2012:20:50:27 +0200] "GET / HTTP/1.1" 200 2366 "-" "Mozilla/5.0 (compatible; bingbot/2.0; +http://www.bing.com/bingbot.htm)"
66.249.72.84 - - [28/Sep/2012:21:05:36 +0200] "GET /robots.txt HTTP/1.1" 404 1256 "-" "Mozilla/5.0 (compatible; Googlebot/2.1; +http://www.google.com/bot.html)"
66.249.72.84 - - [28/Sep/2012:21:05:36 +0200] "GET / HTTP/1.1" 200 2366 "-" "Mozilla/5.0 (compatible; Googlebot/2.1; +http://www.google.com/bot.html)"
157.56.93.150 - - [28/Sep/2012:21:13:15 +0200] "GET /robots.txt HTTP/1.1" 404 1256 "-" "Mozilla/5.0 (compatible; bingbot/2.0; +http://www.bing.com/bingbot.htm)"
157.56.93.150 - - [28/Sep/2012:21:25:20 +0200] "GET /header.htm HTTP/1.1" 404 1256 "-" "Mozilla/5.0 (compatible; bingbot/2.0; +http://www.bing.com/bingbot.htm)"
157.55.32.190 - - [28/Sep/2012:22:06:59 +0200] "GET /robots.txt HTTP/1.1" 404 1256 "-" "Mozilla/5.0 (compatible; bingbot/2.0; +http://www.bing.com/bingbot.htm)"
89.108.102.171 - - [28/Sep/2012:22:17:54 +0200] "GET / HTTP/1.1" 200 2366 "http://online-tnt.ru/" "Mozilla/5.0 (compatible; YandexBot/3.0; +http://yandex.com/bots)"
89.108.102.171 - - [28/Sep/2012:22:17:54 +0200] "GET / HTTP/1.1" 200 2366 "http://online-tnt.ru/" "Mozilla/5.0 (compatible; YandexBot/3.0; +http://yandex.com/bots)"
66.249.72.56 - - [28/Sep/2012:22:32:11 +0200] "GET / HTTP/1.1" 200 2366 "-" "Mozilla/5.0 (iPhone; U; CPU iPhone OS 4_1 like Mac OS X; en-us) AppleWebKit/532.9 (KHTML, like Gecko) Version/4.0.5 Mobile/8B117 Safari/6531.22.7 (compatible; Googlebot-Mobile/2.1; +http://www.google.com/bot.html)"
66.249.72.56 - - [28/Sep/2012:22:36:42 +0200] "GET /00start.swf HTTP/1.1" 200 8575 "-" "Mozilla/5.0 (compatible; Googlebot/2.1; +http://www.google.com/bot.html)"
178.137.129.128 - - [28/Sep/2012:23:18:14 +0200] "GET / HTTP/1.1" 200 2366 "http://solo-project.com/" "Mozilla/4.0 (compatible; MSIE 6.0; Windows NT 5.1; MyIE2; Deepnet Explorer)"
178.137.129.128 - - [28/Sep/2012:23:18:15 +0200] "GET / HTTP/1.1" 200 2366 "http://solo-project.com/" "Mozilla/4.0 (compatible; MSIE 6.0; Windows NT 5.1; MyIE2; Deepnet Explorer)"
95.208.234.167 - - [28/Sep/2012:23:24:17 +0200] "GET / HTTP/1.1" 200 2366 "http://siloah.de/cms/siloah_27.html" "Mozilla/5.0 (Macintosh; Intel Mac OS X 10_8_2) AppleWebKit/537.4 (KHTML, like Gecko) Chrome/22.0.1229.79 Safari/537.4"
95.208.234.167 - - [28/Sep/2012:23:24:18 +0200] "GET /00start.swf HTTP/1.1" 200 8575 "http://www.dialyse-calw.de/" "Mozilla/5.0 (Macintosh; Intel Mac OS X 10_8_2) AppleWebKit/537.4 (KHTML, like Gecko) Chrome/22.0.1229.79 Safari/537.4"
95.208.234.167 - - [28/Sep/2012:23:24:19 +0200] "GET /favicon.ico HTTP/1.1" 404 1256 "-" "Mozilla/5.0 (Macintosh; Intel Mac OS X 10_8_2) AppleWebKit/537.4 (KHTML, like Gecko) Chrome/22.0.1229.79 Safari/537.4"
95.208.234.167 - - [28/Sep/2012:23:24:20 +0200] "GET /00themen00.html HTTP/1.1" 200 2254 "http://www.dialyse-calw.de/00start.swf" "Mozilla/5.0 (Macintosh; Intel Mac OS X 10_8_2) AppleWebKit/537.4 (KHTML, like Gecko) Chrome/22.0.1229.79 Safari/537.4"
95.208.234.167 - - [28/Sep/2012:23:24:21 +0200] "GET /AC_RunActiveContent.js HTTP/1.1" 200 8029 "http://www.dialyse-calw.de/00themen00.html" "Mozilla/5.0 (Macintosh; Intel Mac OS X 10_8_2) AppleWebKit/537.4 (KHTML, like Gecko) Chrome/22.0.1229.79 Safari/537.4"
95.208.234.167 - - [28/Sep/2012:23:24:21 +0200] "GET /favicon.ico HTTP/1.1" 404 1256 "-" "Mozilla/5.0 (Macintosh; Intel Mac OS X 10_8_2) AppleWebKit/537.4 (KHTML, like Gecko) Chrome/22.0.1229.79 Safari/537.4"
95.208.234.167 - - [28/Sep/2012:23:24:21 +0200] "GET /00themen00.swf HTTP/1.1" 200 136579 "http://www.dialyse-calw.de/00themen00.html" "Mozilla/5.0 (Macintosh; Intel Mac OS X 10_8_2) AppleWebKit/537.4 (KHTML, like Gecko) Chrome/22.0.1229.79 Safari/537.4"
95.208.234.167 - - [28/Sep/2012:23:24:23 +0200] "GET /03a.html HTTP/1.1" 200 1991 "http://www.dialyse-calw.de/00themen00.swf" "Mozilla/5.0 (Macintosh; Intel Mac OS X 10_8_2) AppleWebKit/537.4 (KHTML, like Gecko) Chrome/22.0.1229.79 Safari/537.4"
95.208.234.167 - - [28/Sep/2012:23:24:24 +0200] "GET /03a.swf HTTP/1.1" 200 94997 "http://www.dialyse-calw.de/03a.html" "Mozilla/5.0 (Macintosh; Intel Mac OS X 10_8_2) AppleWebKit/537.4 (KHTML, like Gecko) Chrome/22.0.1229.79 Safari/537.4"
95.208.234.167 - - [28/Sep/2012:23:24:24 +0200] "GET /favicon.ico HTTP/1.1" 404 1256 "-" "Mozilla/5.0 (Macintosh; Intel Mac OS X 10_8_2) AppleWebKit/537.4 (KHTML, like Gecko) Chrome/22.0.1229.79 Safari/537.4"
90.30.135.35 - - [28/Sep/2012:23:27:06 +0200] "GET /robots.txt HTTP/1.0" 404 1256 "-" "Mozilla/5.0 (compatible; MJ12bot/v1.4.3; http://www.majestic12.co.uk/bot.php?+)"
90.30.135.35 - - [28/Sep/2012:23:27:11 +0200] "GET / HTTP/1.1" 200 2366 "-" "Mozilla/5.0 (compatible; MJ12bot/v1.4.3; http://www.majestic12.co.uk/bot.php?+)"
66.249.76.36 - - [29/Sep/2012:00:27:08 +0200] "GET /index.html HTTP/1.1" 200 2366 "-" "Mozilla/5.0 (compatible; Googlebot/2.1; +http://www.google.com/bot.html)"
157.55.33.14 - - [29/Sep/2012:00:44:43 +0200] "GET /robots.txt HTTP/1.1" 404 1256 "-" "Mozilla/5.0 (compatible; bingbot/2.0; +http://www.bing.com/bingbot.htm)"
157.55.33.14 - - [29/Sep/2012:01:00:04 +0200] "GET /08.swf HTTP/1.1" 200 20405 "-" "Mozilla/5.0 (compatible; bingbot/2.0; +http://www.bing.com/bingbot.htm)"
123.125.71.49 - - [29/Sep/2012:01:06:06 +0200] "GET / HTTP/1.1" 200 2366 "-" "Mozilla/5.0 (compatible; Baiduspider/2.0; +http://www.baidu.com/search/spider.html)"
119.63.196.58 - - [29/Sep/2012:01:31:43 +0200] "GET / HTTP/1.1" 200 2366 "-" "Mozilla/5.0 (compatible; Baiduspider/2.0; +http://www.baidu.com/search/spider.html)"
93.219.147.33 - - [29/Sep/2012:01:54:54 +0200] "GET / HTTP/1.1" 200 2366 "-" "Mozilla/5.0 (Windows; U; Windows NT 6.0; de; rv:1.9.2.3) Gecko/20100401 Firefox/3.6.3 ( .NET CLR 3.5.30729)"
93.219.147.33 - - [29/Sep/2012:01:56:18 +0200] "GET /00start.swf HTTP/1.1" 200 8575 "-" "Mozilla/5.0 (Windows; U; Windows NT 6.0; de; rv:1.9.2.3) Gecko/20100401 Firefox/3.6.3 ( .NET CLR 3.5.30729)"
109.120.157.179 - - [29/Sep/2012:01:59:30 +0200] "GET / HTTP/1.1" 200 2366 "http://youbeauti.com/" "Mozilla/5.0 (compatible; Add Catalog/2.1;)"
109.120.157.179 - - [29/Sep/2012:01:59:30 +0200] "GET / HTTP/1.1" 200 2366 "http://youbeauti.com/" "Mozilla/5.0 (compatible; Add Catalog/2.1;)"
139.18.2.17 - - [29/Sep/2012:02:13:13 +0200] "GET /robots.txt HTTP/1.1" 404 1256 "-" "findlinks/2.6 (+http://wortschatz.uni-leipzig.de/findlinks/)"
180.76.5.89 - - [29/Sep/2012:02:16:58 +0200] "GET / HTTP/1.1" 200 2366 "-" "Mozilla/5.0 (compatible; Baiduspider/2.0; +http://www.baidu.com/search/spider.html)"
178.255.215.68 - - [29/Sep/2012:02:30:51 +0200] "GET /robots.txt HTTP/1.1" 404 1256 "-" "Mozilla/5.0 (compatible; Exabot/3.0; +http://www.exabot.com/go/robot)"
178.255.215.68 - - [29/Sep/2012:02:30:51 +0200] "GET / HTTP/1.1" 200 2366 "-" "Mozilla/5.0 (compatible; Exabot/3.0; +http://www.exabot.com/go/robot)"
66.249.76.197 - - [29/Sep/2012:02:45:52 +0200] "GET /robots.txt HTTP/1.1" 404 1256 "-" "Mozilla/5.0 (compatible; Googlebot/2.1; +http://www.google.com/bot.html)"
66.249.76.197 - - [29/Sep/2012:02:45:52 +0200] "GET /00start.swf HTTP/1.1" 200 8575 "-" "Mozilla/5.0 (iPhone; U; CPU iPhone OS 4_1 like Mac OS X; en-us) AppleWebKit/532.9 (KHTML, like Gecko) Version/4.0.5 Mobile/8B117 Safari/6531.22.7 (compatible; Googlebot-Mobile/2.1; +http://www.google.com/bot.html)"
157.55.35.46 - - [29/Sep/2012:04:30:18 +0200] "GET /robots.txt HTTP/1.1" 404 1256 "-" "Mozilla/5.0 (compatible; bingbot/2.0; +http://www.bing.com/bingbot.htm)"
65.55.208.87 - - [29/Sep/2012:04:36:24 +0200] "GET /01.html HTTP/1.1" 200 1982 "-" "Mozilla/5.0 (Windows NT 6.1; WOW64) AppleWebKit/534+ (KHTML, like Gecko) BingPreview/1.0b"
157.55.34.97 - - [29/Sep/2012:04:36:33 +0200] "GET /01.html HTTP/1.1" 200 1982 "-" "Mozilla/4.0 (compatible; MSIE 8.0; Windows NT 5.1; Trident/5.0; .NET CLR 3.5.30729; .NET CLR 3.0.30729; SV1; .NET CLR 1.1.4325; .NET CLR 2.0.50727; .NET CLR 3.0.30729; .NET CLR 3.5.30707; MS-RTC LM 8)"
157.55.34.97 - - [29/Sep/2012:04:36:33 +0200] "GET /AC_RunActiveContent.js HTTP/1.1" 200 8029 "http://www.dialyse-calw.de/01.html" "Mozilla/4.0 (compatible; MSIE 8.0; Windows NT 5.1; Trident/5.0; .NET CLR 3.5.30729; .NET CLR 3.0.30729; SV1; .NET CLR 1.1.4325; .NET CLR 2.0.50727; .NET CLR 3.0.30729; .NET CLR 3.5.30707; MS-RTC LM 8)"
157.55.34.97 - - [29/Sep/2012:04:36:34 +0200] "GET /01.swf HTTP/1.1" 200 19349 "http://www.dialyse-calw.de/01.html" "Mozilla/4.0 (compatible; MSIE 8.0; Windows NT 5.1; Trident/5.0; .NET CLR 3.5.30729; .NET CLR 3.0.30729; SV1; .NET CLR 1.1.4325; .NET CLR 2.0.50727; .NET CLR 3.0.30729; .NET CLR 3.5.30707; MS-RTC LM 8)"
65.55.208.87 - - [29/Sep/2012:04:37:50 +0200] "GET /AC_RunActiveContent.js HTTP/1.1" 200 8029 "-" "Mozilla/5.0 (Windows NT 6.1; WOW64) AppleWebKit/534+ (KHTML, like Gecko) BingPreview/1.0b"
5.9.39.69 - - [29/Sep/2012:05:23:36 +0200] "GET /robots.txt HTTP/1.1" 404 1256 "-" "Mozilla/5.0 (compatible; Infohelfer/1.3.0; +http://www.infohelfer.de/crawler.php)"
5.9.39.69 - - [29/Sep/2012:05:23:36 +0200] "GET / HTTP/1.1" 200 2366 "-" "Mozilla/5.0 (compatible; Infohelfer/1.3.0; +http://www.infohelfer.de/crawler.php)"
199.58.86.211 - - [29/Sep/2012:05:29:44 +0200] "GET /robots.txt HTTP/1.0" 404 1256 "-" "Mozilla/5.0 (compatible; MJ12bot/v1.4.3; http://www.majestic12.co.uk/bot.php?+)"
199.58.86.211 - - [29/Sep/2012:05:29:46 +0200] "GET / HTTP/1.0" 200 2366 "-" "Mozilla/5.0 (compatible; MJ12bot/v1.4.3; http://www.majestic12.co.uk/bot.php?+)"
5.9.39.69 - - [29/Sep/2012:06:03:37 +0200] "GET /robots.txt HTTP/1.1" 404 1256 "-" "Mozilla/5.0 (compatible; Infohelfer/1.3.0; +http://www.infohelfer.de/crawler.php)"
5.9.39.69 - - [29/Sep/2012:06:03:37 +0200] "GET / HTTP/1.1" 200 2366 "-" "Mozilla/5.0 (compatible; Infohelfer/1.3.0; +http://www.infohelfer.de/crawler.php)"
157.55.35.88 - - [29/Sep/2012:07:30:50 +0200] "GET /robots.txt HTTP/1.1" 404 1256 "-" "Mozilla/5.0 (compatible; bingbot/2.0; +http://www.bing.com/bingbot.htm)"
157.55.34.106 - - [29/Sep/2012:08:10:19 +0200] "GET /08.html HTTP/1.1" 200 2005 "-" "Mozilla/4.0 (compatible; MSIE 8.0; Windows NT 5.1; Trident/5.0; .NET CLR 3.5.30729; .NET CLR 3.0.30729; SV1; .NET CLR 1.1.4325; .NET CLR 2.0.50727; .NET CLR 3.0.30729; .NET CLR 3.5.30707; MS-RTC LM 8)"
157.55.34.106 - - [29/Sep/2012:08:10:20 +0200] "GET /AC_RunActiveContent.js HTTP/1.1" 200 8029 "http://www.dialyse-calw.de/08.html" "Mozilla/4.0 (compatible; MSIE 8.0; Windows NT 5.1; Trident/5.0; .NET CLR 3.5.30729; .NET CLR 3.0.30729; SV1; .NET CLR 1.1.4325; .NET CLR 2.0.50727; .NET CLR 3.0.30729; .NET CLR 3.5.30707; MS-RTC LM 8)"
157.55.34.106 - - [29/Sep/2012:08:10:20 +0200] "GET /08.swf HTTP/1.1" 200 20405 "http://www.dialyse-calw.de/08.html" "Mozilla/4.0 (compatible; MSIE 8.0; Windows NT 5.1; Trident/5.0; .NET CLR 3.5.30729; .NET CLR 3.0.30729; SV1; .NET CLR 1.1.4325; .NET CLR 2.0.50727; .NET CLR 3.0.30729; .NET CLR 3.5.30707; MS-RTC LM 8)"
157.55.35.88 - - [29/Sep/2012:08:11:30 +0200] "GET /08.html HTTP/1.1" 200 2005 "-" "Mozilla/5.0 (compatible; bingbot/2.0; +http://www.bing.com/bingbot.htm)"
119.63.196.20 - - [29/Sep/2012:08:15:31 +0200] "GET /robots.txt HTTP/1.1" 404 1256 "-" "Baiduspider+(+http://www.baidu.com/search/spider.htm)"
66.249.76.36 - - [29/Sep/2012:08:41:10 +0200] "GET /robots.txt HTTP/1.1" 404 1256 "-" "Mozilla/5.0 (compatible; Googlebot/2.1; +http://www.google.com/bot.html)"
66.249.76.36 - - [29/Sep/2012:08:41:10 +0200] "GET /09a.html HTTP/1.1" 200 2059 "-" "Mozilla/5.0 (compatible; Googlebot/2.1; +http://www.google.com/bot.html)"
66.249.76.36 - - [29/Sep/2012:08:44:04 +0200] "GET /06.swf HTTP/1.1" 200 20731 "-" "Mozilla/5.0 (compatible; Googlebot/2.1; +http://www.google.com/bot.html)"
178.77.126.55 - - [29/Sep/2012:09:30:46 +0200] "GET /robots.txt HTTP/1.1" 404 1256 "-" "Mozilla/5.0 (compatible; CareerBot/1.1; +http://www.career-x.de/bot.html)"
178.77.126.55 - - [29/Sep/2012:09:30:46 +0200] "GET / HTTP/1.1" 200 2366 "-" "Mozilla/5.0 (compatible; CareerBot/1.1; +http://www.career-x.de/bot.html)"
178.77.126.55 - - [29/Sep/2012:09:37:40 +0200] "GET /robots.txt HTTP/1.1" 404 1256 "-" "Mozilla/5.0 (compatible; CareerBot/1.1; +http://www.career-x.de/bot.html)"
178.77.126.55 - - [29/Sep/2012:09:37:40 +0200] "GET / HTTP/1.1" 200 2366 "-" "Mozilla/5.0 (compatible; CareerBot/1.1; +http://www.career-x.de/bot.html)"
82.168.50.134 - - [29/Sep/2012:10:30:06 +0200] "GET / HTTP/1.1" 200 2366 "-" "Java/1.7.0_04"
82.168.50.134 - - [29/Sep/2012:10:30:06 +0200] "GET /'+fc_protocol+'://www.flash-counter.com/scripts/counter.js HTTP/1.1" 404 1256 "-" "Java/1.7.0_04"
66.249.76.36 - - [29/Sep/2012:12:27:18 +0200] "GET /09a.swf HTTP/1.1" 200 20604 "-" "Mozilla/5.0 (compatible; Googlebot/2.1; +http://www.google.com/bot.html)"
193.106.136.45 - - [29/Sep/2012:12:46:17 +0200] "GET / HTTP/1.1" 200 2366 "http://petrushki.net/" "Mozilla/4.0 (compatible; MSIE 6.0; Windows NT 5.1; TheFreeDictionary.com; .NET CLR 1.1.4322; .NET CLR 1.0.3705; .NET CLR 2.0.50727)"
193.106.136.45 - - [29/Sep/2012:12:46:18 +0200] "GET / HTTP/1.1" 200 2366 "http://petrushki.net/" "Mozilla/4.0 (compatible; MSIE 6.0; Windows NT 5.1; TheFreeDictionary.com; .NET CLR 1.1.4322; .NET CLR 1.0.3705; .NET CLR 2.0.50727)"
123.125.71.88 - - [29/Sep/2012:12:59:23 +0200] "GET / HTTP/1.1" 200 2366 "-" "Mozilla/5.0 (compatible; Baiduspider/2.0; +http://www.baidu.com/search/spider.html)"
157.56.94.172 - - [29/Sep/2012:13:03:47 +0200] "GET /robots.txt HTTP/1.1" 404 1256 "-" "msnbot/2.0b (+http://search.msn.com/msnbot.htm)"
157.56.94.172 - - [29/Sep/2012:13:03:47 +0200] "GET / HTTP/1.1" 200 2366 "-" "msnbot/2.0b (+http://search.msn.com/msnbot.htm)"
65.55.24.221 - - [29/Sep/2012:15:37:59 +0200] "GET /robots.txt HTTP/1.1" 404 1256 "-" "Mozilla/5.0 (compatible; bingbot/2.0; +http://www.bing.com/bingbot.htm)"
157.55.32.86 - - [29/Sep/2012:15:39:12 +0200] "GET /01.html HTTP/1.1" 200 1982 "-" "Mozilla/5.0 (compatible; bingbot/2.0; +http://www.bing.com/bingbot.htm)"
157.55.32.86 - - [29/Sep/2012:15:39:15 +0200] "GET /04Karteaaa.html HTTP/1.1" 200 2077 "-" "Mozilla/5.0 (compatible; bingbot/2.0; +http://www.bing.com/bingbot.htm)"
65.55.55.230 - - [29/Sep/2012:15:43:27 +0200] "GET /04Karteddd.html HTTP/1.1" 200 2077 "-" "Mozilla/5.0 (compatible; bingbot/2.0; +http://www.bing.com/bingbot.htm)"
157.55.33.123 - - [29/Sep/2012:15:52:01 +0200] "GET /00themen00.html HTTP/1.1" 200 2254 "-" "Mozilla/5.0 (compatible; bingbot/2.0; +http://www.bing.com/bingbot.htm)"
157.55.33.123 - - [29/Sep/2012:15:56:00 +0200] "GET /03.html HTTP/1.1" 200 1982 "-" "Mozilla/5.0 (compatible; bingbot/2.0; +http://www.bing.com/bingbot.htm)"
157.55.33.123 - - [29/Sep/2012:15:59:00 +0200] "GET /03a.html HTTP/1.1" 200 1991 "-" "Mozilla/5.0 (compatible; bingbot/2.0; +http://www.bing.com/bingbot.htm)"
157.55.32.164 - - [29/Sep/2012:16:07:38 +0200] "GET /04.html HTTP/1.1" 200 2106 "-" "Mozilla/5.0 (compatible; bingbot/2.0; +http://www.bing.com/bingbot.htm)"
157.55.35.36 - - [29/Sep/2012:16:12:41 +0200] "GET /06.html HTTP/1.1" 200 2278 "-" "Mozilla/5.0 (compatible; bingbot/2.0; +http://www.bing.com/bingbot.htm)"
157.55.35.36 - - [29/Sep/2012:16:12:41 +0200] "GET / HTTP/1.1" 200 2366 "-" "Mozilla/5.0 (compatible; bingbot/2.0; +http://www.bing.com/bingbot.htm)"
95.168.172.156 - - [29/Sep/2012:17:23:11 +0200] "GET / HTTP/1.1" 200 2366 "http://afora.ru/" "Mozilla/4.0 (MSIE 6.0; Windows NT 5.1; Search)"
95.168.172.156 - - [29/Sep/2012:17:23:11 +0200] "GET / HTTP/1.1" 200 2366 "http://afora.ru/" "Mozilla/4.0 (MSIE 6.0; Windows NT 5.1; Search)"
178.137.129.128 - - [29/Sep/2012:18:03:22 +0200] "GET / HTTP/1.1" 200 2366 "http://softkatalog.ru/" "Mozilla/4.0 (compatible; MSIE 7.0; Windows NT 5.1; SV1; .NET CLR 2.0.50727)"
178.137.129.128 - - [29/Sep/2012:18:03:22 +0200] "GET / HTTP/1.1" 200 2366 "http://softkatalog.ru/" "Mozilla/4.0 (compatible; MSIE 7.0; Windows NT 5.1; SV1; .NET CLR 2.0.50727)"
78.48.37.3 - - [29/Sep/2012:18:25:54 +0200] "GET / HTTP/1.1" 200 2366 "http://www.google.de/url?sa=f&rct=j&url=http://www.dialyse-nagold.de/&q=dialyse+pforzheim&ei=xiBnUMvJNormtQbWs4HYDQ&usg=AFQjCNHPFpGq7vLnHxvI_9VxPmhsgcE5eQ" "Mozilla/5.0 (Windows NT 6.1; WOW64) AppleWebKit/537.1 (KHTML, like Gecko) Chrome/21.0.1180.89 Safari/537.1"
157.55.35.46 - - [29/Sep/2012:19:00:30 +0200] "GET /robots.txt HTTP/1.1" 404 1256 "-" "Mozilla/5.0 (compatible; bingbot/2.0; +http://www.bing.com/bingbot.htm)"
65.55.208.35 - - [29/Sep/2012:19:04:33 +0200] "GET /01.html HTTP/1.1" 200 1982 "-" "Mozilla/5.0 (Windows NT 6.1; WOW64) AppleWebKit/534+ (KHTML, like Gecko) BingPreview/1.0b"
65.55.208.36 - - [29/Sep/2012:19:05:06 +0200] "GET /AC_RunActiveContent.js HTTP/1.1" 200 8029 "-" "Mozilla/5.0 (Windows NT 6.1; WOW64) AppleWebKit/534+ (KHTML, like Gecko) BingPreview/1.0b"
66.249.71.75 - - [29/Sep/2012:19:37:55 +0200] "GET /robots.txt HTTP/1.1" 404 1256 "-" "Mozilla/5.0 (compatible; Googlebot/2.1; +http://www.google.com/bot.html)"
66.249.71.75 - - [29/Sep/2012:19:37:56 +0200] "GET /09.html HTTP/1.1" 200 2086 "-" "Mozilla/5.0 (compatible; Googlebot/2.1; +http://www.google.com/bot.html)"
66.249.71.161 - - [29/Sep/2012:19:43:26 +0200] "GET /robots.txt HTTP/1.1" 404 1256 "-" "Mozilla/5.0 (compatible; Googlebot/2.1; +http://www.google.com/bot.html)"
66.249.71.161 - - [29/Sep/2012:19:43:26 +0200] "GET / HTTP/1.1" 200 2366 "-" "Mozilla/5.0 (compatible; Googlebot/2.1; +http://www.google.com/bot.html)"
119.63.196.125 - - [29/Sep/2012:21:11:19 +0200] "GET / HTTP/1.1" 200 2366 "-" "Mozilla/5.0 (compatible; Baiduspider/2.0; +http://www.baidu.com/search/spider.html)"
180.76.5.111 - - [29/Sep/2012:22:53:21 +0200] "GET /robots.txt HTTP/1.1" 404 1256 "-" "Mozilla/5.0 (compatible; Baiduspider/2.0; +http://www.baidu.com/search/spider.html)"
178.154.179.250 - - [30/Sep/2012:00:10:13 +0200] "GET /robots.txt HTTP/1.1" 404 1256 "-" "Mozilla/5.0 (compatible; YandexBot/3.0; +http://yandex.com/bots)"
180.76.6.26 - - [30/Sep/2012:00:28:48 +0200] "GET / HTTP/1.1" 200 2366 "-" "Mozilla/5.0 (compatible; Baiduspider/2.0; +http://www.baidu.com/search/spider.html)"
92.249.127.111 - - [30/Sep/2012:00:57:44 +0200] "GET / HTTP/1.1" 200 2366 "http://mmoanons.ru/" "Mozilla/5.0 (compatible; news bot /2.1)"
92.249.127.111 - - [30/Sep/2012:00:57:45 +0200] "GET / HTTP/1.1" 200 2366 "http://mmoanons.ru/" "Mozilla/5.0 (compatible; news bot /2.1)"
66.249.71.161 - - [30/Sep/2012:00:58:26 +0200] "GET /00themen00.swf HTTP/1.1" 200 136579 "-" "Mozilla/5.0 (compatible; Googlebot/2.1; +http://www.google.com/bot.html)"
66.249.71.161 - - [30/Sep/2012:01:14:20 +0200] "GET /04Karteaaa.html HTTP/1.1" 200 2077 "-" "Mozilla/5.0 (compatible; Googlebot/2.1; +http://www.google.com/bot.html)"
193.106.136.53 - - [30/Sep/2012:01:42:26 +0200] "GET / HTTP/1.1" 200 2366 "http://lifenews.rolevaya.info/" "Mozilla/4.0 (compatible; MSIE 6.0; Windows NT 5.0; .NET CLR 1.0.3705; .NET CLR 1.1.4322)"
193.106.136.53 - - [30/Sep/2012:01:42:26 +0200] "GET / HTTP/1.1" 200 2366 "http://lifenews.rolevaya.info/" "Mozilla/4.0 (compatible; MSIE 6.0; Windows NT 5.0; .NET CLR 1.0.3705; .NET CLR 1.1.4322)"
66.249.71.161 - - [30/Sep/2012:02:18:00 +0200] "GET /08.swf HTTP/1.1" 200 20405 "-" "Mozilla/5.0 (compatible; Googlebot/2.1; +http://www.google.com/bot.html)"
66.249.71.161 - - [30/Sep/2012:04:49:17 +0200] "GET /06.swf HTTP/1.1" 200 20731 "-" "Mozilla/5.0 (compatible; Googlebot/2.1; +http://www.google.com/bot.html)"
178.154.179.250 - - [30/Sep/2012:04:57:52 +0200] "GET / HTTP/1.1" 200 2366 "-" "Mozilla/5.0 (compatible; YandexBot/3.0; +http://yandex.com/bots)"
178.154.179.250 - - [30/Sep/2012:04:57:58 +0200] "GET /00start.swf HTTP/1.1" 200 8575 "-" "Mozilla/5.0 (compatible; YandexBot/3.0; +http://yandex.com/bots)"
193.106.136.53 - - [30/Sep/2012:05:00:32 +0200] "GET / HTTP/1.1" 200 2366 "http://lifenews.rolevaya.info/" "Mozilla/4.0 (compatible; MSIE 6.0; Windows NT 5.0; .NET CLR 1.0.3705; .NET CLR 1.1.4322)"
193.106.136.53 - - [30/Sep/2012:05:00:32 +0200] "GET / HTTP/1.1" 200 2366 "http://lifenews.rolevaya.info/" "Mozilla/4.0 (compatible; MSIE 6.0; Windows NT 5.0; .NET CLR 1.0.3705; .NET CLR 1.1.4322)"
66.249.71.161 - - [30/Sep/2012:05:05:13 +0200] "GET /07.swf HTTP/1.1" 200 20730 "-" "Mozilla/5.0 (compatible; Googlebot/2.1; +http://www.google.com/bot.html)"
66.249.71.161 - - [30/Sep/2012:05:13:12 +0200] "GET /02.html HTTP/1.1" 200 1982 "-" "Mozilla/5.0 (compatible; Googlebot/2.1; +http://www.google.com/bot.html)"
66.249.71.161 - - [30/Sep/2012:05:29:04 +0200] "GET /03a.html HTTP/1.1" 200 1991 "-" "Mozilla/5.0 (compatible; Googlebot/2.1; +http://www.google.com/bot.html)"
66.249.71.161 - - [30/Sep/2012:05:45:02 +0200] "GET /01.html HTTP/1.1" 304 - "-" "Mozilla/5.0 (compatible; Googlebot/2.1; +http://www.google.com/bot.html)"
66.249.71.161 - - [30/Sep/2012:05:53:02 +0200] "GET /03.swf HTTP/1.1" 200 74505 "-" "Mozilla/5.0 (compatible; Googlebot/2.1; +http://www.google.com/bot.html)"
66.249.71.161 - - [30/Sep/2012:06:34:22 +0200] "GET /09.swf HTTP/1.1" 200 23096 "-" "Mozilla/5.0 (compatible; Googlebot/2.1; +http://www.google.com/bot.html)"
66.249.71.161 - - [30/Sep/2012:06:40:00 +0200] "GET /03a.swf HTTP/1.1" 200 94997 "-" "Mozilla/5.0 (compatible; Googlebot/2.1; +http://www.google.com/bot.html)"
37.59.215.53 - - [30/Sep/2012:06:47:50 +0200] "HEAD / HTTP/1.1" 200 - "-" "Mozilla/5.0 (Windows NT 6.1; WOW64; rv:6.0) Gecko/20100101 Firefox/6.0"
37.59.215.53 - - [30/Sep/2012:06:47:50 +0200] "HEAD / HTTP/1.1" 200 - "-" "SEOstats 2.1.0 https://github.com/eyecatchup/SEOstats"
157.55.35.36 - - [30/Sep/2012:07:16:46 +0200] "GET /robots.txt HTTP/1.1" 404 1256 "-" "Mozilla/5.0 (compatible; bingbot/2.0; +http://www.bing.com/bingbot.htm)"
157.55.35.36 - - [30/Sep/2012:07:17:29 +0200] "GET / HTTP/1.1" 304 - "-" "Mozilla/5.0 (compatible; bingbot/2.0; +http://www.bing.com/bingbot.htm)"
65.55.210.194 - - [30/Sep/2012:07:18:55 +0200] "GET / HTTP/1.1" 200 2366 "-" "Mozilla/5.0 (Windows NT 6.1; WOW64) AppleWebKit/534+ (KHTML, like Gecko) BingPreview/1.0b"
178.137.129.128 - - [30/Sep/2012:07:29:24 +0200] "GET / HTTP/1.1" 200 2366 "http://iphoneservis.com.ua/" "Mozilla/4.0 (compatible; MSIE 5.5; Windows NT 4.0)"
178.137.129.128 - - [30/Sep/2012:07:29:25 +0200] "GET / HTTP/1.1" 200 2366 "http://iphoneservis.com.ua/" "Mozilla/4.0 (compatible; MSIE 5.5; Windows NT 4.0)"
123.125.71.29 - - [30/Sep/2012:07:38:36 +0200] "GET /robots.txt HTTP/1.1" 404 1256 "-" "Mozilla/5.0 (Windows NT 5.1; rv:6.0.2) Gecko/20100101 Firefox/6.0.2"
66.249.71.75 - - [30/Sep/2012:07:58:17 +0200] "GET /robots.txt HTTP/1.1" 404 1256 "-" "Mozilla/5.0 (compatible; Googlebot/2.1; +http://www.google.com/bot.html)"
66.249.71.75 - - [30/Sep/2012:07:58:17 +0200] "GET / HTTP/1.1" 200 2366 "-" "Mozilla/5.0 (compatible; Googlebot/2.1; +http://www.google.com/bot.html)"
87.180.223.117 - - [30/Sep/2012:08:17:34 +0200] "GET / HTTP/1.1" 200 2366 "http://www.google.de/url?sa=t&rct=j&q=&esrc=s&source=web&cd=2&ved=0CEQQFjAB&url=http%3A%2F%2Fwww.dialyse-nagold.de%2F&ei=oONnUJ6wJM_EsgbEo4GQAg&usg=AFQjCNHbkDo_rrtVusFR1GBdHdOWru034Q" "Mozilla/5.0 (iPad; CPU OS 6_0 like Mac OS X) AppleWebKit/536.26 (KHTML, like Gecko) Version/6.0 Mobile/10A403 Safari/8536.25"
65.55.210.194 - - [30/Sep/2012:08:20:07 +0200] "GET /00start.swf HTTP/1.1" 200 8575 "http://www.dialyse-pforzheim.de/" "Mozilla/5.0 (Windows NT 6.1; WOW64) AppleWebKit/534+ (KHTML, like Gecko) BingPreview/1.0b"
66.249.71.161 - - [30/Sep/2012:09:32:59 +0200] "GET /robots.txt HTTP/1.1" 404 1256 "-" "Mozilla/5.0 (compatible; Googlebot/2.1; +http://www.google.com/bot.html)"
66.249.71.161 - - [30/Sep/2012:09:32:59 +0200] "GET /08.html HTTP/1.1" 304 - "-" "Mozilla/5.0 (compatible; Googlebot/2.1; +http://www.google.com/bot.html)"
109.193.149.5 - - [30/Sep/2012:10:12:01 +0200] "GET /04Kartebbb.html HTTP/1.1" 200 2077 "http://www.google.de/url?sa=t&rct=j&q=dialyse%20siloah%20st%20trudpert&source=web&cd=3&sqi=2&ved=0CCwQFjAC&url=http%3A%2F%2Fwww.dialyse-calw.de%2F04Kartebbb.html&ei=e_5nUNbLAvP54QTi1YDgCg&usg=AFQjCNFr82OohL85p9p_8W06kNr1yexazg" "Mozilla/4.0 (compatible; MSIE 7.0; Windows NT 6.1; Trident/5.0; SLCC2; .NET CLR 2.0.50727; .NET CLR 3.5.30729; .NET CLR 3.0.30729; .NET4.0C; AskTbAVR-3/5.15.2.23268)"
109.193.149.5 - - [30/Sep/2012:10:12:01 +0200] "GET /AC_RunActiveContent.js HTTP/1.1" 200 8029 "http://www.dialyse-calw.de/04Kartebbb.html" "Mozilla/4.0 (compatible; MSIE 7.0; Windows NT 6.1; Trident/5.0; SLCC2; .NET CLR 2.0.50727; .NET CLR 3.5.30729; .NET CLR 3.0.30729; .NET4.0C; AskTbAVR-3/5.15.2.23268)"
109.193.149.5 - - [30/Sep/2012:10:12:02 +0200] "GET /04Kartebbb.swf HTTP/1.1" 200 32635 "http://www.dialyse-calw.de/04Kartebbb.html" "Mozilla/4.0 (compatible; MSIE 7.0; Windows NT 6.1; Trident/5.0; SLCC2; .NET CLR 2.0.50727; .NET CLR 3.5.30729; .NET CLR 3.0.30729; .NET4.0C; AskTbAVR-3/5.15.2.23268)"
109.193.149.5 - - [30/Sep/2012:10:12:02 +0200] "GET /favicon.ico HTTP/1.1" 404 1256 "-" "Mozilla/4.0 (compatible; MSIE 7.0; Windows NT 6.1; Trident/5.0; SLCC2; .NET CLR 2.0.50727; .NET CLR 3.5.30729; .NET CLR 3.0.30729; .NET4.0C; AskTbAVR-3/5.15.2.23268)"
109.193.149.5 - - [30/Sep/2012:10:12:18 +0200] "GET /index.html HTTP/1.1" 200 2366 "http://www.dialyse-calw.de/04Kartebbb.swf" "Mozilla/4.0 (compatible; MSIE 7.0; Windows NT 6.1; Trident/5.0; SLCC2; .NET CLR 2.0.50727; .NET CLR 3.5.30729; .NET CLR 3.0.30729; .NET4.0C; AskTbAVR-3/5.15.2.23268)"
109.193.149.5 - - [30/Sep/2012:10:12:18 +0200] "GET /index.html HTTP/1.1" 200 2366 "http://www.dialyse-calw.de/04Kartebbb.swf" "Mozilla/4.0 (compatible; MSIE 7.0; Windows NT 6.1; Trident/5.0; SLCC2; .NET CLR 2.0.50727; .NET CLR 3.5.30729; .NET CLR 3.0.30729; .NET4.0C; AskTbAVR-3/5.15.2.23268)"
109.193.149.5 - - [30/Sep/2012:10:12:19 +0200] "HEAD /00start.swf HTTP/1.1" 200 - "-" "contype"
109.193.149.5 - - [30/Sep/2012:10:12:19 +0200] "GET /00start.swf HTTP/1.1" 200 8575 "http://www.dialyse-calw.de/index.html" "Mozilla/4.0 (compatible; MSIE 7.0; Windows NT 6.1; Trident/5.0; SLCC2; .NET CLR 2.0.50727; .NET CLR 3.5.30729; .NET CLR 3.0.30729; .NET4.0C; AskTbAVR-3/5.15.2.23268)"
109.193.149.5 - - [30/Sep/2012:10:12:20 +0200] "GET /favicon.ico HTTP/1.1" 404 1256 "-" "Mozilla/4.0 (compatible; MSIE 7.0; Windows NT 6.1; Trident/5.0; SLCC2; .NET CLR 2.0.50727; .NET CLR 3.5.30729; .NET CLR 3.0.30729; .NET4.0C; AskTbAVR-3/5.15.2.23268)"
109.193.149.5 - - [30/Sep/2012:10:12:22 +0200] "GET /00themen00.html HTTP/1.1" 200 2254 "http://www.dialyse-calw.de/00start.swf" "Mozilla/4.0 (compatible; MSIE 7.0; Windows NT 6.1; Trident/5.0; SLCC2; .NET CLR 2.0.50727; .NET CLR 3.5.30729; .NET CLR 3.0.30729; .NET4.0C; AskTbAVR-3/5.15.2.23268)"
109.193.149.5 - - [30/Sep/2012:10:12:23 +0200] "GET /00themen00.swf HTTP/1.1" 200 136579 "http://www.dialyse-calw.de/00themen00.html" "Mozilla/4.0 (compatible; MSIE 7.0; Windows NT 6.1; Trident/5.0; SLCC2; .NET CLR 2.0.50727; .NET CLR 3.5.30729; .NET CLR 3.0.30729; .NET4.0C; AskTbAVR-3/5.15.2.23268)"
109.193.149.5 - - [30/Sep/2012:10:12:45 +0200] "GET /02.html HTTP/1.1" 200 1982 "http://www.dialyse-calw.de/00themen00.swf" "Mozilla/4.0 (compatible; MSIE 7.0; Windows NT 6.1; Trident/5.0; SLCC2; .NET CLR 2.0.50727; .NET CLR 3.5.30729; .NET CLR 3.0.30729; .NET4.0C; AskTbAVR-3/5.15.2.23268)"
109.193.149.5 - - [30/Sep/2012:10:12:45 +0200] "GET /02.swf HTTP/1.1" 200 22781 "http://www.dialyse-calw.de/02.html" "Mozilla/4.0 (compatible; MSIE 7.0; Windows NT 6.1; Trident/5.0; SLCC2; .NET CLR 2.0.50727; .NET CLR 3.5.30729; .NET CLR 3.0.30729; .NET4.0C; AskTbAVR-3/5.15.2.23268)"
109.193.149.5 - - [30/Sep/2012:10:13:11 +0200] "HEAD /00start.swf HTTP/1.1" 200 - "-" "contype"
157.55.32.80 - - [30/Sep/2012:10:23:41 +0200] "GET /robots.txt HTTP/1.1" 404 1256 "-" "Mozilla/5.0 (compatible; bingbot/2.0; +http://www.bing.com/bingbot.htm)"
157.55.34.35 - - [30/Sep/2012:10:49:12 +0200] "GET /robots.txt HTTP/1.1" 404 1256 "-" "Mozilla/5.0 (compatible; bingbot/2.0; +http://www.bing.com/bingbot.htm)"
65.55.208.39 - - [30/Sep/2012:10:53:10 +0200] "GET / HTTP/1.1" 200 2366 "-" "Mozilla/5.0 (Windows NT 6.1; WOW64) AppleWebKit/534+ (KHTML, like Gecko) BingPreview/1.0b"
157.55.34.35 - - [30/Sep/2012:10:53:24 +0200] "GET / HTTP/1.1" 304 - "-" "Mozilla/5.0 (compatible; bingbot/2.0; +http://www.bing.com/bingbot.htm)"
65.55.208.40 - - [30/Sep/2012:10:53:25 +0200] "GET /00start.swf HTTP/1.1" 200 8575 "-" "Mozilla/5.0 (Windows NT 6.1; WOW64) AppleWebKit/534+ (KHTML, like Gecko) BingPreview/1.0b"
157.55.32.80 - - [30/Sep/2012:11:03:26 +0200] "GET / HTTP/1.1" 200 2366 "-" "Mozilla/5.0 (compatible; bingbot/2.0; +http://www.bing.com/bingbot.htm)"
37.59.215.53 - - [30/Sep/2012:11:41:26 +0200] "GET / HTTP/1.1" 200 2366 "www.dialyse-nagold.de" "Mozilla/5.0 (Windows NT 6.2; WOW64; rv:15.0) Gecko/20100101 Firefox/15.0.1"
157.55.34.35 - - [30/Sep/2012:11:41:51 +0200] "GET /robots.txt HTTP/1.1" 404 1256 "-" "Mozilla/5.0 (compatible; bingbot/2.0; +http://www.bing.com/bingbot.htm)"
157.55.34.35 - - [30/Sep/2012:11:47:13 +0200] "GET / HTTP/1.1" 304 - "-" "Mozilla/5.0 (compatible; bingbot/2.0; +http://www.bing.com/bingbot.htm)"
65.55.208.113 - - [30/Sep/2012:12:03:35 +0200] "GET / HTTP/1.1" 200 2366 "-" "Mozilla/5.0 (Windows NT 6.1; WOW64) AppleWebKit/534+ (KHTML, like Gecko) BingPreview/1.0b"
139.18.2.17 - - [30/Sep/2012:12:48:56 +0200] "GET / HTTP/1.1" 200 2366 "-" "findlinks/2.6 (+http://wortschatz.uni-leipzig.de/findlinks/)"
157.56.94.172 - - [30/Sep/2012:13:27:57 +0200] "GET /robots.txt HTTP/1.1" 404 1256 "-" "msnbot/2.0b (+http://search.msn.com/msnbot.htm)"
157.56.94.172 - - [30/Sep/2012:13:27:58 +0200] "GET / HTTP/1.1" 200 2366 "-" "msnbot/2.0b (+http://search.msn.com/msnbot.htm)"
180.76.5.110 - - [30/Sep/2012:14:32:09 +0200] "GET /robots.txt HTTP/1.1" 404 1256 "-" "Mozilla/5.0 (compatible; Baiduspider/2.0; +http://www.baidu.com/search/spider.html)"
178.154.179.250 - - [30/Sep/2012:16:39:03 +0200] "GET /robots.txt HTTP/1.1" 404 1256 "-" "Mozilla/5.0 (compatible; YandexBot/3.0; +http://yandex.com/bots)"
178.137.129.128 - - [30/Sep/2012:17:32:30 +0200] "GET / HTTP/1.1" 200 2366 "http://crazy-animetv.ucoz.ru/" "Mozilla/4.0 (compatible; MSIE 6.0; Windows NT 5.0; KTXN)"
178.137.129.128 - - [30/Sep/2012:17:32:30 +0200] "GET / HTTP/1.1" 200 2366 "http://crazy-animetv.ucoz.ru/" "Mozilla/4.0 (compatible; MSIE 6.0; Windows NT 5.0; KTXN)"
119.63.196.113 - - [30/Sep/2012:17:33:53 +0200] "GET /robots.txt HTTP/1.1" 404 1256 "-" "Baiduspider+(+http://www.baidu.com/search/spider.htm)"
66.249.71.232 - - [30/Sep/2012:17:38:57 +0200] "GET /robots.txt HTTP/1.1" 404 1256 "-" "Mozilla/5.0 (compatible; Googlebot/2.1; +http://www.google.com/bot.html)"
66.249.71.232 - - [30/Sep/2012:17:38:57 +0200] "GET / HTTP/1.1" 200 2366 "-" "Mozilla/5.0 (compatible; Googlebot/2.1; +http://www.google.com/bot.html)"
157.55.32.109 - - [30/Sep/2012:17:46:25 +0200] "GET /robots.txt HTTP/1.1" 404 1256 "-" "Mozilla/5.0 (compatible; bingbot/2.0; +http://www.bing.com/bingbot.htm)"
157.55.32.109 - - [30/Sep/2012:17:47:17 +0200] "GET /home.htm HTTP/1.1" 404 1256 "-" "Mozilla/5.0 (compatible; bingbot/2.0; +http://www.bing.com/bingbot.htm)"
66.249.71.75 - - [30/Sep/2012:18:00:02 +0200] "GET /robots.txt HTTP/1.1" 404 1256 "-" "Mozilla/5.0 (compatible; Googlebot/2.1; +http://www.google.com/bot.html)"
