141.8.147.12 - - [03/Aug/2014:01:15:39 +0200] "GET /robots.txt HTTP/1.1" 404 1256 "-" "Mozilla/5.0 (compatible; YandexBot/3.0; +http://yandex.com/bots)"
141.8.147.12 - - [03/Aug/2014:02:55:56 +0200] "GET /neue_seite_1.htm HTTP/1.1" 200 405 "-" "Mozilla/5.0 (compatible; YandexBot/3.0; +http://yandex.com/bots)"
141.8.147.12 - - [03/Aug/2014:04:01:51 +0200] "GET / HTTP/1.1" 200 876 "-" "Mozilla/5.0 (compatible; YandexBot/3.0; +http://yandex.com/bots)"
141.8.147.12 - - [03/Aug/2014:04:01:53 +0200] "GET /frameset/left.htm HTTP/1.1" 200 244 "-" "Mozilla/5.0 (compatible; YandexBot/3.0; +http://yandex.com/bots)"
141.8.147.12 - - [03/Aug/2014:04:01:56 +0200] "GET /frameset/bottom.htm HTTP/1.1" 200 244 "-" "Mozilla/5.0 (compatible; YandexBot/3.0; +http://yandex.com/bots)"
141.8.147.12 - - [03/Aug/2014:04:01:58 +0200] "GET /frameset/top.htm HTTP/1.1" 200 244 "-" "Mozilla/5.0 (compatible; YandexBot/3.0; +http://yandex.com/bots)"
141.8.147.12 - - [03/Aug/2014:04:02:00 +0200] "GET /frameset/right.htm HTTP/1.1" 200 244 "-" "Mozilla/5.0 (compatible; YandexBot/3.0; +http://yandex.com/bots)"
157.55.39.42 - - [03/Aug/2014:05:30:35 +0200] "GET /robots.txt HTTP/1.1" 404 1256 "-" "Mozilla/5.0 (compatible; bingbot/2.0; +http://www.bing.com/bingbot.htm)"
157.55.39.42 - - [03/Aug/2014:05:30:51 +0200] "GET /frameset/top.htm HTTP/1.1" 304 - "-" "Mozilla/5.0 (compatible; bingbot/2.0; +http://www.bing.com/bingbot.htm)"
66.249.78.182 - - [03/Aug/2014:16:55:45 +0200] "GET /robots.txt HTTP/1.1" 404 1256 "-" "Mozilla/5.0 (compatible; Googlebot/2.1; +http://www.google.com/bot.html)"
66.249.78.182 - - [03/Aug/2014:16:55:45 +0200] "GET /frameset/right.htm HTTP/1.1" 200 244 "-" "Mozilla/5.0 (compatible; Googlebot/2.1; +http://www.google.com/bot.html)"
141.8.147.12 - - [04/Aug/2014:03:40:54 +0200] "GET /robots.txt HTTP/1.1" 404 1256 "-" "Mozilla/5.0 (compatible; YandexBot/3.0; +http://yandex.com/bots)"
141.8.147.12 - - [04/Aug/2014:05:11:31 +0200] "GET /neue_seite_1.htm HTTP/1.1" 200 405 "-" "Mozilla/5.0 (compatible; YandexBot/3.0; +http://yandex.com/bots)"
72.181.194.22 - - [04/Aug/2014:05:41:10 +0200] "GET / HTTP/1.1" 200 876 "-" "mozilla-agent/5.0"
141.8.147.12 - - [04/Aug/2014:06:02:32 +0200] "GET /frameset/bottom.htm HTTP/1.1" 200 244 "-" "Mozilla/5.0 (compatible; YandexBot/3.0; +http://yandex.com/bots)"
66.249.79.212 - - [04/Aug/2014:07:28:37 +0200] "GET /robots.txt HTTP/1.1" 404 1256 "-" "Mozilla/5.0 (compatible; Googlebot/2.1; +http://www.google.com/bot.html)"
66.249.79.199 - - [04/Aug/2014:07:28:38 +0200] "GET / HTTP/1.1" 200 876 "-" "Mozilla/5.0 (compatible; Googlebot/2.1; +http://www.google.com/bot.html)"
141.8.147.12 - - [04/Aug/2014:07:34:30 +0200] "GET /frameset/top.htm HTTP/1.1" 200 244 "-" "Mozilla/5.0 (compatible; YandexBot/3.0; +http://yandex.com/bots)"
141.8.147.12 - - [04/Aug/2014:09:17:21 +0200] "GET / HTTP/1.1" 200 876 "-" "Mozilla/5.0 (compatible; YandexBot/3.0; +http://yandex.com/bots)"
141.8.147.12 - - [04/Aug/2014:09:17:24 +0200] "GET /frameset/left.htm HTTP/1.1" 200 244 "-" "Mozilla/5.0 (compatible; YandexBot/3.0; +http://yandex.com/bots)"
141.8.147.12 - - [04/Aug/2014:09:17:26 +0200] "GET /frameset/right.htm HTTP/1.1" 200 244 "-" "Mozilla/5.0 (compatible; YandexBot/3.0; +http://yandex.com/bots)"
37.58.100.132 - - [04/Aug/2014:09:32:09 +0200] "GET /robots.txt HTTP/1.1" 404 1256 "-" "Mozilla/5.0 (compatible; AhrefsBot/5.0; +http://ahrefs.com/robot/)"
157.55.39.151 - - [04/Aug/2014:11:01:38 +0200] "GET / HTTP/1.1" 200 876 "-" "Mozilla/5.0 (compatible; bingbot/2.0; +http://www.bing.com/bingbot.htm)"
157.55.39.151 - - [04/Aug/2014:11:01:38 +0200] "GET /neue_seite_1.htm HTTP/1.1" 200 405 "-" "Mozilla/5.0 (compatible; bingbot/2.0; +http://www.bing.com/bingbot.htm)"
144.76.155.8 - - [04/Aug/2014:12:13:46 +0200] "GET / HTTP/1.1" 200 876 "-" "Mozilla/5.0 (Windows NT 5.1; rv:11.0) Gecko Firefox/11.0"
66.249.79.199 - - [04/Aug/2014:12:30:28 +0200] "GET / HTTP/1.1" 200 876 "-" "Mozilla/5.0 (compatible; Googlebot/2.1; +http://www.google.com/bot.html)"
157.55.39.29 - - [04/Aug/2014:18:41:36 +0200] "GET /neue_seite_1.htm HTTP/1.1" 200 405 "-" "Mozilla/5.0 (compatible; bingbot/2.0; +http://www.bing.com/bingbot.htm)"
64.246.165.190 - - [04/Aug/2014:19:07:04 +0200] "GET /robots.txt HTTP/1.0" 404 1256 "-" "Mozilla/5.0 (Windows; U; Windows NT 5.1; en; rv:1.9.0.13) Gecko/2009073022 Firefox/3.5.2 (.NET CLR 3.5.30729) SurveyBot/2.3 (DomainTools)"
64.246.165.190 - - [04/Aug/2014:19:07:04 +0200] "GET / HTTP/1.1" 200 876 "http://whois.domaintools.com/die-sehnsucht.com" "Mozilla/5.0 (Windows; U; Windows NT 5.1; en; rv:1.9.0.13) Gecko/2009073022 Firefox/3.5.2 (.NET CLR 3.5.30729) SurveyBot/2.3 (DomainTools)"
148.251.69.136 - - [04/Aug/2014:21:40:50 +0200] "GET / HTTP/1.1" 200 876 "-" "Mozilla/5.0 (Windows NT 6.1; WOW64; rv:11.0) Gecko Firefox/11.0"
141.8.147.12 - - [05/Aug/2014:01:11:11 +0200] "GET /robots.txt HTTP/1.1" 404 1256 "-" "Mozilla/5.0 (compatible; YandexBot/3.0; +http://yandex.com/bots)"
141.8.147.12 - - [05/Aug/2014:01:11:13 +0200] "GET /frameset/left.htm HTTP/1.1" 200 244 "-" "Mozilla/5.0 (compatible; YandexBot/3.0; +http://yandex.com/bots)"
141.8.147.12 - - [05/Aug/2014:01:11:15 +0200] "GET /frameset/right.htm HTTP/1.1" 200 244 "-" "Mozilla/5.0 (compatible; YandexBot/3.0; +http://yandex.com/bots)"
141.8.147.12 - - [05/Aug/2014:01:11:17 +0200] "GET /frameset/bottom.htm HTTP/1.1" 200 244 "-" "Mozilla/5.0 (compatible; YandexBot/3.0; +http://yandex.com/bots)"
141.8.147.12 - - [05/Aug/2014:01:11:19 +0200] "GET /neue_seite_1.htm HTTP/1.1" 200 405 "-" "Mozilla/5.0 (compatible; YandexBot/3.0; +http://yandex.com/bots)"
141.8.147.12 - - [05/Aug/2014:01:11:21 +0200] "GET /frameset/top.htm HTTP/1.1" 200 244 "-" "Mozilla/5.0 (compatible; YandexBot/3.0; +http://yandex.com/bots)"
66.249.69.249 - - [05/Aug/2014:07:02:50 +0200] "GET /robots.txt HTTP/1.1" 404 1256 "-" "Mozilla/5.0 (compatible; Googlebot/2.1; +http://www.google.com/bot.html)"
66.249.78.182 - - [05/Aug/2014:07:02:50 +0200] "GET / HTTP/1.1" 304 - "-" "Mozilla/5.0 (compatible; Googlebot/2.1; +http://www.google.com/bot.html)"
141.8.147.12 - - [05/Aug/2014:18:53:58 +0200] "GET /robots.txt HTTP/1.1" 404 1256 "-" "Mozilla/5.0 (compatible; YandexBot/3.0; +http://yandex.com/bots)"
66.249.78.189 - - [05/Aug/2014:18:58:02 +0200] "GET / HTTP/1.1" 304 - "-" "Mozilla/5.0 (iPhone; CPU iPhone OS 6_0 like Mac OS X) AppleWebKit/536.26 (KHTML, like Gecko) Version/6.0 Mobile/10A5376e Safari/8536.25 (compatible; Googlebot/2.1; +http://www.google.com/bot.html)"
141.8.147.12 - - [06/Aug/2014:03:36:17 +0200] "GET / HTTP/1.1" 200 876 "-" "Mozilla/5.0 (compatible; YandexBot/3.0; +http://yandex.com/bots)"
141.8.147.12 - - [06/Aug/2014:03:36:20 +0200] "GET /frameset/left.htm HTTP/1.1" 200 244 "-" "Mozilla/5.0 (compatible; YandexBot/3.0; +http://yandex.com/bots)"
141.8.147.12 - - [06/Aug/2014:03:36:22 +0200] "GET /frameset/right.htm HTTP/1.1" 200 244 "-" "Mozilla/5.0 (compatible; YandexBot/3.0; +http://yandex.com/bots)"
141.8.147.12 - - [06/Aug/2014:03:36:24 +0200] "GET /neue_seite_1.htm HTTP/1.1" 200 405 "-" "Mozilla/5.0 (compatible; YandexBot/3.0; +http://yandex.com/bots)"
141.8.147.12 - - [06/Aug/2014:03:36:26 +0200] "GET /frameset/top.htm HTTP/1.1" 200 244 "-" "Mozilla/5.0 (compatible; YandexBot/3.0; +http://yandex.com/bots)"
141.8.147.12 - - [06/Aug/2014:03:36:28 +0200] "GET /frameset/bottom.htm HTTP/1.1" 200 244 "-" "Mozilla/5.0 (compatible; YandexBot/3.0; +http://yandex.com/bots)"
66.249.78.182 - - [06/Aug/2014:05:39:58 +0200] "GET /robots.txt HTTP/1.1" 404 1256 "-" "Mozilla/5.0 (compatible; Googlebot/2.1; +http://www.google.com/bot.html)"
66.249.78.189 - - [06/Aug/2014:05:39:58 +0200] "GET / HTTP/1.1" 304 - "-" "Mozilla/5.0 (compatible; Googlebot/2.1; +http://www.google.com/bot.html)"
66.249.78.196 - - [06/Aug/2014:14:08:17 +0200] "GET / HTTP/1.1" 304 - "-" "Mozilla/5.0 (compatible; Googlebot/2.1; +http://www.google.com/bot.html)"
5.10.104.70 - - [06/Aug/2014:14:50:54 +0200] "GET /robots.txt HTTP/1.1" 404 1256 "-" "Mozilla/5.0 (compatible; SiteExplorer/1.0b; +http://siteexplorer.info/)"
5.10.104.70 - - [06/Aug/2014:14:50:59 +0200] "GET / HTTP/1.1" 200 876 "-" "Mozilla/5.0 (compatible; SiteExplorer/1.0b; +http://siteexplorer.info/)"
66.249.78.196 - - [06/Aug/2014:20:15:18 +0200] "GET /robots.txt HTTP/1.1" 404 1256 "-" "Mozilla/5.0 (compatible; Googlebot/2.1; +http://www.google.com/bot.html)"
66.249.78.182 - - [06/Aug/2014:20:15:18 +0200] "GET /frameset/right.htm HTTP/1.1" 200 244 "-" "Mozilla/5.0 (compatible; Googlebot/2.1; +http://www.google.com/bot.html)"
101.226.169.218 - - [07/Aug/2014:03:59:45 +0200] "GET /robots.txt HTTP/1.1" 404 1256 "http://www.die-sehnsucht.com/robots.txt" "Mozilla/5.0 (Windows NT 6.1) AppleWebKit/537.1 (KHTML, like Gecko) Chrome/21.0.1180.89 Safari/537.1; 360Spider"
46.165.197.142 - - [07/Aug/2014:07:41:56 +0200] "GET /robots.txt HTTP/1.0" 404 1256 "-" "Mozilla/5.0 (compatible; MJ12bot/v1.4.5; http://www.majestic12.co.uk/bot.php?+)"
46.165.197.142 - - [07/Aug/2014:07:41:58 +0200] "GET / HTTP/1.0" 200 876 "-" "Mozilla/5.0 (compatible; MJ12bot/v1.4.5; http://www.majestic12.co.uk/bot.php?+)"
141.8.189.109 - - [07/Aug/2014:08:58:54 +0200] "GET /robots.txt HTTP/1.1" 404 1256 "-" "Mozilla/5.0 (compatible; YandexBot/3.0; +http://yandex.com/bots)"
141.8.189.109 - - [07/Aug/2014:08:59:56 +0200] "GET / HTTP/1.1" 200 876 "-" "Mozilla/5.0 (compatible; YandexBot/3.0; +http://yandex.com/bots)"
141.8.189.109 - - [07/Aug/2014:09:00:00 +0200] "GET /frameset/left.htm HTTP/1.1" 200 244 "-" "Mozilla/5.0 (compatible; YandexBot/3.0; +http://yandex.com/bots)"
141.8.189.109 - - [07/Aug/2014:09:00:03 +0200] "GET /frameset/bottom.htm HTTP/1.1" 200 244 "-" "Mozilla/5.0 (compatible; YandexBot/3.0; +http://yandex.com/bots)"
141.8.189.109 - - [07/Aug/2014:09:00:05 +0200] "GET /frameset/right.htm HTTP/1.1" 200 244 "-" "Mozilla/5.0 (compatible; YandexBot/3.0; +http://yandex.com/bots)"
141.8.189.109 - - [07/Aug/2014:09:00:07 +0200] "GET /neue_seite_1.htm HTTP/1.1" 200 405 "-" "Mozilla/5.0 (compatible; YandexBot/3.0; +http://yandex.com/bots)"
141.8.189.109 - - [07/Aug/2014:09:00:10 +0200] "GET /frameset/top.htm HTTP/1.1" 200 244 "-" "Mozilla/5.0 (compatible; YandexBot/3.0; +http://yandex.com/bots)"
66.249.78.182 - - [07/Aug/2014:13:27:48 +0200] "GET /robots.txt HTTP/1.1" 404 1256 "-" "Mozilla/5.0 (compatible; Googlebot/2.1; +http://www.google.com/bot.html)"
66.249.78.189 - - [07/Aug/2014:13:27:48 +0200] "GET / HTTP/1.1" 200 876 "-" "Mozilla/5.0 (compatible; Googlebot/2.1; +http://www.google.com/bot.html)"
66.249.66.77 - - [07/Aug/2014:18:27:37 +0200] "GET /neue_seite_1.htm HTTP/1.1" 200 405 "-" "Mozilla/5.0 (compatible; Googlebot/2.1; +http://www.google.com/bot.html)"
66.249.66.77 - - [08/Aug/2014:00:40:15 +0200] "GET /frameset/bottom.htm HTTP/1.1" 200 244 "-" "Mozilla/5.0 (compatible; Googlebot/2.1; +http://www.google.com/bot.html)"
93.186.202.253 - - [08/Aug/2014:03:37:00 +0200] "GET / HTTP/1.1" 200 876 "-" "Mozilla/5.0 (Windows NT 6.2; rv:16.0) Gecko/20100101 Firefox/16.0"
93.186.202.253 - - [08/Aug/2014:03:37:00 +0200] "GET /images/sehnsucht%252520start-mit%252520schrift.gif HTTP/1.1" 404 1256 "-" "Mozilla/5.0 (Windows NT 6.1; WOW64) AppleWebKit/537.11 (KHTML, like Gecko) Chrome/23.0.1271.97 Safari/537.11"
93.186.202.253 - - [08/Aug/2014:03:37:16 +0200] "GET / HTTP/1.1" 200 876 "-" "Mozilla/5.0 (Windows NT 5.0; rv:21.0) Gecko/20100101 Firefox/21.0"
93.186.202.253 - - [08/Aug/2014:03:37:18 +0200] "GET /images/sehnsucht%252520start-mit%252520schrift.gif HTTP/1.1" 404 1256 "-" "Mozilla/5.0 (Windows NT 6.2; Win64; x64;) Gecko/20100101 Firefox/20.0"
93.186.202.241 - - [08/Aug/2014:03:37:31 +0200] "GET /images/sehnsucht%252520start-mit%252520schrift.gif HTTP/1.1" 404 1256 "-" "Mozilla/5.0 (Windows NT 5.1) AppleWebKit/537.36 (KHTML, like Gecko) Chrome/27.0.1453.93 Safari/537.36"
93.186.202.241 - - [08/Aug/2014:03:37:31 +0200] "GET / HTTP/1.1" 200 876 "-" "Mozilla/5.0 (Windows NT 6.1; WOW64; rv:21.0) Gecko/20130330 Firefox/21.0"
101.226.166.248 - - [08/Aug/2014:04:07:45 +0200] "GET /robots.txt HTTP/1.1" 404 1256 "http://www.die-sehnsucht.com/robots.txt" "Mozilla/5.0 (Windows NT 6.1) AppleWebKit/537.1 (KHTML, like Gecko) Chrome/21.0.1180.89 Safari/537.1; 360Spider"
141.8.147.12 - - [08/Aug/2014:04:10:18 +0200] "GET /robots.txt HTTP/1.1" 404 1256 "-" "Mozilla/5.0 (compatible; YandexBot/3.0; +http://yandex.com/bots)"
141.8.147.12 - - [08/Aug/2014:04:15:44 +0200] "GET / HTTP/1.1" 200 876 "-" "Mozilla/5.0 (compatible; YandexBot/3.0; +http://yandex.com/bots)"
141.8.147.12 - - [08/Aug/2014:04:15:48 +0200] "GET /neue_seite_1.htm HTTP/1.1" 200 405 "-" "Mozilla/5.0 (compatible; YandexBot/3.0; +http://yandex.com/bots)"
141.8.147.12 - - [08/Aug/2014:04:15:51 +0200] "GET /frameset/right.htm HTTP/1.1" 200 244 "-" "Mozilla/5.0 (compatible; YandexBot/3.0; +http://yandex.com/bots)"
141.8.147.12 - - [08/Aug/2014:04:15:54 +0200] "GET /frameset/top.htm HTTP/1.1" 200 244 "-" "Mozilla/5.0 (compatible; YandexBot/3.0; +http://yandex.com/bots)"
141.8.147.12 - - [08/Aug/2014:04:15:56 +0200] "GET /frameset/left.htm HTTP/1.1" 200 244 "-" "Mozilla/5.0 (compatible; YandexBot/3.0; +http://yandex.com/bots)"
141.8.147.12 - - [08/Aug/2014:04:15:58 +0200] "GET /frameset/bottom.htm HTTP/1.1" 200 244 "-" "Mozilla/5.0 (compatible; YandexBot/3.0; +http://yandex.com/bots)"
173.70.141.204 - - [08/Aug/2014:10:29:07 +0200] "GET /robots.txt HTTP/1.1" 404 1256 "-" "panscient.com"
173.70.141.204 - - [08/Aug/2014:10:29:08 +0200] "GET / HTTP/1.1" 200 876 "-" "panscient.com"
173.70.141.204 - - [08/Aug/2014:10:29:09 +0200] "GET /frameset/top.htm HTTP/1.1" 200 244 "-" "panscient.com"
173.70.141.204 - - [08/Aug/2014:10:29:10 +0200] "GET /frameset/left.htm HTTP/1.1" 200 244 "-" "panscient.com"
173.70.141.204 - - [08/Aug/2014:10:29:12 +0200] "GET /frameset/bottom.htm HTTP/1.1" 200 244 "-" "panscient.com"
173.70.141.204 - - [08/Aug/2014:10:29:13 +0200] "GET /neue_seite_1.htm HTTP/1.1" 200 405 "-" "panscient.com"
173.70.141.204 - - [08/Aug/2014:10:29:14 +0200] "GET /frameset/right.htm HTTP/1.1" 200 244 "-" "panscient.com"
173.70.141.204 - - [08/Aug/2014:10:29:15 +0200] "GET /frameset/top.htm HTTP/1.1" 200 244 "-" "panscient.com"
173.70.141.204 - - [08/Aug/2014:10:29:16 +0200] "GET /frameset/left.htm HTTP/1.1" 200 244 "-" "panscient.com"
173.70.141.204 - - [08/Aug/2014:10:29:17 +0200] "GET /frameset/bottom.htm HTTP/1.1" 200 244 "-" "panscient.com"
173.70.141.204 - - [08/Aug/2014:10:29:18 +0200] "GET /robots.txt HTTP/1.1" 404 1256 "-" "panscient.com"
173.70.141.204 - - [08/Aug/2014:10:29:18 +0200] "GET /frameset/right.htm HTTP/1.1" 200 244 "-" "panscient.com"
173.70.141.204 - - [08/Aug/2014:10:29:19 +0200] "GET /neue_seite_1.htm HTTP/1.1" 200 405 "-" "panscient.com"
141.8.147.12 - - [08/Aug/2014:13:07:36 +0200] "GET /frameset/left.htm HTTP/1.1" 200 244 "-" "Mozilla/5.0 (compatible; YandexBot/3.0; +http://yandex.com/bots)"
141.8.147.12 - - [08/Aug/2014:13:07:38 +0200] "GET /frameset/right.htm HTTP/1.1" 200 244 "-" "Mozilla/5.0 (compatible; YandexBot/3.0; +http://yandex.com/bots)"
141.8.147.12 - - [08/Aug/2014:13:07:40 +0200] "GET /neue_seite_1.htm HTTP/1.1" 200 405 "-" "Mozilla/5.0 (compatible; YandexBot/3.0; +http://yandex.com/bots)"
141.8.147.12 - - [08/Aug/2014:13:07:42 +0200] "GET /frameset/top.htm HTTP/1.1" 200 244 "-" "Mozilla/5.0 (compatible; YandexBot/3.0; +http://yandex.com/bots)"
141.8.147.12 - - [08/Aug/2014:13:07:44 +0200] "GET /frameset/bottom.htm HTTP/1.1" 200 244 "-" "Mozilla/5.0 (compatible; YandexBot/3.0; +http://yandex.com/bots)"
37.58.100.236 - - [09/Aug/2014:13:57:45 +0200] "GET /robots.txt HTTP/1.1" 404 1256 "-" "Mozilla/5.0 (compatible; AhrefsBot/5.0; +http://ahrefs.com/robot/)"
65.181.123.129 - - [09/Aug/2014:16:24:46 +0200] "GET / HTTP/1.1" 200 876 "-" "AdnormCrawler www.adnorm.com/crawler"
65.181.123.129 - - [09/Aug/2014:16:25:09 +0200] "GET /robots.txt HTTP/1.1" 404 1256 "-" "AdnormCrawler www.adnorm.com/crawler"
141.8.189.109 - - [09/Aug/2014:17:17:05 +0200] "GET /robots.txt HTTP/1.1" 404 1256 "-" "Mozilla/5.0 (compatible; YandexBot/3.0; +http://yandex.com/bots)"
141.8.189.109 - - [09/Aug/2014:17:17:12 +0200] "GET /frameset/right.htm HTTP/1.1" 200 244 "-" "Mozilla/5.0 (compatible; YandexBot/3.0; +http://yandex.com/bots)"
141.8.189.109 - - [09/Aug/2014:17:17:23 +0200] "GET /neue_seite_1.htm HTTP/1.1" 200 405 "-" "Mozilla/5.0 (compatible; YandexBot/3.0; +http://yandex.com/bots)"
141.8.189.109 - - [10/Aug/2014:02:10:42 +0200] "GET /frameset/bottom.htm HTTP/1.1" 200 244 "-" "Mozilla/5.0 (compatible; YandexBot/3.0; +http://yandex.com/bots)"
65.55.215.41 - - [10/Aug/2014:08:39:54 +0200] "GET /robots.txt HTTP/1.1" 404 1256 "-" "msnbot-media/1.1 (+http://search.msn.com/msnbot.htm)"
65.55.215.41 - - [10/Aug/2014:08:39:54 +0200] "GET /frameset/images/sehnsucht%20start-mit%20schrift.gif HTTP/1.1" 404 1256 "-" "msnbot-media/1.1 (+http://search.msn.com/msnbot.htm)"
141.8.147.12 - - [10/Aug/2014:17:47:55 +0200] "GET /robots.txt HTTP/1.1" 404 1256 "-" "Mozilla/5.0 (compatible; YandexBot/3.0; +http://yandex.com/bots)"
141.8.147.12 - - [10/Aug/2014:17:47:57 +0200] "GET /favicon.ico HTTP/1.1" 404 1256 "-" "Mozilla/5.0 (compatible; YandexBot/3.0; +http://yandex.com/bots)"
141.8.147.12 - - [10/Aug/2014:18:24:31 +0200] "GET /neue_seite_1.htm HTTP/1.1" 200 405 "-" "Mozilla/5.0 (compatible; YandexBot/3.0; +http://yandex.com/bots)"
141.8.147.12 - - [10/Aug/2014:18:39:48 +0200] "GET /frameset/bottom.htm HTTP/1.1" 200 244 "-" "Mozilla/5.0 (compatible; YandexBot/3.0; +http://yandex.com/bots)"
141.8.147.12 - - [10/Aug/2014:20:51:03 +0200] "GET /frameset/top.htm HTTP/1.1" 200 244 "-" "Mozilla/5.0 (compatible; YandexBot/3.0; +http://yandex.com/bots)"
157.55.39.245 - - [10/Aug/2014:21:47:00 +0200] "GET /robots.txt HTTP/1.1" 404 1256 "-" "Mozilla/5.0 (compatible; bingbot/2.0; +http://www.bing.com/bingbot.htm)"
157.55.39.245 - - [10/Aug/2014:21:47:03 +0200] "GET / HTTP/1.1" 200 876 "-" "Mozilla/5.0 (compatible; bingbot/2.0; +http://www.bing.com/bingbot.htm)"
157.55.39.245 - - [10/Aug/2014:21:47:03 +0200] "GET /neue_seite_1.htm HTTP/1.1" 200 405 "-" "Mozilla/5.0 (compatible; bingbot/2.0; +http://www.bing.com/bingbot.htm)"
141.8.147.12 - - [10/Aug/2014:23:21:52 +0200] "GET /frameset/left.htm HTTP/1.1" 200 244 "-" "Mozilla/5.0 (compatible; YandexBot/3.0; +http://yandex.com/bots)"
141.8.147.12 - - [11/Aug/2014:01:02:16 +0200] "GET / HTTP/1.1" 200 876 "-" "Mozilla/5.0 (compatible; YandexBot/3.0; +http://yandex.com/bots)"
141.8.147.12 - - [11/Aug/2014:01:02:20 +0200] "GET /frameset/bottom.htm HTTP/1.1" 200 244 "-" "Mozilla/5.0 (compatible; YandexBot/3.0; +http://yandex.com/bots)"
141.8.147.12 - - [11/Aug/2014:01:02:22 +0200] "GET /frameset/right.htm HTTP/1.1" 200 244 "-" "Mozilla/5.0 (compatible; YandexBot/3.0; +http://yandex.com/bots)"
141.8.147.12 - - [11/Aug/2014:01:02:24 +0200] "GET /neue_seite_1.htm HTTP/1.1" 200 405 "-" "Mozilla/5.0 (compatible; YandexBot/3.0; +http://yandex.com/bots)"
209.222.8.75 - - [11/Aug/2014:07:31:30 +0200] "GET / HTTP/1.1" 200 876 "-" "Mozilla/5.0 (compatible; AhrefsBot/5.0; +http://ahrefs.com/robot/)"
182.118.35.12 - - [11/Aug/2014:11:16:00 +0200] "GET /robots.txt HTTP/1.1" 404 1256 "http://www.die-sehnsucht.com/robots.txt" "Mozilla/5.0 (compatible; MSIE 9.0; Windows NT 6.1; Trident/5.0); 360Spider"
209.222.8.75 - - [11/Aug/2014:21:23:29 +0200] "GET / HTTP/1.1" 200 876 "-" "Mozilla/5.0 (compatible; AhrefsBot/5.0; +http://ahrefs.com/robot/)"
157.55.39.245 - - [11/Aug/2014:23:51:59 +0200] "GET / HTTP/1.1" 200 876 "-" "Mozilla/5.0 (compatible; bingbot/2.0; +http://www.bing.com/bingbot.htm)"
88.198.56.239 - - [12/Aug/2014:06:07:07 +0200] "GET / HTTP/1.1" 200 876 "-" "Mozilla/5.0 (Windows NT 6.1; de;rv:12.0) Gecko/20120403211507 Firefox/12.0"
69.58.178.57 - - [12/Aug/2014:08:05:33 +0200] "GET /robots.txt HTTP/1.1" 404 1256 "-" "Mozilla/5.0 (X11; Ubuntu; Linux i686; rv:14.0; ips-agent) Gecko/20100101 Firefox/14.0.1"
69.58.178.57 - - [12/Aug/2014:08:05:34 +0200] "GET / HTTP/1.1" 200 876 "-" "Mozilla/5.0 (X11; Ubuntu; Linux i686; rv:14.0; ips-agent) Gecko/20100101 Firefox/14.0.1"
69.58.178.57 - - [12/Aug/2014:08:05:36 +0200] "GET / HTTP/1.1" 200 876 "-" "BlackBerry9000/4.6.0.167 Profile/MIDP-2.0 Configuration/CLDC-1.1 VendorID/102 ips-agent"
69.58.178.57 - - [12/Aug/2014:08:05:37 +0200] "GET /frameset/left.htm HTTP/1.1" 200 244 "-" "Mozilla/5.0 (X11; Ubuntu; Linux i686; rv:14.0; ips-agent) Gecko/20100101 Firefox/14.0.1"
69.58.178.57 - - [12/Aug/2014:08:05:38 +0200] "GET /frameset/top.htm HTTP/1.1" 200 244 "-" "Mozilla/5.0 (X11; Ubuntu; Linux i686; rv:14.0; ips-agent) Gecko/20100101 Firefox/14.0.1"
69.58.178.57 - - [12/Aug/2014:08:05:39 +0200] "GET /neue_seite_1.htm HTTP/1.1" 200 405 "-" "Mozilla/5.0 (X11; Ubuntu; Linux i686; rv:14.0; ips-agent) Gecko/20100101 Firefox/14.0.1"
69.58.178.57 - - [12/Aug/2014:08:05:40 +0200] "GET /frameset/bottom.htm HTTP/1.1" 200 244 "-" "Mozilla/5.0 (X11; Ubuntu; Linux i686; rv:14.0; ips-agent) Gecko/20100101 Firefox/14.0.1"
69.58.178.57 - - [12/Aug/2014:08:05:41 +0200] "GET /frameset/right.htm HTTP/1.1" 200 244 "-" "Mozilla/5.0 (X11; Ubuntu; Linux i686; rv:14.0; ips-agent) Gecko/20100101 Firefox/14.0.1"
93.186.202.239 - - [12/Aug/2014:11:29:50 +0200] "GET /images/sehnsucht%252520start-mit%252520schrift.gif HTTP/1.1" 404 1256 "-" "Mozilla/5.0 (Windows; U; Windows NT 6.1; en-US) AppleWebKit/533.19.4 (KHTML, like Gecko) Version/5.0.2 Safari/533.18.5"
93.186.202.239 - - [12/Aug/2014:11:29:50 +0200] "GET / HTTP/1.1" 200 876 "-" "Mozilla/5.0 (Macintosh; Intel Mac OS X 10.8; rv:21.0) Gecko/20100101 Firefox/21.0"
141.8.189.109 - - [12/Aug/2014:14:00:52 +0200] "GET /robots.txt HTTP/1.1" 404 1256 "-" "Mozilla/5.0 (compatible; YandexBot/3.0; +http://yandex.com/bots)"
141.8.189.109 - - [12/Aug/2014:14:00:54 +0200] "GET /frameset/right.htm HTTP/1.1" 200 244 "-" "Mozilla/5.0 (compatible; YandexBot/3.0; +http://yandex.com/bots)"
107.170.15.95 - - [12/Aug/2014:22:27:01 +0200] "GET /robots.txt HTTP/1.1" 404 1256 "-" "Mozilla/5.0 (compatible; spbot/4.1.0; +http://OpenLinkProfiler.org/bot )"
107.170.15.95 - - [12/Aug/2014:22:27:06 +0200] "GET / HTTP/1.1" 200 876 "-" "Mozilla/5.0 (compatible; spbot/4.1.0; +http://OpenLinkProfiler.org/bot )"
46.165.197.142 - - [13/Aug/2014:02:30:07 +0200] "GET /robots.txt HTTP/1.0" 404 1256 "-" "Mozilla/5.0 (compatible; MJ12bot/v1.4.5; http://www.majestic12.co.uk/bot.php?+)"
46.165.197.142 - - [13/Aug/2014:02:30:09 +0200] "GET / HTTP/1.0" 200 876 "-" "Mozilla/5.0 (compatible; MJ12bot/v1.4.5; http://www.majestic12.co.uk/bot.php?+)"
157.55.39.245 - - [13/Aug/2014:04:50:04 +0200] "GET / HTTP/1.1" 200 876 "-" "Mozilla/5.0 (compatible; bingbot/2.0; +http://www.bing.com/bingbot.htm)"
157.55.39.245 - - [13/Aug/2014:04:50:05 +0200] "GET /neue_seite_1.htm HTTP/1.1" 200 405 "-" "Mozilla/5.0 (compatible; bingbot/2.0; +http://www.bing.com/bingbot.htm)"
157.55.39.137 - - [13/Aug/2014:04:50:26 +0200] "GET /frameset/bottom.htm HTTP/1.1" 200 244 "-" "Mozilla/5.0 (compatible; bingbot/2.0; +http://www.bing.com/bingbot.htm)"
157.55.39.47 - - [13/Aug/2014:04:50:30 +0200] "GET /frameset/right.htm HTTP/1.1" 200 244 "-" "Mozilla/5.0 (compatible; bingbot/2.0; +http://www.bing.com/bingbot.htm)"
157.55.39.245 - - [13/Aug/2014:04:50:46 +0200] "GET /neue_seite_1.htm HTTP/1.1" 200 405 "-" "Mozilla/5.0 (compatible; bingbot/2.0; +http://www.bing.com/bingbot.htm)"
157.55.39.42 - - [13/Aug/2014:04:50:51 +0200] "GET /robots.txt HTTP/1.1" 404 1256 "-" "Mozilla/5.0 (compatible; bingbot/2.0; +http://www.bing.com/bingbot.htm)"
157.55.39.42 - - [13/Aug/2014:04:50:51 +0200] "GET /frameset/left.htm HTTP/1.1" 200 244 "-" "Mozilla/5.0 (compatible; bingbot/2.0; +http://www.bing.com/bingbot.htm)"
157.55.39.42 - - [13/Aug/2014:04:50:52 +0200] "GET /frameset/top.htm HTTP/1.1" 200 244 "-" "Mozilla/5.0 (compatible; bingbot/2.0; +http://www.bing.com/bingbot.htm)"
157.55.39.245 - - [14/Aug/2014:01:32:58 +0200] "GET /robots.txt HTTP/1.1" 404 1256 "-" "Mozilla/5.0 (compatible; bingbot/2.0; +http://www.bing.com/bingbot.htm)"
157.55.39.245 - - [14/Aug/2014:01:34:33 +0200] "GET /neue_seite_1.htm HTTP/1.1" 304 - "-" "Mozilla/5.0 (compatible; bingbot/2.0; +http://www.bing.com/bingbot.htm)"
141.8.147.12 - - [14/Aug/2014:04:38:38 +0200] "GET /robots.txt HTTP/1.1" 404 1256 "-" "Mozilla/5.0 (compatible; YandexBot/3.0; +http://yandex.com/bots)"
198.27.80.144 - - [14/Aug/2014:05:08:07 +0200] "GET /robots.txt HTTP/1.1" 404 1256 "-" "Mozilla/5.0 (compatible; ca-crawler/1.0)"
198.27.80.144 - - [14/Aug/2014:05:08:09 +0200] "GET / HTTP/1.1" 206 876 "-" "Mozilla/5.0 (compatible; ca-crawler/1.0)"
141.8.147.12 - - [14/Aug/2014:05:55:16 +0200] "GET / HTTP/1.1" 200 876 "-" "Mozilla/5.0 (compatible; YandexBot/3.0; +http://yandex.com/bots)"
141.8.147.12 - - [14/Aug/2014:05:55:18 +0200] "GET /frameset/left.htm HTTP/1.1" 200 244 "-" "Mozilla/5.0 (compatible; YandexBot/3.0; +http://yandex.com/bots)"
141.8.147.12 - - [14/Aug/2014:05:55:20 +0200] "GET /frameset/right.htm HTTP/1.1" 200 244 "-" "Mozilla/5.0 (compatible; YandexBot/3.0; +http://yandex.com/bots)"
141.8.147.12 - - [14/Aug/2014:05:55:22 +0200] "GET /favicon.ico HTTP/1.1" 404 1256 "-" "Mozilla/5.0 (compatible; YandexBot/3.0; +http://yandex.com/bots)"
141.8.147.12 - - [14/Aug/2014:05:55:24 +0200] "GET /frameset/top.htm HTTP/1.1" 200 244 "-" "Mozilla/5.0 (compatible; YandexBot/3.0; +http://yandex.com/bots)"
141.8.147.12 - - [14/Aug/2014:05:55:26 +0200] "GET /frameset/bottom.htm HTTP/1.1" 200 244 "-" "Mozilla/5.0 (compatible; YandexBot/3.0; +http://yandex.com/bots)"
141.8.147.12 - - [14/Aug/2014:05:55:28 +0200] "GET /neue_seite_1.htm HTTP/1.1" 200 405 "-" "Mozilla/5.0 (compatible; YandexBot/3.0; +http://yandex.com/bots)"
144.76.163.48 - - [14/Aug/2014:11:23:47 +0200] "GET / HTTP/1.1" 200 876 "-" "Mozilla/5.0 (Windows NT 6.1; WOW64) AppleWebKit/537.36 (KHTML, like Gecko) Chrome/27.0.1453.93 Safari/537.36"
144.76.163.48 - - [14/Aug/2014:11:23:47 +0200] "GET /images/sehnsucht%252520start-mit%252520schrift.gif HTTP/1.1" 404 1256 "-" "Mozilla/5.0 (Macintosh; U; Intel Mac OS X 10_5_8; zh-cn) AppleWebKit/533.18.1 (KHTML, like Gecko) Version/5.0.2 Safari/533.18.5"
37.58.100.186 - - [14/Aug/2014:14:03:22 +0200] "GET /robots.txt HTTP/1.1" 404 1256 "-" "Mozilla/5.0 (compatible; AhrefsBot/5.0; +http://ahrefs.com/robot/)"
54.203.123.75 - - [14/Aug/2014:14:18:05 +0200] "GET / HTTP/1.1" 200 876 "http://www.ENNEAGRAMHQACADEMY.COM" "Mozilla/5.0 (X11; Ubuntu; Linux x86_64; rv:20.0) Gecko/20100101 Firefox/20.0"
104.131.193.213 - - [14/Aug/2014:15:00:33 +0200] "GET / HTTP/1.0" 200 876 "-" "Mozilla/5.0 (compatible; NetcraftSurveyAgent/1.0; +info@netcraft.com)"
104.131.193.213 - - [14/Aug/2014:15:00:39 +0200] "GET /frameset/left.htm HTTP/1.0" 200 244 "-" "Mozilla/5.0 (compatible; NetcraftSurveyAgent/1.0; +info@netcraft.com)"
104.131.193.213 - - [14/Aug/2014:15:00:43 +0200] "GET /frameset/top.htm HTTP/1.0" 200 244 "-" "Mozilla/5.0 (compatible; NetcraftSurveyAgent/1.0; +info@netcraft.com)"
104.131.193.213 - - [14/Aug/2014:15:00:49 +0200] "GET /neue_seite_1.htm HTTP/1.0" 200 405 "-" "Mozilla/5.0 (compatible; NetcraftSurveyAgent/1.0; +info@netcraft.com)"
104.131.193.213 - - [14/Aug/2014:15:00:55 +0200] "GET /frameset/bottom.htm HTTP/1.0" 200 244 "-" "Mozilla/5.0 (compatible; NetcraftSurveyAgent/1.0; +info@netcraft.com)"
104.131.193.213 - - [14/Aug/2014:15:01:01 +0200] "GET /frameset/right.htm HTTP/1.0" 200 244 "-" "Mozilla/5.0 (compatible; NetcraftSurveyAgent/1.0; +info@netcraft.com)"
157.55.39.47 - - [14/Aug/2014:16:46:54 +0200] "GET /frameset/right.htm HTTP/1.1" 304 - "-" "Mozilla/5.0 (compatible; bingbot/2.0; +http://www.bing.com/bingbot.htm)"
209.249.5.249 - - [14/Aug/2014:20:39:55 +0200] "GET /robots.txt HTTP/1.1" 404 1256 "-" "rogerbot/1.0 (http://moz.com/help/pro/what-is-rogerbot-, rogerbot-wherecat@moz.com)"
209.249.5.249 - - [14/Aug/2014:20:39:55 +0200] "GET / HTTP/1.1" 200 876 "-" "rogerbot/1.0 (http://moz.com/help/pro/what-is-rogerbot-, rogerbot-wherecat@moz.com)"
141.8.147.12 - - [15/Aug/2014:01:59:13 +0200] "GET /robots.txt HTTP/1.1" 404 1256 "-" "Mozilla/5.0 (compatible; YandexBot/3.0; +http://yandex.com/bots)"
141.8.147.12 - - [15/Aug/2014:01:59:15 +0200] "GET /favicon.ico HTTP/1.1" 404 1256 "-" "Mozilla/5.0 (compatible; YandexBot/3.0; +http://yandex.com/bots)"
141.8.147.12 - - [15/Aug/2014:02:44:26 +0200] "GET /neue_seite_1.htm HTTP/1.1" 200 405 "-" "Mozilla/5.0 (compatible; YandexBot/3.0; +http://yandex.com/bots)"
141.8.147.12 - - [15/Aug/2014:08:05:20 +0200] "GET /frameset/top.htm HTTP/1.1" 200 244 "-" "Mozilla/5.0 (compatible; YandexBot/3.0; +http://yandex.com/bots)"
141.8.189.109 - - [15/Aug/2014:16:40:03 +0200] "GET /robots.txt HTTP/1.1" 404 1256 "-" "Mozilla/5.0 (compatible; YandexBot/3.0; +http://yandex.com/bots)"
141.8.189.109 - - [15/Aug/2014:16:40:05 +0200] "GET / HTTP/1.1" 200 876 "-" "Mozilla/5.0 (compatible; YandexBot/3.0; +http://yandex.com/bots)"
141.8.189.109 - - [15/Aug/2014:16:40:08 +0200] "GET /frameset/left.htm HTTP/1.1" 200 244 "-" "Mozilla/5.0 (compatible; YandexBot/3.0; +http://yandex.com/bots)"
141.8.189.109 - - [15/Aug/2014:16:40:10 +0200] "GET /frameset/bottom.htm HTTP/1.1" 200 244 "-" "Mozilla/5.0 (compatible; YandexBot/3.0; +http://yandex.com/bots)"
141.8.189.109 - - [15/Aug/2014:16:40:12 +0200] "GET /neue_seite_1.htm HTTP/1.1" 200 405 "-" "Mozilla/5.0 (compatible; YandexBot/3.0; +http://yandex.com/bots)"
141.8.189.109 - - [15/Aug/2014:16:40:14 +0200] "GET /frameset/right.htm HTTP/1.1" 200 244 "-" "Mozilla/5.0 (compatible; YandexBot/3.0; +http://yandex.com/bots)"
141.8.189.109 - - [15/Aug/2014:16:40:16 +0200] "GET /frameset/top.htm HTTP/1.1" 200 244 "-" "Mozilla/5.0 (compatible; YandexBot/3.0; +http://yandex.com/bots)"
66.249.69.145 - - [16/Aug/2014:09:08:13 +0200] "GET /robots.txt HTTP/1.1" 404 1256 "-" "Mozilla/5.0 (compatible; Googlebot/2.1; +http://www.google.com/bot.html)"
66.249.69.145 - - [16/Aug/2014:09:08:14 +0200] "GET / HTTP/1.1" 200 876 "-" "Mozilla/5.0 (compatible; Googlebot/2.1; +http://www.google.com/bot.html)"
66.249.69.129 - - [16/Aug/2014:09:16:00 +0200] "GET /frameset/right.htm HTTP/1.1" 200 244 "-" "Mozilla/5.0 (compatible; Googlebot/2.1; +http://www.google.com/bot.html)"
157.55.39.245 - - [16/Aug/2014:11:37:39 +0200] "GET /robots.txt HTTP/1.1" 404 1256 "-" "Mozilla/5.0 (compatible; bingbot/2.0; +http://www.bing.com/bingbot.htm)"
157.55.39.245 - - [16/Aug/2014:11:37:41 +0200] "GET / HTTP/1.1" 200 876 "-" "Mozilla/5.0 (compatible; bingbot/2.0; +http://www.bing.com/bingbot.htm)"
157.55.39.245 - - [16/Aug/2014:11:37:42 +0200] "GET /neue_seite_1.htm HTTP/1.1" 200 405 "-" "Mozilla/5.0 (compatible; bingbot/2.0; +http://www.bing.com/bingbot.htm)"
66.249.79.108 - - [16/Aug/2014:15:10:00 +0200] "GET /robots.txt HTTP/1.1" 404 1256 "-" "Mozilla/5.0 (compatible; Googlebot/2.1; +http://www.google.com/bot.html)"
66.249.79.95 - - [16/Aug/2014:15:10:00 +0200] "GET / HTTP/1.1" 200 876 "-" "Mozilla/5.0 (compatible; Googlebot/2.1; +http://www.google.com/bot.html)"
66.249.79.95 - - [16/Aug/2014:18:50:14 +0200] "GET / HTTP/1.1" 200 876 "-" "Mozilla/5.0 (compatible; Googlebot/2.1; +http://www.google.com/bot.html)"
64.246.165.190 - - [16/Aug/2014:19:20:06 +0200] "GET /robots.txt HTTP/1.0" 404 1256 "-" "Mozilla/5.0 (Windows; U; Windows NT 5.1; en; rv:1.9.0.13) Gecko/2009073022 Firefox/3.5.2 (.NET CLR 3.5.30729) SurveyBot/2.3 (DomainTools)"
64.246.165.190 - - [16/Aug/2014:19:20:07 +0200] "GET / HTTP/1.1" 200 876 "http://whois.domaintools.com/die-sehnsucht.com" "Mozilla/5.0 (Windows; U; Windows NT 5.1; en; rv:1.9.0.13) Gecko/2009073022 Firefox/3.5.2 (.NET CLR 3.5.30729) SurveyBot/2.3 (DomainTools)"
182.118.21.243 - - [17/Aug/2014:05:31:46 +0200] "GET / HTTP/1.1" 200 876 "http://www.die-sehnsucht.com/" "Mozilla/5.0 (compatible; MSIE 9.0; Windows NT 6.1; Trident/5.0); 360Spider"
182.118.55.192 - - [17/Aug/2014:05:31:47 +0200] "GET / HTTP/1.1" 200 876 "-" "Mozilla/4.0 (compatible; MSIE 8.0; Windows NT 6.1; Trident/4.0; SLCC2; .NET CLR 2.0.50727; .NET CLR 3.5.30729; .NET CLR 3.0.30729; Media Center PC 6.0)"
182.118.55.192 - - [17/Aug/2014:05:31:48 +0200] "GET /frameset/left.htm HTTP/1.1" 200 244 "http://www.die-sehnsucht.com/" "Mozilla/4.0 (compatible; MSIE 8.0; Windows NT 6.1; Trident/4.0; SLCC2; .NET CLR 2.0.50727; .NET CLR 3.5.30729; .NET CLR 3.0.30729; Media Center PC 6.0)"
182.118.55.192 - - [17/Aug/2014:05:31:48 +0200] "GET /frameset/top.htm HTTP/1.1" 200 244 "http://www.die-sehnsucht.com/" "Mozilla/4.0 (compatible; MSIE 8.0; Windows NT 6.1; Trident/4.0; SLCC2; .NET CLR 2.0.50727; .NET CLR 3.5.30729; .NET CLR 3.0.30729; Media Center PC 6.0)"
182.118.55.192 - - [17/Aug/2014:05:31:48 +0200] "GET /frameset/bottom.htm HTTP/1.1" 200 244 "http://www.die-sehnsucht.com/" "Mozilla/4.0 (compatible; MSIE 8.0; Windows NT 6.1; Trident/4.0; SLCC2; .NET CLR 2.0.50727; .NET CLR 3.5.30729; .NET CLR 3.0.30729; Media Center PC 6.0)"
182.118.55.192 - - [17/Aug/2014:05:31:48 +0200] "GET /frameset/right.htm HTTP/1.1" 200 244 "http://www.die-sehnsucht.com/" "Mozilla/4.0 (compatible; MSIE 8.0; Windows NT 6.1; Trident/4.0; SLCC2; .NET CLR 2.0.50727; .NET CLR 3.5.30729; .NET CLR 3.0.30729; Media Center PC 6.0)"
182.118.55.192 - - [17/Aug/2014:05:31:50 +0200] "GET /neue_seite_1.htm HTTP/1.1" 200 405 "http://www.die-sehnsucht.com/" "Mozilla/4.0 (compatible; MSIE 8.0; Windows NT 6.1; Trident/4.0; SLCC2; .NET CLR 2.0.50727; .NET CLR 3.5.30729; .NET CLR 3.0.30729; Media Center PC 6.0)"
66.249.79.108 - - [17/Aug/2014:08:54:41 +0200] "GET /robots.txt HTTP/1.1" 404 1256 "-" "Mozilla/5.0 (compatible; Googlebot/2.1; +http://www.google.com/bot.html)"
66.249.79.121 - - [17/Aug/2014:08:54:42 +0200] "GET / HTTP/1.1" 304 - "-" "Mozilla/5.0 (compatible; Googlebot/2.1; +http://www.google.com/bot.html)"
5.10.107.132 - - [17/Aug/2014:09:40:46 +0200] "GET /robots.txt HTTP/1.1" 404 1256 "-" "Mozilla/5.0 (compatible; SiteExplorer/1.0b; +http://siteexplorer.info/)"
5.10.107.132 - - [17/Aug/2014:09:40:50 +0200] "GET / HTTP/1.1" 200 876 "-" "Mozilla/5.0 (compatible; SiteExplorer/1.0b; +http://siteexplorer.info/)"
66.249.79.95 - - [17/Aug/2014:11:33:17 +0200] "GET /frameset/right.htm HTTP/1.1" 200 244 "-" "Mozilla/5.0 (compatible; Googlebot/2.1; +http://www.google.com/bot.html)"
66.249.78.147 - - [17/Aug/2014:14:32:28 +0200] "GET /robots.txt HTTP/1.1" 404 1256 "-" "Mozilla/5.0 (compatible; Googlebot/2.1; +http://www.google.com/bot.html)"
66.249.78.140 - - [17/Aug/2014:14:32:28 +0200] "GET / HTTP/1.1" 304 - "-" "Mozilla/5.0 (compatible; Googlebot/2.1; +http://www.google.com/bot.html)"
66.249.78.140 - - [17/Aug/2014:20:23:57 +0200] "GET / HTTP/1.1" 304 - "-" "Mozilla/5.0 (compatible; Googlebot/2.1; +http://www.google.com/bot.html)"
182.118.20.224 - - [17/Aug/2014:21:39:43 +0200] "GET /robots.txt HTTP/1.1" 404 1256 "http://www.die-sehnsucht.com/robots.txt" "Mozilla/5.0 (compatible; MSIE 9.0; Windows NT 6.1; Trident/5.0); 360Spider"
182.118.20.163 - - [18/Aug/2014:09:52:15 +0200] "GET /robots.txt HTTP/1.1" 404 1256 "http://www.die-sehnsucht.com/robots.txt" "Mozilla/5.0 (compatible; MSIE 9.0; Windows NT 6.1; Trident/5.0); 360Spider"
66.249.78.147 - - [18/Aug/2014:13:55:23 +0200] "GET /robots.txt HTTP/1.1" 404 1256 "-" "Mozilla/5.0 (compatible; Googlebot/2.1; +http://www.google.com/bot.html)"
66.249.78.147 - - [18/Aug/2014:13:55:23 +0200] "GET / HTTP/1.1" 304 - "-" "Mozilla/5.0 (compatible; Googlebot/2.1; +http://www.google.com/bot.html)"
144.76.163.48 - - [18/Aug/2014:14:01:45 +0200] "GET /images/sehnsucht%2520start-mit%2520schrift.gif HTTP/1.1" 404 1256 "-" "Mozilla/5.0 (Windows NT 6.2; Win64; x64;) Gecko/20100101 Firefox/20.0"
144.76.163.48 - - [18/Aug/2014:14:01:45 +0200] "GET / HTTP/1.1" 200 876 "-" "Mozilla/5.0 (compatible; Windows; U; Windows NT 6.2; WOW64; en-US; rv:12.0) Gecko/20120403211507 Firefox/12.0"
66.249.78.133 - - [18/Aug/2014:20:52:01 +0200] "GET / HTTP/1.1" 304 - "-" "Mozilla/5.0 (compatible; Googlebot/2.1; +http://www.google.com/bot.html)"
66.249.78.140 - - [19/Aug/2014:01:50:22 +0200] "GET / HTTP/1.1" 304 - "-" "Mozilla/5.0 (compatible; Googlebot/2.1; +http://www.google.com/bot.html)"
157.55.39.245 - - [19/Aug/2014:06:03:39 +0200] "GET /robots.txt HTTP/1.1" 404 1256 "-" "Mozilla/5.0 (compatible; bingbot/2.0; +http://www.bing.com/bingbot.htm)"
157.55.39.245 - - [19/Aug/2014:06:04:14 +0200] "GET / HTTP/1.1" 200 876 "-" "Mozilla/5.0 (compatible; bingbot/2.0; +http://www.bing.com/bingbot.htm)"
157.55.39.245 - - [19/Aug/2014:06:04:14 +0200] "GET /neue_seite_1.htm HTTP/1.1" 200 405 "-" "Mozilla/5.0 (compatible; bingbot/2.0; +http://www.bing.com/bingbot.htm)"
88.198.56.239 - - [19/Aug/2014:06:35:35 +0200] "GET / HTTP/1.1" 200 876 "-" "Mozilla/5.0 (Windows NT 6.1; rv:21.0) Gecko/20130328 Firefox/21.0"
144.76.155.8 - - [19/Aug/2014:06:35:59 +0200] "GET / HTTP/1.1" 200 876 "-" "Mozilla/5.0 (Windows NT 6.1; WOW64) AppleWebKit/537.36 (KHTML, like Gecko) Chrome/27.0.1453.93 Safari/537.36"
182.68.207.104 - - [19/Aug/2014:09:49:45 +0200] "GET / HTTP/1.1" 200 876 "-" "-"
62.210.122.123 - - [19/Aug/2014:17:58:44 +0200] "GET / HTTP/1.1" 200 876 "-" "Mozilla/5.0 (Windows NT 6.1; rv:30.0) Gecko/20100101 Firefox/30.0"
54.190.28.73 - - [19/Aug/2014:22:35:31 +0200] "GET / HTTP/1.1" 200 876 "http://www.hugedomains.com/domain_profile.cfm?d=denveritcompany&e=com" "Mozilla/5.0 (X11; Ubuntu; Linux x86_64; rv:20.0) Gecko/20100101 Firefox/20.0"
37.112.168.48 - - [20/Aug/2014:08:30:09 +0200] "GET /frameset/left.htm HTTP/1.1" 200 244 "http://yandex.ru/yandsearch?text=www.die-sehnsucht.com&lr=213" "Mozilla/5.0 (Windows NT 5.1) AppleWebKit/537.36 (KHTML, like Gecko) Chrome/27.0.1453.93 Safari/537.36 Nichrome/self/27"
37.58.100.151 - - [20/Aug/2014:09:00:46 +0200] "GET /robots.txt HTTP/1.1" 404 1256 "-" "Mozilla/5.0 (compatible; AhrefsBot/5.0; +http://ahrefs.com/robot/)"
54.185.156.66 - - [20/Aug/2014:10:58:38 +0200] "GET / HTTP/1.1" 200 876 "http://www.EATSFORBABIES.COM" "Mozilla/5.0 (X11; Ubuntu; Linux x86_64; rv:20.0) Gecko/20100101 Firefox/20.0"
54.185.156.66 - - [20/Aug/2014:10:58:38 +0200] "GET /frameset/left.htm HTTP/1.1" 200 244 "http://www.DIE-SEHNSUCHT.COM" "Mozilla/5.0 (X11; Ubuntu; Linux x86_64; rv:20.0) Gecko/20100101 Firefox/20.0"
54.185.156.66 - - [20/Aug/2014:10:58:39 +0200] "GET /frameset/bottom.htm HTTP/1.1" 200 244 "http://www.DIE-SEHNSUCHT.COM/frameset/left.htm" "Mozilla/5.0 (X11; Ubuntu; Linux x86_64; rv:20.0) Gecko/20100101 Firefox/20.0"
54.185.156.66 - - [20/Aug/2014:10:58:39 +0200] "GET /frameset/top.htm HTTP/1.1" 200 244 "http://www.DIE-SEHNSUCHT.COM/frameset/bottom.htm" "Mozilla/5.0 (X11; Ubuntu; Linux x86_64; rv:20.0) Gecko/20100101 Firefox/20.0"
54.185.156.66 - - [20/Aug/2014:10:58:40 +0200] "GET /neue_seite_1.htm HTTP/1.1" 200 405 "http://www.DIE-SEHNSUCHT.COM/frameset/top.htm" "Mozilla/5.0 (X11; Ubuntu; Linux x86_64; rv:20.0) Gecko/20100101 Firefox/20.0"
54.185.156.66 - - [20/Aug/2014:10:58:40 +0200] "GET /frameset/right.htm HTTP/1.1" 200 244 "http://www.DIE-SEHNSUCHT.COM/neue_seite_1.htm" "Mozilla/5.0 (X11; Ubuntu; Linux x86_64; rv:20.0) Gecko/20100101 Firefox/20.0"
54.185.155.239 - - [20/Aug/2014:11:04:25 +0200] "GET / HTTP/1.1" 200 876 "http://www.DRROSSGREENE.COM" "Mozilla/5.0 (X11; Ubuntu; Linux x86_64; rv:20.0) Gecko/20100101 Firefox/20.0"
54.185.155.239 - - [20/Aug/2014:11:04:25 +0200] "GET /neue_seite_1.htm HTTP/1.1" 200 405 "http://www.DIE-SEHNSUCHT.COM" "Mozilla/5.0 (X11; Ubuntu; Linux x86_64; rv:20.0) Gecko/20100101 Firefox/20.0"
54.185.155.239 - - [20/Aug/2014:11:04:25 +0200] "GET /frameset/bottom.htm HTTP/1.1" 200 244 "http://www.DIE-SEHNSUCHT.COM/neue_seite_1.htm" "Mozilla/5.0 (X11; Ubuntu; Linux x86_64; rv:20.0) Gecko/20100101 Firefox/20.0"
54.185.155.239 - - [20/Aug/2014:11:04:26 +0200] "GET /frameset/left.htm HTTP/1.1" 200 244 "http://www.DIE-SEHNSUCHT.COM/frameset/bottom.htm" "Mozilla/5.0 (X11; Ubuntu; Linux x86_64; rv:20.0) Gecko/20100101 Firefox/20.0"
54.185.155.239 - - [20/Aug/2014:11:04:26 +0200] "GET /frameset/top.htm HTTP/1.1" 200 244 "http://www.DIE-SEHNSUCHT.COM/frameset/left.htm" "Mozilla/5.0 (X11; Ubuntu; Linux x86_64; rv:20.0) Gecko/20100101 Firefox/20.0"
54.185.155.239 - - [20/Aug/2014:11:04:26 +0200] "GET /frameset/right.htm HTTP/1.1" 200 244 "http://www.DIE-SEHNSUCHT.COM/frameset/top.htm" "Mozilla/5.0 (X11; Ubuntu; Linux x86_64; rv:20.0) Gecko/20100101 Firefox/20.0"
66.249.78.140 - - [20/Aug/2014:16:03:38 +0200] "GET /robots.txt HTTP/1.1" 404 1256 "-" "Mozilla/5.0 (compatible; Googlebot/2.1; +http://www.google.com/bot.html)"
66.249.70.77 - - [20/Aug/2014:16:03:38 +0200] "GET / HTTP/1.1" 200 876 "-" "DoCoMo/2.0 N905i(c100;TB;W24H16) (compatible; Googlebot-Mobile/2.1; +http://www.google.com/bot.html)"
216.107.155.114 - - [20/Aug/2014:21:51:38 +0200] "GET /robots.txt HTTP/1.0" 404 1256 "-" "Mozilla/5.0 (compatible; MJ12bot/v1.4.5; http://www.majestic12.co.uk/bot.php?+)"
216.107.155.114 - - [20/Aug/2014:21:51:39 +0200] "GET / HTTP/1.0" 200 876 "-" "Mozilla/5.0 (compatible; MJ12bot/v1.4.5; http://www.majestic12.co.uk/bot.php?+)"
38.100.21.66 - - [21/Aug/2014:16:41:37 +0200] "GET / HTTP/1.1" 200 876 "-" "Mozilla/4.0 (compatible; MSIE 7.0; Windows NT 5.2)"
38.100.21.66 - - [21/Aug/2014:16:41:38 +0200] "GET /frameset/top.htm HTTP/1.1" 200 244 "-" "Mozilla/4.0 (compatible; MSIE 7.0; Windows NT 5.2)"
38.100.21.66 - - [21/Aug/2014:16:41:38 +0200] "GET /frameset/bottom.htm HTTP/1.1" 200 244 "-" "Mozilla/4.0 (compatible; MSIE 7.0; Windows NT 5.2)"
38.100.21.66 - - [21/Aug/2014:16:41:38 +0200] "GET /frameset/left.htm HTTP/1.1" 200 244 "-" "Mozilla/4.0 (compatible; MSIE 7.0; Windows NT 5.2)"
38.100.21.66 - - [21/Aug/2014:16:41:38 +0200] "GET /frameset/right.htm HTTP/1.1" 200 244 "-" "Mozilla/4.0 (compatible; MSIE 7.0; Windows NT 5.2)"
38.100.21.66 - - [21/Aug/2014:16:41:39 +0200] "GET /neue_seite_1.htm HTTP/1.1" 200 405 "-" "Mozilla/4.0 (compatible; MSIE 7.0; Windows NT 5.2)"
74.52.245.146 - - [22/Aug/2014:17:09:37 +0200] "GET / HTTP/1.0" 200 876 "-" "Mozilla/5.0 (X11; U; Linux i686; en-US; rv:1.7.5) Gecko/20041107 Firefox/1.0"
74.52.245.146 - - [22/Aug/2014:17:09:38 +0200] "GET /frameset/left.htm HTTP/1.0" 200 244 "-" "Mozilla/5.0 (X11; U; Linux i686; en-US; rv:1.7.5) Gecko/20041107 Firefox/1.0"
74.52.245.146 - - [22/Aug/2014:17:09:38 +0200] "GET /frameset/top.htm HTTP/1.0" 200 244 "-" "Mozilla/5.0 (X11; U; Linux i686; en-US; rv:1.7.5) Gecko/20041107 Firefox/1.0"
74.52.245.146 - - [22/Aug/2014:17:09:38 +0200] "GET /neue_seite_1.htm HTTP/1.0" 200 405 "-" "Mozilla/5.0 (X11; U; Linux i686; en-US; rv:1.7.5) Gecko/20041107 Firefox/1.0"
74.52.245.146 - - [22/Aug/2014:17:09:38 +0200] "GET /frameset/bottom.htm HTTP/1.0" 200 244 "-" "Mozilla/5.0 (X11; U; Linux i686; en-US; rv:1.7.5) Gecko/20041107 Firefox/1.0"
74.52.245.146 - - [22/Aug/2014:17:09:39 +0200] "GET /frameset/right.htm HTTP/1.0" 200 244 "-" "Mozilla/5.0 (X11; U; Linux i686; en-US; rv:1.7.5) Gecko/20041107 Firefox/1.0"
37.58.100.81 - - [22/Aug/2014:23:23:11 +0200] "GET /robots.txt HTTP/1.1" 404 1256 "-" "Mozilla/5.0 (compatible; AhrefsBot/5.0; +http://ahrefs.com/robot/)"
101.226.167.252 - - [24/Aug/2014:10:35:50 +0200] "GET /robots.txt HTTP/1.1" 404 1256 "http://www.die-sehnsucht.com/robots.txt" "Mozilla/5.0 (Windows NT 6.1) AppleWebKit/537.1 (KHTML, like Gecko) Chrome/21.0.1180.89 Safari/537.1; 360Spider"
157.55.39.245 - - [24/Aug/2014:20:24:46 +0200] "GET /robots.txt HTTP/1.1" 404 1256 "-" "Mozilla/5.0 (compatible; bingbot/2.0; +http://www.bing.com/bingbot.htm)"
157.55.39.245 - - [24/Aug/2014:20:24:51 +0200] "GET / HTTP/1.1" 200 876 "-" "Mozilla/5.0 (compatible; bingbot/2.0; +http://www.bing.com/bingbot.htm)"
157.55.39.245 - - [24/Aug/2014:20:24:52 +0200] "GET /neue_seite_1.htm HTTP/1.1" 200 405 "-" "Mozilla/5.0 (compatible; bingbot/2.0; +http://www.bing.com/bingbot.htm)"
185.2.154.88 - - [24/Aug/2014:22:56:04 +0200] "GET / HTTP/1.0" 200 876 "-" "Mozilla/5.0 (Windows NT 6.1; WOW64; rv:18.0) Gecko/20100101 Firefox/18.0"
23.95.27.119 - - [25/Aug/2014:19:39:18 +0200] "GET / HTTP/1.1" 200 876 "-" "Mozilla/5.0 (X11; Linux x86_64) AppleWebKit/537.36 (KHTML, like Gecko) Chrome/31.0.1650.63 Safari/537.36"
23.95.27.119 - - [25/Aug/2014:19:39:18 +0200] "GET /frameset/left.htm HTTP/1.1" 200 244 "http://www.die-sehnsucht.com/" "Mozilla/5.0 (X11; Linux x86_64) AppleWebKit/537.36 (KHTML, like Gecko) Chrome/31.0.1650.63 Safari/537.36"
23.95.27.119 - - [25/Aug/2014:19:39:18 +0200] "GET /frameset/right.htm HTTP/1.1" 200 244 "http://www.die-sehnsucht.com/" "Mozilla/5.0 (X11; Linux x86_64) AppleWebKit/537.36 (KHTML, like Gecko) Chrome/31.0.1650.63 Safari/537.36"
23.95.27.119 - - [25/Aug/2014:19:39:18 +0200] "GET /neue_seite_1.htm HTTP/1.1" 200 405 "http://www.die-sehnsucht.com/" "Mozilla/5.0 (X11; Linux x86_64) AppleWebKit/537.36 (KHTML, like Gecko) Chrome/31.0.1650.63 Safari/537.36"
23.95.27.119 - - [25/Aug/2014:19:39:18 +0200] "GET /frameset/top.htm HTTP/1.1" 200 244 "http://www.die-sehnsucht.com/" "Mozilla/5.0 (X11; Linux x86_64) AppleWebKit/537.36 (KHTML, like Gecko) Chrome/31.0.1650.63 Safari/537.36"
23.95.27.119 - - [25/Aug/2014:19:39:18 +0200] "GET /frameset/bottom.htm HTTP/1.1" 200 244 "http://www.die-sehnsucht.com/" "Mozilla/5.0 (X11; Linux x86_64) AppleWebKit/537.36 (KHTML, like Gecko) Chrome/31.0.1650.63 Safari/537.36"
54.166.9.7 - - [26/Aug/2014:02:59:36 +0200] "GET / HTTP/1.1" 200 876 "-" "HTTPClient/1.0 (2.4.0, ruby 1.9.3 (2013-06-27))"
144.76.155.8 - - [26/Aug/2014:14:34:29 +0200] "GET / HTTP/1.1" 200 876 "-" "Mozilla/5.0 (X11; Ubuntu; Linux x86_64; rv:21.0) Gecko/20130331 Firefox/21.0"
144.76.155.8 - - [26/Aug/2014:14:34:29 +0200] "GET /images/sehnsucht%252520start-mit%252520schrift.gif HTTP/1.1" 404 1256 "-" "Mozilla/5.0 (X11; Ubuntu; Linux x86_64; rv:21.0) Gecko/20130331 Firefox/21.0"
46.165.231.151 - - [26/Aug/2014:14:53:30 +0200] "GET / HTTP/1.1" 200 876 "http://www.die-schreinerwerkstatt.com/" "Mozilla/5.0 (Windows NT 6.1; WOW64; rv:30.0) Gecko/20100101 Firefox/30.0"
148.251.69.136 - - [26/Aug/2014:15:03:00 +0200] "GET / HTTP/1.1" 200 876 "-" "Mozilla/5.0 (Windows NT 6.0; WOW64) AppleWebKit/534.24 (KHTML, like Gecko) Chrome/11.0.696.34 Safari/534.24"
199.192.207.146 - - [26/Aug/2014:16:12:51 +0200] "GET /robots.txt HTTP/1.0" 404 1256 "-" "Mozilla/5.0 (compatible; MJ12bot/v1.4.5; http://www.majestic12.co.uk/bot.php?+)"
199.192.207.146 - - [26/Aug/2014:16:12:53 +0200] "GET / HTTP/1.0" 200 876 "-" "Mozilla/5.0 (compatible; MJ12bot/v1.4.5; http://www.majestic12.co.uk/bot.php?+)"
157.55.39.137 - - [27/Aug/2014:17:19:43 +0200] "GET /robots.txt HTTP/1.1" 404 1256 "-" "Mozilla/5.0 (compatible; bingbot/2.0; +http://www.bing.com/bingbot.htm)"
157.55.39.137 - - [27/Aug/2014:17:19:47 +0200] "GET /frameset/bottom.htm HTTP/1.1" 304 - "-" "Mozilla/5.0 (compatible; bingbot/2.0; +http://www.bing.com/bingbot.htm)"
5.9.127.154 - - [28/Aug/2014:07:12:55 +0200] "GET /robots.txt HTTP/1.1" 404 1256 "-" "Mozilla/5.0 (compatible; SISTRIX Crawler; http://crawler.sistrix.net/)"
5.9.127.154 - - [28/Aug/2014:07:12:57 +0200] "GET / HTTP/1.1" 206 876 "-" "Mozilla/5.0 (compatible; SISTRIX Crawler; http://crawler.sistrix.net/)"
66.249.80.4 - - [28/Aug/2014:14:09:32 +0200] "GET / HTTP/1.1" 200 876 "http://www.google.com/search" "Mozilla/5.0 (X11; Linux x86_64) AppleWebKit/537.36 (KHTML, like Gecko; Google Web Preview) Chrome/27.0.1453 Safari/537.36"
66.249.80.4 - - [28/Aug/2014:14:09:32 +0200] "GET /frameset/left.htm HTTP/1.1" 200 244 "http://www.die-sehnsucht.com/" "Mozilla/5.0 (X11; Linux x86_64) AppleWebKit/537.36 (KHTML, like Gecko; Google Web Preview) Chrome/27.0.1453 Safari/537.36"
66.249.80.4 - - [28/Aug/2014:14:09:32 +0200] "GET /frameset/right.htm HTTP/1.1" 200 244 "http://www.die-sehnsucht.com/" "Mozilla/5.0 (X11; Linux x86_64) AppleWebKit/537.36 (KHTML, like Gecko; Google Web Preview) Chrome/27.0.1453 Safari/537.36"
66.249.80.4 - - [28/Aug/2014:14:09:32 +0200] "GET /neue_seite_1.htm HTTP/1.1" 200 405 "http://www.die-sehnsucht.com/" "Mozilla/5.0 (X11; Linux x86_64) AppleWebKit/537.36 (KHTML, like Gecko; Google Web Preview) Chrome/27.0.1453 Safari/537.36"
66.249.80.4 - - [28/Aug/2014:14:09:32 +0200] "GET /frameset/bottom.htm HTTP/1.1" 200 244 "http://www.die-sehnsucht.com/" "Mozilla/5.0 (X11; Linux x86_64) AppleWebKit/537.36 (KHTML, like Gecko; Google Web Preview) Chrome/27.0.1453 Safari/537.36"
66.249.80.4 - - [28/Aug/2014:14:09:33 +0200] "GET /frameset/top.htm HTTP/1.1" 200 244 "http://www.die-sehnsucht.com/" "Mozilla/5.0 (X11; Linux x86_64) AppleWebKit/537.36 (KHTML, like Gecko; Google Web Preview) Chrome/27.0.1453 Safari/537.36"
110.146.137.67 - - [28/Aug/2014:14:09:30 +0200] "GET /images/sehnsucht%20start-mit%20schrift.gif HTTP/1.1" 200 167462 "-" "Mozilla/5.0 (iPad; CPU OS 7_1_2 like Mac OS X) AppleWebKit/537.51.1 (KHTML, like Gecko) GSA/4.1.0.31802 Mobile/11D257 Safari/9537.53"
66.249.80.4 - - [28/Aug/2014:14:09:33 +0200] "GET /images/sehnsucht%20start-mit%20schrift.gif HTTP/1.1" 200 167462 "http://www.die-sehnsucht.com/neue_seite_1.htm" "Mozilla/5.0 (X11; Linux x86_64) AppleWebKit/537.36 (KHTML, like Gecko; Google Web Preview) Chrome/27.0.1453 Safari/537.36"
64.246.187.42 - - [28/Aug/2014:19:46:50 +0200] "GET /robots.txt HTTP/1.0" 404 1256 "-" "Mozilla/5.0 (Windows; U; Windows NT 5.1; en; rv:1.9.0.13) Gecko/2009073022 Firefox/3.5.2 (.NET CLR 3.5.30729) SurveyBot/2.3 (DomainTools)"
64.246.187.42 - - [28/Aug/2014:19:46:50 +0200] "GET / HTTP/1.1" 200 876 "http://whois.domaintools.com/die-sehnsucht.com" "Mozilla/5.0 (Windows; U; Windows NT 5.1; en; rv:1.9.0.13) Gecko/2009073022 Firefox/3.5.2 (.NET CLR 3.5.30729) SurveyBot/2.3 (DomainTools)"
66.249.79.108 - - [29/Aug/2014:18:36:04 +0200] "GET /robots.txt HTTP/1.1" 404 1256 "-" "Mozilla/5.0 (compatible; Googlebot/2.1; +http://www.google.com/bot.html)"
66.249.79.121 - - [29/Aug/2014:18:36:04 +0200] "GET / HTTP/1.1" 200 876 "-" "Mozilla/5.0 (compatible; Googlebot/2.1; +http://www.google.com/bot.html)"
66.249.79.108 - - [29/Aug/2014:23:26:13 +0200] "GET / HTTP/1.1" 200 876 "-" "Mozilla/5.0 (compatible; Googlebot/2.1; +http://www.google.com/bot.html)"
66.249.79.121 - - [30/Aug/2014:04:29:14 +0200] "GET /frameset/right.htm HTTP/1.1" 200 244 "-" "Mozilla/5.0 (compatible; Googlebot/2.1; +http://www.google.com/bot.html)"
