78.46.105.91 - - [15/Mar/2015:07:46:51 +0100] "GET /impressum/impressum.html HTTP/1.1" 200 7872 "-" "Mozilla/5.0 (compatible; 007ac9 Crawler; http://crawler.007ac9.net/)"
78.46.105.91 - - [15/Mar/2015:07:46:52 +0100] "GET /env/jomox/jomox.html HTTP/1.1" 200 14935 "-" "Mozilla/5.0 (compatible; 007ac9 Crawler; http://crawler.007ac9.net/)"
78.46.105.91 - - [15/Mar/2015:07:46:52 +0100] "GET /env/roland/sc880.html HTTP/1.1" 200 17092 "-" "Mozilla/5.0 (compatible; 007ac9 Crawler; http://crawler.007ac9.net/)"
78.46.105.91 - - [15/Mar/2015:07:46:52 +0100] "GET /links/links.html HTTP/1.1" 200 278 "-" "Mozilla/5.0 (compatible; 007ac9 Crawler; http://crawler.007ac9.net/)"
78.46.105.91 - - [15/Mar/2015:07:46:52 +0100] "GET /env/jomox/download/airbase99.LSO HTTP/1.1" 200 387896 "-" "Mozilla/5.0 (compatible; 007ac9 Crawler; http://crawler.007ac9.net/)"
78.46.105.91 - - [15/Mar/2015:07:46:53 +0100] "GET /env/jomox/pics/pic_airbase99.html HTTP/1.1" 200 759 "-" "Mozilla/5.0 (compatible; 007ac9 Crawler; http://crawler.007ac9.net/)"
78.46.105.91 - - [15/Mar/2015:07:46:53 +0100] "GET /env/roland/pics/pic_sc880.html HTTP/1.1" 200 755 "-" "Mozilla/5.0 (compatible; 007ac9 Crawler; http://crawler.007ac9.net/)"
217.69.133.222 - - [15/Mar/2015:08:30:28 +0100] "GET /robots.txt HTTP/1.1" 200 298 "-" "Mozilla/5.0 (compatible; Linux x86_64; Mail.RU_Bot/2.0; +http://go.mail.ru/help/robots)"
217.69.133.225 - - [15/Mar/2015:08:30:29 +0100] "GET /images/span.jpg HTTP/1.1" 200 811 "-" "Mozilla/5.0 (compatible; Linux x86_64; Mail.RU_Bot/2.0; +http://go.mail.ru/help/robots)"
188.165.15.110 - - [15/Mar/2015:09:22:11 +0100] "GET /env/roland/sc880.html HTTP/1.1" 200 17092 "-" "Mozilla/5.0 (compatible; AhrefsBot/5.0; +http://ahrefs.com/robot/)"
66.249.67.95 - - [15/Mar/2015:19:53:27 +0100] "GET /robots.txt HTTP/1.1" 200 298 "-" "Mozilla/5.0 (compatible; Googlebot/2.1; +http://www.google.com/bot.html)"
66.249.67.95 - - [15/Mar/2015:19:53:28 +0100] "GET / HTTP/1.1" 200 15853 "-" "Mozilla/5.0 (iPhone; CPU iPhone OS 6_0 like Mac OS X) AppleWebKit/536.26 (KHTML, like Gecko) Version/6.0 Mobile/10A5376e Safari/8536.25 (compatible; Googlebot/2.1; +http://www.google.com/bot.html)"
94.23.40.23 - - [16/Mar/2015:01:21:24 +0100] "GET /robots.txt HTTP/1.0" 200 298 "-" ""
94.23.40.23 - - [16/Mar/2015:01:21:24 +0100] "GET / HTTP/1.1" 206 15853 "-" "Mozilla/5.0 (X11; Linux i686) AppleWebKit/534.30 (KHTML, like Gecko) Ubuntu/10.04 Chromium/12.0.742.112 Chrome/12.0.742.112 Safari/534.30"
94.23.40.23 - - [16/Mar/2015:01:21:26 +0100] "GET /index.html HTTP/1.1" 206 15853 "-" "Mozilla/5.0 (X11; Linux i686) AppleWebKit/534.30 (KHTML, like Gecko) Ubuntu/10.04 Chromium/12.0.742.112 Chrome/12.0.742.112 Safari/534.30"
94.23.40.23 - - [16/Mar/2015:01:21:28 +0100] "GET /env/env.html HTTP/1.1" 206 12438 "-" "Mozilla/5.0 (X11; Linux i686) AppleWebKit/534.30 (KHTML, like Gecko) Ubuntu/10.04 Chromium/12.0.742.112 Chrome/12.0.742.112 Safari/534.30"
94.23.40.23 - - [16/Mar/2015:01:21:30 +0100] "GET /friends/friends.html HTTP/1.1" 401 1226 "-" "Mozilla/5.0 (X11; Linux i686) AppleWebKit/534.30 (KHTML, like Gecko) Ubuntu/10.04 Chromium/12.0.742.112 Chrome/12.0.742.112 Safari/534.30"
94.23.40.23 - - [16/Mar/2015:01:21:30 +0100] "GET /phpBB2/index.php HTTP/1.1" 401 1226 "-" "Mozilla/5.0 (X11; Linux i686) AppleWebKit/534.30 (KHTML, like Gecko) Ubuntu/10.04 Chromium/12.0.742.112 Chrome/12.0.742.112 Safari/534.30"
94.23.40.23 - - [16/Mar/2015:01:21:30 +0100] "GET /privat/privat.html HTTP/1.1" 401 1226 "-" "Mozilla/5.0 (X11; Linux i686) AppleWebKit/534.30 (KHTML, like Gecko) Ubuntu/10.04 Chromium/12.0.742.112 Chrome/12.0.742.112 Safari/534.30"
94.23.40.23 - - [16/Mar/2015:01:21:30 +0100] "GET /impressum/impressum.html HTTP/1.1" 206 7872 "-" "Mozilla/5.0 (X11; Linux i686) AppleWebKit/534.30 (KHTML, like Gecko) Ubuntu/10.04 Chromium/12.0.742.112 Chrome/12.0.742.112 Safari/534.30"
94.23.40.23 - - [16/Mar/2015:01:21:32 +0100] "GET /env/jomox/jomox.html HTTP/1.1" 206 14935 "-" "Mozilla/5.0 (X11; Linux i686) AppleWebKit/534.30 (KHTML, like Gecko) Ubuntu/10.04 Chromium/12.0.742.112 Chrome/12.0.742.112 Safari/534.30"
94.23.40.23 - - [16/Mar/2015:01:21:34 +0100] "GET /env/roland/sc880.html HTTP/1.1" 206 17092 "-" "Mozilla/5.0 (X11; Linux i686) AppleWebKit/534.30 (KHTML, like Gecko) Ubuntu/10.04 Chromium/12.0.742.112 Chrome/12.0.742.112 Safari/534.30"
94.23.40.23 - - [16/Mar/2015:01:21:37 +0100] "GET /links/links.html HTTP/1.1" 206 278 "-" "Mozilla/5.0 (X11; Linux i686) AppleWebKit/534.30 (KHTML, like Gecko) Ubuntu/10.04 Chromium/12.0.742.112 Chrome/12.0.742.112 Safari/534.30"
94.23.40.23 - - [16/Mar/2015:01:21:39 +0100] "GET /env/jomox/download/airbase99.LSO HTTP/1.1" 206 262145 "-" "Mozilla/5.0 (X11; Linux i686) AppleWebKit/534.30 (KHTML, like Gecko) Ubuntu/10.04 Chromium/12.0.742.112 Chrome/12.0.742.112 Safari/534.30"
94.23.40.23 - - [16/Mar/2015:01:21:41 +0100] "GET /env/jomox/pics/pic_airbase99.html HTTP/1.1" 206 759 "-" "Mozilla/5.0 (X11; Linux i686) AppleWebKit/534.30 (KHTML, like Gecko) Ubuntu/10.04 Chromium/12.0.742.112 Chrome/12.0.742.112 Safari/534.30"
94.23.40.23 - - [16/Mar/2015:01:21:43 +0100] "GET /env/roland/pics/pic_sc880.html HTTP/1.1" 206 755 "-" "Mozilla/5.0 (X11; Linux i686) AppleWebKit/534.30 (KHTML, like Gecko) Ubuntu/10.04 Chromium/12.0.742.112 Chrome/12.0.742.112 Safari/534.30"
77.40.60.58 - - [16/Mar/2015:06:28:28 +0100] "GET /phpBB2/profile.php HTTP/1.1" 401 1226 "-" "Forum Poster V3"
66.249.67.103 - - [16/Mar/2015:13:04:36 +0100] "GET /ofgoduzqwewc.html HTTP/1.1" 404 1256 "-" "Mozilla/5.0 (compatible; Googlebot/2.1; +http://www.google.com/bot.html)"
157.55.39.207 - - [16/Mar/2015:14:43:15 +0100] "GET /robots.txt HTTP/1.1" 200 298 "-" "Mozilla/5.0 (compatible; bingbot/2.0; +http://www.bing.com/bingbot.htm)"
157.55.39.207 - - [16/Mar/2015:14:43:20 +0100] "GET /env/env.html HTTP/1.1" 304 - "-" "Mozilla/5.0 (compatible; bingbot/2.0; +http://www.bing.com/bingbot.htm)"
66.249.67.103 - - [16/Mar/2015:15:53:37 +0100] "GET / HTTP/1.1" 200 15853 "-" "Mozilla/5.0 (compatible; Googlebot/2.1; +http://www.google.com/bot.html)"
66.249.67.103 - - [16/Mar/2015:20:17:34 +0100] "GET /robots.txt HTTP/1.1" 200 298 "-" "Mozilla/5.0 (compatible; Googlebot/2.1; +http://www.google.com/bot.html)"
66.249.67.103 - - [16/Mar/2015:20:17:34 +0100] "GET / HTTP/1.1" 200 15853 "-" "Mozilla/5.0 (iPhone; CPU iPhone OS 6_0 like Mac OS X) AppleWebKit/536.26 (KHTML, like Gecko) Version/6.0 Mobile/10A5376e Safari/8536.25 (compatible; Googlebot/2.1; +http://www.google.com/bot.html)"
66.249.67.95 - - [17/Mar/2015:10:16:58 +0100] "GET /links/links.html HTTP/1.1" 200 278 "-" "Mozilla/5.0 (compatible; Googlebot/2.1; +http://www.google.com/bot.html)"
81.144.138.34 - - [17/Mar/2015:14:21:38 +0100] "GET /robots.txt HTTP/1.1" 200 298 "-" "Wotbox/2.01 (+http://www.wotbox.com/bot/)"
81.144.138.34 - - [17/Mar/2015:14:21:50 +0100] "GET / HTTP/1.1" 200 15853 "-" "Wotbox/2.01 (+http://www.wotbox.com/bot/)"
81.144.138.34 - - [17/Mar/2015:14:21:56 +0100] "GET /index.html HTTP/1.1" 200 15853 "-" "Wotbox/2.01 (+http://www.wotbox.com/bot/)"
81.144.138.34 - - [17/Mar/2015:14:22:02 +0100] "GET /env/env.html HTTP/1.1" 200 12438 "-" "Wotbox/2.01 (+http://www.wotbox.com/bot/)"
81.144.138.34 - - [17/Mar/2015:14:22:08 +0100] "GET /friends/friends.html HTTP/1.1" 401 1226 "-" "Wotbox/2.01 (+http://www.wotbox.com/bot/)"
81.144.138.34 - - [17/Mar/2015:14:22:14 +0100] "GET /phpBB2/index.php HTTP/1.1" 401 1226 "-" "Wotbox/2.01 (+http://www.wotbox.com/bot/)"
81.144.138.34 - - [17/Mar/2015:14:22:20 +0100] "GET /privat/privat.html HTTP/1.1" 401 1226 "-" "Wotbox/2.01 (+http://www.wotbox.com/bot/)"
81.144.138.34 - - [17/Mar/2015:14:22:27 +0100] "GET /impressum/impressum.html HTTP/1.1" 200 7872 "-" "Wotbox/2.01 (+http://www.wotbox.com/bot/)"
81.144.138.34 - - [17/Mar/2015:14:22:33 +0100] "GET /env/jomox/jomox.html HTTP/1.1" 200 14935 "-" "Wotbox/2.01 (+http://www.wotbox.com/bot/)"
81.144.138.34 - - [17/Mar/2015:14:22:39 +0100] "GET /env/roland/sc880.html HTTP/1.1" 200 17092 "-" "Wotbox/2.01 (+http://www.wotbox.com/bot/)"
81.144.138.34 - - [17/Mar/2015:14:22:45 +0100] "GET /links/links.html HTTP/1.1" 200 278 "-" "Wotbox/2.01 (+http://www.wotbox.com/bot/)"
81.144.138.34 - - [17/Mar/2015:14:22:51 +0100] "GET /env/jomox/download/airbase99.LSO HTTP/1.1" 200 387896 "-" "Wotbox/2.01 (+http://www.wotbox.com/bot/)"
81.144.138.34 - - [17/Mar/2015:14:22:58 +0100] "GET /env/jomox/pics/pic_airbase99.html HTTP/1.1" 200 759 "-" "Wotbox/2.01 (+http://www.wotbox.com/bot/)"
81.144.138.34 - - [17/Mar/2015:14:23:04 +0100] "GET /env/roland/pics/pic_sc880.html HTTP/1.1" 200 755 "-" "Wotbox/2.01 (+http://www.wotbox.com/bot/)"
192.99.107.76 - - [17/Mar/2015:16:12:41 +0100] "GET /robots.txt HTTP/1.1" 200 298 "-" "Mozilla/5.0 (compatible; meanpathbot/1.0; +http://www.meanpath.com/meanpathbot.html)"
192.99.107.76 - - [17/Mar/2015:16:12:48 +0100] "GET / HTTP/1.1" 200 15853 "-" "Mozilla/5.0 (compatible; meanpathbot/1.0; +http://www.meanpath.com/meanpathbot.html)"
68.180.228.35 - - [17/Mar/2015:17:45:13 +0100] "GET /robots.txt HTTP/1.1" 304 - "-" "Mozilla/5.0 (compatible; Yahoo! Slurp; http://help.yahoo.com/help/us/ysearch/slurp)"
68.180.228.35 - - [17/Mar/2015:17:45:14 +0100] "GET /impressum/impressum.html HTTP/1.1" 200 7872 "-" "Mozilla/5.0 (compatible; Yahoo! Slurp; http://help.yahoo.com/help/us/ysearch/slurp)"
201.21.82.19 - - [17/Mar/2015:18:15:14 +0100] "GET / HTTP/1.1" 200 15853 "-" "Mozilla/5.0 (Windows NT 6.1; WOW64) AppleWebKit/537.36 (KHTML, like Gecko) Chrome/34.0.1847.131 Safari/537.36"
66.249.67.95 - - [17/Mar/2015:19:55:04 +0100] "GET /robots.txt HTTP/1.1" 200 298 "-" "Mozilla/5.0 (compatible; Googlebot/2.1; +http://www.google.com/bot.html)"
66.249.67.95 - - [17/Mar/2015:19:55:04 +0100] "GET / HTTP/1.1" 200 15853 "-" "Mozilla/5.0 (iPhone; CPU iPhone OS 6_0 like Mac OS X) AppleWebKit/536.26 (KHTML, like Gecko) Version/6.0 Mobile/10A5376e Safari/8536.25 (compatible; Googlebot/2.1; +http://www.google.com/bot.html)"
188.165.15.192 - - [18/Mar/2015:02:18:41 +0100] "GET /robots.txt HTTP/1.1" 200 298 "-" "Mozilla/5.0 (compatible; AhrefsBot/5.0; +http://ahrefs.com/robot/)"
188.165.15.110 - - [18/Mar/2015:05:28:48 +0100] "GET /env/roland/pics/pic_sc880.html HTTP/1.1" 200 755 "-" "Mozilla/5.0 (compatible; AhrefsBot/5.0; +http://ahrefs.com/robot/)"
46.4.113.114 - - [18/Mar/2015:09:17:09 +0100] "GET / HTTP/1.1" 200 15853 "http://pizza-tycoon.de/" "Mozilla/5.0 (Windows NT 6.1; WOW64) AppleWebKit/537.36 (KHTML, like Gecko) Chrome/41.0.2272.89 Safari/537.36"
188.165.15.110 - - [18/Mar/2015:11:15:42 +0100] "GET /links/links.html HTTP/1.1" 200 278 "-" "Mozilla/5.0 (compatible; AhrefsBot/5.0; +http://ahrefs.com/robot/)"
208.115.113.91 - - [18/Mar/2015:11:49:56 +0100] "GET /robots.txt HTTP/1.1" 200 298 "-" "Mozilla/5.0 (compatible; DotBot/1.1; http://www.opensiteexplorer.org/dotbot, help@moz.com)"
208.115.113.91 - - [18/Mar/2015:13:00:28 +0100] "GET /env/jomox/jomox.html HTTP/1.1" 200 14935 "-" "Mozilla/5.0 (compatible; DotBot/1.1; http://www.opensiteexplorer.org/dotbot, help@moz.com)"
77.236.192.239 - - [18/Mar/2015:17:18:42 +0100] "HEAD / HTTP/1.1" 200 - "-" "-"
77.236.192.239 - - [18/Mar/2015:17:18:42 +0100] "GET / HTTP/1.1" 200 15853 "-" "Mozilla/5.0 (Windows; U; WinNT4.0; fr-FR; rv:1.7.6) Gecko/20050318 Firefox/1.0.2"
37.187.56.81 - - [18/Mar/2015:18:29:52 +0100] "GET /robots.txt HTTP/1.0" 200 298 "-" ""
37.187.56.81 - - [18/Mar/2015:18:29:52 +0100] "GET / HTTP/1.1" 206 15853 "-" "Mozilla/5.0 (X11; Ubuntu; Linux x86_64; rv:21.0) Gecko/20100101 Firefox/21.0"
37.187.56.81 - - [18/Mar/2015:18:29:55 +0100] "GET /index.html HTTP/1.1" 206 15853 "-" "Mozilla/5.0 (X11; Ubuntu; Linux x86_64; rv:21.0) Gecko/20100101 Firefox/21.0"
37.187.56.81 - - [18/Mar/2015:18:29:57 +0100] "GET /env/env.html HTTP/1.1" 206 12438 "-" "Mozilla/5.0 (X11; Ubuntu; Linux x86_64; rv:21.0) Gecko/20100101 Firefox/21.0"
37.187.56.81 - - [18/Mar/2015:18:29:59 +0100] "GET /friends/friends.html HTTP/1.1" 401 1226 "-" "Mozilla/5.0 (X11; Ubuntu; Linux x86_64; rv:21.0) Gecko/20100101 Firefox/21.0"
37.187.56.81 - - [18/Mar/2015:18:29:59 +0100] "GET /phpBB2/index.php HTTP/1.1" 401 1226 "-" "Mozilla/5.0 (X11; Ubuntu; Linux x86_64; rv:21.0) Gecko/20100101 Firefox/21.0"
37.187.56.81 - - [18/Mar/2015:18:29:59 +0100] "GET /privat/privat.html HTTP/1.1" 401 1226 "-" "Mozilla/5.0 (X11; Ubuntu; Linux x86_64; rv:21.0) Gecko/20100101 Firefox/21.0"
37.187.56.81 - - [18/Mar/2015:18:29:59 +0100] "GET /impressum/impressum.html HTTP/1.1" 206 7872 "-" "Mozilla/5.0 (X11; Ubuntu; Linux x86_64; rv:21.0) Gecko/20100101 Firefox/21.0"
37.187.56.81 - - [18/Mar/2015:18:30:01 +0100] "GET /env/jomox/jomox.html HTTP/1.1" 206 14935 "-" "Mozilla/5.0 (X11; Ubuntu; Linux x86_64; rv:21.0) Gecko/20100101 Firefox/21.0"
37.187.56.81 - - [18/Mar/2015:18:30:03 +0100] "GET /env/roland/sc880.html HTTP/1.1" 206 17092 "-" "Mozilla/5.0 (X11; Ubuntu; Linux x86_64; rv:21.0) Gecko/20100101 Firefox/21.0"
37.187.56.81 - - [18/Mar/2015:18:30:05 +0100] "GET /links/links.html HTTP/1.1" 206 278 "-" "Mozilla/5.0 (X11; Ubuntu; Linux x86_64; rv:21.0) Gecko/20100101 Firefox/21.0"
37.187.56.81 - - [18/Mar/2015:18:30:07 +0100] "GET /env/jomox/download/airbase99.LSO HTTP/1.1" 206 262145 "-" "Mozilla/5.0 (X11; Ubuntu; Linux x86_64; rv:21.0) Gecko/20100101 Firefox/21.0"
37.187.56.81 - - [18/Mar/2015:18:30:09 +0100] "GET /env/jomox/pics/pic_airbase99.html HTTP/1.1" 206 759 "-" "Mozilla/5.0 (X11; Ubuntu; Linux x86_64; rv:21.0) Gecko/20100101 Firefox/21.0"
37.187.56.81 - - [18/Mar/2015:18:30:12 +0100] "GET /env/roland/pics/pic_sc880.html HTTP/1.1" 206 755 "-" "Mozilla/5.0 (X11; Ubuntu; Linux x86_64; rv:21.0) Gecko/20100101 Firefox/21.0"
66.249.67.111 - - [18/Mar/2015:20:30:23 +0100] "GET /robots.txt HTTP/1.1" 200 298 "-" "Mozilla/5.0 (compatible; Googlebot/2.1; +http://www.google.com/bot.html)"
66.249.67.95 - - [18/Mar/2015:20:30:24 +0100] "GET / HTTP/1.1" 200 15853 "-" "Mozilla/5.0 (iPhone; CPU iPhone OS 6_0 like Mac OS X) AppleWebKit/536.26 (KHTML, like Gecko) Version/6.0 Mobile/10A5376e Safari/8536.25 (compatible; Googlebot/2.1; +http://www.google.com/bot.html)"
188.165.15.110 - - [18/Mar/2015:20:38:15 +0100] "GET /phpBB2/index.php HTTP/1.1" 401 1226 "-" "Mozilla/5.0 (compatible; AhrefsBot/5.0; +http://ahrefs.com/robot/)"
192.99.107.16 - - [18/Mar/2015:21:44:06 +0100] "GET /robots.txt HTTP/1.1" 200 298 "-" "Mozilla/5.0 (compatible; meanpathbot/1.0; +http://www.meanpath.com/meanpathbot.html)"
192.99.107.16 - - [18/Mar/2015:21:44:06 +0100] "GET / HTTP/1.1" 200 15853 "-" "Mozilla/5.0 (compatible; meanpathbot/1.0; +http://www.meanpath.com/meanpathbot.html)"
148.251.77.34 - - [18/Mar/2015:23:24:27 +0100] "GET / HTTP/1.1" 200 15853 "http://pizza-tycoon.de/" "Mozilla/5.0 (Windows NT 6.1; WOW64) AppleWebKit/537.36 (KHTML, like Gecko) Chrome/41.0.2272.89 Safari/537.36"
162.243.83.240 - - [19/Mar/2015:04:29:50 +0100] "GET /robots.txt HTTP/1.1" 200 298 "-" "Mozilla/5.0 (compatible; spbot/4.4.2; +http://OpenLinkProfiler.org/bot )"
162.243.83.240 - - [19/Mar/2015:04:29:56 +0100] "GET / HTTP/1.1" 200 15853 "-" "Mozilla/5.0 (compatible; spbot/4.4.2; +http://OpenLinkProfiler.org/bot )"
162.243.83.240 - - [19/Mar/2015:04:29:57 +0100] "GET /index.html HTTP/1.1" 200 15853 "http://www.soundpatcher.de/" "Mozilla/5.0 (compatible; spbot/4.4.2; +http://OpenLinkProfiler.org/bot )"
162.243.83.240 - - [19/Mar/2015:04:30:01 +0100] "GET /env/env.html HTTP/1.1" 200 12438 "http://www.soundpatcher.de/" "Mozilla/5.0 (compatible; spbot/4.4.2; +http://OpenLinkProfiler.org/bot )"
162.243.83.240 - - [19/Mar/2015:04:30:05 +0100] "GET /phpBB2/index.php HTTP/1.1" 401 1226 "http://www.soundpatcher.de/" "Mozilla/5.0 (compatible; spbot/4.4.2; +http://OpenLinkProfiler.org/bot )"
162.243.83.240 - - [19/Mar/2015:04:30:11 +0100] "GET /privat/privat.html HTTP/1.1" 401 1226 "http://www.soundpatcher.de/" "Mozilla/5.0 (compatible; spbot/4.4.2; +http://OpenLinkProfiler.org/bot )"
162.243.83.240 - - [19/Mar/2015:04:30:15 +0100] "GET /friends/friends.html HTTP/1.1" 401 1226 "http://www.soundpatcher.de/" "Mozilla/5.0 (compatible; spbot/4.4.2; +http://OpenLinkProfiler.org/bot )"
162.243.83.240 - - [19/Mar/2015:04:30:20 +0100] "GET /env/jomox/jomox.html HTTP/1.1" 200 14935 "http://www.soundpatcher.de/" "Mozilla/5.0 (compatible; spbot/4.4.2; +http://OpenLinkProfiler.org/bot )"
162.243.83.240 - - [19/Mar/2015:04:30:25 +0100] "GET /links/links.html HTTP/1.1" 200 278 "http://www.soundpatcher.de/env/jomox/jomox.html" "Mozilla/5.0 (compatible; spbot/4.4.2; +http://OpenLinkProfiler.org/bot )"
162.243.83.240 - - [19/Mar/2015:04:30:30 +0100] "GET /env/roland/sc880.html HTTP/1.1" 200 17092 "http://www.soundpatcher.de/env/env.html" "Mozilla/5.0 (compatible; spbot/4.4.2; +http://OpenLinkProfiler.org/bot )"
162.243.83.240 - - [19/Mar/2015:04:30:36 +0100] "GET /impressum/impressum.html HTTP/1.1" 200 7872 "http://www.soundpatcher.de/" "Mozilla/5.0 (compatible; spbot/4.4.2; +http://OpenLinkProfiler.org/bot )"
162.243.83.240 - - [19/Mar/2015:04:30:40 +0100] "GET /env/roland/pics/pic_sc880.html HTTP/1.1" 200 755 "http://www.soundpatcher.de/env/roland/sc880.html" "Mozilla/5.0 (compatible; spbot/4.4.2; +http://OpenLinkProfiler.org/bot )"
162.243.83.240 - - [19/Mar/2015:04:30:45 +0100] "GET /env/jomox/download/airbase99.LSO HTTP/1.1" 200 387896 "http://www.soundpatcher.de/env/jomox/jomox.html" "Mozilla/5.0 (compatible; spbot/4.4.2; +http://OpenLinkProfiler.org/bot )"
162.243.83.240 - - [19/Mar/2015:04:30:51 +0100] "GET /env/jomox/pics/pic_airbase99.html HTTP/1.1" 200 759 "http://www.soundpatcher.de/env/jomox/jomox.html" "Mozilla/5.0 (compatible; spbot/4.4.2; +http://OpenLinkProfiler.org/bot )"
192.99.107.24 - - [19/Mar/2015:09:04:36 +0100] "GET /robots.txt HTTP/1.1" 200 298 "-" "Mozilla/5.0 (compatible; meanpathbot/1.0; +http://www.meanpath.com/meanpathbot.html)"
192.99.107.22 - - [19/Mar/2015:09:04:36 +0100] "GET / HTTP/1.1" 200 15853 "-" "Mozilla/5.0 (compatible; meanpathbot/1.0; +http://www.meanpath.com/meanpathbot.html)"
118.81.255.161 - - [19/Mar/2015:10:01:44 +0100] "GET /phpinfo.php?? HTTP/1.1" 200 53448 "-" "WebRobot"
66.249.67.111 - - [19/Mar/2015:19:02:53 +0100] "GET /robots.txt HTTP/1.1" 200 298 "-" "Mozilla/5.0 (compatible; Googlebot/2.1; +http://www.google.com/bot.html)"
66.249.67.103 - - [19/Mar/2015:19:02:54 +0100] "GET / HTTP/1.1" 200 15853 "-" "Mozilla/5.0 (iPhone; CPU iPhone OS 6_0 like Mac OS X) AppleWebKit/536.26 (KHTML, like Gecko) Version/6.0 Mobile/10A5376e Safari/8536.25 (compatible; Googlebot/2.1; +http://www.google.com/bot.html)"
66.249.67.103 - - [20/Mar/2015:01:56:22 +0100] "GET /links/links.html HTTP/1.1" 200 278 "-" "Mozilla/5.0 (compatible; Googlebot/2.1; +http://www.google.com/bot.html)"
209.222.8.51 - - [20/Mar/2015:06:10:05 +0100] "GET / HTTP/1.1" 200 15853 "-" "Mozilla/5.0 (compatible; AhrefsBot/5.0; +http://ahrefs.com/robot/)"
157.55.39.207 - - [20/Mar/2015:07:12:04 +0100] "GET /robots.txt HTTP/1.1" 200 298 "-" "Mozilla/5.0 (compatible; bingbot/2.0; +http://www.bing.com/bingbot.htm)"
157.55.39.207 - - [20/Mar/2015:07:12:10 +0100] "GET /env/jomox/pics/airbase99_mid.jpg HTTP/1.1" 200 155990 "-" "Mozilla/5.0 (compatible; bingbot/2.0; +http://www.bing.com/bingbot.htm)"
192.99.107.194 - - [20/Mar/2015:07:47:08 +0100] "GET /robots.txt HTTP/1.1" 200 298 "-" "Mozilla/5.0 (compatible; meanpathbot/1.0; +http://www.meanpath.com/meanpathbot.html)"
192.99.107.195 - - [20/Mar/2015:07:47:08 +0100] "GET / HTTP/1.1" 200 15853 "-" "Mozilla/5.0 (compatible; meanpathbot/1.0; +http://www.meanpath.com/meanpathbot.html)"
188.165.15.61 - - [20/Mar/2015:10:19:12 +0100] "GET /robots.txt HTTP/1.1" 200 298 "-" "Mozilla/5.0 (compatible; AhrefsBot/5.0; +http://ahrefs.com/robot/)"
157.55.39.207 - - [20/Mar/2015:16:24:50 +0100] "GET /env/roland/pics/pic_sc880.html HTTP/1.1" 304 - "-" "Mozilla/5.0 (compatible; bingbot/2.0; +http://www.bing.com/bingbot.htm)"
66.249.67.103 - - [20/Mar/2015:17:25:14 +0100] "GET /robots.txt HTTP/1.1" 200 298 "-" "Mozilla/5.0 (compatible; Googlebot/2.1; +http://www.google.com/bot.html)"
66.249.67.95 - - [20/Mar/2015:17:25:14 +0100] "GET / HTTP/1.1" 200 15853 "-" "Mozilla/5.0 (iPhone; CPU iPhone OS 6_0 like Mac OS X) AppleWebKit/536.26 (KHTML, like Gecko) Version/6.0 Mobile/10A5376e Safari/8536.25 (compatible; Googlebot/2.1; +http://www.google.com/bot.html)"
46.229.170.197 - - [21/Mar/2015:13:11:36 +0100] "GET / HTTP/1.1" 200 15853 "-" "Mozilla/5.0 (Windows NT 5.0; WOW64; rv:5.0) Gecko/20100101 Firefox/5.0"
66.249.78.213 - - [21/Mar/2015:13:25:56 +0100] "GET /robots.txt HTTP/1.1" 200 298 "-" "Mozilla/5.0 (compatible; Googlebot/2.1; +http://www.google.com/bot.html)"
66.249.78.213 - - [21/Mar/2015:13:25:57 +0100] "GET / HTTP/1.1" 200 15853 "-" "Mozilla/5.0 (iPhone; CPU iPhone OS 6_0 like Mac OS X) AppleWebKit/536.26 (KHTML, like Gecko) Version/6.0 Mobile/10A5376e Safari/8536.25 (compatible; Googlebot/2.1; +http://www.google.com/bot.html)"
157.55.39.12 - - [21/Mar/2015:20:50:00 +0100] "GET /robots.txt HTTP/1.1" 200 298 "-" "Mozilla/5.0 (compatible; bingbot/2.0; +http://www.bing.com/bingbot.htm)"
157.55.39.12 - - [21/Mar/2015:20:50:01 +0100] "GET /env/jomox/jomox.html HTTP/1.1" 200 14935 "-" "Mozilla/5.0 (compatible; bingbot/2.0; +http://www.bing.com/bingbot.htm)"
157.55.39.237 - - [21/Mar/2015:20:50:12 +0100] "GET /robots.txt HTTP/1.1" 200 298 "-" "Mozilla/5.0 (compatible; bingbot/2.0; +http://www.bing.com/bingbot.htm)"
157.55.39.237 - - [21/Mar/2015:20:50:12 +0100] "GET /robots.txt HTTP/1.1" 200 298 "-" "Mozilla/5.0 (compatible; bingbot/2.0; +http://www.bing.com/bingbot.htm)"
157.55.39.237 - - [21/Mar/2015:20:50:12 +0100] "GET /robots.txt HTTP/1.1" 200 298 "-" "Mozilla/5.0 (compatible; bingbot/2.0; +http://www.bing.com/bingbot.htm)"
157.55.39.237 - - [21/Mar/2015:20:50:23 +0100] "GET /env/jomox/pics/airbase99_small+.jpg HTTP/1.1" 200 5326 "-" "Mozilla/5.0 (compatible; bingbot/2.0; +http://www.bing.com/bingbot.htm)"
157.55.39.11 - - [21/Mar/2015:20:50:31 +0100] "GET /env/jomox/images/logo_big.jpg HTTP/1.1" 200 12681 "-" "Mozilla/5.0 (compatible; bingbot/2.0; +http://www.bing.com/bingbot.htm)"
157.55.39.11 - - [21/Mar/2015:20:50:31 +0100] "GET /env/jomox/images/span.jpg HTTP/1.1" 200 811 "-" "Mozilla/5.0 (compatible; bingbot/2.0; +http://www.bing.com/bingbot.htm)"
157.55.39.207 - - [21/Mar/2015:20:50:46 +0100] "GET /env/jomox/images/10x10_CCCCCC.jpg HTTP/1.1" 200 631 "-" "Mozilla/5.0 (compatible; bingbot/2.0; +http://www.bing.com/bingbot.htm)"
23.23.40.27 - - [22/Mar/2015:03:17:55 +0100] "GET /robots.txt HTTP/1.1" 200 298 "-" "stq_bot (+http://www.searchteq.de)"
23.23.40.27 - - [22/Mar/2015:03:18:00 +0100] "GET / HTTP/1.1" 200 15853 "-" "stq_bot (+http://www.searchteq.de)"
23.23.40.27 - - [22/Mar/2015:03:18:03 +0100] "GET /index.html HTTP/1.1" 200 15853 "http://www.soundpatcher.de" "stq_bot (+http://www.searchteq.de)"
23.23.40.27 - - [22/Mar/2015:03:18:05 +0100] "GET /env/env.html HTTP/1.1" 200 12438 "http://www.soundpatcher.de" "stq_bot (+http://www.searchteq.de)"
23.23.40.27 - - [22/Mar/2015:03:18:06 +0100] "GET /friends/friends.html HTTP/1.1" 401 1226 "http://www.soundpatcher.de" "stq_bot (+http://www.searchteq.de)"
23.23.40.27 - - [22/Mar/2015:03:18:07 +0100] "GET /phpBB2/index.php HTTP/1.1" 401 1226 "http://www.soundpatcher.de" "stq_bot (+http://www.searchteq.de)"
23.23.40.27 - - [22/Mar/2015:03:18:10 +0100] "GET /privat/privat.html HTTP/1.1" 401 1226 "http://www.soundpatcher.de" "stq_bot (+http://www.searchteq.de)"
23.23.40.27 - - [22/Mar/2015:03:18:11 +0100] "GET /impressum/impressum.html HTTP/1.1" 200 7872 "http://www.soundpatcher.de" "stq_bot (+http://www.searchteq.de)"
23.23.40.27 - - [22/Mar/2015:03:18:13 +0100] "GET /env/jomox/jomox.html HTTP/1.1" 200 14935 "http://www.soundpatcher.de" "stq_bot (+http://www.searchteq.de)"
23.23.40.27 - - [22/Mar/2015:03:18:14 +0100] "GET /env/roland/sc880.html HTTP/1.1" 200 17092 "http://www.soundpatcher.de/env/env.html" "stq_bot (+http://www.searchteq.de)"
23.23.40.27 - - [22/Mar/2015:03:18:15 +0100] "GET /links/links.html HTTP/1.1" 200 278 "http://www.soundpatcher.de/impressum/impressum.html" "stq_bot (+http://www.searchteq.de)"
23.23.40.27 - - [22/Mar/2015:03:18:17 +0100] "GET /env/jomox/pics/pic_airbase99.html HTTP/1.1" 200 759 "http://www.soundpatcher.de/env/jomox/jomox.html" "stq_bot (+http://www.searchteq.de)"
23.23.40.27 - - [22/Mar/2015:03:18:16 +0100] "GET /env/jomox/download/airbase99.LSO HTTP/1.1" 200 387896 "http://www.soundpatcher.de/env/jomox/jomox.html" "stq_bot (+http://www.searchteq.de)"
23.23.40.27 - - [22/Mar/2015:03:18:19 +0100] "GET /env/roland/pics/pic_sc880.html HTTP/1.1" 200 755 "http://www.soundpatcher.de/env/roland/sc880.html" "stq_bot (+http://www.searchteq.de)"
66.249.78.213 - - [22/Mar/2015:10:19:41 +0100] "GET / HTTP/1.1" 200 15853 "-" "Mozilla/5.0 (iPhone; CPU iPhone OS 6_0 like Mac OS X) AppleWebKit/536.26 (KHTML, like Gecko) Version/6.0 Mobile/10A5376e Safari/8536.25 (compatible; Googlebot/2.1; +http://www.google.com/bot.html)"
66.249.65.179 - - [23/Mar/2015:06:32:47 +0100] "GET /robots.txt HTTP/1.1" 200 298 "-" "Mozilla/5.0 (compatible; Googlebot/2.1; +http://www.google.com/bot.html)"
66.249.65.183 - - [23/Mar/2015:06:32:47 +0100] "GET / HTTP/1.1" 200 15853 "-" "Mozilla/5.0 (iPhone; CPU iPhone OS 6_0 like Mac OS X) AppleWebKit/536.26 (KHTML, like Gecko) Version/6.0 Mobile/10A5376e Safari/8536.25 (compatible; Googlebot/2.1; +http://www.google.com/bot.html)"
178.255.215.84 - - [23/Mar/2015:06:38:55 +0100] "GET /robots.txt HTTP/1.1" 200 298 "-" "Mozilla/5.0 (compatible; Exabot/3.0; +http://www.exabot.com/go/robot)"
178.255.215.84 - - [23/Mar/2015:06:38:55 +0100] "GET /friends/friends.html HTTP/1.1" 401 1226 "-" "Mozilla/5.0 (compatible; Exabot/3.0; +http://www.exabot.com/go/robot)"
157.55.39.12 - - [23/Mar/2015:15:07:04 +0100] "GET /impressum/impressum.html HTTP/1.1" 200 7872 "-" "Mozilla/5.0 (compatible; bingbot/2.0; +http://www.bing.com/bingbot.htm)"
188.165.15.193 - - [23/Mar/2015:15:58:27 +0100] "GET /impressum/impressum.html HTTP/1.1" 200 7872 "-" "Mozilla/5.0 (compatible; AhrefsBot/5.0; +http://ahrefs.com/robot/)"
194.153.113.35 - - [23/Mar/2015:16:09:26 +0100] "GET /robots.txt HTTP/1.1" 200 298 "-" "Mozilla/5.0 (compatible; oBot/2.3.1; +http://filterdb.iss.net/crawler/)"
194.153.113.35 - - [23/Mar/2015:16:09:26 +0100] "GET / HTTP/1.1" 200 15853 "-" "Mozilla/5.0 (compatible; oBot/2.3.1; +http://filterdb.iss.net/crawler/)"
194.153.113.35 - - [23/Mar/2015:16:09:26 +0100] "GET /images/span.jpg HTTP/1.1" 200 811 "-" "Mozilla/5.0 (compatible; oBot/2.3.1; +http://filterdb.iss.net/crawler/)"
194.153.113.35 - - [23/Mar/2015:16:09:26 +0100] "GET /images/15x15.jpg HTTP/1.1" 200 631 "-" "Mozilla/5.0 (compatible; oBot/2.3.1; +http://filterdb.iss.net/crawler/)"
194.153.113.35 - - [23/Mar/2015:16:09:26 +0100] "GET /images/10x10_CCCCCC.jpg HTTP/1.1" 200 631 "-" "Mozilla/5.0 (compatible; oBot/2.3.1; +http://filterdb.iss.net/crawler/)"
194.153.113.35 - - [23/Mar/2015:16:09:26 +0100] "GET /images/pixel.gif HTTP/1.1" 200 43 "-" "Mozilla/5.0 (compatible; oBot/2.3.1; +http://filterdb.iss.net/crawler/)"
194.153.113.35 - - [23/Mar/2015:16:09:27 +0100] "GET /index.html HTTP/1.1" 200 15853 "-" "Mozilla/5.0 (compatible; oBot/2.3.1; +http://filterdb.iss.net/crawler/)"
192.99.107.51 - - [23/Mar/2015:16:13:53 +0100] "GET /robots.txt HTTP/1.1" 200 298 "-" "Mozilla/5.0 (compatible; meanpathbot/1.0; +http://www.meanpath.com/meanpathbot.html)"
192.99.107.51 - - [23/Mar/2015:16:13:53 +0100] "GET / HTTP/1.1" 200 15853 "-" "Mozilla/5.0 (compatible; meanpathbot/1.0; +http://www.meanpath.com/meanpathbot.html)"
188.165.15.193 - - [23/Mar/2015:17:34:09 +0100] "GET /index.html HTTP/1.1" 200 15853 "-" "Mozilla/5.0 (compatible; AhrefsBot/5.0; +http://ahrefs.com/robot/)"
66.249.65.183 - - [24/Mar/2015:02:58:48 +0100] "GET /uztooupz.html HTTP/1.1" 404 1256 "-" "Mozilla/5.0 (compatible; Googlebot/2.1; +http://www.google.com/bot.html)"
217.69.133.68 - - [24/Mar/2015:03:39:26 +0100] "GET /robots.txt HTTP/1.0" 200 298 "-" "Mozilla/5.0 (compatible; Linux x86_64; Mail.RU_Bot/2.0; +http://go.mail.ru/help/robots)"
217.69.133.223 - - [24/Mar/2015:03:39:27 +0100] "GET / HTTP/1.1" 200 15853 "-" "Mozilla/5.0 (compatible; Linux x86_64; Mail.RU_Bot/2.0; +http://go.mail.ru/help/robots)"
66.249.65.179 - - [24/Mar/2015:07:04:54 +0100] "GET /robots.txt HTTP/1.1" 200 298 "-" "Mozilla/5.0 (compatible; Googlebot/2.1; +http://www.google.com/bot.html)"
66.249.65.183 - - [24/Mar/2015:07:04:55 +0100] "GET / HTTP/1.1" 200 15853 "-" "Mozilla/5.0 (iPhone; CPU iPhone OS 6_0 like Mac OS X) AppleWebKit/536.26 (KHTML, like Gecko) Version/6.0 Mobile/10A5376e Safari/8536.25 (compatible; Googlebot/2.1; +http://www.google.com/bot.html)"
188.165.15.193 - - [24/Mar/2015:12:57:04 +0100] "GET /env/jomox/pics/pic_airbase99.html HTTP/1.1" 200 759 "-" "Mozilla/5.0 (compatible; AhrefsBot/5.0; +http://ahrefs.com/robot/)"
157.55.39.237 - - [24/Mar/2015:17:04:09 +0100] "GET /robots.txt HTTP/1.1" 200 298 "-" "Mozilla/5.0 (compatible; bingbot/2.0; +http://www.bing.com/bingbot.htm)"
157.55.39.237 - - [24/Mar/2015:17:04:16 +0100] "GET /env/jomox/download/airbase99.LSO HTTP/1.1" 200 387896 "-" "Mozilla/5.0 (compatible; bingbot/2.0; +http://www.bing.com/bingbot.htm)"
157.55.39.237 - - [24/Mar/2015:17:04:29 +0100] "GET /robots.txt HTTP/1.1" 200 298 "-" "Mozilla/5.0 (compatible; bingbot/2.0; +http://www.bing.com/bingbot.htm)"
208.115.111.75 - - [24/Mar/2015:22:44:47 +0100] "GET /robots.txt HTTP/1.1" 200 298 "-" "Mozilla/5.0 (compatible; DotBot/1.1; http://www.opensiteexplorer.org/dotbot, help@moz.com)"
208.115.111.75 - - [24/Mar/2015:23:01:39 +0100] "GET /links/links.html HTTP/1.1" 200 278 "-" "Mozilla/5.0 (compatible; DotBot/1.1; http://www.opensiteexplorer.org/dotbot, help@moz.com)"
66.249.65.183 - - [25/Mar/2015:04:55:23 +0100] "GET / HTTP/1.1" 200 15853 "-" "Mozilla/5.0 (iPhone; CPU iPhone OS 6_0 like Mac OS X) AppleWebKit/536.26 (KHTML, like Gecko) Version/6.0 Mobile/10A5376e Safari/8536.25 (compatible; Googlebot/2.1; +http://www.google.com/bot.html)"
31.18.185.133 - - [25/Mar/2015:11:03:39 +0100] "GET /env/env.html HTTP/1.1" 200 12438 "-" "Mozilla/5.0 (Macintosh; Intel Mac OS X 10_10_2) AppleWebKit/600.3.18 (KHTML, like Gecko) Version/8.0.4 Safari/600.4.10"
31.18.185.133 - - [25/Mar/2015:11:03:40 +0100] "GET /env/images/span.jpg HTTP/1.1" 200 811 "http://www.soundpatcher.de/env/env.html" "Mozilla/5.0 (Macintosh; Intel Mac OS X 10_10_2) AppleWebKit/600.3.18 (KHTML, like Gecko) Version/8.0.4 Safari/600.4.10"
31.18.185.133 - - [25/Mar/2015:11:03:40 +0100] "GET /env/images/logo_big.jpg HTTP/1.1" 200 12681 "http://www.soundpatcher.de/env/env.html" "Mozilla/5.0 (Macintosh; Intel Mac OS X 10_10_2) AppleWebKit/600.3.18 (KHTML, like Gecko) Version/8.0.4 Safari/600.4.10"
31.18.185.133 - - [25/Mar/2015:11:03:40 +0100] "GET /env/images/pixel.gif HTTP/1.1" 200 43 "http://www.soundpatcher.de/env/env.html" "Mozilla/5.0 (Macintosh; Intel Mac OS X 10_10_2) AppleWebKit/600.3.18 (KHTML, like Gecko) Version/8.0.4 Safari/600.4.10"
31.18.185.133 - - [25/Mar/2015:11:03:40 +0100] "GET /env/images/15x15.jpg HTTP/1.1" 200 631 "http://www.soundpatcher.de/env/env.html" "Mozilla/5.0 (Macintosh; Intel Mac OS X 10_10_2) AppleWebKit/600.3.18 (KHTML, like Gecko) Version/8.0.4 Safari/600.4.10"
31.18.185.133 - - [25/Mar/2015:11:03:40 +0100] "GET /env/images/10x10_CCCCCC.jpg HTTP/1.1" 200 631 "http://www.soundpatcher.de/env/env.html" "Mozilla/5.0 (Macintosh; Intel Mac OS X 10_10_2) AppleWebKit/600.3.18 (KHTML, like Gecko) Version/8.0.4 Safari/600.4.10"
31.18.185.133 - - [25/Mar/2015:11:03:40 +0100] "GET /env/jomox/pics/airbase99_small.jpg HTTP/1.1" 200 5206 "http://www.soundpatcher.de/env/env.html" "Mozilla/5.0 (Macintosh; Intel Mac OS X 10_10_2) AppleWebKit/600.3.18 (KHTML, like Gecko) Version/8.0.4 Safari/600.4.10"
31.18.185.133 - - [25/Mar/2015:11:03:40 +0100] "GET /env/roland/pics/sc880_small.jpg HTTP/1.1" 200 6144 "http://www.soundpatcher.de/env/env.html" "Mozilla/5.0 (Macintosh; Intel Mac OS X 10_10_2) AppleWebKit/600.3.18 (KHTML, like Gecko) Version/8.0.4 Safari/600.4.10"
157.55.39.12 - - [25/Mar/2015:13:38:12 +0100] "GET / HTTP/1.1" 200 15853 "-" "Mozilla/5.0 (compatible; bingbot/2.0; +http://www.bing.com/bingbot.htm)"
66.249.65.175 - - [26/Mar/2015:00:22:51 +0100] "GET /robots.txt HTTP/1.1" 200 298 "-" "Mozilla/5.0 (compatible; Googlebot/2.1; +http://www.google.com/bot.html)"
66.249.65.179 - - [26/Mar/2015:00:22:51 +0100] "GET / HTTP/1.1" 200 15853 "-" "Mozilla/5.0 (iPhone; CPU iPhone OS 6_0 like Mac OS X) AppleWebKit/536.26 (KHTML, like Gecko) Version/6.0 Mobile/10A5376e Safari/8536.25 (compatible; Googlebot/2.1; +http://www.google.com/bot.html)"
209.222.8.107 - - [26/Mar/2015:10:19:05 +0100] "GET /privat/privat.html HTTP/1.1" 401 1226 "-" "Mozilla/5.0 (compatible; AhrefsBot/5.0; +http://ahrefs.com/robot/)"
209.222.8.107 - - [26/Mar/2015:10:19:15 +0100] "GET /env/env.html HTTP/1.1" 200 12438 "-" "Mozilla/5.0 (compatible; AhrefsBot/5.0; +http://ahrefs.com/robot/)"
209.222.8.107 - - [26/Mar/2015:12:07:05 +0100] "GET /index.html HTTP/1.1" 200 15853 "-" "Mozilla/5.0 (compatible; AhrefsBot/5.0; +http://ahrefs.com/robot/)"
157.55.39.207 - - [26/Mar/2015:14:21:08 +0100] "GET /env/jomox/pics/airbase99_mid.jpg HTTP/1.1" 200 155990 "-" "msnbot-media/1.1 (+http://search.msn.com/msnbot.htm)"
81.209.177.145 - - [26/Mar/2015:16:34:28 +0100] "GET /robots.txt HTTP/1.1" 200 298 "-" "netEstate NE Crawler (+http://www.website-datenbank.de/)"
81.209.177.145 - - [26/Mar/2015:16:34:28 +0100] "GET / HTTP/1.1" 200 15853 "-" "netEstate NE Crawler (+http://www.website-datenbank.de/)"
81.209.177.145 - - [26/Mar/2015:16:34:29 +0100] "GET /impressum/impressum.html HTTP/1.1" 200 7872 "-" "netEstate NE Crawler (+http://www.website-datenbank.de/)"
81.209.177.145 - - [26/Mar/2015:16:34:30 +0100] "GET / HTTP/1.1" 200 15853 "-" "netEstate NE Crawler (+http://www.website-datenbank.de/)"
141.8.147.7 - - [27/Mar/2015:05:26:08 +0100] "GET /robots.txt HTTP/1.1" 200 298 "-" "Mozilla/5.0 (compatible; YandexBot/3.0; +http://yandex.com/bots)"
141.8.147.7 - - [27/Mar/2015:05:26:11 +0100] "GET /index.html HTTP/1.1" 200 15853 "-" "Mozilla/5.0 (compatible; YandexBot/3.0; +http://yandex.com/bots)"
141.8.189.118 - - [27/Mar/2015:05:26:13 +0100] "GET / HTTP/1.1" 200 15853 "-" "Mozilla/5.0 (compatible; YandexBot/3.0; +http://yandex.com/bots)"
141.8.189.118 - - [27/Mar/2015:05:26:22 +0100] "GET /index.html HTTP/1.1" 200 15853 "-" "Mozilla/5.0 (compatible; YandexBot/3.0; +http://yandex.com/bots)"
141.8.189.118 - - [27/Mar/2015:05:26:24 +0100] "GET / HTTP/1.1" 200 15853 "-" "Mozilla/5.0 (compatible; YandexBot/3.0; +http://yandex.com/bots)"
66.249.64.131 - - [27/Mar/2015:06:00:29 +0100] "GET /robots.txt HTTP/1.1" 200 298 "-" "Mozilla/5.0 (compatible; Googlebot/2.1; +http://www.google.com/bot.html)"
66.249.78.213 - - [27/Mar/2015:06:00:29 +0100] "GET / HTTP/1.1" 200 15853 "-" "Mozilla/5.0 (iPhone; CPU iPhone OS 6_0 like Mac OS X) AppleWebKit/536.26 (KHTML, like Gecko) Version/6.0 Mobile/10A5376e Safari/8536.25 (compatible; Googlebot/2.1; +http://www.google.com/bot.html)"
95.130.9.190 - - [27/Mar/2015:11:23:54 +0100] "GET / HTTP/1.1" 200 15853 "http://hvd-store.com/" "Mozilla/5.0 (X11; Linux x86_64) AppleWebKit/537.36 (KHTML, like Gecko) Chrome/37.0.2062.120 Safari/537.36"
208.115.111.75 - - [27/Mar/2015:13:44:10 +0100] "GET /robots.txt HTTP/1.1" 200 298 "-" "Mozilla/5.0 (compatible; DotBot/1.1; http://www.opensiteexplorer.org/dotbot, help@moz.com)"
208.115.111.75 - - [27/Mar/2015:15:00:49 +0100] "GET / HTTP/1.1" 200 15853 "-" "Mozilla/5.0 (compatible; DotBot/1.1; http://www.opensiteexplorer.org/dotbot, help@moz.com)"
94.242.246.23 - - [27/Mar/2015:23:19:45 +0100] "GET / HTTP/1.1" 200 15853 "http://hundejo.com/" "Mozilla/5.0 (X11; Linux x86_64) AppleWebKit/537.36 (KHTML, like Gecko) Chrome/37.0.2062.120 Safari/537.36"
64.246.165.50 - - [28/Mar/2015:01:55:04 +0100] "GET /robots.txt HTTP/1.0" 200 298 "-" "Mozilla/5.0 (Windows; U; Windows NT 5.1; en; rv:1.9.0.13) Gecko/2009073022 Firefox/3.5.2 (.NET CLR 3.5.30729) SurveyBot/2.3 (DomainTools)"
64.246.165.50 - - [28/Mar/2015:01:55:04 +0100] "GET / HTTP/1.1" 200 15853 "http://whois.domaintools.com/soundpatcher.de" "Mozilla/5.0 (Windows; U; Windows NT 5.1; en; rv:1.9.0.13) Gecko/2009073022 Firefox/3.5.2 (.NET CLR 3.5.30729) SurveyBot/2.3 (DomainTools)"
208.115.113.91 - - [28/Mar/2015:03:45:08 +0100] "GET /robots.txt HTTP/1.1" 200 298 "-" "Mozilla/5.0 (compatible; DotBot/1.1; http://www.opensiteexplorer.org/dotbot, help@moz.com)"
208.115.113.91 - - [28/Mar/2015:05:00:51 +0100] "GET /impressum/impressum.html HTTP/1.1" 200 7872 "-" "Mozilla/5.0 (compatible; DotBot/1.1; http://www.opensiteexplorer.org/dotbot, help@moz.com)"
66.249.78.199 - - [28/Mar/2015:08:03:59 +0100] "GET /robots.txt HTTP/1.1" 200 298 "-" "Mozilla/5.0 (compatible; Googlebot/2.1; +http://www.google.com/bot.html)"
66.249.78.199 - - [28/Mar/2015:08:03:59 +0100] "GET / HTTP/1.1" 200 15853 "-" "Mozilla/5.0 (iPhone; CPU iPhone OS 6_0 like Mac OS X) AppleWebKit/536.26 (KHTML, like Gecko) Version/6.0 Mobile/10A5376e Safari/8536.25 (compatible; Googlebot/2.1; +http://www.google.com/bot.html)"
66.249.78.213 - - [28/Mar/2015:08:36:36 +0100] "GET /env/jomox/pics/airbase99_small+.jpg HTTP/1.1" 304 - "-" "Googlebot-Image/1.0"
208.115.111.75 - - [28/Mar/2015:09:44:13 +0100] "GET /robots.txt HTTP/1.1" 200 298 "-" "Mozilla/5.0 (compatible; DotBot/1.1; http://www.opensiteexplorer.org/dotbot, help@moz.com)"
208.115.111.75 - - [28/Mar/2015:11:02:07 +0100] "GET /friends/friends.html HTTP/1.1" 401 1226 "-" "Mozilla/5.0 (compatible; DotBot/1.1; http://www.opensiteexplorer.org/dotbot, help@moz.com)"
66.249.78.206 - - [28/Mar/2015:13:37:09 +0100] "GET /env/jomox/images/logo_big.jpg HTTP/1.1" 304 - "-" "Googlebot-Image/1.0"
68.180.228.35 - - [28/Mar/2015:17:09:10 +0100] "GET /robots.txt HTTP/1.1" 304 - "-" "Mozilla/5.0 (compatible; Yahoo! Slurp; http://help.yahoo.com/help/us/ysearch/slurp)"
68.180.228.35 - - [28/Mar/2015:17:09:11 +0100] "GET /phpBB2/index.php HTTP/1.1" 401 1226 "-" "Mozilla/5.0 (compatible; Yahoo! Slurp; http://help.yahoo.com/help/us/ysearch/slurp)"
141.8.189.109 - - [28/Mar/2015:18:26:02 +0100] "GET /robots.txt HTTP/1.1" 200 298 "-" "Mozilla/5.0 (compatible; YandexBot/3.0; +http://yandex.com/bots)"
141.8.189.109 - - [28/Mar/2015:18:26:04 +0100] "GET /index.html HTTP/1.1" 200 15853 "-" "Mozilla/5.0 (compatible; YandexBot/3.0; +http://yandex.com/bots)"
209.222.8.107 - - [29/Mar/2015:00:22:57 +0100] "GET /phpBB2/index.php HTTP/1.1" 401 1226 "-" "Mozilla/5.0 (compatible; AhrefsBot/5.0; +http://ahrefs.com/robot/)"
208.115.111.75 - - [29/Mar/2015:06:45:31 +0200] "GET /robots.txt HTTP/1.1" 200 298 "-" "Mozilla/5.0 (compatible; DotBot/1.1; http://www.opensiteexplorer.org/dotbot, help@moz.com)"
208.115.111.75 - - [29/Mar/2015:08:03:25 +0200] "GET /env/roland/pics/pic_sc880.html HTTP/1.1" 200 755 "-" "Mozilla/5.0 (compatible; DotBot/1.1; http://www.opensiteexplorer.org/dotbot, help@moz.com)"
66.249.69.7 - - [29/Mar/2015:09:09:13 +0200] "GET /robots.txt HTTP/1.1" 200 298 "-" "Mozilla/5.0 (compatible; Googlebot/2.1; +http://www.google.com/bot.html)"
66.249.69.15 - - [29/Mar/2015:09:09:14 +0200] "GET / HTTP/1.1" 200 15853 "-" "Mozilla/5.0 (iPhone; CPU iPhone OS 6_0 like Mac OS X) AppleWebKit/536.26 (KHTML, like Gecko) Version/6.0 Mobile/10A5376e Safari/8536.25 (compatible; Googlebot/2.1; +http://www.google.com/bot.html)"
77.40.70.198 - - [29/Mar/2015:09:54:32 +0200] "GET /phpBB2/profile.php HTTP/1.1" 401 1226 "-" "Forum Poster V3"
209.222.8.107 - - [29/Mar/2015:12:21:24 +0200] "GET /friends/friends.html HTTP/1.1" 401 1226 "-" "Mozilla/5.0 (compatible; AhrefsBot/5.0; +http://ahrefs.com/robot/)"
192.99.9.164 - - [29/Mar/2015:16:55:20 +0200] "GET / HTTP/1.1" 200 15853 "-" "Mozilla/5.0 (Macintosh; Intel Mac OS X 10_8_4) AppleWebKit/537.36 (KHTML, like Gecko) Chrome/27.0.1453.110 Safari/537.36"
148.251.75.46 - - [29/Mar/2015:17:12:18 +0200] "GET /impressum/impressum.html HTTP/1.1" 200 7872 "-" "Mozilla/5.0 (X11; Ubuntu; Linux i686; rv:14.0) Gecko/20100101 Firefox/14.0.1"
148.251.75.46 - - [29/Mar/2015:17:12:18 +0200] "GET / HTTP/1.1" 200 15853 "-" "Mozilla/5.0 (Windows NT 6.1; WOW64; rv:18.0) Gecko/20100101 Firefox/18.0"
85.25.202.18 - - [29/Mar/2015:17:39:46 +0200] "GET / HTTP/1.1" 200 15853 "http://www.sumaja.de/?such_wert=midi" "T-Online Browser (Windows NT 6.1; de)"
68.180.228.35 - - [29/Mar/2015:18:12:18 +0200] "GET /robots.txt HTTP/1.1" 304 - "-" "Mozilla/5.0 (compatible; Yahoo! Slurp; http://help.yahoo.com/help/us/ysearch/slurp)"
68.180.228.35 - - [29/Mar/2015:18:12:18 +0200] "GET / HTTP/1.1" 200 15853 "-" "Mozilla/5.0 (compatible; Yahoo! Slurp; http://help.yahoo.com/help/us/ysearch/slurp)"
204.8.156.142 - - [29/Mar/2015:18:27:15 +0200] "GET / HTTP/1.1" 200 15853 "http://specialdessous.com/" "Mozilla/5.0 (X11; Linux x86_64) AppleWebKit/537.36 (KHTML, like Gecko) Chrome/37.0.2062.120 Safari/537.36"
208.115.111.75 - - [29/Mar/2015:18:49:50 +0200] "GET /robots.txt HTTP/1.1" 200 298 "-" "Mozilla/5.0 (compatible; DotBot/1.1; http://www.opensiteexplorer.org/dotbot, help@moz.com)"
208.115.111.75 - - [29/Mar/2015:20:02:41 +0200] "GET /env/env.html HTTP/1.1" 200 12438 "-" "Mozilla/5.0 (compatible; DotBot/1.1; http://www.opensiteexplorer.org/dotbot, help@moz.com)"
188.165.15.183 - - [29/Mar/2015:20:28:38 +0200] "GET /env/jomox/download/airbase99.LSO HTTP/1.1" 200 387896 "-" "Mozilla/5.0 (compatible; AhrefsBot/5.0; +http://ahrefs.com/robot/)"
37.59.55.128 - - [30/Mar/2015:01:27:32 +0200] "GET /robots.txt HTTP/1.0" 200 298 "-" ""
37.59.55.128 - - [30/Mar/2015:01:27:32 +0200] "GET / HTTP/1.1" 206 15853 "-" "Mozilla/5.0 (Windows; U; Windows NT 6.1; en-US) AppleWebKit/534.17 (KHTML, like Gecko) Chrome/10.0.649.0 Safari/534.17"
37.59.55.128 - - [30/Mar/2015:01:27:34 +0200] "GET /index.html HTTP/1.1" 206 15853 "-" "Mozilla/5.0 (Windows; U; Windows NT 6.1; en-US) AppleWebKit/534.17 (KHTML, like Gecko) Chrome/10.0.649.0 Safari/534.17"
37.59.55.128 - - [30/Mar/2015:01:27:36 +0200] "GET /env/env.html HTTP/1.1" 206 12438 "-" "Mozilla/5.0 (Windows; U; Windows NT 6.1; en-US) AppleWebKit/534.17 (KHTML, like Gecko) Chrome/10.0.649.0 Safari/534.17"
37.59.55.128 - - [30/Mar/2015:01:27:38 +0200] "GET /friends/friends.html HTTP/1.1" 401 1226 "-" "Mozilla/5.0 (Windows; U; Windows NT 6.1; en-US) AppleWebKit/534.17 (KHTML, like Gecko) Chrome/10.0.649.0 Safari/534.17"
37.59.55.128 - - [30/Mar/2015:01:27:38 +0200] "GET /phpBB2/index.php HTTP/1.1" 401 1226 "-" "Mozilla/5.0 (Windows; U; Windows NT 6.1; en-US) AppleWebKit/534.17 (KHTML, like Gecko) Chrome/10.0.649.0 Safari/534.17"
37.59.55.128 - - [30/Mar/2015:01:27:38 +0200] "GET /privat/privat.html HTTP/1.1" 401 1226 "-" "Mozilla/5.0 (Windows; U; Windows NT 6.1; en-US) AppleWebKit/534.17 (KHTML, like Gecko) Chrome/10.0.649.0 Safari/534.17"
37.59.55.128 - - [30/Mar/2015:01:27:38 +0200] "GET /impressum/impressum.html HTTP/1.1" 206 7872 "-" "Mozilla/5.0 (Windows; U; Windows NT 6.1; en-US) AppleWebKit/534.17 (KHTML, like Gecko) Chrome/10.0.649.0 Safari/534.17"
37.59.55.128 - - [30/Mar/2015:01:27:40 +0200] "GET /env/jomox/jomox.html HTTP/1.1" 206 14935 "-" "Mozilla/5.0 (Windows; U; Windows NT 6.1; en-US) AppleWebKit/534.17 (KHTML, like Gecko) Chrome/10.0.649.0 Safari/534.17"
37.59.55.128 - - [30/Mar/2015:01:27:42 +0200] "GET /env/roland/sc880.html HTTP/1.1" 206 17092 "-" "Mozilla/5.0 (Windows; U; Windows NT 6.1; en-US) AppleWebKit/534.17 (KHTML, like Gecko) Chrome/10.0.649.0 Safari/534.17"
37.59.55.128 - - [30/Mar/2015:01:27:45 +0200] "GET /links/links.html HTTP/1.1" 206 278 "-" "Mozilla/5.0 (Windows; U; Windows NT 6.1; en-US) AppleWebKit/534.17 (KHTML, like Gecko) Chrome/10.0.649.0 Safari/534.17"
37.59.55.128 - - [30/Mar/2015:01:27:47 +0200] "GET /env/jomox/download/airbase99.LSO HTTP/1.1" 206 262145 "-" "Mozilla/5.0 (Windows; U; Windows NT 6.1; en-US) AppleWebKit/534.17 (KHTML, like Gecko) Chrome/10.0.649.0 Safari/534.17"
37.59.55.128 - - [30/Mar/2015:01:27:49 +0200] "GET /env/jomox/pics/pic_airbase99.html HTTP/1.1" 206 759 "-" "Mozilla/5.0 (Windows; U; Windows NT 6.1; en-US) AppleWebKit/534.17 (KHTML, like Gecko) Chrome/10.0.649.0 Safari/534.17"
37.59.55.128 - - [30/Mar/2015:01:27:51 +0200] "GET /env/roland/pics/pic_sc880.html HTTP/1.1" 206 755 "-" "Mozilla/5.0 (Windows; U; Windows NT 6.1; en-US) AppleWebKit/534.17 (KHTML, like Gecko) Chrome/10.0.649.0 Safari/534.17"
66.249.78.199 - - [30/Mar/2015:06:42:32 +0200] "GET /robots.txt HTTP/1.1" 200 298 "-" "Mozilla/5.0 (compatible; Googlebot/2.1; +http://www.google.com/bot.html)"
66.249.78.199 - - [30/Mar/2015:06:42:32 +0200] "GET / HTTP/1.1" 200 15853 "-" "Mozilla/5.0 (compatible; Googlebot/2.1; +http://www.google.com/bot.html)"
66.249.78.199 - - [30/Mar/2015:08:41:02 +0200] "GET / HTTP/1.1" 200 15853 "-" "Mozilla/5.0 (iPhone; CPU iPhone OS 6_0 like Mac OS X) AppleWebKit/536.26 (KHTML, like Gecko) Version/6.0 Mobile/10A5376e Safari/8536.25 (compatible; Googlebot/2.1; +http://www.google.com/bot.html)"
209.222.8.107 - - [30/Mar/2015:09:17:20 +0200] "GET /impressum/impressum.html HTTP/1.1" 200 7872 "-" "Mozilla/5.0 (compatible; AhrefsBot/5.0; +http://ahrefs.com/robot/)"
208.115.111.75 - - [30/Mar/2015:14:49:56 +0200] "GET /robots.txt HTTP/1.1" 200 298 "-" "Mozilla/5.0 (compatible; DotBot/1.1; http://www.opensiteexplorer.org/dotbot, help@moz.com)"
192.99.107.98 - - [30/Mar/2015:14:52:23 +0200] "GET /robots.txt HTTP/1.1" 200 298 "-" "Mozilla/5.0 (compatible; meanpathbot/1.0; +http://www.meanpath.com/meanpathbot.html)"
192.99.107.98 - - [30/Mar/2015:14:52:23 +0200] "GET / HTTP/1.1" 200 15853 "-" "Mozilla/5.0 (compatible; meanpathbot/1.0; +http://www.meanpath.com/meanpathbot.html)"
208.115.111.75 - - [30/Mar/2015:16:02:38 +0200] "GET /env/roland/sc880.html HTTP/1.1" 200 17092 "-" "Mozilla/5.0 (compatible; DotBot/1.1; http://www.opensiteexplorer.org/dotbot, help@moz.com)"
66.249.78.213 - - [31/Mar/2015:00:59:15 +0200] "GET /fdzidlugfcyokzwp.html HTTP/1.1" 404 1256 "-" "Mozilla/5.0 (compatible; Googlebot/2.1; +http://www.google.com/bot.html)"
209.222.8.107 - - [31/Mar/2015:01:09:02 +0200] "GET /env/jomox/jomox.html HTTP/1.1" 200 14935 "-" "Mozilla/5.0 (compatible; AhrefsBot/5.0; +http://ahrefs.com/robot/)"
66.249.78.206 - - [31/Mar/2015:08:28:00 +0200] "GET /robots.txt HTTP/1.1" 200 298 "-" "Mozilla/5.0 (compatible; Googlebot/2.1; +http://www.google.com/bot.html)"
66.249.78.213 - - [31/Mar/2015:08:28:00 +0200] "GET / HTTP/1.1" 200 15853 "-" "Mozilla/5.0 (iPhone; CPU iPhone OS 6_0 like Mac OS X) AppleWebKit/536.26 (KHTML, like Gecko) Version/6.0 Mobile/10A5376e Safari/8536.25 (compatible; Googlebot/2.1; +http://www.google.com/bot.html)"
66.249.78.199 - - [31/Mar/2015:10:11:21 +0200] "GET /env/env.html HTTP/1.1" 200 12438 "-" "Mozilla/5.0 (compatible; Googlebot/2.1; +http://www.google.com/bot.html)"
66.249.78.199 - - [31/Mar/2015:14:31:50 +0200] "GET /links/links.html HTTP/1.1" 200 278 "-" "Mozilla/5.0 (compatible; Googlebot/2.1; +http://www.google.com/bot.html)"
208.115.111.75 - - [31/Mar/2015:14:50:03 +0200] "GET /robots.txt HTTP/1.1" 200 298 "-" "Mozilla/5.0 (compatible; DotBot/1.1; http://www.opensiteexplorer.org/dotbot, help@moz.com)"
208.115.111.75 - - [31/Mar/2015:16:02:02 +0200] "GET /index.html HTTP/1.1" 200 15853 "-" "Mozilla/5.0 (compatible; DotBot/1.1; http://www.opensiteexplorer.org/dotbot, help@moz.com)"
188.143.232.19 - - [31/Mar/2015:22:43:29 +0200] "GET / HTTP/1.1" 200 15853 "-" "Mozilla/4.0 (compatible; MSIE 6.0; Windows NT 5.1; SV1)"
188.143.232.19 - - [31/Mar/2015:22:43:29 +0200] "GET /index.html HTTP/1.1" 200 15853 "-" "Mozilla/4.0 (compatible; MSIE 6.0; Windows NT 5.1; SV1)"
188.143.232.19 - - [31/Mar/2015:22:43:29 +0200] "GET /env/env.html HTTP/1.1" 200 12438 "-" "Mozilla/4.0 (compatible; MSIE 6.0; Windows NT 5.1; SV1)"
188.143.232.19 - - [31/Mar/2015:22:43:30 +0200] "GET /friends/friends.html HTTP/1.1" 401 1226 "-" "Mozilla/4.0 (compatible; MSIE 6.0; Windows NT 5.1; SV1)"
188.143.232.19 - - [31/Mar/2015:22:43:30 +0200] "GET /phpBB2/index.php HTTP/1.1" 401 1226 "-" "Mozilla/4.0 (compatible; MSIE 6.0; Windows NT 5.1; SV1)"
188.143.232.19 - - [31/Mar/2015:22:43:30 +0200] "GET /privat/privat.html HTTP/1.1" 401 1226 "-" "Mozilla/4.0 (compatible; MSIE 6.0; Windows NT 5.1; SV1)"
188.143.232.19 - - [31/Mar/2015:22:43:30 +0200] "GET /impressum/impressum.html HTTP/1.1" 200 7872 "-" "Mozilla/4.0 (compatible; MSIE 6.0; Windows NT 5.1; SV1)"
188.143.232.19 - - [31/Mar/2015:22:43:30 +0200] "GET /env/jomox/jomox.html HTTP/1.1" 200 14935 "-" "Mozilla/4.0 (compatible; MSIE 6.0; Windows NT 5.1; SV1)"