217.212.224.183 - - [01/Sep/2014:02:47:32 +0200] "GET /robots.txt HTTP/1.0" 200 298 "-" "psbot/0.1 (+http://www.picsearch.com/bot.html)"
217.212.224.181 - - [01/Sep/2014:02:47:32 +0200] "GET /index.html HTTP/1.0" 304 - "-" "psbot/0.1 (+http://www.picsearch.com/bot.html)"
199.217.117.32 - - [01/Sep/2014:03:42:45 +0200] "GET /robots.txt HTTP/1.1" 200 298 "-" "Mozilla/5.0 (compatible; wwwtype)"
199.217.117.32 - - [01/Sep/2014:03:42:46 +0200] "GET / HTTP/1.1" 206 15853 "-" "Mozilla/5.0 (compatible; wwwtype)"
66.249.78.198 - - [01/Sep/2014:07:05:41 +0200] "GET /mkxjtvnc.html HTTP/1.1" 404 1256 "-" "Mozilla/5.0 (compatible; Googlebot/2.1; +http://www.google.com/bot.html)"
37.58.100.80 - - [02/Sep/2014:00:38:46 +0200] "GET /env/env.html HTTP/1.1" 200 12438 "-" "Mozilla/5.0 (compatible; AhrefsBot/5.0; +http://ahrefs.com/robot/)"
64.246.165.190 - - [02/Sep/2014:03:04:03 +0200] "GET /robots.txt HTTP/1.0" 200 298 "-" "Mozilla/5.0 (Windows; U; Windows NT 5.1; en; rv:1.9.0.13) Gecko/2009073022 Firefox/3.5.2 (.NET CLR 3.5.30729) SurveyBot/2.3 (DomainTools)"
64.246.165.190 - - [02/Sep/2014:03:04:03 +0200] "GET / HTTP/1.1" 200 15853 "http://whois.domaintools.com/soundpatcher.de" "Mozilla/5.0 (Windows; U; Windows NT 5.1; en; rv:1.9.0.13) Gecko/2009073022 Firefox/3.5.2 (.NET CLR 3.5.30729) SurveyBot/2.3 (DomainTools)"
66.249.78.198 - - [02/Sep/2014:09:44:47 +0200] "GET /robots.txt HTTP/1.1" 200 298 "-" "Mozilla/5.0 (compatible; Googlebot/2.1; +http://www.google.com/bot.html)"
66.249.78.212 - - [02/Sep/2014:09:44:47 +0200] "GET /favicon.ico HTTP/1.1" 404 1256 "-" "Googlebot-Image/1.0"
148.251.11.142 - - [02/Sep/2014:10:03:56 +0200] "GET /robots.txt HTTP/1.1" 200 298 "-" "Apache-HttpClient/4.3 (java 1.5)"
148.251.11.142 - - [02/Sep/2014:10:03:56 +0200] "GET / HTTP/1.1" 200 15853 "-" "Apache-HttpClient/4.3 (java 1.5)"
178.255.215.68 - - [02/Sep/2014:13:03:15 +0200] "GET /robots.txt HTTP/1.1" 200 298 "-" "Mozilla/5.0 (compatible; Exabot/3.0; +http://www.exabot.com/go/robot)"
178.255.215.68 - - [02/Sep/2014:13:03:15 +0200] "GET /phpBB2/index.php HTTP/1.1" 401 1226 "-" "Mozilla/5.0 (compatible; Exabot/3.0; +http://www.exabot.com/go/robot)"
157.55.39.80 - - [02/Sep/2014:15:35:06 +0200] "GET /robots.txt HTTP/1.1" 200 298 "-" "Mozilla/5.0 (compatible; bingbot/2.0; +http://www.bing.com/bingbot.htm)"
157.55.39.80 - - [02/Sep/2014:15:35:11 +0200] "GET /links/links.html HTTP/1.1" 304 - "-" "Mozilla/5.0 (compatible; bingbot/2.0; +http://www.bing.com/bingbot.htm)"
176.57.143.60 - - [02/Sep/2014:16:44:18 +0200] "GET / HTTP/1.1" 200 15853 "-" "Mozilla/5.0 (Windows NT 5.1) AppleWebKit/537.31 (KHTML, like Gecko) Chrome/26.0.1410.43 Safari/537.31"
176.57.143.60 - - [02/Sep/2014:16:44:20 +0200] "GET /impressum/impressum.html HTTP/1.1" 200 7872 "-" "Mozilla/5.0 (Windows NT 6.1; WOW64; rv:21.0) Gecko/20100101 Firefox/21.0"
141.8.147.12 - - [03/Sep/2014:03:56:55 +0200] "GET /robots.txt HTTP/1.1" 200 298 "-" "Mozilla/5.0 (compatible; YandexBot/3.0; +http://yandex.com/bots)"
141.8.147.12 - - [03/Sep/2014:03:56:57 +0200] "GET / HTTP/1.1" 200 15853 "-" "Mozilla/5.0 (compatible; YandexBot/3.0; +http://yandex.com/bots)"
141.8.147.12 - - [03/Sep/2014:03:56:59 +0200] "GET /index.html HTTP/1.1" 200 15853 "-" "Mozilla/5.0 (compatible; YandexBot/3.0; +http://yandex.com/bots)"
141.8.147.12 - - [03/Sep/2014:03:57:02 +0200] "GET / HTTP/1.1" 200 15853 "-" "Mozilla/5.0 (compatible; YandexBot/3.0; +http://yandex.com/bots)"
141.8.147.12 - - [03/Sep/2014:03:57:04 +0200] "GET /index.html HTTP/1.1" 200 15853 "-" "Mozilla/5.0 (compatible; YandexBot/3.0; +http://yandex.com/bots)"
157.55.39.245 - - [03/Sep/2014:16:06:33 +0200] "GET /robots.txt HTTP/1.1" 200 298 "-" "Mozilla/5.0 (compatible; bingbot/2.0; +http://www.bing.com/bingbot.htm)"
157.55.39.245 - - [03/Sep/2014:16:06:35 +0200] "GET / HTTP/1.1" 200 15853 "-" "Mozilla/5.0 (compatible; bingbot/2.0; +http://www.bing.com/bingbot.htm)"
66.249.69.22 - - [03/Sep/2014:17:20:55 +0200] "GET /robots.txt HTTP/1.1" 200 298 "-" "Mozilla/5.0 (compatible; Googlebot/2.1; +http://www.google.com/bot.html)"
66.249.69.248 - - [03/Sep/2014:17:20:55 +0200] "GET /env/jomox/pics/airbase99_small+.jpg HTTP/1.1" 304 - "-" "Googlebot-Image/1.0"
66.249.69.22 - - [03/Sep/2014:20:59:28 +0200] "GET /images/logo_big.jpg HTTP/1.1" 200 12681 "-" "Googlebot-Image/1.0"
37.58.100.154 - - [03/Sep/2014:22:17:58 +0200] "GET /env/roland/sc880.html HTTP/1.1" 200 17092 "-" "Mozilla/5.0 (compatible; AhrefsBot/5.0; +http://ahrefs.com/robot/)"
157.55.39.245 - - [04/Sep/2014:07:58:59 +0200] "GET /impressum/impressum.html HTTP/1.1" 200 7872 "-" "Mozilla/5.0 (compatible; bingbot/2.0; +http://www.bing.com/bingbot.htm)"
157.55.39.80 - - [04/Sep/2014:07:59:03 +0200] "GET /robots.txt HTTP/1.1" 200 298 "-" "Mozilla/5.0 (compatible; bingbot/2.0; +http://www.bing.com/bingbot.htm)"
157.55.39.80 - - [04/Sep/2014:07:59:03 +0200] "GET /robots.txt HTTP/1.1" 200 298 "-" "Mozilla/5.0 (compatible; bingbot/2.0; +http://www.bing.com/bingbot.htm)"
157.55.39.80 - - [04/Sep/2014:07:59:03 +0200] "GET /robots.txt HTTP/1.1" 200 298 "-" "Mozilla/5.0 (compatible; bingbot/2.0; +http://www.bing.com/bingbot.htm)"
157.55.39.245 - - [04/Sep/2014:07:59:15 +0200] "GET /impressum/images/15x15.jpg HTTP/1.1" 200 631 "-" "Mozilla/5.0 (compatible; bingbot/2.0; +http://www.bing.com/bingbot.htm)"
157.55.39.245 - - [04/Sep/2014:07:59:16 +0200] "GET /impressum/images/span.jpg HTTP/1.1" 200 811 "-" "Mozilla/5.0 (compatible; bingbot/2.0; +http://www.bing.com/bingbot.htm)"
157.55.39.80 - - [04/Sep/2014:07:59:19 +0200] "GET /impressum/images/10x10_CCCCCC.jpg HTTP/1.1" 200 631 "-" "Mozilla/5.0 (compatible; bingbot/2.0; +http://www.bing.com/bingbot.htm)"
157.55.39.80 - - [04/Sep/2014:07:59:19 +0200] "GET /impressum/images/logo_big.jpg HTTP/1.1" 200 12681 "-" "Mozilla/5.0 (compatible; bingbot/2.0; +http://www.bing.com/bingbot.htm)"
178.255.215.88 - - [04/Sep/2014:11:02:51 +0200] "GET /robots.txt HTTP/1.1" 200 298 "-" "Mozilla/5.0 (compatible; Exabot/3.0 (BiggerBetter); +http://www.exabot.com/go/robot)"
178.255.215.88 - - [04/Sep/2014:11:02:52 +0200] "GET /impressum/impressum.html HTTP/1.1" 200 7872 "-" "Mozilla/5.0 (compatible; Exabot/3.0 (BiggerBetter); +http://www.exabot.com/go/robot)"
207.46.13.21 - - [04/Sep/2014:14:32:04 +0200] "GET /env/roland/sc880.html HTTP/1.1" 304 - "-" "Mozilla/5.0 (compatible; bingbot/2.0; +http://www.bing.com/bingbot.htm)"
217.212.224.183 - - [05/Sep/2014:11:03:31 +0200] "GET /robots.txt HTTP/1.0" 200 298 "-" "psbot/0.1 (+http://www.picsearch.com/bot.html)"
217.212.224.181 - - [05/Sep/2014:11:03:31 +0200] "GET /env/jomox/pics/pic_airbase99.html HTTP/1.0" 304 - "-" "psbot/0.1 (+http://www.picsearch.com/bot.html)"
217.212.224.181 - - [05/Sep/2014:11:04:44 +0200] "GET /env/env.html HTTP/1.0" 304 - "-" "psbot/0.1 (+http://www.picsearch.com/bot.html)"
217.212.224.181 - - [05/Sep/2014:11:05:53 +0200] "GET /env/roland/pics/pic_sc880.html HTTP/1.0" 304 - "-" "psbot/0.1 (+http://www.picsearch.com/bot.html)"
217.212.224.181 - - [05/Sep/2014:11:07:02 +0200] "GET /impressum/impressum.html HTTP/1.0" 304 - "-" "psbot/0.1 (+http://www.picsearch.com/bot.html)"
81.209.177.145 - - [05/Sep/2014:12:40:38 +0200] "GET /robots.txt HTTP/1.1" 200 298 "-" "netEstate NE Crawler (+http://www.website-datenbank.de/)"
81.209.177.145 - - [05/Sep/2014:12:40:38 +0200] "GET / HTTP/1.1" 200 15853 "-" "netEstate NE Crawler (+http://www.website-datenbank.de/)"
81.209.177.145 - - [05/Sep/2014:12:40:38 +0200] "GET /impressum/impressum.html HTTP/1.1" 200 7872 "-" "netEstate NE Crawler (+http://www.website-datenbank.de/)"
81.209.177.145 - - [05/Sep/2014:12:40:38 +0200] "GET / HTTP/1.1" 200 15853 "-" "netEstate NE Crawler (+http://www.website-datenbank.de/)"
141.8.147.12 - - [05/Sep/2014:14:59:24 +0200] "GET /robots.txt HTTP/1.1" 200 298 "-" "Mozilla/5.0 (compatible; YandexBot/3.0; +http://yandex.com/bots)"
141.8.147.12 - - [05/Sep/2014:14:59:26 +0200] "GET / HTTP/1.1" 200 15853 "-" "Mozilla/5.0 (compatible; YandexBot/3.0; +http://yandex.com/bots)"
37.58.100.152 - - [06/Sep/2014:00:15:36 +0200] "GET /env/jomox/pics/pic_airbase99.html HTTP/1.1" 200 759 "-" "Mozilla/5.0 (compatible; AhrefsBot/5.0; +http://ahrefs.com/robot/)"
91.52.247.77 - - [06/Sep/2014:07:39:01 +0200] "GET / HTTP/1.1" 200 15853 "https://www.google.de/" "Mozilla/5.0 (iPad; CPU OS 7_1_2 like Mac OS X) AppleWebKit/537.51.2 (KHTML, like Gecko) Version/7.0 Mobile/11D257 Safari/9537.53"
91.52.247.77 - - [06/Sep/2014:07:39:01 +0200] "GET /images/logo_big.jpg HTTP/1.1" 200 12681 "http://www.soundpatcher.de/" "Mozilla/5.0 (iPad; CPU OS 7_1_2 like Mac OS X) AppleWebKit/537.51.2 (KHTML, like Gecko) Version/7.0 Mobile/11D257 Safari/9537.53"
91.52.247.77 - - [06/Sep/2014:07:39:01 +0200] "GET /images/span.jpg HTTP/1.1" 200 811 "http://www.soundpatcher.de/" "Mozilla/5.0 (iPad; CPU OS 7_1_2 like Mac OS X) AppleWebKit/537.51.2 (KHTML, like Gecko) Version/7.0 Mobile/11D257 Safari/9537.53"
91.52.247.77 - - [06/Sep/2014:07:39:01 +0200] "GET /images/15x15.jpg HTTP/1.1" 200 631 "http://www.soundpatcher.de/" "Mozilla/5.0 (iPad; CPU OS 7_1_2 like Mac OS X) AppleWebKit/537.51.2 (KHTML, like Gecko) Version/7.0 Mobile/11D257 Safari/9537.53"
91.52.247.77 - - [06/Sep/2014:07:39:01 +0200] "GET /images/10x10_CCCCCC.jpg HTTP/1.1" 200 631 "http://www.soundpatcher.de/" "Mozilla/5.0 (iPad; CPU OS 7_1_2 like Mac OS X) AppleWebKit/537.51.2 (KHTML, like Gecko) Version/7.0 Mobile/11D257 Safari/9537.53"
91.52.247.77 - - [06/Sep/2014:07:39:01 +0200] "GET /images/pixel.gif HTTP/1.1" 200 43 "http://www.soundpatcher.de/" "Mozilla/5.0 (iPad; CPU OS 7_1_2 like Mac OS X) AppleWebKit/537.51.2 (KHTML, like Gecko) Version/7.0 Mobile/11D257 Safari/9537.53"
91.52.247.77 - - [06/Sep/2014:07:39:01 +0200] "GET /env/jomox/pics/airbase99_small.jpg HTTP/1.1" 200 5206 "http://www.soundpatcher.de/" "Mozilla/5.0 (iPad; CPU OS 7_1_2 like Mac OS X) AppleWebKit/537.51.2 (KHTML, like Gecko) Version/7.0 Mobile/11D257 Safari/9537.53"
91.52.247.77 - - [06/Sep/2014:07:39:08 +0200] "GET /env/env.html HTTP/1.1" 200 12438 "http://www.soundpatcher.de/" "Mozilla/5.0 (iPad; CPU OS 7_1_2 like Mac OS X) AppleWebKit/537.51.2 (KHTML, like Gecko) Version/7.0 Mobile/11D257 Safari/9537.53"
91.52.247.77 - - [06/Sep/2014:07:39:09 +0200] "GET /env/images/logo_big.jpg HTTP/1.1" 200 12681 "http://www.soundpatcher.de/env/env.html" "Mozilla/5.0 (iPad; CPU OS 7_1_2 like Mac OS X) AppleWebKit/537.51.2 (KHTML, like Gecko) Version/7.0 Mobile/11D257 Safari/9537.53"
91.52.247.77 - - [06/Sep/2014:07:39:09 +0200] "GET /env/images/pixel.gif HTTP/1.1" 200 43 "http://www.soundpatcher.de/env/env.html" "Mozilla/5.0 (iPad; CPU OS 7_1_2 like Mac OS X) AppleWebKit/537.51.2 (KHTML, like Gecko) Version/7.0 Mobile/11D257 Safari/9537.53"
91.52.247.77 - - [06/Sep/2014:07:39:09 +0200] "GET /env/images/span.jpg HTTP/1.1" 200 811 "http://www.soundpatcher.de/env/env.html" "Mozilla/5.0 (iPad; CPU OS 7_1_2 like Mac OS X) AppleWebKit/537.51.2 (KHTML, like Gecko) Version/7.0 Mobile/11D257 Safari/9537.53"
91.52.247.77 - - [06/Sep/2014:07:39:09 +0200] "GET /env/images/10x10_CCCCCC.jpg HTTP/1.1" 200 631 "http://www.soundpatcher.de/env/env.html" "Mozilla/5.0 (iPad; CPU OS 7_1_2 like Mac OS X) AppleWebKit/537.51.2 (KHTML, like Gecko) Version/7.0 Mobile/11D257 Safari/9537.53"
91.52.247.77 - - [06/Sep/2014:07:39:09 +0200] "GET /env/images/15x15.jpg HTTP/1.1" 200 631 "http://www.soundpatcher.de/env/env.html" "Mozilla/5.0 (iPad; CPU OS 7_1_2 like Mac OS X) AppleWebKit/537.51.2 (KHTML, like Gecko) Version/7.0 Mobile/11D257 Safari/9537.53"
91.52.247.77 - - [06/Sep/2014:07:39:09 +0200] "GET /env/roland/pics/sc880_small.jpg HTTP/1.1" 200 6144 "http://www.soundpatcher.de/env/env.html" "Mozilla/5.0 (iPad; CPU OS 7_1_2 like Mac OS X) AppleWebKit/537.51.2 (KHTML, like Gecko) Version/7.0 Mobile/11D257 Safari/9537.53"
91.52.247.77 - - [06/Sep/2014:07:39:15 +0200] "GET /env/roland/sc880.html HTTP/1.1" 200 17092 "http://www.soundpatcher.de/env/env.html" "Mozilla/5.0 (iPad; CPU OS 7_1_2 like Mac OS X) AppleWebKit/537.51.2 (KHTML, like Gecko) Version/7.0 Mobile/11D257 Safari/9537.53"
91.52.247.77 - - [06/Sep/2014:07:39:15 +0200] "GET /env/roland/images/logo_big.jpg HTTP/1.1" 200 12681 "http://www.soundpatcher.de/env/roland/sc880.html" "Mozilla/5.0 (iPad; CPU OS 7_1_2 like Mac OS X) AppleWebKit/537.51.2 (KHTML, like Gecko) Version/7.0 Mobile/11D257 Safari/9537.53"
91.52.247.77 - - [06/Sep/2014:07:39:15 +0200] "GET /env/roland/images/span.jpg HTTP/1.1" 200 811 "http://www.soundpatcher.de/env/roland/sc880.html" "Mozilla/5.0 (iPad; CPU OS 7_1_2 like Mac OS X) AppleWebKit/537.51.2 (KHTML, like Gecko) Version/7.0 Mobile/11D257 Safari/9537.53"
91.52.247.77 - - [06/Sep/2014:07:39:15 +0200] "GET /env/roland/images/pixel.gif HTTP/1.1" 200 43 "http://www.soundpatcher.de/env/roland/sc880.html" "Mozilla/5.0 (iPad; CPU OS 7_1_2 like Mac OS X) AppleWebKit/537.51.2 (KHTML, like Gecko) Version/7.0 Mobile/11D257 Safari/9537.53"
91.52.247.77 - - [06/Sep/2014:07:39:15 +0200] "GET /env/roland/images/10x10_CCCCCC.jpg HTTP/1.1" 200 631 "http://www.soundpatcher.de/env/roland/sc880.html" "Mozilla/5.0 (iPad; CPU OS 7_1_2 like Mac OS X) AppleWebKit/537.51.2 (KHTML, like Gecko) Version/7.0 Mobile/11D257 Safari/9537.53"
91.52.247.77 - - [06/Sep/2014:07:39:15 +0200] "GET /env/roland/images/15x15.jpg HTTP/1.1" 200 631 "http://www.soundpatcher.de/env/roland/sc880.html" "Mozilla/5.0 (iPad; CPU OS 7_1_2 like Mac OS X) AppleWebKit/537.51.2 (KHTML, like Gecko) Version/7.0 Mobile/11D257 Safari/9537.53"
91.52.247.77 - - [06/Sep/2014:07:39:15 +0200] "GET /env/roland/pics/sc880_small+.jpg HTTP/1.1" 200 6084 "http://www.soundpatcher.de/env/roland/sc880.html" "Mozilla/5.0 (iPad; CPU OS 7_1_2 like Mac OS X) AppleWebKit/537.51.2 (KHTML, like Gecko) Version/7.0 Mobile/11D257 Safari/9537.53"
91.52.247.77 - - [06/Sep/2014:07:39:19 +0200] "GET /env/roland/pics/pic_sc880.html HTTP/1.1" 200 755 "http://www.soundpatcher.de/env/roland/sc880.html" "Mozilla/5.0 (iPad; CPU OS 7_1_2 like Mac OS X) AppleWebKit/537.51.2 (KHTML, like Gecko) Version/7.0 Mobile/11D257 Safari/9537.53"
91.52.247.77 - - [06/Sep/2014:07:39:19 +0200] "GET /env/roland/pics/sc880_mid.jpg HTTP/1.1" 200 265730 "http://www.soundpatcher.de/env/roland/pics/pic_sc880.html" "Mozilla/5.0 (iPad; CPU OS 7_1_2 like Mac OS X) AppleWebKit/537.51.2 (KHTML, like Gecko) Version/7.0 Mobile/11D257 Safari/9537.53"
85.25.202.18 - - [06/Sep/2014:08:15:27 +0200] "GET / HTTP/1.1" 200 15853 "http://www.sumaja.de/?such_wert=logic" "T-Online Browser"
148.251.11.142 - - [06/Sep/2014:18:37:35 +0200] "GET /robots.txt HTTP/1.1" 200 298 "-" "Apache-HttpClient/4.3 (java 1.5)"
148.251.11.142 - - [06/Sep/2014:18:37:35 +0200] "GET / HTTP/1.1" 200 15853 "-" "Apache-HttpClient/4.3 (java 1.5)"
37.58.100.69 - - [07/Sep/2014:04:31:07 +0200] "GET /robots.txt HTTP/1.1" 200 298 "-" "Mozilla/5.0 (compatible; AhrefsBot/5.0; +http://ahrefs.com/robot/)"
144.76.163.48 - - [07/Sep/2014:06:44:07 +0200] "GET /impressum/impressum.html HTTP/1.1" 200 7872 "-" "Mozilla/5.0 (compatible; MSIE 10.0; Windows NT 6.1; Trident/5.0)"
141.8.189.109 - - [07/Sep/2014:08:50:18 +0200] "GET /robots.txt HTTP/1.1" 200 298 "-" "Mozilla/5.0 (compatible; YandexBot/3.0; +http://yandex.com/bots)"
141.8.189.109 - - [07/Sep/2014:10:44:28 +0200] "GET / HTTP/1.1" 200 15853 "-" "Mozilla/5.0 (compatible; YandexBot/3.0; +http://yandex.com/bots)"
141.8.147.12 - - [07/Sep/2014:11:56:16 +0200] "GET /robots.txt HTTP/1.1" 200 298 "-" "Mozilla/5.0 (compatible; YandexBot/3.0; +http://yandex.com/bots)"
37.58.100.72 - - [07/Sep/2014:15:52:48 +0200] "GET /env/roland/pics/pic_sc880.html HTTP/1.1" 200 755 "-" "Mozilla/5.0 (compatible; AhrefsBot/5.0; +http://ahrefs.com/robot/)"
141.8.147.12 - - [07/Sep/2014:16:10:11 +0200] "GET /env/env.html HTTP/1.1" 200 12438 "-" "Mozilla/5.0 (compatible; YandexBot/3.0; +http://yandex.com/bots)"
37.58.100.85 - - [07/Sep/2014:19:24:08 +0200] "GET /links/links.html HTTP/1.1" 200 278 "-" "Mozilla/5.0 (compatible; AhrefsBot/5.0; +http://ahrefs.com/robot/)"
178.62.163.217 - - [07/Sep/2014:21:48:57 +0200] "GET / HTTP/1.0" 200 15853 "-" "Mozilla/5.0 (Windows NT 6.1; WOW64; rv:18.0) Gecko/20100101 Firefox/18.0"
157.55.39.246 - - [07/Sep/2014:22:14:02 +0200] "GET /robots.txt HTTP/1.1" 200 298 "-" "Mozilla/5.0 (compatible; bingbot/2.0; +http://www.bing.com/bingbot.htm)"
157.55.39.246 - - [07/Sep/2014:22:14:08 +0200] "GET /phpBB2/index.php HTTP/1.1" 401 1226 "-" "Mozilla/5.0 (compatible; bingbot/2.0; +http://www.bing.com/bingbot.htm)"
141.8.147.12 - - [07/Sep/2014:22:43:59 +0200] "GET /robots.txt HTTP/1.1" 200 298 "-" "Mozilla/5.0 (compatible; YandexBot/3.0; +http://yandex.com/bots)"
141.8.147.12 - - [08/Sep/2014:02:49:46 +0200] "GET /env/roland/sc880.html HTTP/1.1" 200 17092 "-" "Mozilla/5.0 (compatible; YandexBot/3.0; +http://yandex.com/bots)"
46.229.170.197 - - [08/Sep/2014:09:27:26 +0200] "GET / HTTP/1.1" 200 15853 "-" "Mozilla/5.0 (X11; Linux i686; rv:2.0.1) Gecko/20110518 Firefox/4.0.1"
141.8.147.12 - - [08/Sep/2014:15:34:25 +0200] "GET /robots.txt HTTP/1.1" 200 298 "-" "Mozilla/5.0 (compatible; YandexBot/3.0; +http://yandex.com/bots)"
141.8.147.12 - - [08/Sep/2014:15:34:31 +0200] "GET / HTTP/1.1" 200 15853 "-" "Mozilla/5.0 (compatible; YandexBot/3.0; +http://yandex.com/bots)"
208.115.111.75 - - [09/Sep/2014:00:03:55 +0200] "GET /robots.txt HTTP/1.1" 200 298 "-" "Mozilla/5.0 (compatible; DotBot/1.1; http://www.opensiteexplorer.org/dotbot, help@moz.com)"
91.61.91.157 - - [09/Sep/2014:00:36:04 +0200] "GET / HTTP/1.1" 200 15853 "-" "Mozilla/5.0 (Windows NT 6.1; WOW64) AppleWebKit/537.36 (KHTML, like Gecko) Chrome/37.0.2062.103 Safari/537.36"
91.61.91.157 - - [09/Sep/2014:00:36:04 +0200] "GET /images/logo_big.jpg HTTP/1.1" 200 12681 "http://www.soundpatcher.de/" "Mozilla/5.0 (Windows NT 6.1; WOW64) AppleWebKit/537.36 (KHTML, like Gecko) Chrome/37.0.2062.103 Safari/537.36"
91.61.91.157 - - [09/Sep/2014:00:36:04 +0200] "GET /images/span.jpg HTTP/1.1" 200 811 "http://www.soundpatcher.de/" "Mozilla/5.0 (Windows NT 6.1; WOW64) AppleWebKit/537.36 (KHTML, like Gecko) Chrome/37.0.2062.103 Safari/537.36"
91.61.91.157 - - [09/Sep/2014:00:36:04 +0200] "GET /images/pixel.gif HTTP/1.1" 200 43 "http://www.soundpatcher.de/" "Mozilla/5.0 (Windows NT 6.1; WOW64) AppleWebKit/537.36 (KHTML, like Gecko) Chrome/37.0.2062.103 Safari/537.36"
91.61.91.157 - - [09/Sep/2014:00:36:04 +0200] "GET /images/15x15.jpg HTTP/1.1" 200 631 "http://www.soundpatcher.de/" "Mozilla/5.0 (Windows NT 6.1; WOW64) AppleWebKit/537.36 (KHTML, like Gecko) Chrome/37.0.2062.103 Safari/537.36"
91.61.91.157 - - [09/Sep/2014:00:36:04 +0200] "GET /images/10x10_CCCCCC.jpg HTTP/1.1" 200 631 "http://www.soundpatcher.de/" "Mozilla/5.0 (Windows NT 6.1; WOW64) AppleWebKit/537.36 (KHTML, like Gecko) Chrome/37.0.2062.103 Safari/537.36"
91.61.91.157 - - [09/Sep/2014:00:36:04 +0200] "GET /env/jomox/pics/airbase99_small.jpg HTTP/1.1" 200 5206 "http://www.soundpatcher.de/" "Mozilla/5.0 (Windows NT 6.1; WOW64) AppleWebKit/537.36 (KHTML, like Gecko) Chrome/37.0.2062.103 Safari/537.36"
91.61.91.157 - - [09/Sep/2014:00:36:04 +0200] "GET /favicon.ico HTTP/1.1" 404 1256 "-" "Mozilla/5.0 (Windows NT 6.1; WOW64) AppleWebKit/537.36 (KHTML, like Gecko) Chrome/37.0.2062.103 Safari/537.36"
91.61.91.157 - - [09/Sep/2014:00:36:16 +0200] "GET /rookhus/rookhus1.zip HTTP/1.1" 200 163012967 "-" "Mozilla/5.0 (Windows NT 6.1; WOW64) AppleWebKit/537.36 (KHTML, like Gecko) Chrome/37.0.2062.103 Safari/537.36"
91.61.91.157 - - [09/Sep/2014:00:36:57 +0200] "GET /rookhus/rookhus2.zip HTTP/1.1" 200 347835403 "-" "Mozilla/5.0 (Windows NT 6.1; WOW64) AppleWebKit/537.36 (KHTML, like Gecko) Chrome/37.0.2062.103 Safari/537.36"
91.61.91.157 - - [09/Sep/2014:00:46:22 +0200] "GET /rookhus/rookhus3.zip HTTP/1.1" 200 517581433 "-" "Mozilla/5.0 (Windows NT 6.1; WOW64) AppleWebKit/537.36 (KHTML, like Gecko) Chrome/37.0.2062.103 Safari/537.36"
208.115.111.75 - - [09/Sep/2014:01:40:10 +0200] "GET /friends/friends.html HTTP/1.1" 401 1226 "-" "Mozilla/5.0 (compatible; DotBot/1.1; http://www.opensiteexplorer.org/dotbot, help@moz.com)"
37.58.100.228 - - [09/Sep/2014:07:40:41 +0200] "GET / HTTP/1.1" 200 15853 "-" "Mozilla/5.0 (compatible; AhrefsBot/5.0; +http://ahrefs.com/robot/)"
91.61.91.218 - - [09/Sep/2014:09:25:23 +0200] "GET /rookhus/rookhus1.zip HTTP/1.1" 200 163012967 "-" "Mozilla/5.0 (iPad; CPU OS 5_1_1 like Mac OS X) AppleWebKit/534.46 (KHTML, like Gecko) Version/5.1 Mobile/9B206 Safari/7534.48.3"
91.61.91.218 - - [09/Sep/2014:09:25:40 +0200] "GET /rookhus/rookhus1.zip HTTP/1.1" 200 163012967 "-" "Mozilla/5.0 (iPad; CPU OS 5_1_1 like Mac OS X) AppleWebKit/534.46 (KHTML, like Gecko) Version/5.1 Mobile/9B206 Safari/7534.48.3"
148.251.11.142 - - [09/Sep/2014:12:32:43 +0200] "GET /robots.txt HTTP/1.1" 200 298 "-" "Apache-HttpClient/4.3 (java 1.5)"
148.251.11.142 - - [09/Sep/2014:12:32:43 +0200] "GET / HTTP/1.1" 200 15853 "-" "Apache-HttpClient/4.3 (java 1.5)"
192.168.10.8 - - [09/Sep/2014:14:29:01 +0200] "GET /rookhus/rookhus2.zip HTTP/1.1" 200 347835403 "-" "Mozilla/5.0 (Windows NT 6.1; WOW64) AppleWebKit/537.36 (KHTML, like Gecko) Chrome/31.0.1650.57 Safari/537.36"
192.168.10.8 - - [09/Sep/2014:14:29:15 +0200] "GET /rookhus/rookhus1.zip HTTP/1.1" 200 163012967 "-" "Mozilla/5.0 (Windows NT 6.1; WOW64) AppleWebKit/537.36 (KHTML, like Gecko) Chrome/31.0.1650.57 Safari/537.36"
192.168.10.8 - - [09/Sep/2014:14:29:24 +0200] "GET /rookhus/rookhus3.zip HTTP/1.1" 200 517581433 "-" "Mozilla/5.0 (Windows NT 6.1; WOW64) AppleWebKit/537.36 (KHTML, like Gecko) Chrome/31.0.1650.57 Safari/537.36"
95.222.216.11 - - [09/Sep/2014:14:44:14 +0200] "GET / HTTP/1.1" 200 15853 "http://www.google.de/url?sa=t&rct=j&q=&esrc=s&source=web&cd=1&ved=0CCEQFjAA&url=http%3A%2F%2Fwww.soundpatcher.de%2F&ei=-fUOVNH5Gs7H7AbRsYDgAw&usg=AFQjCNGKY1SlpKGXOuBramI1Du2LxEheew&sig2=_esPq0CHhN5EdKezgmjktg&bvm=bv.74649129,d.bGQ" "Mozilla/5.0 (Windows NT 6.1; WOW64; rv:31.0) Gecko/20100101 Firefox/31.0"
95.222.216.11 - - [09/Sep/2014:14:44:14 +0200] "GET /images/logo_big.jpg HTTP/1.1" 200 12681 "http://www.soundpatcher.de/" "Mozilla/5.0 (Windows NT 6.1; WOW64; rv:31.0) Gecko/20100101 Firefox/31.0"
95.222.216.11 - - [09/Sep/2014:14:44:14 +0200] "GET /images/span.jpg HTTP/1.1" 200 811 "http://www.soundpatcher.de/" "Mozilla/5.0 (Windows NT 6.1; WOW64; rv:31.0) Gecko/20100101 Firefox/31.0"
95.222.216.11 - - [09/Sep/2014:14:44:14 +0200] "GET /images/pixel.gif HTTP/1.1" 200 43 "http://www.soundpatcher.de/" "Mozilla/5.0 (Windows NT 6.1; WOW64; rv:31.0) Gecko/20100101 Firefox/31.0"
95.222.216.11 - - [09/Sep/2014:14:44:15 +0200] "GET /images/15x15.jpg HTTP/1.1" 200 631 "http://www.soundpatcher.de/" "Mozilla/5.0 (Windows NT 6.1; WOW64; rv:31.0) Gecko/20100101 Firefox/31.0"
95.222.216.11 - - [09/Sep/2014:14:44:15 +0200] "GET /images/10x10_CCCCCC.jpg HTTP/1.1" 200 631 "http://www.soundpatcher.de/" "Mozilla/5.0 (Windows NT 6.1; WOW64; rv:31.0) Gecko/20100101 Firefox/31.0"
95.222.216.11 - - [09/Sep/2014:14:44:15 +0200] "GET /env/jomox/pics/airbase99_small.jpg HTTP/1.1" 200 5206 "http://www.soundpatcher.de/" "Mozilla/5.0 (Windows NT 6.1; WOW64; rv:31.0) Gecko/20100101 Firefox/31.0"
95.222.216.11 - - [09/Sep/2014:14:44:15 +0200] "GET /favicon.ico HTTP/1.1" 404 1256 "-" "Mozilla/5.0 (Windows NT 6.1; WOW64; rv:31.0) Gecko/20100101 Firefox/31.0"
95.222.216.11 - - [09/Sep/2014:14:44:15 +0200] "GET /favicon.ico HTTP/1.1" 404 1256 "-" "Mozilla/5.0 (Windows NT 6.1; WOW64; rv:31.0) Gecko/20100101 Firefox/31.0"
88.152.166.101 - - [09/Sep/2014:18:21:59 +0200] "GET /rookhus/rookhus1.zip HTTP/1.1" 200 163012967 "-" "Mozilla/5.0 (Windows NT 6.1; WOW64) AppleWebKit/537.36 (KHTML, like Gecko) Chrome/37.0.2062.103 Safari/537.36"
88.152.166.101 - - [09/Sep/2014:18:27:20 +0200] "GET /rookhus/rookhus2.zip HTTP/1.1" 200 347835403 "-" "Mozilla/5.0 (Windows NT 6.1; WOW64) AppleWebKit/537.36 (KHTML, like Gecko) Chrome/37.0.2062.103 Safari/537.36"
88.152.166.101 - - [09/Sep/2014:18:35:36 +0200] "GET /rookhus/rookhus3.zip HTTP/1.1" 200 517581433 "-" "Mozilla/5.0 (Windows NT 6.1; WOW64) AppleWebKit/537.36 (KHTML, like Gecko) Chrome/37.0.2062.103 Safari/537.36"
157.55.39.4 - - [09/Sep/2014:21:54:29 +0200] "GET /env/env.html HTTP/1.1" 200 12438 "-" "Mozilla/5.0 (compatible; bingbot/2.0; +http://www.bing.com/bingbot.htm)"
87.189.121.191 - - [09/Sep/2014:22:43:35 +0200] "GET /rookhus/rookhus1.zip HTTP/1.1" 200 163012967 "-" "Mozilla/5.0 (iPad; CPU OS 7_1_2 like Mac OS X) AppleWebKit/537.51.2 (KHTML, like Gecko) Version/7.0 Mobile/11D257 Safari/9537.53"
117.78.13.29 - - [10/Sep/2014:14:02:45 +0200] "GET /robots.txt HTTP/1.0" 200 298 "-" "nutch-1.4/Nutch-1.4"
117.78.13.29 - - [10/Sep/2014:14:02:46 +0200] "GET / HTTP/1.0" 200 15853 "-" "nutch-1.4/Nutch-1.4"
157.55.39.80 - - [10/Sep/2014:15:57:59 +0200] "GET /robots.txt HTTP/1.1" 200 298 "-" "Mozilla/5.0 (compatible; bingbot/2.0; +http://www.bing.com/bingbot.htm)"
157.55.39.80 - - [10/Sep/2014:15:58:01 +0200] "GET /env/jomox/download/airbase99.LSO HTTP/1.1" 200 387896 "-" "Mozilla/5.0 (compatible; bingbot/2.0; +http://www.bing.com/bingbot.htm)"
157.55.39.80 - - [10/Sep/2014:15:58:11 +0200] "GET /robots.txt HTTP/1.1" 200 298 "-" "Mozilla/5.0 (compatible; bingbot/2.0; +http://www.bing.com/bingbot.htm)"
66.249.78.198 - - [10/Sep/2014:17:43:55 +0200] "GET /robots.txt HTTP/1.1" 200 298 "-" "Mozilla/5.0 (compatible; Googlebot/2.1; +http://www.google.com/bot.html)"
66.249.78.212 - - [10/Sep/2014:17:43:55 +0200] "GET /impressum/impressum.html HTTP/1.1" 304 - "-" "Mozilla/5.0 (iPhone; CPU iPhone OS 6_0 like Mac OS X) AppleWebKit/536.26 (KHTML, like Gecko) Version/6.0 Mobile/10A5376e Safari/8536.25 (compatible; Googlebot/2.1; +http://www.google.com/bot.html)"
66.249.64.130 - - [10/Sep/2014:19:54:07 +0200] "GET /robots.txt HTTP/1.1" 200 298 "-" "Mozilla/5.0 (compatible; Googlebot/2.1; +http://www.google.com/bot.html)"
66.249.64.134 - - [10/Sep/2014:19:54:07 +0200] "GET /env/env.html HTTP/1.1" 200 12438 "-" "Mozilla/5.0 (iPhone; CPU iPhone OS 6_0 like Mac OS X) AppleWebKit/536.26 (KHTML, like Gecko) Version/6.0 Mobile/10A5376e Safari/8536.25 (compatible; Googlebot/2.1; +http://www.google.com/bot.html)"
141.8.147.12 - - [10/Sep/2014:19:59:42 +0200] "GET /robots.txt HTTP/1.1" 200 298 "-" "Mozilla/5.0 (compatible; YandexBot/3.0; +http://yandex.com/bots)"
141.8.147.12 - - [10/Sep/2014:19:59:45 +0200] "GET /index.html HTTP/1.1" 200 15853 "-" "Mozilla/5.0 (compatible; YandexBot/3.0; +http://yandex.com/bots)"
37.58.100.136 - - [10/Sep/2014:23:23:15 +0200] "GET /privat/privat.html HTTP/1.1" 401 1226 "-" "Mozilla/5.0 (compatible; AhrefsBot/5.0; +http://ahrefs.com/robot/)"
66.249.78.212 - - [11/Sep/2014:11:02:18 +0200] "GET /robots.txt HTTP/1.1" 200 298 "-" "Mozilla/5.0 (compatible; Googlebot/2.1; +http://www.google.com/bot.html)"
66.249.78.205 - - [11/Sep/2014:11:02:19 +0200] "GET /env/roland/pics/pic_sc880.html HTTP/1.1" 200 755 "-" "Mozilla/5.0 (compatible; Googlebot/2.1; +http://www.google.com/bot.html)"
157.55.39.80 - - [11/Sep/2014:13:13:21 +0200] "GET /robots.txt HTTP/1.1" 200 298 "-" "Mozilla/5.0 (compatible; bingbot/2.0; +http://www.bing.com/bingbot.htm)"
157.55.39.80 - - [11/Sep/2014:13:13:23 +0200] "GET /env/jomox/download/airbase99.LSO HTTP/1.1" 200 387896 "-" "Mozilla/5.0 (compatible; bingbot/2.0; +http://www.bing.com/bingbot.htm)"
157.55.39.80 - - [11/Sep/2014:13:13:34 +0200] "GET /robots.txt HTTP/1.1" 200 298 "-" "Mozilla/5.0 (compatible; bingbot/2.0; +http://www.bing.com/bingbot.htm)"
66.249.78.212 - - [11/Sep/2014:17:45:13 +0200] "GET / HTTP/1.1" 200 15853 "-" "Mozilla/5.0 (compatible; Googlebot/2.1; +http://www.google.com/bot.html)"
37.58.100.134 - - [11/Sep/2014:20:10:24 +0200] "GET /index.html HTTP/1.1" 200 15853 "-" "Mozilla/5.0 (compatible; AhrefsBot/5.0; +http://ahrefs.com/robot/)"
162.243.222.181 - - [12/Sep/2014:01:57:05 +0200] "GET / HTTP/1.0" 200 15853 "-" "Mozilla/5.0 (compatible; NetcraftSurveyAgent/1.0; +info@netcraft.com)"
66.249.78.212 - - [12/Sep/2014:03:29:50 +0200] "GET /phpBB2/index.php HTTP/1.1" 401 1226 "-" "Mozilla/5.0 (compatible; Googlebot/2.1; +http://www.google.com/bot.html)"
46.229.170.197 - - [12/Sep/2014:04:12:31 +0200] "GET / HTTP/1.1" 200 15853 "-" "Mozilla/5.0 (X11; Linux i686; rv:2.0b3pre) Gecko/20100731 Firefox/4.0b3pre"
178.255.215.88 - - [12/Sep/2014:04:15:39 +0200] "GET /robots.txt HTTP/1.1" 200 298 "-" "Mozilla/5.0 (compatible; Exabot/3.0 (BiggerBetter); +http://www.exabot.com/go/robot)"
178.255.215.88 - - [12/Sep/2014:04:15:39 +0200] "GET /links/links.html HTTP/1.1" 200 278 "-" "Mozilla/5.0 (compatible; Exabot/3.0 (BiggerBetter); +http://www.exabot.com/go/robot)"
66.249.78.205 - - [12/Sep/2014:08:42:54 +0200] "GET /privat/privat.html HTTP/1.1" 401 1226 "-" "Mozilla/5.0 (compatible; Googlebot/2.1; +http://www.google.com/bot.html)"
66.249.78.212 - - [12/Sep/2014:09:12:55 +0200] "GET /friends/friends.html HTTP/1.1" 401 1226 "-" "Mozilla/5.0 (compatible; Googlebot/2.1; +http://www.google.com/bot.html)"
208.115.111.75 - - [12/Sep/2014:09:31:52 +0200] "GET /robots.txt HTTP/1.1" 200 298 "-" "Mozilla/5.0 (compatible; DotBot/1.1; http://www.opensiteexplorer.org/dotbot, help@moz.com)"
66.249.67.110 - - [12/Sep/2014:12:52:50 +0200] "GET /robots.txt HTTP/1.1" 200 298 "-" "Mozilla/5.0 (compatible; Googlebot/2.1; +http://www.google.com/bot.html)"
66.249.78.198 - - [12/Sep/2014:12:52:50 +0200] "GET /env/roland/pics/sc880_mid.jpg HTTP/1.1" 200 265730 "-" "Googlebot-Image/1.0"
208.115.111.75 - - [12/Sep/2014:13:23:07 +0200] "GET /env/env.html HTTP/1.1" 200 12438 "-" "Mozilla/5.0 (compatible; DotBot/1.1; http://www.opensiteexplorer.org/dotbot, help@moz.com)"
37.58.100.130 - - [13/Sep/2014:05:32:22 +0200] "GET /robots.txt HTTP/1.1" 200 298 "-" "Mozilla/5.0 (compatible; AhrefsBot/5.0; +http://ahrefs.com/robot/)"
157.55.39.69 - - [13/Sep/2014:06:42:41 +0200] "GET /robots.txt HTTP/1.1" 200 298 "-" "Mozilla/5.0 (compatible; bingbot/2.0; +http://www.bing.com/bingbot.htm)"
157.55.39.69 - - [13/Sep/2014:08:51:23 +0200] "GET /env/jomox/download/airbase99.LSO HTTP/1.1" 200 387896 "-" "Mozilla/5.0 (compatible; bingbot/2.0; +http://www.bing.com/bingbot.htm)"
157.55.39.38 - - [13/Sep/2014:10:28:11 +0200] "GET /env/jomox/jomox.html HTTP/1.1" 304 - "-" "Mozilla/5.0 (compatible; bingbot/2.0; +http://www.bing.com/bingbot.htm)"
144.76.95.231 - - [13/Sep/2014:10:35:24 +0200] "GET /robots.txt HTTP/1.0" 200 298 "-" "Mozilla/5.0 (compatible; MJ12bot/v1.4.5; http://www.majestic12.co.uk/bot.php?+)"
144.76.95.231 - - [13/Sep/2014:10:35:25 +0200] "GET /impressum/impressum.html HTTP/1.0" 200 7872 "-" "Mozilla/5.0 (compatible; MJ12bot/v1.4.5; http://www.majestic12.co.uk/bot.php?+)"
144.76.95.231 - - [13/Sep/2014:10:35:28 +0200] "GET /index.html HTTP/1.0" 200 15853 "-" "Mozilla/5.0 (compatible; MJ12bot/v1.4.5; http://www.majestic12.co.uk/bot.php?+)"
144.76.95.231 - - [13/Sep/2014:10:35:35 +0200] "GET /links/links.html HTTP/1.0" 200 278 "-" "Mozilla/5.0 (compatible; MJ12bot/v1.4.5; http://www.majestic12.co.uk/bot.php?+)"
54.211.240.243 - - [13/Sep/2014:19:21:32 +0200] "GET /robots.txt HTTP/1.1" 200 298 "-" "stq_bot (+http://www.searchteq.de)"
54.211.240.243 - - [13/Sep/2014:19:21:36 +0200] "GET / HTTP/1.1" 200 15853 "-" "stq_bot (+http://www.searchteq.de)"
54.211.240.243 - - [13/Sep/2014:19:21:43 +0200] "GET /index.html HTTP/1.1" 200 15853 "http://www.soundpatcher.de" "stq_bot (+http://www.searchteq.de)"
54.211.240.243 - - [13/Sep/2014:19:21:53 +0200] "GET /env/env.html HTTP/1.1" 200 12438 "http://www.soundpatcher.de" "stq_bot (+http://www.searchteq.de)"
54.211.240.243 - - [13/Sep/2014:19:21:56 +0200] "GET /friends/friends.html HTTP/1.1" 401 1226 "http://www.soundpatcher.de" "stq_bot (+http://www.searchteq.de)"
54.211.240.243 - - [13/Sep/2014:19:21:59 +0200] "GET /phpBB2/index.php HTTP/1.1" 401 1226 "http://www.soundpatcher.de" "stq_bot (+http://www.searchteq.de)"
54.211.240.243 - - [13/Sep/2014:19:22:01 +0200] "GET /privat/privat.html HTTP/1.1" 401 1226 "http://www.soundpatcher.de" "stq_bot (+http://www.searchteq.de)"
54.211.240.243 - - [13/Sep/2014:19:22:05 +0200] "GET /impressum/impressum.html HTTP/1.1" 200 7872 "http://www.soundpatcher.de" "stq_bot (+http://www.searchteq.de)"
54.211.240.243 - - [13/Sep/2014:19:22:08 +0200] "GET /env/jomox/jomox.html HTTP/1.1" 200 14935 "http://www.soundpatcher.de" "stq_bot (+http://www.searchteq.de)"
54.211.240.243 - - [13/Sep/2014:19:22:12 +0200] "GET /env/roland/sc880.html HTTP/1.1" 200 17092 "http://www.soundpatcher.de/env/env.html" "stq_bot (+http://www.searchteq.de)"
54.211.240.243 - - [13/Sep/2014:19:22:40 +0200] "GET /links/links.html HTTP/1.1" 200 278 "http://www.soundpatcher.de/impressum/impressum.html" "stq_bot (+http://www.searchteq.de)"
144.76.95.231 - - [14/Sep/2014:07:04:57 +0200] "GET /robots.txt HTTP/1.0" 200 298 "-" "Mozilla/5.0 (compatible; MJ12bot/v1.4.5; http://www.majestic12.co.uk/bot.php?+)"
144.76.95.231 - - [14/Sep/2014:07:05:00 +0200] "GET /env/roland/sc880.html HTTP/1.0" 200 17092 "-" "Mozilla/5.0 (compatible; MJ12bot/v1.4.5; http://www.majestic12.co.uk/bot.php?+)"
64.246.187.42 - - [14/Sep/2014:11:36:36 +0200] "GET /robots.txt HTTP/1.0" 200 298 "-" "Mozilla/5.0 (Windows; U; Windows NT 5.1; en; rv:1.9.0.13) Gecko/2009073022 Firefox/3.5.2 (.NET CLR 3.5.30729) SurveyBot/2.3 (DomainTools)"
64.246.187.42 - - [14/Sep/2014:11:36:36 +0200] "GET / HTTP/1.1" 200 15853 "http://whois.domaintools.com/soundpatcher.de" "Mozilla/5.0 (Windows; U; Windows NT 5.1; en; rv:1.9.0.13) Gecko/2009073022 Firefox/3.5.2 (.NET CLR 3.5.30729) SurveyBot/2.3 (DomainTools)"
188.22.94.8 - - [14/Sep/2014:16:02:07 +0200] "GET / HTTP/1.1" 200 15853 "http://www.suchnase.de/Handel/Technik/more12.html" "integrity/4"
208.115.111.75 - - [14/Sep/2014:18:21:57 +0200] "GET /robots.txt HTTP/1.1" 200 298 "-" "Mozilla/5.0 (compatible; DotBot/1.1; http://www.opensiteexplorer.org/dotbot, help@moz.com)"
207.241.226.218 - - [14/Sep/2014:20:48:23 +0200] "GET /robots.txt HTTP/1.1" 200 298 "-" "Mozilla/5.0 (compatible; archive.org_bot; Wayback Machine Live Record; +http://archive.org/details/archive.org_bot)"
208.115.111.75 - - [14/Sep/2014:21:20:56 +0200] "GET /env/roland/sc880.html HTTP/1.1" 200 17092 "-" "Mozilla/5.0 (compatible; DotBot/1.1; http://www.opensiteexplorer.org/dotbot, help@moz.com)"
148.251.11.139 - - [15/Sep/2014:06:38:07 +0200] "GET /robots.txt HTTP/1.1" 200 298 "-" "Apache-HttpClient/4.3 (java 1.5)"
148.251.11.139 - - [15/Sep/2014:06:38:07 +0200] "GET / HTTP/1.1" 200 15853 "-" "Apache-HttpClient/4.3 (java 1.5)"
82.119.110.138 - - [15/Sep/2014:08:17:18 +0200] "GET / HTTP/1.1" 200 15853 "-" "Wget/1.14 (linux-gnu)"
217.212.224.183 - - [15/Sep/2014:10:49:26 +0200] "GET /robots.txt HTTP/1.0" 200 298 "-" "psbot/0.1 (+http://www.picsearch.com/bot.html)"
217.212.224.181 - - [15/Sep/2014:10:49:26 +0200] "GET / HTTP/1.0" 304 - "-" "psbot/0.1 (+http://www.picsearch.com/bot.html)"
217.212.224.181 - - [15/Sep/2014:10:50:35 +0200] "GET /env/roland/sc880.html HTTP/1.0" 304 - "-" "psbot/0.1 (+http://www.picsearch.com/bot.html)"
117.26.85.192 - - [15/Sep/2014:18:09:04 +0200] "HEAD / HTTP/1.1" 200 - "-" "Mozilla/4.0 (compatible; MSIE 6.0; Windows NT 5.1; SV1)"
117.26.85.192 - - [15/Sep/2014:18:09:05 +0200] "GET / HTTP/1.1" 200 15853 "-" "Mozilla/4.0 (compatible; MSIE 6.0; Windows NT 5.1; SV1)"
117.26.85.192 - - [15/Sep/2014:18:09:17 +0200] "HEAD /index.html HTTP/1.1" 200 - "-" "Mozilla/4.0 (compatible; MSIE 6.0; Windows NT 5.1; SV1)"
117.26.85.192 - - [15/Sep/2014:18:09:18 +0200] "GET /index.html HTTP/1.1" 200 15853 "-" "Mozilla/4.0 (compatible; MSIE 6.0; Windows NT 5.1; SV1)"
117.26.85.192 - - [15/Sep/2014:18:09:20 +0200] "HEAD /env/env.html HTTP/1.1" 200 - "-" "Mozilla/4.0 (compatible; MSIE 6.0; Windows NT 5.1; SV1)"
117.26.85.192 - - [15/Sep/2014:18:09:21 +0200] "GET /env/env.html HTTP/1.1" 200 12438 "-" "Mozilla/4.0 (compatible; MSIE 6.0; Windows NT 5.1; SV1)"
117.26.85.192 - - [15/Sep/2014:18:09:23 +0200] "HEAD /env/roland/sc880.html HTTP/1.1" 200 - "-" "Mozilla/4.0 (compatible; MSIE 6.0; Windows NT 5.1; SV1)"
117.26.85.192 - - [15/Sep/2014:18:09:23 +0200] "GET /env/roland/sc880.html HTTP/1.1" 200 17092 "-" "Mozilla/4.0 (compatible; MSIE 6.0; Windows NT 5.1; SV1)"
117.26.85.192 - - [15/Sep/2014:18:09:26 +0200] "HEAD /links/links.html HTTP/1.1" 200 - "-" "Mozilla/4.0 (compatible; MSIE 6.0; Windows NT 5.1; SV1)"
117.26.85.192 - - [15/Sep/2014:18:09:26 +0200] "GET /links/links.html HTTP/1.1" 200 278 "-" "Mozilla/4.0 (compatible; MSIE 6.0; Windows NT 5.1; SV1)"
117.26.85.192 - - [15/Sep/2014:18:09:27 +0200] "HEAD /env/roland/pics/pic_sc880.html HTTP/1.1" 200 - "-" "Mozilla/4.0 (compatible; MSIE 6.0; Windows NT 5.1; SV1)"
117.26.85.192 - - [15/Sep/2014:18:09:28 +0200] "GET /env/roland/pics/pic_sc880.html HTTP/1.1" 200 755 "-" "Mozilla/4.0 (compatible; MSIE 6.0; Windows NT 5.1; SV1)"
117.26.85.192 - - [15/Sep/2014:18:09:29 +0200] "HEAD /friends/friends.html HTTP/1.1" 401 - "-" "Mozilla/4.0 (compatible; MSIE 6.0; Windows NT 5.1; SV1)"
117.26.85.192 - - [15/Sep/2014:18:09:40 +0200] "HEAD /phpBB2/index.php HTTP/1.1" 401 - "-" "Mozilla/4.0 (compatible; MSIE 6.0; Windows NT 5.1; SV1)"
117.26.85.192 - - [15/Sep/2014:18:09:51 +0200] "HEAD /privat/privat.html HTTP/1.1" 401 - "-" "Mozilla/4.0 (compatible; MSIE 6.0; Windows NT 5.1; SV1)"
117.26.85.192 - - [15/Sep/2014:18:10:02 +0200] "HEAD /impressum/impressum.html HTTP/1.1" 200 - "-" "Mozilla/4.0 (compatible; MSIE 6.0; Windows NT 5.1; SV1)"
117.26.85.192 - - [15/Sep/2014:18:10:02 +0200] "GET /impressum/impressum.html HTTP/1.1" 200 7872 "-" "Mozilla/4.0 (compatible; MSIE 6.0; Windows NT 5.1; SV1)"
117.26.85.192 - - [15/Sep/2014:18:10:04 +0200] "HEAD /env/jomox/jomox.html HTTP/1.1" 200 - "-" "Mozilla/4.0 (compatible; MSIE 6.0; Windows NT 5.1; SV1)"
117.26.85.192 - - [15/Sep/2014:18:10:05 +0200] "GET /env/jomox/jomox.html HTTP/1.1" 200 14935 "-" "Mozilla/4.0 (compatible; MSIE 6.0; Windows NT 5.1; SV1)"
117.26.85.192 - - [15/Sep/2014:18:10:07 +0200] "HEAD /env/jomox/download/airbase99.LSO HTTP/1.1" 200 - "-" "Mozilla/4.0 (compatible; MSIE 6.0; Windows NT 5.1; SV1)"
117.26.85.192 - - [15/Sep/2014:18:10:08 +0200] "GET /env/jomox/download/airbase99.LSO HTTP/1.1" 200 387896 "-" "Mozilla/4.0 (compatible; MSIE 6.0; Windows NT 5.1; SV1)"
117.26.85.192 - - [15/Sep/2014:18:10:13 +0200] "HEAD /env/jomox/pics/pic_airbase99.html HTTP/1.1" 200 - "-" "Mozilla/4.0 (compatible; MSIE 6.0; Windows NT 5.1; SV1)"
117.26.85.192 - - [15/Sep/2014:18:10:14 +0200] "GET /env/jomox/pics/pic_airbase99.html HTTP/1.1" 200 759 "-" "Mozilla/4.0 (compatible; MSIE 6.0; Windows NT 5.1; SV1)"
93.222.98.6 - - [15/Sep/2014:20:00:57 +0200] "GET / HTTP/1.1" 200 15853 "-" "Mozilla/5.0 (Windows NT 6.1; WOW64) AppleWebKit/537.36 (KHTML, like Gecko) Chrome/36.0.1985.125 Safari/537.36"
37.58.100.156 - - [15/Sep/2014:20:45:22 +0200] "GET /robots.txt HTTP/1.1" 200 298 "-" "Mozilla/5.0 (compatible; AhrefsBot/5.0; +http://ahrefs.com/robot/)"
37.58.100.89 - - [15/Sep/2014:22:35:11 +0200] "GET /impressum/impressum.html HTTP/1.1" 200 7872 "-" "Mozilla/5.0 (compatible; AhrefsBot/5.0; +http://ahrefs.com/robot/)"
162.243.192.129 - - [16/Sep/2014:04:56:19 +0200] "GET /robots.txt HTTP/1.1" 200 298 "-" "Mozilla/5.0 (compatible; spbot/4.2.0; +http://OpenLinkProfiler.org/bot )"
162.243.192.129 - - [16/Sep/2014:04:56:24 +0200] "GET / HTTP/1.1" 200 15853 "-" "Mozilla/5.0 (compatible; spbot/4.2.0; +http://OpenLinkProfiler.org/bot )"
162.243.192.129 - - [16/Sep/2014:04:56:25 +0200] "GET /index.html HTTP/1.1" 200 15853 "http://www.soundpatcher.de/" "Mozilla/5.0 (compatible; spbot/4.2.0; +http://OpenLinkProfiler.org/bot )"
162.243.192.129 - - [16/Sep/2014:04:56:29 +0200] "GET /env/env.html HTTP/1.1" 200 12438 "http://www.soundpatcher.de/" "Mozilla/5.0 (compatible; spbot/4.2.0; +http://OpenLinkProfiler.org/bot )"
162.243.192.129 - - [16/Sep/2014:04:56:34 +0200] "GET /phpBB2/index.php HTTP/1.1" 401 1226 "http://www.soundpatcher.de/" "Mozilla/5.0 (compatible; spbot/4.2.0; +http://OpenLinkProfiler.org/bot )"
162.243.192.129 - - [16/Sep/2014:04:56:39 +0200] "GET /privat/privat.html HTTP/1.1" 401 1226 "http://www.soundpatcher.de/" "Mozilla/5.0 (compatible; spbot/4.2.0; +http://OpenLinkProfiler.org/bot )"
162.243.192.129 - - [16/Sep/2014:04:56:43 +0200] "GET /env/jomox/jomox.html HTTP/1.1" 200 14935 "http://www.soundpatcher.de/" "Mozilla/5.0 (compatible; spbot/4.2.0; +http://OpenLinkProfiler.org/bot )"
162.243.192.129 - - [16/Sep/2014:04:56:49 +0200] "GET /links/links.html HTTP/1.1" 200 278 "http://www.soundpatcher.de/env/jomox/jomox.html" "Mozilla/5.0 (compatible; spbot/4.2.0; +http://OpenLinkProfiler.org/bot )"
162.243.192.129 - - [16/Sep/2014:04:56:53 +0200] "GET /friends/friends.html HTTP/1.1" 401 1226 "http://www.soundpatcher.de/" "Mozilla/5.0 (compatible; spbot/4.2.0; +http://OpenLinkProfiler.org/bot )"
162.243.192.129 - - [16/Sep/2014:04:56:58 +0200] "GET /env/roland/sc880.html HTTP/1.1" 200 17092 "http://www.soundpatcher.de/env/env.html" "Mozilla/5.0 (compatible; spbot/4.2.0; +http://OpenLinkProfiler.org/bot )"
162.243.192.129 - - [16/Sep/2014:04:57:04 +0200] "GET /impressum/impressum.html HTTP/1.1" 200 7872 "http://www.soundpatcher.de/" "Mozilla/5.0 (compatible; spbot/4.2.0; +http://OpenLinkProfiler.org/bot )"
162.243.192.129 - - [16/Sep/2014:04:57:08 +0200] "GET /env/roland/pics/pic_sc880.html HTTP/1.1" 200 755 "http://www.soundpatcher.de/env/roland/sc880.html" "Mozilla/5.0 (compatible; spbot/4.2.0; +http://OpenLinkProfiler.org/bot )"
162.243.192.129 - - [16/Sep/2014:04:57:14 +0200] "GET /env/jomox/download/airbase99.LSO HTTP/1.1" 200 387896 "http://www.soundpatcher.de/env/jomox/jomox.html" "Mozilla/5.0 (compatible; spbot/4.2.0; +http://OpenLinkProfiler.org/bot )"
162.243.192.129 - - [16/Sep/2014:04:57:19 +0200] "GET /env/jomox/pics/pic_airbase99.html HTTP/1.1" 200 759 "http://www.soundpatcher.de/env/jomox/jomox.html" "Mozilla/5.0 (compatible; spbot/4.2.0; +http://OpenLinkProfiler.org/bot )"
66.249.67.102 - - [16/Sep/2014:05:06:31 +0200] "GET /robots.txt HTTP/1.1" 200 298 "-" "Mozilla/5.0 (compatible; Googlebot/2.1; +http://www.google.com/bot.html)"
66.249.78.198 - - [16/Sep/2014:05:06:31 +0200] "GET /env/images/logo_big.jpg HTTP/1.1" 304 - "-" "Googlebot-Image/1.0"
89.234.68.103 - - [16/Sep/2014:14:49:53 +0200] "GET / HTTP/1.1" 200 15853 "-" "Mozilla/5.0 (Windows; U; Windows NT 5.1; en-US; rv:1.9.2.8) Gecko/20100721 Firefox/3.6.8"
89.234.68.103 - - [16/Sep/2014:14:49:59 +0200] "GET /env/jomox/jomox.html HTTP/1.1" 200 14935 "http://www.soundpatcher.de" "Mozilla/5.0 (Windows; U; Windows NT 5.1; en-US; rv:1.9.2.8) Gecko/20100721 Firefox/3.6.8"
89.234.68.103 - - [16/Sep/2014:14:50:10 +0200] "GET /index.html HTTP/1.1" 200 15853 "http://www.soundpatcher.de" "Mozilla/5.0 (Windows; U; Windows NT 5.1; en-US; rv:1.9.2.8) Gecko/20100721 Firefox/3.6.8"
89.234.68.103 - - [16/Sep/2014:14:50:15 +0200] "GET /phpBB2/index.php HTTP/1.1" 401 1226 "http://www.soundpatcher.de" "Mozilla/5.0 (Windows; U; Windows NT 5.1; en-US; rv:1.9.2.8) Gecko/20100721 Firefox/3.6.8"
89.234.68.103 - - [16/Sep/2014:14:50:22 +0200] "GET /impressum/impressum.html HTTP/1.1" 200 7872 "http://www.soundpatcher.de" "Mozilla/5.0 (Windows; U; Windows NT 5.1; en-US; rv:1.9.2.8) Gecko/20100721 Firefox/3.6.8"
89.234.68.103 - - [16/Sep/2014:14:50:31 +0200] "GET /env/env.html HTTP/1.1" 200 12438 "http://www.soundpatcher.de" "Mozilla/5.0 (Windows; U; Windows NT 5.1; en-US; rv:1.9.2.8) Gecko/20100721 Firefox/3.6.8"
89.234.68.103 - - [16/Sep/2014:14:50:32 +0200] "GET /env/../impressum/impressum.html HTTP/1.1" 200 7872 "http://www.soundpatcher.de/env/env.html" "Mozilla/5.0 (Windows; U; Windows NT 5.1; en-US; rv:1.9.2.8) Gecko/20100721 Firefox/3.6.8"
66.249.78.205 - - [16/Sep/2014:15:21:06 +0200] "GET /robots.txt HTTP/1.1" 200 298 "-" "Mozilla/5.0 (compatible; Googlebot/2.1; +http://www.google.com/bot.html)"
66.249.64.134 - - [16/Sep/2014:15:21:07 +0200] "GET /links/links.html HTTP/1.1" 200 278 "-" "Mozilla/5.0 (iPhone; CPU iPhone OS 6_0 like Mac OS X) AppleWebKit/536.26 (KHTML, like Gecko) Version/6.0 Mobile/10A5376e Safari/8536.25 (compatible; Googlebot/2.1; +http://www.google.com/bot.html)"
66.249.78.212 - - [16/Sep/2014:15:57:07 +0200] "GET /env/roland/sc880.html HTTP/1.1" 304 - "-" "Mozilla/5.0 (iPhone; CPU iPhone OS 6_0 like Mac OS X) AppleWebKit/536.26 (KHTML, like Gecko) Version/6.0 Mobile/10A5376e Safari/8536.25 (compatible; Googlebot/2.1; +http://www.google.com/bot.html)"
66.249.78.205 - - [16/Sep/2014:17:06:10 +0200] "GET /env/roland/pics/sc880_small.jpg HTTP/1.1" 304 - "-" "Googlebot-Image/1.0"
66.249.78.212 - - [17/Sep/2014:01:21:29 +0200] "GET /env/roland/pics/pic_sc880.html HTTP/1.1" 200 755 "-" "Mozilla/5.0 (compatible; Googlebot/2.1; +http://www.google.com/bot.html)"
68.180.225.36 - - [17/Sep/2014:05:14:36 +0200] "GET /robots.txt HTTP/1.1" 200 298 "-" "Mozilla/5.0 (compatible; Yahoo! Slurp; http://help.yahoo.com/help/us/ysearch/slurp)"
68.180.225.36 - - [17/Sep/2014:05:14:37 +0200] "GET / HTTP/1.1" 200 15853 "-" "Mozilla/5.0 (compatible; Yahoo! Slurp; http://help.yahoo.com/help/us/ysearch/slurp)"
141.8.147.12 - - [17/Sep/2014:08:02:51 +0200] "GET /robots.txt HTTP/1.1" 200 298 "-" "Mozilla/5.0 (compatible; YandexBot/3.0; +http://yandex.com/bots)"
141.8.147.12 - - [17/Sep/2014:09:57:17 +0200] "GET /env/roland/pics/pic_sc880.html HTTP/1.1" 200 755 "-" "Mozilla/5.0 (compatible; YandexBot/3.0; +http://yandex.com/bots)"
81.144.138.34 - - [17/Sep/2014:17:20:06 +0200] "GET /robots.txt HTTP/1.1" 200 298 "-" "Wotbox/2.01 (+http://www.wotbox.com/bot/)"
81.144.138.34 - - [17/Sep/2014:17:20:18 +0200] "GET / HTTP/1.1" 200 15853 "-" "Wotbox/2.01 (+http://www.wotbox.com/bot/)"
81.144.138.34 - - [17/Sep/2014:17:20:24 +0200] "GET /index.html HTTP/1.1" 200 15853 "-" "Wotbox/2.01 (+http://www.wotbox.com/bot/)"
81.144.138.34 - - [17/Sep/2014:17:20:30 +0200] "GET /env/env.html HTTP/1.1" 200 12438 "-" "Wotbox/2.01 (+http://www.wotbox.com/bot/)"
81.144.138.34 - - [17/Sep/2014:17:20:36 +0200] "GET /friends/friends.html HTTP/1.1" 401 1226 "-" "Wotbox/2.01 (+http://www.wotbox.com/bot/)"
81.144.138.34 - - [17/Sep/2014:17:20:42 +0200] "GET /phpBB2/index.php HTTP/1.1" 401 1226 "-" "Wotbox/2.01 (+http://www.wotbox.com/bot/)"
81.144.138.34 - - [17/Sep/2014:17:20:48 +0200] "GET /privat/privat.html HTTP/1.1" 401 1226 "-" "Wotbox/2.01 (+http://www.wotbox.com/bot/)"
81.144.138.34 - - [17/Sep/2014:17:20:55 +0200] "GET /impressum/impressum.html HTTP/1.1" 200 7872 "-" "Wotbox/2.01 (+http://www.wotbox.com/bot/)"
81.144.138.34 - - [17/Sep/2014:17:21:01 +0200] "GET /env/jomox/jomox.html HTTP/1.1" 200 14935 "-" "Wotbox/2.01 (+http://www.wotbox.com/bot/)"
81.144.138.34 - - [17/Sep/2014:17:21:07 +0200] "GET /env/roland/sc880.html HTTP/1.1" 200 17092 "-" "Wotbox/2.01 (+http://www.wotbox.com/bot/)"
81.144.138.34 - - [17/Sep/2014:17:21:13 +0200] "GET /links/links.html HTTP/1.1" 200 278 "-" "Wotbox/2.01 (+http://www.wotbox.com/bot/)"
81.144.138.34 - - [17/Sep/2014:17:21:19 +0200] "GET /env/jomox/download/airbase99.LSO HTTP/1.1" 200 387896 "-" "Wotbox/2.01 (+http://www.wotbox.com/bot/)"
81.144.138.34 - - [17/Sep/2014:17:21:26 +0200] "GET /env/jomox/pics/pic_airbase99.html HTTP/1.1" 200 759 "-" "Wotbox/2.01 (+http://www.wotbox.com/bot/)"
81.144.138.34 - - [17/Sep/2014:17:21:32 +0200] "GET /env/roland/pics/pic_sc880.html HTTP/1.1" 200 755 "-" "Wotbox/2.01 (+http://www.wotbox.com/bot/)"
208.115.111.75 - - [17/Sep/2014:19:45:16 +0200] "GET /robots.txt HTTP/1.1" 200 298 "-" "Mozilla/5.0 (compatible; DotBot/1.1; http://www.opensiteexplorer.org/dotbot, help@moz.com)"
208.115.111.75 - - [17/Sep/2014:21:34:15 +0200] "GET /index.html HTTP/1.1" 200 15853 "-" "Mozilla/5.0 (compatible; DotBot/1.1; http://www.opensiteexplorer.org/dotbot, help@moz.com)"
141.8.147.12 - - [18/Sep/2014:10:31:26 +0200] "GET /robots.txt HTTP/1.1" 200 298 "-" "Mozilla/5.0 (compatible; YandexBot/3.0; +http://yandex.com/bots)"
141.8.147.12 - - [18/Sep/2014:17:03:56 +0200] "GET /env/roland/pics/pic_sc880.html HTTP/1.1" 200 755 "-" "Mozilla/5.0 (compatible; YandexBot/3.0; +http://yandex.com/bots)"
208.115.113.91 - - [18/Sep/2014:19:55:51 +0200] "GET /robots.txt HTTP/1.1" 200 298 "-" "Mozilla/5.0 (compatible; DotBot/1.1; http://www.opensiteexplorer.org/dotbot, help@moz.com)"
141.8.147.12 - - [19/Sep/2014:00:17:44 +0200] "GET /robots.txt HTTP/1.1" 200 298 "-" "Mozilla/5.0 (compatible; YandexBot/3.0; +http://yandex.com/bots)"
141.8.147.12 - - [19/Sep/2014:01:57:50 +0200] "GET /env/jomox/pics/airbase99_mid.jpg HTTP/1.1" 200 155990 "-" "Mozilla/5.0 (compatible; YandexBot/3.0; +http://yandex.com/bots)"
208.115.113.91 - - [19/Sep/2014:03:35:19 +0200] "GET /env/jomox/jomox.html HTTP/1.1" 200 14935 "-" "Mozilla/5.0 (compatible; DotBot/1.1; http://www.opensiteexplorer.org/dotbot, help@moz.com)"
141.8.147.12 - - [19/Sep/2014:15:24:26 +0200] "GET /robots.txt HTTP/1.1" 200 298 "-" "Mozilla/5.0 (compatible; YandexBot/3.0; +http://yandex.com/bots)"
141.8.147.12 - - [19/Sep/2014:15:26:59 +0200] "GET /env/roland/pics/pic_sc880.html HTTP/1.1" 200 755 "-" "Mozilla/5.0 (compatible; YandexBot/3.0; +http://yandex.com/bots)"
178.255.215.68 - - [19/Sep/2014:15:53:26 +0200] "GET /robots.txt HTTP/1.1" 200 298 "-" "Mozilla/5.0 (compatible; Exabot/3.0; +http://www.exabot.com/go/robot)"
178.255.215.68 - - [19/Sep/2014:15:53:26 +0200] "GET /privat/privat.html HTTP/1.1" 401 1226 "-" "Mozilla/5.0 (compatible; Exabot/3.0; +http://www.exabot.com/go/robot)"
207.46.13.51 - - [19/Sep/2014:21:40:48 +0200] "GET /robots.txt HTTP/1.1" 200 298 "-" "Mozilla/5.0 (compatible; bingbot/2.0; +http://www.bing.com/bingbot.htm)"
207.46.13.51 - - [19/Sep/2014:21:41:30 +0200] "GET /links/links.html HTTP/1.1" 304 - "-" "Mozilla/5.0 (compatible; bingbot/2.0; +http://www.bing.com/bingbot.htm)"
208.115.111.75 - - [20/Sep/2014:00:07:54 +0200] "GET /robots.txt HTTP/1.1" 200 298 "-" "Mozilla/5.0 (compatible; DotBot/1.1; http://www.opensiteexplorer.org/dotbot, help@moz.com)"
208.115.111.75 - - [20/Sep/2014:01:52:51 +0200] "GET /privat/privat.html HTTP/1.1" 401 1226 "-" "Mozilla/5.0 (compatible; DotBot/1.1; http://www.opensiteexplorer.org/dotbot, help@moz.com)"
66.249.78.205 - - [20/Sep/2014:03:03:26 +0200] "GET /robots.txt HTTP/1.1" 200 298 "-" "Mozilla/5.0 (compatible; Googlebot/2.1; +http://www.google.com/bot.html)"
