91.65.224.62 - - [01/Apr/2014:13:28:20 +0200] "GET /impressum/impressum.html HTTP/1.1" 200 7872 "http://www.google.de/url?sa=t&rct=j&q=&esrc=s&source=web&cd=9&ved=0CFYQFjAI&url=http%3A%2F%2Fwww.soundpatcher.de%2Fimpressum%2Fimpressum.html&ei=v6I6U9KEOcTOtAbwooGADg&usg=AFQjCNEv1FcWBPNULmndR0aGxXg5stb6uw&bvm=bv.63934634,d.Yms" "Mozilla/5.0 (Windows NT 6.3; WOW64; Trident/7.0; rv:11.0) like Gecko"
91.65.224.62 - - [01/Apr/2014:13:28:20 +0200] "GET /impressum/images/logo_big.jpg HTTP/1.1" 200 12681 "http://www.soundpatcher.de/impressum/impressum.html" "Mozilla/5.0 (Windows NT 6.3; WOW64; Trident/7.0; rv:11.0) like Gecko"
91.65.224.62 - - [01/Apr/2014:13:28:20 +0200] "GET /impressum/images/span.jpg HTTP/1.1" 200 811 "http://www.soundpatcher.de/impressum/impressum.html" "Mozilla/5.0 (Windows NT 6.3; WOW64; Trident/7.0; rv:11.0) like Gecko"
91.65.224.62 - - [01/Apr/2014:13:28:20 +0200] "GET /impressum/images/pixel.gif HTTP/1.1" 200 43 "http://www.soundpatcher.de/impressum/impressum.html" "Mozilla/5.0 (Windows NT 6.3; WOW64; Trident/7.0; rv:11.0) like Gecko"
91.65.224.62 - - [01/Apr/2014:13:28:20 +0200] "GET /impressum/images/10x10_CCCCCC.jpg HTTP/1.1" 200 631 "http://www.soundpatcher.de/impressum/impressum.html" "Mozilla/5.0 (Windows NT 6.3; WOW64; Trident/7.0; rv:11.0) like Gecko"
91.65.224.62 - - [01/Apr/2014:13:28:20 +0200] "GET /impressum/images/15x15.jpg HTTP/1.1" 200 631 "http://www.soundpatcher.de/impressum/impressum.html" "Mozilla/5.0 (Windows NT 6.3; WOW64; Trident/7.0; rv:11.0) like Gecko"
91.65.224.62 - - [01/Apr/2014:13:28:20 +0200] "GET /favicon.ico HTTP/1.1" 404 1256 "-" "Mozilla/5.0 (Windows NT 6.3; Win64; x64; Trident/7.0; rv:11.0) like Gecko"
91.65.224.62 - - [01/Apr/2014:13:28:29 +0200] "GET / HTTP/1.1" 200 15853 "-" "Mozilla/5.0 (Windows NT 6.3; WOW64; Trident/7.0; rv:11.0) like Gecko"
91.65.224.62 - - [01/Apr/2014:13:28:29 +0200] "GET /images/logo_big.jpg HTTP/1.1" 200 12681 "http://www.soundpatcher.de/" "Mozilla/5.0 (Windows NT 6.3; WOW64; Trident/7.0; rv:11.0) like Gecko"
91.65.224.62 - - [01/Apr/2014:13:28:29 +0200] "GET /images/span.jpg HTTP/1.1" 200 811 "http://www.soundpatcher.de/" "Mozilla/5.0 (Windows NT 6.3; WOW64; Trident/7.0; rv:11.0) like Gecko"
91.65.224.62 - - [01/Apr/2014:13:28:29 +0200] "GET /images/10x10_CCCCCC.jpg HTTP/1.1" 200 631 "http://www.soundpatcher.de/" "Mozilla/5.0 (Windows NT 6.3; WOW64; Trident/7.0; rv:11.0) like Gecko"
91.65.224.62 - - [01/Apr/2014:13:28:29 +0200] "GET /images/pixel.gif HTTP/1.1" 200 43 "http://www.soundpatcher.de/" "Mozilla/5.0 (Windows NT 6.3; WOW64; Trident/7.0; rv:11.0) like Gecko"
91.65.224.62 - - [01/Apr/2014:13:28:29 +0200] "GET /images/15x15.jpg HTTP/1.1" 200 631 "http://www.soundpatcher.de/" "Mozilla/5.0 (Windows NT 6.3; WOW64; Trident/7.0; rv:11.0) like Gecko"
91.65.224.62 - - [01/Apr/2014:13:28:29 +0200] "GET /env/jomox/pics/airbase99_small.jpg HTTP/1.1" 200 5206 "http://www.soundpatcher.de/" "Mozilla/5.0 (Windows NT 6.3; WOW64; Trident/7.0; rv:11.0) like Gecko"
91.65.224.62 - - [01/Apr/2014:13:28:29 +0200] "GET /favicon.ico HTTP/1.1" 404 1256 "-" "Mozilla/5.0 (Windows NT 6.3; Win64; x64; Trident/7.0; rv:11.0) like Gecko"
91.65.224.62 - - [01/Apr/2014:13:28:41 +0200] "GET /env/env.html HTTP/1.1" 200 12438 "http://www.soundpatcher.de/" "Mozilla/5.0 (Windows NT 6.3; WOW64; Trident/7.0; rv:11.0) like Gecko"
91.65.224.62 - - [01/Apr/2014:13:28:41 +0200] "GET /env/images/pixel.gif HTTP/1.1" 200 43 "http://www.soundpatcher.de/env/env.html" "Mozilla/5.0 (Windows NT 6.3; WOW64; Trident/7.0; rv:11.0) like Gecko"
91.65.224.62 - - [01/Apr/2014:13:28:41 +0200] "GET /env/images/span.jpg HTTP/1.1" 200 811 "http://www.soundpatcher.de/env/env.html" "Mozilla/5.0 (Windows NT 6.3; WOW64; Trident/7.0; rv:11.0) like Gecko"
91.65.224.62 - - [01/Apr/2014:13:28:41 +0200] "GET /env/images/logo_big.jpg HTTP/1.1" 200 12681 "http://www.soundpatcher.de/env/env.html" "Mozilla/5.0 (Windows NT 6.3; WOW64; Trident/7.0; rv:11.0) like Gecko"
91.65.224.62 - - [01/Apr/2014:13:28:41 +0200] "GET /env/images/10x10_CCCCCC.jpg HTTP/1.1" 200 631 "http://www.soundpatcher.de/env/env.html" "Mozilla/5.0 (Windows NT 6.3; WOW64; Trident/7.0; rv:11.0) like Gecko"
91.65.224.62 - - [01/Apr/2014:13:28:41 +0200] "GET /env/images/15x15.jpg HTTP/1.1" 200 631 "http://www.soundpatcher.de/env/env.html" "Mozilla/5.0 (Windows NT 6.3; WOW64; Trident/7.0; rv:11.0) like Gecko"
91.65.224.62 - - [01/Apr/2014:13:28:41 +0200] "GET /env/roland/pics/sc880_small.jpg HTTP/1.1" 200 6144 "http://www.soundpatcher.de/env/env.html" "Mozilla/5.0 (Windows NT 6.3; WOW64; Trident/7.0; rv:11.0) like Gecko"
85.25.202.18 - - [01/Apr/2014:14:29:14 +0200] "GET / HTTP/1.1" 200 15853 "http://www.sumaja.de/?such_wert=logic" "Mozilla/4.0 (compatible; MSIE 8.0; Windows NT 6.0; Trident/4.0; GTB0.0; SLCC1; .NET CLR 2.0.50727; Media Center PC 5.0; .NET CLR 3.5.30729; .NET CLR 3.0.30729; .NET4.0C)"
66.249.74.135 - - [01/Apr/2014:21:21:00 +0200] "GET /robots.txt HTTP/1.1" 200 298 "-" "Mozilla/5.0 (compatible; Googlebot/2.1; +http://www.google.com/bot.html)"
66.249.74.135 - - [01/Apr/2014:21:21:00 +0200] "GET / HTTP/1.1" 200 15853 "-" "Mozilla/5.0 (iPhone; CPU iPhone OS 6_0 like Mac OS X) AppleWebKit/536.26 (KHTML, like Gecko) Version/6.0 Mobile/10A5376e Safari/8536.25 (compatible; Googlebot/2.1; +http://www.google.com/bot.html)"
178.255.215.68 - - [01/Apr/2014:23:14:45 +0200] "GET /robots.txt HTTP/1.1" 200 298 "-" "Mozilla/5.0 (compatible; Exabot/3.0; +http://www.exabot.com/go/robot)"
178.255.215.68 - - [01/Apr/2014:23:14:45 +0200] "GET / HTTP/1.1" 304 - "-" "Mozilla/5.0 (compatible; Exabot/3.0; +http://www.exabot.com/go/robot)"
66.249.73.91 - - [02/Apr/2014:05:17:21 +0200] "GET /robots.txt HTTP/1.1" 200 298 "-" "Mozilla/5.0 (compatible; Googlebot/2.1; +http://www.google.com/bot.html)"
66.249.73.91 - - [02/Apr/2014:05:17:21 +0200] "GET /privat/privat.html HTTP/1.1" 401 1226 "-" "Mozilla/5.0 (compatible; Googlebot/2.1; +http://www.google.com/bot.html)"
141.8.147.12 - - [02/Apr/2014:05:53:38 +0200] "GET /robots.txt HTTP/1.1" 200 298 "-" "Mozilla/5.0 (compatible; YandexBot/3.0; +http://yandex.com/bots)"
141.8.147.12 - - [02/Apr/2014:05:53:41 +0200] "GET /env/roland/pics/sc880_mid.jpg HTTP/1.1" 304 - "-" "Mozilla/5.0 (compatible; YandexImages/3.0; +http://yandex.com/bots)"
46.229.170.197 - - [02/Apr/2014:06:02:36 +0200] "GET / HTTP/1.1" 200 15853 "-" "Mozilla/5.0 (Windows NT 5.2; WOW64; rv:5.0) Gecko/20100101 Firefox/5.0"
141.8.147.12 - - [02/Apr/2014:06:28:38 +0200] "GET /env/roland/pics/sc880_small+.jpg HTTP/1.1" 304 - "-" "Mozilla/5.0 (compatible; YandexImages/3.0; +http://yandex.com/bots)"
141.8.147.12 - - [02/Apr/2014:07:32:47 +0200] "GET /env/roland/pics/sc880_small.jpg HTTP/1.1" 304 - "-" "Mozilla/5.0 (compatible; YandexImages/3.0; +http://yandex.com/bots)"
141.8.147.12 - - [02/Apr/2014:07:32:52 +0200] "GET /env/jomox/pics/airbase99_small.jpg HTTP/1.1" 200 5206 "-" "Mozilla/5.0 (compatible; YandexImages/3.0; +http://yandex.com/bots)"
141.8.147.12 - - [02/Apr/2014:07:49:58 +0200] "GET /env/jomox/pics/airbase99_small+.jpg HTTP/1.1" 304 - "-" "Mozilla/5.0 (compatible; YandexImages/3.0; +http://yandex.com/bots)"
157.55.33.87 - - [02/Apr/2014:11:05:28 +0200] "GET /robots.txt HTTP/1.1" 200 298 "-" "Mozilla/5.0 (compatible; bingbot/2.0; +http://www.bing.com/bingbot.htm)"
157.55.33.87 - - [02/Apr/2014:11:42:44 +0200] "GET /impressum/impressum.html HTTP/1.1" 304 - "-" "Mozilla/5.0 (compatible; bingbot/2.0; +http://www.bing.com/bingbot.htm)"
178.255.215.68 - - [02/Apr/2014:14:00:07 +0200] "GET /phpBB2/index.php HTTP/1.1" 401 1226 "-" "Mozilla/5.0 (compatible; Exabot/3.0; +http://www.exabot.com/go/robot)"
141.8.147.12 - - [02/Apr/2014:18:31:26 +0200] "GET /robots.txt HTTP/1.1" 200 298 "-" "Mozilla/5.0 (compatible; YandexBot/3.0; +http://yandex.com/bots)"
141.8.147.12 - - [02/Apr/2014:18:41:46 +0200] "GET / HTTP/1.1" 200 15853 "-" "Mozilla/5.0 (compatible; YandexBot/3.0; +http://yandex.com/bots)"
85.25.5.18 - - [02/Apr/2014:20:14:49 +0200] "GET / HTTP/1.0" 200 15853 "-" "Mozilla"
85.25.5.18 - - [02/Apr/2014:20:14:49 +0200] "GET /index.html HTTP/1.0" 200 15853 "-" "Mozilla"
85.25.5.18 - - [02/Apr/2014:20:14:49 +0200] "GET /env/env.html HTTP/1.0" 200 12438 "-" "Mozilla"
85.25.5.18 - - [02/Apr/2014:20:14:49 +0200] "GET /friends/friends.html HTTP/1.0" 401 1226 "-" "Mozilla"
85.25.5.18 - - [02/Apr/2014:20:14:49 +0200] "GET /phpBB2/index.php HTTP/1.0" 401 1226 "-" "Mozilla"
85.25.5.18 - - [02/Apr/2014:20:14:49 +0200] "GET /privat/privat.html HTTP/1.0" 401 1226 "-" "Mozilla"
85.25.5.18 - - [02/Apr/2014:20:14:49 +0200] "GET /impressum/impressum.html HTTP/1.0" 200 7872 "-" "Mozilla"
85.25.5.18 - - [02/Apr/2014:20:14:49 +0200] "GET /index.html HTTP/1.0" 200 15853 "-" "Mozilla"
85.25.5.18 - - [02/Apr/2014:20:14:49 +0200] "GET /env/env.html HTTP/1.0" 200 12438 "-" "Mozilla"
85.25.5.18 - - [02/Apr/2014:20:14:49 +0200] "GET /friends/friends.html HTTP/1.0" 401 1226 "-" "Mozilla"
85.25.5.18 - - [02/Apr/2014:20:14:50 +0200] "GET /phpBB2/index.php HTTP/1.0" 401 1226 "-" "Mozilla"
85.25.5.18 - - [02/Apr/2014:20:14:50 +0200] "GET /impressum/impressum.html HTTP/1.0" 200 7872 "-" "Mozilla"
85.25.5.18 - - [02/Apr/2014:20:14:50 +0200] "GET /env/jomox/jomox.html HTTP/1.0" 200 14935 "-" "Mozilla"
85.25.5.18 - - [02/Apr/2014:20:14:50 +0200] "GET /env/jomox/jomox.html HTTP/1.0" 200 14935 "-" "Mozilla"
148.251.11.132 - - [03/Apr/2014:01:11:41 +0200] "GET /robots.txt HTTP/1.1" 200 298 "-" "Apache-HttpClient/4.3 (java 1.5)"
148.251.11.132 - - [03/Apr/2014:01:11:41 +0200] "GET / HTTP/1.1" 200 15853 "-" "Apache-HttpClient/4.3 (java 1.5)"
66.249.78.189 - - [03/Apr/2014:05:33:30 +0200] "GET /robots.txt HTTP/1.1" 200 298 "-" "Mozilla/5.0 (compatible; Googlebot/2.1; +http://www.google.com/bot.html)"
66.249.78.189 - - [03/Apr/2014:05:33:30 +0200] "GET /friends/friends.html HTTP/1.1" 401 1226 "-" "Mozilla/5.0 (compatible; Googlebot/2.1; +http://www.google.com/bot.html)"
157.55.33.250 - - [03/Apr/2014:08:05:45 +0200] "GET /robots.txt HTTP/1.1" 200 298 "-" "Mozilla/5.0 (compatible; bingbot/2.0; +http://www.bing.com/bingbot.htm)"
157.55.33.250 - - [03/Apr/2014:09:20:08 +0200] "GET /index.html HTTP/1.1" 200 15853 "-" "Mozilla/5.0 (compatible; bingbot/2.0; +http://www.bing.com/bingbot.htm)"
66.249.78.189 - - [03/Apr/2014:09:35:22 +0200] "GET /evzjbpudrefynr.html HTTP/1.1" 404 1256 "-" "Mozilla/5.0 (compatible; Googlebot/2.1; +http://www.google.com/bot.html)"
178.255.215.68 - - [04/Apr/2014:00:45:34 +0200] "GET /robots.txt HTTP/1.1" 200 298 "-" "Mozilla/5.0 (compatible; Exabot/3.0; +http://www.exabot.com/go/robot)"
178.255.215.68 - - [04/Apr/2014:00:45:34 +0200] "GET / HTTP/1.1" 304 - "-" "Mozilla/5.0 (compatible; Exabot/3.0; +http://www.exabot.com/go/robot)"
5.10.83.39 - - [04/Apr/2014:00:58:08 +0200] "GET /env/jomox/pics/pic_airbase99.html HTTP/1.1" 200 759 "-" "Mozilla/5.0 (compatible; AhrefsBot/5.0; +http://ahrefs.com/robot/)"
208.115.111.75 - - [04/Apr/2014:01:31:39 +0200] "GET /robots.txt HTTP/1.1" 200 298 "-" "Mozilla/5.0 (compatible; Ezooms/1.0; help@moz.com)"
178.255.215.68 - - [04/Apr/2014:04:02:21 +0200] "GET /privat/privat.html HTTP/1.1" 401 1226 "-" "Mozilla/5.0 (compatible; Exabot/3.0; +http://www.exabot.com/go/robot)"
208.115.111.75 - - [04/Apr/2014:05:30:50 +0200] "GET /links/links.html HTTP/1.1" 200 278 "-" "Mozilla/5.0 (compatible; Ezooms/1.0; help@moz.com)"
208.115.113.91 - - [04/Apr/2014:05:55:52 +0200] "GET /robots.txt HTTP/1.1" 200 298 "-" "Mozilla/5.0 (compatible; Ezooms/1.0; help@moz.com)"
208.115.113.91 - - [04/Apr/2014:08:00:44 +0200] "GET /impressum/impressum.html HTTP/1.1" 200 7872 "-" "Mozilla/5.0 (compatible; Ezooms/1.0; help@moz.com)"
66.249.64.199 - - [04/Apr/2014:15:57:02 +0200] "GET /robots.txt HTTP/1.1" 200 298 "-" "Mozilla/5.0 (compatible; Googlebot/2.1; +http://www.google.com/bot.html)"
66.249.64.24 - - [04/Apr/2014:15:57:03 +0200] "GET /env/jomox/images/logo_big.jpg HTTP/1.1" 200 12681 "-" "Googlebot-Image/1.0"
117.78.13.17 - - [05/Apr/2014:04:06:38 +0200] "GET /robots.txt HTTP/1.0" 200 298 "-" "nutch-1.4/Nutch-1.4"
117.78.13.17 - - [05/Apr/2014:04:06:39 +0200] "GET / HTTP/1.0" 200 15853 "-" "nutch-1.4/Nutch-1.4"
62.210.142.7 - - [05/Apr/2014:05:48:16 +0200] "GET / HTTP/1.1" 200 15853 "-" "Mozilla/4.0 (compatible; MSIE 6.0; Windows NT 5.1; SV1)"
62.210.142.7 - - [05/Apr/2014:05:48:17 +0200] "GET /index.html HTTP/1.1" 200 15853 "-" "Mozilla/4.0 (compatible; MSIE 6.0; Windows NT 5.1; SV1)"
62.210.142.7 - - [05/Apr/2014:05:48:17 +0200] "GET /env/env.html HTTP/1.1" 200 12438 "-" "Mozilla/4.0 (compatible; MSIE 6.0; Windows NT 5.1; SV1)"
62.210.142.7 - - [05/Apr/2014:05:48:17 +0200] "GET /friends/friends.html HTTP/1.1" 401 1226 "-" "Mozilla/4.0 (compatible; MSIE 6.0; Windows NT 5.1; SV1)"
62.210.142.7 - - [05/Apr/2014:05:48:17 +0200] "GET /phpBB2/index.php HTTP/1.1" 401 1226 "-" "Mozilla/4.0 (compatible; MSIE 6.0; Windows NT 5.1; SV1)"
62.210.142.7 - - [05/Apr/2014:05:48:17 +0200] "GET /privat/privat.html HTTP/1.1" 401 1226 "-" "Mozilla/4.0 (compatible; MSIE 6.0; Windows NT 5.1; SV1)"
62.210.142.7 - - [05/Apr/2014:05:48:17 +0200] "GET /impressum/impressum.html HTTP/1.1" 200 7872 "-" "Mozilla/4.0 (compatible; MSIE 6.0; Windows NT 5.1; SV1)"
62.210.142.7 - - [05/Apr/2014:05:48:17 +0200] "GET /env/jomox/jomox.html HTTP/1.1" 200 14935 "-" "Mozilla/4.0 (compatible; MSIE 6.0; Windows NT 5.1; SV1)"
66.249.64.194 - - [05/Apr/2014:07:14:05 +0200] "GET / HTTP/1.1" 200 15853 "-" "Mozilla/5.0 (compatible; Googlebot/2.1; +http://www.google.com/bot.html)"
178.255.215.68 - - [05/Apr/2014:11:03:24 +0200] "GET /robots.txt HTTP/1.1" 200 298 "-" "Mozilla/5.0 (compatible; Exabot/3.0; +http://www.exabot.com/go/robot)"
178.255.215.68 - - [05/Apr/2014:11:03:24 +0200] "GET / HTTP/1.1" 304 - "-" "Mozilla/5.0 (compatible; Exabot/3.0; +http://www.exabot.com/go/robot)"
5.255.253.79 - - [05/Apr/2014:13:45:59 +0200] "GET /robots.txt HTTP/1.1" 200 298 "-" "Mozilla/5.0 (compatible; YandexImages/3.0; +http://yandex.com/bots)"
5.255.253.79 - - [05/Apr/2014:13:55:46 +0200] "GET /env/images/10x10_CCCCCC.jpg HTTP/1.1" 304 - "-" "Mozilla/5.0 (compatible; YandexImages/3.0; +http://yandex.com/bots)"
5.255.253.79 - - [05/Apr/2014:14:05:33 +0200] "GET /env/roland/images/pixel.gif HTTP/1.1" 304 - "-" "Mozilla/5.0 (compatible; YandexImages/3.0; +http://yandex.com/bots)"
5.255.253.79 - - [05/Apr/2014:14:15:20 +0200] "GET /env/jomox/images/10x10_CCCCCC.jpg HTTP/1.1" 304 - "-" "Mozilla/5.0 (compatible; YandexImages/3.0; +http://yandex.com/bots)"
5.255.253.79 - - [05/Apr/2014:14:25:07 +0200] "GET /env/jomox/pics/airbase99_small.jpg HTTP/1.1" 200 5206 "-" "Mozilla/5.0 (compatible; YandexImages/3.0; +http://yandex.com/bots)"
5.255.253.79 - - [05/Apr/2014:14:34:54 +0200] "GET /env/images/span.jpg HTTP/1.1" 304 - "-" "Mozilla/5.0 (compatible; YandexImages/3.0; +http://yandex.com/bots)"
5.255.253.79 - - [05/Apr/2014:14:44:41 +0200] "GET /env/jomox/images/15x15.jpg HTTP/1.1" 304 - "-" "Mozilla/5.0 (compatible; YandexImages/3.0; +http://yandex.com/bots)"
5.255.253.79 - - [05/Apr/2014:14:54:28 +0200] "GET /env/roland/images/10x10_CCCCCC.jpg HTTP/1.1" 304 - "-" "Mozilla/5.0 (compatible; YandexImages/3.0; +http://yandex.com/bots)"
5.255.253.79 - - [05/Apr/2014:15:04:15 +0200] "GET /env/roland/pics/sc880_small.jpg HTTP/1.1" 304 - "-" "Mozilla/5.0 (compatible; YandexImages/3.0; +http://yandex.com/bots)"
5.255.253.79 - - [05/Apr/2014:15:23:49 +0200] "GET /env/images/15x15.jpg HTTP/1.1" 304 - "-" "Mozilla/5.0 (compatible; YandexImages/3.0; +http://yandex.com/bots)"
5.255.253.79 - - [05/Apr/2014:15:33:36 +0200] "GET /impressum/images/pixel.gif HTTP/1.1" 304 - "-" "Mozilla/5.0 (compatible; YandexImages/3.0; +http://yandex.com/bots)"
5.255.253.79 - - [05/Apr/2014:15:43:22 +0200] "GET /images/15x15.jpg HTTP/1.1" 304 - "-" "Mozilla/5.0 (compatible; YandexImages/3.0; +http://yandex.com/bots)"
5.255.253.79 - - [05/Apr/2014:15:53:09 +0200] "GET /images/span.jpg HTTP/1.1" 304 - "-" "Mozilla/5.0 (compatible; YandexImages/3.0; +http://yandex.com/bots)"
5.255.253.79 - - [05/Apr/2014:16:02:56 +0200] "GET /impressum/images/15x15.jpg HTTP/1.1" 304 - "-" "Mozilla/5.0 (compatible; YandexImages/3.0; +http://yandex.com/bots)"
5.255.253.79 - - [05/Apr/2014:16:12:43 +0200] "GET /env/images/pixel.gif HTTP/1.1" 304 - "-" "Mozilla/5.0 (compatible; YandexImages/3.0; +http://yandex.com/bots)"
5.255.253.79 - - [05/Apr/2014:16:22:30 +0200] "GET /env/jomox/images/span.jpg HTTP/1.1" 304 - "-" "Mozilla/5.0 (compatible; YandexImages/3.0; +http://yandex.com/bots)"
5.255.253.79 - - [05/Apr/2014:16:32:17 +0200] "GET /images/pixel.gif HTTP/1.1" 304 - "-" "Mozilla/5.0 (compatible; YandexImages/3.0; +http://yandex.com/bots)"
5.255.253.79 - - [05/Apr/2014:16:51:50 +0200] "GET /env/roland/images/15x15.jpg HTTP/1.1" 304 - "-" "Mozilla/5.0 (compatible; YandexImages/3.0; +http://yandex.com/bots)"
5.255.253.79 - - [05/Apr/2014:17:01:37 +0200] "GET /env/roland/pics/sc880_small+.jpg HTTP/1.1" 304 - "-" "Mozilla/5.0 (compatible; YandexImages/3.0; +http://yandex.com/bots)"
5.255.253.79 - - [05/Apr/2014:17:11:24 +0200] "GET /images/10x10_CCCCCC.jpg HTTP/1.1" 304 - "-" "Mozilla/5.0 (compatible; YandexImages/3.0; +http://yandex.com/bots)"
5.255.253.79 - - [05/Apr/2014:17:21:10 +0200] "GET /env/roland/images/span.jpg HTTP/1.1" 304 - "-" "Mozilla/5.0 (compatible; YandexImages/3.0; +http://yandex.com/bots)"
5.255.253.79 - - [05/Apr/2014:17:30:57 +0200] "GET /impressum/images/10x10_CCCCCC.jpg HTTP/1.1" 304 - "-" "Mozilla/5.0 (compatible; YandexImages/3.0; +http://yandex.com/bots)"
5.255.253.79 - - [05/Apr/2014:17:40:44 +0200] "GET /impressum/images/span.jpg HTTP/1.1" 304 - "-" "Mozilla/5.0 (compatible; YandexImages/3.0; +http://yandex.com/bots)"
5.255.253.79 - - [05/Apr/2014:17:50:30 +0200] "GET /env/jomox/pics/airbase99_small+.jpg HTTP/1.1" 304 - "-" "Mozilla/5.0 (compatible; YandexImages/3.0; +http://yandex.com/bots)"
5.255.253.79 - - [05/Apr/2014:18:00:17 +0200] "GET /env/jomox/images/pixel.gif HTTP/1.1" 304 - "-" "Mozilla/5.0 (compatible; YandexImages/3.0; +http://yandex.com/bots)"
5.255.253.79 - - [05/Apr/2014:18:09:39 +0200] "GET /env/roland/pics/sc880_mid.jpg HTTP/1.1" 304 - "-" "Mozilla/5.0 (compatible; YandexImages/3.0; +http://yandex.com/bots)"
5.10.83.93 - - [05/Apr/2014:18:58:52 +0200] "GET /friends/friends.html HTTP/1.1" 401 1226 "-" "Mozilla/5.0 (compatible; AhrefsBot/5.0; +http://ahrefs.com/robot/)"
5.10.83.22 - - [05/Apr/2014:19:08:08 +0200] "GET /env/jomox/jomox.html HTTP/1.1" 200 14935 "-" "Mozilla/5.0 (compatible; AhrefsBot/5.0; +http://ahrefs.com/robot/)"
5.10.83.29 - - [05/Apr/2014:20:34:04 +0200] "GET /robots.txt HTTP/1.1" 200 298 "-" "Mozilla/5.0 (compatible; AhrefsBot/5.0; +http://ahrefs.com/robot/)"
157.56.92.147 - - [05/Apr/2014:22:21:35 +0200] "GET /robots.txt HTTP/1.1" 200 298 "-" "Mozilla/5.0 (compatible; bingbot/2.0; +http://www.bing.com/bingbot.htm)"
157.56.92.147 - - [05/Apr/2014:22:27:45 +0200] "GET /env/jomox/jomox.html HTTP/1.1" 200 14935 "-" "Mozilla/5.0 (compatible; bingbot/2.0; +http://www.bing.com/bingbot.htm)"
148.251.23.114 - - [06/Apr/2014:03:47:26 +0200] "GET /robots.txt HTTP/1.0" 200 298 "-" "Mozilla/5.0 (compatible; MJ12bot/v1.4.4; http://www.majestic12.co.uk/bot.php?+)"
148.251.23.114 - - [06/Apr/2014:03:47:28 +0200] "GET /env/jomox/jomox.html HTTP/1.0" 200 14935 "-" "Mozilla/5.0 (compatible; MJ12bot/v1.4.4; http://www.majestic12.co.uk/bot.php?+)"
5.10.83.52 - - [06/Apr/2014:05:01:47 +0200] "GET /index.html HTTP/1.1" 200 15853 "-" "Mozilla/5.0 (compatible; AhrefsBot/5.0; +http://ahrefs.com/robot/)"
207.241.226.217 - - [06/Apr/2014:09:36:03 +0200] "GET /robots.txt HTTP/1.1" 200 298 "-" "Mozilla/5.0 (compatible; archive.org_bot; Wayback Machine Live Record; +http://archive.org/details/archive.org_bot)"
157.55.32.62 - - [06/Apr/2014:11:55:32 +0200] "GET /robots.txt HTTP/1.1" 200 298 "-" "Mozilla/5.0 (compatible; bingbot/2.0; +http://www.bing.com/bingbot.htm)"
157.55.32.62 - - [06/Apr/2014:12:08:54 +0200] "GET /env/roland/sc880.html HTTP/1.1" 200 17092 "-" "Mozilla/5.0 (compatible; bingbot/2.0; +http://www.bing.com/bingbot.htm)"
157.56.229.244 - - [06/Apr/2014:12:10:11 +0200] "GET /env/roland/pics/sc880_small+.jpg HTTP/1.1" 200 6084 "-" "Mozilla/5.0 (compatible; bingbot/2.0; +http://www.bing.com/bingbot.htm)"
157.56.93.95 - - [06/Apr/2014:12:12:23 +0200] "GET /env/roland/images/10x10_CCCCCC.jpg HTTP/1.1" 200 631 "-" "Mozilla/5.0 (compatible; bingbot/2.0; +http://www.bing.com/bingbot.htm)"
157.55.33.22 - - [06/Apr/2014:12:14:46 +0200] "GET /env/roland/images/logo_big.jpg HTTP/1.1" 200 12681 "-" "Mozilla/5.0 (compatible; bingbot/2.0; +http://www.bing.com/bingbot.htm)"
157.55.33.22 - - [06/Apr/2014:12:14:47 +0200] "GET /env/roland/images/span.jpg HTTP/1.1" 200 811 "-" "Mozilla/5.0 (compatible; bingbot/2.0; +http://www.bing.com/bingbot.htm)"
157.55.32.75 - - [06/Apr/2014:14:40:28 +0200] "GET / HTTP/1.1" 200 15853 "-" "Mozilla/5.0 (compatible; bingbot/2.0; +http://www.bing.com/bingbot.htm)"
178.255.215.68 - - [07/Apr/2014:15:01:19 +0200] "GET /robots.txt HTTP/1.1" 200 298 "-" "Mozilla/5.0 (compatible; Exabot/3.0; +http://www.exabot.com/go/robot)"
178.255.215.68 - - [07/Apr/2014:15:01:19 +0200] "GET /phpBB2/index.php HTTP/1.1" 401 1226 "-" "Mozilla/5.0 (compatible; Exabot/3.0; +http://www.exabot.com/go/robot)"
5.10.83.93 - - [07/Apr/2014:18:43:16 +0200] "GET /phpBB2/index.php HTTP/1.1" 401 1226 "-" "Mozilla/5.0 (compatible; AhrefsBot/5.0; +http://ahrefs.com/robot/)"
5.255.253.79 - - [07/Apr/2014:21:49:15 +0200] "GET /robots.txt HTTP/1.1" 200 298 "-" "Mozilla/5.0 (compatible; YandexImages/3.0; +http://yandex.com/bots)"
5.255.253.79 - - [07/Apr/2014:22:08:38 +0200] "GET /env/images/span.jpg HTTP/1.1" 304 - "-" "Mozilla/5.0 (compatible; YandexImages/3.0; +http://yandex.com/bots)"
5.255.253.79 - - [07/Apr/2014:22:18:20 +0200] "GET /env/images/10x10_CCCCCC.jpg HTTP/1.1" 304 - "-" "Mozilla/5.0 (compatible; YandexImages/3.0; +http://yandex.com/bots)"
5.255.253.79 - - [07/Apr/2014:22:28:01 +0200] "GET /env/roland/images/15x15.jpg HTTP/1.1" 304 - "-" "Mozilla/5.0 (compatible; YandexImages/3.0; +http://yandex.com/bots)"
5.255.253.79 - - [07/Apr/2014:22:37:42 +0200] "GET /env/roland/images/10x10_CCCCCC.jpg HTTP/1.1" 304 - "-" "Mozilla/5.0 (compatible; YandexImages/3.0; +http://yandex.com/bots)"
5.255.253.79 - - [07/Apr/2014:22:47:24 +0200] "GET /images/15x15.jpg HTTP/1.1" 304 - "-" "Mozilla/5.0 (compatible; YandexImages/3.0; +http://yandex.com/bots)"
5.255.253.79 - - [07/Apr/2014:22:57:05 +0200] "GET /env/roland/pics/sc880_small.jpg HTTP/1.1" 304 - "-" "Mozilla/5.0 (compatible; YandexImages/3.0; +http://yandex.com/bots)"
5.255.253.79 - - [07/Apr/2014:23:06:47 +0200] "GET /env/jomox/pics/airbase99_small+.jpg HTTP/1.1" 304 - "-" "Mozilla/5.0 (compatible; YandexImages/3.0; +http://yandex.com/bots)"
5.255.253.79 - - [07/Apr/2014:23:26:09 +0200] "GET /env/images/15x15.jpg HTTP/1.1" 304 - "-" "Mozilla/5.0 (compatible; YandexImages/3.0; +http://yandex.com/bots)"
5.255.253.79 - - [07/Apr/2014:23:35:51 +0200] "GET /images/10x10_CCCCCC.jpg HTTP/1.1" 304 - "-" "Mozilla/5.0 (compatible; YandexImages/3.0; +http://yandex.com/bots)"
5.255.253.79 - - [07/Apr/2014:23:45:32 +0200] "GET /impressum/images/10x10_CCCCCC.jpg HTTP/1.1" 304 - "-" "Mozilla/5.0 (compatible; YandexImages/3.0; +http://yandex.com/bots)"
5.255.253.79 - - [07/Apr/2014:23:55:13 +0200] "GET /env/jomox/images/15x15.jpg HTTP/1.1" 304 - "-" "Mozilla/5.0 (compatible; YandexImages/3.0; +http://yandex.com/bots)"
5.255.253.79 - - [08/Apr/2014:00:04:55 +0200] "GET /env/images/pixel.gif HTTP/1.1" 304 - "-" "Mozilla/5.0 (compatible; YandexImages/3.0; +http://yandex.com/bots)"
5.255.253.79 - - [08/Apr/2014:00:14:36 +0200] "GET /env/jomox/images/10x10_CCCCCC.jpg HTTP/1.1" 304 - "-" "Mozilla/5.0 (compatible; YandexImages/3.0; +http://yandex.com/bots)"
5.255.253.79 - - [08/Apr/2014:00:24:17 +0200] "GET /images/pixel.gif HTTP/1.1" 304 - "-" "Mozilla/5.0 (compatible; YandexImages/3.0; +http://yandex.com/bots)"
5.255.253.79 - - [08/Apr/2014:00:33:59 +0200] "GET /images/span.jpg HTTP/1.1" 304 - "-" "Mozilla/5.0 (compatible; YandexImages/3.0; +http://yandex.com/bots)"
5.255.253.79 - - [08/Apr/2014:00:43:40 +0200] "GET /env/roland/images/pixel.gif HTTP/1.1" 304 - "-" "Mozilla/5.0 (compatible; YandexImages/3.0; +http://yandex.com/bots)"
5.255.253.79 - - [08/Apr/2014:00:53:21 +0200] "GET /env/roland/pics/sc880_small+.jpg HTTP/1.1" 304 - "-" "Mozilla/5.0 (compatible; YandexImages/3.0; +http://yandex.com/bots)"
5.255.253.79 - - [08/Apr/2014:01:03:02 +0200] "GET /env/jomox/pics/airbase99_small.jpg HTTP/1.1" 200 5206 "-" "Mozilla/5.0 (compatible; YandexImages/3.0; +http://yandex.com/bots)"
5.255.253.79 - - [08/Apr/2014:01:12:44 +0200] "GET /impressum/images/span.jpg HTTP/1.1" 304 - "-" "Mozilla/5.0 (compatible; YandexImages/3.0; +http://yandex.com/bots)"
5.255.253.79 - - [08/Apr/2014:01:22:25 +0200] "GET /env/jomox/images/pixel.gif HTTP/1.1" 304 - "-" "Mozilla/5.0 (compatible; YandexImages/3.0; +http://yandex.com/bots)"
5.255.253.79 - - [08/Apr/2014:01:32:06 +0200] "GET /impressum/images/pixel.gif HTTP/1.1" 304 - "-" "Mozilla/5.0 (compatible; YandexImages/3.0; +http://yandex.com/bots)"
5.255.253.79 - - [08/Apr/2014:01:41:47 +0200] "GET /impressum/images/15x15.jpg HTTP/1.1" 304 - "-" "Mozilla/5.0 (compatible; YandexImages/3.0; +http://yandex.com/bots)"
5.255.253.79 - - [08/Apr/2014:01:51:28 +0200] "GET /env/roland/images/span.jpg HTTP/1.1" 304 - "-" "Mozilla/5.0 (compatible; YandexImages/3.0; +http://yandex.com/bots)"
5.255.253.79 - - [08/Apr/2014:02:01:09 +0200] "GET /env/jomox/images/span.jpg HTTP/1.1" 304 - "-" "Mozilla/5.0 (compatible; YandexImages/3.0; +http://yandex.com/bots)"
5.255.253.79 - - [08/Apr/2014:02:08:23 +0200] "GET /env/roland/pics/sc880_mid.jpg HTTP/1.1" 304 - "-" "Mozilla/5.0 (compatible; YandexImages/3.0; +http://yandex.com/bots)"
74.52.245.146 - - [08/Apr/2014:08:47:54 +0200] "GET / HTTP/1.0" 200 15853 "-" "Mozilla/5.0 (X11; U; Linux i686; en-US; rv:1.7.5) Gecko/20041107 Firefox/1.0"
217.86.196.40 - - [08/Apr/2014:19:20:02 +0200] "GET / HTTP/1.1" 200 15853 "http://www.google.de/" "finbot"
217.86.196.40 - - [08/Apr/2014:19:20:02 +0200] "GET /robots.txt HTTP/1.1" 200 298 "http://www.google.de/" "finbot"
66.249.79.39 - - [10/Apr/2014:00:15:23 +0200] "GET /robots.txt HTTP/1.1" 200 298 "-" "Mozilla/5.0 (compatible; Googlebot/2.1; +http://www.google.com/bot.html)"
66.249.79.227 - - [10/Apr/2014:00:15:24 +0200] "GET /env/roland/pics/pic_sc880.html HTTP/1.1" 200 755 "-" "Mozilla/5.0 (compatible; Googlebot/2.1; +http://www.google.com/bot.html)"
64.246.161.190 - - [10/Apr/2014:01:50:51 +0200] "GET /robots.txt HTTP/1.0" 200 298 "-" "Mozilla/5.0 (Windows; U; Windows NT 5.1; en; rv:1.9.0.13) Gecko/2009073022 Firefox/3.5.2 (.NET CLR 3.5.30729) SurveyBot/2.3 (DomainTools)"
64.246.161.190 - - [10/Apr/2014:01:50:52 +0200] "GET / HTTP/1.1" 200 15853 "http://whois.domaintools.com/soundpatcher.de" "Mozilla/5.0 (Windows; U; Windows NT 5.1; en; rv:1.9.0.13) Gecko/2009073022 Firefox/3.5.2 (.NET CLR 3.5.30729) SurveyBot/2.3 (DomainTools)"
66.249.79.227 - - [10/Apr/2014:02:39:34 +0200] "GET /env/jomox/pics/pic_airbase99.html HTTP/1.1" 200 759 "-" "Mozilla/5.0 (compatible; Googlebot/2.1; +http://www.google.com/bot.html)"
5.10.83.71 - - [10/Apr/2014:07:42:48 +0200] "GET /robots.txt HTTP/1.1" 200 298 "-" "Mozilla/5.0 (compatible; AhrefsBot/5.0; +http://ahrefs.com/robot/)"
208.115.113.91 - - [10/Apr/2014:09:55:43 +0200] "GET /robots.txt HTTP/1.1" 200 298 "-" "Mozilla/5.0 (compatible; Ezooms/1.0; help@moz.com)"
208.115.113.91 - - [10/Apr/2014:12:10:07 +0200] "GET /phpBB2/index.php HTTP/1.1" 401 1226 "-" "Mozilla/5.0 (compatible; Ezooms/1.0; help@moz.com)"
157.55.36.35 - - [11/Apr/2014:05:59:43 +0200] "GET /robots.txt HTTP/1.1" 200 298 "-" "Mozilla/5.0 (compatible; bingbot/2.0; +http://www.bing.com/bingbot.htm)"
157.55.36.35 - - [11/Apr/2014:06:09:49 +0200] "GET /env/jomox/pics/pic_airbase99.html HTTP/1.1" 200 759 "-" "Mozilla/5.0 (compatible; bingbot/2.0; +http://www.bing.com/bingbot.htm)"
141.8.147.12 - - [11/Apr/2014:07:24:48 +0200] "GET /robots.txt HTTP/1.1" 200 298 "-" "Mozilla/5.0 (compatible; YandexBot/3.0; +http://yandex.com/bots)"
5.10.83.64 - - [11/Apr/2014:07:58:34 +0200] "GET / HTTP/1.1" 200 15853 "-" "Mozilla/5.0 (compatible; AhrefsBot/5.0; +http://ahrefs.com/robot/)"
141.8.147.12 - - [11/Apr/2014:09:19:21 +0200] "GET /index.html HTTP/1.1" 200 15853 "-" "Mozilla/5.0 (compatible; YandexBot/3.0; +http://yandex.com/bots)"
141.8.147.12 - - [11/Apr/2014:12:30:26 +0200] "GET / HTTP/1.1" 200 15853 "-" "Mozilla/5.0 (compatible; YandexBot/3.0; +http://yandex.com/bots)"
66.249.78.189 - - [11/Apr/2014:13:23:16 +0200] "GET /robots.txt HTTP/1.1" 200 298 "-" "Mozilla/5.0 (compatible; Googlebot/2.1; +http://www.google.com/bot.html)"
66.249.78.189 - - [11/Apr/2014:13:23:16 +0200] "GET /env/jomox/pics/airbase99_small+.jpg HTTP/1.1" 200 5326 "-" "Googlebot-Image/1.0"
141.8.147.12 - - [11/Apr/2014:13:58:59 +0200] "GET /env/jomox/download/airbase99.LSO HTTP/1.1" 200 387896 "-" "Mozilla/5.0 (compatible; YandexBot/3.0; +http://yandex.com/bots)"
5.10.83.96 - - [11/Apr/2014:14:01:34 +0200] "GET /env/jomox/download/airbase99.LSO HTTP/1.1" 200 387896 "-" "Mozilla/5.0 (compatible; AhrefsBot/5.0; +http://ahrefs.com/robot/)"
217.212.224.183 - - [11/Apr/2014:15:25:19 +0200] "GET /robots.txt HTTP/1.0" 200 298 "-" "psbot/0.1 (+http://www.picsearch.com/bot.html)"
217.212.224.181 - - [11/Apr/2014:15:25:20 +0200] "GET / HTTP/1.0" 304 - "-" "psbot/0.1 (+http://www.picsearch.com/bot.html)"
217.212.224.181 - - [11/Apr/2014:15:27:08 +0200] "GET /env/roland/sc880.html HTTP/1.0" 304 - "-" "psbot/0.1 (+http://www.picsearch.com/bot.html)"
107.170.118.165 - - [11/Apr/2014:15:27:53 +0200] "GET / HTTP/1.0" 200 15853 "-" "Mozilla/5.0 (compatible; NetcraftSurveyAgent/1.0; +info@netcraft.com)"
141.8.147.12 - - [11/Apr/2014:18:44:48 +0200] "GET /robots.txt HTTP/1.1" 200 298 "-" "Mozilla/5.0 (compatible; YandexBot/3.0; +http://yandex.com/bots)"
85.17.73.171 - - [11/Apr/2014:21:47:20 +0200] "GET / HTTP/1.1" 200 15853 "-" "Mozilla/5.0 (compatible; LinkpadBot/1.06; +http://www.linkpad.ru)"
85.17.73.171 - - [11/Apr/2014:21:47:21 +0200] "GET / HTTP/1.1" 200 15853 "-" "Mozilla/5.0 (compatible; LinkpadBot/1.06; +http://www.linkpad.ru)"
85.17.73.171 - - [11/Apr/2014:21:47:23 +0200] "GET /env/env.html HTTP/1.1" 200 12438 "-" "Mozilla/5.0 (compatible; LinkpadBot/1.06; +http://www.linkpad.ru)"
85.17.73.171 - - [11/Apr/2014:21:47:24 +0200] "GET /env/env.html HTTP/1.1" 200 12438 "-" "Mozilla/5.0 (compatible; LinkpadBot/1.06; +http://www.linkpad.ru)"
85.17.73.171 - - [11/Apr/2014:21:47:25 +0200] "GET /env/jomox/jomox.html HTTP/1.1" 200 14935 "-" "Mozilla/5.0 (compatible; LinkpadBot/1.06; +http://www.linkpad.ru)"
85.17.73.171 - - [11/Apr/2014:21:47:26 +0200] "GET /env/jomox/jomox.html HTTP/1.1" 200 14935 "-" "Mozilla/5.0 (compatible; LinkpadBot/1.06; +http://www.linkpad.ru)"
85.17.73.171 - - [11/Apr/2014:21:47:27 +0200] "GET /friends/friends.html HTTP/1.1" 401 1226 "-" "Mozilla/5.0 (compatible; LinkpadBot/1.06; +http://www.linkpad.ru)"
85.17.73.171 - - [11/Apr/2014:21:47:28 +0200] "GET /privat/privat.html HTTP/1.1" 401 1226 "-" "Mozilla/5.0 (compatible; LinkpadBot/1.06; +http://www.linkpad.ru)"
85.17.73.171 - - [11/Apr/2014:21:47:29 +0200] "GET /impressum/impressum.html HTTP/1.1" 200 7872 "-" "Mozilla/5.0 (compatible; LinkpadBot/1.06; +http://www.linkpad.ru)"
85.17.73.171 - - [11/Apr/2014:21:47:30 +0200] "GET /impressum/impressum.html HTTP/1.1" 200 7872 "-" "Mozilla/5.0 (compatible; LinkpadBot/1.06; +http://www.linkpad.ru)"
85.17.73.171 - - [11/Apr/2014:21:47:32 +0200] "GET /phpBB2/ HTTP/1.1" 401 1226 "-" "Mozilla/5.0 (compatible; LinkpadBot/1.06; +http://www.linkpad.ru)"
141.8.147.12 - - [13/Apr/2014:06:52:39 +0200] "GET /robots.txt HTTP/1.1" 200 298 "-" "Mozilla/5.0 (compatible; YandexBot/3.0; +http://yandex.com/bots)"
208.115.111.75 - - [13/Apr/2014:07:41:24 +0200] "GET /robots.txt HTTP/1.1" 200 298 "-" "Mozilla/5.0 (compatible; Ezooms/1.0; help@moz.com)"
208.115.111.75 - - [13/Apr/2014:09:27:40 +0200] "GET /friends/friends.html HTTP/1.1" 401 1226 "-" "Mozilla/5.0 (compatible; Ezooms/1.0; help@moz.com)"
141.8.147.12 - - [13/Apr/2014:10:01:18 +0200] "GET / HTTP/1.1" 200 15853 "-" "Mozilla/5.0 (compatible; YandexBot/3.0; +http://yandex.com/bots)"
178.158.57.162 - - [13/Apr/2014:15:43:40 +0200] "GET /phpBB2/profile.php HTTP/1.1" 401 1226 "-" "Forum Poster V3"
144.76.183.41 - - [14/Apr/2014:00:59:00 +0200] "GET /robots.txt HTTP/1.1" 200 298 "-" "Mozilla/5.0 (compatible; SISTRIX Crawler; http://crawler.sistrix.net/)"
144.76.183.41 - - [14/Apr/2014:00:59:00 +0200] "GET / HTTP/1.1" 206 15853 "-" "Mozilla/5.0 (compatible; SISTRIX Crawler; http://crawler.sistrix.net/)"
66.36.230.78 - - [14/Apr/2014:05:51:24 +0200] "GET /robots.txt HTTP/1.1" 200 298 "-" "Mozilla/4.0 (compatible; MSIE 5.01; Windows NT)"
66.36.230.78 - - [14/Apr/2014:05:51:31 +0200] "GET / HTTP/1.1" 200 15853 "-" "Mozilla/4.0 (compatible; MSIE 5.01; Windows NT)"
66.36.230.78 - - [14/Apr/2014:05:51:39 +0200] "GET /index.html HTTP/1.1" 200 15853 "-" "Mozilla/4.0 (compatible; MSIE 5.01; Windows NT)"
66.36.230.78 - - [14/Apr/2014:05:51:46 +0200] "GET /env/env.html HTTP/1.1" 200 12438 "-" "Mozilla/4.0 (compatible; MSIE 5.01; Windows NT)"
66.36.230.78 - - [14/Apr/2014:05:51:53 +0200] "GET /friends/friends.html HTTP/1.1" 401 1226 "-" "Mozilla/4.0 (compatible; MSIE 5.01; Windows NT)"
66.36.230.78 - - [14/Apr/2014:05:52:01 +0200] "GET /phpbb2/index.php HTTP/1.1" 404 1256 "-" "Mozilla/4.0 (compatible; MSIE 5.01; Windows NT)"
66.36.230.78 - - [14/Apr/2014:05:52:08 +0200] "GET /privat/privat.html HTTP/1.1" 401 1226 "-" "Mozilla/4.0 (compatible; MSIE 5.01; Windows NT)"
66.36.230.78 - - [14/Apr/2014:05:52:15 +0200] "GET /impressum/impressum.html HTTP/1.1" 200 7872 "-" "Mozilla/4.0 (compatible; MSIE 5.01; Windows NT)"
66.36.230.78 - - [14/Apr/2014:05:52:23 +0200] "GET /env/jomox/jomox.html HTTP/1.1" 200 14935 "-" "Mozilla/4.0 (compatible; MSIE 5.01; Windows NT)"
208.115.113.91 - - [14/Apr/2014:10:01:05 +0200] "GET /robots.txt HTTP/1.1" 200 298 "-" "Mozilla/5.0 (compatible; Ezooms/1.0; help@moz.com)"
208.115.113.91 - - [14/Apr/2014:12:02:40 +0200] "GET /env/jomox/jomox.html HTTP/1.1" 200 14935 "-" "Mozilla/5.0 (compatible; Ezooms/1.0; help@moz.com)"
208.115.111.75 - - [14/Apr/2014:15:46:24 +0200] "GET /robots.txt HTTP/1.1" 200 298 "-" "Mozilla/5.0 (compatible; Ezooms/1.0; help@moz.com)"
65.55.52.96 - - [14/Apr/2014:17:21:38 +0200] "GET /robots.txt HTTP/1.1" 200 298 "-" "Mozilla/5.0 (compatible; bingbot/2.0; +http://www.bing.com/bingbot.htm)"
208.115.111.75 - - [14/Apr/2014:17:33:07 +0200] "GET /env/env.html HTTP/1.1" 200 12438 "-" "Mozilla/5.0 (compatible; Ezooms/1.0; help@moz.com)"
65.55.52.96 - - [14/Apr/2014:18:16:41 +0200] "GET /env/jomox/download/airbase99.LSO HTTP/1.1" 200 387896 "-" "Mozilla/5.0 (compatible; bingbot/2.0; +http://www.bing.com/bingbot.htm)"
141.8.147.12 - - [14/Apr/2014:21:21:51 +0200] "GET /robots.txt HTTP/1.1" 200 298 "-" "Mozilla/5.0 (compatible; YandexBot/3.0; +http://yandex.com/bots)"
117.78.13.29 - - [15/Apr/2014:00:22:02 +0200] "GET /robots.txt HTTP/1.0" 200 298 "-" "nutch-1.4/Nutch-1.4"
117.78.13.29 - - [15/Apr/2014:00:22:03 +0200] "GET / HTTP/1.0" 200 15853 "-" "nutch-1.4/Nutch-1.4"
141.8.147.12 - - [15/Apr/2014:00:39:22 +0200] "GET /index.html HTTP/1.1" 200 15853 "-" "Mozilla/5.0 (compatible; YandexBot/3.0; +http://yandex.com/bots)"
141.8.147.12 - - [15/Apr/2014:05:39:42 +0200] "GET / HTTP/1.1" 200 15853 "-" "Mozilla/5.0 (compatible; YandexBot/3.0; +http://yandex.com/bots)"
178.255.215.68 - - [15/Apr/2014:10:37:20 +0200] "GET /robots.txt HTTP/1.1" 200 298 "-" "Mozilla/5.0 (compatible; Exabot/3.0; +http://www.exabot.com/go/robot)"
178.255.215.68 - - [15/Apr/2014:10:37:20 +0200] "GET /env/jomox/jomox.html HTTP/1.1" 304 - "-" "Mozilla/5.0 (compatible; Exabot/3.0; +http://www.exabot.com/go/robot)"
66.249.78.189 - - [15/Apr/2014:18:25:36 +0200] "GET /robots.txt HTTP/1.1" 200 298 "-" "Mozilla/5.0 (compatible; Googlebot/2.1; +http://www.google.com/bot.html)"
66.249.78.189 - - [15/Apr/2014:18:25:36 +0200] "GET / HTTP/1.1" 200 15853 "-" "Mozilla/5.0 (compatible; Googlebot/2.1; +http://www.google.com/bot.html)"
65.55.24.216 - - [16/Apr/2014:13:20:06 +0200] "GET /robots.txt HTTP/1.1" 200 298 "-" "Mozilla/5.0 (compatible; bingbot/2.0; +http://www.bing.com/bingbot.htm)"
65.55.24.216 - - [16/Apr/2014:13:51:46 +0200] "GET /env/jomox/jomox.html HTTP/1.1" 304 - "-" "Mozilla/5.0 (compatible; bingbot/2.0; +http://www.bing.com/bingbot.htm)"
157.55.33.43 - - [17/Apr/2014:10:13:18 +0200] "GET /robots.txt HTTP/1.1" 200 298 "-" "Mozilla/5.0 (compatible; bingbot/2.0; +http://www.bing.com/bingbot.htm)"
157.55.33.43 - - [17/Apr/2014:10:13:53 +0200] "GET / HTTP/1.1" 200 15853 "-" "Mozilla/5.0 (compatible; bingbot/2.0; +http://www.bing.com/bingbot.htm)"
157.55.32.185 - - [17/Apr/2014:10:21:41 +0200] "GET /env/roland/sc880.html HTTP/1.1" 304 - "-" "Mozilla/5.0 (compatible; bingbot/2.0; +http://www.bing.com/bingbot.htm)"
5.10.83.3 - - [17/Apr/2014:10:34:56 +0200] "GET /robots.txt HTTP/1.1" 200 298 "-" "Mozilla/5.0 (compatible; AhrefsBot/5.0; +http://ahrefs.com/robot/)"
178.255.215.68 - - [17/Apr/2014:17:09:50 +0200] "GET /robots.txt HTTP/1.1" 200 298 "-" "Mozilla/5.0 (compatible; Exabot/3.0; +http://www.exabot.com/go/robot)"
178.255.215.68 - - [17/Apr/2014:17:09:50 +0200] "GET /env/jomox/download/airbase99.LSO HTTP/1.1" 200 387896 "-" "Mozilla/5.0 (compatible; Exabot/3.0; +http://www.exabot.com/go/robot)"
94.242.222.13 - - [17/Apr/2014:21:52:37 +0200] "GET / HTTP/1.1" 200 15853 "-" "Mozilla/4.0 (compatible; MSIE 8.0; Windows NT 6.1; Trident/4.0)"
66.249.78.189 - - [18/Apr/2014:00:16:37 +0200] "GET /robots.txt HTTP/1.1" 200 298 "-" "Mozilla/5.0 (compatible; Googlebot/2.1; +http://www.google.com/bot.html)"
66.249.78.189 - - [18/Apr/2014:00:16:37 +0200] "GET /images/logo_big.jpg HTTP/1.1" 304 - "-" "Googlebot-Image/1.0"
208.115.111.75 - - [18/Apr/2014:00:29:44 +0200] "GET /robots.txt HTTP/1.1" 200 298 "-" "Mozilla/5.0 (compatible; DotBot/1.1; http://www.opensiteexplorer.org/dotbot, help@moz.com)"
208.115.111.75 - - [18/Apr/2014:02:20:19 +0200] "GET /index.html HTTP/1.1" 200 15853 "-" "Mozilla/5.0 (compatible; DotBot/1.1; http://www.opensiteexplorer.org/dotbot, help@moz.com)"
157.55.32.221 - - [18/Apr/2014:06:40:03 +0200] "GET /robots.txt HTTP/1.1" 200 298 "-" "Mozilla/5.0 (compatible; bingbot/2.0; +http://www.bing.com/bingbot.htm)"
157.55.32.221 - - [18/Apr/2014:06:43:30 +0200] "GET /env/jomox/download/airbase99.LSO HTTP/1.1" 200 387896 "-" "Mozilla/5.0 (compatible; bingbot/2.0; +http://www.bing.com/bingbot.htm)"
117.78.13.51 - - [18/Apr/2014:21:08:57 +0200] "GET /robots.txt HTTP/1.0" 200 298 "-" "nutch-1.4/Nutch-1.4"
117.78.13.51 - - [18/Apr/2014:21:08:58 +0200] "GET / HTTP/1.0" 200 15853 "-" "nutch-1.4/Nutch-1.4"
208.115.111.75 - - [18/Apr/2014:22:37:00 +0200] "GET /robots.txt HTTP/1.1" 200 298 "-" "Mozilla/5.0 (compatible; DotBot/1.1; http://www.opensiteexplorer.org/dotbot, help@moz.com)"
178.255.215.68 - - [19/Apr/2014:01:09:10 +0200] "GET /robots.txt HTTP/1.1" 200 298 "-" "Mozilla/5.0 (compatible; Exabot/3.0; +http://www.exabot.com/go/robot)"
178.255.215.68 - - [19/Apr/2014:01:09:11 +0200] "GET / HTTP/1.1" 304 - "-" "Mozilla/5.0 (compatible; Exabot/3.0; +http://www.exabot.com/go/robot)"
208.115.111.75 - - [19/Apr/2014:01:25:42 +0200] "GET /index.html HTTP/1.1" 200 15853 "-" "Mozilla/5.0 (compatible; DotBot/1.1; http://www.opensiteexplorer.org/dotbot, help@moz.com)"
5.10.83.25 - - [19/Apr/2014:02:39:58 +0200] "GET /index.html HTTP/1.1" 200 15853 "-" "Mozilla/5.0 (compatible; AhrefsBot/5.0; +http://ahrefs.com/robot/)"
217.212.224.183 - - [19/Apr/2014:03:01:39 +0200] "GET /robots.txt HTTP/1.0" 200 298 "-" "psbot/0.1 (+http://www.picsearch.com/bot.html)"
217.212.224.181 - - [19/Apr/2014:03:01:39 +0200] "GET /env/jomox/jomox.html HTTP/1.0" 304 - "-" "psbot/0.1 (+http://www.picsearch.com/bot.html)"
5.10.83.29 - - [19/Apr/2014:10:41:53 +0200] "GET /env/roland/pics/pic_sc880.html HTTP/1.1" 200 755 "-" "Mozilla/5.0 (compatible; AhrefsBot/5.0; +http://ahrefs.com/robot/)"
5.10.83.57 - - [19/Apr/2014:18:52:38 +0200] "GET /env/env.html HTTP/1.1" 200 12438 "-" "Mozilla/5.0 (compatible; AhrefsBot/5.0; +http://ahrefs.com/robot/)"
66.249.78.189 - - [19/Apr/2014:23:31:17 +0200] "GET /robots.txt HTTP/1.1" 200 298 "-" "Mozilla/5.0 (compatible; Googlebot/2.1; +http://www.google.com/bot.html)"
66.249.78.189 - - [19/Apr/2014:23:31:17 +0200] "GET / HTTP/1.1" 200 15853 "-" "Mozilla/5.0 (iPhone; CPU iPhone OS 6_0 like Mac OS X) AppleWebKit/536.26 (KHTML, like Gecko) Version/6.0 Mobile/10A5376e Safari/8536.25 (compatible; Googlebot/2.1; +http://www.google.com/bot.html)"
208.115.111.75 - - [20/Apr/2014:07:49:14 +0200] "GET /robots.txt HTTP/1.1" 200 298 "-" "Mozilla/5.0 (compatible; DotBot/1.1; http://www.opensiteexplorer.org/dotbot, help@moz.com)"
208.115.111.75 - - [20/Apr/2014:09:37:31 +0200] "GET /privat/privat.html HTTP/1.1" 401 1226 "-" "Mozilla/5.0 (compatible; DotBot/1.1; http://www.opensiteexplorer.org/dotbot, help@moz.com)"
94.242.222.13 - - [20/Apr/2014:14:24:24 +0200] "GET /env/env.html HTTP/1.1" 200 12438 "-" "Mozilla/4.0 (compatible; MSIE 8.0; Windows NT 6.1; Trident/4.0)"
94.242.222.13 - - [20/Apr/2014:17:31:45 +0200] "GET /index.html HTTP/1.1" 200 15853 "-" "Mozilla/4.0 (compatible; MSIE 8.0; Windows NT 6.1; Trident/4.0)"
85.179.168.217 - - [20/Apr/2014:20:07:41 +0200] "GET /env/jomox/jomox.html HTTP/1.1" 200 14935 "http://www.google.de/url?sa=t&rct=j&q=&esrc=s&source=web&cd=3&ved=0CEAQFjAC&url=http%3A%2F%2Fwww.soundpatcher.de%2Fenv%2Fjomox%2Fjomox.html&ei=hgxUU_20A8GWtAbfj4DQAw&usg=AFQjCNFErEkUJqkiJytAcevha869TnRBrg&bvm=bv.65058239,d.Yms&cad=rja" "Mozilla/5.0 (Macintosh; Intel Mac OS X 10_7_5) AppleWebKit/537.71 (KHTML, like Gecko) Version/6.1 Safari/537.71"
85.179.168.217 - - [20/Apr/2014:20:07:41 +0200] "GET /env/jomox/images/logo_big.jpg HTTP/1.1" 200 12681 "http://www.soundpatcher.de/env/jomox/jomox.html" "Mozilla/5.0 (Macintosh; Intel Mac OS X 10_7_5) AppleWebKit/537.71 (KHTML, like Gecko) Version/6.1 Safari/537.71"
85.179.168.217 - - [20/Apr/2014:20:07:41 +0200] "GET /env/jomox/images/pixel.gif HTTP/1.1" 200 43 "http://www.soundpatcher.de/env/jomox/jomox.html" "Mozilla/5.0 (Macintosh; Intel Mac OS X 10_7_5) AppleWebKit/537.71 (KHTML, like Gecko) Version/6.1 Safari/537.71"
85.179.168.217 - - [20/Apr/2014:20:07:41 +0200] "GET /env/jomox/images/span.jpg HTTP/1.1" 200 811 "http://www.soundpatcher.de/env/jomox/jomox.html" "Mozilla/5.0 (Macintosh; Intel Mac OS X 10_7_5) AppleWebKit/537.71 (KHTML, like Gecko) Version/6.1 Safari/537.71"
85.179.168.217 - - [20/Apr/2014:20:07:41 +0200] "GET /env/jomox/images/10x10_CCCCCC.jpg HTTP/1.1" 200 631 "http://www.soundpatcher.de/env/jomox/jomox.html" "Mozilla/5.0 (Macintosh; Intel Mac OS X 10_7_5) AppleWebKit/537.71 (KHTML, like Gecko) Version/6.1 Safari/537.71"
85.179.168.217 - - [20/Apr/2014:20:07:41 +0200] "GET /env/jomox/images/15x15.jpg HTTP/1.1" 200 631 "http://www.soundpatcher.de/env/jomox/jomox.html" "Mozilla/5.0 (Macintosh; Intel Mac OS X 10_7_5) AppleWebKit/537.71 (KHTML, like Gecko) Version/6.1 Safari/537.71"
85.179.168.217 - - [20/Apr/2014:20:07:41 +0200] "GET /env/jomox/pics/airbase99_small+.jpg HTTP/1.1" 200 5326 "http://www.soundpatcher.de/env/jomox/jomox.html" "Mozilla/5.0 (Macintosh; Intel Mac OS X 10_7_5) AppleWebKit/537.71 (KHTML, like Gecko) Version/6.1 Safari/537.71"
85.179.168.217 - - [20/Apr/2014:20:07:41 +0200] "GET /favicon.ico HTTP/1.1" 404 1256 "http://www.soundpatcher.de/env/jomox/jomox.html" "Mozilla/5.0 (Macintosh; Intel Mac OS X 10_7_5) AppleWebKit/537.71 (KHTML, like Gecko) Version/6.1 Safari/537.71"
85.179.168.217 - - [20/Apr/2014:20:07:58 +0200] "GET /env/jomox/pics/pic_airbase99.html HTTP/1.1" 200 759 "http://www.soundpatcher.de/env/jomox/jomox.html" "Mozilla/5.0 (Macintosh; Intel Mac OS X 10_7_5) AppleWebKit/537.71 (KHTML, like Gecko) Version/6.1 Safari/537.71"
85.179.168.217 - - [20/Apr/2014:20:07:58 +0200] "GET /env/jomox/pics/airbase99_mid.jpg HTTP/1.1" 200 155990 "http://www.soundpatcher.de/env/jomox/pics/pic_airbase99.html" "Mozilla/5.0 (Macintosh; Intel Mac OS X 10_7_5) AppleWebKit/537.71 (KHTML, like Gecko) Version/6.1 Safari/537.71"
92.131.192.76 - - [20/Apr/2014:22:30:28 +0200] "GET /env/roland/pics/sc880_small.jpg HTTP/1.1" 200 6144 "https://www.google.fr/" "Mozilla/5.0 (iPhone; CPU iPhone OS 7_0_3 like Mac OS X) AppleWebKit/537.51.1 (KHTML, like Gecko) Version/7.0 Mobile/11B511 Safari/9537.53"
178.255.215.88 - - [21/Apr/2014:01:14:25 +0200] "GET /robots.txt HTTP/1.1" 200 298 "-" "Mozilla/5.0 (compatible; Exabot/3.0 (BiggerBetter); +http://www.exabot.com/go/robot)"
178.255.215.88 - - [21/Apr/2014:01:14:25 +0200] "GET /index.html HTTP/1.1" 304 - "-" "Mozilla/5.0 (compatible; Exabot/3.0 (BiggerBetter); +http://www.exabot.com/go/robot)"
94.242.222.13 - - [21/Apr/2014:07:36:06 +0200] "GET /privat/privat.html HTTP/1.1" 401 1226 "-" "Mozilla/4.0 (compatible; MSIE 8.0; Windows NT 6.1; Trident/4.0)"
94.242.222.13 - - [21/Apr/2014:21:15:32 +0200] "GET /friends/friends.html HTTP/1.1" 401 1226 "-" "Mozilla/4.0 (compatible; MSIE 8.0; Windows NT 6.1; Trident/4.0)"
81.62.69.118 - - [21/Apr/2014:23:44:43 +0200] "GET /impressum/impressum.html HTTP/1.1" 200 7872 "http://www.vebidoo.de/mark+baasner" "Mozilla/5.0 (iPad; CPU OS 5_1_1 like Mac OS X) AppleWebKit/534.46 (KHTML, like Gecko) Version/5.1 Mobile/9B206 Safari/7534.48.3"
81.62.69.118 - - [21/Apr/2014:23:44:43 +0200] "GET /impressum/images/logo_big.jpg HTTP/1.1" 200 12681 "http://www.soundpatcher.de/impressum/impressum.html" "Mozilla/5.0 (iPad; CPU OS 5_1_1 like Mac OS X) AppleWebKit/534.46 (KHTML, like Gecko) Version/5.1 Mobile/9B206 Safari/7534.48.3"
81.62.69.118 - - [21/Apr/2014:23:44:43 +0200] "GET /impressum/images/span.jpg HTTP/1.1" 200 811 "http://www.soundpatcher.de/impressum/impressum.html" "Mozilla/5.0 (iPad; CPU OS 5_1_1 like Mac OS X) AppleWebKit/534.46 (KHTML, like Gecko) Version/5.1 Mobile/9B206 Safari/7534.48.3"
81.62.69.118 - - [21/Apr/2014:23:44:43 +0200] "GET /impressum/images/pixel.gif HTTP/1.1" 200 43 "http://www.soundpatcher.de/impressum/impressum.html" "Mozilla/5.0 (iPad; CPU OS 5_1_1 like Mac OS X) AppleWebKit/534.46 (KHTML, like Gecko) Version/5.1 Mobile/9B206 Safari/7534.48.3"
81.62.69.118 - - [21/Apr/2014:23:44:43 +0200] "GET /impressum/images/10x10_CCCCCC.jpg HTTP/1.1" 200 631 "http://www.soundpatcher.de/impressum/impressum.html" "Mozilla/5.0 (iPad; CPU OS 5_1_1 like Mac OS X) AppleWebKit/534.46 (KHTML, like Gecko) Version/5.1 Mobile/9B206 Safari/7534.48.3"
81.62.69.118 - - [21/Apr/2014:23:44:43 +0200] "GET /impressum/images/15x15.jpg HTTP/1.1" 200 631 "http://www.soundpatcher.de/impressum/impressum.html" "Mozilla/5.0 (iPad; CPU OS 5_1_1 like Mac OS X) AppleWebKit/534.46 (KHTML, like Gecko) Version/5.1 Mobile/9B206 Safari/7534.48.3"
207.241.226.216 - - [22/Apr/2014:05:39:01 +0200] "GET /robots.txt HTTP/1.1" 200 298 "-" "Mozilla/5.0 (compatible; archive.org_bot; Wayback Machine Live Record; +http://archive.org/details/archive.org_bot)"
64.246.178.34 - - [22/Apr/2014:08:25:38 +0200] "GET /robots.txt HTTP/1.0" 200 298 "-" "Mozilla/5.0 (Windows; U; Windows NT 5.1; en; rv:1.9.0.13) Gecko/2009073022 Firefox/3.5.2 (.NET CLR 3.5.30729) SurveyBot/2.3 (DomainTools)"
64.246.178.34 - - [22/Apr/2014:08:25:39 +0200] "GET / HTTP/1.1" 200 15853 "http://whois.domaintools.com/soundpatcher.de" "Mozilla/5.0 (Windows; U; Windows NT 5.1; en; rv:1.9.0.13) Gecko/2009073022 Firefox/3.5.2 (.NET CLR 3.5.30729) SurveyBot/2.3 (DomainTools)"
94.242.222.13 - - [22/Apr/2014:11:47:49 +0200] "GET /privat/privat.html HTTP/1.1" 401 1226 "-" "Mozilla/4.0 (compatible; MSIE 8.0; Windows NT 6.1; Trident/4.0)"
107.170.42.248 - - [23/Apr/2014:05:35:54 +0200] "GET /robots.txt HTTP/1.1" 200 298 "-" "Mozilla/5.0 (compatible; spbot/4.0.9; +http://OpenLinkProfiler.org/bot )"
107.170.42.248 - - [23/Apr/2014:05:35:58 +0200] "GET / HTTP/1.1" 200 15853 "-" "Mozilla/5.0 (compatible; spbot/4.0.9; +http://OpenLinkProfiler.org/bot )"
107.170.42.248 - - [23/Apr/2014:05:35:59 +0200] "GET /index.html HTTP/1.1" 200 15853 "http://www.soundpatcher.de/" "Mozilla/5.0 (compatible; spbot/4.0.9; +http://OpenLinkProfiler.org/bot )"
107.170.42.248 - - [23/Apr/2014:05:36:03 +0200] "GET /env/env.html HTTP/1.1" 200 12438 "http://www.soundpatcher.de/" "Mozilla/5.0 (compatible; spbot/4.0.9; +http://OpenLinkProfiler.org/bot )"
107.170.42.248 - - [23/Apr/2014:05:36:08 +0200] "GET /phpBB2/index.php HTTP/1.1" 401 1226 "http://www.soundpatcher.de/" "Mozilla/5.0 (compatible; spbot/4.0.9; +http://OpenLinkProfiler.org/bot )"
107.170.42.248 - - [23/Apr/2014:05:36:14 +0200] "GET /privat/privat.html HTTP/1.1" 401 1226 "http://www.soundpatcher.de/" "Mozilla/5.0 (compatible; spbot/4.0.9; +http://OpenLinkProfiler.org/bot )"
107.170.42.248 - - [23/Apr/2014:05:36:18 +0200] "GET /friends/friends.html HTTP/1.1" 401 1226 "http://www.soundpatcher.de/" "Mozilla/5.0 (compatible; spbot/4.0.9; +http://OpenLinkProfiler.org/bot )"
107.170.42.248 - - [23/Apr/2014:05:36:23 +0200] "GET /env/jomox/jomox.html HTTP/1.1" 200 14935 "http://www.soundpatcher.de/" "Mozilla/5.0 (compatible; spbot/4.0.9; +http://OpenLinkProfiler.org/bot )"
107.170.42.248 - - [23/Apr/2014:05:36:29 +0200] "GET /links/links.html HTTP/1.1" 200 278 "http://www.soundpatcher.de/env/jomox/jomox.html" "Mozilla/5.0 (compatible; spbot/4.0.9; +http://OpenLinkProfiler.org/bot )"
107.170.42.248 - - [23/Apr/2014:05:36:33 +0200] "GET /env/roland/sc880.html HTTP/1.1" 200 17092 "http://www.soundpatcher.de/env/env.html" "Mozilla/5.0 (compatible; spbot/4.0.9; +http://OpenLinkProfiler.org/bot )"
107.170.42.248 - - [23/Apr/2014:05:36:39 +0200] "GET /impressum/impressum.html HTTP/1.1" 200 7872 "http://www.soundpatcher.de/" "Mozilla/5.0 (compatible; spbot/4.0.9; +http://OpenLinkProfiler.org/bot )"
107.170.42.248 - - [23/Apr/2014:05:36:43 +0200] "GET /env/roland/pics/pic_sc880.html HTTP/1.1" 200 755 "http://www.soundpatcher.de/env/roland/sc880.html" "Mozilla/5.0 (compatible; spbot/4.0.9; +http://OpenLinkProfiler.org/bot )"
