66.249.78.189 - - [14/Nov/2013:17:32:02 +0100] "GET / HTTP/1.1" 200 15853 "-" "Mozilla/5.0 (iPhone; CPU iPhone OS 6_0 like Mac OS X) AppleWebKit/536.26 (KHTML, like Gecko) Version/6.0 Mobile/10A5376e Safari/8536.25 (compatible; Googlebot-Mobile/2.1; +http://www.google.com/bot.html)"
5.10.83.2 - - [14/Nov/2013:18:15:58 +0100] "GET /env/jomox/pics/pic_airbase99.html HTTP/1.1" 200 759 "-" "Mozilla/5.0 (compatible; AhrefsBot/5.0; +http://ahrefs.com/robot/)"
66.249.78.189 - - [14/Nov/2013:20:03:29 +0100] "GET /env/jomox/jomox.html HTTP/1.1" 304 - "-" "Mozilla/5.0 (iPhone; CPU iPhone OS 6_0 like Mac OS X) AppleWebKit/536.26 (KHTML, like Gecko) Version/6.0 Mobile/10A5376e Safari/8536.25 (compatible; Googlebot-Mobile/2.1; +http://www.google.com/bot.html)"
5.10.83.23 - - [14/Nov/2013:21:14:22 +0100] "GET /env/jomox/jomox.html HTTP/1.1" 200 14935 "-" "Mozilla/5.0 (compatible; AhrefsBot/5.0; +http://ahrefs.com/robot/)"
5.10.83.94 - - [15/Nov/2013:01:05:22 +0100] "GET /index.html HTTP/1.1" 200 15853 "-" "Mozilla/5.0 (compatible; AhrefsBot/5.0; +http://ahrefs.com/robot/)"
5.10.83.7 - - [15/Nov/2013:01:19:15 +0100] "GET /env/env.html HTTP/1.1" 200 12438 "-" "Mozilla/5.0 (compatible; AhrefsBot/5.0; +http://ahrefs.com/robot/)"
208.115.113.91 - - [15/Nov/2013:04:51:30 +0100] "GET /robots.txt HTTP/1.1" 200 298 "-" "Mozilla/5.0 (compatible; Ezooms/1.0; ezooms.bot@gmail.com)"
199.30.20.120 - - [15/Nov/2013:05:18:44 +0100] "GET /robots.txt HTTP/1.1" 200 298 "-" "msnbot-media/1.1 (+http://search.msn.com/msnbot.htm)"
199.30.20.120 - - [15/Nov/2013:05:18:44 +0100] "GET /impressum/images/logo_big.jpg HTTP/1.1" 200 12681 "-" "msnbot-media/1.1 (+http://search.msn.com/msnbot.htm)"
208.115.111.75 - - [15/Nov/2013:06:46:46 +0100] "GET /robots.txt HTTP/1.1" 200 298 "-" "Mozilla/5.0 (compatible; Ezooms/1.0; ezooms.bot@gmail.com)"
208.115.113.91 - - [15/Nov/2013:06:51:37 +0100] "GET /impressum/impressum.html HTTP/1.1" 200 7872 "-" "Mozilla/5.0 (compatible; Ezooms/1.0; ezooms.bot@gmail.com)"
208.115.111.75 - - [15/Nov/2013:08:38:47 +0100] "GET /env/env.html HTTP/1.1" 200 12438 "-" "Mozilla/5.0 (compatible; Ezooms/1.0; ezooms.bot@gmail.com)"
5.10.83.2 - - [15/Nov/2013:10:21:56 +0100] "GET /env/roland/pics/pic_sc880.html HTTP/1.1" 200 755 "-" "Mozilla/5.0 (compatible; AhrefsBot/5.0; +http://ahrefs.com/robot/)"
5.10.83.43 - - [15/Nov/2013:12:44:55 +0100] "GET /env/jomox/download/airbase99.LSO HTTP/1.1" 200 387896 "-" "Mozilla/5.0 (compatible; AhrefsBot/5.0; +http://ahrefs.com/robot/)"
199.30.20.120 - - [15/Nov/2013:13:04:59 +0100] "GET /robots.txt HTTP/1.1" 200 298 "-" "msnbot-media/1.1 (+http://search.msn.com/msnbot.htm)"
199.30.20.120 - - [15/Nov/2013:13:04:59 +0100] "GET /impressum/images/logo_big.jpg HTTP/1.1" 200 12681 "-" "msnbot-media/1.1 (+http://search.msn.com/msnbot.htm)"
5.10.83.7 - - [15/Nov/2013:13:58:07 +0100] "GET /env/roland/sc880.html HTTP/1.1" 200 17092 "-" "Mozilla/5.0 (compatible; AhrefsBot/5.0; +http://ahrefs.com/robot/)"
131.253.24.32 - - [15/Nov/2013:14:39:50 +0100] "GET /env/roland/sc880.html HTTP/1.1" 200 17092 "-" "Mozilla/5.0 (compatible; MSIE 9.0; Windows NT 6.1; Trident/5.0; WOW64; Trident/5.0)"
5.10.83.72 - - [15/Nov/2013:22:57:51 +0100] "GET /links/links.html HTTP/1.1" 200 278 "-" "Mozilla/5.0 (compatible; AhrefsBot/5.0; +http://ahrefs.com/robot/)"
141.8.147.12 - - [16/Nov/2013:04:37:40 +0100] "GET /robots.txt HTTP/1.1" 200 298 "-" "Mozilla/5.0 (compatible; YandexBot/3.0; +http://yandex.com/bots)"
66.249.78.189 - - [16/Nov/2013:05:09:23 +0100] "GET /robots.txt HTTP/1.1" 200 298 "-" "Mozilla/5.0 (compatible; Googlebot/2.1; +http://www.google.com/bot.html)"
66.249.78.189 - - [16/Nov/2013:05:09:23 +0100] "GET / HTTP/1.1" 200 15853 "-" "Mozilla/5.0 (iPhone; CPU iPhone OS 6_0 like Mac OS X) AppleWebKit/536.26 (KHTML, like Gecko) Version/6.0 Mobile/10A5376e Safari/8536.25 (compatible; Googlebot-Mobile/2.1; +http://www.google.com/bot.html)"
66.249.78.189 - - [16/Nov/2013:06:53:03 +0100] "GET /impressum/impressum.html HTTP/1.1" 304 - "-" "Mozilla/5.0 (iPhone; CPU iPhone OS 6_0 like Mac OS X) AppleWebKit/536.26 (KHTML, like Gecko) Version/6.0 Mobile/10A5376e Safari/8536.25 (compatible; Googlebot-Mobile/2.1; +http://www.google.com/bot.html)"
141.8.147.12 - - [16/Nov/2013:09:22:46 +0100] "GET /impressum/impressum.html HTTP/1.1" 200 7872 "-" "Mozilla/5.0 (compatible; YandexBot/3.0; +http://yandex.com/bots)"
141.8.147.12 - - [16/Nov/2013:12:09:10 +0100] "GET /env/jomox/jomox.html HTTP/1.1" 200 14935 "-" "Mozilla/5.0 (compatible; YandexBot/3.0; +http://yandex.com/bots)"
141.8.147.12 - - [16/Nov/2013:15:37:51 +0100] "GET /env/env.html HTTP/1.1" 200 12438 "-" "Mozilla/5.0 (compatible; YandexBot/3.0; +http://yandex.com/bots)"
141.8.147.12 - - [16/Nov/2013:19:11:39 +0100] "GET /robots.txt HTTP/1.1" 200 298 "-" "Mozilla/5.0 (compatible; YandexBot/3.0; +http://yandex.com/bots)"
141.8.147.12 - - [16/Nov/2013:21:24:52 +0100] "GET /env/roland/pics/pic_sc880.html HTTP/1.1" 200 755 "-" "Mozilla/5.0 (compatible; YandexBot/3.0; +http://yandex.com/bots)"
141.8.147.12 - - [16/Nov/2013:23:39:29 +0100] "GET /links/links.html HTTP/1.1" 200 278 "-" "Mozilla/5.0 (compatible; YandexBot/3.0; +http://yandex.com/bots)"
141.8.147.12 - - [17/Nov/2013:02:08:03 +0100] "GET /env/roland/sc880.html HTTP/1.1" 200 17092 "-" "Mozilla/5.0 (compatible; YandexBot/3.0; +http://yandex.com/bots)"
208.115.111.75 - - [17/Nov/2013:02:49:29 +0100] "GET /robots.txt HTTP/1.1" 200 298 "-" "Mozilla/5.0 (compatible; Ezooms/1.0; ezooms.bot@gmail.com)"
208.115.111.75 - - [17/Nov/2013:04:39:47 +0100] "GET /index.html HTTP/1.1" 200 15853 "-" "Mozilla/5.0 (compatible; Ezooms/1.0; ezooms.bot@gmail.com)"
80.251.112.201 - - [17/Nov/2013:16:00:57 +0100] "GET /robots.txt HTTP/1.1" 200 298 "-" "Mozilla/5.0 (compatible; 008/0.83; http://www.80legs.com/webcrawler.html;) Gecko/2008032620"
80.251.112.201 - - [17/Nov/2013:16:00:57 +0100] "GET / HTTP/1.1" 200 15853 "-" "Mozilla/5.0 (compatible; 008/0.85; http://www.80legs.com/webcrawler.html) Gecko/2008032620"
91.124.105.228 - - [17/Nov/2013:16:03:33 +0100] "GET /robots.txt HTTP/1.1" 200 298 "-" "Mozilla/5.0 (compatible; 008/0.83; http://www.80legs.com/webcrawler.html;) Gecko/2008032620"
91.124.105.228 - - [17/Nov/2013:16:03:33 +0100] "GET / HTTP/1.1" 200 15853 "-" "Mozilla/5.0 (compatible; 008/0.85; http://www.80legs.com/webcrawler.html) Gecko/2008032620"
91.237.232.61 - - [17/Nov/2013:16:10:31 +0100] "GET /robots.txt HTTP/1.1" 200 298 "-" "Mozilla/5.0 (compatible; 008/0.83; http://www.80legs.com/webcrawler.html;) Gecko/2008032620"
91.237.232.61 - - [17/Nov/2013:16:10:31 +0100] "GET / HTTP/1.1" 200 15853 "-" "Mozilla/5.0 (compatible; 008/0.85; http://www.80legs.com/webcrawler.html) Gecko/2008032620"
94.188.28.106 - - [17/Nov/2013:16:10:58 +0100] "GET /robots.txt HTTP/1.1" 200 298 "-" "Mozilla/5.0 (compatible; 008/0.83; http://www.80legs.com/webcrawler.html;) Gecko/2008032620"
94.188.28.106 - - [17/Nov/2013:16:10:58 +0100] "GET / HTTP/1.1" 200 15853 "-" "Mozilla/5.0 (compatible; 008/0.85; http://www.80legs.com/webcrawler.html) Gecko/2008032620"
209.73.148.240 - - [17/Nov/2013:16:17:20 +0100] "GET /robots.txt HTTP/1.1" 200 298 "-" "Mozilla/5.0 (compatible; 008/0.83; http://www.80legs.com/webcrawler.html;) Gecko/2008032620"
209.73.148.240 - - [17/Nov/2013:16:17:20 +0100] "GET / HTTP/1.1" 200 15853 "-" "Mozilla/5.0 (compatible; 008/0.85; http://www.80legs.com/webcrawler.html) Gecko/2008032620"
46.151.44.206 - - [17/Nov/2013:16:17:54 +0100] "GET /robots.txt HTTP/1.1" 200 298 "-" "Mozilla/5.0 (compatible; 008/0.83; http://www.80legs.com/webcrawler.html;) Gecko/2008032620"
46.151.44.206 - - [17/Nov/2013:16:17:54 +0100] "GET / HTTP/1.1" 200 15853 "-" "Mozilla/5.0 (compatible; 008/0.85; http://www.80legs.com/webcrawler.html) Gecko/2008032620"
176.103.232.167 - - [17/Nov/2013:16:44:36 +0100] "GET /robots.txt HTTP/1.1" 200 298 "-" "Mozilla/5.0 (compatible; 008/0.83; http://www.80legs.com/webcrawler.html;) Gecko/2008032620"
176.103.232.167 - - [17/Nov/2013:16:44:36 +0100] "GET / HTTP/1.1" 200 15853 "-" "Mozilla/5.0 (compatible; 008/0.85; http://www.80legs.com/webcrawler.html) Gecko/2008032620"
141.8.147.12 - - [17/Nov/2013:16:54:43 +0100] "GET /robots.txt HTTP/1.1" 200 298 "-" "Mozilla/5.0 (compatible; YandexBot/3.0; +http://yandex.com/bots)"
66.249.78.189 - - [17/Nov/2013:17:15:03 +0100] "GET /robots.txt HTTP/1.1" 200 298 "-" "Mozilla/5.0 (compatible; Googlebot/2.1; +http://www.google.com/bot.html)"
66.249.78.189 - - [17/Nov/2013:17:15:03 +0100] "GET / HTTP/1.1" 200 15853 "-" "Mozilla/5.0 (iPhone; CPU iPhone OS 6_0 like Mac OS X) AppleWebKit/536.26 (KHTML, like Gecko) Version/6.0 Mobile/10A5376e Safari/8536.25 (compatible; Googlebot-Mobile/2.1; +http://www.google.com/bot.html)"
89.169.74.132 - - [17/Nov/2013:17:59:14 +0100] "GET /robots.txt HTTP/1.1" 200 298 "-" "Mozilla/5.0 (compatible; 008/0.83; http://www.80legs.com/webcrawler.html;) Gecko/2008032620"
89.169.74.132 - - [17/Nov/2013:17:59:14 +0100] "GET /env/jomox/jomox.html HTTP/1.1" 200 14935 "-" "Mozilla/5.0 (compatible; 008/0.85; http://www.80legs.com/webcrawler.html) Gecko/2008032620"
46.149.185.23 - - [17/Nov/2013:17:59:15 +0100] "GET /robots.txt HTTP/1.1" 200 298 "-" "Mozilla/5.0 (compatible; 008/0.83; http://www.80legs.com/webcrawler.html;) Gecko/2008032620"
89.169.74.132 - - [17/Nov/2013:17:59:15 +0100] "GET /friends/friends.html HTTP/1.1" 401 1226 "-" "Mozilla/5.0 (compatible; 008/0.85; http://www.80legs.com/webcrawler.html) Gecko/2008032620"
46.149.185.23 - - [17/Nov/2013:17:59:15 +0100] "GET /env/env.html HTTP/1.1" 200 12438 "-" "Mozilla/5.0 (compatible; 008/0.85; http://www.80legs.com/webcrawler.html) Gecko/2008032620"
89.169.74.132 - - [17/Nov/2013:17:59:15 +0100] "GET /robots.txt HTTP/1.1" 200 298 "-" "Mozilla/5.0 (compatible; 008/0.83; http://www.80legs.com/webcrawler.html;) Gecko/2008032620"
89.169.74.132 - - [17/Nov/2013:17:59:16 +0100] "GET /env/env.html HTTP/1.1" 200 12438 "-" "Mozilla/5.0 (compatible; 008/0.85; http://www.80legs.com/webcrawler.html) Gecko/2008032620"
89.169.74.132 - - [17/Nov/2013:17:59:16 +0100] "GET /impressum/impressum.html HTTP/1.1" 200 7872 "-" "Mozilla/5.0 (compatible; 008/0.85; http://www.80legs.com/webcrawler.html) Gecko/2008032620"
46.149.185.23 - - [17/Nov/2013:17:59:16 +0100] "GET /env/jomox/jomox.html HTTP/1.1" 200 14935 "-" "Mozilla/5.0 (compatible; 008/0.85; http://www.80legs.com/webcrawler.html) Gecko/2008032620"
46.149.185.23 - - [17/Nov/2013:17:59:17 +0100] "GET /impressum/impressum.html HTTP/1.1" 200 7872 "-" "Mozilla/5.0 (compatible; 008/0.85; http://www.80legs.com/webcrawler.html) Gecko/2008032620"
46.149.185.23 - - [17/Nov/2013:17:59:18 +0100] "GET /friends/friends.html HTTP/1.1" 401 1226 "-" "Mozilla/5.0 (compatible; 008/0.85; http://www.80legs.com/webcrawler.html) Gecko/2008032620"
89.169.74.132 - - [17/Nov/2013:17:59:22 +0100] "GET /env/env.html HTTP/1.1" 200 12438 "-" "Mozilla/5.0 (compatible; 008/0.85; http://www.80legs.com/webcrawler.html) Gecko/2008032620"
89.169.74.132 - - [17/Nov/2013:17:59:24 +0100] "GET /env/jomox/jomox.html HTTP/1.1" 200 14935 "-" "Mozilla/5.0 (compatible; 008/0.85; http://www.80legs.com/webcrawler.html) Gecko/2008032620"
89.169.74.132 - - [17/Nov/2013:17:59:25 +0100] "GET /friends/friends.html HTTP/1.1" 401 1226 "-" "Mozilla/5.0 (compatible; 008/0.85; http://www.80legs.com/webcrawler.html) Gecko/2008032620"
89.169.74.132 - - [17/Nov/2013:17:59:26 +0100] "GET /impressum/impressum.html HTTP/1.1" 200 7872 "-" "Mozilla/5.0 (compatible; 008/0.85; http://www.80legs.com/webcrawler.html) Gecko/2008032620"
64.125.222.16 - - [17/Nov/2013:18:06:58 +0100] "GET /robots.txt HTTP/1.1" 200 298 "-" "Mozilla/5.0 (compatible; 008/0.83; http://www.80legs.com/webcrawler.html;) Gecko/2008032620"
46.138.184.220 - - [17/Nov/2013:18:07:20 +0100] "GET /impressum/impressum.html HTTP/1.1" 200 7872 "-" "Mozilla/5.0 (compatible; 008/0.85; http://www.80legs.com/webcrawler.html) Gecko/2008032620"
64.125.222.16 - - [17/Nov/2013:19:15:54 +0100] "GET /robots.txt HTTP/1.1" 200 298 "-" "Mozilla/5.0 (compatible; 008/0.83; http://www.80legs.com/webcrawler.html;) Gecko/2008032620"
46.200.137.86 - - [17/Nov/2013:19:21:39 +0100] "GET /links/links.html HTTP/1.1" 200 278 "-" "Mozilla/5.0 (compatible; 008/0.85; http://www.80legs.com/webcrawler.html) Gecko/2008032620"
64.125.222.50 - - [17/Nov/2013:19:31:35 +0100] "GET /robots.txt HTTP/1.1" 200 298 "-" "Mozilla/5.0 (compatible; 008/0.83; http://www.80legs.com/webcrawler.html;) Gecko/2008032620"
195.211.163.6 - - [17/Nov/2013:19:32:40 +0100] "GET /links/links.html HTTP/1.1" 200 278 "-" "Mozilla/5.0 (compatible; 008/0.85; http://www.80legs.com/webcrawler.html) Gecko/2008032620"
5.228.254.8 - - [17/Nov/2013:19:32:44 +0100] "GET /links/links.html HTTP/1.1" 200 278 "-" "Mozilla/5.0 (compatible; 008/0.85; http://www.80legs.com/webcrawler.html) Gecko/2008032620"
109.192.194.25 - - [17/Nov/2013:19:32:46 +0100] "GET /links/links.html HTTP/1.1" 200 278 "-" "Mozilla/5.0 (compatible; 008/0.85; http://www.80legs.com/webcrawler.html) Gecko/2008032620"
91.200.113.225 - - [17/Nov/2013:19:32:48 +0100] "GET /links/links.html HTTP/1.1" 200 278 "-" "Mozilla/5.0 (compatible; 008/0.85; http://www.80legs.com/webcrawler.html) Gecko/2008032620"
195.211.163.6 - - [17/Nov/2013:19:32:53 +0100] "GET /env/jomox/pics/pic_airbase99.html HTTP/1.1" 200 759 "-" "Mozilla/5.0 (compatible; 008/0.85; http://www.80legs.com/webcrawler.html) Gecko/2008032620"
88.135.83.25 - - [17/Nov/2013:19:32:56 +0100] "GET /env/jomox/pics/pic_airbase99.html HTTP/1.1" 200 759 "-" "Mozilla/5.0 (compatible; 008/0.85; http://www.80legs.com/webcrawler.html) Gecko/2008032620"
178.70.209.12 - - [17/Nov/2013:19:33:02 +0100] "GET /env/jomox/pics/pic_airbase99.html HTTP/1.1" 200 759 "-" "Mozilla/5.0 (compatible; 008/0.85; http://www.80legs.com/webcrawler.html) Gecko/2008032620"
195.184.203.59 - - [17/Nov/2013:19:33:06 +0100] "GET /env/jomox/pics/pic_airbase99.html HTTP/1.1" 200 759 "-" "Mozilla/5.0 (compatible; 008/0.85; http://www.80legs.com/webcrawler.html) Gecko/2008032620"
141.8.147.12 - - [17/Nov/2013:21:39:30 +0100] "GET / HTTP/1.1" 200 15853 "-" "Mozilla/5.0 (compatible; YandexBot/3.0; +http://yandex.com/bots)"
208.115.111.75 - - [17/Nov/2013:22:47:31 +0100] "GET /robots.txt HTTP/1.1" 200 298 "-" "Mozilla/5.0 (compatible; Ezooms/1.0; ezooms.bot@gmail.com)"
208.115.111.75 - - [18/Nov/2013:00:35:24 +0100] "GET /privat/privat.html HTTP/1.1" 401 1226 "-" "Mozilla/5.0 (compatible; Ezooms/1.0; ezooms.bot@gmail.com)"
80.237.157.71 - - [18/Nov/2013:02:36:23 +0100] "GET / HTTP/1.1" 200 15853 "-" "Mozilla/5.0 (X11; U; Linux x86_64; en-US; rv:1.7.7) Gecko/20050414"
80.237.157.71 - - [18/Nov/2013:02:36:27 +0100] "GET /images/logo_big.jpg HTTP/1.1" 200 12681 "http://www.soundpatcher.de/" "Mozilla/5.0 (X11; U; Linux x86_64; en-US; rv:1.7.7) Gecko/20050414"
80.237.157.71 - - [18/Nov/2013:02:36:27 +0100] "GET /images/span.jpg HTTP/1.1" 200 811 "http://www.soundpatcher.de/" "Mozilla/5.0 (X11; U; Linux x86_64; en-US; rv:1.7.7) Gecko/20050414"
80.237.157.71 - - [18/Nov/2013:02:36:27 +0100] "GET /images/pixel.gif HTTP/1.1" 200 43 "http://www.soundpatcher.de/" "Mozilla/5.0 (X11; U; Linux x86_64; en-US; rv:1.7.7) Gecko/20050414"
80.237.157.71 - - [18/Nov/2013:02:36:27 +0100] "GET /images/10x10_CCCCCC.jpg HTTP/1.1" 200 631 "http://www.soundpatcher.de/" "Mozilla/5.0 (X11; U; Linux x86_64; en-US; rv:1.7.7) Gecko/20050414"
80.237.157.71 - - [18/Nov/2013:02:36:27 +0100] "GET /images/15x15.jpg HTTP/1.1" 200 631 "http://www.soundpatcher.de/" "Mozilla/5.0 (X11; U; Linux x86_64; en-US; rv:1.7.7) Gecko/20050414"
80.237.157.71 - - [18/Nov/2013:02:36:27 +0100] "GET /env/jomox/pics/airbase99_small.jpg HTTP/1.1" 200 5206 "http://www.soundpatcher.de/" "Mozilla/5.0 (X11; U; Linux x86_64; en-US; rv:1.7.7) Gecko/20050414"
66.249.78.189 - - [18/Nov/2013:15:30:10 +0100] "GET /robots.txt HTTP/1.1" 200 298 "-" "Mozilla/5.0 (compatible; Googlebot/2.1; +http://www.google.com/bot.html)"
66.249.78.189 - - [18/Nov/2013:15:30:10 +0100] "GET / HTTP/1.1" 200 15853 "-" "Mozilla/5.0 (compatible; Googlebot/2.1; +http://www.google.com/bot.html)"
66.249.78.189 - - [18/Nov/2013:15:34:13 +0100] "GET /phpBB2/index.php HTTP/1.1" 401 1226 "-" "Mozilla/5.0 (compatible; Googlebot/2.1; +http://www.google.com/bot.html)"
66.249.78.189 - - [18/Nov/2013:15:34:14 +0100] "GET /friends/friends.html HTTP/1.1" 401 1226 "-" "Mozilla/5.0 (compatible; Googlebot/2.1; +http://www.google.com/bot.html)"
66.249.78.189 - - [18/Nov/2013:15:34:15 +0100] "GET /privat/privat.html HTTP/1.1" 401 1226 "-" "Mozilla/5.0 (compatible; Googlebot/2.1; +http://www.google.com/bot.html)"
217.230.161.44 - - [18/Nov/2013:15:49:53 +0100] "GET / HTTP/1.1" 200 15853 "http://www.roller-moped-versicherung.de/" "Mozilla/5.0 (Windows NT 6.1; WOW64; rv:19.0) Gecko/20100101 Firefox/23.0"
141.8.147.12 - - [18/Nov/2013:17:59:09 +0100] "GET /robots.txt HTTP/1.1" 200 298 "-" "Mozilla/5.0 (compatible; YandexBot/3.0; +http://yandex.com/bots)"
5.10.83.100 - - [18/Nov/2013:18:16:51 +0100] "GET /index.html HTTP/1.1" 200 15853 "-" "Mozilla/5.0 (compatible; AhrefsBot/5.0; +http://ahrefs.com/robot/)"
66.249.78.189 - - [18/Nov/2013:18:30:29 +0100] "GET /favicon.ico HTTP/1.1" 404 1256 "-" "Googlebot-Image/1.0"
5.10.83.44 - - [18/Nov/2013:19:38:22 +0100] "GET /friends/friends.html HTTP/1.1" 401 1226 "-" "Mozilla/5.0 (compatible; AhrefsBot/5.0; +http://ahrefs.com/robot/)"
66.249.78.189 - - [18/Nov/2013:19:54:10 +0100] "GET / HTTP/1.1" 200 15853 "-" "Mozilla/5.0 (iPhone; CPU iPhone OS 6_0 like Mac OS X) AppleWebKit/536.26 (KHTML, like Gecko) Version/6.0 Mobile/10A5376e Safari/8536.25 (compatible; Googlebot-Mobile/2.1; +http://www.google.com/bot.html)"
5.10.83.86 - - [18/Nov/2013:20:02:33 +0100] "GET /env/jomox/download/airbase99.LSO HTTP/1.1" 200 387896 "-" "Mozilla/5.0 (compatible; AhrefsBot/5.0; +http://ahrefs.com/robot/)"
66.249.78.189 - - [18/Nov/2013:20:59:55 +0100] "GET /env/jomox/jomox.html HTTP/1.1" 304 - "-" "Mozilla/5.0 (iPhone; CPU iPhone OS 6_0 like Mac OS X) AppleWebKit/536.26 (KHTML, like Gecko) Version/6.0 Mobile/10A5376e Safari/8536.25 (compatible; Googlebot-Mobile/2.1; +http://www.google.com/bot.html)"
5.10.83.29 - - [18/Nov/2013:21:58:59 +0100] "GET /links/links.html HTTP/1.1" 200 278 "-" "Mozilla/5.0 (compatible; AhrefsBot/5.0; +http://ahrefs.com/robot/)"
5.10.83.44 - - [18/Nov/2013:23:09:34 +0100] "GET /phpBB2/index.php HTTP/1.1" 401 1226 "-" "Mozilla/5.0 (compatible; AhrefsBot/5.0; +http://ahrefs.com/robot/)"
85.25.110.112 - - [19/Nov/2013:01:55:36 +0100] "GET / HTTP/1.1" 200 15853 "-" "Mozilla/4.0 (compatible; MSIE 6.0; Windows 98; Win 9x4.90)"
141.8.147.12 - - [19/Nov/2013:02:35:05 +0100] "GET / HTTP/1.1" 200 15853 "-" "Mozilla/5.0 (compatible; YandexBot/3.0; +http://yandex.com/bots)"
217.230.138.251 - - [19/Nov/2013:06:23:30 +0100] "GET / HTTP/1.1" 200 15853 "http://m.bigfinder.de/?c=ws&q=service&v=1" "Mozilla/5.0 (Windows; U; Windows NT 6.1; de; rv:1.9.2.8) Gecko/20100722 Firefox/3.6.8 GTB7.1"
157.55.32.145 - - [19/Nov/2013:06:45:41 +0100] "GET /robots.txt HTTP/1.1" 200 298 "-" "Mozilla/5.0 (compatible; bingbot/2.0; +http://www.bing.com/bingbot.htm)"
157.55.32.145 - - [19/Nov/2013:06:49:17 +0100] "GET /friends/friends.html HTTP/1.1" 401 1226 "-" "Mozilla/5.0 (compatible; bingbot/2.0; +http://www.bing.com/bingbot.htm)"
5.10.83.66 - - [19/Nov/2013:13:36:29 +0100] "GET /privat/privat.html HTTP/1.1" 401 1226 "-" "Mozilla/5.0 (compatible; AhrefsBot/5.0; +http://ahrefs.com/robot/)"
5.10.83.23 - - [19/Nov/2013:15:39:35 +0100] "GET /env/jomox/jomox.html HTTP/1.1" 200 14935 "-" "Mozilla/5.0 (compatible; AhrefsBot/5.0; +http://ahrefs.com/robot/)"
5.10.83.35 - - [19/Nov/2013:16:59:57 +0100] "GET /env/jomox/pics/pic_airbase99.html HTTP/1.1" 200 759 "-" "Mozilla/5.0 (compatible; AhrefsBot/5.0; +http://ahrefs.com/robot/)"
5.9.95.3 - - [19/Nov/2013:22:24:42 +0100] "GET /robots.txt HTTP/1.1" 200 298 "http://soundpatcher.de/" "Mozilla/5.0 (compatible; ltbot/1.3; bot@language-tools.com)"
5.9.95.3 - - [19/Nov/2013:22:24:42 +0100] "GET / HTTP/1.1" 200 15853 "http://soundpatcher.de/" "Mozilla/5.0 (compatible; ltbot/1.3; bot@language-tools.com)"
5.9.95.3 - - [19/Nov/2013:22:24:46 +0100] "GET /phpBB2/index.php HTTP/1.1" 401 1226 "http://soundpatcher.de/" "Mozilla/5.0 (compatible; ltbot/1.3; bot@language-tools.com)"
5.9.95.3 - - [19/Nov/2013:22:24:51 +0100] "GET /env/env.html HTTP/1.1" 200 12438 "http://soundpatcher.de/" "Mozilla/5.0 (compatible; ltbot/1.3; bot@language-tools.com)"
5.9.95.3 - - [19/Nov/2013:22:24:56 +0100] "GET /privat/privat.html HTTP/1.1" 401 1226 "http://soundpatcher.de/" "Mozilla/5.0 (compatible; ltbot/1.3; bot@language-tools.com)"
5.10.83.35 - - [20/Nov/2013:03:10:31 +0100] "GET /robots.txt HTTP/1.1" 200 298 "-" "Mozilla/5.0 (compatible; AhrefsBot/5.0; +http://ahrefs.com/robot/)"
5.9.95.7 - - [20/Nov/2013:06:07:46 +0100] "GET /robots.txt HTTP/1.1" 200 298 "http://soundpatcher.de/" "Mozilla/5.0 (compatible; ltbot/1.3; bot@language-tools.com)"
5.9.95.7 - - [20/Nov/2013:06:07:46 +0100] "GET / HTTP/1.1" 200 15853 "http://soundpatcher.de/" "Mozilla/5.0 (compatible; ltbot/1.3; bot@language-tools.com)"
66.249.78.189 - - [20/Nov/2013:06:41:27 +0100] "GET /robots.txt HTTP/1.1" 200 298 "-" "Mozilla/5.0 (compatible; Googlebot/2.1; +http://www.google.com/bot.html)"
66.249.78.189 - - [20/Nov/2013:06:41:27 +0100] "GET / HTTP/1.1" 200 15853 "-" "Mozilla/5.0 (iPhone; CPU iPhone OS 6_0 like Mac OS X) AppleWebKit/536.26 (KHTML, like Gecko) Version/6.0 Mobile/10A5376e Safari/8536.25 (compatible; Googlebot-Mobile/2.1; +http://www.google.com/bot.html)"
157.55.32.86 - - [20/Nov/2013:07:29:56 +0100] "GET /robots.txt HTTP/1.1" 200 298 "-" "Mozilla/5.0 (compatible; bingbot/2.0; +http://www.bing.com/bingbot.htm)"
157.55.32.86 - - [20/Nov/2013:07:30:34 +0100] "GET / HTTP/1.1" 304 - "-" "Mozilla/5.0 (compatible; bingbot/2.0; +http://www.bing.com/bingbot.htm)"
66.249.78.189 - - [20/Nov/2013:07:32:57 +0100] "GET /impressum/impressum.html HTTP/1.1" 304 - "-" "Mozilla/5.0 (iPhone; CPU iPhone OS 6_0 like Mac OS X) AppleWebKit/536.26 (KHTML, like Gecko) Version/6.0 Mobile/10A5376e Safari/8536.25 (compatible; Googlebot-Mobile/2.1; +http://www.google.com/bot.html)"
157.55.32.145 - - [20/Nov/2013:11:40:34 +0100] "GET /robots.txt HTTP/1.1" 200 298 "-" "Mozilla/5.0 (compatible; bingbot/2.0; +http://www.bing.com/bingbot.htm)"
157.55.32.145 - - [20/Nov/2013:11:40:56 +0100] "GET /env/roland/sc880.html HTTP/1.1" 304 - "-" "Mozilla/5.0 (compatible; bingbot/2.0; +http://www.bing.com/bingbot.htm)"
38.99.82.239 - - [20/Nov/2013:15:51:02 +0100] "GET /robots.txt HTTP/1.0" 200 298 "-" "Mozilla/4.0 (compatible; MSIE 7.0b; Windows NT 6.0)"
38.99.82.239 - - [20/Nov/2013:15:51:07 +0100] "GET / HTTP/1.0" 200 15853 "-" "Mozilla/4.0 (compatible; MSIE 7.0b; Windows NT 6.0)"
208.115.113.91 - - [20/Nov/2013:16:49:05 +0100] "GET /robots.txt HTTP/1.1" 200 298 "-" "Mozilla/5.0 (compatible; Ezooms/1.0; ezooms.bot@gmail.com)"
38.99.82.252 - - [20/Nov/2013:17:03:13 +0100] "GET /robots.txt HTTP/1.0" 200 298 "-" "Mozilla/4.0 (compatible; MSIE 7.0b; Windows NT 6.0)"
38.99.82.252 - - [20/Nov/2013:17:03:13 +0100] "GET /robots.txt HTTP/1.0" 200 298 "-" "Mozilla/4.0 (compatible; MSIE 7.0b; Windows NT 6.0)"
38.99.82.252 - - [20/Nov/2013:17:03:17 +0100] "GET /friends/friends.html HTTP/1.0" 401 1226 "-" "Mozilla/4.0 (compatible; MSIE 7.0b; Windows NT 6.0)"
38.99.82.252 - - [20/Nov/2013:17:03:26 +0100] "GET /impressum/impressum.html HTTP/1.0" 200 7872 "-" "Mozilla/4.0 (compatible; MSIE 7.0b; Windows NT 6.0)"
38.99.82.252 - - [20/Nov/2013:17:03:42 +0100] "GET /index.html HTTP/1.0" 200 15853 "-" "Mozilla/4.0 (compatible; MSIE 7.0b; Windows NT 6.0)"
38.99.82.252 - - [20/Nov/2013:17:03:58 +0100] "GET /env/env.html HTTP/1.0" 200 12438 "-" "Mozilla/4.0 (compatible; MSIE 7.0b; Windows NT 6.0)"
38.99.82.252 - - [20/Nov/2013:17:04:04 +0100] "GET /phpBB2/index.php HTTP/1.0" 401 1226 "-" "Mozilla/4.0 (compatible; MSIE 7.0b; Windows NT 6.0)"
38.99.82.252 - - [20/Nov/2013:17:04:21 +0100] "GET /env/jomox/jomox.html HTTP/1.0" 200 14935 "-" "Mozilla/4.0 (compatible; MSIE 7.0b; Windows NT 6.0)"
208.115.113.91 - - [20/Nov/2013:18:16:09 +0100] "GET /phpBB2/index.php HTTP/1.1" 401 1226 "-" "Mozilla/5.0 (compatible; Ezooms/1.0; ezooms.bot@gmail.com)"
38.99.82.248 - - [20/Nov/2013:18:21:05 +0100] "GET /robots.txt HTTP/1.0" 200 298 "-" "Mozilla/4.0 (compatible; MSIE 7.0b; Windows NT 6.0)"
38.99.82.248 - - [20/Nov/2013:18:21:07 +0100] "GET /links/links.html HTTP/1.0" 200 278 "-" "Mozilla/4.0 (compatible; MSIE 7.0b; Windows NT 6.0)"
38.99.82.248 - - [20/Nov/2013:18:21:16 +0100] "GET /env/jomox/pics/pic_airbase99.html HTTP/1.0" 200 759 "-" "Mozilla/4.0 (compatible; MSIE 7.0b; Windows NT 6.0)"
38.99.82.248 - - [20/Nov/2013:18:21:29 +0100] "GET /env/roland/sc880.html HTTP/1.0" 200 17092 "-" "Mozilla/4.0 (compatible; MSIE 7.0b; Windows NT 6.0)"
38.99.82.248 - - [20/Nov/2013:18:21:47 +0100] "GET /privat/privat.html HTTP/1.0" 401 1226 "-" "Mozilla/4.0 (compatible; MSIE 7.0b; Windows NT 6.0)"
38.99.82.248 - - [20/Nov/2013:18:22:01 +0100] "GET /env/jomox/download/airbase99.LSO HTTP/1.0" 200 387896 "-" "Mozilla/4.0 (compatible; MSIE 7.0b; Windows NT 6.0)"
38.99.82.230 - - [20/Nov/2013:19:01:47 +0100] "GET /robots.txt HTTP/1.0" 200 298 "-" "Mozilla/4.0 (compatible; MSIE 7.0b; Windows NT 6.0)"
38.99.82.230 - - [20/Nov/2013:19:01:55 +0100] "GET /env/jomox/download/airbase99.LSO HTTP/1.0" 200 387896 "-" "Mozilla/4.0 (compatible; MSIE 7.0b; Windows NT 6.0)"
38.99.82.254 - - [20/Nov/2013:20:15:05 +0100] "GET /robots.txt HTTP/1.0" 200 298 "-" "Mozilla/4.0 (compatible; MSIE 7.0b; Windows NT 6.0)"
38.99.82.254 - - [20/Nov/2013:20:15:15 +0100] "GET /env/jomox/download/airbase99.LSO HTTP/1.0" 200 387896 "-" "Mozilla/4.0 (compatible; MSIE 7.0b; Windows NT 6.0)"
38.99.82.252 - - [20/Nov/2013:22:05:30 +0100] "GET /robots.txt HTTP/1.0" 200 298 "-" "Mozilla/4.0 (compatible; MSIE 7.0b; Windows NT 6.0)"
38.99.82.252 - - [20/Nov/2013:22:05:43 +0100] "GET /env/jomox/download/airbase99.LSO HTTP/1.0" 200 387896 "-" "Mozilla/4.0 (compatible; MSIE 7.0b; Windows NT 6.0)"
38.99.82.230 - - [20/Nov/2013:23:14:56 +0100] "GET /robots.txt HTTP/1.0" 200 298 "-" "Mozilla/4.0 (compatible; MSIE 7.0b; Windows NT 6.0)"
38.99.82.230 - - [20/Nov/2013:23:15:10 +0100] "GET /env/jomox/download/airbase99.LSO HTTP/1.0" 200 387896 "-" "Mozilla/4.0 (compatible; MSIE 7.0b; Windows NT 6.0)"
38.99.82.239 - - [21/Nov/2013:00:29:19 +0100] "GET /robots.txt HTTP/1.0" 200 298 "-" "Mozilla/4.0 (compatible; MSIE 7.0b; Windows NT 6.0)"
38.99.82.239 - - [21/Nov/2013:00:29:25 +0100] "GET /env/jomox/download/airbase99.LSO HTTP/1.0" 200 387896 "-" "Mozilla/4.0 (compatible; MSIE 7.0b; Windows NT 6.0)"
38.99.82.252 - - [21/Nov/2013:02:02:25 +0100] "GET /robots.txt HTTP/1.0" 200 298 "-" "Mozilla/4.0 (compatible; MSIE 7.0b; Windows NT 6.0)"
38.99.82.252 - - [21/Nov/2013:02:02:27 +0100] "GET /env/jomox/download/airbase99.LSO HTTP/1.0" 200 387896 "-" "Mozilla/4.0 (compatible; MSIE 7.0b; Windows NT 6.0)"
38.99.82.239 - - [21/Nov/2013:04:14:33 +0100] "GET /robots.txt HTTP/1.0" 200 298 "-" "Mozilla/4.0 (compatible; MSIE 7.0b; Windows NT 6.0)"
38.99.82.239 - - [21/Nov/2013:04:14:35 +0100] "GET /env/jomox/download/airbase99.LSO HTTP/1.0" 200 387896 "-" "Mozilla/4.0 (compatible; MSIE 7.0b; Windows NT 6.0)"
38.99.82.239 - - [21/Nov/2013:06:35:06 +0100] "GET /robots.txt HTTP/1.0" 200 298 "-" "Mozilla/4.0 (compatible; MSIE 7.0b; Windows NT 6.0)"
38.99.82.239 - - [21/Nov/2013:06:35:11 +0100] "GET /env/jomox/download/airbase99.LSO HTTP/1.0" 200 387896 "-" "Mozilla/4.0 (compatible; MSIE 7.0b; Windows NT 6.0)"
5.10.83.12 - - [21/Nov/2013:07:56:13 +0100] "GET /index.html HTTP/1.1" 200 15853 "-" "Mozilla/5.0 (compatible; AhrefsBot/5.0; +http://ahrefs.com/robot/)"
38.99.82.230 - - [21/Nov/2013:08:58:37 +0100] "GET /robots.txt HTTP/1.0" 200 298 "-" "Mozilla/4.0 (compatible; MSIE 7.0b; Windows NT 6.0)"
38.99.82.230 - - [21/Nov/2013:08:58:38 +0100] "GET /env/jomox/download/airbase99.LSO HTTP/1.0" 200 387896 "-" "Mozilla/4.0 (compatible; MSIE 7.0b; Windows NT 6.0)"
199.30.20.99 - - [21/Nov/2013:09:11:21 +0100] "GET /robots.txt HTTP/1.1" 200 298 "-" "msnbot-media/1.1 (+http://search.msn.com/msnbot.htm)"
199.30.20.99 - - [21/Nov/2013:09:11:22 +0100] "GET /impressum/images/15x15.jpg HTTP/1.1" 200 631 "-" "msnbot-media/1.1 (+http://search.msn.com/msnbot.htm)"
38.99.82.254 - - [21/Nov/2013:10:43:26 +0100] "GET /robots.txt HTTP/1.0" 200 298 "-" "Mozilla/4.0 (compatible; MSIE 7.0b; Windows NT 6.0)"
38.99.82.254 - - [21/Nov/2013:10:43:35 +0100] "GET /env/jomox/download/airbase99.LSO HTTP/1.0" 200 387896 "-" "Mozilla/4.0 (compatible; MSIE 7.0b; Windows NT 6.0)"
38.99.82.252 - - [21/Nov/2013:11:07:37 +0100] "GET /robots.txt HTTP/1.0" 200 298 "-" "Mozilla/4.0 (compatible; MSIE 7.0b; Windows NT 6.0)"
38.99.82.252 - - [21/Nov/2013:11:07:38 +0100] "GET /env/jomox/download/airbase99.LSO HTTP/1.0" 200 387896 "-" "Mozilla/4.0 (compatible; MSIE 7.0b; Windows NT 6.0)"
38.99.82.252 - - [21/Nov/2013:13:27:15 +0100] "GET /robots.txt HTTP/1.0" 200 298 "-" "Mozilla/4.0 (compatible; MSIE 7.0b; Windows NT 6.0)"
38.99.82.252 - - [21/Nov/2013:13:27:16 +0100] "GET /env/jomox/download/airbase99.LSO HTTP/1.0" 200 387896 "-" "Mozilla/4.0 (compatible; MSIE 7.0b; Windows NT 6.0)"
88.73.101.80 - - [21/Nov/2013:15:15:25 +0100] "GET / HTTP/1.1" 304 - "-" "Mozilla/4.0 (compatible; MSIE 7.0; Windows NT 6.0; SLCC1; .NET CLR 2.0.50727; .NET CLR 3.0.30729; .NET CLR 3.5.30729; .NET4.0C; .NET4.0E)"
88.73.101.80 - - [21/Nov/2013:15:15:25 +0100] "GET /images/logo_big.jpg HTTP/1.1" 304 - "http://www.soundpatcher.de/" "Mozilla/4.0 (compatible; MSIE 7.0; Windows NT 6.0; SLCC1; .NET CLR 2.0.50727; .NET CLR 3.0.30729; .NET CLR 3.5.30729; .NET4.0C; .NET4.0E)"
88.73.101.80 - - [21/Nov/2013:15:15:25 +0100] "GET /images/pixel.gif HTTP/1.1" 304 - "http://www.soundpatcher.de/" "Mozilla/4.0 (compatible; MSIE 7.0; Windows NT 6.0; SLCC1; .NET CLR 2.0.50727; .NET CLR 3.0.30729; .NET CLR 3.5.30729; .NET4.0C; .NET4.0E)"
88.73.101.80 - - [21/Nov/2013:15:15:25 +0100] "GET /images/span.jpg HTTP/1.1" 304 - "http://www.soundpatcher.de/" "Mozilla/4.0 (compatible; MSIE 7.0; Windows NT 6.0; SLCC1; .NET CLR 2.0.50727; .NET CLR 3.0.30729; .NET CLR 3.5.30729; .NET4.0C; .NET4.0E)"
88.73.101.80 - - [21/Nov/2013:15:15:25 +0100] "GET /images/10x10_CCCCCC.jpg HTTP/1.1" 304 - "http://www.soundpatcher.de/" "Mozilla/4.0 (compatible; MSIE 7.0; Windows NT 6.0; SLCC1; .NET CLR 2.0.50727; .NET CLR 3.0.30729; .NET CLR 3.5.30729; .NET4.0C; .NET4.0E)"
88.73.101.80 - - [21/Nov/2013:15:15:26 +0100] "GET /images/15x15.jpg HTTP/1.1" 304 - "http://www.soundpatcher.de/" "Mozilla/4.0 (compatible; MSIE 7.0; Windows NT 6.0; SLCC1; .NET CLR 2.0.50727; .NET CLR 3.0.30729; .NET CLR 3.5.30729; .NET4.0C; .NET4.0E)"
88.73.101.80 - - [21/Nov/2013:15:15:26 +0100] "GET /env/jomox/pics/airbase99_small.jpg HTTP/1.1" 304 - "http://www.soundpatcher.de/" "Mozilla/4.0 (compatible; MSIE 7.0; Windows NT 6.0; SLCC1; .NET CLR 2.0.50727; .NET CLR 3.0.30729; .NET CLR 3.5.30729; .NET4.0C; .NET4.0E)"
88.73.101.80 - - [21/Nov/2013:15:15:26 +0100] "GET /favicon.ico HTTP/1.1" 404 1256 "-" "Mozilla/4.0 (compatible; MSIE 7.0; Windows NT 6.0; SLCC1; .NET CLR 2.0.50727; .NET CLR 3.0.30729; .NET CLR 3.5.30729; .NET4.0C; .NET4.0E)"
38.99.82.248 - - [21/Nov/2013:15:27:40 +0100] "GET /robots.txt HTTP/1.0" 200 298 "-" "Mozilla/4.0 (compatible; MSIE 7.0b; Windows NT 6.0)"
38.99.82.248 - - [21/Nov/2013:15:27:40 +0100] "GET /env/jomox/download/airbase99.LSO HTTP/1.0" 200 387896 "-" "Mozilla/4.0 (compatible; MSIE 7.0b; Windows NT 6.0)"
66.249.78.189 - - [21/Nov/2013:17:39:11 +0100] "GET /robots.txt HTTP/1.1" 200 298 "-" "Mozilla/5.0 (compatible; Googlebot/2.1; +http://www.google.com/bot.html)"
66.249.78.189 - - [21/Nov/2013:17:39:12 +0100] "GET / HTTP/1.1" 200 15853 "-" "Mozilla/5.0 (iPhone; CPU iPhone OS 6_0 like Mac OS X) AppleWebKit/536.26 (KHTML, like Gecko) Version/6.0 Mobile/10A5376e Safari/8536.25 (compatible; Googlebot-Mobile/2.1; +http://www.google.com/bot.html)"
66.249.78.189 - - [21/Nov/2013:18:57:55 +0100] "GET /env/jomox/jomox.html HTTP/1.1" 304 - "-" "Mozilla/5.0 (iPhone; CPU iPhone OS 6_0 like Mac OS X) AppleWebKit/536.26 (KHTML, like Gecko) Version/6.0 Mobile/10A5376e Safari/8536.25 (compatible; Googlebot-Mobile/2.1; +http://www.google.com/bot.html)"
5.10.83.26 - - [21/Nov/2013:19:26:18 +0100] "GET /friends/friends.html HTTP/1.1" 401 1226 "-" "Mozilla/5.0 (compatible; AhrefsBot/5.0; +http://ahrefs.com/robot/)"
141.8.147.12 - - [22/Nov/2013:00:33:56 +0100] "GET /robots.txt HTTP/1.1" 200 298 "-" "Mozilla/5.0 (compatible; YandexBot/3.0; +http://yandex.com/bots)"
141.8.147.12 - - [22/Nov/2013:00:36:38 +0100] "GET / HTTP/1.1" 200 15853 "-" "Mozilla/5.0 (compatible; YandexBot/3.0; +http://yandex.com/bots)"
5.10.83.8 - - [22/Nov/2013:01:50:41 +0100] "GET /env/jomox/pics/pic_airbase99.html HTTP/1.1" 200 759 "-" "Mozilla/5.0 (compatible; AhrefsBot/5.0; +http://ahrefs.com/robot/)"
199.30.20.99 - - [22/Nov/2013:02:33:20 +0100] "GET /robots.txt HTTP/1.1" 200 298 "-" "msnbot-media/1.1 (+http://search.msn.com/msnbot.htm)"
199.30.20.99 - - [22/Nov/2013:02:33:20 +0100] "GET /impressum/images/15x15.jpg HTTP/1.1" 200 631 "-" "msnbot-media/1.1 (+http://search.msn.com/msnbot.htm)"
66.249.78.189 - - [22/Nov/2013:03:05:45 +0100] "GET /impressum/impressum.html HTTP/1.1" 304 - "-" "Mozilla/5.0 (iPhone; CPU iPhone OS 6_0 like Mac OS X) AppleWebKit/536.26 (KHTML, like Gecko) Version/6.0 Mobile/10A5376e Safari/8536.25 (compatible; Googlebot-Mobile/2.1; +http://www.google.com/bot.html)"
46.229.170.197 - - [22/Nov/2013:05:53:41 +0100] "GET / HTTP/1.1" 200 15853 "-" "Mozilla/5.0 (Windows NT 6.1; Win64; x64; rv:2.2a1pre) Gecko/20110323 Firefox/4.2a1pre"
5.10.83.56 - - [22/Nov/2013:08:26:41 +0100] "GET /privat/privat.html HTTP/1.1" 401 1226 "-" "Mozilla/5.0 (compatible; AhrefsBot/5.0; +http://ahrefs.com/robot/)"
5.10.83.8 - - [22/Nov/2013:08:55:42 +0100] "GET /env/jomox/download/airbase99.LSO HTTP/1.1" 200 387896 "-" "Mozilla/5.0 (compatible; AhrefsBot/5.0; +http://ahrefs.com/robot/)"
5.10.83.12 - - [22/Nov/2013:11:08:34 +0100] "GET /links/links.html HTTP/1.1" 200 278 "-" "Mozilla/5.0 (compatible; AhrefsBot/5.0; +http://ahrefs.com/robot/)"
66.249.78.189 - - [22/Nov/2013:18:07:54 +0100] "GET /robots.txt HTTP/1.1" 200 298 "-" "Mozilla/5.0 (compatible; Googlebot/2.1; +http://www.google.com/bot.html)"
66.249.78.189 - - [22/Nov/2013:18:07:54 +0100] "GET / HTTP/1.1" 200 15853 "-" "Mozilla/5.0 (iPhone; CPU iPhone OS 6_0 like Mac OS X) AppleWebKit/536.26 (KHTML, like Gecko) Version/6.0 Mobile/10A5376e Safari/8536.25 (compatible; Googlebot-Mobile/2.1; +http://www.google.com/bot.html)"
141.8.147.12 - - [22/Nov/2013:19:07:36 +0100] "GET /robots.txt HTTP/1.1" 200 298 "-" "Mozilla/5.0 (compatible; YandexBot/3.0; +http://yandex.com/bots)"
141.8.147.12 - - [22/Nov/2013:20:38:39 +0100] "GET /impressum/impressum.html HTTP/1.1" 200 7872 "-" "Mozilla/5.0 (compatible; YandexBot/3.0; +http://yandex.com/bots)"
141.8.147.12 - - [22/Nov/2013:20:50:28 +0100] "GET /env/jomox/jomox.html HTTP/1.1" 200 14935 "-" "Mozilla/5.0 (compatible; YandexBot/3.0; +http://yandex.com/bots)"
141.8.147.12 - - [23/Nov/2013:00:02:14 +0100] "GET /env/roland/pics/pic_sc880.html HTTP/1.1" 200 755 "-" "Mozilla/5.0 (compatible; YandexBot/3.0; +http://yandex.com/bots)"
141.8.147.12 - - [23/Nov/2013:00:21:44 +0100] "GET /env/env.html HTTP/1.1" 200 12438 "-" "Mozilla/5.0 (compatible; YandexBot/3.0; +http://yandex.com/bots)"
66.249.78.189 - - [23/Nov/2013:01:59:04 +0100] "GET /env/jomox/jomox.html HTTP/1.1" 304 - "-" "Mozilla/5.0 (iPhone; CPU iPhone OS 6_0 like Mac OS X) AppleWebKit/536.26 (KHTML, like Gecko) Version/6.0 Mobile/10A5376e Safari/8536.25 (compatible; Googlebot-Mobile/2.1; +http://www.google.com/bot.html)"
141.8.147.12 - - [23/Nov/2013:06:59:13 +0100] "GET /robots.txt HTTP/1.1" 200 298 "-" "Mozilla/5.0 (compatible; YandexBot/3.0; +http://yandex.com/bots)"
5.9.113.20 - - [23/Nov/2013:07:21:17 +0100] "GET /robots.txt HTTP/1.1" 200 298 "-" "Apache-HttpClient/4.3 (java 1.5)"
5.9.113.20 - - [23/Nov/2013:07:21:17 +0100] "GET / HTTP/1.1" 200 15853 "-" "Apache-HttpClient/4.3 (java 1.5)"
141.8.147.12 - - [23/Nov/2013:08:56:47 +0100] "GET /links/links.html HTTP/1.1" 200 278 "-" "Mozilla/5.0 (compatible; YandexBot/3.0; +http://yandex.com/bots)"
141.8.147.12 - - [23/Nov/2013:14:13:54 +0100] "GET /env/roland/sc880.html HTTP/1.1" 200 17092 "-" "Mozilla/5.0 (compatible; YandexBot/3.0; +http://yandex.com/bots)"
66.249.78.189 - - [24/Nov/2013:04:55:13 +0100] "GET /robots.txt HTTP/1.1" 200 298 "-" "Mozilla/5.0 (compatible; Googlebot/2.1; +http://www.google.com/bot.html)"
66.249.78.189 - - [24/Nov/2013:04:55:13 +0100] "GET / HTTP/1.1" 200 15853 "-" "Mozilla/5.0 (iPhone; CPU iPhone OS 6_0 like Mac OS X) AppleWebKit/536.26 (KHTML, like Gecko) Version/6.0 Mobile/10A5376e Safari/8536.25 (compatible; Googlebot-Mobile/2.1; +http://www.google.com/bot.html)"
5.9.113.20 - - [24/Nov/2013:08:10:51 +0100] "GET /robots.txt HTTP/1.1" 200 298 "-" "Apache-HttpClient/4.3 (java 1.5)"
5.9.113.20 - - [24/Nov/2013:08:10:52 +0100] "GET / HTTP/1.1" 200 15853 "-" "Apache-HttpClient/4.3 (java 1.5)"
208.115.113.91 - - [24/Nov/2013:12:48:21 +0100] "GET /robots.txt HTTP/1.1" 200 298 "-" "Mozilla/5.0 (compatible; Ezooms/1.0; ezooms.bot@gmail.com)"
66.249.78.189 - - [24/Nov/2013:13:38:08 +0100] "GET /impressum/impressum.html HTTP/1.1" 304 - "-" "Mozilla/5.0 (iPhone; CPU iPhone OS 6_0 like Mac OS X) AppleWebKit/536.26 (KHTML, like Gecko) Version/6.0 Mobile/10A5376e Safari/8536.25 (compatible; Googlebot-Mobile/2.1; +http://www.google.com/bot.html)"
208.115.113.91 - - [24/Nov/2013:14:44:24 +0100] "GET /env/jomox/jomox.html HTTP/1.1" 200 14935 "-" "Mozilla/5.0 (compatible; Ezooms/1.0; ezooms.bot@gmail.com)"
178.255.215.68 - - [24/Nov/2013:19:51:01 +0100] "GET /robots.txt HTTP/1.1" 200 298 "-" "Mozilla/5.0 (compatible; Exabot/3.0; +http://www.exabot.com/go/robot)"
178.255.215.68 - - [24/Nov/2013:19:51:01 +0100] "GET / HTTP/1.1" 304 - "-" "Mozilla/5.0 (compatible; Exabot/3.0; +http://www.exabot.com/go/robot)"
141.8.147.12 - - [24/Nov/2013:20:10:41 +0100] "GET /robots.txt HTTP/1.1" 200 298 "-" "Mozilla/5.0 (compatible; YandexBot/3.0; +http://yandex.com/bots)"
157.56.92.146 - - [24/Nov/2013:21:13:07 +0100] "GET /robots.txt HTTP/1.1" 200 298 "-" "Mozilla/5.0 (compatible; bingbot/2.0; +http://www.bing.com/bingbot.htm)"
157.56.92.146 - - [24/Nov/2013:21:14:37 +0100] "GET /env/env.html HTTP/1.1" 304 - "-" "Mozilla/5.0 (compatible; bingbot/2.0; +http://www.bing.com/bingbot.htm)"
66.249.78.189 - - [24/Nov/2013:22:50:51 +0100] "GET /env/jomox/jomox.html HTTP/1.1" 304 - "-" "Mozilla/5.0 (iPhone; CPU iPhone OS 6_0 like Mac OS X) AppleWebKit/536.26 (KHTML, like Gecko) Version/6.0 Mobile/10A5376e Safari/8536.25 (compatible; Googlebot-Mobile/2.1; +http://www.google.com/bot.html)"
141.8.147.12 - - [25/Nov/2013:00:39:42 +0100] "GET / HTTP/1.1" 200 15853 "-" "Mozilla/5.0 (compatible; YandexBot/3.0; +http://yandex.com/bots)"
144.76.71.140 - - [25/Nov/2013:02:24:16 +0100] "GET /robots.txt HTTP/1.1" 200 298 "-" "Mozilla/5.0 (compatible; SISTRIX Crawler; http://crawler.sistrix.net/)"
144.76.71.140 - - [25/Nov/2013:02:24:16 +0100] "GET / HTTP/1.1" 206 15853 "-" "Mozilla/5.0 (compatible; SISTRIX Crawler; http://crawler.sistrix.net/)"
5.9.113.17 - - [25/Nov/2013:04:49:34 +0100] "GET /robots.txt HTTP/1.1" 200 298 "-" "Apache-HttpClient/4.3 (java 1.5)"
5.9.113.17 - - [25/Nov/2013:04:49:34 +0100] "GET / HTTP/1.1" 200 15853 "-" "Apache-HttpClient/4.3 (java 1.5)"
64.246.165.160 - - [25/Nov/2013:05:46:24 +0100] "GET /robots.txt HTTP/1.0" 200 298 "-" "Mozilla/5.0 (Windows; U; Windows NT 5.1; en; rv:1.9.0.13) Gecko/2009073022 Firefox/3.5.2 (.NET CLR 3.5.30729) SurveyBot/2.3 (DomainTools)"
64.246.165.160 - - [25/Nov/2013:05:46:24 +0100] "GET / HTTP/1.1" 200 15853 "http://whois.domaintools.com/soundpatcher.de" "Mozilla/5.0 (Windows; U; Windows NT 5.1; en; rv:1.9.0.13) Gecko/2009073022 Firefox/3.5.2 (.NET CLR 3.5.30729) SurveyBot/2.3 (DomainTools)"
208.115.111.75 - - [25/Nov/2013:10:46:21 +0100] "GET /robots.txt HTTP/1.1" 200 298 "-" "Mozilla/5.0 (compatible; Ezooms/1.0; ezooms.bot@gmail.com)"
208.115.111.75 - - [25/Nov/2013:12:06:37 +0100] "GET /links/links.html HTTP/1.1" 200 278 "-" "Mozilla/5.0 (compatible; Ezooms/1.0; ezooms.bot@gmail.com)"
66.249.78.189 - - [25/Nov/2013:15:54:46 +0100] "GET /robots.txt HTTP/1.1" 200 298 "-" "Mozilla/5.0 (compatible; Googlebot/2.1; +http://www.google.com/bot.html)"
66.249.78.189 - - [25/Nov/2013:15:54:46 +0100] "GET / HTTP/1.1" 200 15853 "-" "Mozilla/5.0 (iPhone; CPU iPhone OS 6_0 like Mac OS X) AppleWebKit/536.26 (KHTML, like Gecko) Version/6.0 Mobile/10A5376e Safari/8536.25 (compatible; Googlebot-Mobile/2.1; +http://www.google.com/bot.html)"
5.10.83.17 - - [25/Nov/2013:16:14:10 +0100] "GET /env/roland/pics/pic_sc880.html HTTP/1.1" 200 755 "-" "Mozilla/5.0 (compatible; AhrefsBot/5.0; +http://ahrefs.com/robot/)"
157.55.33.182 - - [25/Nov/2013:21:09:11 +0100] "GET /robots.txt HTTP/1.1" 200 298 "-" "Mozilla/5.0 (compatible; bingbot/2.0; +http://www.bing.com/bingbot.htm)"
157.55.33.182 - - [25/Nov/2013:21:10:30 +0100] "GET /index.html HTTP/1.1" 200 15853 "-" "Mozilla/5.0 (compatible; bingbot/2.0; +http://www.bing.com/bingbot.htm)"
5.10.83.74 - - [26/Nov/2013:03:11:19 +0100] "GET /env/roland/sc880.html HTTP/1.1" 200 17092 "-" "Mozilla/5.0 (compatible; AhrefsBot/5.0; +http://ahrefs.com/robot/)"
5.10.83.81 - - [26/Nov/2013:06:05:58 +0100] "GET /env/jomox/pics/pic_airbase99.html HTTP/1.1" 200 759 "-" "Mozilla/5.0 (compatible; AhrefsBot/5.0; +http://ahrefs.com/robot/)"
178.24.218.88 - - [26/Nov/2013:08:45:17 +0100] "GET /robots.txt HTTP/1.0" 200 298 "-" "Mozilla/5.0 (compatible; MJ12bot/v1.4.4; http://www.majestic12.co.uk/bot.php?+)"
178.24.218.88 - - [26/Nov/2013:08:45:19 +0100] "GET /links/links.html HTTP/1.1" 200 278 "-" "Mozilla/5.0 (compatible; MJ12bot/v1.4.4; http://www.majestic12.co.uk/bot.php?+)"
162.243.110.67 - - [26/Nov/2013:17:42:59 +0100] "GET /robots.txt HTTP/1.1" 200 298 "-" "Mozilla/5.0 (compatible; spbot/4.0.2; +http://www.seoprofiler.com/bot )"
162.243.110.67 - - [26/Nov/2013:17:43:04 +0100] "GET / HTTP/1.1" 200 15853 "-" "Mozilla/5.0 (compatible; spbot/4.0.2; +http://www.seoprofiler.com/bot )"
162.243.110.67 - - [26/Nov/2013:17:43:05 +0100] "GET /index.html HTTP/1.1" 200 15853 "http://www.soundpatcher.de/" "Mozilla/5.0 (compatible; spbot/4.0.2; +http://www.seoprofiler.com/bot )"
162.243.110.67 - - [26/Nov/2013:17:43:09 +0100] "GET /env/env.html HTTP/1.1" 200 12438 "http://www.soundpatcher.de/" "Mozilla/5.0 (compatible; spbot/4.0.2; +http://www.seoprofiler.com/bot )"
162.243.110.67 - - [26/Nov/2013:17:43:15 +0100] "GET /phpBB2/index.php HTTP/1.1" 401 1226 "http://www.soundpatcher.de/" "Mozilla/5.0 (compatible; spbot/4.0.2; +http://www.seoprofiler.com/bot )"
162.243.110.67 - - [26/Nov/2013:17:43:19 +0100] "GET /privat/privat.html HTTP/1.1" 401 1226 "http://www.soundpatcher.de/" "Mozilla/5.0 (compatible; spbot/4.0.2; +http://www.seoprofiler.com/bot )"
162.243.110.67 - - [26/Nov/2013:17:43:24 +0100] "GET /friends/friends.html HTTP/1.1" 401 1226 "http://www.soundpatcher.de/" "Mozilla/5.0 (compatible; spbot/4.0.2; +http://www.seoprofiler.com/bot )"
162.243.110.67 - - [26/Nov/2013:17:43:29 +0100] "GET /env/jomox/jomox.html HTTP/1.1" 200 14935 "http://www.soundpatcher.de/" "Mozilla/5.0 (compatible; spbot/4.0.2; +http://www.seoprofiler.com/bot )"
162.243.110.67 - - [26/Nov/2013:17:43:34 +0100] "GET /links/links.html HTTP/1.1" 200 278 "http://www.soundpatcher.de/env/jomox/jomox.html" "Mozilla/5.0 (compatible; spbot/4.0.2; +http://www.seoprofiler.com/bot )"
162.243.110.67 - - [26/Nov/2013:17:43:39 +0100] "GET /env/roland/sc880.html HTTP/1.1" 200 17092 "http://www.soundpatcher.de/env/env.html" "Mozilla/5.0 (compatible; spbot/4.0.2; +http://www.seoprofiler.com/bot )"
162.243.110.67 - - [26/Nov/2013:17:43:45 +0100] "GET /impressum/impressum.html HTTP/1.1" 200 7872 "http://www.soundpatcher.de/" "Mozilla/5.0 (compatible; spbot/4.0.2; +http://www.seoprofiler.com/bot )"
162.243.110.67 - - [26/Nov/2013:17:43:49 +0100] "GET /env/roland/pics/pic_sc880.html HTTP/1.1" 200 755 "http://www.soundpatcher.de/env/roland/sc880.html" "Mozilla/5.0 (compatible; spbot/4.0.2; +http://www.seoprofiler.com/bot )"
162.243.110.67 - - [26/Nov/2013:17:43:54 +0100] "GET /env/jomox/download/airbase99.LSO HTTP/1.1" 200 387896 "http://www.soundpatcher.de/env/jomox/jomox.html" "Mozilla/5.0 (compatible; spbot/4.0.2; +http://www.seoprofiler.com/bot )"
66.249.78.189 - - [27/Nov/2013:01:37:42 +0100] "GET /robots.txt HTTP/1.1" 200 298 "-" "Mozilla/5.0 (compatible; Googlebot/2.1; +http://www.google.com/bot.html)"
66.249.78.189 - - [27/Nov/2013:01:37:42 +0100] "GET / HTTP/1.1" 200 15853 "-" "Mozilla/5.0 (iPhone; CPU iPhone OS 6_0 like Mac OS X) AppleWebKit/536.26 (KHTML, like Gecko) Version/6.0 Mobile/10A5376e Safari/8536.25 (compatible; Googlebot-Mobile/2.1; +http://www.google.com/bot.html)"
144.76.42.76 - - [27/Nov/2013:05:00:35 +0100] "GET / HTTP/1.1" 200 15853 "-" "Mozilla/5.0 (Macintosh; Intel Mac OS X 10_8_2) AppleWebKit/537.17 (KHTML, like Gecko) Chrome/24.0.1312.52 Safari/537.17"
144.76.42.76 - - [27/Nov/2013:05:00:35 +0100] "GET / HTTP/1.1" 200 15853 "-" "Mozilla/5.0 (Macintosh; Intel Mac OS X 10_8_2) AppleWebKit/537.17 (KHTML, like Gecko) Chrome/24.0.1312.52 Safari/537.17"
79.192.161.63 - - [27/Nov/2013:13:37:55 +0100] "GET /env/jomox/jomox.html HTTP/1.1" 200 14935 "http://www.sequencer.de/synthesizer/viewtopic.php?p=209181" "Mozilla/5.0 (iPad; CPU OS 6_1_3 like Mac OS X) AppleWebKit/536.26 (KHTML, like Gecko) Version/6.0 Mobile/10B329 Safari/8536.25"
79.192.161.63 - - [27/Nov/2013:13:37:55 +0100] "GET /env/jomox/images/logo_big.jpg HTTP/1.1" 200 12681 "http://www.soundpatcher.de/env/jomox/jomox.html" "Mozilla/5.0 (iPad; CPU OS 6_1_3 like Mac OS X) AppleWebKit/536.26 (KHTML, like Gecko) Version/6.0 Mobile/10B329 Safari/8536.25"
79.192.161.63 - - [27/Nov/2013:13:37:55 +0100] "GET /env/jomox/images/pixel.gif HTTP/1.1" 200 43 "http://www.soundpatcher.de/env/jomox/jomox.html" "Mozilla/5.0 (iPad; CPU OS 6_1_3 like Mac OS X) AppleWebKit/536.26 (KHTML, like Gecko) Version/6.0 Mobile/10B329 Safari/8536.25"
79.192.161.63 - - [27/Nov/2013:13:37:55 +0100] "GET /env/jomox/images/span.jpg HTTP/1.1" 200 811 "http://www.soundpatcher.de/env/jomox/jomox.html" "Mozilla/5.0 (iPad; CPU OS 6_1_3 like Mac OS X) AppleWebKit/536.26 (KHTML, like Gecko) Version/6.0 Mobile/10B329 Safari/8536.25"
79.192.161.63 - - [27/Nov/2013:13:37:55 +0100] "GET /env/jomox/pics/airbase99_small+.jpg HTTP/1.1" 200 5326 "http://www.soundpatcher.de/env/jomox/jomox.html" "Mozilla/5.0 (iPad; CPU OS 6_1_3 like Mac OS X) AppleWebKit/536.26 (KHTML, like Gecko) Version/6.0 Mobile/10B329 Safari/8536.25"
79.192.161.63 - - [27/Nov/2013:13:37:55 +0100] "GET /env/jomox/images/10x10_CCCCCC.jpg HTTP/1.1" 200 631 "http://www.soundpatcher.de/env/jomox/jomox.html" "Mozilla/5.0 (iPad; CPU OS 6_1_3 like Mac OS X) AppleWebKit/536.26 (KHTML, like Gecko) Version/6.0 Mobile/10B329 Safari/8536.25"
79.192.161.63 - - [27/Nov/2013:13:37:55 +0100] "GET /env/jomox/images/15x15.jpg HTTP/1.1" 200 631 "http://www.soundpatcher.de/env/jomox/jomox.html" "Mozilla/5.0 (iPad; CPU OS 6_1_3 like Mac OS X) AppleWebKit/536.26 (KHTML, like Gecko) Version/6.0 Mobile/10B329 Safari/8536.25"
66.249.78.189 - - [27/Nov/2013:15:25:22 +0100] "GET /robots.txt HTTP/1.1" 200 298 "-" "Mozilla/5.0 (compatible; Googlebot/2.1; +http://www.google.com/bot.html)"
66.249.78.189 - - [27/Nov/2013:15:25:22 +0100] "GET /env/jomox/pics/pic_airbase99.html HTTP/1.1" 200 759 "-" "Mozilla/5.0 (compatible; Googlebot/2.1; +http://www.google.com/bot.html)"
117.78.13.18 - - [27/Nov/2013:16:33:41 +0100] "GET /robots.txt HTTP/1.0" 200 298 "-" "nutch-1.4/Nutch-1.4"
117.78.13.18 - - [27/Nov/2013:16:33:42 +0100] "GET / HTTP/1.0" 200 15853 "-" "nutch-1.4/Nutch-1.4"
157.56.93.42 - - [27/Nov/2013:17:55:50 +0100] "GET /robots.txt HTTP/1.1" 200 298 "-" "Mozilla/5.0 (compatible; bingbot/2.0; +http://www.bing.com/bingbot.htm)"
157.56.93.42 - - [27/Nov/2013:17:58:41 +0100] "GET /impressum/impressum.html HTTP/1.1" 200 7872 "-" "Mozilla/5.0 (compatible; bingbot/2.0; +http://www.bing.com/bingbot.htm)"
157.56.92.175 - - [28/Nov/2013:02:18:45 +0100] "GET /robots.txt HTTP/1.1" 200 298 "-" "Mozilla/5.0 (compatible; bingbot/2.0; +http://www.bing.com/bingbot.htm)"
157.56.92.175 - - [28/Nov/2013:02:21:50 +0100] "GET /privat/privat.html HTTP/1.1" 401 1226 "-" "Mozilla/5.0 (compatible; bingbot/2.0; +http://www.bing.com/bingbot.htm)"
141.8.147.12 - - [28/Nov/2013:03:06:42 +0100] "GET /robots.txt HTTP/1.1" 200 298 "-" "Mozilla/5.0 (compatible; YandexBot/3.0; +http://yandex.com/bots)"
66.249.78.189 - - [28/Nov/2013:03:43:58 +0100] "GET / HTTP/1.1" 200 15853 "-" "Mozilla/5.0 (iPhone; CPU iPhone OS 6_0 like Mac OS X) AppleWebKit/536.26 (KHTML, like Gecko) Version/6.0 Mobile/10A5376e Safari/8536.25 (compatible; Googlebot-Mobile/2.1; +http://www.google.com/bot.html)"
141.8.147.12 - - [28/Nov/2013:10:57:07 +0100] "GET / HTTP/1.1" 200 15853 "-" "Mozilla/5.0 (compatible; YandexBot/3.0; +http://yandex.com/bots)"
150.70.97.126 - - [28/Nov/2013:18:10:29 +0100] "GET / HTTP/1.1" 200 15853 "-" "Mozilla/4.0 (compatible; MSIE 8.0; Windows NT 5.1; Trident/4.0)"
150.70.64.214 - - [28/Nov/2013:18:11:58 +0100] "GET / HTTP/1.0" 200 15853 "-" "Mozilla/4.0 (compatible; MSIE 6.0; Windows NT 5.1)"
208.115.111.75 - - [28/Nov/2013:22:44:57 +0100] "GET /robots.txt HTTP/1.1" 200 298 "-" "Mozilla/5.0 (compatible; Ezooms/1.0; ezooms.bot@gmail.com)"
66.249.78.189 - - [28/Nov/2013:23:45:30 +0100] "GET /robots.txt HTTP/1.1" 200 298 "-" "Mozilla/5.0 (compatible; Googlebot/2.1; +http://www.google.com/bot.html)"
208.115.111.75 - - [29/Nov/2013:00:30:19 +0100] "GET /friends/friends.html HTTP/1.1" 401 1226 "-" "Mozilla/5.0 (compatible; Ezooms/1.0; ezooms.bot@gmail.com)"
