52.87.86.158 - - [01/Apr/2017:01:05:29 +0200] "GET / HTTP/1.1" 301 365 "-" "Mozilla/5.0 (Macintosh; Intel Mac OS X 10_11_6) AppleWebKit/537.36 (KHTML, like Gecko) Chrome/55.0.2883.95 Safari/537.36"
134.119.213.82 - - [01/Apr/2017:01:06:40 +0200] "GET / HTTP/1.1" 301 365 "http://www.sibt.de" "Mozilla/5.0 (Windows NT 6.1; WOW64) AppleWebKit/537.36 (KHTML, like Gecko) Chrome/52.0.2743.116 Safari/537.36"
46.118.115.43 - - [01/Apr/2017:05:25:05 +0200] "GET / HTTP/1.1" 301 382 "http://dengi-pod-zalog-pts-avto.ru/" "Mozilla/4.0 (compatible; MSIE 6.0; AOL 9.0; Windows NT 5.1)"
5.255.251.7 - - [01/Apr/2017:06:22:27 +0200] "GET /robots.txt HTTP/1.1" 301 375 "-" "Mozilla/5.0 (compatible; YandexBot/3.0; +http://yandex.com/bots)"
5.255.251.7 - - [01/Apr/2017:06:22:31 +0200] "GET / HTTP/1.1" 301 365 "-" "Mozilla/5.0 (compatible; YandexBot/3.0; +http://yandex.com/bots)"
176.8.251.60 - - [01/Apr/2017:07:05:03 +0200] "GET / HTTP/1.1" 301 382 "http://life-instyle.com/" "Mozilla/4.0 (compatible; MSIE 6.0; Windows NT 5.1; Deepnet Explorer 1.5.0; .NET CLR 1.0.3705)"
176.8.251.60 - - [01/Apr/2017:07:05:03 +0200] "GET / HTTP/1.1" 301 382 "http://life-instyle.com/" "Mozilla/4.0 (compatible; MSIE 6.0; Windows NT 5.1; Deepnet Explorer 1.5.0; .NET CLR 1.0.3705)"
176.8.251.60 - - [01/Apr/2017:07:05:03 +0200] "GET / HTTP/1.1" 301 382 "http://life-instyle.com/" "Mozilla/4.0 (compatible; MSIE 6.0; Windows NT 5.1; Deepnet Explorer 1.5.0; .NET CLR 1.0.3705)"
52.87.86.158 - - [01/Apr/2017:07:49:23 +0200] "GET / HTTP/1.1" 301 376 "-" "Mozilla/5.0 (Macintosh; Intel Mac OS X 10_11_6) AppleWebKit/537.36 (KHTML, like Gecko) Chrome/55.0.2883.95 Safari/537.36"
66.249.66.56 - - [01/Apr/2017:08:52:14 +0200] "GET /robots.txt HTTP/1.1" 301 375 "-" "Mozilla/5.0 (compatible; Googlebot/2.1; +http://www.google.com/bot.html)"
66.249.66.56 - - [01/Apr/2017:08:52:15 +0200] "GET / HTTP/1.1" 301 365 "-" "Mozilla/5.0 (compatible; Googlebot/2.1; +http://www.google.com/bot.html)"
134.119.213.82 - - [01/Apr/2017:09:10:31 +0200] "GET / HTTP/1.1" 301 376 "http://www.algorex-partner.de" "Mozilla/5.0 (Windows NT 6.1; WOW64) AppleWebKit/537.36 (KHTML, like Gecko) Chrome/52.0.2743.116 Safari/537.36"
52.87.86.158 - - [01/Apr/2017:09:54:19 +0200] "GET / HTTP/1.1" 301 376 "-" "Mozilla/5.0 (Macintosh; Intel Mac OS X 10_11_6) AppleWebKit/537.36 (KHTML, like Gecko) Chrome/55.0.2883.95 Safari/537.36"
37.115.191.53 - - [01/Apr/2017:11:55:27 +0200] "GET / HTTP/1.1" 301 382 "http://ed-shop01.ru/" "Mozilla/4.0 (compatible; MSIE 6.0; Update a; AOL 6.0; Windows 98)"
138.201.59.34 - - [01/Apr/2017:12:06:01 +0200] "GET /robots.txt HTTP/1.0" 301 375 "-" "Mozilla/5.0 (compatible; SEOkicks-Robot; +http://www.seokicks.de/robot.html)"
138.201.59.34 - - [01/Apr/2017:12:06:03 +0200] "GET / HTTP/1.0" 301 365 "-" "Mozilla/5.0 (compatible; SEOkicks-Robot; +http://www.seokicks.de/robot.html)"
52.87.86.158 - - [01/Apr/2017:15:24:33 +0200] "GET / HTTP/1.1" 301 374 "-" "Mozilla/5.0 (Macintosh; Intel Mac OS X 10_11_6) AppleWebKit/537.36 (KHTML, like Gecko) Chrome/55.0.2883.95 Safari/537.36"
37.115.191.53 - - [01/Apr/2017:18:42:01 +0200] "GET / HTTP/1.1" 301 382 "http://picturesmania.com/" "Mozilla/4.0 (compatible; MSIE 6.0; Windows NT 5.1; FREE; .NET CLR 1.1.4322)"
37.115.191.53 - - [01/Apr/2017:18:42:02 +0200] "GET / HTTP/1.1" 301 382 "http://picturesmania.com/" "Mozilla/4.0 (compatible; MSIE 6.0; Windows NT 5.1; FREE; .NET CLR 1.1.4322)"
85.25.210.41 - - [01/Apr/2017:19:56:12 +0200] "GET /robots.txt HTTP/1.1" 301 375 "-" "Mozilla/5.0 (compatible; seoscanners.net/1; +spider@seoscanners.net)"
85.25.210.41 - - [01/Apr/2017:19:56:15 +0200] "GET /fire HTTP/1.1" 301 369 "-" "Mozilla/5.0 (compatible; seoscanners.net/1; +spider@seoscanners.net)"
46.118.115.43 - - [01/Apr/2017:23:42:09 +0200] "GET / HTTP/1.1" 301 382 "https://greendream.com.ua/" "Mozilla/4.0 (compatible; MSIE 6.0; Windows NT 5.1; SV1)"
46.118.122.226 - - [02/Apr/2017:00:02:22 +0200] "GET / HTTP/1.1" 301 382 "http://sankt-peterburg.nodup.ru/" "Mozilla/4.0 (compatible; MSIE 6.0; Windows NT 5.2; Win64; AMD64)"
46.118.122.226 - - [02/Apr/2017:00:02:22 +0200] "GET / HTTP/1.1" 301 382 "http://sankt-peterburg.nodup.ru/" "Mozilla/4.0 (compatible; MSIE 6.0; Windows NT 5.2; Win64; AMD64)"
208.43.225.84 - - [02/Apr/2017:00:53:33 +0200] "GET /robots.txt HTTP/1.1" 301 386 "-" "Mozilla/5.0 (compatible; SiteExplorer/1.1b; +http://siteexplorer.info/Backlink-Checker-Spider/)"
208.43.225.84 - - [02/Apr/2017:00:53:35 +0200] "GET / HTTP/1.1" 301 376 "-" "Mozilla/5.0 (compatible; SiteExplorer/1.1b; +http://siteexplorer.info/Backlink-Checker-Spider/)"
46.118.122.226 - - [02/Apr/2017:01:51:40 +0200] "GET / HTTP/1.1" 301 382 "http://xn--80aodinpgi.xn--p1ai/" "Mozilla/4.0 (compatible; MSIE 6.0; Windows NT 5.1; Crazy Browser 1.0.5)"
46.118.122.226 - - [02/Apr/2017:01:51:41 +0200] "GET / HTTP/1.1" 301 382 "http://remontbiz.ru/" "Mozilla/4.0 (compatible; MSIE 6.0; Windows NT 5.1; Crazy Browser 1.0.5)"
46.118.122.226 - - [02/Apr/2017:01:51:41 +0200] "GET / HTTP/1.1" 301 382 "http://xn--80aodinpgi.xn--p1ai/" "Mozilla/4.0 (compatible; MSIE 6.0; Windows NT 5.1; Crazy Browser 1.0.5)"
46.118.122.226 - - [02/Apr/2017:01:51:42 +0200] "GET / HTTP/1.1" 301 382 "http://remontbiz.ru/" "Mozilla/4.0 (compatible; MSIE 6.0; Windows NT 5.1; Crazy Browser 1.0.5)"
47.89.53.119 - - [02/Apr/2017:02:18:43 +0200] "GET / HTTP/1.1" 301 365 "http://www.sibt.de" "Mozilla/5.0 (Windows NT 6.3; WOW64; rv:50.0) Gecko/20100101 Firefox/50.0"
37.115.191.53 - - [02/Apr/2017:03:47:38 +0200] "GET / HTTP/1.1" 301 382 "http://sstroy44.ru/" "Mozilla/4.0 (compatible; MSIE 6.0; Windows NT 5.1; .NET CLR 1.1.4322; Alexa Toolbar; (R1 1.5))"
37.115.191.53 - - [02/Apr/2017:03:47:39 +0200] "GET / HTTP/1.1" 301 382 "http://sstroy44.ru/" "Mozilla/4.0 (compatible; MSIE 6.0; Windows NT 5.1; .NET CLR 1.1.4322; Alexa Toolbar; (R1 1.5))"
87.245.154.66 - - [02/Apr/2017:06:39:39 +0200] "GET / HTTP/1.1" 301 374 "http://www.sgtbayernnord.de" "Mozilla/5.0 (Windows NT 6.3; WOW64; rv:50.0) Gecko/20100101 Firefox/50.0"
136.243.36.93 - - [02/Apr/2017:08:16:56 +0200] "GET /sitemap.xml HTTP/1.1" 301 376 "-" "Mozilla/5.0 (compatible; BLEXBot/1.0; +http://webmeup-crawler.com/)"
176.8.251.60 - - [02/Apr/2017:08:53:09 +0200] "GET / HTTP/1.1" 301 382 "http://avtolombard-krasnodar.ru/" "Mozilla/4.0 (compatible; MSIE 6.0; Windows XP)"
176.8.251.60 - - [02/Apr/2017:08:53:09 +0200] "GET / HTTP/1.1" 301 382 "http://avtolombard-krasnodar.ru/" "Mozilla/4.0 (compatible; MSIE 6.0; Windows XP)"
176.8.251.60 - - [02/Apr/2017:08:53:09 +0200] "GET / HTTP/1.1" 301 382 "http://avtolombard-krasnodar.ru/" "Mozilla/4.0 (compatible; MSIE 6.0; Windows XP)"
5.255.251.7 - - [02/Apr/2017:10:01:54 +0200] "GET /robots.txt HTTP/1.1" 301 392 "-" "Mozilla/5.0 (compatible; YandexBot/3.0; +http://yandex.com/bots)"
206.54.191.75 - - [02/Apr/2017:10:41:06 +0200] "GET / HTTP/1.1" 301 365 "-" "Mozilla/5.0 (Macintosh; Intel Mac OS X 10.6; rv:9.0) Gecko/20100101 Firefox/9.0"
37.115.191.53 - - [02/Apr/2017:10:55:19 +0200] "GET / HTTP/1.1" 301 382 "http://nodup.ru/" "Mozilla/4.0 (compatible; MSIE 6.0; Windows NT 5.1; FREE; .NET CLR 1.1.4322)"
37.115.191.53 - - [02/Apr/2017:10:55:20 +0200] "GET / HTTP/1.1" 301 382 "http://nodup.ru/" "Mozilla/4.0 (compatible; MSIE 6.0; Windows NT 5.1; FREE; .NET CLR 1.1.4322)"
68.180.228.165 - - [02/Apr/2017:13:54:24 +0200] "GET /robots.txt HTTP/1.1" 301 392 "-" "Mozilla/5.0 (compatible; Yahoo! Slurp; http://help.yahoo.com/help/us/ysearch/slurp)"
68.180.228.165 - - [02/Apr/2017:13:54:24 +0200] "GET / HTTP/1.1" 301 382 "-" "Mozilla/5.0 (compatible; Yahoo! Slurp; http://help.yahoo.com/help/us/ysearch/slurp)"
37.115.186.195 - - [02/Apr/2017:16:03:04 +0200] "GET / HTTP/1.1" 301 382 "http://xn----7sbbagbq7bd5aheftfllo4m.xn--p1ai/" "Mozilla/4.0 (compatible; MSIE 6.0; Windows NT 5.1; FREE; .NET CLR 1.1.4322)"
37.115.186.195 - - [02/Apr/2017:16:03:04 +0200] "GET / HTTP/1.1" 301 382 "http://xn------7cdbapdecfd4ak1bn0amjffj7afu3y.xn--p1ai/" "Mozilla/4.0 (compatible; MSIE 6.0; Windows NT 5.1; FREE; .NET CLR 1.1.4322)"
37.115.186.195 - - [02/Apr/2017:16:03:05 +0200] "GET / HTTP/1.1" 301 382 "http://xn----7sbbagbq7bd5aheftfllo4m.xn--p1ai/" "Mozilla/4.0 (compatible; MSIE 6.0; Windows NT 5.1; FREE; .NET CLR 1.1.4322)"
37.115.186.195 - - [02/Apr/2017:16:03:07 +0200] "GET / HTTP/1.1" 301 382 "http://xn------7cdbapdecfd4ak1bn0amjffj7afu3y.xn--p1ai/" "Mozilla/4.0 (compatible; MSIE 6.0; Windows NT 5.1; FREE; .NET CLR 1.1.4322)"
85.25.202.18 - - [02/Apr/2017:16:44:58 +0200] "GET / HTTP/1.0" 301 365 "-" "-"
46.118.122.226 - - [02/Apr/2017:19:18:06 +0200] "GET / HTTP/1.1" 301 382 "http://nalogovyy-kodeks.ru/" "Mozilla/4.0 (compatible; MSIE 5.5; Windows NT 5.0)"
46.118.115.43 - - [02/Apr/2017:19:43:17 +0200] "GET / HTTP/1.1" 301 382 "http://time-japan.ru/" "Opera/9.00 (Windows NT 4.0; U; en)"
46.118.115.43 - - [02/Apr/2017:19:43:18 +0200] "GET / HTTP/1.1" 301 382 "http://time-japan.ru/" "Opera/9.00 (Windows NT 4.0; U; en)"
46.118.115.43 - - [02/Apr/2017:19:43:19 +0200] "GET / HTTP/1.1" 301 382 "http://www.arenda-yeisk.ru/" "Opera/9.00 (Windows NT 4.0; U; en)"
207.46.13.125 - - [02/Apr/2017:20:15:41 +0200] "GET / HTTP/1.1" 301 365 "-" "Mozilla/5.0 (compatible; bingbot/2.0; +http://www.bing.com/bingbot.htm)"
208.43.225.84 - - [02/Apr/2017:22:04:29 +0200] "GET /robots.txt HTTP/1.1" 301 375 "-" "Mozilla/5.0 (compatible; SiteExplorer/1.1b; +http://siteexplorer.info/Backlink-Checker-Spider/)"
208.43.225.84 - - [02/Apr/2017:22:04:30 +0200] "GET / HTTP/1.1" 301 365 "-" "Mozilla/5.0 (compatible; SiteExplorer/1.1b; +http://siteexplorer.info/Backlink-Checker-Spider/)"
68.180.228.165 - - [03/Apr/2017:00:42:22 +0200] "GET /robots.txt HTTP/1.1" 301 392 "-" "Mozilla/5.0 (compatible; Yahoo! Slurp; http://help.yahoo.com/help/us/ysearch/slurp)"
207.46.13.65 - - [03/Apr/2017:01:11:59 +0200] "GET /robots.txt HTTP/1.1" 301 375 "-" "Mozilla/5.0 (compatible; bingbot/2.0; +http://www.bing.com/bingbot.htm)"
207.46.13.125 - - [03/Apr/2017:01:12:21 +0200] "GET / HTTP/1.1" 301 365 "-" "Mozilla/5.0 (iPhone; CPU iPhone OS 7_0 like Mac OS X) AppleWebKit/537.51.1 (KHTML, like Gecko) Version/7.0 Mobile/11A465 Safari/9537.53 (compatible; bingbot/2.0; +http://www.bing.com/bingbot.htm)"
37.115.186.195 - - [03/Apr/2017:01:36:14 +0200] "GET / HTTP/1.1" 301 382 "https://balkanfarma.org/" "Mozilla/4.0 (compatible; MSIE 6.0; Windows NT 5.1; .NET CLR 1.0.3705)"
37.187.56.47 - - [03/Apr/2017:01:43:50 +0200] "GET /robots.txt HTTP/1.0" 301 386 "-" ""
207.46.13.125 - - [03/Apr/2017:01:52:11 +0200] "GET / HTTP/1.1" 301 365 "-" "Mozilla/5.0 (iPhone; CPU iPhone OS 7_0 like Mac OS X) AppleWebKit/537.51.1 (KHTML, like Gecko) Version/7.0 Mobile/11A465 Safari/9537.53 (compatible; bingbot/2.0; +http://www.bing.com/bingbot.htm)"
207.46.13.125 - - [03/Apr/2017:02:08:07 +0200] "GET / HTTP/1.1" 301 365 "-" "Mozilla/5.0 (iPhone; CPU iPhone OS 7_0 like Mac OS X) AppleWebKit/537.51.1 (KHTML, like Gecko) Version/7.0 Mobile/11A465 Safari/9537.53 (compatible; bingbot/2.0; +http://www.bing.com/bingbot.htm)"
207.46.13.125 - - [03/Apr/2017:02:24:10 +0200] "GET / HTTP/1.1" 301 365 "-" "Mozilla/5.0 (iPhone; CPU iPhone OS 7_0 like Mac OS X) AppleWebKit/537.51.1 (KHTML, like Gecko) Version/7.0 Mobile/11A465 Safari/9537.53 (compatible; bingbot/2.0; +http://www.bing.com/bingbot.htm)"
207.46.13.125 - - [03/Apr/2017:02:38:35 +0200] "GET / HTTP/1.1" 301 365 "-" "Mozilla/5.0 (iPhone; CPU iPhone OS 7_0 like Mac OS X) AppleWebKit/537.51.1 (KHTML, like Gecko) Version/7.0 Mobile/11A465 Safari/9537.53 (compatible; bingbot/2.0; +http://www.bing.com/bingbot.htm)"
207.46.13.125 - - [03/Apr/2017:02:51:33 +0200] "GET / HTTP/1.1" 301 365 "-" "Mozilla/5.0 (iPhone; CPU iPhone OS 7_0 like Mac OS X) AppleWebKit/537.51.1 (KHTML, like Gecko) Version/7.0 Mobile/11A465 Safari/9537.53 (compatible; bingbot/2.0; +http://www.bing.com/bingbot.htm)"
207.46.13.125 - - [03/Apr/2017:03:07:35 +0200] "GET / HTTP/1.1" 301 365 "-" "Mozilla/5.0 (iPhone; CPU iPhone OS 7_0 like Mac OS X) AppleWebKit/537.51.1 (KHTML, like Gecko) Version/7.0 Mobile/11A465 Safari/9537.53 (compatible; bingbot/2.0; +http://www.bing.com/bingbot.htm)"
5.255.251.7 - - [03/Apr/2017:03:47:48 +0200] "GET /robots.txt HTTP/1.1" 301 375 "-" "Mozilla/5.0 (compatible; YandexBot/3.0; +http://yandex.com/bots)"
5.255.251.7 - - [03/Apr/2017:03:47:52 +0200] "GET / HTTP/1.1" 301 365 "-" "Mozilla/5.0 (compatible; YandexBot/3.0; +http://yandex.com/bots)"
5.255.251.2 - - [03/Apr/2017:03:47:56 +0200] "GET /text/11020402_0000.htm HTTP/1.1" 301 387 "-" "Mozilla/5.0 (compatible; YandexBot/3.0; +http://yandex.com/bots)"
46.118.115.43 - - [03/Apr/2017:06:29:10 +0200] "GET / HTTP/1.1" 301 382 "http://voloomoney.com/" "Opera/7.60 (Windows NT 5.2; U) [en] (IBM EVV/3.0/EAK01AG9/LE)"
5.255.251.7 - - [03/Apr/2017:08:14:52 +0200] "GET /robots.txt HTTP/1.1" 301 392 "-" "Mozilla/5.0 (compatible; YandexBot/3.0; +http://yandex.com/bots)"
5.255.251.7 - - [03/Apr/2017:08:14:55 +0200] "GET / HTTP/1.1" 301 382 "-" "Mozilla/5.0 (compatible; YandexBot/3.0; +http://yandex.com/bots)"
37.115.191.53 - - [03/Apr/2017:08:35:32 +0200] "GET / HTTP/1.1" 301 382 "http://www.ic-tuebingen.de/" "Mozilla/4.0 (compatible; MSIE 6.0; Windows NT 5.1)"
37.115.191.53 - - [03/Apr/2017:08:35:32 +0200] "GET / HTTP/1.1" 301 382 "http://www.ic-tuebingen.de/" "Mozilla/4.0 (compatible; MSIE 6.0; Windows NT 5.1)"
37.115.186.195 - - [03/Apr/2017:09:28:40 +0200] "GET / HTTP/1.1" 301 382 "http://oballergiya.ru/" "Mozilla/4.0 (compatible; MSIE 6.0; Windows NT 5.1; en) Opera 9.0"
66.249.69.153 - - [03/Apr/2017:11:36:15 +0200] "GET /robots.txt HTTP/1.1" 301 375 "-" "Mozilla/5.0 (compatible; Googlebot/2.1; +http://www.google.com/bot.html)"
66.249.69.156 - - [03/Apr/2017:11:36:15 +0200] "GET /text/11030600_0000.htm HTTP/1.1" 301 387 "-" "Mozilla/5.0 (compatible; Googlebot/2.1; +http://www.google.com/bot.html)"
68.180.228.165 - - [03/Apr/2017:11:48:36 +0200] "GET /robots.txt HTTP/1.1" 301 392 "-" "Mozilla/5.0 (compatible; Yahoo! Slurp; http://help.yahoo.com/help/us/ysearch/slurp)"
68.180.228.165 - - [03/Apr/2017:11:48:37 +0200] "GET / HTTP/1.1" 301 382 "-" "Mozilla/5.0 (compatible; Yahoo! Slurp; http://help.yahoo.com/help/us/ysearch/slurp)"
207.46.13.98 - - [03/Apr/2017:12:06:53 +0200] "GET / HTTP/1.1" 301 365 "-" "Mozilla/5.0 (compatible; bingbot/2.0; +http://www.bing.com/bingbot.htm)"
5.255.251.7 - - [03/Apr/2017:13:58:52 +0200] "GET /robots.txt HTTP/1.1" 301 392 "-" "Mozilla/5.0 (compatible; YandexBot/3.0; +http://yandex.com/bots)"
37.115.191.53 - - [03/Apr/2017:16:09:19 +0200] "GET / HTTP/1.1" 301 382 "http://krasnodar.dengi-pod-zalog-nedvizhimosti.ru/" "Mozilla/4.0 (compatible; MSIE 5.5; Windows NT 4.0)"
37.115.191.53 - - [03/Apr/2017:16:09:20 +0200] "GET / HTTP/1.1" 301 382 "http://krasnodar.dengi-pod-zalog-nedvizhimosti.ru/" "Mozilla/4.0 (compatible; MSIE 5.5; Windows NT 4.0)"
199.58.86.206 - - [03/Apr/2017:18:04:45 +0200] "GET /robots.txt HTTP/1.1" 301 375 "-" "Mozilla/5.0 (compatible; MJ12bot/v1.4.8; http://mj12bot.com/)"
199.58.86.206 - - [03/Apr/2017:18:04:55 +0200] "GET / HTTP/1.0" 301 365 "-" "Mozilla/5.0 (compatible; MJ12bot/v1.4.8; http://mj12bot.com/)"
5.255.251.7 - - [03/Apr/2017:20:39:35 +0200] "GET /robots.txt HTTP/1.1" 301 375 "-" "Mozilla/5.0 (compatible; YandexBot/3.0; +http://yandex.com/bots)"
5.255.251.7 - - [03/Apr/2017:20:39:39 +0200] "GET /text/10000000_0000.htm HTTP/1.1" 301 387 "-" "Mozilla/5.0 (compatible; YandexBot/3.0; +http://yandex.com/bots)"
37.115.191.53 - - [04/Apr/2017:00:57:22 +0200] "GET / HTTP/1.1" 301 382 "http://zajm-zalog-krasnodar.ru/" "Opera/7.60 (Windows NT 5.2; U) [en] (IBM EVV/3.0/EAK01AG9/LE)"
37.115.191.53 - - [04/Apr/2017:00:57:23 +0200] "GET / HTTP/1.1" 301 382 "http://zajm-zalog-krasnodar.ru/" "Opera/7.60 (Windows NT 5.2; U) [en] (IBM EVV/3.0/EAK01AG9/LE)"
46.118.115.43 - - [04/Apr/2017:01:58:35 +0200] "GET / HTTP/1.1" 301 382 "https://greendream.com.ua/" "Mozilla/4.0 (compatible; MSIE 5.5; Windows 95; BCD2000)"
46.118.115.43 - - [04/Apr/2017:01:58:36 +0200] "GET / HTTP/1.1" 301 382 "https://greendream.com.ua/" "Mozilla/4.0 (compatible; MSIE 5.5; Windows 95; BCD2000)"
46.118.122.226 - - [04/Apr/2017:02:10:05 +0200] "GET / HTTP/1.1" 301 382 "http://avon-ukraine.com/" "Mozilla/4.0 (compatible; MSIE 6.0; Windows NT 5.1; en) Opera 8.00"
46.118.122.226 - - [04/Apr/2017:02:10:06 +0200] "GET / HTTP/1.1" 301 382 "http://avon-ukraine.com/" "Mozilla/4.0 (compatible; MSIE 6.0; Windows NT 5.1; en) Opera 8.00"
46.229.164.100 - - [04/Apr/2017:02:50:39 +0200] "GET /robots.txt HTTP/1.1" 301 375 "-" "Mozilla/5.0 (compatible; SemrushBot/1.2~bl; +http://www.semrush.com/bot.html)"
46.118.122.226 - - [04/Apr/2017:05:03:19 +0200] "GET / HTTP/1.1" 301 382 "http://remontbiz.ru/" "Opera/7.54 (Windows NT 5.1; U) [pl]"
46.118.122.226 - - [04/Apr/2017:05:03:19 +0200] "GET / HTTP/1.1" 301 382 "http://produkto.net/" "Mozilla/4.0 (compatible; MSIE 6.0; Windows NT 5.1; en) Opera 8.00"
46.118.122.226 - - [04/Apr/2017:05:03:20 +0200] "GET / HTTP/1.1" 301 382 "http://produkto.net/" "Mozilla/4.0 (compatible; MSIE 6.0; Windows NT 5.1; en) Opera 8.00"
46.118.122.226 - - [04/Apr/2017:05:03:20 +0200] "GET / HTTP/1.1" 301 382 "http://remontbiz.ru/" "Opera/7.54 (Windows NT 5.1; U) [pl]"
46.118.122.226 - - [04/Apr/2017:05:03:20 +0200] "GET / HTTP/1.1" 301 382 "http://produkto.net/" "Mozilla/4.0 (compatible; MSIE 6.0; Windows NT 5.1; en) Opera 8.00"
46.118.122.226 - - [04/Apr/2017:05:03:20 +0200] "GET / HTTP/1.1" 301 382 "http://remontbiz.ru/" "Opera/7.54 (Windows NT 5.1; U) [pl]"
176.8.251.60 - - [04/Apr/2017:05:52:48 +0200] "GET / HTTP/1.1" 301 382 "https://2dm.prohoster.info/domain-registration/index.php" "Mozilla/4.0 (compatible; MSIE 6.0; Windows XP)"
176.8.251.60 - - [04/Apr/2017:05:52:48 +0200] "GET / HTTP/1.1" 301 382 "https://2dm.prohoster.info/domain-registration/index.php" "Mozilla/4.0 (compatible; MSIE 6.0; Windows XP)"
176.8.251.60 - - [04/Apr/2017:05:52:48 +0200] "GET / HTTP/1.1" 301 382 "https://2dm.prohoster.info/domain-registration/index.php" "Mozilla/4.0 (compatible; MSIE 6.0; Windows XP)"
5.35.249.36 - - [04/Apr/2017:06:04:44 +0200] "GET /robots.txt HTTP/1.1" 301 386 "-" "Apache-HttpClient/4.5.2 (Java/1.8.0_121)"
37.115.191.53 - - [04/Apr/2017:07:29:23 +0200] "GET / HTTP/1.1" 301 382 "http://oconto.ru/" "Opera/7.11 (Windows NT 5.1; U) [en]"
37.115.191.53 - - [04/Apr/2017:07:29:24 +0200] "GET / HTTP/1.1" 301 382 "http://oconto.ru/" "Opera/7.11 (Windows NT 5.1; U) [en]"
84.119.216.197 - - [04/Apr/2017:08:49:20 +0200] "GET / HTTP/1.1" 301 384 "-" "Mozilla/5.0 (iPhone; CPU iPhone OS 10_2_1 like Mac OS X) AppleWebKit/602.4.6 (KHTML, like Gecko) Version/10.0 Mobile/14D27 Safari/602.1"
62.138.0.25 - - [04/Apr/2017:09:35:48 +0200] "GET /robots.txt HTTP/1.1" 301 375 "-" "Mozilla/5.0 (compatible; seoscanners.net/1; +spider@seoscanners.net)"
62.138.0.25 - - [04/Apr/2017:09:35:49 +0200] "GET / HTTP/1.1" 301 365 "-" "Mozilla/5.0 (compatible; seoscanners.net/1; +spider@seoscanners.net)"
5.35.249.36 - - [04/Apr/2017:17:59:33 +0200] "GET /robots.txt HTTP/1.1" 301 392 "-" "Apache-HttpClient/4.5.2 (Java/1.8.0_121)"
157.55.39.68 - - [04/Apr/2017:18:09:02 +0200] "GET /robots.txt HTTP/1.1" 301 392 "-" "Mozilla/5.0 (compatible; bingbot/2.0; +http://www.bing.com/bingbot.htm)"
157.55.39.68 - - [04/Apr/2017:18:11:48 +0200] "GET /robots.txt HTTP/1.1" 301 392 "-" "Mozilla/5.0 (compatible; bingbot/2.0; +http://www.bing.com/bingbot.htm)"
157.55.39.68 - - [04/Apr/2017:18:12:55 +0200] "GET /robots.txt HTTP/1.1" 301 392 "-" "Mozilla/5.0 (compatible; bingbot/2.0; +http://www.bing.com/bingbot.htm)"
157.55.39.153 - - [04/Apr/2017:18:13:39 +0200] "GET / HTTP/1.1" 301 382 "-" "Mozilla/5.0 (compatible; bingbot/2.0; +http://www.bing.com/bingbot.htm)"
40.77.167.123 - - [04/Apr/2017:19:08:24 +0200] "GET / HTTP/1.1" 301 365 "-" "Mozilla/5.0 (iPhone; CPU iPhone OS 7_0 like Mac OS X) AppleWebKit/537.51.1 (KHTML, like Gecko) Version/7.0 Mobile/11A465 Safari/9537.53 (compatible; bingbot/2.0; +http://www.bing.com/bingbot.htm)"
40.77.167.123 - - [04/Apr/2017:19:15:55 +0200] "GET / HTTP/1.1" 301 365 "-" "Mozilla/5.0 (compatible; bingbot/2.0; +http://www.bing.com/bingbot.htm)"
104.236.77.96 - - [04/Apr/2017:20:32:35 +0200] "GET /robots.txt HTTP/1.1" 301 375 "-" "Mozilla/5.0 (compatible; spbot/5.0.3; +http://OpenLinkProfiler.org/bot )"
46.118.122.226 - - [04/Apr/2017:20:53:37 +0200] "GET / HTTP/1.1" 301 382 "http://sexreliz.com/" "Mozilla/4.0 (compatible; MSIE 6.0; Windows NT 5.2; SV1; .NET CLR 1.1.4322; .NET CLR 2.0.50727)"
46.118.122.226 - - [04/Apr/2017:20:53:38 +0200] "GET / HTTP/1.1" 301 382 "http://sexreliz.com/" "Mozilla/4.0 (compatible; MSIE 6.0; Windows NT 5.2; SV1; .NET CLR 1.1.4322; .NET CLR 2.0.50727)"
130.211.102.243 - - [04/Apr/2017:22:06:29 +0200] "GET / HTTP/1.1" 301 382 "-" "-"
157.55.39.153 - - [04/Apr/2017:22:31:07 +0200] "GET / HTTP/1.1" 301 382 "-" "Mozilla/5.0 (compatible; bingbot/2.0; +http://www.bing.com/bingbot.htm)"
138.201.59.34 - - [04/Apr/2017:23:08:09 +0200] "GET /robots.txt HTTP/1.0" 301 375 "-" "Mozilla/5.0 (compatible; SEOkicks-Robot; +http://www.seokicks.de/robot.html)"
138.201.59.34 - - [04/Apr/2017:23:08:11 +0200] "GET / HTTP/1.0" 301 365 "-" "Mozilla/5.0 (compatible; SEOkicks-Robot; +http://www.seokicks.de/robot.html)"
46.118.115.43 - - [04/Apr/2017:23:09:22 +0200] "GET / HTTP/1.1" 301 382 "http://good-mummy.ru/" "Mozilla/4.0 (compatible; MSIE 6.0; Windows NT 5.1; ru) Opera 8.01"
46.118.115.43 - - [04/Apr/2017:23:09:22 +0200] "GET / HTTP/1.1" 301 382 "http://good-mummy.ru/" "Mozilla/4.0 (compatible; MSIE 6.0; Windows NT 5.1; ru) Opera 8.01"
46.118.115.43 - - [04/Apr/2017:23:09:23 +0200] "GET / HTTP/1.1" 301 382 "http://good-mummy.ru/" "Mozilla/4.0 (compatible; MSIE 6.0; Windows NT 5.1; ru) Opera 8.01"
37.115.186.195 - - [04/Apr/2017:23:48:06 +0200] "GET / HTTP/1.1" 301 382 "http://nagdak.ru/" "Mozilla/4.0 (compatible; MSIE 6.0; Windows NT 5.1; MRA 4.6 (build 01425))"
37.115.186.195 - - [04/Apr/2017:23:58:29 +0200] "GET / HTTP/1.1" 301 382 "https://balkanfarma.org/" "Mozilla/4.0 (compatible; MSIE 6.0; Windows NT 5.1)"
37.115.186.195 - - [04/Apr/2017:23:58:30 +0200] "GET / HTTP/1.1" 301 382 "https://balkanfarma.org/" "Mozilla/4.0 (compatible; MSIE 6.0; Windows NT 5.1)"
37.115.186.195 - - [04/Apr/2017:23:58:31 +0200] "GET / HTTP/1.1" 301 382 "https://balkanfarma.org/" "Mozilla/4.0 (compatible; MSIE 6.0; Windows NT 5.1)"
200.109.60.251 - - [05/Apr/2017:01:14:47 +0200] "GET / HTTP/1.1" 301 365 "http://www.sibt.de" "Mozilla/5.0 (Windows NT 6.3; WOW64; rv:50.0) Gecko/20100101 Firefox/50.0"
91.121.79.180 - - [05/Apr/2017:01:36:02 +0200] "GET /robots.txt HTTP/1.0" 301 375 "-" ""
136.243.36.93 - - [05/Apr/2017:01:49:06 +0200] "GET /text/11030600_0000.htm HTTP/1.1" 301 387 "-" "Mozilla/5.0 (compatible; BLEXBot/1.0; +http://webmeup-crawler.com/)"
5.255.251.7 - - [05/Apr/2017:02:39:52 +0200] "GET /robots.txt HTTP/1.1" 301 375 "-" "Mozilla/5.0 (compatible; YandexBot/3.0; +http://yandex.com/bots)"
5.255.251.7 - - [05/Apr/2017:02:39:56 +0200] "GET /text/11020402_0000.htm HTTP/1.1" 301 387 "-" "Mozilla/5.0 (compatible; YandexBot/3.0; +http://yandex.com/bots)"
5.255.251.2 - - [05/Apr/2017:02:40:00 +0200] "GET / HTTP/1.1" 301 365 "-" "Mozilla/5.0 (compatible; YandexBot/3.0; +http://yandex.com/bots)"
37.115.191.53 - - [05/Apr/2017:03:55:55 +0200] "GET / HTTP/1.1" 301 382 "http://evrotekhservis.ru/" "Mozilla/4.0 (compatible; MSIE 6.0; Windows NT 5.1; ru) Opera 8.50"
37.115.191.53 - - [05/Apr/2017:03:55:55 +0200] "GET / HTTP/1.1" 301 382 "http://evrotekhservis.ru/" "Mozilla/4.0 (compatible; MSIE 6.0; Windows NT 5.1; ru) Opera 8.50"
37.115.191.53 - - [05/Apr/2017:03:55:56 +0200] "GET / HTTP/1.1" 301 382 "http://evrotekhservis.ru/" "Mozilla/4.0 (compatible; MSIE 6.0; Windows NT 5.1; ru) Opera 8.50"
5.35.249.36 - - [05/Apr/2017:04:41:10 +0200] "GET /robots.txt HTTP/1.1" 301 384 "-" "Apache-HttpClient/4.5.2 (Java/1.8.0_121)"
190.9.58.173 - - [05/Apr/2017:05:40:05 +0200] "GET / HTTP/1.1" 301 374 "http://www.sgtbayernnord.de" "Mozilla/5.0 (Windows NT 6.3; WOW64; rv:50.0) Gecko/20100101 Firefox/50.0"
37.115.186.195 - - [05/Apr/2017:07:07:37 +0200] "GET / HTTP/1.1" 301 382 "https://digital-sale.su/" "Mozilla/4.0 (compatible; Powermarks/3.5; Windows 95/98/2000/NT)"
37.115.186.195 - - [05/Apr/2017:07:07:38 +0200] "GET / HTTP/1.1" 301 382 "https://digital-sale.su/" "Mozilla/4.0 (compatible; Powermarks/3.5; Windows 95/98/2000/NT)"
37.115.186.195 - - [05/Apr/2017:07:07:39 +0200] "GET / HTTP/1.1" 301 382 "https://digital-sale.su/" "Mozilla/4.0 (compatible; Powermarks/3.5; Windows 95/98/2000/NT)"
68.180.228.220 - - [05/Apr/2017:09:24:27 +0200] "GET /robots.txt HTTP/1.1" 301 375 "-" "Mozilla/5.0 (compatible; Yahoo! Slurp; http://help.yahoo.com/help/us/ysearch/slurp)"
68.180.228.220 - - [05/Apr/2017:09:24:28 +0200] "GET / HTTP/1.1" 301 365 "-" "Mozilla/5.0 (compatible; Yahoo! Slurp; http://help.yahoo.com/help/us/ysearch/slurp)"
5.35.249.36 - - [05/Apr/2017:09:32:20 +0200] "GET /robots.txt HTTP/1.1" 301 389 "-" "Apache-HttpClient/4.5.2 (Java/1.8.0_121)"
46.118.115.43 - - [05/Apr/2017:09:42:07 +0200] "GET / HTTP/1.1" 301 382 "http://dengi-pod-zalog-pts-avto.ru/" "Mozilla/4.0 (compatible; MSIE 5.5; Windows NT 5.0; .NET CLR 1.1.4322)"
37.115.191.53 - - [05/Apr/2017:11:07:37 +0200] "GET / HTTP/1.1" 301 382 "http://krasnodar.dengi-pod-zalog-nedvizhimosti.ru/" "Mozilla/4.0 (compatible; MSIE 6.0; Windows NT 5.0; T312461)"
37.115.191.53 - - [05/Apr/2017:11:07:38 +0200] "GET / HTTP/1.1" 301 382 "http://krasnodar.dengi-pod-zalog-nedvizhimosti.ru/" "Mozilla/4.0 (compatible; MSIE 6.0; Windows NT 5.0; T312461)"
5.35.249.36 - - [05/Apr/2017:15:52:16 +0200] "GET /robots.txt HTTP/1.1" 301 375 "-" "Apache-HttpClient/4.5.2 (Java/1.8.0_121)"
37.115.186.195 - - [05/Apr/2017:15:56:53 +0200] "GET / HTTP/1.1" 301 382 "http://bad-stars.net/" "Mozilla/4.0 (compatible; Powermarks/3.5; Windows 95/98/2000/NT)"
37.115.186.195 - - [05/Apr/2017:15:56:54 +0200] "GET / HTTP/1.1" 301 382 "http://bad-stars.net/" "Mozilla/4.0 (compatible; Powermarks/3.5; Windows 95/98/2000/NT)"
37.115.186.195 - - [05/Apr/2017:15:56:56 +0200] "GET / HTTP/1.1" 301 382 "http://bad-stars.net/" "Mozilla/4.0 (compatible; Powermarks/3.5; Windows 95/98/2000/NT)"
62.235.190.225 - - [05/Apr/2017:18:50:15 +0200] "GET / HTTP/1.1" 301 365 "-" "Java/1.8.0_111"
46.118.115.43 - - [05/Apr/2017:19:26:29 +0200] "GET / HTTP/1.1" 301 382 "https://creditmoney.com.ua/" "Opera/9.00 (Windows NT 5.1; U; en)"
46.118.115.43 - - [05/Apr/2017:19:26:29 +0200] "GET / HTTP/1.1" 301 382 "https://creditmoney.com.ua/" "Opera/9.00 (Windows NT 5.1; U; en)"
37.115.191.53 - - [05/Apr/2017:20:15:03 +0200] "GET / HTTP/1.1" 301 382 "http://xn--80aagddcgkbcqbad7amllnejg6dya.xn--p1ai/" "Mozilla/1.22 (compatible; MSIE 2.0d; Windows NT)"
37.115.191.53 - - [05/Apr/2017:20:15:04 +0200] "GET / HTTP/1.1" 301 382 "http://xn--80aagddcgkbcqbad7amllnejg6dya.xn--p1ai/" "Mozilla/1.22 (compatible; MSIE 2.0d; Windows NT)"
207.46.13.201 - - [05/Apr/2017:21:20:44 +0200] "GET /robots.txt HTTP/1.1" 301 375 "-" "Mozilla/5.0 (compatible; bingbot/2.0; +http://www.bing.com/bingbot.htm)"
207.46.13.193 - - [05/Apr/2017:21:22:17 +0200] "GET / HTTP/1.1" 301 365 "-" "Mozilla/5.0 (compatible; bingbot/2.0; +http://www.bing.com/bingbot.htm)"
80.242.34.105 - - [05/Apr/2017:23:55:57 +0200] "GET / HTTP/1.1" 301 365 "-" "Mozilla/5.0 (Windows NT 6.1; rv:25.0) Gecko/20100101 Firefox/25.0"
5.248.196.222 - - [06/Apr/2017:01:29:53 +0200] "GET / HTTP/1.1" 301 382 "https://2dm.prohoster.info/domain-registration/domain-whois-lookup.php" "Mozilla/4.0 (compatible; MSIE 6.0; Windows XP)"
5.248.196.222 - - [06/Apr/2017:01:29:53 +0200] "GET / HTTP/1.1" 301 382 "https://2dm.prohoster.info/domain-registration/domain-whois-lookup.php" "Mozilla/4.0 (compatible; MSIE 6.0; Windows XP)"
5.248.196.222 - - [06/Apr/2017:01:29:54 +0200] "GET / HTTP/1.1" 301 382 "https://2dm.prohoster.info/domain-registration/domain-whois-lookup.php" "Mozilla/4.0 (compatible; MSIE 6.0; Windows XP)"
5.255.251.7 - - [06/Apr/2017:02:48:37 +0200] "GET /robots.txt HTTP/1.1" 301 375 "-" "Mozilla/5.0 (compatible; YandexBot/3.0; +http://yandex.com/bots)"
5.255.251.7 - - [06/Apr/2017:02:48:41 +0200] "GET /text/11020402_0000.htm HTTP/1.1" 301 387 "-" "Mozilla/5.0 (compatible; YandexBot/3.0; +http://yandex.com/bots)"
46.118.122.226 - - [06/Apr/2017:03:04:34 +0200] "GET / HTTP/1.1" 301 382 "http://avon-ukraine.com/" "Mozilla/4.0 (compatible; MSIE 6.0; Windows NT 5.2; Win64; x64; SV1; .NET CLR 2.0.50727)"
46.118.115.43 - - [06/Apr/2017:04:12:50 +0200] "GET / HTTP/1.1" 301 382 "https://greendream.com.ua/" "Mozilla/4.0 (compatible; MSIE 6.0; Windows NT 5.1; SV1)"
46.118.115.43 - - [06/Apr/2017:04:12:51 +0200] "GET / HTTP/1.1" 301 382 "https://greendream.com.ua/" "Mozilla/4.0 (compatible; MSIE 6.0; Windows NT 5.1; SV1)"
46.118.115.43 - - [06/Apr/2017:04:12:51 +0200] "GET / HTTP/1.1" 301 382 "https://greendream.com.ua/" "Mozilla/4.0 (compatible; MSIE 6.0; Windows NT 5.1; SV1)"
176.9.74.141 - - [06/Apr/2017:04:43:42 +0200] "GET / HTTP/1.1" 301 376 "http://www.algorex-partner.de" "Mozilla/5.0 (Windows NT 6.3; rv:36.0) Gecko/20100101 Firefox/36.0"
37.115.191.53 - - [06/Apr/2017:04:44:02 +0200] "GET / HTTP/1.1" 301 382 "http://kinoplen.ru/" "Mozilla/4.0 (compatible; MSIE 6.0; Windows NT 5.1; SV1; FunWebProducts; MRA 4.6 (build 01425); .NET CLR 1.1.4322; .NET CLR 2.0.50727)"
37.115.191.53 - - [06/Apr/2017:04:44:02 +0200] "GET / HTTP/1.1" 301 382 "http://kinoplen.ru/" "Mozilla/4.0 (compatible; MSIE 6.0; Windows NT 5.1; SV1; FunWebProducts; MRA 4.6 (build 01425); .NET CLR 1.1.4322; .NET CLR 2.0.50727)"
37.115.191.53 - - [06/Apr/2017:04:44:02 +0200] "GET / HTTP/1.1" 301 382 "http://kinoplen.ru/" "Mozilla/4.0 (compatible; MSIE 6.0; Windows NT 5.1; SV1; FunWebProducts; MRA 4.6 (build 01425); .NET CLR 1.1.4322; .NET CLR 2.0.50727)"
5.255.251.2 - - [06/Apr/2017:05:25:44 +0200] "GET / HTTP/1.1" 301 365 "-" "Mozilla/5.0 (compatible; YandexBot/3.0; +http://yandex.com/bots)"
82.80.230.228 - - [06/Apr/2017:05:32:20 +0200] "GET / HTTP/1.1" 301 374 "-" "Mozilla/5.0 (compatible; MSIE 9.0; Windows NT 6.1; WOW64; Trident/5.0) AppleWebKit/537.22 (KHTML, like Gecko) Chrome/25.0.1364.172 Safari/537.22"
46.118.122.226 - - [06/Apr/2017:07:59:26 +0200] "GET / HTTP/1.1" 301 382 "http://intimshop-fantasy.ru/" "Mozilla/4.61 [en] (X11; U; ) - BrowseX (2.0.0 Windows)"
46.118.122.226 - - [06/Apr/2017:07:59:26 +0200] "GET / HTTP/1.1" 301 382 "http://intimshop-fantasy.ru/" "Mozilla/4.61 [en] (X11; U; ) - BrowseX (2.0.0 Windows)"
46.118.122.226 - - [06/Apr/2017:07:59:27 +0200] "GET / HTTP/1.1" 301 382 "http://produkto.net/" "Mozilla/4.61 [en] (X11; U; ) - BrowseX (2.0.0 Windows)"
46.118.122.226 - - [06/Apr/2017:07:59:28 +0200] "GET / HTTP/1.1" 301 382 "http://produkto.net/" "Mozilla/4.61 [en] (X11; U; ) - BrowseX (2.0.0 Windows)"
157.55.39.24 - - [06/Apr/2017:10:43:41 +0200] "GET /robots.txt HTTP/1.1" 301 384 "-" "Mozilla/5.0 (compatible; bingbot/2.0; +http://www.bing.com/bingbot.htm)"
157.55.39.24 - - [06/Apr/2017:10:45:14 +0200] "GET /robots.txt HTTP/1.1" 301 384 "-" "Mozilla/5.0 (compatible; bingbot/2.0; +http://www.bing.com/bingbot.htm)"
157.55.39.24 - - [06/Apr/2017:10:46:46 +0200] "GET /robots.txt HTTP/1.1" 301 384 "-" "Mozilla/5.0 (compatible; bingbot/2.0; +http://www.bing.com/bingbot.htm)"
207.46.13.171 - - [06/Apr/2017:10:46:47 +0200] "GET / HTTP/1.1" 301 374 "-" "Mozilla/5.0 (compatible; bingbot/2.0; +http://www.bing.com/bingbot.htm)"
40.77.167.64 - - [06/Apr/2017:11:37:55 +0200] "GET / HTTP/1.1" 301 365 "-" "Mozilla/5.0 (compatible; bingbot/2.0; +http://www.bing.com/bingbot.htm)"
109.47.2.63 - - [06/Apr/2017:14:56:41 +0200] "GET / HTTP/1.1" 301 365 "-" "Mozilla/5.0 (iPad; CPU OS 10_2_1 like Mac OS X) AppleWebKit/602.4.6 (KHTML, like Gecko) Version/10.0 Mobile/14D27 Safari/602.1"
40.77.167.64 - - [06/Apr/2017:18:04:22 +0200] "GET / HTTP/1.1" 301 365 "-" "Mozilla/5.0 (iPhone; CPU iPhone OS 7_0 like Mac OS X) AppleWebKit/537.51.1 (KHTML, like Gecko) Version/7.0 Mobile/11A465 Safari/9537.53 (compatible; bingbot/2.0; +http://www.bing.com/bingbot.htm)"
134.119.213.82 - - [06/Apr/2017:20:21:20 +0200] "GET / HTTP/1.1" 301 365 "http://www.sibt.de" "Mozilla/5.0 (Windows NT 6.1; WOW64) AppleWebKit/537.36 (KHTML, like Gecko) Chrome/52.0.2743.116 Safari/537.36"
5.35.249.36 - - [06/Apr/2017:22:32:20 +0200] "GET /robots.txt HTTP/1.1" 301 394 "-" "Apache-HttpClient/4.5.2 (Java/1.8.0_121)"
81.36.173.249 - - [06/Apr/2017:22:37:26 +0200] "GET / HTTP/1.1" 301 365 "-" "Java/1.8.0_51"
136.243.36.93 - - [07/Apr/2017:00:24:27 +0200] "GET /robots.txt HTTP/1.1" 301 375 "-" "Mozilla/5.0 (compatible; BLEXBot/1.0; +http://webmeup-crawler.com/)"
136.243.36.93 - - [07/Apr/2017:00:24:33 +0200] "GET /sitemap.xml HTTP/1.1" 301 376 "-" "Mozilla/5.0 (compatible; BLEXBot/1.0; +http://webmeup-crawler.com/)"
128.199.196.162 - - [07/Apr/2017:02:34:28 +0200] "GET / HTTP/1.1" 301 365 "http://www.sibt.de" "Mozilla/5.0 (Windows NT 6.3; WOW64; rv:50.0) Gecko/20100101 Firefox/50.0"
5.35.249.36 - - [07/Apr/2017:05:00:10 +0200] "GET /robots.txt HTTP/1.1" 301 377 "-" "Apache-HttpClient/4.5.2 (Java/1.8.0_121)"
134.119.213.82 - - [07/Apr/2017:05:28:50 +0200] "GET / HTTP/1.1" 301 376 "http://www.algorex-partner.de" "Mozilla/5.0 (Windows NT 6.1; WOW64) AppleWebKit/537.36 (KHTML, like Gecko) Chrome/52.0.2743.116 Safari/537.36"
66.249.64.239 - - [07/Apr/2017:07:21:21 +0200] "GET /robots.txt HTTP/1.1" 301 375 "-" "Mozilla/5.0 (compatible; Googlebot/2.1; +http://www.google.com/bot.html)"
66.249.64.235 - - [07/Apr/2017:07:21:21 +0200] "GET / HTTP/1.1" 301 365 "-" "Mozilla/5.0 (compatible; Googlebot/2.1; +http://www.google.com/bot.html)"
144.217.46.198 - - [07/Apr/2017:07:53:07 +0200] "GET / HTTP/1.1" 301 365 "http://www.sibt.de" "Mozilla/5.0 (Windows NT 6.3; WOW64; rv:50.0) Gecko/20100101 Firefox/50.0"
46.118.115.43 - - [07/Apr/2017:11:01:24 +0200] "GET / HTTP/1.1" 301 382 "http://running-line.ru/" "Mozilla/4.0 (compatible; MSIE 6.0; Windows 98; Win 9x 4.90)"
46.118.115.43 - - [07/Apr/2017:11:01:25 +0200] "GET / HTTP/1.1" 301 382 "http://running-line.ru/" "Mozilla/4.0 (compatible; MSIE 6.0; Windows 98; Win 9x 4.90)"
37.115.191.53 - - [07/Apr/2017:11:44:32 +0200] "GET / HTTP/1.1" 301 382 "http://www.bookmaker-bet.com/" "Mozilla/4.0 (compatible; MSIE 6.0; Windows NT 5.0; APC; .NET CLR 1.0.3705; .NET CLR 1.1.4322; .NET CLR 2.0.50215; InfoPath.1)"
66.249.64.238 - - [07/Apr/2017:12:58:00 +0200] "GET /robots.txt HTTP/1.1" 301 386 "-" "Mozilla/5.0 (compatible; Googlebot/2.1; +http://www.google.com/bot.html)"
66.249.64.230 - - [07/Apr/2017:12:58:00 +0200] "GET / HTTP/1.1" 301 376 "-" "Mozilla/5.0 (Linux; Android 6.0.1; Nexus 5X Build/MMB29P) AppleWebKit/537.36 (KHTML, like Gecko) Chrome/41.0.2272.96 Mobile Safari/537.36 (compatible; Googlebot/2.1; +http://www.google.com/bot.html)"
138.201.30.66 - - [07/Apr/2017:14:17:59 +0200] "GET /robots.txt HTTP/1.0" 301 375 "-" "Mozilla/5.0 (compatible; SEOkicks-Robot; +http://www.seokicks.de/robot.html)"
138.201.30.66 - - [07/Apr/2017:14:18:01 +0200] "GET / HTTP/1.0" 301 365 "-" "Mozilla/5.0 (compatible; SEOkicks-Robot; +http://www.seokicks.de/robot.html)"
176.9.50.43 - - [07/Apr/2017:16:23:03 +0200] "GET / HTTP/1.1" 301 382 "-" "Mozilla/5.0 (Windows NT 10.0; WOW64) AppleWebKit/537.36 (KHTML, like Gecko) Chrome/54.0.2840.99 Safari/537.36"
178.137.164.66 - - [07/Apr/2017:16:50:15 +0200] "GET / HTTP/1.1" 301 382 "http://xn-----6kccaibs5cb8afhjrfmix2n.xn--p1ai/" "Opera/7.60 (Windows NT 5.2; U) [en] (IBM EVV/3.0/EAK01AG9/LE)"
178.137.164.66 - - [07/Apr/2017:16:50:16 +0200] "GET / HTTP/1.1" 301 382 "http://xn-----6kccaibs5cb8afhjrfmix2n.xn--p1ai/" "Opera/7.60 (Windows NT 5.2; U) [en] (IBM EVV/3.0/EAK01AG9/LE)"
178.137.164.66 - - [07/Apr/2017:16:50:18 +0200] "GET / HTTP/1.1" 301 382 "http://xn-----6kccaibs5cb8afhjrfmix2n.xn--p1ai/" "Opera/7.60 (Windows NT 5.2; U) [en] (IBM EVV/3.0/EAK01AG9/LE)"
37.115.191.53 - - [07/Apr/2017:17:45:09 +0200] "GET / HTTP/1.1" 301 382 "http://krasnodar.nodup.ru/" "Mozilla/4.0 (compatible; MSIE 5.0; Windows 95) Opera 6.01 [en]"
37.115.191.53 - - [07/Apr/2017:17:45:10 +0200] "GET / HTTP/1.1" 301 382 "http://krasnodar.nodup.ru/" "Mozilla/4.0 (compatible; MSIE 5.0; Windows 95) Opera 6.01 [en]"
37.115.191.53 - - [07/Apr/2017:17:45:11 +0200] "GET / HTTP/1.1" 301 382 "http://krasnodar.nodup.ru/" "Mozilla/4.0 (compatible; MSIE 5.0; Windows 95) Opera 6.01 [en]"
5.248.196.222 - - [07/Apr/2017:18:34:34 +0200] "GET / HTTP/1.1" 301 382 "http://healgastro.com/articles/tiazhest-posle-edy.html" "Mozilla/4.0 (compatible; MSIE 6.0; Windows NT 5.1; Crazy Browser 1.0.5)"
5.248.196.222 - - [07/Apr/2017:18:34:34 +0200] "GET / HTTP/1.1" 301 382 "http://healgastro.com/articles/tiazhest-posle-edy.html" "Mozilla/4.0 (compatible; MSIE 6.0; Windows NT 5.1; Crazy Browser 1.0.5)"
5.248.196.222 - - [07/Apr/2017:18:34:34 +0200] "GET / HTTP/1.1" 301 382 "http://healgastro.com/articles/tiazhest-posle-edy.html" "Mozilla/4.0 (compatible; MSIE 6.0; Windows NT 5.1; Crazy Browser 1.0.5)"
93.159.230.90 - - [07/Apr/2017:18:39:29 +0200] "GET / HTTP/1.1" 301 365 "-" "Mozilla/5.0 (Windows NT 6.3; WOW64) AppleWebKit/537.36 (KHTML, like Gecko) Chrome/54.0.2840.71 Safari/537.36"
46.118.115.43 - - [07/Apr/2017:20:12:00 +0200] "GET / HTTP/1.1" 301 382 "http://kinohall.ru/" "Mozilla/4.0 (compatible; MSIE 6.0; Windows NT 5.1; SV1; .NET CLR 1.0.3705; .NET CLR 1.1.4322; .NET CLR 2.0.40607)"
46.118.115.43 - - [07/Apr/2017:20:12:01 +0200] "GET / HTTP/1.1" 301 382 "http://kinohall.ru/" "Mozilla/4.0 (compatible; MSIE 6.0; Windows NT 5.1; SV1; .NET CLR 1.0.3705; .NET CLR 1.1.4322; .NET CLR 2.0.40607)"
178.137.164.66 - - [07/Apr/2017:20:14:44 +0200] "GET / HTTP/1.1" 301 382 "http://udsgame.online/" "Mozilla/4.0 (compatible; Powermarks/3.5; Windows 95/98/2000/NT)"
188.138.41.208 - - [07/Apr/2017:20:58:23 +0200] "GET / HTTP/1.1" 301 376 "-" "Mozilla/5.0 (X11; U; Linux Core i7-4980HQ; de; rv:32.0; compatible; JobboerseBot; http://www.jobboerse.com/bot.htm) Gecko/20100101 Firefox/38.0"
188.138.41.208 - - [07/Apr/2017:20:58:27 +0200] "GET /robots.txt HTTP/1.1" 301 386 "-" "Mozilla/5.0 (X11; U; Linux Core i7-4980HQ; de; rv:32.0; compatible; JobboerseBot; http://www.jobboerse.com/bot.htm) Gecko/20100101 Firefox/38.0"
188.138.41.208 - - [07/Apr/2017:20:58:27 +0200] "GET / HTTP/1.1" 301 376 "-" "Mozilla/5.0 (X11; U; Linux Core i7-4980HQ; de; rv:32.0; compatible; JobboerseBot; http://www.jobboerse.com/bot.htm) Gecko/20100101 Firefox/38.0"
188.138.41.208 - - [07/Apr/2017:20:58:28 +0200] "GET / HTTP/1.1" 301 376 "-" "Mozilla/5.0 (X11; U; Linux Core i7-4980HQ; de; rv:32.0; compatible; JobboerseBot; http://www.jobboerse.com/bot.htm) Gecko/20100101 Firefox/38.0"
188.138.41.208 - - [07/Apr/2017:20:58:31 +0200] "GET / HTTP/1.1" 301 376 "-" "Mozilla/5.0 (X11; U; Linux Core i7-4980HQ; de; rv:32.0; compatible; JobboerseBot; http://www.jobboerse.com/bot.htm) Gecko/20100101 Firefox/38.0"
188.138.41.208 - - [07/Apr/2017:20:58:32 +0200] "GET / HTTP/1.1" 301 376 "-" "Mozilla/5.0 (X11; U; Linux Core i7-4980HQ; de; rv:32.0; compatible; JobboerseBot; http://www.jobboerse.com/bot.htm) Gecko/20100101 Firefox/38.0"
89.163.246.150 - - [07/Apr/2017:22:34:21 +0200] "GET / HTTP/1.1" 301 365 "http://www.sibt.de" "Mozilla/5.0 (Windows NT 6.3; WOW64; rv:50.0) Gecko/20100101 Firefox/50.0"
5.248.196.222 - - [07/Apr/2017:23:22:20 +0200] "GET / HTTP/1.1" 301 382 "http://vgoloveboli.net/golovnaya-bol-posle-fizicheskix-nagruzok.html" "Mozilla/4.0 (compatible; MSIE 6.0; Windows 98; Win 9x 4.90; Creative)"
5.248.196.222 - - [07/Apr/2017:23:22:20 +0200] "GET / HTTP/1.1" 301 382 "http://vgoloveboli.net/golovnaya-bol-posle-fizicheskix-nagruzok.html" "Mozilla/4.0 (compatible; MSIE 6.0; Windows 98; Win 9x 4.90; Creative)"
5.248.196.222 - - [07/Apr/2017:23:22:20 +0200] "GET / HTTP/1.1" 301 382 "http://vgoloveboli.net/golovnaya-bol-posle-fizicheskix-nagruzok.html" "Mozilla/4.0 (compatible; MSIE 6.0; Windows 98; Win 9x 4.90; Creative)"
37.115.191.53 - - [08/Apr/2017:00:29:28 +0200] "GET / HTTP/1.1" 301 382 "http://vektorpress.ru/" "Mozilla/0.91 Beta (Windows)"
37.115.191.53 - - [08/Apr/2017:00:29:29 +0200] "GET / HTTP/1.1" 301 382 "http://vektorpress.ru/" "Mozilla/0.91 Beta (Windows)"
178.137.164.66 - - [08/Apr/2017:01:03:15 +0200] "GET / HTTP/1.1" 301 382 "http://varikoz24.com/" "Mozilla/3.0 (compatible; WebCapture 2.0; Auto; Windows)"
178.137.164.66 - - [08/Apr/2017:01:03:17 +0200] "GET / HTTP/1.1" 301 382 "http://varikoz24.com/" "Mozilla/3.0 (compatible; WebCapture 2.0; Auto; Windows)"
178.137.164.66 - - [08/Apr/2017:01:03:17 +0200] "GET / HTTP/1.1" 301 382 "http://varikoz24.com/" "Mozilla/3.0 (compatible; WebCapture 2.0; Auto; Windows)"
207.46.13.143 - - [08/Apr/2017:01:59:25 +0200] "GET /robots.txt HTTP/1.1" 301 375 "-" "Mozilla/5.0 (compatible; bingbot/2.0; +http://www.bing.com/bingbot.htm)"
40.77.167.18 - - [08/Apr/2017:01:59:27 +0200] "GET / HTTP/1.1" 301 365 "-" "Mozilla/5.0 (compatible; bingbot/2.0; +http://www.bing.com/bingbot.htm)"
64.246.165.200 - - [08/Apr/2017:03:43:15 +0200] "GET /robots.txt HTTP/1.0" 301 386 "-" "Mozilla/5.0 (Windows; U; Windows NT 5.1; en; rv:1.9.0.13) Gecko/2009073022 Firefox/3.5.2 (.NET CLR 3.5.30729) SurveyBot/2.3 (DomainTools)"
64.246.165.200 - - [08/Apr/2017:03:43:15 +0200] "GET / HTTP/1.1" 301 376 "http://whois.domaintools.com/algorex-partner.de" "Mozilla/5.0 (Windows; U; Windows NT 5.1; en; rv:1.9.0.13) Gecko/2009073022 Firefox/3.5.2 (.NET CLR 3.5.30729) SurveyBot/2.3 (DomainTools)"
46.118.115.43 - - [08/Apr/2017:04:08:11 +0200] "GET / HTTP/1.1" 301 382 "https://creditmoney.com.ua/" "Mozilla/0.91 Beta (Windows)"
46.118.115.43 - - [08/Apr/2017:04:08:12 +0200] "GET / HTTP/1.1" 301 382 "https://creditmoney.com.ua/" "Mozilla/0.91 Beta (Windows)"
5.248.196.222 - - [08/Apr/2017:07:28:54 +0200] "GET / HTTP/1.1" 301 382 "http://zona-aqua.ru/" "Mozilla/4.0 (compatible; MSIE 6.0; Windows XP)"
5.248.196.222 - - [08/Apr/2017:07:28:54 +0200] "GET / HTTP/1.1" 301 382 "http://zona-aqua.ru/" "Mozilla/4.0 (compatible; MSIE 6.0; Windows XP)"
5.248.196.222 - - [08/Apr/2017:07:28:55 +0200] "GET / HTTP/1.1" 301 382 "http://zona-aqua.ru/" "Mozilla/4.0 (compatible; MSIE 6.0; Windows XP)"
46.118.122.226 - - [08/Apr/2017:07:38:49 +0200] "GET / HTTP/1.1" 301 382 "https://woweb.com.ua/" "Mozilla/4.7 (compatible; OffByOne; Windows 2000) Webster Pro V3.4"
46.118.122.226 - - [08/Apr/2017:07:38:49 +0200] "GET / HTTP/1.1" 301 382 "https://woweb.com.ua/" "Mozilla/4.7 (compatible; OffByOne; Windows 2000) Webster Pro V3.4"
46.118.122.226 - - [08/Apr/2017:07:38:50 +0200] "GET / HTTP/1.1" 301 382 "https://b-styles.xyz/" "Mozilla/4.7 (compatible; OffByOne; Windows 2000) Webster Pro V3.4"
46.118.122.226 - - [08/Apr/2017:07:38:50 +0200] "GET / HTTP/1.1" 301 382 "https://woweb.com.ua/" "Mozilla/4.7 (compatible; OffByOne; Windows 2000) Webster Pro V3.4"
46.118.115.43 - - [08/Apr/2017:09:07:35 +0200] "GET / HTTP/1.1" 301 382 "http://pk-pomosch.ru/" "Opera/9.00 (Windows NT 4.0; U; en)"
46.118.115.43 - - [08/Apr/2017:09:07:36 +0200] "GET / HTTP/1.1" 301 382 "http://pk-pomosch.ru/" "Opera/9.00 (Windows NT 4.0; U; en)"
46.118.122.226 - - [08/Apr/2017:12:05:58 +0200] "GET / HTTP/1.1" 301 382 "http://intimshop-fantasy.ru/" "Opera/7.60 (Windows NT 5.2; U) [en] (IBM EVV/3.0/EAK01AG9/LE)"
37.115.191.53 - - [08/Apr/2017:13:04:10 +0200] "GET / HTTP/1.1" 301 382 "http://www.partybunny.ru/" "Mozilla/4.0 (compatible; MSIE 6.0; Windows NT 5.1; ru) Opera 8.50"
37.115.191.53 - - [08/Apr/2017:13:04:11 +0200] "GET / HTTP/1.1" 301 382 "http://www.partybunny.ru/" "Mozilla/4.0 (compatible; MSIE 6.0; Windows NT 5.1; ru) Opera 8.50"
40.77.167.18 - - [08/Apr/2017:13:52:42 +0200] "GET / HTTP/1.1" 301 365 "-" "Mozilla/5.0 (compatible; bingbot/2.0; +http://www.bing.com/bingbot.htm)"
157.55.39.24 - - [08/Apr/2017:16:11:45 +0200] "GET /robots.txt HTTP/1.1" 301 375 "-" "Mozilla/5.0 (compatible; bingbot/2.0; +http://www.bing.com/bingbot.htm)"
40.77.167.18 - - [08/Apr/2017:16:14:32 +0200] "GET / HTTP/1.1" 301 365 "-" "Mozilla/5.0 (compatible; bingbot/2.0; +http://www.bing.com/bingbot.htm)"
40.77.167.18 - - [08/Apr/2017:21:10:25 +0200] "GET / HTTP/1.1" 301 365 "-" "Mozilla/5.0 (iPhone; CPU iPhone OS 7_0 like Mac OS X) AppleWebKit/537.51.1 (KHTML, like Gecko) Version/7.0 Mobile/11A465 Safari/9537.53 (compatible; bingbot/2.0; +http://www.bing.com/bingbot.htm)"
66.249.65.126 - - [09/Apr/2017:02:52:23 +0200] "GET /robots.txt HTTP/1.1" 301 375 "-" "Mozilla/5.0 (compatible; Googlebot/2.1; +http://www.google.com/bot.html)"
66.249.65.123 - - [09/Apr/2017:02:52:23 +0200] "GET / HTTP/1.1" 301 365 "-" "Mozilla/5.0 (Linux; Android 6.0.1; Nexus 5X Build/MMB29P) AppleWebKit/537.36 (KHTML, like Gecko) Chrome/41.0.2272.96 Mobile Safari/537.36 (compatible; Googlebot/2.1; +http://www.google.com/bot.html)"
5.248.196.222 - - [09/Apr/2017:07:16:31 +0200] "GET / HTTP/1.1" 301 382 "http://prohoster.info/vps/abuzoustojchivye-vps" "Mozilla/4.0 (compatible; MSIE 6.0; Windows NT 5.2; SV1; .NET CLR 1.1.4322; .NET CLR 2.0.50727)"
5.248.196.222 - - [09/Apr/2017:07:16:32 +0200] "GET / HTTP/1.1" 301 382 "http://prohoster.info/vps/abuzoustojchivye-vps" "Mozilla/4.0 (compatible; MSIE 6.0; Windows NT 5.2; SV1; .NET CLR 1.1.4322; .NET CLR 2.0.50727)"
5.248.196.222 - - [09/Apr/2017:07:16:32 +0200] "GET / HTTP/1.1" 301 382 "http://prohoster.info/vps/abuzoustojchivye-vps" "Mozilla/4.0 (compatible; MSIE 6.0; Windows NT 5.2; SV1; .NET CLR 1.1.4322; .NET CLR 2.0.50727)"
207.46.13.226 - - [09/Apr/2017:07:56:41 +0200] "GET /robots.txt HTTP/1.1" 301 375 "-" "Mozilla/5.0 (compatible; bingbot/2.0; +http://www.bing.com/bingbot.htm)"
40.77.167.18 - - [09/Apr/2017:08:03:31 +0200] "GET / HTTP/1.1" 301 365 "-" "Mozilla/5.0 (compatible; bingbot/2.0; +http://www.bing.com/bingbot.htm)"
178.137.164.66 - - [09/Apr/2017:08:07:23 +0200] "GET / HTTP/1.1" 301 382 "http://xn------7cdbapdecfd4ak1bn0amjffj7afu3y.xn--p1ai/" "Mozilla/4.0 (compatible; MSIE 6.0; Windows NT 5.1; Q312461)"
178.137.164.66 - - [09/Apr/2017:08:07:24 +0200] "GET / HTTP/1.1" 301 382 "http://xn------7cdbapdecfd4ak1bn0amjffj7afu3y.xn--p1ai/" "Mozilla/4.0 (compatible; MSIE 6.0; Windows NT 5.1; Q312461)"
136.243.36.68 - - [09/Apr/2017:13:00:20 +0200] "GET / HTTP/1.1" 301 365 "-" "Mozilla/5.0 (compatible; vebidoobot/1.0; +https://blog.vebidoo.de/vebidoobot/)"
66.249.65.126 - - [09/Apr/2017:13:28:19 +0200] "GET / HTTP/1.1" 301 365 "-" "Mozilla/5.0 (Linux; Android 6.0.1; Nexus 5X Build/MMB29P) AppleWebKit/537.36 (KHTML, like Gecko) Chrome/41.0.2272.96 Mobile Safari/537.36 (compatible; Googlebot/2.1; +http://www.google.com/bot.html)"
208.43.225.84 - - [09/Apr/2017:15:37:14 +0200] "GET /robots.txt HTTP/1.1" 301 386 "-" "Mozilla/5.0 (compatible; SiteExplorer/1.1b; +http://siteexplorer.info/Backlink-Checker-Spider/)"
208.43.225.84 - - [09/Apr/2017:15:37:19 +0200] "GET / HTTP/1.1" 301 376 "-" "Mozilla/5.0 (compatible; SiteExplorer/1.1b; +http://siteexplorer.info/Backlink-Checker-Spider/)"
66.249.65.123 - - [09/Apr/2017:15:51:09 +0200] "GET /robots.txt HTTP/1.1" 301 375 "-" "Mozilla/5.0 (compatible; Googlebot/2.1; +http://www.google.com/bot.html)"
66.249.65.126 - - [09/Apr/2017:15:51:09 +0200] "GET / HTTP/1.1" 301 365 "-" "Mozilla/5.0 (Linux; Android 6.0.1; Nexus 5X Build/MMB29P) AppleWebKit/537.36 (KHTML, like Gecko) Chrome/41.0.2272.96 Mobile Safari/537.36 (compatible; Googlebot/2.1; +http://www.google.com/bot.html)"
46.118.115.43 - - [09/Apr/2017:17:26:54 +0200] "GET / HTTP/1.1" 301 382 "http://www.arenda-yeisk.ru/" "Mozilla/4.0 (compatible; MSIE 6.0; MSIE 5.5; Windows NT 5.0) Opera 7.02 Bork-edition [en]"
46.118.115.43 - - [09/Apr/2017:17:26:55 +0200] "GET / HTTP/1.1" 301 382 "http://www.arenda-yeisk.ru/" "Mozilla/4.0 (compatible; MSIE 6.0; MSIE 5.5; Windows NT 5.0) Opera 7.02 Bork-edition [en]"
37.115.191.53 - - [09/Apr/2017:20:37:01 +0200] "GET / HTTP/1.1" 301 382 "http://iopeninghours.co.uk/" "Mozilla/4.0 (compatible; MSIE 6.0; Windows NT) ::ELNSB50::000061100320025802a00111000000000507000900000000"
37.115.191.53 - - [09/Apr/2017:20:37:02 +0200] "GET / HTTP/1.1" 301 382 "http://iopeninghours.co.uk/" "Mozilla/4.0 (compatible; MSIE 6.0; Windows NT) ::ELNSB50::000061100320025802a00111000000000507000900000000"
81.209.177.168 - - [09/Apr/2017:22:46:17 +0200] "GET /robots.txt HTTP/1.1" 301 377 "-" "iBusiness Shopcrawler"
81.209.177.168 - - [09/Apr/2017:22:46:18 +0200] "GET / HTTP/1.1" 301 367 "-" "iBusiness Shopcrawler"
81.209.177.168 - - [09/Apr/2017:22:46:18 +0200] "GET / HTTP/1.1" 301 367 "-" "iBusiness Shopcrawler"
208.43.225.85 - - [09/Apr/2017:22:55:46 +0200] "GET /robots.txt HTTP/1.1" 301 375 "-" "Mozilla/5.0 (compatible; SiteExplorer/1.1b; +http://siteexplorer.info/Backlink-Checker-Spider/)"
208.43.225.85 - - [09/Apr/2017:22:55:50 +0200] "GET / HTTP/1.1" 301 365 "-" "Mozilla/5.0 (compatible; SiteExplorer/1.1b; +http://siteexplorer.info/Backlink-Checker-Spider/)"
207.46.13.66 - - [10/Apr/2017:02:05:43 +0200] "GET / HTTP/1.1" 301 365 "-" "Mozilla/5.0 (compatible; bingbot/2.0; +http://www.bing.com/bingbot.htm)"
46.118.115.43 - - [10/Apr/2017:02:34:46 +0200] "GET / HTTP/1.1" 301 382 "http://mnogabukaff.net/" "Opera/9.00 (Windows NT 4.0; U; en)"
46.118.115.43 - - [10/Apr/2017:02:34:46 +0200] "GET / HTTP/1.1" 301 382 "http://mnogabukaff.net/" "Opera/9.00 (Windows NT 4.0; U; en)"
37.115.191.53 - - [10/Apr/2017:03:10:56 +0200] "GET / HTTP/1.1" 301 382 "http://xn--80aebbcbcdemfkhba4byaehoejh8dza3v.xn--p1ai/" "Mozilla/4.0 (compatible; MSIE 6.0; Windows NT 5.1; SV1; Media Center PC"
216.244.66.226 - - [10/Apr/2017:03:16:43 +0200] "GET /robots.txt HTTP/1.1" 301 375 "-" "Mozilla/5.0 (compatible; DotBot/1.1; http://www.opensiteexplorer.org/dotbot, help@moz.com)"
85.25.210.234 - - [10/Apr/2017:07:24:45 +0200] "GET /robots.txt HTTP/1.1" 301 375 "-" "Mozilla/5.0 (compatible; seoscanners.net/1; +spider@seoscanners.net)"
85.25.210.234 - - [10/Apr/2017:07:24:45 +0200] "GET /text/11030600_0000.htm HTTP/1.1" 301 387 "-" "Mozilla/5.0 (compatible; seoscanners.net/1; +spider@seoscanners.net)"
66.249.65.38 - - [10/Apr/2017:07:58:25 +0200] "GET /robots.txt HTTP/1.1" 301 392 "-" "Mozilla/5.0 (compatible; Googlebot/2.1; +http://www.google.com/bot.html)"
