66.249.66.48 - - [26/Feb/2017:22:24:40 +0100] "GET / HTTP/1.1" 301 376 "-" "Mozilla/5.0 (compatible; Googlebot/2.1; +http://www.google.com/bot.html)"
66.249.66.187 - - [26/Feb/2017:22:31:20 +0100] "GET /robots.txt HTTP/1.1" 301 384 "-" "Mozilla/5.0 (compatible; Googlebot/2.1; +http://www.google.com/bot.html)"
66.249.66.187 - - [26/Feb/2017:22:31:20 +0100] "GET / HTTP/1.1" 301 374 "-" "Mozilla/5.0 (compatible; Googlebot/2.1; +http://www.google.com/bot.html)"
66.249.66.38 - - [26/Feb/2017:23:11:20 +0100] "GET / HTTP/1.1" 301 367 "-" "Mozilla/5.0 (compatible; Googlebot/2.1; +http://www.google.com/bot.html)"
66.249.66.67 - - [27/Feb/2017:02:18:00 +0100] "GET / HTTP/1.1" 301 384 "-" "Mozilla/5.0 (compatible; Googlebot/2.1; +http://www.google.com/bot.html)"
66.249.66.184 - - [27/Feb/2017:02:38:00 +0100] "GET / HTTP/1.1" 301 382 "-" "Mozilla/5.0 (compatible; Googlebot/2.1; +http://www.google.com/bot.html)"
66.249.66.32 - - [27/Feb/2017:03:24:40 +0100] "GET /robots.txt HTTP/1.1" 301 377 "-" "Mozilla/5.0 (compatible; Googlebot/2.1; +http://www.google.com/bot.html)"
66.249.66.38 - - [27/Feb/2017:03:24:40 +0100] "GET / HTTP/1.1" 301 367 "-" "Mozilla/5.0 (compatible; Googlebot/2.1; +http://www.google.com/bot.html)"
207.46.13.24 - - [27/Feb/2017:04:16:02 +0100] "GET / HTTP/1.1" 301 365 "-" "Mozilla/5.0 (compatible; bingbot/2.0; +http://www.bing.com/bingbot.htm)"
46.119.112.65 - - [27/Feb/2017:04:26:10 +0100] "GET / HTTP/1.1" 301 382 "http://intimshop-fantasy.ru/" "Mozilla/4.0 (compatible; MSIE 6.0; Windows NT 5.1; SV1; .NET CLR 1.1.4322)"
46.119.112.65 - - [27/Feb/2017:04:26:11 +0100] "GET / HTTP/1.1" 301 382 "http://intimshop-fantasy.ru/" "Mozilla/4.0 (compatible; MSIE 6.0; Windows NT 5.1; SV1; .NET CLR 1.1.4322)"
66.249.66.124 - - [27/Feb/2017:05:38:14 +0100] "GET /robots.txt HTTP/1.1" 301 375 "-" "Mozilla/5.0 (compatible; Googlebot/2.1; +http://www.google.com/bot.html)"
66.249.66.65 - - [27/Feb/2017:05:38:14 +0100] "GET /security HTTP/1.1" 301 373 "-" "Mozilla/5.0 (compatible; Googlebot/2.1; +http://www.google.com/bot.html)"
207.46.13.255 - - [27/Feb/2017:05:58:39 +0100] "GET /robots.txt HTTP/1.1" 301 384 "-" "Mozilla/5.0 (compatible; bingbot/2.0; +http://www.bing.com/bingbot.htm)"
207.46.13.255 - - [27/Feb/2017:06:01:01 +0100] "GET /robots.txt HTTP/1.1" 301 384 "-" "Mozilla/5.0 (compatible; bingbot/2.0; +http://www.bing.com/bingbot.htm)"
207.46.13.255 - - [27/Feb/2017:06:02:37 +0100] "GET /robots.txt HTTP/1.1" 301 384 "-" "Mozilla/5.0 (compatible; bingbot/2.0; +http://www.bing.com/bingbot.htm)"
207.46.13.70 - - [27/Feb/2017:06:02:40 +0100] "GET / HTTP/1.1" 301 374 "-" "Mozilla/5.0 (compatible; bingbot/2.0; +http://www.bing.com/bingbot.htm)"
66.249.66.187 - - [27/Feb/2017:07:13:06 +0100] "GET / HTTP/1.1" 301 374 "-" "Mozilla/5.0 (compatible; Googlebot/2.1; +http://www.google.com/bot.html)"
66.249.66.51 - - [27/Feb/2017:07:25:44 +0100] "GET /robots.txt HTTP/1.1" 301 386 "-" "Mozilla/5.0 (compatible; Googlebot/2.1; +http://www.google.com/bot.html)"
66.249.66.48 - - [27/Feb/2017:07:25:44 +0100] "GET / HTTP/1.1" 301 376 "-" "Mozilla/5.0 (compatible; Googlebot/2.1; +http://www.google.com/bot.html)"
66.249.66.64 - - [27/Feb/2017:07:57:18 +0100] "GET / HTTP/1.1" 301 384 "-" "Mozilla/5.0 (compatible; Googlebot/2.1; +http://www.google.com/bot.html)"
66.249.66.178 - - [27/Feb/2017:08:35:12 +0100] "GET /robots.txt HTTP/1.1" 301 392 "-" "Mozilla/5.0 (compatible; Googlebot/2.1; +http://www.google.com/bot.html)"
66.249.66.178 - - [27/Feb/2017:08:35:12 +0100] "GET / HTTP/1.1" 301 382 "-" "Mozilla/5.0 (compatible; Googlebot/2.1; +http://www.google.com/bot.html)"
66.249.66.35 - - [27/Feb/2017:08:47:50 +0100] "GET / HTTP/1.1" 301 367 "-" "Mozilla/5.0 (compatible; Googlebot/2.1; +http://www.google.com/bot.html)"
66.249.66.190 - - [27/Feb/2017:10:40:06 +0100] "GET / HTTP/1.1" 301 374 "-" "Mozilla/5.0 (compatible; Googlebot/2.1; +http://www.google.com/bot.html)"
66.249.66.187 - - [27/Feb/2017:10:40:07 +0100] "GET /robots.txt HTTP/1.1" 301 384 "-" "Mozilla/5.0 (compatible; Googlebot/2.1; +http://www.google.com/bot.html)"
66.249.66.51 - - [27/Feb/2017:11:48:23 +0100] "GET / HTTP/1.1" 301 376 "-" "Mozilla/5.0 (compatible; Googlebot/2.1; +http://www.google.com/bot.html)"
66.249.66.67 - - [27/Feb/2017:12:00:48 +0100] "GET /robots.txt HTTP/1.1" 301 394 "-" "Mozilla/5.0 (compatible; Googlebot/2.1; +http://www.google.com/bot.html)"
66.249.66.126 - - [27/Feb/2017:12:00:49 +0100] "GET / HTTP/1.1" 301 384 "-" "Mozilla/5.0 (compatible; Googlebot/2.1; +http://www.google.com/bot.html)"
66.249.66.184 - - [27/Feb/2017:12:50:27 +0100] "GET / HTTP/1.1" 301 382 "-" "Mozilla/5.0 (compatible; Googlebot/2.1; +http://www.google.com/bot.html)"
66.249.66.38 - - [27/Feb/2017:13:02:52 +0100] "GET / HTTP/1.1" 301 367 "-" "Mozilla/5.0 (compatible; Googlebot/2.1; +http://www.google.com/bot.html)"
66.249.66.184 - - [27/Feb/2017:14:48:24 +0100] "GET / HTTP/1.1" 301 374 "-" "Mozilla/5.0 (compatible; Googlebot/2.1; +http://www.google.com/bot.html)"
66.249.66.48 - - [27/Feb/2017:17:12:47 +0100] "GET / HTTP/1.1" 301 376 "-" "Mozilla/5.0 (compatible; Googlebot/2.1; +http://www.google.com/bot.html)"
66.249.66.67 - - [27/Feb/2017:17:25:25 +0100] "GET / HTTP/1.1" 301 384 "-" "Mozilla/5.0 (compatible; Googlebot/2.1; +http://www.google.com/bot.html)"
66.249.66.178 - - [27/Feb/2017:18:03:19 +0100] "GET / HTTP/1.1" 301 382 "-" "Mozilla/5.0 (compatible; Googlebot/2.1; +http://www.google.com/bot.html)"
66.249.66.190 - - [27/Feb/2017:19:06:29 +0100] "GET / HTTP/1.1" 301 374 "-" "Mozilla/5.0 (compatible; Googlebot/2.1; +http://www.google.com/bot.html)"
145.132.2.64 - - [27/Feb/2017:19:30:54 +0100] "GET / HTTP/1.1" 301 365 "-" "Java/1.6.0_20"
66.249.66.51 - - [27/Feb/2017:20:28:35 +0100] "GET /robots.txt HTTP/1.1" 301 386 "-" "Mozilla/5.0 (compatible; Googlebot/2.1; +http://www.google.com/bot.html)"
66.249.66.48 - - [27/Feb/2017:20:28:36 +0100] "GET / HTTP/1.1" 301 376 "-" "Mozilla/5.0 (compatible; Googlebot/2.1; +http://www.google.com/bot.html)"
66.249.66.126 - - [27/Feb/2017:20:34:54 +0100] "GET / HTTP/1.1" 301 384 "-" "Mozilla/5.0 (compatible; Googlebot/2.1; +http://www.google.com/bot.html)"
66.249.66.32 - - [27/Feb/2017:20:54:38 +0100] "GET /robots.txt HTTP/1.1" 301 377 "-" "Mozilla/5.0 (compatible; Googlebot/2.1; +http://www.google.com/bot.html)"
66.249.66.38 - - [27/Feb/2017:20:54:39 +0100] "GET / HTTP/1.1" 301 367 "-" "Mozilla/5.0 (compatible; Googlebot/2.1; +http://www.google.com/bot.html)"
66.249.66.184 - - [27/Feb/2017:21:05:26 +0100] "GET /robots.txt HTTP/1.1" 301 392 "-" "Mozilla/5.0 (compatible; Googlebot/2.1; +http://www.google.com/bot.html)"
66.249.66.181 - - [27/Feb/2017:21:05:26 +0100] "GET / HTTP/1.1" 301 382 "-" "Mozilla/5.0 (compatible; Googlebot/2.1; +http://www.google.com/bot.html)"
125.39.222.252 - - [27/Feb/2017:22:24:33 +0100] "GET / HTTP/1.1" 301 367 "-" "scrapy-redis (+https://github.com/rolando/scrapy-redis)"
66.249.66.187 - - [27/Feb/2017:22:54:30 +0100] "GET /robots.txt HTTP/1.1" 301 384 "-" "Mozilla/5.0 (compatible; Googlebot/2.1; +http://www.google.com/bot.html)"
66.249.66.184 - - [27/Feb/2017:22:54:30 +0100] "GET / HTTP/1.1" 301 374 "-" "Mozilla/5.0 (compatible; Googlebot/2.1; +http://www.google.com/bot.html)"
46.118.233.101 - - [27/Feb/2017:23:20:19 +0100] "GET / HTTP/1.1" 301 382 "https://www.tattooreligion.ru/" "Mozilla/4.0 (compatible; MSIE 6.0; Windows NT 5.1; MRA 4.6 (build 01425))"
46.118.233.101 - - [27/Feb/2017:23:20:19 +0100] "GET / HTTP/1.1" 301 382 "https://www.tattooreligion.ru/" "Mozilla/4.0 (compatible; MSIE 6.0; Windows NT 5.1; MRA 4.6 (build 01425))"
46.118.233.101 - - [27/Feb/2017:23:20:20 +0100] "GET / HTTP/1.1" 301 382 "https://www.tattooreligion.ru/" "Mozilla/4.0 (compatible; MSIE 6.0; Windows NT 5.1; MRA 4.6 (build 01425))"
46.119.112.65 - - [27/Feb/2017:23:20:42 +0100] "GET / HTTP/1.1" 301 382 "https://woweb.com.ua/" "Mozilla/4.0 (compatible; MSIE 7.0; Windows NT 5.1; SV1; .NET CLR 2.0.50727)"
46.119.112.65 - - [27/Feb/2017:23:20:43 +0100] "GET / HTTP/1.1" 301 382 "https://woweb.com.ua/" "Mozilla/4.0 (compatible; MSIE 7.0; Windows NT 5.1; SV1; .NET CLR 2.0.50727)"
93.159.230.89 - - [28/Feb/2017:00:18:40 +0100] "GET / HTTP/1.1" 301 365 "-" "Mozilla/5.0 (Macintosh; Intel Mac OS X 10_11_6) AppleWebKit/537.36 (KHTML, like Gecko) Chrome/54.0.2840.98 Safari/537.36"
176.31.126.56 - - [28/Feb/2017:01:12:08 +0100] "GET /robots.txt HTTP/1.0" 301 377 "-" ""
46.118.233.101 - - [28/Feb/2017:01:24:28 +0100] "GET / HTTP/1.1" 301 382 "http://xn--d1abj0abs9d.in.ua/" "Mozilla/4.0 (compatible; MSIE 6.0; Windows XP)"
46.118.233.101 - - [28/Feb/2017:01:24:29 +0100] "GET / HTTP/1.1" 301 382 "http://xn--d1abj0abs9d.in.ua/" "Mozilla/4.0 (compatible; MSIE 6.0; Windows XP)"
46.118.233.101 - - [28/Feb/2017:01:24:29 +0100] "GET / HTTP/1.1" 301 382 "http://xn--d1abj0abs9d.in.ua/" "Mozilla/4.0 (compatible; MSIE 6.0; Windows XP)"
66.249.66.48 - - [28/Feb/2017:02:40:09 +0100] "GET / HTTP/1.1" 301 376 "-" "Mozilla/5.0 (compatible; Googlebot/2.1; +http://www.google.com/bot.html)"
66.249.66.126 - - [28/Feb/2017:03:05:52 +0100] "GET /robots.txt HTTP/1.1" 301 394 "-" "Mozilla/5.0 (compatible; Googlebot/2.1; +http://www.google.com/bot.html)"
66.249.66.67 - - [28/Feb/2017:03:05:52 +0100] "GET / HTTP/1.1" 301 384 "-" "Mozilla/5.0 (compatible; Googlebot/2.1; +http://www.google.com/bot.html)"
66.249.66.181 - - [28/Feb/2017:03:18:44 +0100] "GET / HTTP/1.1" 301 382 "-" "Mozilla/5.0 (compatible; Googlebot/2.1; +http://www.google.com/bot.html)"
66.249.66.190 - - [28/Feb/2017:04:28:05 +0100] "GET / HTTP/1.1" 301 374 "-" "Mozilla/5.0 (compatible; Googlebot/2.1; +http://www.google.com/bot.html)"
207.46.13.219 - - [28/Feb/2017:05:41:35 +0100] "GET /robots.txt HTTP/1.1" 301 375 "-" "Mozilla/5.0 (compatible; bingbot/2.0; +http://www.bing.com/bingbot.htm)"
157.55.39.52 - - [28/Feb/2017:05:41:39 +0100] "GET / HTTP/1.1" 301 365 "-" "Mozilla/5.0 (compatible; bingbot/2.0; +http://www.bing.com/bingbot.htm)"
66.249.66.32 - - [28/Feb/2017:06:09:09 +0100] "GET / HTTP/1.1" 301 367 "-" "Mozilla/5.0 (compatible; Googlebot/2.1; +http://www.google.com/bot.html)"
66.249.66.45 - - [28/Feb/2017:06:34:25 +0100] "GET / HTTP/1.1" 301 376 "-" "Mozilla/5.0 (compatible; Googlebot/2.1; +http://www.google.com/bot.html)"
66.249.66.64 - - [28/Feb/2017:06:47:03 +0100] "GET / HTTP/1.1" 301 384 "-" "Mozilla/5.0 (compatible; Googlebot/2.1; +http://www.google.com/bot.html)"
66.249.66.178 - - [28/Feb/2017:06:59:40 +0100] "GET / HTTP/1.1" 301 382 "-" "Mozilla/5.0 (compatible; Googlebot/2.1; +http://www.google.com/bot.html)"
149.91.123.191 - - [28/Feb/2017:07:20:54 +0100] "GET / HTTP/1.1" 301 365 "-" "Java/1.7.0_79"
46.119.112.65 - - [28/Feb/2017:08:05:15 +0100] "GET / HTTP/1.1" 301 382 "http://sankt-peterburg.nodup.ru/" "Mozilla/4.61 [en] (X11; U; ) - BrowseX (2.0.0 Windows)"
46.119.112.65 - - [28/Feb/2017:08:05:16 +0100] "GET / HTTP/1.1" 301 382 "http://sankt-peterburg.nodup.ru/" "Mozilla/4.61 [en] (X11; U; ) - BrowseX (2.0.0 Windows)"
46.119.112.65 - - [28/Feb/2017:08:05:16 +0100] "GET / HTTP/1.1" 301 382 "http://sankt-peterburg.nodup.ru/" "Mozilla/4.61 [en] (X11; U; ) - BrowseX (2.0.0 Windows)"
66.249.66.190 - - [28/Feb/2017:08:15:28 +0100] "GET / HTTP/1.1" 301 374 "-" "Mozilla/5.0 (compatible; Googlebot/2.1; +http://www.google.com/bot.html)"
46.118.153.151 - - [28/Feb/2017:09:05:36 +0100] "GET / HTTP/1.1" 301 382 "http://bpro1.top/" "Mozilla/4.0 (compatible; MSIE 6.0; Windows NT 5.1; en) Opera 8.00"
46.118.153.151 - - [28/Feb/2017:09:05:37 +0100] "GET / HTTP/1.1" 301 382 "http://bpro1.top/" "Mozilla/4.0 (compatible; MSIE 6.0; Windows NT 5.1; en) Opera 8.00"
66.249.66.32 - - [28/Feb/2017:09:06:00 +0100] "GET /robots.txt HTTP/1.1" 301 377 "-" "Mozilla/5.0 (compatible; Googlebot/2.1; +http://www.google.com/bot.html)"
66.249.66.32 - - [28/Feb/2017:09:06:00 +0100] "GET / HTTP/1.1" 301 367 "-" "Mozilla/5.0 (compatible; Googlebot/2.1; +http://www.google.com/bot.html)"
66.249.66.51 - - [28/Feb/2017:09:24:57 +0100] "GET /robots.txt HTTP/1.1" 301 386 "-" "Mozilla/5.0 (compatible; Googlebot/2.1; +http://www.google.com/bot.html)"
66.249.66.45 - - [28/Feb/2017:09:24:57 +0100] "GET / HTTP/1.1" 301 376 "-" "Mozilla/5.0 (compatible; Googlebot/2.1; +http://www.google.com/bot.html)"
66.249.66.126 - - [28/Feb/2017:09:37:34 +0100] "GET / HTTP/1.1" 301 384 "-" "Mozilla/5.0 (compatible; Googlebot/2.1; +http://www.google.com/bot.html)"
66.249.66.181 - - [28/Feb/2017:09:56:31 +0100] "GET /robots.txt HTTP/1.1" 301 392 "-" "Mozilla/5.0 (compatible; Googlebot/2.1; +http://www.google.com/bot.html)"
66.249.66.181 - - [28/Feb/2017:09:56:32 +0100] "GET / HTTP/1.1" 301 382 "-" "Mozilla/5.0 (compatible; Googlebot/2.1; +http://www.google.com/bot.html)"
176.9.50.43 - - [28/Feb/2017:10:31:12 +0100] "GET / HTTP/1.1" 301 376 "-" "Mozilla/5.0 (Windows NT 10.0; WOW64) AppleWebKit/537.36 (KHTML, like Gecko) Chrome/54.0.2840.99 Safari/537.36"
138.197.84.239 - - [28/Feb/2017:10:45:37 +0100] "GET /robots.txt HTTP/1.1" 301 386 "-" "Mozilla/5.0 (compatible; spbot/5.0.3; +http://OpenLinkProfiler.org/bot )"
66.249.66.187 - - [28/Feb/2017:12:21:48 +0100] "GET /robots.txt HTTP/1.1" 301 384 "-" "Mozilla/5.0 (compatible; Googlebot/2.1; +http://www.google.com/bot.html)"
66.249.66.190 - - [28/Feb/2017:12:21:48 +0100] "GET / HTTP/1.1" 301 374 "-" "Mozilla/5.0 (compatible; Googlebot/2.1; +http://www.google.com/bot.html)"
176.9.39.170 - - [28/Feb/2017:12:26:52 +0100] "GET / HTTP/1.1" 301 376 "-" "-"
66.249.66.38 - - [28/Feb/2017:13:12:19 +0100] "GET / HTTP/1.1" 301 367 "-" "Mozilla/5.0 (compatible; Googlebot/2.1; +http://www.google.com/bot.html)"
66.249.66.48 - - [28/Feb/2017:13:56:32 +0100] "GET / HTTP/1.1" 301 376 "-" "Mozilla/5.0 (compatible; Googlebot/2.1; +http://www.google.com/bot.html)"
66.249.66.64 - - [28/Feb/2017:14:02:51 +0100] "GET / HTTP/1.1" 301 384 "-" "Mozilla/5.0 (compatible; Googlebot/2.1; +http://www.google.com/bot.html)"
37.115.187.228 - - [28/Feb/2017:14:06:24 +0100] "GET / HTTP/1.1" 301 382 "http://interior-stickers.ru/" "Mozilla/4.0 (compatible; MSIE 6.0; Windows NT 5.1; .NET CLR 1.1.4322; FDM)"
37.115.187.228 - - [28/Feb/2017:14:06:24 +0100] "GET / HTTP/1.1" 301 382 "http://mararoom.ru/" "Opera/7.54 (Windows NT 5.1; U) [pl]"
37.115.187.228 - - [28/Feb/2017:14:06:25 +0100] "GET / HTTP/1.1" 301 382 "http://mararoom.ru/" "Opera/7.54 (Windows NT 5.1; U) [pl]"
37.115.187.228 - - [28/Feb/2017:14:06:26 +0100] "GET / HTTP/1.1" 301 382 "http://interior-stickers.ru/" "Mozilla/4.0 (compatible; MSIE 6.0; Windows NT 5.1; .NET CLR 1.1.4322; FDM)"
37.115.187.228 - - [28/Feb/2017:14:06:26 +0100] "GET / HTTP/1.1" 301 382 "http://mararoom.ru/" "Opera/7.54 (Windows NT 5.1; U) [pl]"
66.249.66.181 - - [28/Feb/2017:14:21:48 +0100] "GET / HTTP/1.1" 301 382 "-" "Mozilla/5.0 (compatible; Googlebot/2.1; +http://www.google.com/bot.html)"
136.243.36.85 - - [28/Feb/2017:16:03:48 +0100] "GET /text/11030600_0000.htm HTTP/1.1" 301 387 "-" "Mozilla/5.0 (compatible; BLEXBot/1.0; +http://webmeup-crawler.com/)"
66.249.66.38 - - [28/Feb/2017:16:04:42 +0100] "GET / HTTP/1.1" 301 367 "-" "Mozilla/5.0 (compatible; Googlebot/2.1; +http://www.google.com/bot.html)"
66.249.66.184 - - [28/Feb/2017:16:09:10 +0100] "GET / HTTP/1.1" 301 374 "-" "Mozilla/5.0 (compatible; Googlebot/2.1; +http://www.google.com/bot.html)"
46.118.127.142 - - [28/Feb/2017:16:49:26 +0100] "GET / HTTP/1.1" 301 382 "http://fatmaelgarny.com/" "Mozilla/4.0 (compatible; MSIE 6.0; Windows NT 5.1; MRA 4.3 (build 01218); .NET CLR 1.1.4322)"
46.118.127.142 - - [28/Feb/2017:16:49:27 +0100] "GET / HTTP/1.1" 301 382 "http://fatmaelgarny.com/" "Mozilla/4.0 (compatible; MSIE 6.0; Windows NT 5.1; MRA 4.3 (build 01218); .NET CLR 1.1.4322)"
46.118.127.142 - - [28/Feb/2017:16:49:28 +0100] "GET / HTTP/1.1" 301 382 "http://fatmaelgarny.com/" "Mozilla/4.0 (compatible; MSIE 6.0; Windows NT 5.1; MRA 4.3 (build 01218); .NET CLR 1.1.4322)"
46.118.127.142 - - [28/Feb/2017:16:49:28 +0100] "GET / HTTP/1.1" 301 382 "http://odintsovo.xxxrus.org/" "Mozilla/4.0 (compatible; MSIE 6.0; Windows NT 5.1; MRA 4.3 (build 01218); .NET CLR 1.1.4322)"
66.249.66.38 - - [28/Feb/2017:17:06:01 +0100] "GET / HTTP/1.1" 301 367 "-" "Mozilla/5.0 (compatible; Googlebot/2.1; +http://www.google.com/bot.html)"
66.249.66.45 - - [28/Feb/2017:17:24:58 +0100] "GET / HTTP/1.1" 301 376 "-" "Mozilla/5.0 (compatible; Googlebot/2.1; +http://www.google.com/bot.html)"
46.118.233.101 - - [28/Feb/2017:17:54:39 +0100] "GET / HTTP/1.1" 301 382 "http://kinogolos.ru/" "Mozilla/4.0 (compatible; MSIE 6.0; Windows XP)"
46.118.233.101 - - [28/Feb/2017:17:54:39 +0100] "GET / HTTP/1.1" 301 382 "https://www.tattooreligion.ru/" "Mozilla/4.0 (compatible; MSIE 6.0; Windows XP)"
46.118.233.101 - - [28/Feb/2017:17:54:40 +0100] "GET / HTTP/1.1" 301 382 "http://kinogolos.ru/" "Mozilla/4.0 (compatible; MSIE 6.0; Windows XP)"
46.118.233.101 - - [28/Feb/2017:17:54:40 +0100] "GET / HTTP/1.1" 301 382 "https://www.tattooreligion.ru/" "Mozilla/4.0 (compatible; MSIE 6.0; Windows XP)"
46.118.233.101 - - [28/Feb/2017:17:54:40 +0100] "GET / HTTP/1.1" 301 382 "http://kinogolos.ru/" "Mozilla/4.0 (compatible; MSIE 6.0; Windows XP)"
46.118.233.101 - - [28/Feb/2017:17:54:40 +0100] "GET / HTTP/1.1" 301 382 "https://www.tattooreligion.ru/" "Mozilla/4.0 (compatible; MSIE 6.0; Windows XP)"
66.249.66.64 - - [28/Feb/2017:17:56:33 +0100] "GET /robots.txt HTTP/1.1" 301 394 "-" "Mozilla/5.0 (compatible; Googlebot/2.1; +http://www.google.com/bot.html)"
66.249.66.67 - - [28/Feb/2017:17:56:33 +0100] "GET / HTTP/1.1" 301 384 "-" "Mozilla/5.0 (compatible; Googlebot/2.1; +http://www.google.com/bot.html)"
37.115.184.221 - - [28/Feb/2017:18:35:27 +0100] "GET / HTTP/1.1" 301 382 "http://zarabotat-na-sajte.ru/" "Mozilla/4.0 (compatible; MSIE 6.0; Windows NT 5.1; SV1; YPC 3.0.2; .NET CLR 1.1.4322; yplus 4.4.02b)"
37.115.184.221 - - [28/Feb/2017:18:35:27 +0100] "GET / HTTP/1.1" 301 382 "http://zarabotat-na-sajte.ru/" "Mozilla/4.0 (compatible; MSIE 6.0; Windows NT 5.1; SV1; YPC 3.0.2; .NET CLR 1.1.4322; yplus 4.4.02b)"
37.115.184.221 - - [28/Feb/2017:18:35:28 +0100] "GET / HTTP/1.1" 301 382 "http://zarabotat-na-sajte.ru/" "Mozilla/4.0 (compatible; MSIE 6.0; Windows NT 5.1; SV1; YPC 3.0.2; .NET CLR 1.1.4322; yplus 4.4.02b)"
66.249.66.184 - - [28/Feb/2017:18:40:45 +0100] "GET / HTTP/1.1" 301 382 "-" "Mozilla/5.0 (compatible; Googlebot/2.1; +http://www.google.com/bot.html)"
66.249.66.184 - - [28/Feb/2017:19:50:14 +0100] "GET / HTTP/1.1" 301 374 "-" "Mozilla/5.0 (compatible; Googlebot/2.1; +http://www.google.com/bot.html)"
207.46.13.79 - - [28/Feb/2017:20:10:41 +0100] "GET / HTTP/1.1" 301 365 "-" "Mozilla/5.0 (iPhone; CPU iPhone OS 7_0 like Mac OS X) AppleWebKit/537.51.1 (KHTML, like Gecko) Version/7.0 Mobile/11A465 Safari/9537.53 (compatible; bingbot/2.0; +http://www.bing.com/bingbot.htm)"
66.249.66.38 - - [28/Feb/2017:20:47:04 +0100] "GET / HTTP/1.1" 301 367 "-" "Mozilla/5.0 (compatible; Googlebot/2.1; +http://www.google.com/bot.html)"
66.249.66.48 - - [28/Feb/2017:21:06:01 +0100] "GET / HTTP/1.1" 301 376 "-" "Mozilla/5.0 (compatible; Googlebot/2.1; +http://www.google.com/bot.html)"
207.46.13.79 - - [28/Feb/2017:21:14:17 +0100] "GET / HTTP/1.1" 301 365 "-" "Mozilla/5.0 (compatible; bingbot/2.0; +http://www.bing.com/bingbot.htm)"
66.249.66.126 - - [28/Feb/2017:21:50:14 +0100] "GET / HTTP/1.1" 301 384 "-" "Mozilla/5.0 (compatible; Googlebot/2.1; +http://www.google.com/bot.html)"
66.249.66.178 - - [28/Feb/2017:22:02:52 +0100] "GET / HTTP/1.1" 301 382 "-" "Mozilla/5.0 (compatible; Googlebot/2.1; +http://www.google.com/bot.html)"
66.249.66.181 - - [28/Feb/2017:22:02:52 +0100] "GET /robots.txt HTTP/1.1" 301 392 "-" "Mozilla/5.0 (compatible; Googlebot/2.1; +http://www.google.com/bot.html)"