66.249.78.26 - - [11/Jan/2015:16:02:46 +0100] "GET /robots.txt HTTP/1.1" 404 1256 "-" "Mozilla/5.0 (compatible; Googlebot/2.1; +http://www.google.com/bot.html)"
66.249.78.26 - - [11/Jan/2015:16:02:46 +0100] "GET / HTTP/1.1" 200 10166 "-" "SAMSUNG-SGH-E250/1.0 Profile/MIDP-2.0 Configuration/CLDC-1.1 UP.Browser/6.2.3.3.c.1.101 (GUI) MMP/2.0 (compatible; Googlebot-Mobile/2.1; +http://www.google.com/bot.html)"
79.228.244.194 - - [11/Jan/2015:17:47:28 +0100] "GET /favicon.ico HTTP/1.1" 404 1256 "-" "Dolphin http client/11.3.4(405) (Android)"
157.55.39.36 - - [11/Jan/2015:17:47:43 +0100] "GET /leistungen.html HTTP/1.1" 200 22732 "-" "Mozilla/5.0 (compatible; bingbot/2.0; +http://www.bing.com/bingbot.htm)"
207.46.13.88 - - [11/Jan/2015:17:48:05 +0100] "GET /img/pfeil-grau.gif HTTP/1.1" 200 73 "-" "Mozilla/5.0 (compatible; bingbot/2.0; +http://www.bing.com/bingbot.htm)"
207.46.13.88 - - [11/Jan/2015:17:48:05 +0100] "GET /js/Panel.js HTTP/1.1" 200 13072 "-" "Mozilla/5.0 (compatible; bingbot/2.0; +http://www.bing.com/bingbot.htm)"
157.55.39.131 - - [11/Jan/2015:17:48:27 +0100] "GET /css/Panel.css HTTP/1.1" 200 3497 "-" "Mozilla/5.0 (compatible; bingbot/2.0; +http://www.bing.com/bingbot.htm)"
157.55.39.131 - - [11/Jan/2015:17:48:27 +0100] "GET /img/HG_news.png HTTP/1.1" 200 212 "-" "Mozilla/5.0 (compatible; bingbot/2.0; +http://www.bing.com/bingbot.htm)"
157.55.39.131 - - [11/Jan/2015:17:48:28 +0100] "GET /img/hg.jpg HTTP/1.1" 200 44355 "-" "Mozilla/5.0 (compatible; bingbot/2.0; +http://www.bing.com/bingbot.htm)"
157.55.39.131 - - [11/Jan/2015:17:48:29 +0100] "GET /img/tbl_down.png HTTP/1.1" 200 197 "-" "Mozilla/5.0 (compatible; bingbot/2.0; +http://www.bing.com/bingbot.htm)"
157.55.39.131 - - [11/Jan/2015:17:48:29 +0100] "GET /img/tbl_left.png HTTP/1.1" 200 236 "-" "Mozilla/5.0 (compatible; bingbot/2.0; +http://www.bing.com/bingbot.htm)"
157.55.39.131 - - [11/Jan/2015:17:48:29 +0100] "GET /js/RunFLASH.js HTTP/1.1" 200 8029 "-" "Mozilla/5.0 (compatible; bingbot/2.0; +http://www.bing.com/bingbot.htm)"
157.55.39.36 - - [11/Jan/2015:17:48:50 +0100] "GET /img/hg_tbl.png HTTP/1.1" 200 190 "-" "Mozilla/5.0 (compatible; bingbot/2.0; +http://www.bing.com/bingbot.htm)"
157.55.39.36 - - [11/Jan/2015:17:48:50 +0100] "GET /img/pfeil.gif HTTP/1.1" 200 85 "-" "Mozilla/5.0 (compatible; bingbot/2.0; +http://www.bing.com/bingbot.htm)"
157.55.39.36 - - [11/Jan/2015:17:48:51 +0100] "GET /img/spacer.gif HTTP/1.1" 200 43 "-" "Mozilla/5.0 (compatible; bingbot/2.0; +http://www.bing.com/bingbot.htm)"
157.55.39.36 - - [11/Jan/2015:17:48:51 +0100] "GET /img/tbl_bottom.png HTTP/1.1" 200 168 "-" "Mozilla/5.0 (compatible; bingbot/2.0; +http://www.bing.com/bingbot.htm)"
157.55.39.36 - - [11/Jan/2015:17:48:51 +0100] "GET /img/tbl_right.png HTTP/1.1" 200 227 "-" "Mozilla/5.0 (compatible; bingbot/2.0; +http://www.bing.com/bingbot.htm)"
87.145.212.130 - - [11/Jan/2015:17:54:44 +0100] "GET / HTTP/1.1" 200 10166 "http://m.bigfinder.de/?c=ws&q=service&v=1" "Mozilla/5.0 (Windows; U; Windows NT 6.1; de; rv:1.9.2.8) Gecko/20100722 Firefox/3.6.8 GTB7.1"
80.187.103.189 - - [11/Jan/2015:18:23:33 +0100] "GET / HTTP/1.1" 200 10166 "https://www.google.de/" "Mozilla/5.0 (iPhone; CPU iPhone OS 8_2 like Mac OS X) AppleWebKit/600.1.4 (KHTML, like Gecko) Version/8.0 Mobile/12D5452a Safari/600.1.4"
80.187.103.189 - - [11/Jan/2015:18:23:33 +0100] "GET /Scripts/AC_RunActiveContent.js HTTP/1.1" 200 8029 "http://www.reisenweber-berlin.de/" "Mozilla/5.0 (iPhone; CPU iPhone OS 8_2 like Mac OS X) AppleWebKit/600.1.4 (KHTML, like Gecko) Version/8.0 Mobile/12D5452a Safari/600.1.4"
80.187.103.189 - - [11/Jan/2015:18:23:33 +0100] "GET /img/spacer.gif HTTP/1.1" 200 43 "http://www.reisenweber-berlin.de/" "Mozilla/5.0 (iPhone; CPU iPhone OS 8_2 like Mac OS X) AppleWebKit/600.1.4 (KHTML, like Gecko) Version/8.0 Mobile/12D5452a Safari/600.1.4"
80.187.103.189 - - [11/Jan/2015:18:23:33 +0100] "GET /css/style.css HTTP/1.1" 200 3765 "http://www.reisenweber-berlin.de/" "Mozilla/5.0 (iPhone; CPU iPhone OS 8_2 like Mac OS X) AppleWebKit/600.1.4 (KHTML, like Gecko) Version/8.0 Mobile/12D5452a Safari/600.1.4"
80.187.103.189 - - [11/Jan/2015:18:23:33 +0100] "GET /img/corner02.png HTTP/1.1" 200 190 "http://www.reisenweber-berlin.de/" "Mozilla/5.0 (iPhone; CPU iPhone OS 8_2 like Mac OS X) AppleWebKit/600.1.4 (KHTML, like Gecko) Version/8.0 Mobile/12D5452a Safari/600.1.4"
80.187.103.189 - - [11/Jan/2015:18:23:33 +0100] "GET /img/pfeil.gif HTTP/1.1" 200 85 "http://www.reisenweber-berlin.de/" "Mozilla/5.0 (iPhone; CPU iPhone OS 8_2 like Mac OS X) AppleWebKit/600.1.4 (KHTML, like Gecko) Version/8.0 Mobile/12D5452a Safari/600.1.4"
80.187.103.189 - - [11/Jan/2015:18:23:33 +0100] "GET /img/corner01.png HTTP/1.1" 200 163 "http://www.reisenweber-berlin.de/" "Mozilla/5.0 (iPhone; CPU iPhone OS 8_2 like Mac OS X) AppleWebKit/600.1.4 (KHTML, like Gecko) Version/8.0 Mobile/12D5452a Safari/600.1.4"
80.187.103.189 - - [11/Jan/2015:18:23:33 +0100] "GET /img/pfeil-grau.gif HTTP/1.1" 200 73 "http://www.reisenweber-berlin.de/" "Mozilla/5.0 (iPhone; CPU iPhone OS 8_2 like Mac OS X) AppleWebKit/600.1.4 (KHTML, like Gecko) Version/8.0 Mobile/12D5452a Safari/600.1.4"
80.187.103.189 - - [11/Jan/2015:18:23:33 +0100] "GET /img/corner03.png HTTP/1.1" 200 266 "http://www.reisenweber-berlin.de/" "Mozilla/5.0 (iPhone; CPU iPhone OS 8_2 like Mac OS X) AppleWebKit/600.1.4 (KHTML, like Gecko) Version/8.0 Mobile/12D5452a Safari/600.1.4"
80.187.103.189 - - [11/Jan/2015:18:23:33 +0100] "GET /img/corner04.png HTTP/1.1" 200 203 "http://www.reisenweber-berlin.de/" "Mozilla/5.0 (iPhone; CPU iPhone OS 8_2 like Mac OS X) AppleWebKit/600.1.4 (KHTML, like Gecko) Version/8.0 Mobile/12D5452a Safari/600.1.4"
80.187.103.189 - - [11/Jan/2015:18:23:34 +0100] "GET /Scripts/AC_ActiveX.js HTTP/1.1" 200 2068 "http://www.reisenweber-berlin.de/" "Mozilla/5.0 (iPhone; CPU iPhone OS 8_2 like Mac OS X) AppleWebKit/600.1.4 (KHTML, like Gecko) Version/8.0 Mobile/12D5452a Safari/600.1.4"
80.187.103.189 - - [11/Jan/2015:18:23:34 +0100] "GET /img/tbl_bottom.png HTTP/1.1" 200 168 "http://www.reisenweber-berlin.de/" "Mozilla/5.0 (iPhone; CPU iPhone OS 8_2 like Mac OS X) AppleWebKit/600.1.4 (KHTML, like Gecko) Version/8.0 Mobile/12D5452a Safari/600.1.4"
80.187.103.189 - - [11/Jan/2015:18:23:34 +0100] "GET /img/tbl_left.png HTTP/1.1" 200 236 "http://www.reisenweber-berlin.de/" "Mozilla/5.0 (iPhone; CPU iPhone OS 8_2 like Mac OS X) AppleWebKit/600.1.4 (KHTML, like Gecko) Version/8.0 Mobile/12D5452a Safari/600.1.4"
80.187.103.189 - - [11/Jan/2015:18:23:34 +0100] "GET /img/tbl_down.png HTTP/1.1" 200 197 "http://www.reisenweber-berlin.de/" "Mozilla/5.0 (iPhone; CPU iPhone OS 8_2 like Mac OS X) AppleWebKit/600.1.4 (KHTML, like Gecko) Version/8.0 Mobile/12D5452a Safari/600.1.4"
80.187.103.189 - - [11/Jan/2015:18:23:34 +0100] "GET /img/hg_tbl.png HTTP/1.1" 200 190 "http://www.reisenweber-berlin.de/" "Mozilla/5.0 (iPhone; CPU iPhone OS 8_2 like Mac OS X) AppleWebKit/600.1.4 (KHTML, like Gecko) Version/8.0 Mobile/12D5452a Safari/600.1.4"
80.187.103.189 - - [11/Jan/2015:18:23:34 +0100] "GET /img/HG_news.png HTTP/1.1" 200 212 "http://www.reisenweber-berlin.de/" "Mozilla/5.0 (iPhone; CPU iPhone OS 8_2 like Mac OS X) AppleWebKit/600.1.4 (KHTML, like Gecko) Version/8.0 Mobile/12D5452a Safari/600.1.4"
80.187.103.189 - - [11/Jan/2015:18:23:34 +0100] "GET /img/hg.jpg HTTP/1.1" 200 44355 "http://www.reisenweber-berlin.de/" "Mozilla/5.0 (iPhone; CPU iPhone OS 8_2 like Mac OS X) AppleWebKit/600.1.4 (KHTML, like Gecko) Version/8.0 Mobile/12D5452a Safari/600.1.4"
80.187.103.189 - - [11/Jan/2015:18:23:35 +0100] "GET /img/FACEBOOK.png HTTP/1.1" 200 1159 "http://www.reisenweber-berlin.de/" "Mozilla/5.0 (iPhone; CPU iPhone OS 8_2 like Mac OS X) AppleWebKit/600.1.4 (KHTML, like Gecko) Version/8.0 Mobile/12D5452a Safari/600.1.4"
80.187.103.189 - - [11/Jan/2015:18:23:35 +0100] "GET /img/tbl_right.png HTTP/1.1" 200 227 "http://www.reisenweber-berlin.de/" "Mozilla/5.0 (iPhone; CPU iPhone OS 8_2 like Mac OS X) AppleWebKit/600.1.4 (KHTML, like Gecko) Version/8.0 Mobile/12D5452a Safari/600.1.4"
80.187.103.189 - - [11/Jan/2015:18:23:39 +0100] "GET /apple-touch-icon-120x120-precomposed.png HTTP/1.1" 404 1256 "-" "MobileSafari/600.1.4 CFNetwork/711.2.18 Darwin/14.0.0"
80.187.103.189 - - [11/Jan/2015:18:23:39 +0100] "GET /apple-touch-icon-120x120.png HTTP/1.1" 404 1256 "-" "MobileSafari/600.1.4 CFNetwork/711.2.18 Darwin/14.0.0"
80.187.103.189 - - [11/Jan/2015:18:23:39 +0100] "GET /apple-touch-icon.png HTTP/1.1" 404 1256 "-" "MobileSafari/600.1.4 CFNetwork/711.2.18 Darwin/14.0.0"
199.30.25.186 - - [11/Jan/2015:18:48:59 +0100] "GET /reisenweber_ani.swf HTTP/1.1" 200 60314 "http://www.reisenweber-berlin.de/reisenweber_ani.swf" "Mozilla/5.0 (Windows NT 6.1; WOW64) AppleWebKit/534+ (KHTML, like Gecko) BingPreview/1.0b"
199.30.25.186 - - [11/Jan/2015:18:49:02 +0100] "GET /pics/1.jpg HTTP/1.1" 200 104529 "http://www.reisenweber-berlin.de/reisenweber_ani.swf" "Mozilla/5.0 (Windows NT 6.1; WOW64) AppleWebKit/534+ (KHTML, like Gecko) BingPreview/1.0b"
79.228.244.194 - - [11/Jan/2015:18:49:22 +0100] "GET /favicon.ico HTTP/1.1" 404 1256 "-" "Dolphin http client/11.3.4(405) (Android)"
66.249.78.26 - - [11/Jan/2015:18:56:47 +0100] "GET /css/lightbox.css HTTP/1.1" 200 3470 "-" "Mozilla/5.0 (compatible; Googlebot/2.1; +http://www.google.com/bot.html)"
66.249.64.59 - - [11/Jan/2015:19:02:48 +0100] "GET /js/prototype.js HTTP/1.1" 200 47603 "-" "Mozilla/5.0 (compatible; Googlebot/2.1; +http://www.google.com/bot.html)"
162.243.27.245 - - [11/Jan/2015:19:27:25 +0100] "GET /robots.txt HTTP/1.1" 404 1256 "-" "Mozilla/5.0 (compatible; spbot/4.4.2; +http://OpenLinkProfiler.org/bot )"
162.243.27.245 - - [11/Jan/2015:19:27:27 +0100] "GET / HTTP/1.1" 200 10166 "-" "Mozilla/5.0 (compatible; spbot/4.4.2; +http://OpenLinkProfiler.org/bot )"
162.243.27.245 - - [11/Jan/2015:19:27:28 +0100] "GET /uns.html HTTP/1.1" 200 8136 "http://www.reisenweber-berlin.de/" "Mozilla/5.0 (compatible; spbot/4.4.2; +http://OpenLinkProfiler.org/bot )"
162.243.27.245 - - [11/Jan/2015:19:27:30 +0100] "GET /links.html HTTP/1.1" 200 8359 "http://www.reisenweber-berlin.de/" "Mozilla/5.0 (compatible; spbot/4.4.2; +http://OpenLinkProfiler.org/bot )"
162.243.27.245 - - [11/Jan/2015:19:27:35 +0100] "GET /index.html HTTP/1.1" 200 10166 "http://www.reisenweber-berlin.de/uns.html" "Mozilla/5.0 (compatible; spbot/4.4.2; +http://OpenLinkProfiler.org/bot )"
162.243.27.245 - - [11/Jan/2015:19:27:40 +0100] "GET /kontakt.html HTTP/1.1" 200 13504 "http://www.reisenweber-berlin.de/" "Mozilla/5.0 (compatible; spbot/4.4.2; +http://OpenLinkProfiler.org/bot )"
162.243.27.245 - - [11/Jan/2015:19:27:45 +0100] "GET /produkte.html HTTP/1.1" 200 8603 "http://www.reisenweber-berlin.de/" "Mozilla/5.0 (compatible; spbot/4.4.2; +http://OpenLinkProfiler.org/bot )"
162.243.27.245 - - [11/Jan/2015:19:27:49 +0100] "GET /aktuelles.html HTTP/1.1" 200 12665 "http://www.reisenweber-berlin.de/" "Mozilla/5.0 (compatible; spbot/4.4.2; +http://OpenLinkProfiler.org/bot )"
162.243.27.245 - - [11/Jan/2015:19:27:55 +0100] "GET /leistungen.html HTTP/1.1" 200 22732 "http://www.reisenweber-berlin.de/" "Mozilla/5.0 (compatible; spbot/4.4.2; +http://OpenLinkProfiler.org/bot )"
162.243.27.245 - - [11/Jan/2015:19:28:00 +0100] "GET /haare.html HTTP/1.1" 200 19348 "http://www.reisenweber-berlin.de/leistungen.html" "Mozilla/5.0 (compatible; spbot/4.4.2; +http://OpenLinkProfiler.org/bot )"
162.243.27.245 - - [11/Jan/2015:19:28:04 +0100] "GET /kosmetik.html HTTP/1.1" 200 12007 "http://www.reisenweber-berlin.de/leistungen.html" "Mozilla/5.0 (compatible; spbot/4.4.2; +http://OpenLinkProfiler.org/bot )"
162.243.27.245 - - [11/Jan/2015:19:28:11 +0100] "GET /philosophie.html HTTP/1.1" 200 8754 "http://www.reisenweber-berlin.de/uns.html" "Mozilla/5.0 (compatible; spbot/4.4.2; +http://OpenLinkProfiler.org/bot )"
66.249.78.26 - - [11/Jan/2015:20:44:49 +0100] "GET / HTTP/1.1" 200 10166 "-" "Mozilla/5.0 (iPhone; CPU iPhone OS 6_0 like Mac OS X) AppleWebKit/536.26 (KHTML, like Gecko) Version/6.0 Mobile/10A5376e Safari/8536.25 (compatible; Googlebot/2.1; +http://www.google.com/bot.html)"
93.219.182.128 - - [11/Jan/2015:20:54:43 +0100] "GET /kontakt.html HTTP/1.1" 200 13504 "-" "Mozilla/5.0 (Windows; U; Windows NT 6.0; de; rv:1.9.2.3) Gecko/20100401 Firefox/3.6.3 ( .NET CLR 3.5.30729)"
93.219.182.128 - - [11/Jan/2015:21:10:27 +0100] "GET /uns.html HTTP/1.1" 200 8136 "-" "Mozilla/5.0 (Windows; U; Windows NT 6.0; de; rv:1.9.2.3) Gecko/20100401 Firefox/3.6.3 ( .NET CLR 3.5.30729)"
37.59.55.128 - - [11/Jan/2015:21:46:02 +0100] "GET /robots.txt HTTP/1.0" 404 1256 "-" "Python-urllib/1.17"
37.59.55.128 - - [11/Jan/2015:21:46:02 +0100] "GET / HTTP/1.1" 206 10166 "-" "Mozilla/5.0 (compatible; SISTRIX Crawler; http://crawler.sistrix.net/)"
37.59.55.128 - - [11/Jan/2015:21:46:03 +0100] "GET / HTTP/1.1" 206 10166 "-" "Mozilla/5.0 (compatible; SISTRIX Crawler; http://crawler.sistrix.net/)"
160.83.30.178 - - [11/Jan/2015:22:13:56 +0100] "GET / HTTP/1.1" 200 10166 "http://www.google.de/url?url=http://www.reisenweber-berlin.de/&rct=j&frm=1&q=&esrc=s&sa=U&ei=LeeyVJaCBMLzPLDMgLAD&ved=0CBgQFjAA&usg=AFQjCNG2qNrz70LMaPPuLae09hlJhDWJTQ" "Mozilla/4.0 (compatible; MSIE 8.0; Windows NT 6.1; WOW64; Trident/4.0; SLCC2; .NET CLR 2.0.50727; .NET CLR 3.5.30729; .NET CLR 3.0.30729; .NET4.0C; .NET4.0E)"
160.83.30.178 - - [11/Jan/2015:22:13:56 +0100] "GET /css/style.css HTTP/1.1" 200 3765 "http://www.reisenweber-berlin.de/" "Mozilla/4.0 (compatible; MSIE 8.0; Windows NT 6.1; WOW64; Trident/4.0; SLCC2; .NET CLR 2.0.50727; .NET CLR 3.5.30729; .NET CLR 3.0.30729; .NET4.0C; .NET4.0E)"
160.83.30.178 - - [11/Jan/2015:22:13:56 +0100] "GET /Scripts/AC_RunActiveContent.js HTTP/1.1" 200 8029 "http://www.reisenweber-berlin.de/" "Mozilla/4.0 (compatible; MSIE 8.0; Windows NT 6.1; WOW64; Trident/4.0; SLCC2; .NET CLR 2.0.50727; .NET CLR 3.5.30729; .NET CLR 3.0.30729; .NET4.0C; .NET4.0E)"
160.83.30.178 - - [11/Jan/2015:22:13:56 +0100] "GET /Scripts/AC_ActiveX.js HTTP/1.1" 304 - "http://www.reisenweber-berlin.de/" "Mozilla/4.0 (compatible; MSIE 8.0; Windows NT 6.1; WOW64; Trident/4.0; SLCC2; .NET CLR 2.0.50727; .NET CLR 3.5.30729; .NET CLR 3.0.30729; .NET4.0C; .NET4.0E)"
160.83.30.178 - - [11/Jan/2015:22:13:56 +0100] "GET /img/spacer.gif HTTP/1.1" 304 - "http://www.reisenweber-berlin.de/" "Mozilla/4.0 (compatible; MSIE 8.0; Windows NT 6.1; WOW64; Trident/4.0; SLCC2; .NET CLR 2.0.50727; .NET CLR 3.5.30729; .NET CLR 3.0.30729; .NET4.0C; .NET4.0E)"
160.83.30.178 - - [11/Jan/2015:22:13:56 +0100] "GET /img/hg.jpg HTTP/1.1" 200 44355 "http://www.reisenweber-berlin.de/" "Mozilla/4.0 (compatible; MSIE 8.0; Windows NT 6.1; WOW64; Trident/4.0; SLCC2; .NET CLR 2.0.50727; .NET CLR 3.5.30729; .NET CLR 3.0.30729; .NET4.0C; .NET4.0E)"
160.83.30.178 - - [11/Jan/2015:22:13:57 +0100] "GET /img/pfeil-grau.gif HTTP/1.1" 200 73 "http://www.reisenweber-berlin.de/" "Mozilla/4.0 (compatible; MSIE 8.0; Windows NT 6.1; WOW64; Trident/4.0; SLCC2; .NET CLR 2.0.50727; .NET CLR 3.5.30729; .NET CLR 3.0.30729; .NET4.0C; .NET4.0E)"
160.83.30.178 - - [11/Jan/2015:22:13:57 +0100] "GET /img/corner01.png HTTP/1.1" 200 163 "http://www.reisenweber-berlin.de/" "Mozilla/4.0 (compatible; MSIE 8.0; Windows NT 6.1; WOW64; Trident/4.0; SLCC2; .NET CLR 2.0.50727; .NET CLR 3.5.30729; .NET CLR 3.0.30729; .NET4.0C; .NET4.0E)"
160.83.30.178 - - [11/Jan/2015:22:13:57 +0100] "GET /img/corner03.png HTTP/1.1" 200 266 "http://www.reisenweber-berlin.de/" "Mozilla/4.0 (compatible; MSIE 8.0; Windows NT 6.1; WOW64; Trident/4.0; SLCC2; .NET CLR 2.0.50727; .NET CLR 3.5.30729; .NET CLR 3.0.30729; .NET4.0C; .NET4.0E)"
160.83.30.178 - - [11/Jan/2015:22:13:57 +0100] "GET /img/corner02.png HTTP/1.1" 200 190 "http://www.reisenweber-berlin.de/" "Mozilla/4.0 (compatible; MSIE 8.0; Windows NT 6.1; WOW64; Trident/4.0; SLCC2; .NET CLR 2.0.50727; .NET CLR 3.5.30729; .NET CLR 3.0.30729; .NET4.0C; .NET4.0E)"
160.83.30.178 - - [11/Jan/2015:22:13:57 +0100] "GET /reisenweber_ani.swf HTTP/1.1" 200 60314 "http://www.reisenweber-berlin.de/" "Mozilla/4.0 (compatible; MSIE 8.0; Windows NT 6.1; WOW64; Trident/4.0; SLCC2; .NET CLR 2.0.50727; .NET CLR 3.5.30729; .NET CLR 3.0.30729; .NET4.0C; .NET4.0E)"
160.83.30.178 - - [11/Jan/2015:22:13:57 +0100] "GET /img/pfeil.gif HTTP/1.1" 200 85 "http://www.reisenweber-berlin.de/" "Mozilla/4.0 (compatible; MSIE 8.0; Windows NT 6.1; WOW64; Trident/4.0; SLCC2; .NET CLR 2.0.50727; .NET CLR 3.5.30729; .NET CLR 3.0.30729; .NET4.0C; .NET4.0E)"
160.83.30.178 - - [11/Jan/2015:22:13:57 +0100] "GET /img/tbl_bottom.png HTTP/1.1" 200 168 "http://www.reisenweber-berlin.de/" "Mozilla/4.0 (compatible; MSIE 8.0; Windows NT 6.1; WOW64; Trident/4.0; SLCC2; .NET CLR 2.0.50727; .NET CLR 3.5.30729; .NET CLR 3.0.30729; .NET4.0C; .NET4.0E)"
160.83.30.178 - - [11/Jan/2015:22:13:57 +0100] "GET /img/hg_tbl.png HTTP/1.1" 200 190 "http://www.reisenweber-berlin.de/" "Mozilla/4.0 (compatible; MSIE 8.0; Windows NT 6.1; WOW64; Trident/4.0; SLCC2; .NET CLR 2.0.50727; .NET CLR 3.5.30729; .NET CLR 3.0.30729; .NET4.0C; .NET4.0E)"
160.83.30.178 - - [11/Jan/2015:22:13:57 +0100] "GET /img/HG_news.png HTTP/1.1" 304 - "http://www.reisenweber-berlin.de/" "Mozilla/4.0 (compatible; MSIE 8.0; Windows NT 6.1; WOW64; Trident/4.0; SLCC2; .NET CLR 2.0.50727; .NET CLR 3.5.30729; .NET CLR 3.0.30729; .NET4.0C; .NET4.0E)"
160.83.30.178 - - [11/Jan/2015:22:13:57 +0100] "GET /img/tbl_left.png HTTP/1.1" 304 - "http://www.reisenweber-berlin.de/" "Mozilla/4.0 (compatible; MSIE 8.0; Windows NT 6.1; WOW64; Trident/4.0; SLCC2; .NET CLR 2.0.50727; .NET CLR 3.5.30729; .NET CLR 3.0.30729; .NET4.0C; .NET4.0E)"
160.83.30.178 - - [11/Jan/2015:22:13:57 +0100] "GET /img/tbl_right.png HTTP/1.1" 200 227 "http://www.reisenweber-berlin.de/" "Mozilla/4.0 (compatible; MSIE 8.0; Windows NT 6.1; WOW64; Trident/4.0; SLCC2; .NET CLR 2.0.50727; .NET CLR 3.5.30729; .NET CLR 3.0.30729; .NET4.0C; .NET4.0E)"
160.83.30.178 - - [11/Jan/2015:22:13:57 +0100] "GET /img/tbl_down.png HTTP/1.1" 200 197 "http://www.reisenweber-berlin.de/" "Mozilla/4.0 (compatible; MSIE 8.0; Windows NT 6.1; WOW64; Trident/4.0; SLCC2; .NET CLR 2.0.50727; .NET CLR 3.5.30729; .NET CLR 3.0.30729; .NET4.0C; .NET4.0E)"
160.83.30.178 - - [11/Jan/2015:22:13:57 +0100] "GET /img/corner04.png HTTP/1.1" 200 203 "http://www.reisenweber-berlin.de/" "Mozilla/4.0 (compatible; MSIE 8.0; Windows NT 6.1; WOW64; Trident/4.0; SLCC2; .NET CLR 2.0.50727; .NET CLR 3.5.30729; .NET CLR 3.0.30729; .NET4.0C; .NET4.0E)"
160.83.30.178 - - [11/Jan/2015:22:13:57 +0100] "GET /img/FACEBOOK.png HTTP/1.1" 200 1159 "http://www.reisenweber-berlin.de/" "Mozilla/4.0 (compatible; MSIE 8.0; Windows NT 6.1; WOW64; Trident/4.0; SLCC2; .NET CLR 2.0.50727; .NET CLR 3.5.30729; .NET CLR 3.0.30729; .NET4.0C; .NET4.0E)"
160.83.30.178 - - [11/Jan/2015:22:13:57 +0100] "GET /favicon.ico HTTP/1.1" 404 1256 "-" "Mozilla/4.0 (compatible; MSIE 8.0; Windows NT 6.1; WOW64; Trident/4.0; SLCC2; .NET CLR 2.0.50727; .NET CLR 3.5.30729; .NET CLR 3.0.30729; .NET4.0C; .NET4.0E)"
160.83.30.178 - - [11/Jan/2015:22:13:57 +0100] "GET /pics/1.jpg HTTP/1.1" 200 104529 "http://www.reisenweber-berlin.de/reisenweber_ani.swf" "Mozilla/4.0 (compatible; MSIE 8.0; Windows NT 6.1; WOW64; Trident/4.0; SLCC2; .NET CLR 2.0.50727; .NET CLR 3.5.30729; .NET CLR 3.0.30729; .NET4.0C; .NET4.0E)"
160.83.30.178 - - [11/Jan/2015:22:15:42 +0100] "GET /pics/2.jpg HTTP/1.1" 304 - "http://www.reisenweber-berlin.de/reisenweber_ani.swf" "Mozilla/4.0 (compatible; MSIE 8.0; Windows NT 6.1; WOW64; Trident/4.0; SLCC2; .NET CLR 2.0.50727; .NET CLR 3.5.30729; .NET CLR 3.0.30729; .NET4.0C; .NET4.0E)"
160.83.30.178 - - [11/Jan/2015:22:16:16 +0100] "GET /leistungen.html HTTP/1.1" 200 22732 "http://www.reisenweber-berlin.de/" "Mozilla/4.0 (compatible; MSIE 8.0; Windows NT 6.1; WOW64; Trident/4.0; SLCC2; .NET CLR 2.0.50727; .NET CLR 3.5.30729; .NET CLR 3.0.30729; .NET4.0C; .NET4.0E)"
160.83.30.178 - - [11/Jan/2015:22:16:16 +0100] "GET /js/Panel.js HTTP/1.1" 200 13072 "http://www.reisenweber-berlin.de/leistungen.html" "Mozilla/4.0 (compatible; MSIE 8.0; Windows NT 6.1; WOW64; Trident/4.0; SLCC2; .NET CLR 2.0.50727; .NET CLR 3.5.30729; .NET CLR 3.0.30729; .NET4.0C; .NET4.0E)"
160.83.30.178 - - [11/Jan/2015:22:16:16 +0100] "GET /css/Panel.css HTTP/1.1" 200 3497 "http://www.reisenweber-berlin.de/leistungen.html" "Mozilla/4.0 (compatible; MSIE 8.0; Windows NT 6.1; WOW64; Trident/4.0; SLCC2; .NET CLR 2.0.50727; .NET CLR 3.5.30729; .NET CLR 3.0.30729; .NET4.0C; .NET4.0E)"
160.83.30.178 - - [11/Jan/2015:22:16:16 +0100] "GET /js/RunFLASH.js HTTP/1.1" 200 8029 "http://www.reisenweber-berlin.de/leistungen.html" "Mozilla/4.0 (compatible; MSIE 8.0; Windows NT 6.1; WOW64; Trident/4.0; SLCC2; .NET CLR 2.0.50727; .NET CLR 3.5.30729; .NET CLR 3.0.30729; .NET4.0C; .NET4.0E)"
160.83.30.178 - - [11/Jan/2015:22:16:17 +0100] "GET /favicon.ico HTTP/1.1" 404 1256 "-" "Mozilla/4.0 (compatible; MSIE 8.0; Windows NT 6.1; WOW64; Trident/4.0; SLCC2; .NET CLR 2.0.50727; .NET CLR 3.5.30729; .NET CLR 3.0.30729; .NET4.0C; .NET4.0E)"
160.83.30.178 - - [11/Jan/2015:22:16:31 +0100] "GET /pics/3.jpg HTTP/1.1" 200 149645 "http://www.reisenweber-berlin.de/reisenweber_ani.swf" "Mozilla/4.0 (compatible; MSIE 8.0; Windows NT 6.1; WOW64; Trident/4.0; SLCC2; .NET CLR 2.0.50727; .NET CLR 3.5.30729; .NET CLR 3.0.30729; .NET4.0C; .NET4.0E)"
160.83.30.178 - - [11/Jan/2015:22:16:39 +0100] "GET /pics/4.jpg HTTP/1.1" 304 - "http://www.reisenweber-berlin.de/reisenweber_ani.swf" "Mozilla/4.0 (compatible; MSIE 8.0; Windows NT 6.1; WOW64; Trident/4.0; SLCC2; .NET CLR 2.0.50727; .NET CLR 3.5.30729; .NET CLR 3.0.30729; .NET4.0C; .NET4.0E)"
160.83.30.178 - - [11/Jan/2015:22:16:46 +0100] "GET /pics/5.jpg HTTP/1.1" 200 134687 "http://www.reisenweber-berlin.de/reisenweber_ani.swf" "Mozilla/4.0 (compatible; MSIE 8.0; Windows NT 6.1; WOW64; Trident/4.0; SLCC2; .NET CLR 2.0.50727; .NET CLR 3.5.30729; .NET CLR 3.0.30729; .NET4.0C; .NET4.0E)"
160.83.30.178 - - [11/Jan/2015:22:16:55 +0100] "GET /uns.html HTTP/1.1" 304 - "http://www.reisenweber-berlin.de/leistungen.html" "Mozilla/4.0 (compatible; MSIE 8.0; Windows NT 6.1; WOW64; Trident/4.0; SLCC2; .NET CLR 2.0.50727; .NET CLR 3.5.30729; .NET CLR 3.0.30729; .NET4.0C; .NET4.0E)"
160.83.30.178 - - [11/Jan/2015:22:16:55 +0100] "GET /css/lightbox.css HTTP/1.1" 200 3470 "http://www.reisenweber-berlin.de/uns.html" "Mozilla/4.0 (compatible; MSIE 8.0; Windows NT 6.1; WOW64; Trident/4.0; SLCC2; .NET CLR 2.0.50727; .NET CLR 3.5.30729; .NET CLR 3.0.30729; .NET4.0C; .NET4.0E)"
160.83.30.178 - - [11/Jan/2015:22:16:55 +0100] "GET /js/scriptaculous.js?load=effects HTTP/1.1" 200 2152 "http://www.reisenweber-berlin.de/uns.html" "Mozilla/4.0 (compatible; MSIE 8.0; Windows NT 6.1; WOW64; Trident/4.0; SLCC2; .NET CLR 2.0.50727; .NET CLR 3.5.30729; .NET CLR 3.0.30729; .NET4.0C; .NET4.0E)"
160.83.30.178 - - [11/Jan/2015:22:16:55 +0100] "GET /js/lightbox.js HTTP/1.1" 304 - "http://www.reisenweber-berlin.de/uns.html" "Mozilla/4.0 (compatible; MSIE 8.0; Windows NT 6.1; WOW64; Trident/4.0; SLCC2; .NET CLR 2.0.50727; .NET CLR 3.5.30729; .NET CLR 3.0.30729; .NET4.0C; .NET4.0E)"
160.83.30.178 - - [11/Jan/2015:22:16:55 +0100] "GET /js/prototype.js HTTP/1.1" 200 47603 "http://www.reisenweber-berlin.de/uns.html" "Mozilla/4.0 (compatible; MSIE 8.0; Windows NT 6.1; WOW64; Trident/4.0; SLCC2; .NET CLR 2.0.50727; .NET CLR 3.5.30729; .NET CLR 3.0.30729; .NET4.0C; .NET4.0E)"
160.83.30.178 - - [11/Jan/2015:22:16:56 +0100] "GET /js/effects.js HTTP/1.1" 200 31969 "http://www.reisenweber-berlin.de/uns.html" "Mozilla/4.0 (compatible; MSIE 8.0; Windows NT 6.1; WOW64; Trident/4.0; SLCC2; .NET CLR 2.0.50727; .NET CLR 3.5.30729; .NET CLR 3.0.30729; .NET4.0C; .NET4.0E)"
160.83.30.178 - - [11/Jan/2015:22:16:56 +0100] "GET /img/damen-01.jpg HTTP/1.1" 200 6620 "http://www.reisenweber-berlin.de/uns.html" "Mozilla/4.0 (compatible; MSIE 8.0; Windows NT 6.1; WOW64; Trident/4.0; SLCC2; .NET CLR 2.0.50727; .NET CLR 3.5.30729; .NET CLR 3.0.30729; .NET4.0C; .NET4.0E)"
160.83.30.178 - - [11/Jan/2015:22:16:56 +0100] "GET /img/damen-02.jpg HTTP/1.1" 200 6682 "http://www.reisenweber-berlin.de/uns.html" "Mozilla/4.0 (compatible; MSIE 8.0; Windows NT 6.1; WOW64; Trident/4.0; SLCC2; .NET CLR 2.0.50727; .NET CLR 3.5.30729; .NET CLR 3.0.30729; .NET4.0C; .NET4.0E)"
160.83.30.178 - - [11/Jan/2015:22:16:56 +0100] "GET /img/damen-04.jpg HTTP/1.1" 200 5998 "http://www.reisenweber-berlin.de/uns.html" "Mozilla/4.0 (compatible; MSIE 8.0; Windows NT 6.1; WOW64; Trident/4.0; SLCC2; .NET CLR 2.0.50727; .NET CLR 3.5.30729; .NET CLR 3.0.30729; .NET4.0C; .NET4.0E)"
160.83.30.178 - - [11/Jan/2015:22:16:56 +0100] "GET /img/laden.jpg HTTP/1.1" 200 25856 "http://www.reisenweber-berlin.de/uns.html" "Mozilla/4.0 (compatible; MSIE 8.0; Windows NT 6.1; WOW64; Trident/4.0; SLCC2; .NET CLR 2.0.50727; .NET CLR 3.5.30729; .NET CLR 3.0.30729; .NET4.0C; .NET4.0E)"
160.83.30.178 - - [11/Jan/2015:22:16:56 +0100] "GET /img/damen-03.jpg HTTP/1.1" 200 6156 "http://www.reisenweber-berlin.de/uns.html" "Mozilla/4.0 (compatible; MSIE 8.0; Windows NT 6.1; WOW64; Trident/4.0; SLCC2; .NET CLR 2.0.50727; .NET CLR 3.5.30729; .NET CLR 3.0.30729; .NET4.0C; .NET4.0E)"
160.83.30.178 - - [11/Jan/2015:22:16:56 +0100] "GET /images/close.png HTTP/1.1" 200 3137 "http://www.reisenweber-berlin.de/uns.html" "Mozilla/4.0 (compatible; MSIE 8.0; Windows NT 6.1; WOW64; Trident/4.0; SLCC2; .NET CLR 2.0.50727; .NET CLR 3.5.30729; .NET CLR 3.0.30729; .NET4.0C; .NET4.0E)"
160.83.30.178 - - [11/Jan/2015:22:16:56 +0100] "GET /images/loading.gif HTTP/1.1" 304 - "http://www.reisenweber-berlin.de/uns.html" "Mozilla/4.0 (compatible; MSIE 8.0; Windows NT 6.1; WOW64; Trident/4.0; SLCC2; .NET CLR 2.0.50727; .NET CLR 3.5.30729; .NET CLR 3.0.30729; .NET4.0C; .NET4.0E)"
160.83.30.178 - - [11/Jan/2015:22:17:02 +0100] "GET /img/damen-03-GR.jpg HTTP/1.1" 200 68508 "http://www.reisenweber-berlin.de/uns.html" "Mozilla/4.0 (compatible; MSIE 8.0; Windows NT 6.1; WOW64; Trident/4.0; SLCC2; .NET CLR 2.0.50727; .NET CLR 3.5.30729; .NET CLR 3.0.30729; .NET4.0C; .NET4.0E)"
160.83.30.178 - - [11/Jan/2015:22:17:02 +0100] "GET /img/damen-04-GR.jpg HTTP/1.1" 200 67056 "http://www.reisenweber-berlin.de/uns.html" "Mozilla/4.0 (compatible; MSIE 8.0; Windows NT 6.1; WOW64; Trident/4.0; SLCC2; .NET CLR 2.0.50727; .NET CLR 3.5.30729; .NET CLR 3.0.30729; .NET4.0C; .NET4.0E)"
160.83.30.178 - - [11/Jan/2015:22:17:02 +0100] "GET /images/blank.gif HTTP/1.1" 404 1256 "http://www.reisenweber-berlin.de/uns.html" "Mozilla/4.0 (compatible; MSIE 8.0; Windows NT 6.1; WOW64; Trident/4.0; SLCC2; .NET CLR 2.0.50727; .NET CLR 3.5.30729; .NET CLR 3.0.30729; .NET4.0C; .NET4.0E)"
160.83.30.178 - - [11/Jan/2015:22:17:02 +0100] "GET /img/damen-02-GR.jpg HTTP/1.1" 200 58041 "http://www.reisenweber-berlin.de/uns.html" "Mozilla/4.0 (compatible; MSIE 8.0; Windows NT 6.1; WOW64; Trident/4.0; SLCC2; .NET CLR 2.0.50727; .NET CLR 3.5.30729; .NET CLR 3.0.30729; .NET4.0C; .NET4.0E)"
160.83.30.178 - - [11/Jan/2015:22:17:05 +0100] "GET /images/prev.gif HTTP/1.1" 200 220 "http://www.reisenweber-berlin.de/uns.html" "Mozilla/4.0 (compatible; MSIE 8.0; Windows NT 6.1; WOW64; Trident/4.0; SLCC2; .NET CLR 2.0.50727; .NET CLR 3.5.30729; .NET CLR 3.0.30729; .NET4.0C; .NET4.0E)"
160.83.30.178 - - [11/Jan/2015:22:17:11 +0100] "GET /img/damen-01-GR.jpg HTTP/1.1" 200 77620 "http://www.reisenweber-berlin.de/uns.html" "Mozilla/4.0 (compatible; MSIE 8.0; Windows NT 6.1; WOW64; Trident/4.0; SLCC2; .NET CLR 2.0.50727; .NET CLR 3.5.30729; .NET CLR 3.0.30729; .NET4.0C; .NET4.0E)"
160.83.30.178 - - [11/Jan/2015:22:17:12 +0100] "GET /images/next.gif HTTP/1.1" 200 231 "http://www.reisenweber-berlin.de/uns.html" "Mozilla/4.0 (compatible; MSIE 8.0; Windows NT 6.1; WOW64; Trident/4.0; SLCC2; .NET CLR 2.0.50727; .NET CLR 3.5.30729; .NET CLR 3.0.30729; .NET4.0C; .NET4.0E)"
160.83.30.178 - - [11/Jan/2015:22:17:38 +0100] "GET /philosophie.html HTTP/1.1" 200 8754 "http://www.reisenweber-berlin.de/uns.html" "Mozilla/4.0 (compatible; MSIE 8.0; Windows NT 6.1; WOW64; Trident/4.0; SLCC2; .NET CLR 2.0.50727; .NET CLR 3.5.30729; .NET CLR 3.0.30729; .NET4.0C; .NET4.0E)"
160.83.30.178 - - [11/Jan/2015:22:17:38 +0100] "GET /img/philosophie.png HTTP/1.1" 200 168751 "http://www.reisenweber-berlin.de/philosophie.html" "Mozilla/4.0 (compatible; MSIE 8.0; Windows NT 6.1; WOW64; Trident/4.0; SLCC2; .NET CLR 2.0.50727; .NET CLR 3.5.30729; .NET CLR 3.0.30729; .NET4.0C; .NET4.0E)"
160.83.30.178 - - [11/Jan/2015:22:17:42 +0100] "GET /produkte.html HTTP/1.1" 200 8603 "http://www.reisenweber-berlin.de/philosophie.html" "Mozilla/4.0 (compatible; MSIE 8.0; Windows NT 6.1; WOW64; Trident/4.0; SLCC2; .NET CLR 2.0.50727; .NET CLR 3.5.30729; .NET CLR 3.0.30729; .NET4.0C; .NET4.0E)"
160.83.30.178 - - [11/Jan/2015:22:17:42 +0100] "GET /img/produkte.png HTTP/1.1" 200 135486 "http://www.reisenweber-berlin.de/produkte.html" "Mozilla/4.0 (compatible; MSIE 8.0; Windows NT 6.1; WOW64; Trident/4.0; SLCC2; .NET CLR 2.0.50727; .NET CLR 3.5.30729; .NET CLR 3.0.30729; .NET4.0C; .NET4.0E)"
160.83.30.178 - - [11/Jan/2015:22:18:35 +0100] "GET /images/blank.gif HTTP/1.1" 404 1256 "http://www.reisenweber-berlin.de/produkte.html" "Mozilla/4.0 (compatible; MSIE 8.0; Windows NT 6.1; WOW64; Trident/4.0; SLCC2; .NET CLR 2.0.50727; .NET CLR 3.5.30729; .NET CLR 3.0.30729; .NET4.0C; .NET4.0E)"
79.228.244.194 - - [11/Jan/2015:22:26:00 +0100] "GET /favicon.ico HTTP/1.1" 404 1256 "-" "Dolphin http client/11.3.4(405) (Android)"
109.45.0.70 - - [11/Jan/2015:22:44:31 +0100] "GET / HTTP/1.1" 200 10166 "https://www.google.de/" "Mozilla/5.0 (iPhone; CPU iPhone OS 8_1_2 like Mac OS X) AppleWebKit/600.1.4 (KHTML, like Gecko) Version/8.0 Mobile/12B440 Safari/600.1.4"
109.45.0.70 - - [11/Jan/2015:22:44:32 +0100] "GET /css/style.css HTTP/1.1" 200 3765 "http://www.reisenweber-berlin.de/" "Mozilla/5.0 (iPhone; CPU iPhone OS 8_1_2 like Mac OS X) AppleWebKit/600.1.4 (KHTML, like Gecko) Version/8.0 Mobile/12B440 Safari/600.1.4"
109.45.0.70 - - [11/Jan/2015:22:44:32 +0100] "GET /Scripts/AC_RunActiveContent.js HTTP/1.1" 200 8029 "http://www.reisenweber-berlin.de/" "Mozilla/5.0 (iPhone; CPU iPhone OS 8_1_2 like Mac OS X) AppleWebKit/600.1.4 (KHTML, like Gecko) Version/8.0 Mobile/12B440 Safari/600.1.4"
109.45.0.70 - - [11/Jan/2015:22:44:32 +0100] "GET /img/pfeil-grau.gif HTTP/1.1" 200 73 "http://www.reisenweber-berlin.de/" "Mozilla/5.0 (iPhone; CPU iPhone OS 8_1_2 like Mac OS X) AppleWebKit/600.1.4 (KHTML, like Gecko) Version/8.0 Mobile/12B440 Safari/600.1.4"
109.45.0.70 - - [11/Jan/2015:22:44:32 +0100] "GET /img/FACEBOOK.png HTTP/1.1" 200 1159 "http://www.reisenweber-berlin.de/" "Mozilla/5.0 (iPhone; CPU iPhone OS 8_1_2 like Mac OS X) AppleWebKit/600.1.4 (KHTML, like Gecko) Version/8.0 Mobile/12B440 Safari/600.1.4"
109.45.0.70 - - [11/Jan/2015:22:44:32 +0100] "GET /img/corner02.png HTTP/1.1" 200 190 "http://www.reisenweber-berlin.de/" "Mozilla/5.0 (iPhone; CPU iPhone OS 8_1_2 like Mac OS X) AppleWebKit/600.1.4 (KHTML, like Gecko) Version/8.0 Mobile/12B440 Safari/600.1.4"
109.45.0.70 - - [11/Jan/2015:22:44:32 +0100] "GET /img/pfeil.gif HTTP/1.1" 200 85 "http://www.reisenweber-berlin.de/" "Mozilla/5.0 (iPhone; CPU iPhone OS 8_1_2 like Mac OS X) AppleWebKit/600.1.4 (KHTML, like Gecko) Version/8.0 Mobile/12B440 Safari/600.1.4"
109.45.0.70 - - [11/Jan/2015:22:44:32 +0100] "GET /img/corner04.png HTTP/1.1" 200 203 "http://www.reisenweber-berlin.de/" "Mozilla/5.0 (iPhone; CPU iPhone OS 8_1_2 like Mac OS X) AppleWebKit/600.1.4 (KHTML, like Gecko) Version/8.0 Mobile/12B440 Safari/600.1.4"
109.45.0.70 - - [11/Jan/2015:22:44:32 +0100] "GET /img/spacer.gif HTTP/1.1" 200 43 "http://www.reisenweber-berlin.de/" "Mozilla/5.0 (iPhone; CPU iPhone OS 8_1_2 like Mac OS X) AppleWebKit/600.1.4 (KHTML, like Gecko) Version/8.0 Mobile/12B440 Safari/600.1.4"
109.45.0.70 - - [11/Jan/2015:22:44:32 +0100] "GET /img/corner03.png HTTP/1.1" 200 266 "http://www.reisenweber-berlin.de/" "Mozilla/5.0 (iPhone; CPU iPhone OS 8_1_2 like Mac OS X) AppleWebKit/600.1.4 (KHTML, like Gecko) Version/8.0 Mobile/12B440 Safari/600.1.4"
109.45.0.70 - - [11/Jan/2015:22:44:33 +0100] "GET /img/corner01.png HTTP/1.1" 200 163 "http://www.reisenweber-berlin.de/" "Mozilla/5.0 (iPhone; CPU iPhone OS 8_1_2 like Mac OS X) AppleWebKit/600.1.4 (KHTML, like Gecko) Version/8.0 Mobile/12B440 Safari/600.1.4"
109.45.0.70 - - [11/Jan/2015:22:44:33 +0100] "GET /Scripts/AC_ActiveX.js HTTP/1.1" 200 2068 "http://www.reisenweber-berlin.de/" "Mozilla/5.0 (iPhone; CPU iPhone OS 8_1_2 like Mac OS X) AppleWebKit/600.1.4 (KHTML, like Gecko) Version/8.0 Mobile/12B440 Safari/600.1.4"
109.45.0.70 - - [11/Jan/2015:22:44:33 +0100] "GET /img/tbl_bottom.png HTTP/1.1" 200 168 "http://www.reisenweber-berlin.de/" "Mozilla/5.0 (iPhone; CPU iPhone OS 8_1_2 like Mac OS X) AppleWebKit/600.1.4 (KHTML, like Gecko) Version/8.0 Mobile/12B440 Safari/600.1.4"
109.45.0.70 - - [11/Jan/2015:22:44:33 +0100] "GET /img/tbl_left.png HTTP/1.1" 200 236 "http://www.reisenweber-berlin.de/" "Mozilla/5.0 (iPhone; CPU iPhone OS 8_1_2 like Mac OS X) AppleWebKit/600.1.4 (KHTML, like Gecko) Version/8.0 Mobile/12B440 Safari/600.1.4"
109.45.0.70 - - [11/Jan/2015:22:44:33 +0100] "GET /img/hg_tbl.png HTTP/1.1" 200 190 "http://www.reisenweber-berlin.de/" "Mozilla/5.0 (iPhone; CPU iPhone OS 8_1_2 like Mac OS X) AppleWebKit/600.1.4 (KHTML, like Gecko) Version/8.0 Mobile/12B440 Safari/600.1.4"
109.45.0.70 - - [11/Jan/2015:22:44:33 +0100] "GET /img/HG_news.png HTTP/1.1" 200 212 "http://www.reisenweber-berlin.de/" "Mozilla/5.0 (iPhone; CPU iPhone OS 8_1_2 like Mac OS X) AppleWebKit/600.1.4 (KHTML, like Gecko) Version/8.0 Mobile/12B440 Safari/600.1.4"
109.45.0.70 - - [11/Jan/2015:22:44:33 +0100] "GET /img/tbl_right.png HTTP/1.1" 200 227 "http://www.reisenweber-berlin.de/" "Mozilla/5.0 (iPhone; CPU iPhone OS 8_1_2 like Mac OS X) AppleWebKit/600.1.4 (KHTML, like Gecko) Version/8.0 Mobile/12B440 Safari/600.1.4"
109.45.0.70 - - [11/Jan/2015:22:44:33 +0100] "GET /img/hg.jpg HTTP/1.1" 200 44355 "http://www.reisenweber-berlin.de/" "Mozilla/5.0 (iPhone; CPU iPhone OS 8_1_2 like Mac OS X) AppleWebKit/600.1.4 (KHTML, like Gecko) Version/8.0 Mobile/12B440 Safari/600.1.4"
109.45.0.70 - - [11/Jan/2015:22:44:34 +0100] "GET /img/tbl_down.png HTTP/1.1" 200 197 "http://www.reisenweber-berlin.de/" "Mozilla/5.0 (iPhone; CPU iPhone OS 8_1_2 like Mac OS X) AppleWebKit/600.1.4 (KHTML, like Gecko) Version/8.0 Mobile/12B440 Safari/600.1.4"
109.45.0.70 - - [11/Jan/2015:22:44:38 +0100] "GET /leistungen.html HTTP/1.1" 200 22732 "http://www.reisenweber-berlin.de/" "Mozilla/5.0 (iPhone; CPU iPhone OS 8_1_2 like Mac OS X) AppleWebKit/600.1.4 (KHTML, like Gecko) Version/8.0 Mobile/12B440 Safari/600.1.4"
109.45.0.70 - - [11/Jan/2015:22:44:38 +0100] "GET /js/RunFLASH.js HTTP/1.1" 200 8029 "http://www.reisenweber-berlin.de/leistungen.html" "Mozilla/5.0 (iPhone; CPU iPhone OS 8_1_2 like Mac OS X) AppleWebKit/600.1.4 (KHTML, like Gecko) Version/8.0 Mobile/12B440 Safari/600.1.4"
109.45.0.70 - - [11/Jan/2015:22:44:38 +0100] "GET /js/Panel.js HTTP/1.1" 200 13072 "http://www.reisenweber-berlin.de/leistungen.html" "Mozilla/5.0 (iPhone; CPU iPhone OS 8_1_2 like Mac OS X) AppleWebKit/600.1.4 (KHTML, like Gecko) Version/8.0 Mobile/12B440 Safari/600.1.4"
109.45.0.70 - - [11/Jan/2015:22:44:38 +0100] "GET /css/Panel.css HTTP/1.1" 200 3497 "http://www.reisenweber-berlin.de/leistungen.html" "Mozilla/5.0 (iPhone; CPU iPhone OS 8_1_2 like Mac OS X) AppleWebKit/600.1.4 (KHTML, like Gecko) Version/8.0 Mobile/12B440 Safari/600.1.4"
109.45.0.70 - - [11/Jan/2015:22:52:15 +0100] "GET /kontakt.html HTTP/1.1" 200 13504 "http://www.reisenweber-berlin.de/leistungen.html" "Mozilla/5.0 (iPhone; CPU iPhone OS 8_1_2 like Mac OS X) AppleWebKit/600.1.4 (KHTML, like Gecko) Version/8.0 Mobile/12B440 Safari/600.1.4"
109.45.0.70 - - [11/Jan/2015:22:52:16 +0100] "GET /img/hg_tbl.jpg HTTP/1.1" 200 352 "http://www.reisenweber-berlin.de/kontakt.html" "Mozilla/5.0 (iPhone; CPU iPhone OS 8_1_2 like Mac OS X) AppleWebKit/600.1.4 (KHTML, like Gecko) Version/8.0 Mobile/12B440 Safari/600.1.4"
66.249.78.26 - - [11/Jan/2015:23:00:06 +0100] "GET /produkte.html HTTP/1.1" 304 - "-" "Mozilla/5.0 (compatible; Googlebot/2.1; +http://www.google.com/bot.html)"
79.228.244.194 - - [11/Jan/2015:23:00:26 +0100] "GET /favicon.ico HTTP/1.1" 404 1256 "-" "Dolphin http client/11.3.4(405) (Android)"
66.249.78.19 - - [11/Jan/2015:23:01:14 +0100] "GET /kontakt.html HTTP/1.1" 304 - "-" "Mozilla/5.0 (compatible; Googlebot/2.1; +http://www.google.com/bot.html)"
66.249.78.12 - - [11/Jan/2015:23:04:38 +0100] "GET /haare.html HTTP/1.1" 304 - "-" "Mozilla/5.0 (compatible; Googlebot/2.1; +http://www.google.com/bot.html)"
66.249.78.26 - - [11/Jan/2015:23:08:54 +0100] "GET /links.html HTTP/1.1" 304 - "-" "Mozilla/5.0 (compatible; Googlebot/2.1; +http://www.google.com/bot.html)"
66.249.64.51 - - [11/Jan/2015:23:10:28 +0100] "GET /leistungen.html HTTP/1.1" 304 - "-" "Mozilla/5.0 (compatible; Googlebot/2.1; +http://www.google.com/bot.html)"
79.228.244.194 - - [11/Jan/2015:23:13:57 +0100] "GET /favicon.ico HTTP/1.1" 404 1256 "-" "Dolphin http client/11.3.4(405) (Android)"
66.249.78.26 - - [11/Jan/2015:23:22:28 +0100] "GET /reisenweber_ani.swf HTTP/1.1" 200 60314 "-" "Mozilla/5.0 (compatible; Googlebot/2.1; +http://www.google.com/bot.html)"
79.228.244.194 - - [11/Jan/2015:23:23:57 +0100] "GET /favicon.ico HTTP/1.1" 404 1256 "-" "Dolphin http client/11.3.4(405) (Android)"
68.180.228.60 - - [11/Jan/2015:23:28:59 +0100] "GET /robots.txt HTTP/1.1" 404 1256 "-" "Mozilla/5.0 (compatible; Yahoo! Slurp; http://help.yahoo.com/help/us/ysearch/slurp)"
68.180.228.60 - - [11/Jan/2015:23:28:59 +0100] "GET /produkte.html HTTP/1.1" 200 8603 "-" "Mozilla/5.0 (compatible; Yahoo! Slurp; http://help.yahoo.com/help/us/ysearch/slurp)"
68.180.228.60 - - [11/Jan/2015:23:29:00 +0100] "GET /reisenweber_ani.swf HTTP/1.1" 304 - "-" "Mozilla/5.0 (compatible; Yahoo! Slurp; http://help.yahoo.com/help/us/ysearch/slurp)"
66.249.78.12 - - [11/Jan/2015:23:31:59 +0100] "GET /uns.html HTTP/1.1" 304 - "-" "Mozilla/5.0 (compatible; Googlebot/2.1; +http://www.google.com/bot.html)"
66.249.78.12 - - [11/Jan/2015:23:32:00 +0100] "GET /aktuelles.html HTTP/1.1" 304 - "-" "Mozilla/5.0 (compatible; Googlebot/2.1; +http://www.google.com/bot.html)"
92.225.92.239 - - [11/Jan/2015:23:32:39 +0100] "GET / HTTP/1.1" 200 10166 "-" "Mozilla/5.0 (iPhone; CPU iPhone OS 7_1_2 like Mac OS X) AppleWebKit/537.51.2 (KHTML, like Gecko) Version/7.0 Mobile/11D257 Safari/9537.53"
79.228.244.194 - - [11/Jan/2015:23:33:57 +0100] "GET /favicon.ico HTTP/1.1" 404 1256 "-" "Dolphin http client/11.3.4(405) (Android)"
66.249.78.19 - - [11/Jan/2015:23:37:16 +0100] "GET /kosmetik.html HTTP/1.1" 304 - "-" "Mozilla/5.0 (compatible; Googlebot/2.1; +http://www.google.com/bot.html)"
79.228.244.194 - - [11/Jan/2015:23:43:57 +0100] "GET /favicon.ico HTTP/1.1" 404 1256 "-" "Dolphin http client/11.3.4(405) (Android)"
79.228.244.194 - - [11/Jan/2015:23:53:57 +0100] "GET /favicon.ico HTTP/1.1" 404 1256 "-" "Dolphin http client/11.3.4(405) (Android)"
79.228.244.194 - - [12/Jan/2015:00:03:57 +0100] "GET /favicon.ico HTTP/1.1" 404 1256 "-" "Dolphin http client/11.3.4(405) (Android)"
79.228.244.194 - - [12/Jan/2015:00:13:58 +0100] "GET /favicon.ico HTTP/1.1" 404 1256 "-" "Dolphin http client/11.3.4(405) (Android)"
157.55.39.131 - - [12/Jan/2015:00:19:05 +0100] "GET /haare.html HTTP/1.1" 304 - "-" "Mozilla/5.0 (compatible; bingbot/2.0; +http://www.bing.com/bingbot.htm)"
79.228.244.194 - - [12/Jan/2015:00:26:01 +0100] "GET /favicon.ico HTTP/1.1" 404 1256 "-" "Dolphin http client/11.3.4(405) (Android)"
79.228.244.194 - - [12/Jan/2015:00:36:01 +0100] "GET /favicon.ico HTTP/1.1" 404 1256 "-" "Dolphin http client/11.3.4(405) (Android)"
93.219.182.128 - - [12/Jan/2015:00:37:51 +0100] "GET /index.html HTTP/1.1" 200 10166 "-" "Mozilla/5.0 (Windows; U; Windows NT 6.0; de; rv:1.9.2.3) Gecko/20100401 Firefox/3.6.3 ( .NET CLR 3.5.30729)"
79.228.244.194 - - [12/Jan/2015:00:46:01 +0100] "GET /favicon.ico HTTP/1.1" 404 1256 "-" "Dolphin http client/11.3.4(405) (Android)"
93.219.182.128 - - [12/Jan/2015:00:53:45 +0100] "GET /philosophie.html HTTP/1.1" 200 8754 "-" "Mozilla/5.0 (Windows; U; Windows NT 6.0; de; rv:1.9.2.3) Gecko/20100401 Firefox/3.6.3 ( .NET CLR 3.5.30729)"
79.228.244.194 - - [12/Jan/2015:00:56:01 +0100] "GET /favicon.ico HTTP/1.1" 404 1256 "-" "Dolphin http client/11.3.4(405) (Android)"
66.249.64.55 - - [12/Jan/2015:00:59:35 +0100] "GET /leistungen.html HTTP/1.1" 304 - "-" "Mozilla/5.0 (iPhone; CPU iPhone OS 6_0 like Mac OS X) AppleWebKit/536.26 (KHTML, like Gecko) Version/6.0 Mobile/10A5376e Safari/8536.25 (compatible; Googlebot/2.1; +http://www.google.com/bot.html)"
79.228.244.194 - - [12/Jan/2015:01:06:02 +0100] "GET /favicon.ico HTTP/1.1" 404 1256 "-" "Dolphin http client/11.3.4(405) (Android)"
207.46.13.88 - - [12/Jan/2015:01:07:13 +0100] "GET /kontakt.html HTTP/1.1" 200 13504 "-" "Mozilla/5.0 (compatible; bingbot/2.0; +http://www.bing.com/bingbot.htm)"
207.46.13.88 - - [12/Jan/2015:01:07:28 +0100] "GET /css/style.css HTTP/1.1" 200 3765 "-" "Mozilla/5.0 (compatible; bingbot/2.0; +http://www.bing.com/bingbot.htm)"
157.55.39.36 - - [12/Jan/2015:01:07:40 +0100] "GET /Scripts/AC_RunActiveContent.js HTTP/1.1" 200 8029 "-" "Mozilla/5.0 (compatible; bingbot/2.0; +http://www.bing.com/bingbot.htm)"
157.55.39.36 - - [12/Jan/2015:01:07:41 +0100] "GET /img/hg_tbl.jpg HTTP/1.1" 200 352 "-" "Mozilla/5.0 (compatible; bingbot/2.0; +http://www.bing.com/bingbot.htm)"
157.55.39.36 - - [12/Jan/2015:01:07:41 +0100] "GET /img/FACEBOOK.png HTTP/1.1" 200 1159 "-" "Mozilla/5.0 (compatible; bingbot/2.0; +http://www.bing.com/bingbot.htm)"
79.228.244.194 - - [12/Jan/2015:01:16:02 +0100] "GET /favicon.ico HTTP/1.1" 404 1256 "-" "Dolphin http client/11.3.4(405) (Android)"
79.228.244.194 - - [12/Jan/2015:01:26:02 +0100] "GET /favicon.ico HTTP/1.1" 404 1256 "-" "Dolphin http client/11.3.4(405) (Android)"
79.228.244.194 - - [12/Jan/2015:01:36:02 +0100] "GET /favicon.ico HTTP/1.1" 404 1256 "-" "Dolphin http client/11.3.4(405) (Android)"
79.228.244.194 - - [12/Jan/2015:01:46:02 +0100] "GET /favicon.ico HTTP/1.1" 404 1256 "-" "Dolphin http client/11.3.4(405) (Android)"
79.228.244.194 - - [12/Jan/2015:01:56:02 +0100] "GET /favicon.ico HTTP/1.1" 404 1256 "-" "Dolphin http client/11.3.4(405) (Android)"
79.228.244.194 - - [12/Jan/2015:02:06:02 +0100] "GET /favicon.ico HTTP/1.1" 404 1256 "-" "Dolphin http client/11.3.4(405) (Android)"
199.30.24.49 - - [12/Jan/2015:02:08:32 +0100] "GET /pics/5.jpg HTTP/1.1" 200 134687 "http://www.reisenweber-berlin.de/reisenweber_ani.swf" "Mozilla/5.0 (Windows NT 6.1; WOW64) AppleWebKit/534+ (KHTML, like Gecko) BingPreview/1.0b"
79.228.244.194 - - [12/Jan/2015:02:16:03 +0100] "GET /favicon.ico HTTP/1.1" 404 1256 "-" "Dolphin http client/11.3.4(405) (Android)"
79.228.244.194 - - [12/Jan/2015:02:26:03 +0100] "GET /favicon.ico HTTP/1.1" 404 1256 "-" "Dolphin http client/11.3.4(405) (Android)"
79.228.244.194 - - [12/Jan/2015:02:36:03 +0100] "GET /favicon.ico HTTP/1.1" 404 1256 "-" "Dolphin http client/11.3.4(405) (Android)"
79.228.244.194 - - [12/Jan/2015:02:46:03 +0100] "GET /favicon.ico HTTP/1.1" 404 1256 "-" "Dolphin http client/11.3.4(405) (Android)"
79.228.244.194 - - [12/Jan/2015:02:56:03 +0100] "GET /favicon.ico HTTP/1.1" 404 1256 "-" "Dolphin http client/11.3.4(405) (Android)"
79.228.244.194 - - [12/Jan/2015:03:06:03 +0100] "GET /favicon.ico HTTP/1.1" 404 1256 "-" "Dolphin http client/11.3.4(405) (Android)"
66.249.78.19 - - [12/Jan/2015:04:48:17 +0100] "GET /robots.txt HTTP/1.1" 404 1256 "-" "Mozilla/5.0 (compatible; Googlebot/2.1; +http://www.google.com/bot.html)"
66.249.78.19 - - [12/Jan/2015:04:48:17 +0100] "GET /images/loading.gif HTTP/1.1" 200 538 "-" "Googlebot-Image/1.0"
66.249.64.55 - - [12/Jan/2015:06:29:59 +0100] "GET /images/close.png HTTP/1.1" 200 3137 "-" "Googlebot-Image/1.0"
78.46.128.227 - - [12/Jan/2015:07:02:44 +0100] "GET /robots.txt HTTP/1.1" 404 1256 "-" "Mozilla/5.0 (compatible; SearchmetricsBot; http://www.searchmetrics.com/en/searchmetrics-bot/)"
78.46.128.227 - - [12/Jan/2015:07:02:44 +0100] "GET / HTTP/1.1" 200 10166 "-" "Mozilla/5.0 (compatible; SearchmetricsBot; http://www.searchmetrics.com/en/searchmetrics-bot/)"
78.46.128.227 - - [12/Jan/2015:07:02:45 +0100] "GET /aktuelles.html HTTP/1.1" 200 12665 "-" "Mozilla/5.0 (compatible; SearchmetricsBot; http://www.searchmetrics.com/en/searchmetrics-bot/)"
78.46.128.227 - - [12/Jan/2015:07:02:45 +0100] "GET /produkte.html HTTP/1.1" 200 8603 "-" "Mozilla/5.0 (compatible; SearchmetricsBot; http://www.searchmetrics.com/en/searchmetrics-bot/)"
78.46.128.227 - - [12/Jan/2015:07:02:45 +0100] "GET /links.html HTTP/1.1" 200 8359 "-" "Mozilla/5.0 (compatible; SearchmetricsBot; http://www.searchmetrics.com/en/searchmetrics-bot/)"
78.46.128.227 - - [12/Jan/2015:07:02:45 +0100] "GET /uns.html HTTP/1.1" 200 8136 "-" "Mozilla/5.0 (compatible; SearchmetricsBot; http://www.searchmetrics.com/en/searchmetrics-bot/)"
78.46.128.227 - - [12/Jan/2015:07:02:45 +0100] "GET /kontakt.html HTTP/1.1" 200 13504 "-" "Mozilla/5.0 (compatible; SearchmetricsBot; http://www.searchmetrics.com/en/searchmetrics-bot/)"
78.46.128.227 - - [12/Jan/2015:07:02:45 +0100] "GET /leistungen.html HTTP/1.1" 200 22732 "-" "Mozilla/5.0 (compatible; SearchmetricsBot; http://www.searchmetrics.com/en/searchmetrics-bot/)"
157.55.39.36 - - [12/Jan/2015:08:21:32 +0100] "GET / HTTP/1.1" 304 - "-" "Mozilla/5.0 (compatible; bingbot/2.0; +http://www.bing.com/bingbot.htm)"
79.228.245.23 - - [12/Jan/2015:08:22:18 +0100] "GET /favicon.ico HTTP/1.1" 404 1256 "-" "Dolphin http client/11.3.4(405) (Android)"
79.228.245.23 - - [12/Jan/2015:08:32:18 +0100] "GET /favicon.ico HTTP/1.1" 404 1256 "-" "Dolphin http client/11.3.4(405) (Android)"
79.228.245.23 - - [12/Jan/2015:08:42:18 +0100] "GET /favicon.ico HTTP/1.1" 404 1256 "-" "Dolphin http client/11.3.4(405) (Android)"
79.228.245.23 - - [12/Jan/2015:09:07:21 +0100] "GET /favicon.ico HTTP/1.1" 404 1256 "-" "Dolphin http client/11.3.4(405) (Android)"
79.228.245.23 - - [12/Jan/2015:09:17:21 +0100] "GET /favicon.ico HTTP/1.1" 404 1256 "-" "Dolphin http client/11.3.4(405) (Android)"
79.228.245.23 - - [12/Jan/2015:09:27:21 +0100] "GET /favicon.ico HTTP/1.1" 404 1256 "-" "Dolphin http client/11.3.4(405) (Android)"
79.228.245.23 - - [12/Jan/2015:09:37:21 +0100] "GET /favicon.ico HTTP/1.1" 404 1256 "-" "Dolphin http client/11.3.4(405) (Android)"
79.228.245.23 - - [12/Jan/2015:09:49:15 +0100] "GET /favicon.ico HTTP/1.1" 404 1256 "-" "Dolphin http client/11.3.4(405) (Android)"
78.53.66.140 - - [12/Jan/2015:10:04:02 +0100] "GET / HTTP/1.1" 200 10166 "-" "Mozilla/5.0 (Linux; U; Android 4.2.2; de-de; GT-I9195 Build/JDQ39) AppleWebKit/534.30 (KHTML, like Gecko) Version/4.0 Mobile Safari/534.30"
78.53.66.140 - - [12/Jan/2015:10:04:03 +0100] "GET /css/style.css HTTP/1.1" 200 3765 "http://www.reisenweber-berlin.de/" "Mozilla/5.0 (Linux; U; Android 4.2.2; de-de; GT-I9195 Build/JDQ39) AppleWebKit/534.30 (KHTML, like Gecko) Version/4.0 Mobile Safari/534.30"
78.53.66.140 - - [12/Jan/2015:10:04:03 +0100] "GET /Scripts/AC_RunActiveContent.js HTTP/1.1" 200 8029 "http://www.reisenweber-berlin.de/" "Mozilla/5.0 (Linux; U; Android 4.2.2; de-de; GT-I9195 Build/JDQ39) AppleWebKit/534.30 (KHTML, like Gecko) Version/4.0 Mobile Safari/534.30"
78.53.66.140 - - [12/Jan/2015:10:04:03 +0100] "GET /Scripts/AC_ActiveX.js HTTP/1.1" 200 2068 "http://www.reisenweber-berlin.de/" "Mozilla/5.0 (Linux; U; Android 4.2.2; de-de; GT-I9195 Build/JDQ39) AppleWebKit/534.30 (KHTML, like Gecko) Version/4.0 Mobile Safari/534.30"
78.53.66.140 - - [12/Jan/2015:10:04:03 +0100] "GET /img/spacer.gif HTTP/1.1" 200 43 "http://www.reisenweber-berlin.de/" "Mozilla/5.0 (Linux; U; Android 4.2.2; de-de; GT-I9195 Build/JDQ39) AppleWebKit/534.30 (KHTML, like Gecko) Version/4.0 Mobile Safari/534.30"
78.53.66.140 - - [12/Jan/2015:10:04:03 +0100] "GET /img/pfeil.gif HTTP/1.1" 200 85 "http://www.reisenweber-berlin.de/" "Mozilla/5.0 (Linux; U; Android 4.2.2; de-de; GT-I9195 Build/JDQ39) AppleWebKit/534.30 (KHTML, like Gecko) Version/4.0 Mobile Safari/534.30"
78.53.66.140 - - [12/Jan/2015:10:04:03 +0100] "GET /img/tbl_bottom.png HTTP/1.1" 200 168 "http://www.reisenweber-berlin.de/" "Mozilla/5.0 (Linux; U; Android 4.2.2; de-de; GT-I9195 Build/JDQ39) AppleWebKit/534.30 (KHTML, like Gecko) Version/4.0 Mobile Safari/534.30"
78.53.66.140 - - [12/Jan/2015:10:04:03 +0100] "GET /img/corner01.png HTTP/1.1" 200 163 "http://www.reisenweber-berlin.de/" "Mozilla/5.0 (Linux; U; Android 4.2.2; de-de; GT-I9195 Build/JDQ39) AppleWebKit/534.30 (KHTML, like Gecko) Version/4.0 Mobile Safari/534.30"
78.53.66.140 - - [12/Jan/2015:10:04:03 +0100] "GET /img/corner02.png HTTP/1.1" 200 190 "http://www.reisenweber-berlin.de/" "Mozilla/5.0 (Linux; U; Android 4.2.2; de-de; GT-I9195 Build/JDQ39) AppleWebKit/534.30 (KHTML, like Gecko) Version/4.0 Mobile Safari/534.30"
78.53.66.140 - - [12/Jan/2015:10:04:03 +0100] "GET /img/tbl_left.png HTTP/1.1" 200 236 "http://www.reisenweber-berlin.de/" "Mozilla/5.0 (Linux; U; Android 4.2.2; de-de; GT-I9195 Build/JDQ39) AppleWebKit/534.30 (KHTML, like Gecko) Version/4.0 Mobile Safari/534.30"
78.53.66.140 - - [12/Jan/2015:10:04:03 +0100] "GET /img/hg_tbl.png HTTP/1.1" 200 190 "http://www.reisenweber-berlin.de/" "Mozilla/5.0 (Linux; U; Android 4.2.2; de-de; GT-I9195 Build/JDQ39) AppleWebKit/534.30 (KHTML, like Gecko) Version/4.0 Mobile Safari/534.30"
78.53.66.140 - - [12/Jan/2015:10:04:03 +0100] "GET /img/HG_news.png HTTP/1.1" 200 212 "http://www.reisenweber-berlin.de/" "Mozilla/5.0 (Linux; U; Android 4.2.2; de-de; GT-I9195 Build/JDQ39) AppleWebKit/534.30 (KHTML, like Gecko) Version/4.0 Mobile Safari/534.30"
78.53.66.140 - - [12/Jan/2015:10:04:03 +0100] "GET /img/pfeil-grau.gif HTTP/1.1" 200 73 "http://www.reisenweber-berlin.de/" "Mozilla/5.0 (Linux; U; Android 4.2.2; de-de; GT-I9195 Build/JDQ39) AppleWebKit/534.30 (KHTML, like Gecko) Version/4.0 Mobile Safari/534.30"
