79.247.168.142 - - [07/May/2013:18:30:07 +0200] "GET / HTTP/1.1" 304 - "-" "Mozilla/5.0 (Linux; U; Android 4.0.4; de-de; HTC_Desire_X/1.18.111.3 Build/IMM76D) AppleWebKit/534.30 (KHTML, like Gecko) Version/4.0 Mobile Safari/534.30"
79.247.168.142 - - [07/May/2013:18:30:07 +0200] "GET /img/hg.jpg HTTP/1.1" 304 - "http://www.reisenweber-berlin.de/" "Mozilla/5.0 (Linux; U; Android 4.0.4; de-de; HTC_Desire_X/1.18.111.3 Build/IMM76D) AppleWebKit/534.30 (KHTML, like Gecko) Version/4.0 Mobile Safari/534.30"
79.247.168.142 - - [07/May/2013:18:30:07 +0200] "GET /img/tbl_bottom.png HTTP/1.1" 304 - "http://www.reisenweber-berlin.de/" "Mozilla/5.0 (Linux; U; Android 4.0.4; de-de; HTC_Desire_X/1.18.111.3 Build/IMM76D) AppleWebKit/534.30 (KHTML, like Gecko) Version/4.0 Mobile Safari/534.30"
79.247.168.142 - - [07/May/2013:18:30:07 +0200] "GET /img/tbl_left.png HTTP/1.1" 304 - "http://www.reisenweber-berlin.de/" "Mozilla/5.0 (Linux; U; Android 4.0.4; de-de; HTC_Desire_X/1.18.111.3 Build/IMM76D) AppleWebKit/534.30 (KHTML, like Gecko) Version/4.0 Mobile Safari/534.30"
79.247.168.142 - - [07/May/2013:18:30:07 +0200] "GET /img/tbl_right.png HTTP/1.1" 304 - "http://www.reisenweber-berlin.de/" "Mozilla/5.0 (Linux; U; Android 4.0.4; de-de; HTC_Desire_X/1.18.111.3 Build/IMM76D) AppleWebKit/534.30 (KHTML, like Gecko) Version/4.0 Mobile Safari/534.30"
79.247.168.142 - - [07/May/2013:18:30:07 +0200] "GET /img/tbl_down.png HTTP/1.1" 304 - "http://www.reisenweber-berlin.de/" "Mozilla/5.0 (Linux; U; Android 4.0.4; de-de; HTC_Desire_X/1.18.111.3 Build/IMM76D) AppleWebKit/534.30 (KHTML, like Gecko) Version/4.0 Mobile Safari/534.30"
87.185.164.227 - - [07/May/2013:18:38:13 +0200] "GET / HTTP/1.1" 200 10048 "http://www.google.de/url?sa=t&rct=j&q=reisenweber%20friseur&source=web&cd=1&ved=0CDIQFjAA&url=http%3A%2F%2Fwww.reisenweber-berlin.de%2F&ei=5y2JUbKGIOmo4ATj7oHgBg&usg=AFQjCNF7TSzUIEj_OI_RiqKPTlc2EM_6vg&bvm=bv.45960087,d.bGE" "Mozilla/5.0 (Macintosh; Intel Mac OS X 10_6_8) AppleWebKit/534.57.2 (KHTML, like Gecko) Version/5.1.7 Safari/534.57.2"
87.185.164.227 - - [07/May/2013:18:38:13 +0200] "GET /css/style.css HTTP/1.1" 200 3765 "http://www.reisenweber-berlin.de/" "Mozilla/5.0 (Macintosh; Intel Mac OS X 10_6_8) AppleWebKit/534.57.2 (KHTML, like Gecko) Version/5.1.7 Safari/534.57.2"
87.185.164.227 - - [07/May/2013:18:38:13 +0200] "GET /Scripts/AC_ActiveX.js HTTP/1.1" 200 2068 "http://www.reisenweber-berlin.de/" "Mozilla/5.0 (Macintosh; Intel Mac OS X 10_6_8) AppleWebKit/534.57.2 (KHTML, like Gecko) Version/5.1.7 Safari/534.57.2"
87.185.164.227 - - [07/May/2013:18:38:13 +0200] "GET /Scripts/AC_RunActiveContent.js HTTP/1.1" 200 8029 "http://www.reisenweber-berlin.de/" "Mozilla/5.0 (Macintosh; Intel Mac OS X 10_6_8) AppleWebKit/534.57.2 (KHTML, like Gecko) Version/5.1.7 Safari/534.57.2"
87.185.164.227 - - [07/May/2013:18:38:13 +0200] "GET /img/pfeil.gif HTTP/1.1" 200 85 "http://www.reisenweber-berlin.de/" "Mozilla/5.0 (Macintosh; Intel Mac OS X 10_6_8) AppleWebKit/534.57.2 (KHTML, like Gecko) Version/5.1.7 Safari/534.57.2"
87.185.164.227 - - [07/May/2013:18:38:13 +0200] "GET /img/spacer.gif HTTP/1.1" 200 43 "http://www.reisenweber-berlin.de/" "Mozilla/5.0 (Macintosh; Intel Mac OS X 10_6_8) AppleWebKit/534.57.2 (KHTML, like Gecko) Version/5.1.7 Safari/534.57.2"
87.185.164.227 - - [07/May/2013:18:38:13 +0200] "GET /img/tbl_bottom.png HTTP/1.1" 200 168 "http://www.reisenweber-berlin.de/" "Mozilla/5.0 (Macintosh; Intel Mac OS X 10_6_8) AppleWebKit/534.57.2 (KHTML, like Gecko) Version/5.1.7 Safari/534.57.2"
87.185.164.227 - - [07/May/2013:18:38:13 +0200] "GET /img/corner01.png HTTP/1.1" 200 163 "http://www.reisenweber-berlin.de/" "Mozilla/5.0 (Macintosh; Intel Mac OS X 10_6_8) AppleWebKit/534.57.2 (KHTML, like Gecko) Version/5.1.7 Safari/534.57.2"
87.185.164.227 - - [07/May/2013:18:38:13 +0200] "GET /img/tbl_left.png HTTP/1.1" 200 236 "http://www.reisenweber-berlin.de/" "Mozilla/5.0 (Macintosh; Intel Mac OS X 10_6_8) AppleWebKit/534.57.2 (KHTML, like Gecko) Version/5.1.7 Safari/534.57.2"
87.185.164.227 - - [07/May/2013:18:38:13 +0200] "GET /img/hg_tbl.png HTTP/1.1" 200 190 "http://www.reisenweber-berlin.de/" "Mozilla/5.0 (Macintosh; Intel Mac OS X 10_6_8) AppleWebKit/534.57.2 (KHTML, like Gecko) Version/5.1.7 Safari/534.57.2"
87.185.164.227 - - [07/May/2013:18:38:13 +0200] "GET /img/HG_news.png HTTP/1.1" 200 212 "http://www.reisenweber-berlin.de/" "Mozilla/5.0 (Macintosh; Intel Mac OS X 10_6_8) AppleWebKit/534.57.2 (KHTML, like Gecko) Version/5.1.7 Safari/534.57.2"
87.185.164.227 - - [07/May/2013:18:38:13 +0200] "GET /img/pfeil-grau.gif HTTP/1.1" 200 73 "http://www.reisenweber-berlin.de/" "Mozilla/5.0 (Macintosh; Intel Mac OS X 10_6_8) AppleWebKit/534.57.2 (KHTML, like Gecko) Version/5.1.7 Safari/534.57.2"
87.185.164.227 - - [07/May/2013:18:38:13 +0200] "GET /img/hg.jpg HTTP/1.1" 200 44355 "http://www.reisenweber-berlin.de/" "Mozilla/5.0 (Macintosh; Intel Mac OS X 10_6_8) AppleWebKit/534.57.2 (KHTML, like Gecko) Version/5.1.7 Safari/534.57.2"
87.185.164.227 - - [07/May/2013:18:38:13 +0200] "GET /img/corner02.png HTTP/1.1" 200 190 "http://www.reisenweber-berlin.de/" "Mozilla/5.0 (Macintosh; Intel Mac OS X 10_6_8) AppleWebKit/534.57.2 (KHTML, like Gecko) Version/5.1.7 Safari/534.57.2"
87.185.164.227 - - [07/May/2013:18:38:13 +0200] "GET /img/tbl_right.png HTTP/1.1" 200 227 "http://www.reisenweber-berlin.de/" "Mozilla/5.0 (Macintosh; Intel Mac OS X 10_6_8) AppleWebKit/534.57.2 (KHTML, like Gecko) Version/5.1.7 Safari/534.57.2"
87.185.164.227 - - [07/May/2013:18:38:13 +0200] "GET /img/corner04.png HTTP/1.1" 200 203 "http://www.reisenweber-berlin.de/" "Mozilla/5.0 (Macintosh; Intel Mac OS X 10_6_8) AppleWebKit/534.57.2 (KHTML, like Gecko) Version/5.1.7 Safari/534.57.2"
87.185.164.227 - - [07/May/2013:18:38:13 +0200] "GET /img/tbl_down.png HTTP/1.1" 200 197 "http://www.reisenweber-berlin.de/" "Mozilla/5.0 (Macintosh; Intel Mac OS X 10_6_8) AppleWebKit/534.57.2 (KHTML, like Gecko) Version/5.1.7 Safari/534.57.2"
87.185.164.227 - - [07/May/2013:18:38:13 +0200] "GET /img/corner03.png HTTP/1.1" 200 266 "http://www.reisenweber-berlin.de/" "Mozilla/5.0 (Macintosh; Intel Mac OS X 10_6_8) AppleWebKit/534.57.2 (KHTML, like Gecko) Version/5.1.7 Safari/534.57.2"
87.185.164.227 - - [07/May/2013:18:38:13 +0200] "GET /img/FACEBOOK.png HTTP/1.1" 200 1159 "http://www.reisenweber-berlin.de/" "Mozilla/5.0 (Macintosh; Intel Mac OS X 10_6_8) AppleWebKit/534.57.2 (KHTML, like Gecko) Version/5.1.7 Safari/534.57.2"
87.185.164.227 - - [07/May/2013:18:38:13 +0200] "GET /reisenweber_ani.swf HTTP/1.1" 200 60314 "http://www.reisenweber-berlin.de/" "Mozilla/5.0 (Macintosh; Intel Mac OS X 10_6_8) AppleWebKit/534.57.2 (KHTML, like Gecko) Version/5.1.7 Safari/534.57.2"
87.185.164.227 - - [07/May/2013:18:38:14 +0200] "GET /pics/1.jpg HTTP/1.1" 200 104529 "http://www.reisenweber-berlin.de/" "Mozilla/5.0 (Macintosh; Intel Mac OS X 10_6_8) AppleWebKit/534.57.2 (KHTML, like Gecko) Version/5.1.7 Safari/534.57.2"
87.185.164.227 - - [07/May/2013:18:38:14 +0200] "GET /favicon.ico HTTP/1.1" 404 1256 "http://www.reisenweber-berlin.de/" "Mozilla/5.0 (Macintosh; Intel Mac OS X 10_6_8) AppleWebKit/534.57.2 (KHTML, like Gecko) Version/5.1.7 Safari/534.57.2"
87.185.164.227 - - [07/May/2013:18:38:21 +0200] "GET /pics/2.jpg HTTP/1.1" 200 107549 "http://www.reisenweber-berlin.de/" "Mozilla/5.0 (Macintosh; Intel Mac OS X 10_6_8) AppleWebKit/534.57.2 (KHTML, like Gecko) Version/5.1.7 Safari/534.57.2"
87.185.164.227 - - [07/May/2013:18:38:28 +0200] "GET /pics/3.jpg HTTP/1.1" 200 149645 "http://www.reisenweber-berlin.de/" "Mozilla/5.0 (Macintosh; Intel Mac OS X 10_6_8) AppleWebKit/534.57.2 (KHTML, like Gecko) Version/5.1.7 Safari/534.57.2"
87.185.164.227 - - [07/May/2013:18:38:35 +0200] "GET /pics/4.jpg HTTP/1.1" 200 165768 "http://www.reisenweber-berlin.de/" "Mozilla/5.0 (Macintosh; Intel Mac OS X 10_6_8) AppleWebKit/534.57.2 (KHTML, like Gecko) Version/5.1.7 Safari/534.57.2"
87.185.164.227 - - [07/May/2013:18:38:43 +0200] "GET /pics/5.jpg HTTP/1.1" 200 134687 "http://www.reisenweber-berlin.de/" "Mozilla/5.0 (Macintosh; Intel Mac OS X 10_6_8) AppleWebKit/534.57.2 (KHTML, like Gecko) Version/5.1.7 Safari/534.57.2"
85.179.75.252 - - [07/May/2013:22:51:04 +0200] "GET /leistungen.html HTTP/1.1" 304 - "-" "Mozilla/5.0 (Macintosh; Intel Mac OS X 10_6_8) AppleWebKit/534.59.8 (KHTML, like Gecko) Version/5.1.9 Safari/534.59.8"
85.179.75.252 - - [07/May/2013:22:51:07 +0200] "GET /img/FACEBOOK.png HTTP/1.1" 304 - "http://www.reisenweber-berlin.de/leistungen.html" "Mozilla/5.0 (Macintosh; Intel Mac OS X 10_6_8) AppleWebKit/534.59.8 (KHTML, like Gecko) Version/5.1.9 Safari/534.59.8"
85.179.75.252 - - [07/May/2013:22:51:14 +0200] "GET /haare.html HTTP/1.1" 304 - "http://www.reisenweber-berlin.de/leistungen.html" "Mozilla/5.0 (Macintosh; Intel Mac OS X 10_6_8) AppleWebKit/534.59.8 (KHTML, like Gecko) Version/5.1.9 Safari/534.59.8"
85.179.75.252 - - [07/May/2013:22:51:15 +0200] "GET /pics/5.jpg HTTP/1.1" 200 134687 "http://www.reisenweber-berlin.de/haare.html" "Mozilla/5.0 (Macintosh; Intel Mac OS X 10_6_8) AppleWebKit/534.59.8 (KHTML, like Gecko) Version/5.1.9 Safari/534.59.8"
66.249.78.164 - - [07/May/2013:22:59:26 +0200] "GET /robots.txt HTTP/1.1" 404 1256 "-" "Mozilla/5.0 (compatible; Googlebot/2.1; +http://www.google.com/bot.html)"
66.249.78.164 - - [07/May/2013:22:59:26 +0200] "GET /img/aktuell-04-GR.png HTTP/1.1" 200 913917 "-" "Googlebot-Image/1.0"
84.19.190.55 - - [07/May/2013:23:19:46 +0200] "GET /robots.txt HTTP/1.1" 404 1256 "-" "Mozilla/5.0 (compatible; UnisterBot; crawler@unister.de)"
84.19.190.55 - - [07/May/2013:23:19:46 +0200] "GET /uns.html HTTP/1.1" 200 8276 "-" "Mozilla/5.0 (compatible; UnisterBot; crawler@unister.de)"
173.199.115.179 - - [08/May/2013:00:48:43 +0200] "GET /img/aktuell-05-GR.png HTTP/1.1" 200 532886 "-" "Mozilla/5.0 (compatible; AhrefsBot/4.0; +http://ahrefs.com/robot/)"
66.249.78.164 - - [08/May/2013:00:53:15 +0200] "GET /img/damen-04-GR.jpg HTTP/1.1" 200 82534 "-" "Googlebot-Image/1.0"
178.77.126.55 - - [08/May/2013:01:03:11 +0200] "GET /robots.txt HTTP/1.1" 404 1256 "-" "Mozilla/5.0 (compatible; CareerBot/1.1; +http://www.career-x.de/bot.html)"
178.77.126.55 - - [08/May/2013:01:03:11 +0200] "GET / HTTP/1.1" 200 10048 "-" "Mozilla/5.0 (compatible; CareerBot/1.1; +http://www.career-x.de/bot.html)"
178.77.126.55 - - [08/May/2013:01:03:11 +0200] "GET /uns.html HTTP/1.1" 200 8276 "-" "Mozilla/5.0 (compatible; CareerBot/1.1; +http://www.career-x.de/bot.html)"
66.249.78.164 - - [08/May/2013:04:48:18 +0200] "GET / HTTP/1.1" 200 10048 "-" "Mozilla/5.0 (iPhone; U; CPU iPhone OS 4_1 like Mac OS X; en-us) AppleWebKit/532.9 (KHTML, like Gecko) Version/4.0.5 Mobile/8B117 Safari/6531.22.7 (compatible; Googlebot-Mobile/2.1; +http://www.google.com/bot.html)"
66.249.78.164 - - [08/May/2013:05:38:57 +0200] "GET /reisenweber_ani.swf HTTP/1.1" 200 60314 "-" "Mozilla/5.0 (iPhone; U; CPU iPhone OS 4_1 like Mac OS X; en-us) AppleWebKit/532.9 (KHTML, like Gecko) Version/4.0.5 Mobile/8B117 Safari/6531.22.7 (compatible; Googlebot-Mobile/2.1; +http://www.google.com/bot.html)"
84.128.164.184 - - [08/May/2013:06:13:23 +0200] "GET /links.html HTTP/1.1" 200 8359 "-" "Mozilla/5.0 (Windows; U; Windows NT 6.0; de; rv:1.9.2.3) Gecko/20100401 Firefox/3.6.3 ( .NET CLR 3.5.30729)"
37.140.141.34 - - [08/May/2013:06:41:11 +0200] "GET /robots.txt HTTP/1.1" 404 1256 "-" "Mozilla/5.0 (compatible; YandexImages/3.0; +http://yandex.com/bots)"
141.8.147.12 - - [08/May/2013:06:59:00 +0200] "GET /robots.txt HTTP/1.1" 404 1256 "-" "Mozilla/5.0 (compatible; YandexBot/3.0; +http://yandex.com/bots)"
141.8.147.12 - - [08/May/2013:06:59:02 +0200] "GET /img/team.jpg HTTP/1.1" 304 - "-" "Mozilla/5.0 (compatible; YandexImages/3.0; +http://yandex.com/bots)"
62.181.145.141 - - [08/May/2013:09:22:57 +0200] "GET /css/style.css HTTP/1.1" 304 - "-" "Mozilla/4.0 (compatible;)"
62.181.145.141 - - [08/May/2013:09:23:05 +0200] "GET /img/corner01.png HTTP/1.1" 304 - "-" "Mozilla/4.0 (compatible;)"
62.181.145.141 - - [08/May/2013:09:23:45 +0200] "GET /Scripts/AC_RunActiveContent.js HTTP/1.1" 304 - "-" "Mozilla/4.0 (compatible;)"
62.181.145.141 - - [08/May/2013:09:23:49 +0200] "GET /img/hg_tbl.png HTTP/1.1" 304 - "-" "Mozilla/4.0 (compatible;)"
62.181.145.141 - - [08/May/2013:09:23:51 +0200] "GET /img/HG_news.png HTTP/1.1" 304 - "-" "Mozilla/4.0 (compatible;)"
62.181.145.141 - - [08/May/2013:09:24:39 +0200] "GET /img/corner04.png HTTP/1.1" 304 - "-" "Mozilla/4.0 (compatible;)"
62.181.145.141 - - [08/May/2013:09:24:57 +0200] "GET /img/hg.jpg HTTP/1.1" 304 - "-" "Mozilla/4.0 (compatible;)"
62.181.145.141 - - [08/May/2013:09:25:03 +0200] "GET /img/tbl_left.png HTTP/1.1" 304 - "-" "Mozilla/4.0 (compatible;)"
62.181.145.141 - - [08/May/2013:09:25:05 +0200] "GET /img/pfeil-grau.gif HTTP/1.1" 304 - "-" "Mozilla/4.0 (compatible;)"
62.181.145.141 - - [08/May/2013:09:25:14 +0200] "GET /img/tbl_right.png HTTP/1.1" 304 - "-" "Mozilla/4.0 (compatible;)"
62.181.145.141 - - [08/May/2013:09:25:31 +0200] "GET /img/corner02.png HTTP/1.1" 304 - "-" "Mozilla/4.0 (compatible;)"
62.181.145.141 - - [08/May/2013:09:25:48 +0200] "GET /img/spacer.gif HTTP/1.1" 304 - "-" "Mozilla/4.0 (compatible;)"
62.181.145.141 - - [08/May/2013:09:26:00 +0200] "GET /img/pfeil.gif HTTP/1.1" 304 - "-" "Mozilla/4.0 (compatible;)"
62.181.145.141 - - [08/May/2013:09:26:04 +0200] "GET /img/tbl_bottom.png HTTP/1.1" 304 - "-" "Mozilla/4.0 (compatible;)"
62.181.145.141 - - [08/May/2013:09:26:13 +0200] "GET /img/corner03.png HTTP/1.1" 304 - "-" "Mozilla/4.0 (compatible;)"
62.181.145.141 - - [08/May/2013:09:26:26 +0200] "GET /pics/1.jpg HTTP/1.1" 304 - "-" "Mozilla/4.0 (compatible;)"
62.181.145.141 - - [08/May/2013:09:26:39 +0200] "GET /img/tbl_down.png HTTP/1.1" 304 - "-" "Mozilla/4.0 (compatible;)"
84.128.164.184 - - [08/May/2013:09:49:32 +0200] "GET /produkte.html HTTP/1.1" 200 8669 "-" "Mozilla/5.0 (Windows; U; Windows NT 6.0; de; rv:1.9.2.3) Gecko/20100401 Firefox/3.6.3 ( .NET CLR 3.5.30729)"
66.249.78.164 - - [08/May/2013:09:52:14 +0200] "GET /links.html HTTP/1.1" 304 - "-" "Mozilla/5.0 (iPhone; U; CPU iPhone OS 4_1 like Mac OS X; en-us) AppleWebKit/532.9 (KHTML, like Gecko) Version/4.0.5 Mobile/8B117 Safari/6531.22.7 (compatible; Googlebot-Mobile/2.1; +http://www.google.com/bot.html)"
62.181.145.141 - - [08/May/2013:10:26:42 +0200] "GET /img/img_index.jpg HTTP/1.1" 304 - "-" "Mozilla/4.0 (compatible;)"
62.181.145.141 - - [08/May/2013:10:28:13 +0200] "GET /Scripts/AC_ActiveX.js HTTP/1.1" 304 - "-" "Mozilla/4.0 (compatible;)"
62.181.145.141 - - [08/May/2013:10:29:55 +0200] "GET /pics/5.jpg HTTP/1.1" 304 - "-" "Mozilla/4.0 (compatible;)"
62.141.176.1 - - [08/May/2013:10:29:58 +0200] "GET / HTTP/1.1" 200 10048 "-" "Mozilla/5.0 (Macintosh; Intel Mac OS X 10_8_3) AppleWebKit/536.28.10 (KHTML, like Gecko) Version/6.0.3 Safari/536.28.10"
62.141.176.1 - - [08/May/2013:10:29:58 +0200] "GET /css/style.css HTTP/1.1" 200 3765 "http://www.reisenweber-berlin.de/" "Mozilla/5.0 (Macintosh; Intel Mac OS X 10_8_3) AppleWebKit/536.28.10 (KHTML, like Gecko) Version/6.0.3 Safari/536.28.10"
62.141.176.1 - - [08/May/2013:10:29:58 +0200] "GET /Scripts/AC_RunActiveContent.js HTTP/1.1" 200 8029 "http://www.reisenweber-berlin.de/" "Mozilla/5.0 (Macintosh; Intel Mac OS X 10_8_3) AppleWebKit/536.28.10 (KHTML, like Gecko) Version/6.0.3 Safari/536.28.10"
62.141.176.1 - - [08/May/2013:10:29:58 +0200] "GET /Scripts/AC_ActiveX.js HTTP/1.1" 200 2068 "http://www.reisenweber-berlin.de/" "Mozilla/5.0 (Macintosh; Intel Mac OS X 10_8_3) AppleWebKit/536.28.10 (KHTML, like Gecko) Version/6.0.3 Safari/536.28.10"
62.141.176.1 - - [08/May/2013:10:29:58 +0200] "GET /img/pfeil.gif HTTP/1.1" 200 85 "http://www.reisenweber-berlin.de/" "Mozilla/5.0 (Macintosh; Intel Mac OS X 10_8_3) AppleWebKit/536.28.10 (KHTML, like Gecko) Version/6.0.3 Safari/536.28.10"
62.141.176.1 - - [08/May/2013:10:29:58 +0200] "GET /img/hg.jpg HTTP/1.1" 200 44355 "http://www.reisenweber-berlin.de/" "Mozilla/5.0 (Macintosh; Intel Mac OS X 10_8_3) AppleWebKit/536.28.10 (KHTML, like Gecko) Version/6.0.3 Safari/536.28.10"
62.141.176.1 - - [08/May/2013:10:29:58 +0200] "GET /img/corner01.png HTTP/1.1" 200 163 "http://www.reisenweber-berlin.de/" "Mozilla/5.0 (Macintosh; Intel Mac OS X 10_8_3) AppleWebKit/536.28.10 (KHTML, like Gecko) Version/6.0.3 Safari/536.28.10"
62.141.176.1 - - [08/May/2013:10:29:58 +0200] "GET /img/tbl_bottom.png HTTP/1.1" 200 168 "http://www.reisenweber-berlin.de/" "Mozilla/5.0 (Macintosh; Intel Mac OS X 10_8_3) AppleWebKit/536.28.10 (KHTML, like Gecko) Version/6.0.3 Safari/536.28.10"
62.141.176.1 - - [08/May/2013:10:29:58 +0200] "GET /img/spacer.gif HTTP/1.1" 200 43 "http://www.reisenweber-berlin.de/" "Mozilla/5.0 (Macintosh; Intel Mac OS X 10_8_3) AppleWebKit/536.28.10 (KHTML, like Gecko) Version/6.0.3 Safari/536.28.10"
62.141.176.1 - - [08/May/2013:10:29:58 +0200] "GET /img/corner02.png HTTP/1.1" 200 190 "http://www.reisenweber-berlin.de/" "Mozilla/5.0 (Macintosh; Intel Mac OS X 10_8_3) AppleWebKit/536.28.10 (KHTML, like Gecko) Version/6.0.3 Safari/536.28.10"
62.141.176.1 - - [08/May/2013:10:29:58 +0200] "GET /img/hg_tbl.png HTTP/1.1" 200 190 "http://www.reisenweber-berlin.de/" "Mozilla/5.0 (Macintosh; Intel Mac OS X 10_8_3) AppleWebKit/536.28.10 (KHTML, like Gecko) Version/6.0.3 Safari/536.28.10"
62.141.176.1 - - [08/May/2013:10:29:58 +0200] "GET /img/tbl_left.png HTTP/1.1" 200 236 "http://www.reisenweber-berlin.de/" "Mozilla/5.0 (Macintosh; Intel Mac OS X 10_8_3) AppleWebKit/536.28.10 (KHTML, like Gecko) Version/6.0.3 Safari/536.28.10"
62.141.176.1 - - [08/May/2013:10:29:58 +0200] "GET /img/HG_news.png HTTP/1.1" 200 212 "http://www.reisenweber-berlin.de/" "Mozilla/5.0 (Macintosh; Intel Mac OS X 10_8_3) AppleWebKit/536.28.10 (KHTML, like Gecko) Version/6.0.3 Safari/536.28.10"
62.141.176.1 - - [08/May/2013:10:29:58 +0200] "GET /img/pfeil-grau.gif HTTP/1.1" 200 73 "http://www.reisenweber-berlin.de/" "Mozilla/5.0 (Macintosh; Intel Mac OS X 10_8_3) AppleWebKit/536.28.10 (KHTML, like Gecko) Version/6.0.3 Safari/536.28.10"
62.141.176.1 - - [08/May/2013:10:29:58 +0200] "GET /img/tbl_right.png HTTP/1.1" 200 227 "http://www.reisenweber-berlin.de/" "Mozilla/5.0 (Macintosh; Intel Mac OS X 10_8_3) AppleWebKit/536.28.10 (KHTML, like Gecko) Version/6.0.3 Safari/536.28.10"
62.141.176.1 - - [08/May/2013:10:29:58 +0200] "GET /img/tbl_down.png HTTP/1.1" 200 197 "http://www.reisenweber-berlin.de/" "Mozilla/5.0 (Macintosh; Intel Mac OS X 10_8_3) AppleWebKit/536.28.10 (KHTML, like Gecko) Version/6.0.3 Safari/536.28.10"
62.141.176.1 - - [08/May/2013:10:29:58 +0200] "GET /img/corner03.png HTTP/1.1" 200 266 "http://www.reisenweber-berlin.de/" "Mozilla/5.0 (Macintosh; Intel Mac OS X 10_8_3) AppleWebKit/536.28.10 (KHTML, like Gecko) Version/6.0.3 Safari/536.28.10"
62.141.176.1 - - [08/May/2013:10:29:58 +0200] "GET /img/corner04.png HTTP/1.1" 200 203 "http://www.reisenweber-berlin.de/" "Mozilla/5.0 (Macintosh; Intel Mac OS X 10_8_3) AppleWebKit/536.28.10 (KHTML, like Gecko) Version/6.0.3 Safari/536.28.10"
62.141.176.1 - - [08/May/2013:10:29:59 +0200] "GET /img/FACEBOOK.png HTTP/1.1" 200 1159 "http://www.reisenweber-berlin.de/" "Mozilla/5.0 (Macintosh; Intel Mac OS X 10_8_3) AppleWebKit/536.28.10 (KHTML, like Gecko) Version/6.0.3 Safari/536.28.10"
62.141.176.1 - - [08/May/2013:10:29:59 +0200] "GET /favicon.ico HTTP/1.1" 404 1256 "http://www.reisenweber-berlin.de/" "Mozilla/5.0 (Macintosh; Intel Mac OS X 10_8_3) AppleWebKit/536.28.10 (KHTML, like Gecko) Version/6.0.3 Safari/536.28.10"
62.141.176.1 - - [08/May/2013:10:30:02 +0200] "GET /leistungen.html HTTP/1.1" 200 22517 "http://www.reisenweber-berlin.de/" "Mozilla/5.0 (Macintosh; Intel Mac OS X 10_8_3) AppleWebKit/536.28.10 (KHTML, like Gecko) Version/6.0.3 Safari/536.28.10"
62.141.176.1 - - [08/May/2013:10:30:02 +0200] "GET /css/Panel.css HTTP/1.1" 200 3497 "http://www.reisenweber-berlin.de/leistungen.html" "Mozilla/5.0 (Macintosh; Intel Mac OS X 10_8_3) AppleWebKit/536.28.10 (KHTML, like Gecko) Version/6.0.3 Safari/536.28.10"
62.141.176.1 - - [08/May/2013:10:30:02 +0200] "GET /js/Panel.js HTTP/1.1" 200 13072 "http://www.reisenweber-berlin.de/leistungen.html" "Mozilla/5.0 (Macintosh; Intel Mac OS X 10_8_3) AppleWebKit/536.28.10 (KHTML, like Gecko) Version/6.0.3 Safari/536.28.10"
62.141.176.1 - - [08/May/2013:10:30:02 +0200] "GET /js/RunFLASH.js HTTP/1.1" 200 8029 "http://www.reisenweber-berlin.de/leistungen.html" "Mozilla/5.0 (Macintosh; Intel Mac OS X 10_8_3) AppleWebKit/536.28.10 (KHTML, like Gecko) Version/6.0.3 Safari/536.28.10"
62.141.176.1 - - [08/May/2013:10:30:05 +0200] "GET /haare.html HTTP/1.1" 200 19161 "http://www.reisenweber-berlin.de/leistungen.html" "Mozilla/5.0 (Macintosh; Intel Mac OS X 10_8_3) AppleWebKit/536.28.10 (KHTML, like Gecko) Version/6.0.3 Safari/536.28.10"
62.141.176.1 - - [08/May/2013:10:30:06 +0200] "GET /img/hair.png HTTP/1.1" 200 129494 "http://www.reisenweber-berlin.de/haare.html" "Mozilla/5.0 (Macintosh; Intel Mac OS X 10_8_3) AppleWebKit/536.28.10 (KHTML, like Gecko) Version/6.0.3 Safari/536.28.10"
62.141.176.1 - - [08/May/2013:10:30:16 +0200] "GET /index.html HTTP/1.1" 200 10048 "http://www.reisenweber-berlin.de/haare.html" "Mozilla/5.0 (Macintosh; Intel Mac OS X 10_8_3) AppleWebKit/536.28.10 (KHTML, like Gecko) Version/6.0.3 Safari/536.28.10"
62.181.145.141 - - [08/May/2013:10:30:35 +0200] "GET /pics/4.jpg HTTP/1.1" 304 - "-" "Mozilla/4.0 (compatible;)"
62.181.145.141 - - [08/May/2013:10:31:18 +0200] "GET /pics/3.jpg HTTP/1.1" 304 - "-" "Mozilla/4.0 (compatible;)"
62.141.176.1 - - [08/May/2013:10:37:06 +0200] "GET /reisenweber_ani.swf HTTP/1.1" 200 60314 "http://www.reisenweber-berlin.de/index.html" "Mozilla/5.0 (Macintosh; Intel Mac OS X 10_8_3) AppleWebKit/536.28.10 (KHTML, like Gecko) Version/6.0.3 Safari/536.28.10"
62.141.176.1 - - [08/May/2013:10:37:06 +0200] "GET /pics/2.jpg HTTP/1.1" 200 107549 "http://www.reisenweber-berlin.de/index.html" "Mozilla/5.0 (Macintosh; Intel Mac OS X 10_8_3) AppleWebKit/536.28.10 (KHTML, like Gecko) Version/6.0.3 Safari/536.28.10"
62.141.176.1 - - [08/May/2013:10:37:29 +0200] "GET /pics/3.jpg HTTP/1.1" 200 149645 "http://www.reisenweber-berlin.de/index.html" "Mozilla/5.0 (Macintosh; Intel Mac OS X 10_8_3) AppleWebKit/536.28.10 (KHTML, like Gecko) Version/6.0.3 Safari/536.28.10"
62.141.176.1 - - [08/May/2013:10:38:23 +0200] "GET /pics/4.jpg HTTP/1.1" 200 165768 "http://www.reisenweber-berlin.de/index.html" "Mozilla/5.0 (Macintosh; Intel Mac OS X 10_8_3) AppleWebKit/536.28.10 (KHTML, like Gecko) Version/6.0.3 Safari/536.28.10"
62.141.176.1 - - [08/May/2013:10:38:34 +0200] "GET /pics/5.jpg HTTP/1.1" 200 134687 "http://www.reisenweber-berlin.de/index.html" "Mozilla/5.0 (Macintosh; Intel Mac OS X 10_8_3) AppleWebKit/536.28.10 (KHTML, like Gecko) Version/6.0.3 Safari/536.28.10"
62.141.176.1 - - [08/May/2013:10:39:06 +0200] "GET /kontakt.html HTTP/1.1" 200 13504 "http://www.reisenweber-berlin.de/index.html" "Mozilla/5.0 (Macintosh; Intel Mac OS X 10_8_3) AppleWebKit/536.28.10 (KHTML, like Gecko) Version/6.0.3 Safari/536.28.10"
62.141.176.1 - - [08/May/2013:10:39:06 +0200] "GET /img/hg_tbl.jpg HTTP/1.1" 200 352 "http://www.reisenweber-berlin.de/kontakt.html" "Mozilla/5.0 (Macintosh; Intel Mac OS X 10_8_3) AppleWebKit/536.28.10 (KHTML, like Gecko) Version/6.0.3 Safari/536.28.10"
84.128.164.184 - - [08/May/2013:12:04:45 +0200] "GET /leistungen.html HTTP/1.1" 200 22517 "-" "Mozilla/5.0 (Windows; U; Windows NT 6.0; de; rv:1.9.2.3) Gecko/20100401 Firefox/3.6.3 ( .NET CLR 3.5.30729)"
141.89.70.81 - - [08/May/2013:12:22:07 +0200] "GET / HTTP/1.1" 200 10048 "http://www.google.de/url?sa=t&rct=j&q=&esrc=s&source=web&cd=1&ved=0CC8QFjAA&url=http%3A%2F%2Fwww.reisenweber-berlin.de%2F&ei=NieKUeLXIpHQ4QTmqoCYCg&usg=AFQjCNF7TSzUIEj_OI_RiqKPTlc2EM_6vg&sig2=MgrYA1kjwLypDYH-OE9puA&bvm=bv.46226182,d.bGE" "Mozilla/5.0 (Windows NT 6.1; rv:19.0) Gecko/20100101 Firefox/19.0"
141.89.70.81 - - [08/May/2013:12:22:07 +0200] "GET /css/style.css HTTP/1.1" 200 3765 "http://www.reisenweber-berlin.de/" "Mozilla/5.0 (Windows NT 6.1; rv:19.0) Gecko/20100101 Firefox/19.0"
141.89.70.81 - - [08/May/2013:12:22:07 +0200] "GET /Scripts/AC_RunActiveContent.js HTTP/1.1" 200 8029 "http://www.reisenweber-berlin.de/" "Mozilla/5.0 (Windows NT 6.1; rv:19.0) Gecko/20100101 Firefox/19.0"
141.89.70.81 - - [08/May/2013:12:22:08 +0200] "GET /img/corner01.png HTTP/1.1" 200 163 "http://www.reisenweber-berlin.de/" "Mozilla/5.0 (Windows NT 6.1; rv:19.0) Gecko/20100101 Firefox/19.0"
141.89.70.81 - - [08/May/2013:12:22:08 +0200] "GET /Scripts/AC_ActiveX.js HTTP/1.1" 200 2068 "http://www.reisenweber-berlin.de/" "Mozilla/5.0 (Windows NT 6.1; rv:19.0) Gecko/20100101 Firefox/19.0"
141.89.70.81 - - [08/May/2013:12:22:08 +0200] "GET /img/spacer.gif HTTP/1.1" 200 43 "http://www.reisenweber-berlin.de/" "Mozilla/5.0 (Windows NT 6.1; rv:19.0) Gecko/20100101 Firefox/19.0"
141.89.70.81 - - [08/May/2013:12:22:08 +0200] "GET /img/corner02.png HTTP/1.1" 200 190 "http://www.reisenweber-berlin.de/" "Mozilla/5.0 (Windows NT 6.1; rv:19.0) Gecko/20100101 Firefox/19.0"
141.89.70.81 - - [08/May/2013:12:22:08 +0200] "GET /img/pfeil.gif HTTP/1.1" 200 85 "http://www.reisenweber-berlin.de/" "Mozilla/5.0 (Windows NT 6.1; rv:19.0) Gecko/20100101 Firefox/19.0"
141.89.70.81 - - [08/May/2013:12:22:08 +0200] "GET /img/pfeil-grau.gif HTTP/1.1" 200 73 "http://www.reisenweber-berlin.de/" "Mozilla/5.0 (Windows NT 6.1; rv:19.0) Gecko/20100101 Firefox/19.0"
141.89.70.81 - - [08/May/2013:12:22:08 +0200] "GET /img/corner03.png HTTP/1.1" 200 266 "http://www.reisenweber-berlin.de/" "Mozilla/5.0 (Windows NT 6.1; rv:19.0) Gecko/20100101 Firefox/19.0"
141.89.70.81 - - [08/May/2013:12:22:08 +0200] "GET /img/FACEBOOK.png HTTP/1.1" 200 1159 "http://www.reisenweber-berlin.de/" "Mozilla/5.0 (Windows NT 6.1; rv:19.0) Gecko/20100101 Firefox/19.0"
141.89.70.81 - - [08/May/2013:12:22:08 +0200] "GET /img/corner04.png HTTP/1.1" 200 203 "http://www.reisenweber-berlin.de/" "Mozilla/5.0 (Windows NT 6.1; rv:19.0) Gecko/20100101 Firefox/19.0"
141.89.70.81 - - [08/May/2013:12:22:08 +0200] "GET /img/tbl_bottom.png HTTP/1.1" 200 168 "http://www.reisenweber-berlin.de/css/style.css" "Mozilla/5.0 (Windows NT 6.1; rv:19.0) Gecko/20100101 Firefox/19.0"
141.89.70.81 - - [08/May/2013:12:22:08 +0200] "GET /img/HG_news.png HTTP/1.1" 200 212 "http://www.reisenweber-berlin.de/" "Mozilla/5.0 (Windows NT 6.1; rv:19.0) Gecko/20100101 Firefox/19.0"
141.89.70.81 - - [08/May/2013:12:22:08 +0200] "GET /img/tbl_left.png HTTP/1.1" 200 236 "http://www.reisenweber-berlin.de/css/style.css" "Mozilla/5.0 (Windows NT 6.1; rv:19.0) Gecko/20100101 Firefox/19.0"
141.89.70.81 - - [08/May/2013:12:22:08 +0200] "GET /img/hg_tbl.png HTTP/1.1" 200 190 "http://www.reisenweber-berlin.de/" "Mozilla/5.0 (Windows NT 6.1; rv:19.0) Gecko/20100101 Firefox/19.0"
141.89.70.81 - - [08/May/2013:12:22:08 +0200] "GET /img/tbl_right.png HTTP/1.1" 200 227 "http://www.reisenweber-berlin.de/css/style.css" "Mozilla/5.0 (Windows NT 6.1; rv:19.0) Gecko/20100101 Firefox/19.0"
141.89.70.81 - - [08/May/2013:12:22:08 +0200] "GET /img/tbl_down.png HTTP/1.1" 200 197 "http://www.reisenweber-berlin.de/css/style.css" "Mozilla/5.0 (Windows NT 6.1; rv:19.0) Gecko/20100101 Firefox/19.0"
141.89.70.81 - - [08/May/2013:12:22:08 +0200] "GET /img/hg.jpg HTTP/1.1" 200 44355 "http://www.reisenweber-berlin.de/css/style.css" "Mozilla/5.0 (Windows NT 6.1; rv:19.0) Gecko/20100101 Firefox/19.0"
141.89.70.81 - - [08/May/2013:12:22:08 +0200] "GET /reisenweber_ani.swf HTTP/1.1" 200 60314 "http://www.reisenweber-berlin.de/" "Mozilla/5.0 (Windows NT 6.1; rv:19.0) Gecko/20100101 Firefox/19.0"
141.89.70.81 - - [08/May/2013:12:22:09 +0200] "GET /favicon.ico HTTP/1.1" 404 1256 "-" "Mozilla/5.0 (Windows NT 6.1; rv:19.0) Gecko/20100101 Firefox/19.0"
141.89.70.81 - - [08/May/2013:12:22:09 +0200] "GET /pics/1.jpg HTTP/1.1" 200 104529 "http://www.reisenweber-berlin.de/reisenweber_ani.swf" "Mozilla/5.0 (Windows NT 6.1; rv:19.0) Gecko/20100101 Firefox/19.0"
141.89.70.81 - - [08/May/2013:12:22:18 +0200] "GET /pics/2.jpg HTTP/1.1" 200 107549 "http://www.reisenweber-berlin.de/reisenweber_ani.swf" "Mozilla/5.0 (Windows NT 6.1; rv:19.0) Gecko/20100101 Firefox/19.0"
141.89.70.81 - - [08/May/2013:12:22:25 +0200] "GET /pics/3.jpg HTTP/1.1" 200 149645 "http://www.reisenweber-berlin.de/reisenweber_ani.swf" "Mozilla/5.0 (Windows NT 6.1; rv:19.0) Gecko/20100101 Firefox/19.0"
141.89.70.81 - - [08/May/2013:12:22:33 +0200] "GET /pics/4.jpg HTTP/1.1" 200 165768 "http://www.reisenweber-berlin.de/reisenweber_ani.swf" "Mozilla/5.0 (Windows NT 6.1; rv:19.0) Gecko/20100101 Firefox/19.0"
141.89.70.81 - - [08/May/2013:12:22:40 +0200] "GET /pics/5.jpg HTTP/1.1" 200 134687 "http://www.reisenweber-berlin.de/reisenweber_ani.swf" "Mozilla/5.0 (Windows NT 6.1; rv:19.0) Gecko/20100101 Firefox/19.0"
141.89.70.81 - - [08/May/2013:12:23:15 +0200] "GET /leistungen.html HTTP/1.1" 200 22517 "http://www.reisenweber-berlin.de/" "Mozilla/5.0 (Windows NT 6.1; rv:19.0) Gecko/20100101 Firefox/19.0"
141.89.70.81 - - [08/May/2013:12:23:15 +0200] "GET /js/RunFLASH.js HTTP/1.1" 200 8029 "http://www.reisenweber-berlin.de/leistungen.html" "Mozilla/5.0 (Windows NT 6.1; rv:19.0) Gecko/20100101 Firefox/19.0"
141.89.70.81 - - [08/May/2013:12:23:15 +0200] "GET /js/Panel.js HTTP/1.1" 200 13072 "http://www.reisenweber-berlin.de/leistungen.html" "Mozilla/5.0 (Windows NT 6.1; rv:19.0) Gecko/20100101 Firefox/19.0"
141.89.70.81 - - [08/May/2013:12:23:15 +0200] "GET /css/Panel.css HTTP/1.1" 200 3497 "http://www.reisenweber-berlin.de/leistungen.html" "Mozilla/5.0 (Windows NT 6.1; rv:19.0) Gecko/20100101 Firefox/19.0"
37.140.141.34 - - [08/May/2013:12:50:22 +0200] "GET /img/team.jpg HTTP/1.1" 304 - "-" "Mozilla/5.0 (compatible; YandexImages/3.0; +http://yandex.com/bots)"
84.128.164.184 - - [08/May/2013:13:43:13 +0200] "GET /kontakt.html HTTP/1.1" 200 13504 "-" "Mozilla/5.0 (Windows; U; Windows NT 6.0; de; rv:1.9.2.3) Gecko/20100401 Firefox/3.6.3 ( .NET CLR 3.5.30729)"
84.128.164.184 - - [08/May/2013:14:04:41 +0200] "GET /uns.html HTTP/1.1" 200 8276 "-" "Mozilla/5.0 (Windows; U; Windows NT 6.0; de; rv:1.9.2.3) Gecko/20100401 Firefox/3.6.3 ( .NET CLR 3.5.30729)"
66.249.78.164 - - [08/May/2013:14:41:41 +0200] "GET /robots.txt HTTP/1.1" 404 1256 "-" "Mozilla/5.0 (compatible; Googlebot/2.1; +http://www.google.com/bot.html)"
66.249.78.164 - - [08/May/2013:14:41:41 +0200] "GET /kontakt.html HTTP/1.1" 304 - "-" "Mozilla/5.0 (iPhone; U; CPU iPhone OS 4_1 like Mac OS X; en-us) AppleWebKit/532.9 (KHTML, like Gecko) Version/4.0.5 Mobile/8B117 Safari/6531.22.7 (compatible; Googlebot-Mobile/2.1; +http://www.google.com/bot.html)"
208.115.113.83 - - [08/May/2013:16:06:44 +0200] "GET /robots.txt HTTP/1.1" 404 1256 "-" "Mozilla/5.0 (compatible; Ezooms/1.0; ezooms.bot@gmail.com)"
176.57.143.60 - - [08/May/2013:17:55:26 +0200] "GET /links.html HTTP/1.1" 200 8359 "-" "Mozilla/5.0 (X11; Linux i686; rv:6.0) Gecko/20100101 Firefox/6.0"
208.115.113.83 - - [08/May/2013:18:16:23 +0200] "GET /index.html HTTP/1.1" 200 10048 "-" "Mozilla/5.0 (compatible; Ezooms/1.0; ezooms.bot@gmail.com)"
157.55.33.84 - - [08/May/2013:18:27:39 +0200] "GET /robots.txt HTTP/1.1" 404 1256 "-" "Mozilla/5.0 (compatible; bingbot/2.0; +http://www.bing.com/bingbot.htm)"
157.55.33.84 - - [08/May/2013:18:29:25 +0200] "GET / HTTP/1.1" 304 - "-" "Mozilla/5.0 (compatible; bingbot/2.0; +http://www.bing.com/bingbot.htm)"
66.249.78.164 - - [08/May/2013:18:55:59 +0200] "GET /leistungen.html HTTP/1.1" 304 - "-" "Mozilla/5.0 (iPhone; U; CPU iPhone OS 4_1 like Mac OS X; en-us) AppleWebKit/532.9 (KHTML, like Gecko) Version/4.0.5 Mobile/8B117 Safari/6531.22.7 (compatible; Googlebot-Mobile/2.1; +http://www.google.com/bot.html)"
84.128.164.184 - - [08/May/2013:18:55:59 +0200] "GET /aktuelles.html HTTP/1.1" 200 12500 "-" "Mozilla/5.0 (Windows; U; Windows NT 6.0; de; rv:1.9.2.3) Gecko/20100401 Firefox/3.6.3 ( .NET CLR 3.5.30729)"
84.128.164.184 - - [08/May/2013:21:27:21 +0200] "GET /reisenweber_ani.swf HTTP/1.1" 200 60314 "-" "Mozilla/5.0 (Windows; U; Windows NT 6.0; de; rv:1.9.2.3) Gecko/20100401 Firefox/3.6.3 ( .NET CLR 3.5.30729)"
46.98.134.148 - - [08/May/2013:22:47:46 +0200] "GET /robots.txt HTTP/1.1" 404 1256 "-" "Mozilla/5.0 (compatible; 008/0.83; http://www.80legs.com/webcrawler.html;) Gecko/2008032620"
46.98.134.148 - - [08/May/2013:22:47:46 +0200] "GET / HTTP/1.1" 200 10048 "-" "Mozilla/5.0 (compatible; 008/0.85; http://www.80legs.com/webcrawler.html) Gecko/2008032620"
65.55.215.99 - - [08/May/2013:22:49:06 +0200] "GET /robots.txt HTTP/1.1" 404 1256 "-" "msnbot-media/1.1 (+http://search.msn.com/msnbot.htm)"
65.55.215.99 - - [08/May/2013:22:49:07 +0200] "GET /img/FACEBOOK.png HTTP/1.1" 200 1159 "-" "msnbot-media/1.1 (+http://search.msn.com/msnbot.htm)"
64.125.222.50 - - [08/May/2013:23:02:25 +0200] "GET /robots.txt HTTP/1.1" 404 1256 "-" "Mozilla/5.0 (compatible; 008/0.83; http://www.80legs.com/webcrawler.html;) Gecko/2008032620"
91.200.226.2 - - [08/May/2013:23:02:54 +0200] "GET / HTTP/1.1" 200 10048 "-" "Mozilla/5.0 (compatible; 008/0.85; http://www.80legs.com/webcrawler.html) Gecko/2008032620"
31.43.223.17 - - [08/May/2013:23:03:05 +0200] "GET / HTTP/1.1" 200 10048 "-" "Mozilla/5.0 (compatible; 008/0.85; http://www.80legs.com/webcrawler.html) Gecko/2008032620"
66.249.78.164 - - [08/May/2013:23:28:07 +0200] "GET /produkte.html HTTP/1.1" 304 - "-" "Mozilla/5.0 (iPhone; U; CPU iPhone OS 4_1 like Mac OS X; en-us) AppleWebKit/532.9 (KHTML, like Gecko) Version/4.0.5 Mobile/8B117 Safari/6531.22.7 (compatible; Googlebot-Mobile/2.1; +http://www.google.com/bot.html)"
62.181.145.141 - - [08/May/2013:23:46:53 +0200] "GET /kosmetik.html HTTP/1.1" 304 - "-" "Mozilla/4.0 (compatible;)"
66.249.78.164 - - [09/May/2013:01:01:24 +0200] "GET / HTTP/1.1" 200 10048 "-" "Mozilla/5.0 (compatible; Googlebot/2.1; +http://www.google.com/bot.html)"
66.249.78.164 - - [09/May/2013:01:06:59 +0200] "GET /css/style.css HTTP/1.1" 200 3765 "-" "Mozilla/5.0 (compatible; Googlebot/2.1; +http://www.google.com/bot.html)"
64.125.222.50 - - [09/May/2013:02:24:43 +0200] "GET /robots.txt HTTP/1.1" 404 1256 "-" "Mozilla/5.0 (compatible; 008/0.83; http://www.80legs.com/webcrawler.html;) Gecko/2008032620"
85.25.120.73 - - [09/May/2013:02:29:22 +0200] "GET / HTTP/1.1" 200 10048 "-" "Mozilla/5.0 (X11; U; Linux i686; en-US; rv:1.9.0.1) Gecko/2008070206 Firefox/3.0.1"
85.25.120.73 - - [09/May/2013:02:29:22 +0200] "GET /kontakt.html HTTP/1.1" 200 13504 "-" "Mozilla/5.0 (X11; U; Linux i686; en-US; rv:1.9.0.1) Gecko/2008070206 Firefox/3.0.1"
78.25.121.92 - - [09/May/2013:02:43:23 +0200] "GET /uns.html HTTP/1.1" 200 8276 "-" "Mozilla/5.0 (compatible; 008/0.85; http://www.80legs.com/webcrawler.html) Gecko/2008032620"
109.71.177.97 - - [09/May/2013:02:44:34 +0200] "GET /produkte.html HTTP/1.1" 200 8669 "-" "Mozilla/5.0 (compatible; 008/0.85; http://www.80legs.com/webcrawler.html) Gecko/2008032620"
78.25.121.92 - - [09/May/2013:02:50:45 +0200] "GET /kontakt.html HTTP/1.1" 200 13504 "-" "Mozilla/5.0 (compatible; 008/0.85; http://www.80legs.com/webcrawler.html) Gecko/2008032620"
85.26.184.132 - - [09/May/2013:02:52:14 +0200] "GET /links.html HTTP/1.1" 200 8359 "-" "Mozilla/5.0 (compatible; 008/0.85; http://www.80legs.com/webcrawler.html) Gecko/2008032620"
150.70.172.108 - - [09/May/2013:02:53:54 +0200] "GET /links.html HTTP/1.0" 200 8359 "-" "Mozilla/4.0 (compatible; MSIE 6.0; Windows NT 5.1)"
125.164.82.228 - - [09/May/2013:02:58:19 +0200] "GET /uns.html HTTP/1.1" 200 8276 "-" "Mozilla/5.0 (compatible; 008/0.85; http://www.80legs.com/webcrawler.html) Gecko/2008032620"
74.64.71.37 - - [09/May/2013:03:04:28 +0200] "GET /links.html HTTP/1.1" 200 8359 "-" "Mozilla/5.0 (compatible; 008/0.85; http://www.80legs.com/webcrawler.html) Gecko/2008032620"
95.154.78.165 - - [09/May/2013:03:53:59 +0200] "GET /index.html HTTP/1.1" 200 10048 "-" "Mozilla/5.0 (compatible; 008/0.85; http://www.80legs.com/webcrawler.html) Gecko/2008032620"
66.249.78.164 - - [09/May/2013:04:03:13 +0200] "GET /robots.txt HTTP/1.1" 404 1256 "-" "Mozilla/5.0 (compatible; Googlebot/2.1; +http://www.google.com/bot.html)"
66.249.78.164 - - [09/May/2013:04:03:13 +0200] "GET /kosmetik.html HTTP/1.1" 304 - "-" "Mozilla/5.0 (iPhone; U; CPU iPhone OS 4_1 like Mac OS X; en-us) AppleWebKit/532.9 (KHTML, like Gecko) Version/4.0.5 Mobile/8B117 Safari/6531.22.7 (compatible; Googlebot-Mobile/2.1; +http://www.google.com/bot.html)"
109.188.127.61 - - [09/May/2013:04:06:04 +0200] "GET /philosophie.html HTTP/1.1" 200 8898 "-" "Mozilla/5.0 (compatible; 008/0.85; http://www.80legs.com/webcrawler.html) Gecko/2008032620"
188.242.201.172 - - [09/May/2013:04:09:17 +0200] "GET /philosophie.html HTTP/1.1" 200 8898 "-" "Mozilla/5.0 (compatible; 008/0.85; http://www.80legs.com/webcrawler.html) Gecko/2008032620"
98.226.8.138 - - [09/May/2013:04:09:57 +0200] "GET /index.html HTTP/1.1" 200 10048 "-" "Mozilla/5.0 (compatible; 008/0.85; http://www.80legs.com/webcrawler.html) Gecko/2008032620"
89.189.191.87 - - [09/May/2013:04:12:51 +0200] "GET /index.html HTTP/1.1" 200 10048 "-" "Mozilla/5.0 (compatible; 008/0.85; http://www.80legs.com/webcrawler.html) Gecko/2008032620"
37.75.185.216 - - [09/May/2013:04:14:14 +0200] "GET /robots.txt HTTP/1.1" 404 1256 "-" "Mozilla/5.0 (compatible; Abonti/0.91 - http://www.abonti.com)"
37.75.185.216 - - [09/May/2013:04:14:32 +0200] "GET / HTTP/1.1" 200 10048 "-" "Mozilla/5.0 (compatible; Abonti/0.91 - http://www.abonti.com)"
37.75.185.216 - - [09/May/2013:04:14:48 +0200] "GET /aktuelles.html HTTP/1.1" 200 12500 "-" "Mozilla/5.0 (compatible; Abonti/0.91 - http://www.abonti.com)"
37.75.185.216 - - [09/May/2013:04:15:04 +0200] "GET /leistungen.html HTTP/1.1" 200 22517 "-" "Mozilla/5.0 (compatible; Abonti/0.91 - http://www.abonti.com)"
37.75.185.216 - - [09/May/2013:04:15:19 +0200] "GET /haare.html HTTP/1.1" 200 19161 "-" "Mozilla/5.0 (compatible; Abonti/0.91 - http://www.abonti.com)"
37.75.185.216 - - [09/May/2013:04:15:46 +0200] "GET /links.html HTTP/1.1" 200 8359 "-" "Mozilla/5.0 (compatible; Abonti/0.91 - http://www.abonti.com)"
37.75.185.216 - - [09/May/2013:04:16:05 +0200] "GET /index.html HTTP/1.1" 200 10048 "-" "Mozilla/5.0 (compatible; Abonti/0.91 - http://www.abonti.com)"
37.75.185.216 - - [09/May/2013:04:16:33 +0200] "GET /kontakt.html HTTP/1.1" 200 13504 "-" "Mozilla/5.0 (compatible; Abonti/0.91 - http://www.abonti.com)"
37.75.185.216 - - [09/May/2013:04:16:52 +0200] "GET /uns.html HTTP/1.1" 200 8276 "-" "Mozilla/5.0 (compatible; Abonti/0.91 - http://www.abonti.com)"
37.75.185.216 - - [09/May/2013:04:17:15 +0200] "GET /philosophie.html HTTP/1.1" 200 8898 "-" "Mozilla/5.0 (compatible; Abonti/0.91 - http://www.abonti.com)"
37.75.185.216 - - [09/May/2013:04:17:32 +0200] "GET /produkte.html HTTP/1.1" 200 8669 "-" "Mozilla/5.0 (compatible; Abonti/0.91 - http://www.abonti.com)"
84.128.174.242 - - [09/May/2013:08:49:33 +0200] "GET /index.html HTTP/1.1" 200 10048 "-" "Mozilla/5.0 (Windows; U; Windows NT 6.0; de; rv:1.9.2.3) Gecko/20100401 Firefox/3.6.3 ( .NET CLR 3.5.30729)"
141.8.147.12 - - [09/May/2013:09:07:15 +0200] "GET /robots.txt HTTP/1.1" 404 1256 "-" "Mozilla/5.0 (compatible; YandexBot/3.0; +http://yandex.com/bots)"
66.249.78.164 - - [09/May/2013:09:14:42 +0200] "GET /robots.txt HTTP/1.1" 404 1256 "-" "Mozilla/5.0 (compatible; Googlebot/2.1; +http://www.google.com/bot.html)"
66.249.78.164 - - [09/May/2013:09:14:42 +0200] "GET /leistungen.html HTTP/1.1" 200 22517 "-" "Mozilla/5.0 (compatible; Googlebot/2.1; +http://www.google.com/bot.html)"
84.128.174.242 - - [09/May/2013:09:14:55 +0200] "GET /philosophie.html HTTP/1.1" 200 8898 "-" "Mozilla/5.0 (Windows; U; Windows NT 6.0; de; rv:1.9.2.3) Gecko/20100401 Firefox/3.6.3 ( .NET CLR 3.5.30729)"
66.249.78.164 - - [09/May/2013:09:26:23 +0200] "GET /css/Panel.css HTTP/1.1" 200 3497 "-" "Mozilla/5.0 (compatible; Googlebot/2.1; +http://www.google.com/bot.html)"
66.249.78.164 - - [09/May/2013:10:30:11 +0200] "GET /img/damen-03.jpg HTTP/1.1" 200 7182 "-" "Googlebot-Image/1.0"
79.247.191.126 - - [09/May/2013:10:42:39 +0200] "GET / HTTP/1.1" 200 10048 "-" "Mozilla/5.0 (Macintosh; Intel Mac OS X 10_7_5) AppleWebKit/536.26.17 (KHTML, like Gecko) Version/6.0.2 Safari/536.26.17"
79.247.191.126 - - [09/May/2013:10:42:39 +0200] "GET /Scripts/AC_RunActiveContent.js HTTP/1.1" 200 8029 "http://www.reisenweber-berlin.de/" "Mozilla/5.0 (Macintosh; Intel Mac OS X 10_7_5) AppleWebKit/536.26.17 (KHTML, like Gecko) Version/6.0.2 Safari/536.26.17"
79.247.191.126 - - [09/May/2013:10:42:39 +0200] "GET /Scripts/AC_ActiveX.js HTTP/1.1" 200 2068 "http://www.reisenweber-berlin.de/" "Mozilla/5.0 (Macintosh; Intel Mac OS X 10_7_5) AppleWebKit/536.26.17 (KHTML, like Gecko) Version/6.0.2 Safari/536.26.17"
79.247.191.126 - - [09/May/2013:10:42:39 +0200] "GET /css/style.css HTTP/1.1" 200 3765 "http://www.reisenweber-berlin.de/" "Mozilla/5.0 (Macintosh; Intel Mac OS X 10_7_5) AppleWebKit/536.26.17 (KHTML, like Gecko) Version/6.0.2 Safari/536.26.17"
79.247.191.126 - - [09/May/2013:10:42:39 +0200] "GET /img/spacer.gif HTTP/1.1" 200 43 "http://www.reisenweber-berlin.de/" "Mozilla/5.0 (Macintosh; Intel Mac OS X 10_7_5) AppleWebKit/536.26.17 (KHTML, like Gecko) Version/6.0.2 Safari/536.26.17"
79.247.191.126 - - [09/May/2013:10:42:39 +0200] "GET /img/tbl_bottom.png HTTP/1.1" 200 168 "http://www.reisenweber-berlin.de/" "Mozilla/5.0 (Macintosh; Intel Mac OS X 10_7_5) AppleWebKit/536.26.17 (KHTML, like Gecko) Version/6.0.2 Safari/536.26.17"
79.247.191.126 - - [09/May/2013:10:42:39 +0200] "GET /img/pfeil.gif HTTP/1.1" 200 85 "http://www.reisenweber-berlin.de/" "Mozilla/5.0 (Macintosh; Intel Mac OS X 10_7_5) AppleWebKit/536.26.17 (KHTML, like Gecko) Version/6.0.2 Safari/536.26.17"
79.247.191.126 - - [09/May/2013:10:42:39 +0200] "GET /img/corner01.png HTTP/1.1" 200 163 "http://www.reisenweber-berlin.de/" "Mozilla/5.0 (Macintosh; Intel Mac OS X 10_7_5) AppleWebKit/536.26.17 (KHTML, like Gecko) Version/6.0.2 Safari/536.26.17"
79.247.191.126 - - [09/May/2013:10:42:39 +0200] "GET /img/corner02.png HTTP/1.1" 200 190 "http://www.reisenweber-berlin.de/" "Mozilla/5.0 (Macintosh; Intel Mac OS X 10_7_5) AppleWebKit/536.26.17 (KHTML, like Gecko) Version/6.0.2 Safari/536.26.17"
79.247.191.126 - - [09/May/2013:10:42:39 +0200] "GET /img/tbl_left.png HTTP/1.1" 200 236 "http://www.reisenweber-berlin.de/" "Mozilla/5.0 (Macintosh; Intel Mac OS X 10_7_5) AppleWebKit/536.26.17 (KHTML, like Gecko) Version/6.0.2 Safari/536.26.17"
79.247.191.126 - - [09/May/2013:10:42:39 +0200] "GET /img/hg_tbl.png HTTP/1.1" 200 190 "http://www.reisenweber-berlin.de/" "Mozilla/5.0 (Macintosh; Intel Mac OS X 10_7_5) AppleWebKit/536.26.17 (KHTML, like Gecko) Version/6.0.2 Safari/536.26.17"
79.247.191.126 - - [09/May/2013:10:42:39 +0200] "GET /img/HG_news.png HTTP/1.1" 200 212 "http://www.reisenweber-berlin.de/" "Mozilla/5.0 (Macintosh; Intel Mac OS X 10_7_5) AppleWebKit/536.26.17 (KHTML, like Gecko) Version/6.0.2 Safari/536.26.17"
79.247.191.126 - - [09/May/2013:10:42:40 +0200] "GET /img/pfeil-grau.gif HTTP/1.1" 200 73 "http://www.reisenweber-berlin.de/" "Mozilla/5.0 (Macintosh; Intel Mac OS X 10_7_5) AppleWebKit/536.26.17 (KHTML, like Gecko) Version/6.0.2 Safari/536.26.17"
79.247.191.126 - - [09/May/2013:10:42:40 +0200] "GET /img/tbl_right.png HTTP/1.1" 200 227 "http://www.reisenweber-berlin.de/" "Mozilla/5.0 (Macintosh; Intel Mac OS X 10_7_5) AppleWebKit/536.26.17 (KHTML, like Gecko) Version/6.0.2 Safari/536.26.17"
79.247.191.126 - - [09/May/2013:10:42:40 +0200] "GET /img/corner04.png HTTP/1.1" 200 203 "http://www.reisenweber-berlin.de/" "Mozilla/5.0 (Macintosh; Intel Mac OS X 10_7_5) AppleWebKit/536.26.17 (KHTML, like Gecko) Version/6.0.2 Safari/536.26.17"
79.247.191.126 - - [09/May/2013:10:42:40 +0200] "GET /img/tbl_down.png HTTP/1.1" 200 197 "http://www.reisenweber-berlin.de/" "Mozilla/5.0 (Macintosh; Intel Mac OS X 10_7_5) AppleWebKit/536.26.17 (KHTML, like Gecko) Version/6.0.2 Safari/536.26.17"
79.247.191.126 - - [09/May/2013:10:42:40 +0200] "GET /img/corner03.png HTTP/1.1" 200 266 "http://www.reisenweber-berlin.de/" "Mozilla/5.0 (Macintosh; Intel Mac OS X 10_7_5) AppleWebKit/536.26.17 (KHTML, like Gecko) Version/6.0.2 Safari/536.26.17"
79.247.191.126 - - [09/May/2013:10:42:39 +0200] "GET /img/hg.jpg HTTP/1.1" 200 44355 "http://www.reisenweber-berlin.de/" "Mozilla/5.0 (Macintosh; Intel Mac OS X 10_7_5) AppleWebKit/536.26.17 (KHTML, like Gecko) Version/6.0.2 Safari/536.26.17"
79.247.191.126 - - [09/May/2013:10:42:40 +0200] "GET /img/FACEBOOK.png HTTP/1.1" 200 1159 "http://www.reisenweber-berlin.de/" "Mozilla/5.0 (Macintosh; Intel Mac OS X 10_7_5) AppleWebKit/536.26.17 (KHTML, like Gecko) Version/6.0.2 Safari/536.26.17"
141.8.147.12 - - [09/May/2013:12:40:34 +0200] "GET / HTTP/1.1" 200 10048 "-" "Mozilla/5.0 (compatible; YandexBot/3.0; +http://yandex.com/bots)"
141.8.147.12 - - [09/May/2013:12:41:02 +0200] "GET /index.html HTTP/1.1" 200 10048 "-" "Mozilla/5.0 (compatible; YandexBot/3.0; +http://yandex.com/bots)"
141.8.147.12 - - [09/May/2013:12:41:04 +0200] "GET /reisenweber_ani.swf HTTP/1.1" 200 60314 "-" "Mozilla/5.0 (compatible; YandexBot/3.0; +http://yandex.com/bots)"
62.181.145.141 - - [09/May/2013:13:12:40 +0200] "GET /js/prototype.js HTTP/1.1" 304 - "-" "Mozilla/4.0 (compatible;)"
62.181.145.141 - - [09/May/2013:13:12:43 +0200] "GET /js/scriptaculous.js?load=effects HTTP/1.1" 304 - "-" "Mozilla/4.0 (compatible;)"
62.181.145.141 - - [09/May/2013:13:13:14 +0200] "GET /js/effects.js HTTP/1.1" 304 - "-" "Mozilla/4.0 (compatible;)"
62.181.145.141 - - [09/May/2013:13:14:08 +0200] "GET /img/Aufsteller.png HTTP/1.1" 304 - "-" "Mozilla/4.0 (compatible;)"
62.181.145.141 - - [09/May/2013:13:14:29 +0200] "GET /images/loading.gif HTTP/1.1" 304 - "-" "Mozilla/4.0 (compatible;)"
62.181.145.141 - - [09/May/2013:13:15:30 +0200] "GET /aktuelles.html HTTP/1.1" 304 - "-" "Mozilla/4.0 (compatible;)"
62.181.145.141 - - [09/May/2013:13:15:33 +0200] "GET /css/lightbox.css HTTP/1.1" 304 - "-" "Mozilla/4.0 (compatible;)"
62.181.145.141 - - [09/May/2013:13:16:00 +0200] "GET /js/lightbox.js HTTP/1.1" 304 - "-" "Mozilla/4.0 (compatible;)"
62.181.145.141 - - [09/May/2013:13:16:11 +0200] "GET /images/close.png HTTP/1.1" 304 - "-" "Mozilla/4.0 (compatible;)"
62.181.145.141 - - [09/May/2013:13:16:27 +0200] "GET /img/abgrenzung.jpg HTTP/1.1" 304 - "-" "Mozilla/4.0 (compatible;)"
65.55.52.108 - - [09/May/2013:13:47:19 +0200] "GET /robots.txt HTTP/1.1" 404 1256 "-" "Mozilla/5.0 (compatible; bingbot/2.0; +http://www.bing.com/bingbot.htm)"
65.55.52.108 - - [09/May/2013:14:31:12 +0200] "GET /leistungen.html HTTP/1.1" 200 22517 "-" "Mozilla/5.0 (compatible; bingbot/2.0; +http://www.bing.com/bingbot.htm)"
208.115.113.83 - - [09/May/2013:16:03:10 +0200] "GET /robots.txt HTTP/1.1" 404 1256 "-" "Mozilla/5.0 (compatible; Ezooms/1.0; ezooms.bot@gmail.com)"
208.115.113.83 - - [09/May/2013:16:31:21 +0200] "GET / HTTP/1.1" 200 10048 "-" "Mozilla/5.0 (compatible; Ezooms/1.0; ezooms.bot@gmail.com)"
157.55.33.84 - - [09/May/2013:19:39:47 +0200] "GET /robots.txt HTTP/1.1" 404 1256 "-" "Mozilla/5.0 (compatible; bingbot/2.0; +http://www.bing.com/bingbot.htm)"
157.55.33.84 - - [09/May/2013:19:41:31 +0200] "GET / HTTP/1.1" 304 - "-" "Mozilla/5.0 (compatible; bingbot/2.0; +http://www.bing.com/bingbot.htm)"
62.158.88.52 - - [09/May/2013:21:36:12 +0200] "GET / HTTP/1.1" 200 10048 "-" "Mozilla/5.0 (iPhone; CPU iPhone OS 6_0 like Mac OS X) AppleWebKit/536.26 (KHTML, like Gecko) Version/6.0 Mobile/10A405 Safari/8536.25"
62.158.88.52 - - [09/May/2013:21:36:13 +0200] "GET /img/FACEBOOK.png HTTP/1.1" 200 1159 "http://www.reisenweber-berlin.de/" "Mozilla/5.0 (iPhone; CPU iPhone OS 6_0 like Mac OS X) AppleWebKit/536.26 (KHTML, like Gecko) Version/6.0 Mobile/10A405 Safari/8536.25"
65.55.215.91 - - [10/May/2013:02:03:15 +0200] "GET /robots.txt HTTP/1.1" 404 1256 "-" "msnbot-media/1.1 (+http://search.msn.com/msnbot.htm)"
65.55.215.91 - - [10/May/2013:02:03:16 +0200] "GET /img/abgrenzung.jpg HTTP/1.1" 200 1815 "-" "msnbot-media/1.1 (+http://search.msn.com/msnbot.htm)"
66.249.78.164 - - [10/May/2013:03:41:19 +0200] "GET /robots.txt HTTP/1.1" 404 1256 "-" "Mozilla/5.0 (compatible; Googlebot/2.1; +http://www.google.com/bot.html)"
66.249.78.164 - - [10/May/2013:03:41:19 +0200] "GET / HTTP/1.1" 200 10048 "-" "Mozilla/5.0 (iPhone; U; CPU iPhone OS 4_1 like Mac OS X; en-us) AppleWebKit/532.9 (KHTML, like Gecko) Version/4.0.5 Mobile/8B117 Safari/6531.22.7 (compatible; Googlebot-Mobile/2.1; +http://www.google.com/bot.html)"
66.249.78.164 - - [10/May/2013:05:17:55 +0200] "GET /img/damen-03-GR.jpg HTTP/1.1" 200 97772 "-" "Googlebot-Image/1.0"
62.181.145.141 - - [10/May/2013:05:24:40 +0200] "GET / HTTP/1.1" 304 - "-" "Mozilla/4.0 (compatible;)"
66.249.78.164 - - [10/May/2013:05:45:33 +0200] "GET /uns.html HTTP/1.1" 304 - "-" "Mozilla/5.0 (iPhone; U; CPU iPhone OS 4_1 like Mac OS X; en-us) AppleWebKit/532.9 (KHTML, like Gecko) Version/4.0.5 Mobile/8B117 Safari/6531.22.7 (compatible; Googlebot-Mobile/2.1; +http://www.google.com/bot.html)"
91.23.5.3 - - [10/May/2013:09:48:46 +0200] "GET / HTTP/1.1" 200 10048 "https://www.google.de/" "Mozilla/5.0 (X11; CrOS i686 3701.81.2) AppleWebKit/537.31 (KHTML, like Gecko) Chrome/26.0.1410.57 Safari/537.31"
91.23.5.3 - - [10/May/2013:09:48:47 +0200] "GET /css/style.css HTTP/1.1" 200 3765 "http://www.reisenweber-berlin.de/" "Mozilla/5.0 (X11; CrOS i686 3701.81.2) AppleWebKit/537.31 (KHTML, like Gecko) Chrome/26.0.1410.57 Safari/537.31"
91.23.5.3 - - [10/May/2013:09:48:47 +0200] "GET /Scripts/AC_RunActiveContent.js HTTP/1.1" 200 8029 "http://www.reisenweber-berlin.de/" "Mozilla/5.0 (X11; CrOS i686 3701.81.2) AppleWebKit/537.31 (KHTML, like Gecko) Chrome/26.0.1410.57 Safari/537.31"
91.23.5.3 - - [10/May/2013:09:48:47 +0200] "GET /Scripts/AC_ActiveX.js HTTP/1.1" 200 2068 "http://www.reisenweber-berlin.de/" "Mozilla/5.0 (X11; CrOS i686 3701.81.2) AppleWebKit/537.31 (KHTML, like Gecko) Chrome/26.0.1410.57 Safari/537.31"
