89.204.138.22 - - [05/Oct/2012:11:39:32 +0200] "GET /img/HG_news.png HTTP/1.1" 200 212 "http://www.reisenweber-berlin.de/" "Mozilla/5.0 (Linux; U; Android 4.0.4; de-de; GT-I9300 Build/IMM76D) AppleWebKit/534.30 (KHTML, like Gecko) Version/4.0 Mobile Safari/534.30"
89.204.138.22 - - [05/Oct/2012:11:39:32 +0200] "GET /img/team.jpg HTTP/1.1" 200 66988 "http://www.reisenweber-berlin.de/" "Mozilla/5.0 (Linux; U; Android 4.0.4; de-de; GT-I9300 Build/IMM76D) AppleWebKit/534.30 (KHTML, like Gecko) Version/4.0 Mobile Safari/534.30"
89.204.138.22 - - [05/Oct/2012:11:39:33 +0200] "GET /img/pfeil-grau.gif HTTP/1.1" 200 73 "http://www.reisenweber-berlin.de/" "Mozilla/5.0 (Linux; U; Android 4.0.4; de-de; GT-I9300 Build/IMM76D) AppleWebKit/534.30 (KHTML, like Gecko) Version/4.0 Mobile Safari/534.30"
89.204.138.22 - - [05/Oct/2012:11:39:33 +0200] "GET /img/tbl_right.png HTTP/1.1" 200 227 "http://www.reisenweber-berlin.de/" "Mozilla/5.0 (Linux; U; Android 4.0.4; de-de; GT-I9300 Build/IMM76D) AppleWebKit/534.30 (KHTML, like Gecko) Version/4.0 Mobile Safari/534.30"
89.204.138.22 - - [05/Oct/2012:11:39:33 +0200] "GET /img/corner04.png HTTP/1.1" 200 203 "http://www.reisenweber-berlin.de/" "Mozilla/5.0 (Linux; U; Android 4.0.4; de-de; GT-I9300 Build/IMM76D) AppleWebKit/534.30 (KHTML, like Gecko) Version/4.0 Mobile Safari/534.30"
89.204.138.22 - - [05/Oct/2012:11:39:33 +0200] "GET /img/tbl_down.png HTTP/1.1" 200 197 "http://www.reisenweber-berlin.de/" "Mozilla/5.0 (Linux; U; Android 4.0.4; de-de; GT-I9300 Build/IMM76D) AppleWebKit/534.30 (KHTML, like Gecko) Version/4.0 Mobile Safari/534.30"
89.204.138.22 - - [05/Oct/2012:11:39:33 +0200] "GET /img/corner03.png HTTP/1.1" 200 266 "http://www.reisenweber-berlin.de/" "Mozilla/5.0 (Linux; U; Android 4.0.4; de-de; GT-I9300 Build/IMM76D) AppleWebKit/534.30 (KHTML, like Gecko) Version/4.0 Mobile Safari/534.30"
89.204.138.22 - - [05/Oct/2012:11:39:33 +0200] "GET /favicon.ico HTTP/1.1" 404 1256 "http://www.reisenweber-berlin.de/" "Mozilla/5.0 (Linux; U; Android 4.0.4; de-de; GT-I9300 Build/IMM76D) AppleWebKit/534.30 (KHTML, like Gecko) Version/4.0 Mobile Safari/534.30"
89.204.138.22 - - [05/Oct/2012:11:39:57 +0200] "GET /leistungen.html HTTP/1.1" 200 22197 "http://www.reisenweber-berlin.de/" "Mozilla/5.0 (Linux; U; Android 4.0.4; de-de; GT-I9300 Build/IMM76D) AppleWebKit/534.30 (KHTML, like Gecko) Version/4.0 Mobile Safari/534.30"
89.204.138.22 - - [05/Oct/2012:11:39:58 +0200] "GET /js/RunFLASH.js HTTP/1.1" 200 8029 "http://www.reisenweber-berlin.de/leistungen.html" "Mozilla/5.0 (Linux; U; Android 4.0.4; de-de; GT-I9300 Build/IMM76D) AppleWebKit/534.30 (KHTML, like Gecko) Version/4.0 Mobile Safari/534.30"
89.204.138.22 - - [05/Oct/2012:11:39:58 +0200] "GET /js/Panel.js HTTP/1.1" 200 13072 "http://www.reisenweber-berlin.de/leistungen.html" "Mozilla/5.0 (Linux; U; Android 4.0.4; de-de; GT-I9300 Build/IMM76D) AppleWebKit/534.30 (KHTML, like Gecko) Version/4.0 Mobile Safari/534.30"
89.204.138.22 - - [05/Oct/2012:11:39:58 +0200] "GET /css/Panel.css HTTP/1.1" 200 3497 "http://www.reisenweber-berlin.de/leistungen.html" "Mozilla/5.0 (Linux; U; Android 4.0.4; de-de; GT-I9300 Build/IMM76D) AppleWebKit/534.30 (KHTML, like Gecko) Version/4.0 Mobile Safari/534.30"
89.204.138.22 - - [05/Oct/2012:11:40:03 +0200] "GET /kontakt.html HTTP/1.1" 200 13297 "http://www.reisenweber-berlin.de/leistungen.html" "Mozilla/5.0 (Linux; U; Android 4.0.4; de-de; GT-I9300 Build/IMM76D) AppleWebKit/534.30 (KHTML, like Gecko) Version/4.0 Mobile Safari/534.30"
89.204.138.22 - - [05/Oct/2012:11:40:03 +0200] "GET /img/hg_tbl.jpg HTTP/1.1" 200 352 "http://www.reisenweber-berlin.de/kontakt.html" "Mozilla/5.0 (Linux; U; Android 4.0.4; de-de; GT-I9300 Build/IMM76D) AppleWebKit/534.30 (KHTML, like Gecko) Version/4.0 Mobile Safari/534.30"
81.200.198.20 - - [05/Oct/2012:11:41:28 +0200] "GET / HTTP/1.1" 200 10136 "http://www.google.de/search?hl=de&source=hp&q=reisenweber&gbv=2&oq=reisenweber&gs_l=heirloom-hp.3..0l2j0i10j0j0i10l2j0l2j0i10.967.2901.0.3166.11.11.0.0.0.0.187.1217.0j10.10.0...0.0...1c.1.hBknyosri9U" "Mozilla/4.0 (compatible; MSIE 7.0; Windows NT 6.0; SLCC1; .NET CLR 2.0.50727; .NET CLR 3.0.30729; .NET CLR 1.1.4322; .NET CLR 3.5.30729; .NET4.0C; .NET4.0E)"
81.200.198.20 - - [05/Oct/2012:11:41:28 +0200] "GET /css/style.css HTTP/1.1" 200 3765 "http://www.reisenweber-berlin.de/" "Mozilla/4.0 (compatible; MSIE 7.0; Windows NT 6.0; SLCC1; .NET CLR 2.0.50727; .NET CLR 3.0.30729; .NET CLR 1.1.4322; .NET CLR 3.5.30729; .NET4.0C; .NET4.0E)"
81.200.198.20 - - [05/Oct/2012:11:41:28 +0200] "GET /Scripts/AC_RunActiveContent.js HTTP/1.1" 200 8029 "http://www.reisenweber-berlin.de/" "Mozilla/4.0 (compatible; MSIE 7.0; Windows NT 6.0; SLCC1; .NET CLR 2.0.50727; .NET CLR 3.0.30729; .NET CLR 1.1.4322; .NET CLR 3.5.30729; .NET4.0C; .NET4.0E)"
81.200.198.20 - - [05/Oct/2012:11:41:28 +0200] "GET /Scripts/AC_ActiveX.js HTTP/1.1" 200 2068 "http://www.reisenweber-berlin.de/" "Mozilla/4.0 (compatible; MSIE 7.0; Windows NT 6.0; SLCC1; .NET CLR 2.0.50727; .NET CLR 3.0.30729; .NET CLR 1.1.4322; .NET CLR 3.5.30729; .NET4.0C; .NET4.0E)"
81.200.198.20 - - [05/Oct/2012:11:41:28 +0200] "GET /img/spacer.gif HTTP/1.1" 200 43 "http://www.reisenweber-berlin.de/" "Mozilla/4.0 (compatible; MSIE 7.0; Windows NT 6.0; SLCC1; .NET CLR 2.0.50727; .NET CLR 3.0.30729; .NET CLR 1.1.4322; .NET CLR 3.5.30729; .NET4.0C; .NET4.0E)"
81.200.198.20 - - [05/Oct/2012:11:41:28 +0200] "GET /img/hg.jpg HTTP/1.1" 200 44355 "http://www.reisenweber-berlin.de/" "Mozilla/4.0 (compatible; MSIE 7.0; Windows NT 6.0; SLCC1; .NET CLR 2.0.50727; .NET CLR 3.0.30729; .NET CLR 1.1.4322; .NET CLR 3.5.30729; .NET4.0C; .NET4.0E)"
81.200.198.20 - - [05/Oct/2012:11:41:29 +0200] "GET /img/pfeil.gif HTTP/1.1" 200 85 "http://www.reisenweber-berlin.de/" "Mozilla/4.0 (compatible; MSIE 7.0; Windows NT 6.0; SLCC1; .NET CLR 2.0.50727; .NET CLR 3.0.30729; .NET CLR 1.1.4322; .NET CLR 3.5.30729; .NET4.0C; .NET4.0E)"
81.200.198.20 - - [05/Oct/2012:11:41:29 +0200] "GET /img/corner01.png HTTP/1.1" 200 163 "http://www.reisenweber-berlin.de/" "Mozilla/4.0 (compatible; MSIE 7.0; Windows NT 6.0; SLCC1; .NET CLR 2.0.50727; .NET CLR 3.0.30729; .NET CLR 1.1.4322; .NET CLR 3.5.30729; .NET4.0C; .NET4.0E)"
81.200.198.20 - - [05/Oct/2012:11:41:29 +0200] "GET /img/corner02.png HTTP/1.1" 200 190 "http://www.reisenweber-berlin.de/" "Mozilla/4.0 (compatible; MSIE 7.0; Windows NT 6.0; SLCC1; .NET CLR 2.0.50727; .NET CLR 3.0.30729; .NET CLR 1.1.4322; .NET CLR 3.5.30729; .NET4.0C; .NET4.0E)"
81.200.198.20 - - [05/Oct/2012:11:41:29 +0200] "GET /img/corner04.png HTTP/1.1" 200 203 "http://www.reisenweber-berlin.de/" "Mozilla/4.0 (compatible; MSIE 7.0; Windows NT 6.0; SLCC1; .NET CLR 2.0.50727; .NET CLR 3.0.30729; .NET CLR 1.1.4322; .NET CLR 3.5.30729; .NET4.0C; .NET4.0E)"
81.200.198.20 - - [05/Oct/2012:11:41:29 +0200] "GET /reisenweber_ani.swf HTTP/1.1" 200 60314 "http://www.reisenweber-berlin.de/" "Mozilla/4.0 (compatible; MSIE 7.0; Windows NT 6.0; SLCC1; .NET CLR 2.0.50727; .NET CLR 3.0.30729; .NET CLR 1.1.4322; .NET CLR 3.5.30729; .NET4.0C; .NET4.0E)"
81.200.198.20 - - [05/Oct/2012:11:41:29 +0200] "GET /img/team.jpg HTTP/1.1" 200 66988 "http://www.reisenweber-berlin.de/" "Mozilla/4.0 (compatible; MSIE 7.0; Windows NT 6.0; SLCC1; .NET CLR 2.0.50727; .NET CLR 3.0.30729; .NET CLR 1.1.4322; .NET CLR 3.5.30729; .NET4.0C; .NET4.0E)"
81.200.198.20 - - [05/Oct/2012:11:41:29 +0200] "GET /img/pfeil-grau.gif HTTP/1.1" 200 73 "http://www.reisenweber-berlin.de/" "Mozilla/4.0 (compatible; MSIE 7.0; Windows NT 6.0; SLCC1; .NET CLR 2.0.50727; .NET CLR 3.0.30729; .NET CLR 1.1.4322; .NET CLR 3.5.30729; .NET4.0C; .NET4.0E)"
81.200.198.20 - - [05/Oct/2012:11:41:29 +0200] "GET /img/corner03.png HTTP/1.1" 200 266 "http://www.reisenweber-berlin.de/" "Mozilla/4.0 (compatible; MSIE 7.0; Windows NT 6.0; SLCC1; .NET CLR 2.0.50727; .NET CLR 3.0.30729; .NET CLR 1.1.4322; .NET CLR 3.5.30729; .NET4.0C; .NET4.0E)"
81.200.198.20 - - [05/Oct/2012:11:41:29 +0200] "GET /img/tbl_bottom.png HTTP/1.1" 200 168 "http://www.reisenweber-berlin.de/" "Mozilla/4.0 (compatible; MSIE 7.0; Windows NT 6.0; SLCC1; .NET CLR 2.0.50727; .NET CLR 3.0.30729; .NET CLR 1.1.4322; .NET CLR 3.5.30729; .NET4.0C; .NET4.0E)"
81.200.198.20 - - [05/Oct/2012:11:41:29 +0200] "GET /img/tbl_left.png HTTP/1.1" 200 236 "http://www.reisenweber-berlin.de/" "Mozilla/4.0 (compatible; MSIE 7.0; Windows NT 6.0; SLCC1; .NET CLR 2.0.50727; .NET CLR 3.0.30729; .NET CLR 1.1.4322; .NET CLR 3.5.30729; .NET4.0C; .NET4.0E)"
81.200.198.20 - - [05/Oct/2012:11:41:29 +0200] "GET /img/hg_tbl.png HTTP/1.1" 200 190 "http://www.reisenweber-berlin.de/" "Mozilla/4.0 (compatible; MSIE 7.0; Windows NT 6.0; SLCC1; .NET CLR 2.0.50727; .NET CLR 3.0.30729; .NET CLR 1.1.4322; .NET CLR 3.5.30729; .NET4.0C; .NET4.0E)"
81.200.198.20 - - [05/Oct/2012:11:41:29 +0200] "GET /img/HG_news.png HTTP/1.1" 200 212 "http://www.reisenweber-berlin.de/" "Mozilla/4.0 (compatible; MSIE 7.0; Windows NT 6.0; SLCC1; .NET CLR 2.0.50727; .NET CLR 3.0.30729; .NET CLR 1.1.4322; .NET CLR 3.5.30729; .NET4.0C; .NET4.0E)"
81.200.198.20 - - [05/Oct/2012:11:41:29 +0200] "GET /img/tbl_down.png HTTP/1.1" 200 197 "http://www.reisenweber-berlin.de/" "Mozilla/4.0 (compatible; MSIE 7.0; Windows NT 6.0; SLCC1; .NET CLR 2.0.50727; .NET CLR 3.0.30729; .NET CLR 1.1.4322; .NET CLR 3.5.30729; .NET4.0C; .NET4.0E)"
81.200.198.20 - - [05/Oct/2012:11:41:29 +0200] "GET /img/tbl_right.png HTTP/1.1" 200 227 "http://www.reisenweber-berlin.de/" "Mozilla/4.0 (compatible; MSIE 7.0; Windows NT 6.0; SLCC1; .NET CLR 2.0.50727; .NET CLR 3.0.30729; .NET CLR 1.1.4322; .NET CLR 3.5.30729; .NET4.0C; .NET4.0E)"
81.200.198.20 - - [05/Oct/2012:11:41:29 +0200] "GET /favicon.ico HTTP/1.1" 404 1256 "-" "Mozilla/4.0 (compatible; MSIE 7.0; Windows NT 6.0; SLCC1; .NET CLR 2.0.50727; .NET CLR 3.0.30729; .NET CLR 1.1.4322; .NET CLR 3.5.30729; .NET4.0C; .NET4.0E)"
81.200.198.20 - - [05/Oct/2012:11:41:29 +0200] "GET /pics/3.jpg HTTP/1.1" 200 149645 "http://www.reisenweber-berlin.de/reisenweber_ani.swf" "Mozilla/4.0 (compatible; MSIE 7.0; Windows NT 6.0; SLCC1; .NET CLR 2.0.50727; .NET CLR 3.0.30729; .NET CLR 1.1.4322; .NET CLR 3.5.30729; .NET4.0C; .NET4.0E)"
81.200.198.20 - - [05/Oct/2012:11:41:37 +0200] "GET /pics/4.jpg HTTP/1.1" 200 165768 "http://www.reisenweber-berlin.de/reisenweber_ani.swf" "Mozilla/4.0 (compatible; MSIE 7.0; Windows NT 6.0; SLCC1; .NET CLR 2.0.50727; .NET CLR 3.0.30729; .NET CLR 1.1.4322; .NET CLR 3.5.30729; .NET4.0C; .NET4.0E)"
81.200.198.20 - - [05/Oct/2012:11:41:44 +0200] "GET /pics/5.jpg HTTP/1.1" 200 134687 "http://www.reisenweber-berlin.de/reisenweber_ani.swf" "Mozilla/4.0 (compatible; MSIE 7.0; Windows NT 6.0; SLCC1; .NET CLR 2.0.50727; .NET CLR 3.0.30729; .NET CLR 1.1.4322; .NET CLR 3.5.30729; .NET4.0C; .NET4.0E)"
81.200.198.20 - - [05/Oct/2012:11:41:52 +0200] "GET /pics/1.jpg HTTP/1.1" 200 104529 "http://www.reisenweber-berlin.de/reisenweber_ani.swf" "Mozilla/4.0 (compatible; MSIE 7.0; Windows NT 6.0; SLCC1; .NET CLR 2.0.50727; .NET CLR 3.0.30729; .NET CLR 1.1.4322; .NET CLR 3.5.30729; .NET4.0C; .NET4.0E)"
81.200.198.20 - - [05/Oct/2012:11:41:59 +0200] "GET /pics/2.jpg HTTP/1.1" 200 107549 "http://www.reisenweber-berlin.de/reisenweber_ani.swf" "Mozilla/4.0 (compatible; MSIE 7.0; Windows NT 6.0; SLCC1; .NET CLR 2.0.50727; .NET CLR 3.0.30729; .NET CLR 1.1.4322; .NET CLR 3.5.30729; .NET4.0C; .NET4.0E)"
157.55.34.171 - - [05/Oct/2012:15:37:41 +0200] "GET /robots.txt HTTP/1.1" 404 1256 "-" "Mozilla/5.0 (compatible; bingbot/2.0; +http://www.bing.com/bingbot.htm)"
157.55.34.171 - - [05/Oct/2012:15:53:59 +0200] "GET /links.html HTTP/1.1" 304 - "-" "Mozilla/5.0 (compatible; bingbot/2.0; +http://www.bing.com/bingbot.htm)"
195.149.76.1 - - [05/Oct/2012:21:03:51 +0200] "GET /pics/5.jpg HTTP/1.1" 304 - "-" "Mozilla/4.0 (compatible;)"
208.115.111.67 - - [05/Oct/2012:21:44:57 +0200] "GET /robots.txt HTTP/1.1" 404 1256 "-" "Mozilla/5.0 (compatible; Ezooms/1.0; ezooms.bot@gmail.com)"
5.9.86.112 - - [06/Oct/2012:01:25:48 +0200] "GET /robots.txt HTTP/1.1" 404 1256 "-" "Mozilla/5.0 (compatible; Infohelfer/1.3.0; +http://www.infohelfer.de/crawler.php)"
5.9.86.112 - - [06/Oct/2012:01:25:48 +0200] "GET / HTTP/1.1" 200 10136 "-" "Mozilla/5.0 (compatible; Infohelfer/1.3.0; +http://www.infohelfer.de/crawler.php)"
66.249.71.168 - - [06/Oct/2012:03:17:47 +0200] "GET /robots.txt HTTP/1.1" 404 1256 "-" "Mozilla/5.0 (compatible; Googlebot/2.1; +http://www.google.com/bot.html)"
66.249.71.168 - - [06/Oct/2012:03:17:47 +0200] "GET /kontakt.html HTTP/1.1" 304 - "-" "Mozilla/5.0 (compatible; Googlebot/2.1; +http://www.google.com/bot.html)"
157.55.33.253 - - [06/Oct/2012:04:21:16 +0200] "GET /robots.txt HTTP/1.1" 404 1256 "-" "Mozilla/5.0 (compatible; bingbot/2.0; +http://www.bing.com/bingbot.htm)"
66.249.71.168 - - [06/Oct/2012:05:13:33 +0200] "GET /produkte.html HTTP/1.1" 304 - "-" "Mozilla/5.0 (iPhone; U; CPU iPhone OS 4_1 like Mac OS X; en-us) AppleWebKit/532.9 (KHTML, like Gecko) Version/4.0.5 Mobile/8B117 Safari/6531.22.7 (compatible; Googlebot-Mobile/2.1; +http://www.google.com/bot.html)"
157.55.33.253 - - [06/Oct/2012:07:49:52 +0200] "GET / HTTP/1.1" 304 - "-" "Mozilla/5.0 (compatible; bingbot/2.0; +http://www.bing.com/bingbot.htm)"
66.249.71.168 - - [06/Oct/2012:15:43:38 +0200] "GET /robots.txt HTTP/1.1" 404 1256 "-" "Mozilla/5.0 (compatible; Googlebot/2.1; +http://www.google.com/bot.html)"
66.249.71.168 - - [06/Oct/2012:15:43:38 +0200] "GET /haare.html HTTP/1.1" 200 18749 "-" "Mozilla/5.0 (compatible; Googlebot/2.1; +http://www.google.com/bot.html)"
66.249.71.168 - - [06/Oct/2012:15:56:26 +0200] "GET /index.html HTTP/1.1" 200 10136 "-" "Mozilla/5.0 (compatible; Googlebot/2.1; +http://www.google.com/bot.html)"
66.249.71.168 - - [06/Oct/2012:16:59:05 +0200] "GET /kosmetik.html HTTP/1.1" 200 11316 "-" "Mozilla/5.0 (compatible; Googlebot/2.1; +http://www.google.com/bot.html)"
66.249.71.168 - - [06/Oct/2012:18:15:25 +0200] "GET /philosophie.html HTTP/1.1" 200 8690 "-" "Mozilla/5.0 (compatible; Googlebot/2.1; +http://www.google.com/bot.html)"
66.249.71.168 - - [06/Oct/2012:21:29:25 +0200] "GET / HTTP/1.1" 200 10136 "-" "Mozilla/5.0 (iPhone; U; CPU iPhone OS 4_1 like Mac OS X; en-us) AppleWebKit/532.9 (KHTML, like Gecko) Version/4.0.5 Mobile/8B117 Safari/6531.22.7 (compatible; Googlebot-Mobile/2.1; +http://www.google.com/bot.html)"
94.23.225.68 - - [06/Oct/2012:23:18:46 +0200] "GET / HTTP/1.1" 200 10136 "-" "Mozilla/5.0 (X11; Linux i686; rv:6.0) Gecko/20100101 Firefox/6.0"
94.23.220.161 - - [06/Oct/2012:23:18:46 +0200] "GET / HTTP/1.1" 200 10136 "-" "Mozilla/5.0 (X11; Linux i686; rv:6.0) Gecko/20100101 Firefox/6.0"
94.23.220.161 - - [06/Oct/2012:23:18:46 +0200] "GET /links.html HTTP/1.1" 200 8166 "-" "Mozilla/5.0 (X11; Linux i686; rv:6.0) Gecko/20100101 Firefox/6.0"
66.249.71.168 - - [07/Oct/2012:00:51:12 +0200] "GET / HTTP/1.1" 200 10136 "-" "Mozilla/5.0 (compatible; Googlebot/2.1; +http://www.google.com/bot.html)"
178.77.126.55 - - [07/Oct/2012:01:39:04 +0200] "GET /robots.txt HTTP/1.1" 404 1256 "-" "Mozilla/5.0 (compatible; CareerBot/1.1; +http://www.career-x.de/bot.html)"
178.77.126.55 - - [07/Oct/2012:01:39:04 +0200] "GET / HTTP/1.1" 200 10136 "-" "Mozilla/5.0 (compatible; CareerBot/1.1; +http://www.career-x.de/bot.html)"
178.77.126.55 - - [07/Oct/2012:01:39:04 +0200] "GET /uns.html HTTP/1.1" 200 8079 "-" "Mozilla/5.0 (compatible; CareerBot/1.1; +http://www.career-x.de/bot.html)"
178.154.179.250 - - [07/Oct/2012:01:50:25 +0200] "GET /robots.txt HTTP/1.1" 404 1256 "-" "Mozilla/5.0 (compatible; YandexBot/3.0; +http://yandex.com/bots)"
37.140.141.34 - - [07/Oct/2012:02:00:21 +0200] "GET /robots.txt HTTP/1.1" 404 1256 "-" "Mozilla/5.0 (compatible; YandexImages/3.0; +http://yandex.com/bots)"
178.154.179.250 - - [07/Oct/2012:02:01:34 +0200] "GET / HTTP/1.1" 200 10136 "-" "Mozilla/5.0 (compatible; YandexBot/3.0; +http://yandex.com/bots)"
178.154.179.250 - - [07/Oct/2012:02:01:39 +0200] "GET /reisenweber_ani.swf HTTP/1.1" 200 60314 "-" "Mozilla/5.0 (compatible; YandexBot/3.0; +http://yandex.com/bots)"
208.115.111.67 - - [07/Oct/2012:02:04:54 +0200] "GET /robots.txt HTTP/1.1" 404 1256 "-" "Mozilla/5.0 (compatible; Ezooms/1.0; ezooms.bot@gmail.com)"
37.140.141.34 - - [07/Oct/2012:02:38:08 +0200] "GET /img/aktuell-06-GR.png HTTP/1.1" 200 1230835 "-" "Mozilla/5.0 (compatible; YandexImages/3.0; +http://yandex.com/bots)"
37.140.141.34 - - [07/Oct/2012:03:39:37 +0200] "GET /img/damen-02.jpg HTTP/1.1" 200 6205 "-" "Mozilla/5.0 (compatible; YandexImages/3.0; +http://yandex.com/bots)"
37.140.141.34 - - [07/Oct/2012:04:18:08 +0200] "GET /img/corner02.png HTTP/1.1" 200 190 "-" "Mozilla/5.0 (compatible; YandexImages/3.0; +http://yandex.com/bots)"
37.140.141.34 - - [07/Oct/2012:05:11:47 +0200] "GET /img/damen-02-GR.jpg HTTP/1.1" 200 78475 "-" "Mozilla/5.0 (compatible; YandexImages/3.0; +http://yandex.com/bots)"
37.140.141.34 - - [07/Oct/2012:05:51:13 +0200] "GET /img/damen-04-GR.jpg HTTP/1.1" 200 101665 "-" "Mozilla/5.0 (compatible; YandexImages/3.0; +http://yandex.com/bots)"
66.249.71.168 - - [07/Oct/2012:06:03:33 +0200] "GET /robots.txt HTTP/1.1" 404 1256 "-" "Mozilla/5.0 (compatible; Googlebot/2.1; +http://www.google.com/bot.html)"
66.249.71.168 - - [07/Oct/2012:06:03:34 +0200] "GET /leistungen.html HTTP/1.1" 304 - "-" "Mozilla/5.0 (iPhone; U; CPU iPhone OS 4_1 like Mac OS X; en-us) AppleWebKit/532.9 (KHTML, like Gecko) Version/4.0.5 Mobile/8B117 Safari/6531.22.7 (compatible; Googlebot-Mobile/2.1; +http://www.google.com/bot.html)"
37.140.141.34 - - [07/Oct/2012:06:23:42 +0200] "GET /img/aktuell-02-GR.png HTTP/1.1" 200 1168072 "-" "Mozilla/5.0 (compatible; YandexImages/3.0; +http://yandex.com/bots)"
37.140.141.34 - - [07/Oct/2012:07:14:25 +0200] "GET /img/aktuell-05-GR.png HTTP/1.1" 200 910904 "-" "Mozilla/5.0 (compatible; YandexImages/3.0; +http://yandex.com/bots)"
37.140.141.34 - - [07/Oct/2012:08:00:23 +0200] "GET /img/aktuell-02_sw.png HTTP/1.1" 200 12293 "-" "Mozilla/5.0 (compatible; YandexImages/3.0; +http://yandex.com/bots)"
37.140.141.34 - - [07/Oct/2012:08:52:11 +0200] "GET /img/corner04.png HTTP/1.1" 200 203 "-" "Mozilla/5.0 (compatible; YandexImages/3.0; +http://yandex.com/bots)"
37.140.141.34 - - [07/Oct/2012:09:26:17 +0200] "GET /img/damen-01-GR.jpg HTTP/1.1" 200 73479 "-" "Mozilla/5.0 (compatible; YandexImages/3.0; +http://yandex.com/bots)"
208.115.111.67 - - [07/Oct/2012:10:04:29 +0200] "GET /robots.txt HTTP/1.1" 404 1256 "-" "Mozilla/5.0 (compatible; Ezooms/1.0; ezooms.bot@gmail.com)"
37.140.141.34 - - [07/Oct/2012:10:33:30 +0200] "GET /img/damen-03.jpg HTTP/1.1" 200 6511 "-" "Mozilla/5.0 (compatible; YandexImages/3.0; +http://yandex.com/bots)"
93.219.180.232 - - [07/Oct/2012:11:06:01 +0200] "GET / HTTP/1.1" 200 10136 "-" "Mozilla/5.0 (Windows; U; Windows NT 6.0; de; rv:1.9.2.3) Gecko/20100401 Firefox/3.6.3 ( .NET CLR 3.5.30729)"
207.46.194.130 - - [07/Oct/2012:11:16:58 +0200] "GET /robots.txt HTTP/1.1" 404 1256 "-" "msnbot-media/1.1 (+http://search.msn.com/msnbot.htm)"
207.46.194.130 - - [07/Oct/2012:11:16:58 +0200] "GET /img/team.jpg HTTP/1.1" 200 66988 "-" "msnbot-media/1.1 (+http://search.msn.com/msnbot.htm)"
37.140.141.34 - - [07/Oct/2012:11:20:33 +0200] "GET /img/aktuell-01-GR.png HTTP/1.1" 200 882570 "-" "Mozilla/5.0 (compatible; YandexImages/3.0; +http://yandex.com/bots)"
92.225.179.15 - - [07/Oct/2012:11:36:06 +0200] "GET / HTTP/1.1" 200 10136 "-" "Mozilla/5.0 (Windows NT 5.1; rv:14.0) Gecko/20100101 Firefox/14.0.1"
92.225.179.15 - - [07/Oct/2012:11:36:06 +0200] "GET /css/style.css HTTP/1.1" 200 3765 "http://www.reisenweber-berlin.de/" "Mozilla/5.0 (Windows NT 5.1; rv:14.0) Gecko/20100101 Firefox/14.0.1"
92.225.179.15 - - [07/Oct/2012:11:36:07 +0200] "GET /Scripts/AC_RunActiveContent.js HTTP/1.1" 200 8029 "http://www.reisenweber-berlin.de/" "Mozilla/5.0 (Windows NT 5.1; rv:14.0) Gecko/20100101 Firefox/14.0.1"
92.225.179.15 - - [07/Oct/2012:11:36:07 +0200] "GET /Scripts/AC_ActiveX.js HTTP/1.1" 200 2068 "http://www.reisenweber-berlin.de/" "Mozilla/5.0 (Windows NT 5.1; rv:14.0) Gecko/20100101 Firefox/14.0.1"
92.225.179.15 - - [07/Oct/2012:11:36:07 +0200] "GET /img/spacer.gif HTTP/1.1" 200 43 "http://www.reisenweber-berlin.de/" "Mozilla/5.0 (Windows NT 5.1; rv:14.0) Gecko/20100101 Firefox/14.0.1"
92.225.179.15 - - [07/Oct/2012:11:36:07 +0200] "GET /img/pfeil.gif HTTP/1.1" 200 85 "http://www.reisenweber-berlin.de/" "Mozilla/5.0 (Windows NT 5.1; rv:14.0) Gecko/20100101 Firefox/14.0.1"
92.225.179.15 - - [07/Oct/2012:11:36:07 +0200] "GET /img/corner02.png HTTP/1.1" 200 190 "http://www.reisenweber-berlin.de/" "Mozilla/5.0 (Windows NT 5.1; rv:14.0) Gecko/20100101 Firefox/14.0.1"
92.225.179.15 - - [07/Oct/2012:11:36:07 +0200] "GET /img/pfeil-grau.gif HTTP/1.1" 200 73 "http://www.reisenweber-berlin.de/" "Mozilla/5.0 (Windows NT 5.1; rv:14.0) Gecko/20100101 Firefox/14.0.1"
92.225.179.15 - - [07/Oct/2012:11:36:07 +0200] "GET /img/corner01.png HTTP/1.1" 200 163 "http://www.reisenweber-berlin.de/" "Mozilla/5.0 (Windows NT 5.1; rv:14.0) Gecko/20100101 Firefox/14.0.1"
92.225.179.15 - - [07/Oct/2012:11:36:07 +0200] "GET /img/corner04.png HTTP/1.1" 200 203 "http://www.reisenweber-berlin.de/" "Mozilla/5.0 (Windows NT 5.1; rv:14.0) Gecko/20100101 Firefox/14.0.1"
92.225.179.15 - - [07/Oct/2012:11:36:07 +0200] "GET /img/team.jpg HTTP/1.1" 200 66988 "http://www.reisenweber-berlin.de/" "Mozilla/5.0 (Windows NT 5.1; rv:14.0) Gecko/20100101 Firefox/14.0.1"
92.225.179.15 - - [07/Oct/2012:11:36:08 +0200] "GET /img/corner03.png HTTP/1.1" 200 266 "http://www.reisenweber-berlin.de/" "Mozilla/5.0 (Windows NT 5.1; rv:14.0) Gecko/20100101 Firefox/14.0.1"
92.225.179.15 - - [07/Oct/2012:11:36:08 +0200] "GET /img/hg.jpg HTTP/1.1" 200 44355 "http://www.reisenweber-berlin.de/css/style.css" "Mozilla/5.0 (Windows NT 5.1; rv:14.0) Gecko/20100101 Firefox/14.0.1"
92.225.179.15 - - [07/Oct/2012:11:36:09 +0200] "GET /img/tbl_bottom.png HTTP/1.1" 200 168 "http://www.reisenweber-berlin.de/css/style.css" "Mozilla/5.0 (Windows NT 5.1; rv:14.0) Gecko/20100101 Firefox/14.0.1"
92.225.179.15 - - [07/Oct/2012:11:36:09 +0200] "GET /img/tbl_right.png HTTP/1.1" 200 227 "http://www.reisenweber-berlin.de/css/style.css" "Mozilla/5.0 (Windows NT 5.1; rv:14.0) Gecko/20100101 Firefox/14.0.1"
92.225.179.15 - - [07/Oct/2012:11:36:09 +0200] "GET /img/tbl_left.png HTTP/1.1" 200 236 "http://www.reisenweber-berlin.de/css/style.css" "Mozilla/5.0 (Windows NT 5.1; rv:14.0) Gecko/20100101 Firefox/14.0.1"
92.225.179.15 - - [07/Oct/2012:11:36:09 +0200] "GET /img/HG_news.png HTTP/1.1" 200 212 "http://www.reisenweber-berlin.de/" "Mozilla/5.0 (Windows NT 5.1; rv:14.0) Gecko/20100101 Firefox/14.0.1"
92.225.179.15 - - [07/Oct/2012:11:36:09 +0200] "GET /img/tbl_down.png HTTP/1.1" 200 197 "http://www.reisenweber-berlin.de/css/style.css" "Mozilla/5.0 (Windows NT 5.1; rv:14.0) Gecko/20100101 Firefox/14.0.1"
92.225.179.15 - - [07/Oct/2012:11:36:10 +0200] "GET /img/hg_tbl.png HTTP/1.1" 200 190 "http://www.reisenweber-berlin.de/" "Mozilla/5.0 (Windows NT 5.1; rv:14.0) Gecko/20100101 Firefox/14.0.1"
92.225.179.15 - - [07/Oct/2012:11:36:10 +0200] "GET /reisenweber_ani.swf HTTP/1.1" 200 60314 "http://www.reisenweber-berlin.de/" "Mozilla/5.0 (Windows NT 5.1; rv:14.0) Gecko/20100101 Firefox/14.0.1"
92.225.179.15 - - [07/Oct/2012:11:36:11 +0200] "GET /favicon.ico HTTP/1.1" 404 1256 "-" "Mozilla/5.0 (Windows NT 5.1; rv:14.0) Gecko/20100101 Firefox/14.0.1"
92.225.179.15 - - [07/Oct/2012:11:36:11 +0200] "GET /favicon.ico HTTP/1.1" 404 1256 "-" "Mozilla/5.0 (Windows NT 5.1; rv:14.0) Gecko/20100101 Firefox/14.0.1"
92.225.179.15 - - [07/Oct/2012:11:36:11 +0200] "GET /pics/1.jpg HTTP/1.1" 200 104529 "http://www.reisenweber-berlin.de/reisenweber_ani.swf" "Mozilla/5.0 (Windows NT 5.1; rv:14.0) Gecko/20100101 Firefox/14.0.1"
92.225.179.15 - - [07/Oct/2012:11:36:21 +0200] "GET /pics/2.jpg HTTP/1.1" 200 107549 "http://www.reisenweber-berlin.de/reisenweber_ani.swf" "Mozilla/5.0 (Windows NT 5.1; rv:14.0) Gecko/20100101 Firefox/14.0.1"
37.140.141.34 - - [07/Oct/2012:12:20:21 +0200] "GET /img/aktuell-05_sw.png HTTP/1.1" 200 11701 "-" "Mozilla/5.0 (compatible; YandexImages/3.0; +http://yandex.com/bots)"
37.140.141.34 - - [07/Oct/2012:13:20:33 +0200] "GET /img/aktuell-06_sw.png HTTP/1.1" 200 10698 "-" "Mozilla/5.0 (compatible; YandexImages/3.0; +http://yandex.com/bots)"
37.140.141.34 - - [07/Oct/2012:14:11:45 +0200] "GET /img/aktuell-04_sw.png HTTP/1.1" 200 10095 "-" "Mozilla/5.0 (compatible; YandexImages/3.0; +http://yandex.com/bots)"
83.133.125.202 - - [07/Oct/2012:14:45:36 +0200] "GET / HTTP/1.1" 200 10136 "http://www.sumaja.de/?such_wert=berlin" "Mozilla/4.0 (compatible; MSIE 7.0; Windows NT 6.0; GTB6; SLCC1; .NET CLR 2.0.50727; Media Center PC 5.0; eSobiSubscriber 2.0.4.16; .NET CLR 3.5.30729; .NET CLR 3.0.30729; .NET4.0C)"
37.140.141.34 - - [07/Oct/2012:15:05:28 +0200] "GET /img/pfeil.gif HTTP/1.1" 200 85 "-" "Mozilla/5.0 (compatible; YandexImages/3.0; +http://yandex.com/bots)"
23.22.93.206 - - [07/Oct/2012:15:56:44 +0200] "GET / HTTP/1.1" 200 10136 "-" "Mozilla/5.0 (Windows NT 6.2; rv:9.0.1) Gecko/20100101 Firefox/9.0.1"
37.140.141.34 - - [07/Oct/2012:15:56:53 +0200] "GET /img/team.jpg HTTP/1.1" 200 66988 "-" "Mozilla/5.0 (compatible; YandexImages/3.0; +http://yandex.com/bots)"
37.140.141.34 - - [07/Oct/2012:17:18:42 +0200] "GET /img/damen-05-GR.jpg HTTP/1.1" 200 91984 "-" "Mozilla/5.0 (compatible; YandexImages/3.0; +http://yandex.com/bots)"
37.140.141.34 - - [07/Oct/2012:18:20:18 +0200] "GET /img/aktuell-03-GR.png HTTP/1.1" 200 1307187 "-" "Mozilla/5.0 (compatible; YandexImages/3.0; +http://yandex.com/bots)"
93.219.180.232 - - [07/Oct/2012:19:03:22 +0200] "GET /links.html HTTP/1.1" 200 8166 "-" "Mozilla/5.0 (Windows; U; Windows NT 6.0; de; rv:1.9.2.3) Gecko/20100401 Firefox/3.6.3 ( .NET CLR 3.5.30729)"
37.140.141.34 - - [07/Oct/2012:19:41:16 +0200] "GET /img/damen-05.jpg HTTP/1.1" 200 7268 "-" "Mozilla/5.0 (compatible; YandexImages/3.0; +http://yandex.com/bots)"
178.154.179.250 - - [07/Oct/2012:20:20:53 +0200] "GET / HTTP/1.1" 200 10136 "-" "Mozilla/5.0 (compatible; YandexBot/3.0; +http://yandex.com/bots)"
178.154.179.250 - - [07/Oct/2012:20:20:57 +0200] "GET /reisenweber_ani.swf HTTP/1.1" 200 60314 "-" "Mozilla/5.0 (compatible; YandexBot/3.0; +http://yandex.com/bots)"
37.140.141.34 - - [07/Oct/2012:20:32:25 +0200] "GET /img/damen-01.jpg HTTP/1.1" 200 6064 "-" "Mozilla/5.0 (compatible; YandexImages/3.0; +http://yandex.com/bots)"
93.219.180.232 - - [07/Oct/2012:21:09:37 +0200] "GET /produkte.html HTTP/1.1" 200 8481 "-" "Mozilla/5.0 (Windows; U; Windows NT 6.0; de; rv:1.9.2.3) Gecko/20100401 Firefox/3.6.3 ( .NET CLR 3.5.30729)"
37.140.141.34 - - [07/Oct/2012:21:46:15 +0200] "GET /img/damen-04.jpg HTTP/1.1" 200 6976 "-" "Mozilla/5.0 (compatible; YandexImages/3.0; +http://yandex.com/bots)"
93.219.180.232 - - [07/Oct/2012:22:22:01 +0200] "GET /leistungen.html HTTP/1.1" 200 22197 "-" "Mozilla/5.0 (Windows; U; Windows NT 6.0; de; rv:1.9.2.3) Gecko/20100401 Firefox/3.6.3 ( .NET CLR 3.5.30729)"
37.140.141.34 - - [07/Oct/2012:22:43:08 +0200] "GET /img/corner03.png HTTP/1.1" 200 266 "-" "Mozilla/5.0 (compatible; YandexImages/3.0; +http://yandex.com/bots)"
91.22.138.23 - - [07/Oct/2012:23:00:54 +0200] "GET / HTTP/1.1" 200 10136 "http://www.google.de/url?sa=t&rct=j&q=reisenweber%20berlin&source=web&cd=1&ved=0CCAQFjAA&url=http%3A%2F%2Fwww.reisenweber-berlin.de%2F&ei=G-1xUMj-Eqnj4QTsj4Bo&usg=AFQjCNF7TSzUIEj_OI_RiqKPTlc2EM_6vg" "Mozilla/5.0 (Macintosh; Intel Mac OS X 10_6_8) AppleWebKit/534.57.2 (KHTML, like Gecko) Version/5.1.7 Safari/534.57.2"
91.22.138.23 - - [07/Oct/2012:23:00:54 +0200] "GET /Scripts/AC_RunActiveContent.js HTTP/1.1" 200 8029 "http://www.reisenweber-berlin.de/" "Mozilla/5.0 (Macintosh; Intel Mac OS X 10_6_8) AppleWebKit/534.57.2 (KHTML, like Gecko) Version/5.1.7 Safari/534.57.2"
91.22.138.23 - - [07/Oct/2012:23:00:54 +0200] "GET /Scripts/AC_ActiveX.js HTTP/1.1" 200 2068 "http://www.reisenweber-berlin.de/" "Mozilla/5.0 (Macintosh; Intel Mac OS X 10_6_8) AppleWebKit/534.57.2 (KHTML, like Gecko) Version/5.1.7 Safari/534.57.2"
91.22.138.23 - - [07/Oct/2012:23:00:54 +0200] "GET /css/style.css HTTP/1.1" 200 3765 "http://www.reisenweber-berlin.de/" "Mozilla/5.0 (Macintosh; Intel Mac OS X 10_6_8) AppleWebKit/534.57.2 (KHTML, like Gecko) Version/5.1.7 Safari/534.57.2"
91.22.138.23 - - [07/Oct/2012:23:00:54 +0200] "GET /img/hg.jpg HTTP/1.1" 200 44355 "http://www.reisenweber-berlin.de/" "Mozilla/5.0 (Macintosh; Intel Mac OS X 10_6_8) AppleWebKit/534.57.2 (KHTML, like Gecko) Version/5.1.7 Safari/534.57.2"
91.22.138.23 - - [07/Oct/2012:23:00:54 +0200] "GET /img/team.jpg HTTP/1.1" 200 66988 "http://www.reisenweber-berlin.de/" "Mozilla/5.0 (Macintosh; Intel Mac OS X 10_6_8) AppleWebKit/534.57.2 (KHTML, like Gecko) Version/5.1.7 Safari/534.57.2"
91.22.138.23 - - [07/Oct/2012:23:00:54 +0200] "GET /img/corner01.png HTTP/1.1" 200 163 "http://www.reisenweber-berlin.de/" "Mozilla/5.0 (Macintosh; Intel Mac OS X 10_6_8) AppleWebKit/534.57.2 (KHTML, like Gecko) Version/5.1.7 Safari/534.57.2"
91.22.138.23 - - [07/Oct/2012:23:00:54 +0200] "GET /img/pfeil.gif HTTP/1.1" 200 85 "http://www.reisenweber-berlin.de/" "Mozilla/5.0 (Macintosh; Intel Mac OS X 10_6_8) AppleWebKit/534.57.2 (KHTML, like Gecko) Version/5.1.7 Safari/534.57.2"
91.22.138.23 - - [07/Oct/2012:23:00:55 +0200] "GET /img/corner02.png HTTP/1.1" 200 190 "http://www.reisenweber-berlin.de/" "Mozilla/5.0 (Macintosh; Intel Mac OS X 10_6_8) AppleWebKit/534.57.2 (KHTML, like Gecko) Version/5.1.7 Safari/534.57.2"
91.22.138.23 - - [07/Oct/2012:23:00:55 +0200] "GET /img/spacer.gif HTTP/1.1" 200 43 "http://www.reisenweber-berlin.de/" "Mozilla/5.0 (Macintosh; Intel Mac OS X 10_6_8) AppleWebKit/534.57.2 (KHTML, like Gecko) Version/5.1.7 Safari/534.57.2"
91.22.138.23 - - [07/Oct/2012:23:00:55 +0200] "GET /img/corner03.png HTTP/1.1" 200 266 "http://www.reisenweber-berlin.de/" "Mozilla/5.0 (Macintosh; Intel Mac OS X 10_6_8) AppleWebKit/534.57.2 (KHTML, like Gecko) Version/5.1.7 Safari/534.57.2"
91.22.138.23 - - [07/Oct/2012:23:00:55 +0200] "GET /img/pfeil-grau.gif HTTP/1.1" 200 73 "http://www.reisenweber-berlin.de/" "Mozilla/5.0 (Macintosh; Intel Mac OS X 10_6_8) AppleWebKit/534.57.2 (KHTML, like Gecko) Version/5.1.7 Safari/534.57.2"
91.22.138.23 - - [07/Oct/2012:23:00:55 +0200] "GET /img/corner04.png HTTP/1.1" 200 203 "http://www.reisenweber-berlin.de/" "Mozilla/5.0 (Macintosh; Intel Mac OS X 10_6_8) AppleWebKit/534.57.2 (KHTML, like Gecko) Version/5.1.7 Safari/534.57.2"
91.22.138.23 - - [07/Oct/2012:23:00:55 +0200] "GET /img/tbl_bottom.png HTTP/1.1" 200 168 "http://www.reisenweber-berlin.de/" "Mozilla/5.0 (Macintosh; Intel Mac OS X 10_6_8) AppleWebKit/534.57.2 (KHTML, like Gecko) Version/5.1.7 Safari/534.57.2"
91.22.138.23 - - [07/Oct/2012:23:00:55 +0200] "GET /img/tbl_left.png HTTP/1.1" 200 236 "http://www.reisenweber-berlin.de/" "Mozilla/5.0 (Macintosh; Intel Mac OS X 10_6_8) AppleWebKit/534.57.2 (KHTML, like Gecko) Version/5.1.7 Safari/534.57.2"
91.22.138.23 - - [07/Oct/2012:23:00:55 +0200] "GET /img/HG_news.png HTTP/1.1" 200 212 "http://www.reisenweber-berlin.de/" "Mozilla/5.0 (Macintosh; Intel Mac OS X 10_6_8) AppleWebKit/534.57.2 (KHTML, like Gecko) Version/5.1.7 Safari/534.57.2"
91.22.138.23 - - [07/Oct/2012:23:00:55 +0200] "GET /img/tbl_right.png HTTP/1.1" 200 227 "http://www.reisenweber-berlin.de/" "Mozilla/5.0 (Macintosh; Intel Mac OS X 10_6_8) AppleWebKit/534.57.2 (KHTML, like Gecko) Version/5.1.7 Safari/534.57.2"
91.22.138.23 - - [07/Oct/2012:23:00:55 +0200] "GET /img/tbl_down.png HTTP/1.1" 200 197 "http://www.reisenweber-berlin.de/" "Mozilla/5.0 (Macintosh; Intel Mac OS X 10_6_8) AppleWebKit/534.57.2 (KHTML, like Gecko) Version/5.1.7 Safari/534.57.2"
91.22.138.23 - - [07/Oct/2012:23:00:55 +0200] "GET /img/hg_tbl.png HTTP/1.1" 200 190 "http://www.reisenweber-berlin.de/" "Mozilla/5.0 (Macintosh; Intel Mac OS X 10_6_8) AppleWebKit/534.57.2 (KHTML, like Gecko) Version/5.1.7 Safari/534.57.2"
91.22.138.23 - - [07/Oct/2012:23:00:55 +0200] "GET /reisenweber_ani.swf HTTP/1.1" 200 60314 "http://www.reisenweber-berlin.de/" "Mozilla/5.0 (Macintosh; Intel Mac OS X 10_6_8) AppleWebKit/534.57.2 (KHTML, like Gecko) Version/5.1.7 Safari/534.57.2"
91.22.138.23 - - [07/Oct/2012:23:00:55 +0200] "GET /favicon.ico HTTP/1.1" 404 1256 "http://www.reisenweber-berlin.de/" "Mozilla/5.0 (Macintosh; Intel Mac OS X 10_6_8) AppleWebKit/534.57.2 (KHTML, like Gecko) Version/5.1.7 Safari/534.57.2"
91.22.138.23 - - [07/Oct/2012:23:00:56 +0200] "GET /pics/2.jpg HTTP/1.1" 200 107549 "http://www.reisenweber-berlin.de/" "Mozilla/5.0 (Macintosh; Intel Mac OS X 10_6_8) AppleWebKit/534.57.2 (KHTML, like Gecko) Version/5.1.7 Safari/534.57.2"
91.22.138.23 - - [07/Oct/2012:23:01:03 +0200] "GET /pics/3.jpg HTTP/1.1" 200 149645 "http://www.reisenweber-berlin.de/" "Mozilla/5.0 (Macintosh; Intel Mac OS X 10_6_8) AppleWebKit/534.57.2 (KHTML, like Gecko) Version/5.1.7 Safari/534.57.2"
91.22.138.23 - - [07/Oct/2012:23:01:11 +0200] "GET /pics/4.jpg HTTP/1.1" 200 165768 "http://www.reisenweber-berlin.de/" "Mozilla/5.0 (Macintosh; Intel Mac OS X 10_6_8) AppleWebKit/534.57.2 (KHTML, like Gecko) Version/5.1.7 Safari/534.57.2"
91.22.138.23 - - [07/Oct/2012:23:01:16 +0200] "GET /aktuelles.html HTTP/1.1" 200 12183 "http://www.reisenweber-berlin.de/" "Mozilla/5.0 (Macintosh; Intel Mac OS X 10_6_8) AppleWebKit/534.57.2 (KHTML, like Gecko) Version/5.1.7 Safari/534.57.2"
91.22.138.23 - - [07/Oct/2012:23:01:16 +0200] "GET /js/scriptaculous.js?load=effects HTTP/1.1" 200 2152 "http://www.reisenweber-berlin.de/aktuelles.html" "Mozilla/5.0 (Macintosh; Intel Mac OS X 10_6_8) AppleWebKit/534.57.2 (KHTML, like Gecko) Version/5.1.7 Safari/534.57.2"
91.22.138.23 - - [07/Oct/2012:23:01:16 +0200] "GET /css/lightbox.css HTTP/1.1" 200 3470 "http://www.reisenweber-berlin.de/aktuelles.html" "Mozilla/5.0 (Macintosh; Intel Mac OS X 10_6_8) AppleWebKit/534.57.2 (KHTML, like Gecko) Version/5.1.7 Safari/534.57.2"
91.22.138.23 - - [07/Oct/2012:23:01:16 +0200] "GET /js/prototype.js HTTP/1.1" 200 47603 "http://www.reisenweber-berlin.de/aktuelles.html" "Mozilla/5.0 (Macintosh; Intel Mac OS X 10_6_8) AppleWebKit/534.57.2 (KHTML, like Gecko) Version/5.1.7 Safari/534.57.2"
91.22.138.23 - - [07/Oct/2012:23:01:16 +0200] "GET /js/lightbox.js HTTP/1.1" 200 23861 "http://www.reisenweber-berlin.de/aktuelles.html" "Mozilla/5.0 (Macintosh; Intel Mac OS X 10_6_8) AppleWebKit/534.57.2 (KHTML, like Gecko) Version/5.1.7 Safari/534.57.2"
91.22.138.23 - - [07/Oct/2012:23:01:17 +0200] "GET /js/effects.js HTTP/1.1" 200 31969 "http://www.reisenweber-berlin.de/aktuelles.html" "Mozilla/5.0 (Macintosh; Intel Mac OS X 10_6_8) AppleWebKit/534.57.2 (KHTML, like Gecko) Version/5.1.7 Safari/534.57.2"
91.22.138.23 - - [07/Oct/2012:23:01:17 +0200] "GET /img/aktuell-01_sw.png HTTP/1.1" 200 9846 "http://www.reisenweber-berlin.de/aktuelles.html" "Mozilla/5.0 (Macintosh; Intel Mac OS X 10_6_8) AppleWebKit/534.57.2 (KHTML, like Gecko) Version/5.1.7 Safari/534.57.2"
91.22.138.23 - - [07/Oct/2012:23:01:17 +0200] "GET /img/aktuell-02_sw.png HTTP/1.1" 200 12293 "http://www.reisenweber-berlin.de/aktuelles.html" "Mozilla/5.0 (Macintosh; Intel Mac OS X 10_6_8) AppleWebKit/534.57.2 (KHTML, like Gecko) Version/5.1.7 Safari/534.57.2"
91.22.138.23 - - [07/Oct/2012:23:01:17 +0200] "GET /img/abgrenzung.jpg HTTP/1.1" 200 1815 "http://www.reisenweber-berlin.de/aktuelles.html" "Mozilla/5.0 (Macintosh; Intel Mac OS X 10_6_8) AppleWebKit/534.57.2 (KHTML, like Gecko) Version/5.1.7 Safari/534.57.2"
91.22.138.23 - - [07/Oct/2012:23:01:17 +0200] "GET /img/aktuell-03_sw.png HTTP/1.1" 200 12073 "http://www.reisenweber-berlin.de/aktuelles.html" "Mozilla/5.0 (Macintosh; Intel Mac OS X 10_6_8) AppleWebKit/534.57.2 (KHTML, like Gecko) Version/5.1.7 Safari/534.57.2"
91.22.138.23 - - [07/Oct/2012:23:01:17 +0200] "GET /img/aktuell-05_sw.png HTTP/1.1" 200 11701 "http://www.reisenweber-berlin.de/aktuelles.html" "Mozilla/5.0 (Macintosh; Intel Mac OS X 10_6_8) AppleWebKit/534.57.2 (KHTML, like Gecko) Version/5.1.7 Safari/534.57.2"
91.22.138.23 - - [07/Oct/2012:23:01:17 +0200] "GET /img/aktuell-04_sw.png HTTP/1.1" 200 10095 "http://www.reisenweber-berlin.de/aktuelles.html" "Mozilla/5.0 (Macintosh; Intel Mac OS X 10_6_8) AppleWebKit/534.57.2 (KHTML, like Gecko) Version/5.1.7 Safari/534.57.2"
91.22.138.23 - - [07/Oct/2012:23:01:17 +0200] "GET /img/aktuell-06_sw.png HTTP/1.1" 200 10698 "http://www.reisenweber-berlin.de/aktuelles.html" "Mozilla/5.0 (Macintosh; Intel Mac OS X 10_6_8) AppleWebKit/534.57.2 (KHTML, like Gecko) Version/5.1.7 Safari/534.57.2"
91.22.138.23 - - [07/Oct/2012:23:01:17 +0200] "GET /img/aktuell-07_sw.png HTTP/1.1" 200 10511 "http://www.reisenweber-berlin.de/aktuelles.html" "Mozilla/5.0 (Macintosh; Intel Mac OS X 10_6_8) AppleWebKit/534.57.2 (KHTML, like Gecko) Version/5.1.7 Safari/534.57.2"
91.22.138.23 - - [07/Oct/2012:23:01:17 +0200] "GET /img/Aufsteller.png HTTP/1.1" 200 141482 "http://www.reisenweber-berlin.de/aktuelles.html" "Mozilla/5.0 (Macintosh; Intel Mac OS X 10_6_8) AppleWebKit/534.57.2 (KHTML, like Gecko) Version/5.1.7 Safari/534.57.2"
91.22.138.23 - - [07/Oct/2012:23:01:18 +0200] "GET /images/close.png HTTP/1.1" 200 3137 "http://www.reisenweber-berlin.de/aktuelles.html" "Mozilla/5.0 (Macintosh; Intel Mac OS X 10_6_8) AppleWebKit/534.57.2 (KHTML, like Gecko) Version/5.1.7 Safari/534.57.2"
91.22.138.23 - - [07/Oct/2012:23:01:18 +0200] "GET /images/loading.gif HTTP/1.1" 200 538 "http://www.reisenweber-berlin.de/aktuelles.html" "Mozilla/5.0 (Macintosh; Intel Mac OS X 10_6_8) AppleWebKit/534.57.2 (KHTML, like Gecko) Version/5.1.7 Safari/534.57.2"
91.22.138.23 - - [07/Oct/2012:23:01:35 +0200] "GET /pics/1.jpg HTTP/1.1" 200 104529 "http://www.reisenweber-berlin.de/" "Mozilla/5.0 (Macintosh; Intel Mac OS X 10_6_8) AppleWebKit/534.57.2 (KHTML, like Gecko) Version/5.1.7 Safari/534.57.2"
91.22.138.23 - - [07/Oct/2012:23:01:42 +0200] "GET /leistungen.html HTTP/1.1" 200 22197 "http://www.reisenweber-berlin.de/" "Mozilla/5.0 (Macintosh; Intel Mac OS X 10_6_8) AppleWebKit/534.57.2 (KHTML, like Gecko) Version/5.1.7 Safari/534.57.2"
91.22.138.23 - - [07/Oct/2012:23:01:42 +0200] "GET /js/RunFLASH.js HTTP/1.1" 200 8029 "http://www.reisenweber-berlin.de/leistungen.html" "Mozilla/5.0 (Macintosh; Intel Mac OS X 10_6_8) AppleWebKit/534.57.2 (KHTML, like Gecko) Version/5.1.7 Safari/534.57.2"
91.22.138.23 - - [07/Oct/2012:23:01:42 +0200] "GET /css/Panel.css HTTP/1.1" 200 3497 "http://www.reisenweber-berlin.de/leistungen.html" "Mozilla/5.0 (Macintosh; Intel Mac OS X 10_6_8) AppleWebKit/534.57.2 (KHTML, like Gecko) Version/5.1.7 Safari/534.57.2"
91.22.138.23 - - [07/Oct/2012:23:01:42 +0200] "GET /js/Panel.js HTTP/1.1" 200 13072 "http://www.reisenweber-berlin.de/leistungen.html" "Mozilla/5.0 (Macintosh; Intel Mac OS X 10_6_8) AppleWebKit/534.57.2 (KHTML, like Gecko) Version/5.1.7 Safari/534.57.2"
91.22.138.23 - - [07/Oct/2012:23:01:50 +0200] "GET /pics/5.jpg HTTP/1.1" 200 134687 "http://www.reisenweber-berlin.de/leistungen.html" "Mozilla/5.0 (Macintosh; Intel Mac OS X 10_6_8) AppleWebKit/534.57.2 (KHTML, like Gecko) Version/5.1.7 Safari/534.57.2"
91.22.138.23 - - [07/Oct/2012:23:01:54 +0200] "GET /haare.html HTTP/1.1" 200 18749 "http://www.reisenweber-berlin.de/leistungen.html" "Mozilla/5.0 (Macintosh; Intel Mac OS X 10_6_8) AppleWebKit/534.57.2 (KHTML, like Gecko) Version/5.1.7 Safari/534.57.2"
91.22.138.23 - - [07/Oct/2012:23:01:54 +0200] "GET /img/hair.png HTTP/1.1" 200 129494 "http://www.reisenweber-berlin.de/haare.html" "Mozilla/5.0 (Macintosh; Intel Mac OS X 10_6_8) AppleWebKit/534.57.2 (KHTML, like Gecko) Version/5.1.7 Safari/534.57.2"
91.22.138.23 - - [07/Oct/2012:23:02:34 +0200] "GET /uns.html HTTP/1.1" 200 8079 "http://www.reisenweber-berlin.de/leistungen.html" "Mozilla/5.0 (Macintosh; Intel Mac OS X 10_6_8) AppleWebKit/534.57.2 (KHTML, like Gecko) Version/5.1.7 Safari/534.57.2"
91.22.138.23 - - [07/Oct/2012:23:02:35 +0200] "GET /img/laden.jpg HTTP/1.1" 200 25856 "http://www.reisenweber-berlin.de/uns.html" "Mozilla/5.0 (Macintosh; Intel Mac OS X 10_6_8) AppleWebKit/534.57.2 (KHTML, like Gecko) Version/5.1.7 Safari/534.57.2"
91.22.138.23 - - [07/Oct/2012:23:02:35 +0200] "GET /img/damen-03.jpg HTTP/1.1" 200 6511 "http://www.reisenweber-berlin.de/uns.html" "Mozilla/5.0 (Macintosh; Intel Mac OS X 10_6_8) AppleWebKit/534.57.2 (KHTML, like Gecko) Version/5.1.7 Safari/534.57.2"
91.22.138.23 - - [07/Oct/2012:23:02:35 +0200] "GET /img/damen-01.jpg HTTP/1.1" 200 6064 "http://www.reisenweber-berlin.de/uns.html" "Mozilla/5.0 (Macintosh; Intel Mac OS X 10_6_8) AppleWebKit/534.57.2 (KHTML, like Gecko) Version/5.1.7 Safari/534.57.2"
91.22.138.23 - - [07/Oct/2012:23:02:35 +0200] "GET /img/damen-02.jpg HTTP/1.1" 200 6205 "http://www.reisenweber-berlin.de/uns.html" "Mozilla/5.0 (Macintosh; Intel Mac OS X 10_6_8) AppleWebKit/534.57.2 (KHTML, like Gecko) Version/5.1.7 Safari/534.57.2"
91.22.138.23 - - [07/Oct/2012:23:02:35 +0200] "GET /img/damen-04.jpg HTTP/1.1" 200 6976 "http://www.reisenweber-berlin.de/uns.html" "Mozilla/5.0 (Macintosh; Intel Mac OS X 10_6_8) AppleWebKit/534.57.2 (KHTML, like Gecko) Version/5.1.7 Safari/534.57.2"
91.22.138.23 - - [07/Oct/2012:23:02:35 +0200] "GET /img/damen-05.jpg HTTP/1.1" 200 7268 "http://www.reisenweber-berlin.de/uns.html" "Mozilla/5.0 (Macintosh; Intel Mac OS X 10_6_8) AppleWebKit/534.57.2 (KHTML, like Gecko) Version/5.1.7 Safari/534.57.2"
91.22.138.23 - - [07/Oct/2012:23:02:50 +0200] "GET /img/damen-01-GR.jpg HTTP/1.1" 200 73479 "http://www.reisenweber-berlin.de/uns.html" "Mozilla/5.0 (Macintosh; Intel Mac OS X 10_6_8) AppleWebKit/534.57.2 (KHTML, like Gecko) Version/5.1.7 Safari/534.57.2"
91.22.138.23 - - [07/Oct/2012:23:02:51 +0200] "GET /img/damen-02-GR.jpg HTTP/1.1" 200 78475 "http://www.reisenweber-berlin.de/uns.html" "Mozilla/5.0 (Macintosh; Intel Mac OS X 10_6_8) AppleWebKit/534.57.2 (KHTML, like Gecko) Version/5.1.7 Safari/534.57.2"
91.22.138.23 - - [07/Oct/2012:23:02:53 +0200] "GET /images/blank.gif HTTP/1.1" 404 1256 "http://www.reisenweber-berlin.de/uns.html" "Mozilla/5.0 (Macintosh; Intel Mac OS X 10_6_8) AppleWebKit/534.57.2 (KHTML, like Gecko) Version/5.1.7 Safari/534.57.2"
91.22.138.23 - - [07/Oct/2012:23:02:57 +0200] "GET /images/next.gif HTTP/1.1" 200 231 "http://www.reisenweber-berlin.de/uns.html" "Mozilla/5.0 (Macintosh; Intel Mac OS X 10_6_8) AppleWebKit/534.57.2 (KHTML, like Gecko) Version/5.1.7 Safari/534.57.2"
91.22.138.23 - - [07/Oct/2012:23:03:00 +0200] "GET /img/damen-03-GR.jpg HTTP/1.1" 200 100315 "http://www.reisenweber-berlin.de/uns.html" "Mozilla/5.0 (Macintosh; Intel Mac OS X 10_6_8) AppleWebKit/534.57.2 (KHTML, like Gecko) Version/5.1.7 Safari/534.57.2"
91.22.138.23 - - [07/Oct/2012:23:03:04 +0200] "GET /img/damen-04-GR.jpg HTTP/1.1" 200 101665 "http://www.reisenweber-berlin.de/uns.html" "Mozilla/5.0 (Macintosh; Intel Mac OS X 10_6_8) AppleWebKit/534.57.2 (KHTML, like Gecko) Version/5.1.7 Safari/534.57.2"
91.22.138.23 - - [07/Oct/2012:23:03:10 +0200] "GET /img/damen-05-GR.jpg HTTP/1.1" 200 91984 "http://www.reisenweber-berlin.de/uns.html" "Mozilla/5.0 (Macintosh; Intel Mac OS X 10_6_8) AppleWebKit/534.57.2 (KHTML, like Gecko) Version/5.1.7 Safari/534.57.2"
157.55.35.81 - - [07/Oct/2012:23:11:32 +0200] "GET /robots.txt HTTP/1.1" 404 1256 "-" "Mozilla/5.0 (compatible; bingbot/2.0; +http://www.bing.com/bingbot.htm)"
65.52.111.212 - - [07/Oct/2012:23:13:54 +0200] "GET /leistungen.html HTTP/1.1" 200 22197 "-" "Mozilla/5.0 (Windows NT 6.1; WOW64) AppleWebKit/534+ (KHTML, like Gecko) BingPreview/1.0b"
157.55.35.81 - - [07/Oct/2012:23:14:04 +0200] "GET /leistungen.html HTTP/1.1" 304 - "-" "Mozilla/5.0 (compatible; bingbot/2.0; +http://www.bing.com/bingbot.htm)"
65.52.111.212 - - [07/Oct/2012:23:14:05 +0200] "GET /css/Panel.css HTTP/1.1" 200 3497 "-" "Mozilla/5.0 (Windows NT 6.1; WOW64) AppleWebKit/534+ (KHTML, like Gecko) BingPreview/1.0b"
65.52.111.212 - - [07/Oct/2012:23:14:06 +0200] "GET /css/style.css HTTP/1.1" 200 3765 "-" "Mozilla/5.0 (Windows NT 6.1; WOW64) AppleWebKit/534+ (KHTML, like Gecko) BingPreview/1.0b"
65.52.111.212 - - [07/Oct/2012:23:14:07 +0200] "GET /js/Panel.js HTTP/1.1" 200 13072 "-" "Mozilla/5.0 (Windows NT 6.1; WOW64) AppleWebKit/534+ (KHTML, like Gecko) BingPreview/1.0b"
65.52.111.212 - - [07/Oct/2012:23:14:08 +0200] "GET /js/RunFLASH.js HTTP/1.1" 200 8029 "-" "Mozilla/5.0 (Windows NT 6.1; WOW64) AppleWebKit/534+ (KHTML, like Gecko) BingPreview/1.0b"
93.219.180.232 - - [07/Oct/2012:23:14:46 +0200] "GET /kontakt.html HTTP/1.1" 200 13297 "-" "Mozilla/5.0 (Windows; U; Windows NT 6.0; de; rv:1.9.2.3) Gecko/20100401 Firefox/3.6.3 ( .NET CLR 3.5.30729)"
93.219.180.232 - - [07/Oct/2012:23:26:16 +0200] "GET /uns.html HTTP/1.1" 200 8079 "-" "Mozilla/5.0 (Windows; U; Windows NT 6.0; de; rv:1.9.2.3) Gecko/20100401 Firefox/3.6.3 ( .NET CLR 3.5.30729)"
37.140.141.34 - - [07/Oct/2012:23:37:35 +0200] "GET /img/pfeil-grau.gif HTTP/1.1" 200 73 "-" "Mozilla/5.0 (compatible; YandexImages/3.0; +http://yandex.com/bots)"
66.249.71.168 - - [08/Oct/2012:00:48:20 +0200] "GET /robots.txt HTTP/1.1" 404 1256 "-" "Mozilla/5.0 (compatible; Googlebot/2.1; +http://www.google.com/bot.html)"
66.249.71.168 - - [08/Oct/2012:00:48:20 +0200] "GET /index.html HTTP/1.1" 304 - "-" "Mozilla/5.0 (compatible; Googlebot/2.1; +http://www.google.com/bot.html)"
93.219.180.232 - - [08/Oct/2012:02:02:20 +0200] "GET /aktuelles.html HTTP/1.1" 200 12183 "-" "Mozilla/5.0 (Windows; U; Windows NT 6.0; de; rv:1.9.2.3) Gecko/20100401 Firefox/3.6.3 ( .NET CLR 3.5.30729)"
178.154.179.250 - - [08/Oct/2012:03:00:06 +0200] "GET /robots.txt HTTP/1.1" 404 1256 "-" "Mozilla/5.0 (compatible; YandexBot/3.0; +http://yandex.com/bots)"
37.140.141.34 - - [08/Oct/2012:04:01:56 +0200] "GET /robots.txt HTTP/1.1" 404 1256 "-" "Mozilla/5.0 (compatible; YandexImages/3.0; +http://yandex.com/bots)"
93.219.180.232 - - [08/Oct/2012:04:42:23 +0200] "GET /reisenweber_ani.swf HTTP/1.1" 200 60314 "-" "Mozilla/5.0 (Windows; U; Windows NT 6.0; de; rv:1.9.2.3) Gecko/20100401 Firefox/3.6.3 ( .NET CLR 3.5.30729)"
178.154.179.250 - - [08/Oct/2012:05:48:30 +0200] "GET /uns.html HTTP/1.1" 200 8079 "-" "Mozilla/5.0 (compatible; YandexBot/3.0; +http://yandex.com/bots)"
178.154.179.250 - - [08/Oct/2012:05:48:32 +0200] "GET /kontakt.html HTTP/1.1" 200 13297 "-" "Mozilla/5.0 (compatible; YandexBot/3.0; +http://yandex.com/bots)"
37.140.141.34 - - [08/Oct/2012:06:08:36 +0200] "GET /img/damen-03-GR.jpg HTTP/1.1" 200 100315 "-" "Mozilla/5.0 (compatible; YandexImages/3.0; +http://yandex.com/bots)"
207.46.194.85 - - [08/Oct/2012:07:13:52 +0200] "GET /robots.txt HTTP/1.1" 404 1256 "-" "msnbot-media/1.1 (+http://search.msn.com/msnbot.htm)"
207.46.194.85 - - [08/Oct/2012:07:13:52 +0200] "GET /img/Aufsteller.png HTTP/1.1" 200 141482 "-" "msnbot-media/1.1 (+http://search.msn.com/msnbot.htm)"
37.140.141.34 - - [08/Oct/2012:08:46:47 +0200] "GET /img/abgrenzung.jpg HTTP/1.1" 200 1815 "-" "Mozilla/5.0 (compatible; YandexImages/3.0; +http://yandex.com/bots)"
66.249.71.168 - - [08/Oct/2012:09:23:51 +0200] "GET / HTTP/1.1" 200 10136 "-" "Mozilla/5.0 (compatible; Googlebot/2.1; +http://www.google.com/bot.html)"
93.219.180.232 - - [08/Oct/2012:09:28:57 +0200] "GET /index.html HTTP/1.1" 200 10136 "-" "Mozilla/5.0 (Windows; U; Windows NT 6.0; de; rv:1.9.2.3) Gecko/20100401 Firefox/3.6.3 ( .NET CLR 3.5.30729)"
93.219.180.232 - - [08/Oct/2012:09:42:28 +0200] "GET /philosophie.html HTTP/1.1" 200 8690 "-" "Mozilla/5.0 (Windows; U; Windows NT 6.0; de; rv:1.9.2.3) Gecko/20100401 Firefox/3.6.3 ( .NET CLR 3.5.30729)"
178.154.179.250 - - [08/Oct/2012:09:55:07 +0200] "GET / HTTP/1.1" 200 10136 "-" "Mozilla/5.0 (compatible; YandexBot/3.0; +http://yandex.com/bots)"
178.154.179.250 - - [08/Oct/2012:09:55:13 +0200] "GET /kosmetik.html HTTP/1.1" 200 11316 "-" "Mozilla/5.0 (compatible; YandexBot/3.0; +http://yandex.com/bots)"
178.154.179.250 - - [08/Oct/2012:09:55:15 +0200] "GET /reisenweber_ani.swf HTTP/1.1" 200 60314 "-" "Mozilla/5.0 (compatible; YandexBot/3.0; +http://yandex.com/bots)"
217.6.59.139 - - [08/Oct/2012:10:19:59 +0200] "GET / HTTP/1.1" 200 10136 "-" "Mozilla/5.0 (Windows NT 6.1; WOW64) AppleWebKit/537.4 (KHTML, like Gecko) Chrome/22.0.1229.79 Safari/537.4"
217.6.59.139 - - [08/Oct/2012:10:19:59 +0200] "GET /css/style.css HTTP/1.1" 200 3765 "http://www.reisenweber-berlin.de/" "Mozilla/5.0 (Windows NT 6.1; WOW64) AppleWebKit/537.4 (KHTML, like Gecko) Chrome/22.0.1229.79 Safari/537.4"
217.6.59.139 - - [08/Oct/2012:10:19:59 +0200] "GET /Scripts/AC_RunActiveContent.js HTTP/1.1" 200 8029 "http://www.reisenweber-berlin.de/" "Mozilla/5.0 (Windows NT 6.1; WOW64) AppleWebKit/537.4 (KHTML, like Gecko) Chrome/22.0.1229.79 Safari/537.4"
217.6.59.139 - - [08/Oct/2012:10:19:59 +0200] "GET /Scripts/AC_ActiveX.js HTTP/1.1" 200 2068 "http://www.reisenweber-berlin.de/" "Mozilla/5.0 (Windows NT 6.1; WOW64) AppleWebKit/537.4 (KHTML, like Gecko) Chrome/22.0.1229.79 Safari/537.4"
217.6.59.139 - - [08/Oct/2012:10:19:59 +0200] "GET /img/spacer.gif HTTP/1.1" 200 43 "http://www.reisenweber-berlin.de/" "Mozilla/5.0 (Windows NT 6.1; WOW64) AppleWebKit/537.4 (KHTML, like Gecko) Chrome/22.0.1229.79 Safari/537.4"
217.6.59.139 - - [08/Oct/2012:10:19:59 +0200] "GET /img/pfeil.gif HTTP/1.1" 200 85 "http://www.reisenweber-berlin.de/" "Mozilla/5.0 (Windows NT 6.1; WOW64) AppleWebKit/537.4 (KHTML, like Gecko) Chrome/22.0.1229.79 Safari/537.4"
217.6.59.139 - - [08/Oct/2012:10:19:59 +0200] "GET /img/hg.jpg HTTP/1.1" 200 44355 "http://www.reisenweber-berlin.de/" "Mozilla/5.0 (Windows NT 6.1; WOW64) AppleWebKit/537.4 (KHTML, like Gecko) Chrome/22.0.1229.79 Safari/537.4"
217.6.59.139 - - [08/Oct/2012:10:19:59 +0200] "GET /img/tbl_bottom.png HTTP/1.1" 200 168 "http://www.reisenweber-berlin.de/" "Mozilla/5.0 (Windows NT 6.1; WOW64) AppleWebKit/537.4 (KHTML, like Gecko) Chrome/22.0.1229.79 Safari/537.4"
217.6.59.139 - - [08/Oct/2012:10:19:59 +0200] "GET /img/corner01.png HTTP/1.1" 200 163 "http://www.reisenweber-berlin.de/" "Mozilla/5.0 (Windows NT 6.1; WOW64) AppleWebKit/537.4 (KHTML, like Gecko) Chrome/22.0.1229.79 Safari/537.4"
