86.56.60.89 - - [20/Oct/2012:14:25:17 +0200] "GET /img/hair.png HTTP/1.1" 200 129494 "http://www.reisenweber-berlin.de/haare.html" "Mozilla/5.0 (iPhone; CPU iPhone OS 6_0 like Mac OS X) AppleWebKit/536.26 (KHTML, like Gecko) Version/6.0 Mobile/10A403 Safari/8536.25"
86.56.60.89 - - [20/Oct/2012:14:25:40 +0200] "GET /index.html HTTP/1.1" 200 10136 "http://www.reisenweber-berlin.de/haare.html" "Mozilla/5.0 (iPhone; CPU iPhone OS 6_0 like Mac OS X) AppleWebKit/536.26 (KHTML, like Gecko) Version/6.0 Mobile/10A403 Safari/8536.25"
86.56.60.89 - - [20/Oct/2012:14:25:40 +0200] "GET /Scripts/AC_ActiveX.js HTTP/1.1" 200 2068 "http://www.reisenweber-berlin.de/index.html" "Mozilla/5.0 (iPhone; CPU iPhone OS 6_0 like Mac OS X) AppleWebKit/536.26 (KHTML, like Gecko) Version/6.0 Mobile/10A403 Safari/8536.25"
86.56.60.89 - - [20/Oct/2012:14:25:40 +0200] "GET /img/team.jpg HTTP/1.1" 200 66988 "http://www.reisenweber-berlin.de/index.html" "Mozilla/5.0 (iPhone; CPU iPhone OS 6_0 like Mac OS X) AppleWebKit/536.26 (KHTML, like Gecko) Version/6.0 Mobile/10A403 Safari/8536.25"
86.56.60.89 - - [20/Oct/2012:14:26:02 +0200] "GET /leistungen.html HTTP/1.1" 200 22197 "http://www.reisenweber-berlin.de/index.html" "Mozilla/5.0 (iPhone; CPU iPhone OS 6_0 like Mac OS X) AppleWebKit/536.26 (KHTML, like Gecko) Version/6.0 Mobile/10A403 Safari/8536.25"
78.46.45.206 - - [20/Oct/2012:15:03:39 +0200] "GET /robots.txt HTTP/1.1" 404 1256 "-" "Mozilla/4.0 (compatible; MSIE 6.0; Windows NT 5.1; SV1; .NET CLR 1.1.4322)"
78.46.45.206 - - [20/Oct/2012:15:03:39 +0200] "GET / HTTP/1.1" 200 10136 "-" "Mozilla/4.0 (compatible; MSIE 6.0; Windows NT 5.1; SV1; .NET CLR 1.1.4322)"
78.46.45.206 - - [20/Oct/2012:15:03:39 +0200] "GET /reisenweber_ani.swf HTTP/1.1" 200 60314 "http://www.reisenweber-berlin.de/" "Mozilla/4.0 (compatible; MSIE 6.0; Windows NT 5.1; SV1; .NET CLR 1.1.4322)"
78.46.45.206 - - [20/Oct/2012:15:03:39 +0200] "GET /produkte.html HTTP/1.1" 200 8481 "http://www.reisenweber-berlin.de/" "Mozilla/4.0 (compatible; MSIE 6.0; Windows NT 5.1; SV1; .NET CLR 1.1.4322)"
78.46.45.206 - - [20/Oct/2012:15:03:39 +0200] "GET /kontakt.html HTTP/1.1" 200 13297 "http://www.reisenweber-berlin.de/" "Mozilla/4.0 (compatible; MSIE 6.0; Windows NT 5.1; SV1; .NET CLR 1.1.4322)"
78.46.45.206 - - [20/Oct/2012:15:03:39 +0200] "GET /uns.html HTTP/1.1" 200 8079 "http://www.reisenweber-berlin.de/" "Mozilla/4.0 (compatible; MSIE 6.0; Windows NT 5.1; SV1; .NET CLR 1.1.4322)"
78.46.45.206 - - [20/Oct/2012:15:03:39 +0200] "GET /aktuelles.html HTTP/1.1" 200 12183 "http://www.reisenweber-berlin.de/" "Mozilla/4.0 (compatible; MSIE 6.0; Windows NT 5.1; SV1; .NET CLR 1.1.4322)"
78.46.45.206 - - [20/Oct/2012:15:03:39 +0200] "GET /links.html HTTP/1.1" 200 8166 "http://www.reisenweber-berlin.de/" "Mozilla/4.0 (compatible; MSIE 6.0; Windows NT 5.1; SV1; .NET CLR 1.1.4322)"
78.46.45.206 - - [20/Oct/2012:15:03:39 +0200] "GET /philosophie.html HTTP/1.1" 200 8690 "http://www.reisenweber-berlin.de/produkte.html" "Mozilla/4.0 (compatible; MSIE 6.0; Windows NT 5.1; SV1; .NET CLR 1.1.4322)"
78.46.45.206 - - [20/Oct/2012:15:03:40 +0200] "GET /leistungen.html HTTP/1.1" 200 22197 "http://www.reisenweber-berlin.de/" "Mozilla/4.0 (compatible; MSIE 6.0; Windows NT 5.1; SV1; .NET CLR 1.1.4322)"
78.46.45.206 - - [20/Oct/2012:15:03:40 +0200] "GET /index.html HTTP/1.1" 200 10136 "http://www.reisenweber-berlin.de/produkte.html" "Mozilla/4.0 (compatible; MSIE 6.0; Windows NT 5.1; SV1; .NET CLR 1.1.4322)"
78.46.45.206 - - [20/Oct/2012:15:03:40 +0200] "GET /kosmetik.html HTTP/1.1" 200 11316 "http://www.reisenweber-berlin.de/leistungen.html" "Mozilla/4.0 (compatible; MSIE 6.0; Windows NT 5.1; SV1; .NET CLR 1.1.4322)"
78.46.45.206 - - [20/Oct/2012:15:03:40 +0200] "GET /haare.html HTTP/1.1" 200 18749 "http://www.reisenweber-berlin.de/leistungen.html" "Mozilla/4.0 (compatible; MSIE 6.0; Windows NT 5.1; SV1; .NET CLR 1.1.4322)"
37.140.141.34 - - [20/Oct/2012:16:21:56 +0200] "GET /robots.txt HTTP/1.1" 404 1256 "-" "Mozilla/5.0 (compatible; YandexImages/3.0; +http://yandex.com/bots)"
46.119.126.70 - - [20/Oct/2012:17:14:48 +0200] "GET /robots.txt HTTP/1.0" 404 1256 "-" "Mozilla/5.0 (compatible; MJ12bot/v1.4.3; http://www.majestic12.co.uk/bot.php?+)"
46.119.126.70 - - [20/Oct/2012:17:14:51 +0200] "GET / HTTP/1.1" 200 10136 "-" "Mozilla/5.0 (compatible; MJ12bot/v1.4.3; http://www.majestic12.co.uk/bot.php?+)"
37.140.141.34 - - [20/Oct/2012:17:50:17 +0200] "GET /img/abgrenzung.jpg HTTP/1.1" 200 1815 "-" "Mozilla/5.0 (compatible; YandexImages/3.0; +http://yandex.com/bots)"
5.9.10.179 - - [20/Oct/2012:18:28:02 +0200] "GET /robots.txt HTTP/1.1" 404 1256 "-" "Mozilla/5.0 (compatible; Infohelfer/1.3.0; +http://www.infohelfer.de/crawler.php)"
5.9.10.179 - - [20/Oct/2012:18:28:02 +0200] "GET /produkte.html HTTP/1.1" 200 8481 "-" "Mozilla/5.0 (compatible; Infohelfer/1.3.0; +http://www.infohelfer.de/crawler.php)"
37.140.141.34 - - [20/Oct/2012:18:49:51 +0200] "GET /img/produkte.png HTTP/1.1" 200 135486 "-" "Mozilla/5.0 (compatible; YandexImages/3.0; +http://yandex.com/bots)"
37.140.141.34 - - [20/Oct/2012:19:50:34 +0200] "GET /img/aktuell-06-GR.png HTTP/1.1" 200 1230835 "-" "Mozilla/5.0 (compatible; YandexImages/3.0; +http://yandex.com/bots)"
37.140.141.34 - - [20/Oct/2012:20:28:12 +0200] "GET /img/damen-01.jpg HTTP/1.1" 200 6064 "-" "Mozilla/5.0 (compatible; YandexImages/3.0; +http://yandex.com/bots)"
37.140.141.34 - - [20/Oct/2012:21:19:36 +0200] "GET /img/laden.jpg HTTP/1.1" 200 25856 "-" "Mozilla/5.0 (compatible; YandexImages/3.0; +http://yandex.com/bots)"
37.140.141.34 - - [20/Oct/2012:21:59:57 +0200] "GET /img/aktuell-04_sw.png HTTP/1.1" 200 10095 "-" "Mozilla/5.0 (compatible; YandexImages/3.0; +http://yandex.com/bots)"
5.9.56.116 - - [20/Oct/2012:22:18:17 +0200] "GET /leistungen.html HTTP/1.1" 200 22197 "-" "Mozilla/5.0 (compatible; Infohelfer/1.3.0; +http://www.infohelfer.de/crawler.php)"
37.140.141.34 - - [20/Oct/2012:22:55:02 +0200] "GET /img/damen-02-GR.jpg HTTP/1.1" 200 78475 "-" "Mozilla/5.0 (compatible; YandexImages/3.0; +http://yandex.com/bots)"
37.140.141.34 - - [21/Oct/2012:00:05:19 +0200] "GET /img/damen-03-GR.jpg HTTP/1.1" 200 100315 "-" "Mozilla/5.0 (compatible; YandexImages/3.0; +http://yandex.com/bots)"
37.140.141.34 - - [21/Oct/2012:01:28:22 +0200] "GET /img/aktuell-06_sw.png HTTP/1.1" 200 10698 "-" "Mozilla/5.0 (compatible; YandexImages/3.0; +http://yandex.com/bots)"
5.9.39.69 - - [21/Oct/2012:01:32:28 +0200] "GET /aktuelles.html HTTP/1.1" 200 12183 "-" "Mozilla/5.0 (compatible; Infohelfer/1.3.0; +http://www.infohelfer.de/crawler.php)"
208.115.111.67 - - [21/Oct/2012:01:51:03 +0200] "GET /robots.txt HTTP/1.1" 404 1256 "-" "Mozilla/5.0 (compatible; Ezooms/1.0; ezooms.bot@gmail.com)"
157.55.32.83 - - [21/Oct/2012:02:10:48 +0200] "GET /robots.txt HTTP/1.1" 404 1256 "-" "Mozilla/5.0 (compatible; bingbot/2.0; +http://www.bing.com/bingbot.htm)"
37.140.141.34 - - [21/Oct/2012:02:20:02 +0200] "GET /img/damen-02.jpg HTTP/1.1" 200 6205 "-" "Mozilla/5.0 (compatible; YandexImages/3.0; +http://yandex.com/bots)"
157.55.32.83 - - [21/Oct/2012:02:26:08 +0200] "GET / HTTP/1.1" 304 - "-" "Mozilla/5.0 (compatible; bingbot/2.0; +http://www.bing.com/bingbot.htm)"
178.77.126.55 - - [21/Oct/2012:02:42:56 +0200] "GET /robots.txt HTTP/1.1" 404 1256 "-" "Mozilla/5.0 (compatible; CareerBot/1.1; +http://www.career-x.de/bot.html)"
178.77.126.55 - - [21/Oct/2012:02:42:56 +0200] "GET / HTTP/1.1" 200 10136 "-" "Mozilla/5.0 (compatible; CareerBot/1.1; +http://www.career-x.de/bot.html)"
178.77.126.55 - - [21/Oct/2012:02:42:56 +0200] "GET /uns.html HTTP/1.1" 200 8079 "-" "Mozilla/5.0 (compatible; CareerBot/1.1; +http://www.career-x.de/bot.html)"
37.140.141.34 - - [21/Oct/2012:03:21:01 +0200] "GET /img/damen-03.jpg HTTP/1.1" 200 6511 "-" "Mozilla/5.0 (compatible; YandexImages/3.0; +http://yandex.com/bots)"
66.249.76.164 - - [21/Oct/2012:03:22:29 +0200] "GET /robots.txt HTTP/1.1" 404 1256 "-" "Mozilla/5.0 (compatible; Googlebot/2.1; +http://www.google.com/bot.html)"
66.249.76.164 - - [21/Oct/2012:03:22:30 +0200] "GET / HTTP/1.1" 200 10136 "-" "Mozilla/5.0 (compatible; Googlebot/2.1; +http://www.google.com/bot.html)"
37.140.141.34 - - [21/Oct/2012:04:03:09 +0200] "GET /img/aktuell-07_sw.png HTTP/1.1" 200 10511 "-" "Mozilla/5.0 (compatible; YandexImages/3.0; +http://yandex.com/bots)"
37.140.141.34 - - [21/Oct/2012:04:55:33 +0200] "GET /img/corner01.png HTTP/1.1" 200 163 "-" "Mozilla/5.0 (compatible; YandexImages/3.0; +http://yandex.com/bots)"
37.140.141.34 - - [21/Oct/2012:05:47:10 +0200] "GET /img/corner03.png HTTP/1.1" 200 266 "-" "Mozilla/5.0 (compatible; YandexImages/3.0; +http://yandex.com/bots)"
195.149.76.1 - - [21/Oct/2012:06:12:10 +0200] "GET /img/aktuell-06_sw.png HTTP/1.1" 304 - "-" "Mozilla/4.0 (compatible;)"
37.140.141.34 - - [21/Oct/2012:06:57:08 +0200] "GET /img/aktuell-05_sw.png HTTP/1.1" 200 11701 "-" "Mozilla/5.0 (compatible; YandexImages/3.0; +http://yandex.com/bots)"
37.140.141.34 - - [21/Oct/2012:08:12:34 +0200] "GET /img/aktuell-01-GR.png HTTP/1.1" 200 882570 "-" "Mozilla/5.0 (compatible; YandexImages/3.0; +http://yandex.com/bots)"
79.205.230.159 - - [21/Oct/2012:08:43:26 +0200] "GET / HTTP/1.1" 200 10136 "-" "Mozilla/5.0 (Macintosh; Intel Mac OS X 10_7_5) AppleWebKit/536.26.14 (KHTML, like Gecko) Version/6.0.1 Safari/536.26.14"
79.205.230.159 - - [21/Oct/2012:08:43:26 +0200] "GET /Scripts/AC_RunActiveContent.js HTTP/1.1" 200 8029 "http://www.reisenweber-berlin.de/" "Mozilla/5.0 (Macintosh; Intel Mac OS X 10_7_5) AppleWebKit/536.26.14 (KHTML, like Gecko) Version/6.0.1 Safari/536.26.14"
79.205.230.159 - - [21/Oct/2012:08:43:26 +0200] "GET /css/style.css HTTP/1.1" 200 3765 "http://www.reisenweber-berlin.de/" "Mozilla/5.0 (Macintosh; Intel Mac OS X 10_7_5) AppleWebKit/536.26.14 (KHTML, like Gecko) Version/6.0.1 Safari/536.26.14"
79.205.230.159 - - [21/Oct/2012:08:43:26 +0200] "GET /Scripts/AC_ActiveX.js HTTP/1.1" 200 2068 "http://www.reisenweber-berlin.de/" "Mozilla/5.0 (Macintosh; Intel Mac OS X 10_7_5) AppleWebKit/536.26.14 (KHTML, like Gecko) Version/6.0.1 Safari/536.26.14"
79.205.230.159 - - [21/Oct/2012:08:43:26 +0200] "GET /img/pfeil.gif HTTP/1.1" 200 85 "http://www.reisenweber-berlin.de/" "Mozilla/5.0 (Macintosh; Intel Mac OS X 10_7_5) AppleWebKit/536.26.14 (KHTML, like Gecko) Version/6.0.1 Safari/536.26.14"
79.205.230.159 - - [21/Oct/2012:08:43:26 +0200] "GET /img/spacer.gif HTTP/1.1" 200 43 "http://www.reisenweber-berlin.de/" "Mozilla/5.0 (Macintosh; Intel Mac OS X 10_7_5) AppleWebKit/536.26.14 (KHTML, like Gecko) Version/6.0.1 Safari/536.26.14"
79.205.230.159 - - [21/Oct/2012:08:43:26 +0200] "GET /img/tbl_bottom.png HTTP/1.1" 200 168 "http://www.reisenweber-berlin.de/" "Mozilla/5.0 (Macintosh; Intel Mac OS X 10_7_5) AppleWebKit/536.26.14 (KHTML, like Gecko) Version/6.0.1 Safari/536.26.14"
79.205.230.159 - - [21/Oct/2012:08:43:26 +0200] "GET /img/corner01.png HTTP/1.1" 200 163 "http://www.reisenweber-berlin.de/" "Mozilla/5.0 (Macintosh; Intel Mac OS X 10_7_5) AppleWebKit/536.26.14 (KHTML, like Gecko) Version/6.0.1 Safari/536.26.14"
79.205.230.159 - - [21/Oct/2012:08:43:26 +0200] "GET /img/corner02.png HTTP/1.1" 200 190 "http://www.reisenweber-berlin.de/" "Mozilla/5.0 (Macintosh; Intel Mac OS X 10_7_5) AppleWebKit/536.26.14 (KHTML, like Gecko) Version/6.0.1 Safari/536.26.14"
79.205.230.159 - - [21/Oct/2012:08:43:26 +0200] "GET /img/tbl_left.png HTTP/1.1" 200 236 "http://www.reisenweber-berlin.de/" "Mozilla/5.0 (Macintosh; Intel Mac OS X 10_7_5) AppleWebKit/536.26.14 (KHTML, like Gecko) Version/6.0.1 Safari/536.26.14"
79.205.230.159 - - [21/Oct/2012:08:43:26 +0200] "GET /img/hg_tbl.png HTTP/1.1" 200 190 "http://www.reisenweber-berlin.de/" "Mozilla/5.0 (Macintosh; Intel Mac OS X 10_7_5) AppleWebKit/536.26.14 (KHTML, like Gecko) Version/6.0.1 Safari/536.26.14"
79.205.230.159 - - [21/Oct/2012:08:43:26 +0200] "GET /img/HG_news.png HTTP/1.1" 200 212 "http://www.reisenweber-berlin.de/" "Mozilla/5.0 (Macintosh; Intel Mac OS X 10_7_5) AppleWebKit/536.26.14 (KHTML, like Gecko) Version/6.0.1 Safari/536.26.14"
79.205.230.159 - - [21/Oct/2012:08:43:26 +0200] "GET /img/pfeil-grau.gif HTTP/1.1" 200 73 "http://www.reisenweber-berlin.de/" "Mozilla/5.0 (Macintosh; Intel Mac OS X 10_7_5) AppleWebKit/536.26.14 (KHTML, like Gecko) Version/6.0.1 Safari/536.26.14"
79.205.230.159 - - [21/Oct/2012:08:43:26 +0200] "GET /img/tbl_right.png HTTP/1.1" 200 227 "http://www.reisenweber-berlin.de/" "Mozilla/5.0 (Macintosh; Intel Mac OS X 10_7_5) AppleWebKit/536.26.14 (KHTML, like Gecko) Version/6.0.1 Safari/536.26.14"
79.205.230.159 - - [21/Oct/2012:08:43:26 +0200] "GET /img/corner04.png HTTP/1.1" 200 203 "http://www.reisenweber-berlin.de/" "Mozilla/5.0 (Macintosh; Intel Mac OS X 10_7_5) AppleWebKit/536.26.14 (KHTML, like Gecko) Version/6.0.1 Safari/536.26.14"
79.205.230.159 - - [21/Oct/2012:08:43:26 +0200] "GET /img/tbl_down.png HTTP/1.1" 200 197 "http://www.reisenweber-berlin.de/" "Mozilla/5.0 (Macintosh; Intel Mac OS X 10_7_5) AppleWebKit/536.26.14 (KHTML, like Gecko) Version/6.0.1 Safari/536.26.14"
79.205.230.159 - - [21/Oct/2012:08:43:26 +0200] "GET /img/hg.jpg HTTP/1.1" 200 44355 "http://www.reisenweber-berlin.de/" "Mozilla/5.0 (Macintosh; Intel Mac OS X 10_7_5) AppleWebKit/536.26.14 (KHTML, like Gecko) Version/6.0.1 Safari/536.26.14"
79.205.230.159 - - [21/Oct/2012:08:43:26 +0200] "GET /img/corner03.png HTTP/1.1" 200 266 "http://www.reisenweber-berlin.de/" "Mozilla/5.0 (Macintosh; Intel Mac OS X 10_7_5) AppleWebKit/536.26.14 (KHTML, like Gecko) Version/6.0.1 Safari/536.26.14"
79.205.230.159 - - [21/Oct/2012:08:43:26 +0200] "GET /img/team.jpg HTTP/1.1" 200 66988 "http://www.reisenweber-berlin.de/" "Mozilla/5.0 (Macintosh; Intel Mac OS X 10_7_5) AppleWebKit/536.26.14 (KHTML, like Gecko) Version/6.0.1 Safari/536.26.14"
195.149.76.1 - - [21/Oct/2012:08:45:46 +0200] "GET /img/damen-03.jpg HTTP/1.1" 304 - "-" "Mozilla/4.0 (compatible;)"
37.140.141.34 - - [21/Oct/2012:09:14:48 +0200] "GET /img/Aufsteller.png HTTP/1.1" 200 141482 "-" "Mozilla/5.0 (compatible; YandexImages/3.0; +http://yandex.com/bots)"
195.149.76.1 - - [21/Oct/2012:09:50:30 +0200] "GET /img/aktuell-07_sw.png HTTP/1.1" 304 - "-" "Mozilla/4.0 (compatible;)"
157.55.32.109 - - [21/Oct/2012:09:50:50 +0200] "GET /robots.txt HTTP/1.1" 404 1256 "-" "Mozilla/5.0 (compatible; bingbot/2.0; +http://www.bing.com/bingbot.htm)"
157.55.33.98 - - [21/Oct/2012:09:52:26 +0200] "GET /aktuelles.html HTTP/1.1" 200 12183 "-" "Mozilla/5.0 (compatible; bingbot/2.0; +http://www.bing.com/bingbot.htm)"
157.55.35.81 - - [21/Oct/2012:09:59:02 +0200] "GET /haare.html HTTP/1.1" 200 18749 "-" "Mozilla/5.0 (compatible; bingbot/2.0; +http://www.bing.com/bingbot.htm)"
157.55.32.109 - - [21/Oct/2012:10:03:27 +0200] "GET /index.html HTTP/1.1" 200 10136 "-" "Mozilla/5.0 (compatible; bingbot/2.0; +http://www.bing.com/bingbot.htm)"
157.55.32.109 - - [21/Oct/2012:10:03:40 +0200] "GET /produkte.html HTTP/1.1" 200 8481 "-" "Mozilla/5.0 (compatible; bingbot/2.0; +http://www.bing.com/bingbot.htm)"
157.55.35.80 - - [21/Oct/2012:10:10:01 +0200] "GET /uns.html HTTP/1.1" 200 8079 "-" "Mozilla/5.0 (compatible; bingbot/2.0; +http://www.bing.com/bingbot.htm)"
37.140.141.34 - - [21/Oct/2012:11:23:23 +0200] "GET /img/aktuell-01_sw.png HTTP/1.1" 200 9846 "-" "Mozilla/5.0 (compatible; YandexImages/3.0; +http://yandex.com/bots)"
157.55.32.83 - - [21/Oct/2012:12:36:49 +0200] "GET /robots.txt HTTP/1.1" 404 1256 "-" "Mozilla/5.0 (compatible; bingbot/2.0; +http://www.bing.com/bingbot.htm)"
37.140.141.34 - - [21/Oct/2012:12:42:45 +0200] "GET /img/team.jpg HTTP/1.1" 200 66988 "-" "Mozilla/5.0 (compatible; YandexImages/3.0; +http://yandex.com/bots)"
94.23.220.161 - - [21/Oct/2012:12:56:56 +0200] "GET /links.html HTTP/1.1" 200 8166 "-" "Mozilla/5.0 (X11; Linux i686; rv:6.0) Gecko/20100101 Firefox/6.0"
94.23.225.68 - - [21/Oct/2012:12:56:56 +0200] "GET /links.html HTTP/1.1" 200 8166 "-" "Mozilla/5.0 (X11; Linux i686; rv:6.0) Gecko/20100101 Firefox/6.0"
94.23.220.161 - - [21/Oct/2012:12:56:57 +0200] "GET / HTTP/1.1" 200 10136 "-" "Mozilla/5.0 (X11; Linux i686; rv:6.0) Gecko/20100101 Firefox/6.0"
157.55.32.83 - - [21/Oct/2012:13:35:50 +0200] "GET /links.html HTTP/1.1" 304 - "-" "Mozilla/5.0 (compatible; bingbot/2.0; +http://www.bing.com/bingbot.htm)"
157.55.35.80 - - [21/Oct/2012:13:52:13 +0200] "GET /robots.txt HTTP/1.1" 404 1256 "-" "Mozilla/5.0 (compatible; bingbot/2.0; +http://www.bing.com/bingbot.htm)"
37.140.141.34 - - [21/Oct/2012:13:58:48 +0200] "GET /img/pfeil.gif HTTP/1.1" 200 85 "-" "Mozilla/5.0 (compatible; YandexImages/3.0; +http://yandex.com/bots)"
157.55.35.80 - - [21/Oct/2012:14:27:32 +0200] "GET /leistungen.html HTTP/1.1" 304 - "-" "Mozilla/5.0 (compatible; bingbot/2.0; +http://www.bing.com/bingbot.htm)"
157.55.35.80 - - [21/Oct/2012:16:05:23 +0200] "GET /robots.txt HTTP/1.1" 404 1256 "-" "Mozilla/5.0 (compatible; bingbot/2.0; +http://www.bing.com/bingbot.htm)"
79.205.248.162 - - [21/Oct/2012:16:22:22 +0200] "GET / HTTP/1.1" 200 10136 "-" "Mozilla/5.0 (Macintosh; Intel Mac OS X 10_7_5) AppleWebKit/536.26.14 (KHTML, like Gecko) Version/6.0.1 Safari/536.26.14"
79.205.248.162 - - [21/Oct/2012:16:22:22 +0200] "GET /Scripts/AC_RunActiveContent.js HTTP/1.1" 200 8029 "http://www.reisenweber-berlin.de/" "Mozilla/5.0 (Macintosh; Intel Mac OS X 10_7_5) AppleWebKit/536.26.14 (KHTML, like Gecko) Version/6.0.1 Safari/536.26.14"
79.205.248.162 - - [21/Oct/2012:16:22:22 +0200] "GET /css/style.css HTTP/1.1" 200 3765 "http://www.reisenweber-berlin.de/" "Mozilla/5.0 (Macintosh; Intel Mac OS X 10_7_5) AppleWebKit/536.26.14 (KHTML, like Gecko) Version/6.0.1 Safari/536.26.14"
79.205.248.162 - - [21/Oct/2012:16:22:22 +0200] "GET /Scripts/AC_ActiveX.js HTTP/1.1" 200 2068 "http://www.reisenweber-berlin.de/" "Mozilla/5.0 (Macintosh; Intel Mac OS X 10_7_5) AppleWebKit/536.26.14 (KHTML, like Gecko) Version/6.0.1 Safari/536.26.14"
79.205.248.162 - - [21/Oct/2012:16:22:22 +0200] "GET /img/spacer.gif HTTP/1.1" 200 43 "http://www.reisenweber-berlin.de/" "Mozilla/5.0 (Macintosh; Intel Mac OS X 10_7_5) AppleWebKit/536.26.14 (KHTML, like Gecko) Version/6.0.1 Safari/536.26.14"
79.205.248.162 - - [21/Oct/2012:16:22:22 +0200] "GET /img/tbl_bottom.png HTTP/1.1" 200 168 "http://www.reisenweber-berlin.de/" "Mozilla/5.0 (Macintosh; Intel Mac OS X 10_7_5) AppleWebKit/536.26.14 (KHTML, like Gecko) Version/6.0.1 Safari/536.26.14"
79.205.248.162 - - [21/Oct/2012:16:22:22 +0200] "GET /img/pfeil.gif HTTP/1.1" 200 85 "http://www.reisenweber-berlin.de/" "Mozilla/5.0 (Macintosh; Intel Mac OS X 10_7_5) AppleWebKit/536.26.14 (KHTML, like Gecko) Version/6.0.1 Safari/536.26.14"
79.205.248.162 - - [21/Oct/2012:16:22:22 +0200] "GET /img/corner01.png HTTP/1.1" 200 163 "http://www.reisenweber-berlin.de/" "Mozilla/5.0 (Macintosh; Intel Mac OS X 10_7_5) AppleWebKit/536.26.14 (KHTML, like Gecko) Version/6.0.1 Safari/536.26.14"
79.205.248.162 - - [21/Oct/2012:16:22:22 +0200] "GET /img/corner02.png HTTP/1.1" 200 190 "http://www.reisenweber-berlin.de/" "Mozilla/5.0 (Macintosh; Intel Mac OS X 10_7_5) AppleWebKit/536.26.14 (KHTML, like Gecko) Version/6.0.1 Safari/536.26.14"
79.205.248.162 - - [21/Oct/2012:16:22:22 +0200] "GET /img/tbl_left.png HTTP/1.1" 200 236 "http://www.reisenweber-berlin.de/" "Mozilla/5.0 (Macintosh; Intel Mac OS X 10_7_5) AppleWebKit/536.26.14 (KHTML, like Gecko) Version/6.0.1 Safari/536.26.14"
79.205.248.162 - - [21/Oct/2012:16:22:22 +0200] "GET /img/hg_tbl.png HTTP/1.1" 200 190 "http://www.reisenweber-berlin.de/" "Mozilla/5.0 (Macintosh; Intel Mac OS X 10_7_5) AppleWebKit/536.26.14 (KHTML, like Gecko) Version/6.0.1 Safari/536.26.14"
79.205.248.162 - - [21/Oct/2012:16:22:22 +0200] "GET /img/HG_news.png HTTP/1.1" 200 212 "http://www.reisenweber-berlin.de/" "Mozilla/5.0 (Macintosh; Intel Mac OS X 10_7_5) AppleWebKit/536.26.14 (KHTML, like Gecko) Version/6.0.1 Safari/536.26.14"
79.205.248.162 - - [21/Oct/2012:16:22:22 +0200] "GET /img/pfeil-grau.gif HTTP/1.1" 200 73 "http://www.reisenweber-berlin.de/" "Mozilla/5.0 (Macintosh; Intel Mac OS X 10_7_5) AppleWebKit/536.26.14 (KHTML, like Gecko) Version/6.0.1 Safari/536.26.14"
79.205.248.162 - - [21/Oct/2012:16:22:22 +0200] "GET /img/corner04.png HTTP/1.1" 200 203 "http://www.reisenweber-berlin.de/" "Mozilla/5.0 (Macintosh; Intel Mac OS X 10_7_5) AppleWebKit/536.26.14 (KHTML, like Gecko) Version/6.0.1 Safari/536.26.14"
79.205.248.162 - - [21/Oct/2012:16:22:22 +0200] "GET /img/tbl_right.png HTTP/1.1" 200 227 "http://www.reisenweber-berlin.de/" "Mozilla/5.0 (Macintosh; Intel Mac OS X 10_7_5) AppleWebKit/536.26.14 (KHTML, like Gecko) Version/6.0.1 Safari/536.26.14"
79.205.248.162 - - [21/Oct/2012:16:22:22 +0200] "GET /img/hg.jpg HTTP/1.1" 200 44355 "http://www.reisenweber-berlin.de/" "Mozilla/5.0 (Macintosh; Intel Mac OS X 10_7_5) AppleWebKit/536.26.14 (KHTML, like Gecko) Version/6.0.1 Safari/536.26.14"
79.205.248.162 - - [21/Oct/2012:16:22:22 +0200] "GET /img/tbl_down.png HTTP/1.1" 200 197 "http://www.reisenweber-berlin.de/" "Mozilla/5.0 (Macintosh; Intel Mac OS X 10_7_5) AppleWebKit/536.26.14 (KHTML, like Gecko) Version/6.0.1 Safari/536.26.14"
79.205.248.162 - - [21/Oct/2012:16:22:22 +0200] "GET /img/corner03.png HTTP/1.1" 200 266 "http://www.reisenweber-berlin.de/" "Mozilla/5.0 (Macintosh; Intel Mac OS X 10_7_5) AppleWebKit/536.26.14 (KHTML, like Gecko) Version/6.0.1 Safari/536.26.14"
79.205.248.162 - - [21/Oct/2012:16:22:22 +0200] "GET /img/team.jpg HTTP/1.1" 200 66988 "http://www.reisenweber-berlin.de/" "Mozilla/5.0 (Macintosh; Intel Mac OS X 10_7_5) AppleWebKit/536.26.14 (KHTML, like Gecko) Version/6.0.1 Safari/536.26.14"
157.55.35.80 - - [21/Oct/2012:16:31:06 +0200] "GET /leistungen.html HTTP/1.1" 304 - "-" "Mozilla/5.0 (compatible; bingbot/2.0; +http://www.bing.com/bingbot.htm)"
66.249.73.239 - - [21/Oct/2012:16:35:52 +0200] "GET /robots.txt HTTP/1.1" 404 1256 "-" "Mozilla/5.0 (compatible; Googlebot/2.1; +http://www.google.com/bot.html)"
66.249.73.239 - - [21/Oct/2012:16:35:52 +0200] "GET /uns.html HTTP/1.1" 304 - "-" "Mozilla/5.0 (compatible; Googlebot/2.1; +http://www.google.com/bot.html)"
79.205.248.162 - - [21/Oct/2012:17:48:19 +0200] "GET / HTTP/1.1" 200 10136 "-" "Mozilla/5.0 (Macintosh; Intel Mac OS X 10_7_5) AppleWebKit/536.26.14 (KHTML, like Gecko) Version/6.0.1 Safari/536.26.14"
79.205.248.162 - - [21/Oct/2012:17:48:19 +0200] "GET /Scripts/AC_RunActiveContent.js HTTP/1.1" 200 8029 "http://www.reisenweber-berlin.de/" "Mozilla/5.0 (Macintosh; Intel Mac OS X 10_7_5) AppleWebKit/536.26.14 (KHTML, like Gecko) Version/6.0.1 Safari/536.26.14"
79.205.248.162 - - [21/Oct/2012:17:48:19 +0200] "GET /css/style.css HTTP/1.1" 200 3765 "http://www.reisenweber-berlin.de/" "Mozilla/5.0 (Macintosh; Intel Mac OS X 10_7_5) AppleWebKit/536.26.14 (KHTML, like Gecko) Version/6.0.1 Safari/536.26.14"
79.205.248.162 - - [21/Oct/2012:17:48:19 +0200] "GET /Scripts/AC_ActiveX.js HTTP/1.1" 200 2068 "http://www.reisenweber-berlin.de/" "Mozilla/5.0 (Macintosh; Intel Mac OS X 10_7_5) AppleWebKit/536.26.14 (KHTML, like Gecko) Version/6.0.1 Safari/536.26.14"
79.205.248.162 - - [21/Oct/2012:17:48:19 +0200] "GET /img/pfeil.gif HTTP/1.1" 200 85 "http://www.reisenweber-berlin.de/" "Mozilla/5.0 (Macintosh; Intel Mac OS X 10_7_5) AppleWebKit/536.26.14 (KHTML, like Gecko) Version/6.0.1 Safari/536.26.14"
79.205.248.162 - - [21/Oct/2012:17:48:19 +0200] "GET /img/spacer.gif HTTP/1.1" 200 43 "http://www.reisenweber-berlin.de/" "Mozilla/5.0 (Macintosh; Intel Mac OS X 10_7_5) AppleWebKit/536.26.14 (KHTML, like Gecko) Version/6.0.1 Safari/536.26.14"
79.205.248.162 - - [21/Oct/2012:17:48:19 +0200] "GET /img/tbl_bottom.png HTTP/1.1" 200 168 "http://www.reisenweber-berlin.de/" "Mozilla/5.0 (Macintosh; Intel Mac OS X 10_7_5) AppleWebKit/536.26.14 (KHTML, like Gecko) Version/6.0.1 Safari/536.26.14"
79.205.248.162 - - [21/Oct/2012:17:48:19 +0200] "GET /img/corner01.png HTTP/1.1" 200 163 "http://www.reisenweber-berlin.de/" "Mozilla/5.0 (Macintosh; Intel Mac OS X 10_7_5) AppleWebKit/536.26.14 (KHTML, like Gecko) Version/6.0.1 Safari/536.26.14"
79.205.248.162 - - [21/Oct/2012:17:48:19 +0200] "GET /img/corner02.png HTTP/1.1" 200 190 "http://www.reisenweber-berlin.de/" "Mozilla/5.0 (Macintosh; Intel Mac OS X 10_7_5) AppleWebKit/536.26.14 (KHTML, like Gecko) Version/6.0.1 Safari/536.26.14"
79.205.248.162 - - [21/Oct/2012:17:48:19 +0200] "GET /img/tbl_left.png HTTP/1.1" 200 236 "http://www.reisenweber-berlin.de/" "Mozilla/5.0 (Macintosh; Intel Mac OS X 10_7_5) AppleWebKit/536.26.14 (KHTML, like Gecko) Version/6.0.1 Safari/536.26.14"
79.205.248.162 - - [21/Oct/2012:17:48:19 +0200] "GET /img/hg_tbl.png HTTP/1.1" 200 190 "http://www.reisenweber-berlin.de/" "Mozilla/5.0 (Macintosh; Intel Mac OS X 10_7_5) AppleWebKit/536.26.14 (KHTML, like Gecko) Version/6.0.1 Safari/536.26.14"
79.205.248.162 - - [21/Oct/2012:17:48:19 +0200] "GET /img/HG_news.png HTTP/1.1" 200 212 "http://www.reisenweber-berlin.de/" "Mozilla/5.0 (Macintosh; Intel Mac OS X 10_7_5) AppleWebKit/536.26.14 (KHTML, like Gecko) Version/6.0.1 Safari/536.26.14"
79.205.248.162 - - [21/Oct/2012:17:48:19 +0200] "GET /img/pfeil-grau.gif HTTP/1.1" 200 73 "http://www.reisenweber-berlin.de/" "Mozilla/5.0 (Macintosh; Intel Mac OS X 10_7_5) AppleWebKit/536.26.14 (KHTML, like Gecko) Version/6.0.1 Safari/536.26.14"
79.205.248.162 - - [21/Oct/2012:17:48:19 +0200] "GET /img/tbl_right.png HTTP/1.1" 200 227 "http://www.reisenweber-berlin.de/" "Mozilla/5.0 (Macintosh; Intel Mac OS X 10_7_5) AppleWebKit/536.26.14 (KHTML, like Gecko) Version/6.0.1 Safari/536.26.14"
79.205.248.162 - - [21/Oct/2012:17:48:19 +0200] "GET /img/corner04.png HTTP/1.1" 200 203 "http://www.reisenweber-berlin.de/" "Mozilla/5.0 (Macintosh; Intel Mac OS X 10_7_5) AppleWebKit/536.26.14 (KHTML, like Gecko) Version/6.0.1 Safari/536.26.14"
79.205.248.162 - - [21/Oct/2012:17:48:19 +0200] "GET /img/hg.jpg HTTP/1.1" 200 44355 "http://www.reisenweber-berlin.de/" "Mozilla/5.0 (Macintosh; Intel Mac OS X 10_7_5) AppleWebKit/536.26.14 (KHTML, like Gecko) Version/6.0.1 Safari/536.26.14"
79.205.248.162 - - [21/Oct/2012:17:48:19 +0200] "GET /img/tbl_down.png HTTP/1.1" 200 197 "http://www.reisenweber-berlin.de/" "Mozilla/5.0 (Macintosh; Intel Mac OS X 10_7_5) AppleWebKit/536.26.14 (KHTML, like Gecko) Version/6.0.1 Safari/536.26.14"
79.205.248.162 - - [21/Oct/2012:17:48:19 +0200] "GET /img/corner03.png HTTP/1.1" 200 266 "http://www.reisenweber-berlin.de/" "Mozilla/5.0 (Macintosh; Intel Mac OS X 10_7_5) AppleWebKit/536.26.14 (KHTML, like Gecko) Version/6.0.1 Safari/536.26.14"
79.205.248.162 - - [21/Oct/2012:17:48:19 +0200] "GET /img/team.jpg HTTP/1.1" 200 66988 "http://www.reisenweber-berlin.de/" "Mozilla/5.0 (Macintosh; Intel Mac OS X 10_7_5) AppleWebKit/536.26.14 (KHTML, like Gecko) Version/6.0.1 Safari/536.26.14"
87.185.130.198 - - [21/Oct/2012:18:39:33 +0200] "GET / HTTP/1.1" 200 10136 "-" "Mozilla/5.0 (Macintosh; Intel Mac OS X 10.6; rv:16.0) Gecko/20100101 Firefox/16.0"
87.185.130.198 - - [21/Oct/2012:18:39:33 +0200] "GET /css/style.css HTTP/1.1" 200 3765 "http://www.reisenweber-berlin.de/" "Mozilla/5.0 (Macintosh; Intel Mac OS X 10.6; rv:16.0) Gecko/20100101 Firefox/16.0"
87.185.130.198 - - [21/Oct/2012:18:39:33 +0200] "GET /Scripts/AC_RunActiveContent.js HTTP/1.1" 200 8029 "http://www.reisenweber-berlin.de/" "Mozilla/5.0 (Macintosh; Intel Mac OS X 10.6; rv:16.0) Gecko/20100101 Firefox/16.0"
87.185.130.198 - - [21/Oct/2012:18:39:33 +0200] "GET /Scripts/AC_ActiveX.js HTTP/1.1" 200 2068 "http://www.reisenweber-berlin.de/" "Mozilla/5.0 (Macintosh; Intel Mac OS X 10.6; rv:16.0) Gecko/20100101 Firefox/16.0"
87.185.130.198 - - [21/Oct/2012:18:39:33 +0200] "GET /img/spacer.gif HTTP/1.1" 200 43 "http://www.reisenweber-berlin.de/" "Mozilla/5.0 (Macintosh; Intel Mac OS X 10.6; rv:16.0) Gecko/20100101 Firefox/16.0"
87.185.130.198 - - [21/Oct/2012:18:39:33 +0200] "GET /img/pfeil.gif HTTP/1.1" 200 85 "http://www.reisenweber-berlin.de/" "Mozilla/5.0 (Macintosh; Intel Mac OS X 10.6; rv:16.0) Gecko/20100101 Firefox/16.0"
87.185.130.198 - - [21/Oct/2012:18:39:33 +0200] "GET /img/corner01.png HTTP/1.1" 200 163 "http://www.reisenweber-berlin.de/" "Mozilla/5.0 (Macintosh; Intel Mac OS X 10.6; rv:16.0) Gecko/20100101 Firefox/16.0"
87.185.130.198 - - [21/Oct/2012:18:39:33 +0200] "GET /img/corner02.png HTTP/1.1" 200 190 "http://www.reisenweber-berlin.de/" "Mozilla/5.0 (Macintosh; Intel Mac OS X 10.6; rv:16.0) Gecko/20100101 Firefox/16.0"
87.185.130.198 - - [21/Oct/2012:18:39:33 +0200] "GET /img/team.jpg HTTP/1.1" 200 66988 "http://www.reisenweber-berlin.de/" "Mozilla/5.0 (Macintosh; Intel Mac OS X 10.6; rv:16.0) Gecko/20100101 Firefox/16.0"
87.185.130.198 - - [21/Oct/2012:18:39:33 +0200] "GET /img/pfeil-grau.gif HTTP/1.1" 200 73 "http://www.reisenweber-berlin.de/" "Mozilla/5.0 (Macintosh; Intel Mac OS X 10.6; rv:16.0) Gecko/20100101 Firefox/16.0"
87.185.130.198 - - [21/Oct/2012:18:39:33 +0200] "GET /img/corner04.png HTTP/1.1" 200 203 "http://www.reisenweber-berlin.de/" "Mozilla/5.0 (Macintosh; Intel Mac OS X 10.6; rv:16.0) Gecko/20100101 Firefox/16.0"
87.185.130.198 - - [21/Oct/2012:18:39:33 +0200] "GET /img/corner03.png HTTP/1.1" 200 266 "http://www.reisenweber-berlin.de/" "Mozilla/5.0 (Macintosh; Intel Mac OS X 10.6; rv:16.0) Gecko/20100101 Firefox/16.0"
87.185.130.198 - - [21/Oct/2012:18:39:33 +0200] "GET /img/hg.jpg HTTP/1.1" 200 44355 "http://www.reisenweber-berlin.de/css/style.css" "Mozilla/5.0 (Macintosh; Intel Mac OS X 10.6; rv:16.0) Gecko/20100101 Firefox/16.0"
87.185.130.198 - - [21/Oct/2012:18:39:33 +0200] "GET /img/tbl_bottom.png HTTP/1.1" 200 168 "http://www.reisenweber-berlin.de/css/style.css" "Mozilla/5.0 (Macintosh; Intel Mac OS X 10.6; rv:16.0) Gecko/20100101 Firefox/16.0"
87.185.130.198 - - [21/Oct/2012:18:39:33 +0200] "GET /img/tbl_left.png HTTP/1.1" 200 236 "http://www.reisenweber-berlin.de/css/style.css" "Mozilla/5.0 (Macintosh; Intel Mac OS X 10.6; rv:16.0) Gecko/20100101 Firefox/16.0"
87.185.130.198 - - [21/Oct/2012:18:39:33 +0200] "GET /img/hg_tbl.png HTTP/1.1" 200 190 "http://www.reisenweber-berlin.de/" "Mozilla/5.0 (Macintosh; Intel Mac OS X 10.6; rv:16.0) Gecko/20100101 Firefox/16.0"
87.185.130.198 - - [21/Oct/2012:18:39:33 +0200] "GET /img/HG_news.png HTTP/1.1" 200 212 "http://www.reisenweber-berlin.de/" "Mozilla/5.0 (Macintosh; Intel Mac OS X 10.6; rv:16.0) Gecko/20100101 Firefox/16.0"
87.185.130.198 - - [21/Oct/2012:18:39:33 +0200] "GET /img/tbl_right.png HTTP/1.1" 200 227 "http://www.reisenweber-berlin.de/css/style.css" "Mozilla/5.0 (Macintosh; Intel Mac OS X 10.6; rv:16.0) Gecko/20100101 Firefox/16.0"
87.185.130.198 - - [21/Oct/2012:18:39:33 +0200] "GET /img/tbl_down.png HTTP/1.1" 200 197 "http://www.reisenweber-berlin.de/css/style.css" "Mozilla/5.0 (Macintosh; Intel Mac OS X 10.6; rv:16.0) Gecko/20100101 Firefox/16.0"
87.185.130.198 - - [21/Oct/2012:18:39:35 +0200] "GET /reisenweber_ani.swf HTTP/1.1" 200 60314 "http://www.reisenweber-berlin.de/" "Mozilla/5.0 (Macintosh; Intel Mac OS X 10.6; rv:16.0) Gecko/20100101 Firefox/16.0"
87.185.130.198 - - [21/Oct/2012:18:39:35 +0200] "GET /favicon.ico HTTP/1.1" 404 1256 "-" "Mozilla/5.0 (Macintosh; Intel Mac OS X 10.6; rv:16.0) Gecko/20100101 Firefox/16.0"
87.185.130.198 - - [21/Oct/2012:18:39:35 +0200] "GET /favicon.ico HTTP/1.1" 404 1256 "-" "Mozilla/5.0 (Macintosh; Intel Mac OS X 10.6; rv:16.0) Gecko/20100101 Firefox/16.0"
87.185.130.198 - - [21/Oct/2012:18:39:35 +0200] "GET /pics/1.jpg HTTP/1.1" 200 104529 "http://www.reisenweber-berlin.de/reisenweber_ani.swf" "Mozilla/5.0 (Macintosh; Intel Mac OS X 10.6; rv:16.0) Gecko/20100101 Firefox/16.0"
87.185.130.198 - - [21/Oct/2012:18:39:59 +0200] "GET /pics/2.jpg HTTP/1.1" 200 107549 "http://www.reisenweber-berlin.de/reisenweber_ani.swf" "Mozilla/5.0 (Macintosh; Intel Mac OS X 10.6; rv:16.0) Gecko/20100101 Firefox/16.0"
87.185.130.198 - - [21/Oct/2012:18:40:37 +0200] "GET /pics/3.jpg HTTP/1.1" 200 149645 "http://www.reisenweber-berlin.de/reisenweber_ani.swf" "Mozilla/5.0 (Macintosh; Intel Mac OS X 10.6; rv:16.0) Gecko/20100101 Firefox/16.0"
87.185.130.198 - - [21/Oct/2012:18:40:44 +0200] "GET /pics/4.jpg HTTP/1.1" 200 165768 "http://www.reisenweber-berlin.de/reisenweber_ani.swf" "Mozilla/5.0 (Macintosh; Intel Mac OS X 10.6; rv:16.0) Gecko/20100101 Firefox/16.0"
87.185.130.198 - - [21/Oct/2012:18:40:52 +0200] "GET /pics/5.jpg HTTP/1.1" 200 134687 "http://www.reisenweber-berlin.de/reisenweber_ani.swf" "Mozilla/5.0 (Macintosh; Intel Mac OS X 10.6; rv:16.0) Gecko/20100101 Firefox/16.0"
66.249.73.239 - - [21/Oct/2012:18:48:22 +0200] "GET /index.html HTTP/1.1" 304 - "-" "Mozilla/5.0 (compatible; Googlebot/2.1; +http://www.google.com/bot.html)"
66.249.73.239 - - [21/Oct/2012:18:54:24 +0200] "GET /leistungen.html HTTP/1.1" 304 - "-" "Mozilla/5.0 (compatible; Googlebot/2.1; +http://www.google.com/bot.html)"
66.249.73.239 - - [21/Oct/2012:20:51:51 +0200] "GET /reisenweber_ani.swf HTTP/1.1" 200 60314 "-" "Mozilla/5.0 (compatible; Googlebot/2.1; +http://www.google.com/bot.html)"
157.55.32.83 - - [21/Oct/2012:21:46:40 +0200] "GET /robots.txt HTTP/1.1" 404 1256 "-" "Mozilla/5.0 (compatible; bingbot/2.0; +http://www.bing.com/bingbot.htm)"
178.154.179.250 - - [21/Oct/2012:21:49:14 +0200] "GET /robots.txt HTTP/1.1" 404 1256 "-" "Mozilla/5.0 (compatible; YandexBot/3.0; +http://yandex.com/bots)"
178.154.179.250 - - [21/Oct/2012:21:49:16 +0200] "GET /aktuelles.html HTTP/1.1" 200 12183 "-" "Mozilla/5.0 (compatible; YandexBot/3.0; +http://yandex.com/bots)"
92.78.36.84 - - [21/Oct/2012:22:06:44 +0200] "GET /kontakt.html HTTP/1.1" 200 13297 "http://www.google.de/url?sa=t&rct=j&q=&esrc=s&source=web&cd=1&ved=0CCQQFjAA&url=http%3A%2F%2Fwww.reisenweber-berlin.de%2Fkontakt.html&ei=alWEUIXhI-ap4gTQx4DQDw&usg=AFQjCNGC8Jaw4KN6f0dQU71dAdXMJJi8Yg" "Mozilla/5.0 (Macintosh; Intel Mac OS X 10_8_2) AppleWebKit/536.26.14 (KHTML, like Gecko) Version/6.0.1 Safari/536.26.14"
92.78.36.84 - - [21/Oct/2012:22:06:45 +0200] "GET /Scripts/AC_RunActiveContent.js HTTP/1.1" 200 8029 "http://www.reisenweber-berlin.de/kontakt.html" "Mozilla/5.0 (Macintosh; Intel Mac OS X 10_8_2) AppleWebKit/536.26.14 (KHTML, like Gecko) Version/6.0.1 Safari/536.26.14"
92.78.36.84 - - [21/Oct/2012:22:06:45 +0200] "GET /css/Panel.css HTTP/1.1" 200 3497 "http://www.reisenweber-berlin.de/kontakt.html" "Mozilla/5.0 (Macintosh; Intel Mac OS X 10_8_2) AppleWebKit/536.26.14 (KHTML, like Gecko) Version/6.0.1 Safari/536.26.14"
92.78.36.84 - - [21/Oct/2012:22:06:45 +0200] "GET /css/style.css HTTP/1.1" 200 3765 "http://www.reisenweber-berlin.de/kontakt.html" "Mozilla/5.0 (Macintosh; Intel Mac OS X 10_8_2) AppleWebKit/536.26.14 (KHTML, like Gecko) Version/6.0.1 Safari/536.26.14"
92.78.36.84 - - [21/Oct/2012:22:06:45 +0200] "GET /js/Panel.js HTTP/1.1" 200 13072 "http://www.reisenweber-berlin.de/kontakt.html" "Mozilla/5.0 (Macintosh; Intel Mac OS X 10_8_2) AppleWebKit/536.26.14 (KHTML, like Gecko) Version/6.0.1 Safari/536.26.14"
92.78.36.84 - - [21/Oct/2012:22:06:45 +0200] "GET /img/spacer.gif HTTP/1.1" 200 43 "http://www.reisenweber-berlin.de/kontakt.html" "Mozilla/5.0 (Macintosh; Intel Mac OS X 10_8_2) AppleWebKit/536.26.14 (KHTML, like Gecko) Version/6.0.1 Safari/536.26.14"
92.78.36.84 - - [21/Oct/2012:22:06:45 +0200] "GET /img/corner01.png HTTP/1.1" 200 163 "http://www.reisenweber-berlin.de/kontakt.html" "Mozilla/5.0 (Macintosh; Intel Mac OS X 10_8_2) AppleWebKit/536.26.14 (KHTML, like Gecko) Version/6.0.1 Safari/536.26.14"
92.78.36.84 - - [21/Oct/2012:22:06:45 +0200] "GET /img/pfeil.gif HTTP/1.1" 200 85 "http://www.reisenweber-berlin.de/kontakt.html" "Mozilla/5.0 (Macintosh; Intel Mac OS X 10_8_2) AppleWebKit/536.26.14 (KHTML, like Gecko) Version/6.0.1 Safari/536.26.14"
92.78.36.84 - - [21/Oct/2012:22:06:45 +0200] "GET /img/hg.jpg HTTP/1.1" 200 44355 "http://www.reisenweber-berlin.de/kontakt.html" "Mozilla/5.0 (Macintosh; Intel Mac OS X 10_8_2) AppleWebKit/536.26.14 (KHTML, like Gecko) Version/6.0.1 Safari/536.26.14"
92.78.36.84 - - [21/Oct/2012:22:06:45 +0200] "GET /img/corner02.png HTTP/1.1" 200 190 "http://www.reisenweber-berlin.de/kontakt.html" "Mozilla/5.0 (Macintosh; Intel Mac OS X 10_8_2) AppleWebKit/536.26.14 (KHTML, like Gecko) Version/6.0.1 Safari/536.26.14"
92.78.36.84 - - [21/Oct/2012:22:06:45 +0200] "GET /img/tbl_bottom.png HTTP/1.1" 200 168 "http://www.reisenweber-berlin.de/kontakt.html" "Mozilla/5.0 (Macintosh; Intel Mac OS X 10_8_2) AppleWebKit/536.26.14 (KHTML, like Gecko) Version/6.0.1 Safari/536.26.14"
92.78.36.84 - - [21/Oct/2012:22:06:45 +0200] "GET /img/tbl_left.png HTTP/1.1" 200 236 "http://www.reisenweber-berlin.de/kontakt.html" "Mozilla/5.0 (Macintosh; Intel Mac OS X 10_8_2) AppleWebKit/536.26.14 (KHTML, like Gecko) Version/6.0.1 Safari/536.26.14"
92.78.36.84 - - [21/Oct/2012:22:06:45 +0200] "GET /img/hg_tbl.png HTTP/1.1" 200 190 "http://www.reisenweber-berlin.de/kontakt.html" "Mozilla/5.0 (Macintosh; Intel Mac OS X 10_8_2) AppleWebKit/536.26.14 (KHTML, like Gecko) Version/6.0.1 Safari/536.26.14"
92.78.36.84 - - [21/Oct/2012:22:06:45 +0200] "GET /img/pfeil-grau.gif HTTP/1.1" 200 73 "http://www.reisenweber-berlin.de/kontakt.html" "Mozilla/5.0 (Macintosh; Intel Mac OS X 10_8_2) AppleWebKit/536.26.14 (KHTML, like Gecko) Version/6.0.1 Safari/536.26.14"
92.78.36.84 - - [21/Oct/2012:22:06:45 +0200] "GET /img/hg_tbl.jpg HTTP/1.1" 200 352 "http://www.reisenweber-berlin.de/kontakt.html" "Mozilla/5.0 (Macintosh; Intel Mac OS X 10_8_2) AppleWebKit/536.26.14 (KHTML, like Gecko) Version/6.0.1 Safari/536.26.14"
92.78.36.84 - - [21/Oct/2012:22:06:45 +0200] "GET /img/tbl_right.png HTTP/1.1" 200 227 "http://www.reisenweber-berlin.de/kontakt.html" "Mozilla/5.0 (Macintosh; Intel Mac OS X 10_8_2) AppleWebKit/536.26.14 (KHTML, like Gecko) Version/6.0.1 Safari/536.26.14"
92.78.36.84 - - [21/Oct/2012:22:06:45 +0200] "GET /img/tbl_down.png HTTP/1.1" 200 197 "http://www.reisenweber-berlin.de/kontakt.html" "Mozilla/5.0 (Macintosh; Intel Mac OS X 10_8_2) AppleWebKit/536.26.14 (KHTML, like Gecko) Version/6.0.1 Safari/536.26.14"
92.78.36.84 - - [21/Oct/2012:22:06:45 +0200] "GET /img/corner04.png HTTP/1.1" 200 203 "http://www.reisenweber-berlin.de/kontakt.html" "Mozilla/5.0 (Macintosh; Intel Mac OS X 10_8_2) AppleWebKit/536.26.14 (KHTML, like Gecko) Version/6.0.1 Safari/536.26.14"
92.78.36.84 - - [21/Oct/2012:22:06:45 +0200] "GET /img/corner03.png HTTP/1.1" 200 266 "http://www.reisenweber-berlin.de/kontakt.html" "Mozilla/5.0 (Macintosh; Intel Mac OS X 10_8_2) AppleWebKit/536.26.14 (KHTML, like Gecko) Version/6.0.1 Safari/536.26.14"
92.78.36.84 - - [21/Oct/2012:22:06:45 +0200] "GET /reisenweber_ani.swf HTTP/1.1" 200 60314 "http://www.reisenweber-berlin.de/kontakt.html" "Mozilla/5.0 (Macintosh; Intel Mac OS X 10_8_2) AppleWebKit/536.26.14 (KHTML, like Gecko) Version/6.0.1 Safari/536.26.14"
92.78.36.84 - - [21/Oct/2012:22:06:45 +0200] "GET /favicon.ico HTTP/1.1" 404 1256 "http://www.reisenweber-berlin.de/kontakt.html" "Mozilla/5.0 (Macintosh; Intel Mac OS X 10_8_2) AppleWebKit/536.26.14 (KHTML, like Gecko) Version/6.0.1 Safari/536.26.14"
92.78.36.84 - - [21/Oct/2012:22:06:45 +0200] "GET /pics/1.jpg HTTP/1.1" 200 104529 "http://www.reisenweber-berlin.de/kontakt.html" "Mozilla/5.0 (Macintosh; Intel Mac OS X 10_8_2) AppleWebKit/536.26.14 (KHTML, like Gecko) Version/6.0.1 Safari/536.26.14"
92.78.36.84 - - [21/Oct/2012:22:06:53 +0200] "GET /pics/2.jpg HTTP/1.1" 200 107549 "http://www.reisenweber-berlin.de/kontakt.html" "Mozilla/5.0 (Macintosh; Intel Mac OS X 10_8_2) AppleWebKit/536.26.14 (KHTML, like Gecko) Version/6.0.1 Safari/536.26.14"
92.78.36.84 - - [21/Oct/2012:22:07:00 +0200] "GET /pics/3.jpg HTTP/1.1" 200 149645 "http://www.reisenweber-berlin.de/kontakt.html" "Mozilla/5.0 (Macintosh; Intel Mac OS X 10_8_2) AppleWebKit/536.26.14 (KHTML, like Gecko) Version/6.0.1 Safari/536.26.14"
92.78.36.84 - - [21/Oct/2012:22:07:08 +0200] "GET /pics/4.jpg HTTP/1.1" 200 165768 "http://www.reisenweber-berlin.de/kontakt.html" "Mozilla/5.0 (Macintosh; Intel Mac OS X 10_8_2) AppleWebKit/536.26.14 (KHTML, like Gecko) Version/6.0.1 Safari/536.26.14"
92.78.36.84 - - [21/Oct/2012:22:07:15 +0200] "GET /pics/5.jpg HTTP/1.1" 200 134687 "http://www.reisenweber-berlin.de/kontakt.html" "Mozilla/5.0 (Macintosh; Intel Mac OS X 10_8_2) AppleWebKit/536.26.14 (KHTML, like Gecko) Version/6.0.1 Safari/536.26.14"
79.205.251.9 - - [21/Oct/2012:22:20:23 +0200] "GET / HTTP/1.1" 200 10136 "http://www.google.de/url?sa=t&rct=j&q=&esrc=s&source=web&cd=1&ved=0CCIQFjAA&url=http%3A%2F%2Fwww.reisenweber-berlin.de%2F&ei=nFiEUPCqFYbotQbaiIGIBw&usg=AFQjCNF7TSzUIEj_OI_RiqKPTlc2EM_6vg&sig2=fwFU7eWF1TBM4mEhJNPICQ" "Mozilla/5.0 (Macintosh; Intel Mac OS X 10.7; rv:15.0) Gecko/20100101 Firefox/15.0.1"
79.205.251.9 - - [21/Oct/2012:22:20:23 +0200] "GET /css/style.css HTTP/1.1" 200 3765 "http://www.reisenweber-berlin.de/" "Mozilla/5.0 (Macintosh; Intel Mac OS X 10.7; rv:15.0) Gecko/20100101 Firefox/15.0.1"
79.205.251.9 - - [21/Oct/2012:22:20:23 +0200] "GET /Scripts/AC_RunActiveContent.js HTTP/1.1" 200 8029 "http://www.reisenweber-berlin.de/" "Mozilla/5.0 (Macintosh; Intel Mac OS X 10.7; rv:15.0) Gecko/20100101 Firefox/15.0.1"
79.205.251.9 - - [21/Oct/2012:22:20:23 +0200] "GET /Scripts/AC_ActiveX.js HTTP/1.1" 200 2068 "http://www.reisenweber-berlin.de/" "Mozilla/5.0 (Macintosh; Intel Mac OS X 10.7; rv:15.0) Gecko/20100101 Firefox/15.0.1"
79.205.251.9 - - [21/Oct/2012:22:20:23 +0200] "GET /img/spacer.gif HTTP/1.1" 200 43 "http://www.reisenweber-berlin.de/" "Mozilla/5.0 (Macintosh; Intel Mac OS X 10.7; rv:15.0) Gecko/20100101 Firefox/15.0.1"
79.205.251.9 - - [21/Oct/2012:22:20:23 +0200] "GET /img/pfeil.gif HTTP/1.1" 200 85 "http://www.reisenweber-berlin.de/" "Mozilla/5.0 (Macintosh; Intel Mac OS X 10.7; rv:15.0) Gecko/20100101 Firefox/15.0.1"
79.205.251.9 - - [21/Oct/2012:22:20:23 +0200] "GET /img/corner01.png HTTP/1.1" 200 163 "http://www.reisenweber-berlin.de/" "Mozilla/5.0 (Macintosh; Intel Mac OS X 10.7; rv:15.0) Gecko/20100101 Firefox/15.0.1"
79.205.251.9 - - [21/Oct/2012:22:20:23 +0200] "GET /img/corner02.png HTTP/1.1" 200 190 "http://www.reisenweber-berlin.de/" "Mozilla/5.0 (Macintosh; Intel Mac OS X 10.7; rv:15.0) Gecko/20100101 Firefox/15.0.1"
79.205.251.9 - - [21/Oct/2012:22:20:23 +0200] "GET /img/pfeil-grau.gif HTTP/1.1" 200 73 "http://www.reisenweber-berlin.de/" "Mozilla/5.0 (Macintosh; Intel Mac OS X 10.7; rv:15.0) Gecko/20100101 Firefox/15.0.1"
79.205.251.9 - - [21/Oct/2012:22:20:23 +0200] "GET /img/corner04.png HTTP/1.1" 200 203 "http://www.reisenweber-berlin.de/" "Mozilla/5.0 (Macintosh; Intel Mac OS X 10.7; rv:15.0) Gecko/20100101 Firefox/15.0.1"
79.205.251.9 - - [21/Oct/2012:22:20:23 +0200] "GET /img/corner03.png HTTP/1.1" 200 266 "http://www.reisenweber-berlin.de/" "Mozilla/5.0 (Macintosh; Intel Mac OS X 10.7; rv:15.0) Gecko/20100101 Firefox/15.0.1"
79.205.251.9 - - [21/Oct/2012:22:20:23 +0200] "GET /img/team.jpg HTTP/1.1" 200 66988 "http://www.reisenweber-berlin.de/" "Mozilla/5.0 (Macintosh; Intel Mac OS X 10.7; rv:15.0) Gecko/20100101 Firefox/15.0.1"
79.205.251.9 - - [21/Oct/2012:22:20:23 +0200] "GET /img/hg.jpg HTTP/1.1" 200 44355 "http://www.reisenweber-berlin.de/css/style.css" "Mozilla/5.0 (Macintosh; Intel Mac OS X 10.7; rv:15.0) Gecko/20100101 Firefox/15.0.1"
79.205.251.9 - - [21/Oct/2012:22:20:24 +0200] "GET /img/tbl_bottom.png HTTP/1.1" 200 168 "http://www.reisenweber-berlin.de/css/style.css" "Mozilla/5.0 (Macintosh; Intel Mac OS X 10.7; rv:15.0) Gecko/20100101 Firefox/15.0.1"
79.205.251.9 - - [21/Oct/2012:22:20:24 +0200] "GET /img/hg_tbl.png HTTP/1.1" 200 190 "http://www.reisenweber-berlin.de/" "Mozilla/5.0 (Macintosh; Intel Mac OS X 10.7; rv:15.0) Gecko/20100101 Firefox/15.0.1"
79.205.251.9 - - [21/Oct/2012:22:20:24 +0200] "GET /img/tbl_left.png HTTP/1.1" 200 236 "http://www.reisenweber-berlin.de/css/style.css" "Mozilla/5.0 (Macintosh; Intel Mac OS X 10.7; rv:15.0) Gecko/20100101 Firefox/15.0.1"
79.205.251.9 - - [21/Oct/2012:22:20:24 +0200] "GET /img/HG_news.png HTTP/1.1" 200 212 "http://www.reisenweber-berlin.de/" "Mozilla/5.0 (Macintosh; Intel Mac OS X 10.7; rv:15.0) Gecko/20100101 Firefox/15.0.1"
79.205.251.9 - - [21/Oct/2012:22:20:24 +0200] "GET /img/tbl_right.png HTTP/1.1" 200 227 "http://www.reisenweber-berlin.de/css/style.css" "Mozilla/5.0 (Macintosh; Intel Mac OS X 10.7; rv:15.0) Gecko/20100101 Firefox/15.0.1"
79.205.251.9 - - [21/Oct/2012:22:20:24 +0200] "GET /img/tbl_down.png HTTP/1.1" 200 197 "http://www.reisenweber-berlin.de/css/style.css" "Mozilla/5.0 (Macintosh; Intel Mac OS X 10.7; rv:15.0) Gecko/20100101 Firefox/15.0.1"
79.205.251.9 - - [21/Oct/2012:22:20:24 +0200] "GET /reisenweber_ani.swf HTTP/1.1" 200 60314 "http://www.reisenweber-berlin.de/" "Mozilla/5.0 (Macintosh; Intel Mac OS X 10.7; rv:15.0) Gecko/20100101 Firefox/15.0.1"
79.205.251.9 - - [21/Oct/2012:22:20:24 +0200] "GET /favicon.ico HTTP/1.1" 404 1256 "-" "Mozilla/5.0 (Macintosh; Intel Mac OS X 10.7; rv:15.0) Gecko/20100101 Firefox/15.0.1"
79.205.251.9 - - [21/Oct/2012:22:20:24 +0200] "GET /favicon.ico HTTP/1.1" 404 1256 "-" "Mozilla/5.0 (Macintosh; Intel Mac OS X 10.7; rv:15.0) Gecko/20100101 Firefox/15.0.1"
79.205.251.9 - - [21/Oct/2012:22:20:24 +0200] "GET /pics/1.jpg HTTP/1.1" 200 104529 "http://www.reisenweber-berlin.de/reisenweber_ani.swf" "Mozilla/5.0 (Macintosh; Intel Mac OS X 10.7; rv:15.0) Gecko/20100101 Firefox/15.0.1"
79.205.251.9 - - [21/Oct/2012:22:20:31 +0200] "GET /pics/2.jpg HTTP/1.1" 200 107549 "http://www.reisenweber-berlin.de/reisenweber_ani.swf" "Mozilla/5.0 (Macintosh; Intel Mac OS X 10.7; rv:15.0) Gecko/20100101 Firefox/15.0.1"
79.205.251.9 - - [21/Oct/2012:22:20:39 +0200] "GET /pics/3.jpg HTTP/1.1" 200 149645 "http://www.reisenweber-berlin.de/reisenweber_ani.swf" "Mozilla/5.0 (Macintosh; Intel Mac OS X 10.7; rv:15.0) Gecko/20100101 Firefox/15.0.1"
79.205.251.9 - - [21/Oct/2012:22:20:46 +0200] "GET /pics/4.jpg HTTP/1.1" 200 165768 "http://www.reisenweber-berlin.de/reisenweber_ani.swf" "Mozilla/5.0 (Macintosh; Intel Mac OS X 10.7; rv:15.0) Gecko/20100101 Firefox/15.0.1"
79.205.251.9 - - [21/Oct/2012:22:20:53 +0200] "GET /pics/5.jpg HTTP/1.1" 200 134687 "http://www.reisenweber-berlin.de/reisenweber_ani.swf" "Mozilla/5.0 (Macintosh; Intel Mac OS X 10.7; rv:15.0) Gecko/20100101 Firefox/15.0.1"
157.55.32.83 - - [21/Oct/2012:22:47:24 +0200] "GET / HTTP/1.1" 304 - "-" "Mozilla/5.0 (compatible; bingbot/2.0; +http://www.bing.com/bingbot.htm)"
157.55.32.83 - - [21/Oct/2012:23:14:41 +0200] "GET /robots.txt HTTP/1.1" 404 1256 "-" "Mozilla/5.0 (compatible; bingbot/2.0; +http://www.bing.com/bingbot.htm)"
157.55.32.83 - - [21/Oct/2012:23:35:01 +0200] "GET / HTTP/1.1" 304 - "-" "Mozilla/5.0 (compatible; bingbot/2.0; +http://www.bing.com/bingbot.htm)"
66.249.73.239 - - [22/Oct/2012:01:19:29 +0200] "GET / HTTP/1.1" 304 - "-" "Mozilla/5.0 (compatible; Googlebot/2.1; +http://www.google.com/bot.html)"
37.140.141.34 - - [22/Oct/2012:05:43:55 +0200] "GET /robots.txt HTTP/1.1" 404 1256 "-" "Mozilla/5.0 (compatible; YandexImages/3.0; +http://yandex.com/bots)"
208.115.111.67 - - [22/Oct/2012:05:59:40 +0200] "GET /robots.txt HTTP/1.1" 404 1256 "-" "Mozilla/5.0 (compatible; Ezooms/1.0; ezooms.bot@gmail.com)"
37.140.141.34 - - [22/Oct/2012:06:26:55 +0200] "GET /img/corner04.png HTTP/1.1" 200 203 "-" "Mozilla/5.0 (compatible; YandexImages/3.0; +http://yandex.com/bots)"
37.140.141.34 - - [22/Oct/2012:06:56:19 +0200] "GET /img/damen-04-GR.jpg HTTP/1.1" 200 101665 "-" "Mozilla/5.0 (compatible; YandexImages/3.0; +http://yandex.com/bots)"
37.140.141.34 - - [22/Oct/2012:07:19:11 +0200] "GET /img/damen-05-GR.jpg HTTP/1.1" 200 91984 "-" "Mozilla/5.0 (compatible; YandexImages/3.0; +http://yandex.com/bots)"
37.140.141.34 - - [22/Oct/2012:07:53:06 +0200] "GET /img/pfeil-grau.gif HTTP/1.1" 200 73 "-" "Mozilla/5.0 (compatible; YandexImages/3.0; +http://yandex.com/bots)"
37.140.141.34 - - [22/Oct/2012:08:19:28 +0200] "GET /img/damen-04.jpg HTTP/1.1" 200 6976 "-" "Mozilla/5.0 (compatible; YandexImages/3.0; +http://yandex.com/bots)"
37.140.141.34 - - [22/Oct/2012:08:44:28 +0200] "GET /img/aktuell-03-GR.png HTTP/1.1" 200 1307187 "-" "Mozilla/5.0 (compatible; YandexImages/3.0; +http://yandex.com/bots)"
37.140.141.34 - - [22/Oct/2012:09:12:59 +0200] "GET /img/aktuell-04-GR.png HTTP/1.1" 200 1018698 "-" "Mozilla/5.0 (compatible; YandexImages/3.0; +http://yandex.com/bots)"
37.140.141.34 - - [22/Oct/2012:10:31:50 +0200] "GET /img/aktuell-05-GR.png HTTP/1.1" 200 910904 "-" "Mozilla/5.0 (compatible; YandexImages/3.0; +http://yandex.com/bots)"
93.219.172.145 - - [22/Oct/2012:11:06:26 +0200] "GET / HTTP/1.1" 200 10136 "-" "Mozilla/5.0 (Windows; U; Windows NT 6.0; de; rv:1.9.2.3) Gecko/20100401 Firefox/3.6.3 ( .NET CLR 3.5.30729)"
91.66.168.134 - - [22/Oct/2012:12:24:50 +0200] "GET / HTTP/1.1" 200 10136 "http://www.google.de/url?sa=t&rct=j&q=friseur%20reisenweber%2Bfriedrichshain&source=web&cd=1&ved=0CC8QFjAA&url=http%3A%2F%2Fwww.reisenweber-berlin.de%2F&ei=dR6FUPeYFcqytAar-oDIBQ&usg=AFQjCNF7TSzUIEj_OI_RiqKPTlc2EM_6vg" "Mozilla/5.0 (Windows NT 5.1; rv:16.0) Gecko/20100101 Firefox/16.0"
91.66.168.134 - - [22/Oct/2012:12:24:50 +0200] "GET /css/style.css HTTP/1.1" 200 3765 "http://www.reisenweber-berlin.de/" "Mozilla/5.0 (Windows NT 5.1; rv:16.0) Gecko/20100101 Firefox/16.0"
91.66.168.134 - - [22/Oct/2012:12:24:50 +0200] "GET /Scripts/AC_RunActiveContent.js HTTP/1.1" 200 8029 "http://www.reisenweber-berlin.de/" "Mozilla/5.0 (Windows NT 5.1; rv:16.0) Gecko/20100101 Firefox/16.0"
91.66.168.134 - - [22/Oct/2012:12:24:50 +0200] "GET /Scripts/AC_ActiveX.js HTTP/1.1" 200 2068 "http://www.reisenweber-berlin.de/" "Mozilla/5.0 (Windows NT 5.1; rv:16.0) Gecko/20100101 Firefox/16.0"
91.66.168.134 - - [22/Oct/2012:12:24:50 +0200] "GET /img/corner01.png HTTP/1.1" 200 163 "http://www.reisenweber-berlin.de/" "Mozilla/5.0 (Windows NT 5.1; rv:16.0) Gecko/20100101 Firefox/16.0"
91.66.168.134 - - [22/Oct/2012:12:24:50 +0200] "GET /img/spacer.gif HTTP/1.1" 200 43 "http://www.reisenweber-berlin.de/" "Mozilla/5.0 (Windows NT 5.1; rv:16.0) Gecko/20100101 Firefox/16.0"
91.66.168.134 - - [22/Oct/2012:12:24:50 +0200] "GET /img/pfeil.gif HTTP/1.1" 200 85 "http://www.reisenweber-berlin.de/" "Mozilla/5.0 (Windows NT 5.1; rv:16.0) Gecko/20100101 Firefox/16.0"
