141.20.145.148 - - [31/Oct/2012:13:03:16 +0100] "GET /img/damen-05.jpg HTTP/1.1" 200 7268 "http://www.reisenweber-berlin.de/uns.html" "Mozilla/5.0 (Windows NT 5.1; rv:14.0) Gecko/20100101 Firefox/14.0.1"
141.20.145.148 - - [31/Oct/2012:13:03:16 +0100] "GET /img/damen-04.jpg HTTP/1.1" 200 6976 "http://www.reisenweber-berlin.de/uns.html" "Mozilla/5.0 (Windows NT 5.1; rv:14.0) Gecko/20100101 Firefox/14.0.1"
141.20.145.148 - - [31/Oct/2012:13:03:45 +0100] "GET /img/damen-01-GR.jpg HTTP/1.1" 200 73479 "http://www.reisenweber-berlin.de/uns.html" "Mozilla/5.0 (Windows NT 5.1; rv:14.0) Gecko/20100101 Firefox/14.0.1"
141.20.145.148 - - [31/Oct/2012:13:03:45 +0100] "GET /img/damen-02-GR.jpg HTTP/1.1" 200 78475 "http://www.reisenweber-berlin.de/uns.html" "Mozilla/5.0 (Windows NT 5.1; rv:14.0) Gecko/20100101 Firefox/14.0.1"
141.20.145.148 - - [31/Oct/2012:13:03:48 +0100] "GET /images/blank.gif HTTP/1.1" 404 1256 "http://www.reisenweber-berlin.de/css/lightbox.css" "Mozilla/5.0 (Windows NT 5.1; rv:14.0) Gecko/20100101 Firefox/14.0.1"
141.20.145.148 - - [31/Oct/2012:13:03:54 +0100] "GET /images/next.gif HTTP/1.1" 200 231 "http://www.reisenweber-berlin.de/css/lightbox.css" "Mozilla/5.0 (Windows NT 5.1; rv:14.0) Gecko/20100101 Firefox/14.0.1"
141.20.145.148 - - [31/Oct/2012:13:03:56 +0100] "GET /img/damen-03-GR.jpg HTTP/1.1" 200 100315 "http://www.reisenweber-berlin.de/uns.html" "Mozilla/5.0 (Windows NT 5.1; rv:14.0) Gecko/20100101 Firefox/14.0.1"
141.20.145.148 - - [31/Oct/2012:13:04:05 +0100] "GET /img/damen-04-GR.jpg HTTP/1.1" 200 101665 "http://www.reisenweber-berlin.de/uns.html" "Mozilla/5.0 (Windows NT 5.1; rv:14.0) Gecko/20100101 Firefox/14.0.1"
141.20.145.148 - - [31/Oct/2012:13:04:15 +0100] "GET /img/damen-05-GR.jpg HTTP/1.1" 200 91984 "http://www.reisenweber-berlin.de/uns.html" "Mozilla/5.0 (Windows NT 5.1; rv:14.0) Gecko/20100101 Firefox/14.0.1"
141.20.145.148 - - [31/Oct/2012:13:04:39 +0100] "GET /images/prev.gif HTTP/1.1" 200 220 "http://www.reisenweber-berlin.de/css/lightbox.css" "Mozilla/5.0 (Windows NT 5.1; rv:14.0) Gecko/20100101 Firefox/14.0.1"
141.20.145.148 - - [31/Oct/2012:13:05:15 +0100] "GET /leistungen.html HTTP/1.1" 200 22197 "http://www.reisenweber-berlin.de/index.html" "Mozilla/5.0 (Windows NT 5.1; rv:14.0) Gecko/20100101 Firefox/14.0.1"
141.20.145.148 - - [31/Oct/2012:13:05:15 +0100] "GET /js/RunFLASH.js HTTP/1.1" 200 8029 "http://www.reisenweber-berlin.de/leistungen.html" "Mozilla/5.0 (Windows NT 5.1; rv:14.0) Gecko/20100101 Firefox/14.0.1"
141.20.145.148 - - [31/Oct/2012:13:05:15 +0100] "GET /js/Panel.js HTTP/1.1" 200 13072 "http://www.reisenweber-berlin.de/leistungen.html" "Mozilla/5.0 (Windows NT 5.1; rv:14.0) Gecko/20100101 Firefox/14.0.1"
141.20.145.148 - - [31/Oct/2012:13:05:15 +0100] "GET /css/Panel.css HTTP/1.1" 200 3497 "http://www.reisenweber-berlin.de/leistungen.html" "Mozilla/5.0 (Windows NT 5.1; rv:14.0) Gecko/20100101 Firefox/14.0.1"
37.140.141.34 - - [31/Oct/2012:13:22:48 +0100] "GET /robots.txt HTTP/1.1" 404 1256 "-" "Mozilla/5.0 (compatible; YandexImages/3.0; +http://yandex.com/bots)"
157.55.33.248 - - [31/Oct/2012:13:31:56 +0100] "GET /robots.txt HTTP/1.1" 404 1256 "-" "Mozilla/5.0 (compatible; bingbot/2.0; +http://www.bing.com/bingbot.htm)"
92.225.102.34 - - [31/Oct/2012:13:36:43 +0100] "GET / HTTP/1.1" 200 10136 "http://www.facebook.com/l.php?u=http%3A%2F%2Fwww.reisenweber-berlin.de%2F&h=wAQH023KP&s=1" "Mozilla/5.0 (Windows NT 6.1; rv:16.0) Gecko/20100101 Firefox/16.0"
69.171.247.3 - - [31/Oct/2012:13:36:43 +0100] "GET / HTTP/1.1" 206 10136 "-" "facebookexternalhit/1.1 (+http://www.facebook.com/externalhit_uatext.php)"
92.225.102.34 - - [31/Oct/2012:13:36:43 +0100] "GET /css/style.css HTTP/1.1" 200 3765 "http://www.reisenweber-berlin.de/" "Mozilla/5.0 (Windows NT 6.1; rv:16.0) Gecko/20100101 Firefox/16.0"
92.225.102.34 - - [31/Oct/2012:13:36:44 +0100] "GET /Scripts/AC_RunActiveContent.js HTTP/1.1" 200 8029 "http://www.reisenweber-berlin.de/" "Mozilla/5.0 (Windows NT 6.1; rv:16.0) Gecko/20100101 Firefox/16.0"
92.225.102.34 - - [31/Oct/2012:13:36:44 +0100] "GET /Scripts/AC_ActiveX.js HTTP/1.1" 200 2068 "http://www.reisenweber-berlin.de/" "Mozilla/5.0 (Windows NT 6.1; rv:16.0) Gecko/20100101 Firefox/16.0"
92.225.102.34 - - [31/Oct/2012:13:36:44 +0100] "GET /img/spacer.gif HTTP/1.1" 200 43 "http://www.reisenweber-berlin.de/" "Mozilla/5.0 (Windows NT 6.1; rv:16.0) Gecko/20100101 Firefox/16.0"
92.225.102.34 - - [31/Oct/2012:13:36:44 +0100] "GET /img/pfeil.gif HTTP/1.1" 200 85 "http://www.reisenweber-berlin.de/" "Mozilla/5.0 (Windows NT 6.1; rv:16.0) Gecko/20100101 Firefox/16.0"
92.225.102.34 - - [31/Oct/2012:13:36:44 +0100] "GET /img/corner01.png HTTP/1.1" 200 163 "http://www.reisenweber-berlin.de/" "Mozilla/5.0 (Windows NT 6.1; rv:16.0) Gecko/20100101 Firefox/16.0"
92.225.102.34 - - [31/Oct/2012:13:36:44 +0100] "GET /img/corner02.png HTTP/1.1" 200 190 "http://www.reisenweber-berlin.de/" "Mozilla/5.0 (Windows NT 6.1; rv:16.0) Gecko/20100101 Firefox/16.0"
92.225.102.34 - - [31/Oct/2012:13:36:44 +0100] "GET /img/pfeil-grau.gif HTTP/1.1" 200 73 "http://www.reisenweber-berlin.de/" "Mozilla/5.0 (Windows NT 6.1; rv:16.0) Gecko/20100101 Firefox/16.0"
92.225.102.34 - - [31/Oct/2012:13:36:44 +0100] "GET /img/corner04.png HTTP/1.1" 200 203 "http://www.reisenweber-berlin.de/" "Mozilla/5.0 (Windows NT 6.1; rv:16.0) Gecko/20100101 Firefox/16.0"
92.225.102.34 - - [31/Oct/2012:13:36:44 +0100] "GET /img/corner03.png HTTP/1.1" 200 266 "http://www.reisenweber-berlin.de/" "Mozilla/5.0 (Windows NT 6.1; rv:16.0) Gecko/20100101 Firefox/16.0"
69.171.247.3 - - [31/Oct/2012:13:36:44 +0100] "GET /img/corner02.png HTTP/1.1" 206 190 "-" "facebookexternalhit/1.1 (+http://www.facebook.com/externalhit_uatext.php)"
92.225.102.34 - - [31/Oct/2012:13:36:44 +0100] "GET /img/team.jpg HTTP/1.1" 200 66988 "http://www.reisenweber-berlin.de/" "Mozilla/5.0 (Windows NT 6.1; rv:16.0) Gecko/20100101 Firefox/16.0"
69.171.247.4 - - [31/Oct/2012:13:36:44 +0100] "GET /img/corner01.png HTTP/1.1" 206 163 "-" "facebookexternalhit/1.1 (+http://www.facebook.com/externalhit_uatext.php)"
92.225.102.34 - - [31/Oct/2012:13:36:44 +0100] "GET /img/hg.jpg HTTP/1.1" 200 44355 "http://www.reisenweber-berlin.de/css/style.css" "Mozilla/5.0 (Windows NT 6.1; rv:16.0) Gecko/20100101 Firefox/16.0"
69.171.247.6 - - [31/Oct/2012:13:36:44 +0100] "GET /img/pfeil.gif HTTP/1.1" 206 85 "-" "facebookexternalhit/1.1 (+http://www.facebook.com/externalhit_uatext.php)"
92.225.102.34 - - [31/Oct/2012:13:36:44 +0100] "GET /img/tbl_bottom.png HTTP/1.1" 200 168 "http://www.reisenweber-berlin.de/css/style.css" "Mozilla/5.0 (Windows NT 6.1; rv:16.0) Gecko/20100101 Firefox/16.0"
92.225.102.34 - - [31/Oct/2012:13:36:44 +0100] "GET /img/tbl_left.png HTTP/1.1" 200 236 "http://www.reisenweber-berlin.de/css/style.css" "Mozilla/5.0 (Windows NT 6.1; rv:16.0) Gecko/20100101 Firefox/16.0"
92.225.102.34 - - [31/Oct/2012:13:36:44 +0100] "GET /img/hg_tbl.png HTTP/1.1" 200 190 "http://www.reisenweber-berlin.de/" "Mozilla/5.0 (Windows NT 6.1; rv:16.0) Gecko/20100101 Firefox/16.0"
92.225.102.34 - - [31/Oct/2012:13:36:44 +0100] "GET /img/HG_news.png HTTP/1.1" 200 212 "http://www.reisenweber-berlin.de/" "Mozilla/5.0 (Windows NT 6.1; rv:16.0) Gecko/20100101 Firefox/16.0"
92.225.102.34 - - [31/Oct/2012:13:36:44 +0100] "GET /img/tbl_right.png HTTP/1.1" 200 227 "http://www.reisenweber-berlin.de/css/style.css" "Mozilla/5.0 (Windows NT 6.1; rv:16.0) Gecko/20100101 Firefox/16.0"
92.225.102.34 - - [31/Oct/2012:13:36:44 +0100] "GET /img/tbl_down.png HTTP/1.1" 200 197 "http://www.reisenweber-berlin.de/css/style.css" "Mozilla/5.0 (Windows NT 6.1; rv:16.0) Gecko/20100101 Firefox/16.0"
92.225.102.34 - - [31/Oct/2012:13:36:44 +0100] "GET /reisenweber_ani.swf HTTP/1.1" 200 60314 "http://www.reisenweber-berlin.de/" "Mozilla/5.0 (Windows NT 6.1; rv:16.0) Gecko/20100101 Firefox/16.0"
69.171.247.1 - - [31/Oct/2012:13:36:44 +0100] "GET /img/spacer.gif HTTP/1.1" 206 43 "-" "facebookexternalhit/1.1 (+http://www.facebook.com/externalhit_uatext.php)"
92.225.102.34 - - [31/Oct/2012:13:36:44 +0100] "GET /favicon.ico HTTP/1.1" 404 1256 "-" "Mozilla/5.0 (Windows NT 6.1; rv:16.0) Gecko/20100101 Firefox/16.0"
69.171.247.7 - - [31/Oct/2012:13:36:44 +0100] "GET /img/team.jpg HTTP/1.1" 206 40960 "-" "facebookexternalhit/1.1 (+http://www.facebook.com/externalhit_uatext.php)"
92.225.102.34 - - [31/Oct/2012:13:36:44 +0100] "GET /pics/5.jpg HTTP/1.1" 200 134687 "http://www.reisenweber-berlin.de/reisenweber_ani.swf" "Mozilla/5.0 (Windows NT 6.1; rv:16.0) Gecko/20100101 Firefox/16.0"
69.171.247.2 - - [31/Oct/2012:13:36:45 +0100] "GET /img/corner03.png HTTP/1.1" 206 266 "-" "facebookexternalhit/1.1 (+http://www.facebook.com/externalhit_uatext.php)"
69.171.247.3 - - [31/Oct/2012:13:36:45 +0100] "GET /img/corner04.png HTTP/1.1" 206 203 "-" "facebookexternalhit/1.1 (+http://www.facebook.com/externalhit_uatext.php)"
69.171.247.7 - - [31/Oct/2012:13:36:46 +0100] "GET /img/pfeil-grau.gif HTTP/1.1" 206 73 "-" "facebookexternalhit/1.1 (+http://www.facebook.com/externalhit_uatext.php)"
92.225.102.34 - - [31/Oct/2012:13:36:48 +0100] "GET /uns.html HTTP/1.1" 200 8079 "http://www.reisenweber-berlin.de/" "Mozilla/5.0 (Windows NT 6.1; rv:16.0) Gecko/20100101 Firefox/16.0"
92.225.102.34 - - [31/Oct/2012:13:36:48 +0100] "GET /css/lightbox.css HTTP/1.1" 200 3470 "http://www.reisenweber-berlin.de/uns.html" "Mozilla/5.0 (Windows NT 6.1; rv:16.0) Gecko/20100101 Firefox/16.0"
92.225.102.34 - - [31/Oct/2012:13:36:48 +0100] "GET /js/scriptaculous.js?load=effects HTTP/1.1" 200 2152 "http://www.reisenweber-berlin.de/uns.html" "Mozilla/5.0 (Windows NT 6.1; rv:16.0) Gecko/20100101 Firefox/16.0"
92.225.102.34 - - [31/Oct/2012:13:36:48 +0100] "GET /js/lightbox.js HTTP/1.1" 200 23861 "http://www.reisenweber-berlin.de/uns.html" "Mozilla/5.0 (Windows NT 6.1; rv:16.0) Gecko/20100101 Firefox/16.0"
92.225.102.34 - - [31/Oct/2012:13:36:48 +0100] "GET /img/laden.jpg HTTP/1.1" 200 25856 "http://www.reisenweber-berlin.de/uns.html" "Mozilla/5.0 (Windows NT 6.1; rv:16.0) Gecko/20100101 Firefox/16.0"
92.225.102.34 - - [31/Oct/2012:13:36:48 +0100] "GET /img/damen-01.jpg HTTP/1.1" 200 6064 "http://www.reisenweber-berlin.de/uns.html" "Mozilla/5.0 (Windows NT 6.1; rv:16.0) Gecko/20100101 Firefox/16.0"
92.225.102.34 - - [31/Oct/2012:13:36:48 +0100] "GET /img/damen-02.jpg HTTP/1.1" 200 6205 "http://www.reisenweber-berlin.de/uns.html" "Mozilla/5.0 (Windows NT 6.1; rv:16.0) Gecko/20100101 Firefox/16.0"
92.225.102.34 - - [31/Oct/2012:13:36:48 +0100] "GET /img/damen-03.jpg HTTP/1.1" 200 6511 "http://www.reisenweber-berlin.de/uns.html" "Mozilla/5.0 (Windows NT 6.1; rv:16.0) Gecko/20100101 Firefox/16.0"
92.225.102.34 - - [31/Oct/2012:13:36:48 +0100] "GET /img/damen-04.jpg HTTP/1.1" 200 6976 "http://www.reisenweber-berlin.de/uns.html" "Mozilla/5.0 (Windows NT 6.1; rv:16.0) Gecko/20100101 Firefox/16.0"
92.225.102.34 - - [31/Oct/2012:13:36:48 +0100] "GET /img/damen-05.jpg HTTP/1.1" 200 7268 "http://www.reisenweber-berlin.de/uns.html" "Mozilla/5.0 (Windows NT 6.1; rv:16.0) Gecko/20100101 Firefox/16.0"
92.225.102.34 - - [31/Oct/2012:13:36:48 +0100] "GET /js/prototype.js HTTP/1.1" 200 47603 "http://www.reisenweber-berlin.de/uns.html" "Mozilla/5.0 (Windows NT 6.1; rv:16.0) Gecko/20100101 Firefox/16.0"
92.225.102.34 - - [31/Oct/2012:13:36:48 +0100] "GET /js/effects.js HTTP/1.1" 200 31969 "http://www.reisenweber-berlin.de/uns.html" "Mozilla/5.0 (Windows NT 6.1; rv:16.0) Gecko/20100101 Firefox/16.0"
92.225.102.34 - - [31/Oct/2012:13:36:49 +0100] "GET /images/loading.gif HTTP/1.1" 200 538 "http://www.reisenweber-berlin.de/uns.html" "Mozilla/5.0 (Windows NT 6.1; rv:16.0) Gecko/20100101 Firefox/16.0"
92.225.102.34 - - [31/Oct/2012:13:36:49 +0100] "GET /images/close.png HTTP/1.1" 200 3137 "http://www.reisenweber-berlin.de/uns.html" "Mozilla/5.0 (Windows NT 6.1; rv:16.0) Gecko/20100101 Firefox/16.0"
92.225.102.34 - - [31/Oct/2012:13:36:49 +0100] "GET /pics/1.jpg HTTP/1.1" 200 104529 "http://www.reisenweber-berlin.de/reisenweber_ani.swf" "Mozilla/5.0 (Windows NT 6.1; rv:16.0) Gecko/20100101 Firefox/16.0"
92.225.102.34 - - [31/Oct/2012:13:36:50 +0100] "GET /img/damen-03-GR.jpg HTTP/1.1" 200 100315 "http://www.reisenweber-berlin.de/uns.html" "Mozilla/5.0 (Windows NT 6.1; rv:16.0) Gecko/20100101 Firefox/16.0"
92.225.102.34 - - [31/Oct/2012:13:36:50 +0100] "GET /img/damen-04-GR.jpg HTTP/1.1" 200 101665 "http://www.reisenweber-berlin.de/uns.html" "Mozilla/5.0 (Windows NT 6.1; rv:16.0) Gecko/20100101 Firefox/16.0"
92.225.102.34 - - [31/Oct/2012:13:36:50 +0100] "GET /img/damen-02-GR.jpg HTTP/1.1" 200 78475 "http://www.reisenweber-berlin.de/uns.html" "Mozilla/5.0 (Windows NT 6.1; rv:16.0) Gecko/20100101 Firefox/16.0"
92.225.102.34 - - [31/Oct/2012:13:36:52 +0100] "GET /images/blank.gif HTTP/1.1" 404 1256 "http://www.reisenweber-berlin.de/css/lightbox.css" "Mozilla/5.0 (Windows NT 6.1; rv:16.0) Gecko/20100101 Firefox/16.0"
92.225.102.34 - - [31/Oct/2012:13:36:52 +0100] "GET /images/next.gif HTTP/1.1" 200 231 "http://www.reisenweber-berlin.de/css/lightbox.css" "Mozilla/5.0 (Windows NT 6.1; rv:16.0) Gecko/20100101 Firefox/16.0"
92.225.102.34 - - [31/Oct/2012:13:36:56 +0100] "GET /leistungen.html HTTP/1.1" 200 22197 "http://www.reisenweber-berlin.de/uns.html" "Mozilla/5.0 (Windows NT 6.1; rv:16.0) Gecko/20100101 Firefox/16.0"
92.225.102.34 - - [31/Oct/2012:13:36:56 +0100] "GET /js/RunFLASH.js HTTP/1.1" 200 8029 "http://www.reisenweber-berlin.de/leistungen.html" "Mozilla/5.0 (Windows NT 6.1; rv:16.0) Gecko/20100101 Firefox/16.0"
92.225.102.34 - - [31/Oct/2012:13:36:56 +0100] "GET /js/Panel.js HTTP/1.1" 200 13072 "http://www.reisenweber-berlin.de/leistungen.html" "Mozilla/5.0 (Windows NT 6.1; rv:16.0) Gecko/20100101 Firefox/16.0"
92.225.102.34 - - [31/Oct/2012:13:36:56 +0100] "GET /css/Panel.css HTTP/1.1" 200 3497 "http://www.reisenweber-berlin.de/leistungen.html" "Mozilla/5.0 (Windows NT 6.1; rv:16.0) Gecko/20100101 Firefox/16.0"
92.225.102.34 - - [31/Oct/2012:13:36:56 +0100] "GET /pics/2.jpg HTTP/1.1" 200 107549 "http://www.reisenweber-berlin.de/reisenweber_ani.swf" "Mozilla/5.0 (Windows NT 6.1; rv:16.0) Gecko/20100101 Firefox/16.0"
92.225.102.34 - - [31/Oct/2012:13:37:00 +0100] "GET /aktuelles.html HTTP/1.1" 200 12183 "http://www.reisenweber-berlin.de/leistungen.html" "Mozilla/5.0 (Windows NT 6.1; rv:16.0) Gecko/20100101 Firefox/16.0"
92.225.102.34 - - [31/Oct/2012:13:37:00 +0100] "GET /js/scriptaculous.js?load=effects HTTP/1.1" 304 - "http://www.reisenweber-berlin.de/aktuelles.html" "Mozilla/5.0 (Windows NT 6.1; rv:16.0) Gecko/20100101 Firefox/16.0"
92.225.102.34 - - [31/Oct/2012:13:37:00 +0100] "GET /img/abgrenzung.jpg HTTP/1.1" 200 1815 "http://www.reisenweber-berlin.de/aktuelles.html" "Mozilla/5.0 (Windows NT 6.1; rv:16.0) Gecko/20100101 Firefox/16.0"
92.225.102.34 - - [31/Oct/2012:13:37:00 +0100] "GET /img/aktuell-01_sw.png HTTP/1.1" 200 9846 "http://www.reisenweber-berlin.de/aktuelles.html" "Mozilla/5.0 (Windows NT 6.1; rv:16.0) Gecko/20100101 Firefox/16.0"
92.225.102.34 - - [31/Oct/2012:13:37:00 +0100] "GET /img/aktuell-02_sw.png HTTP/1.1" 200 12293 "http://www.reisenweber-berlin.de/aktuelles.html" "Mozilla/5.0 (Windows NT 6.1; rv:16.0) Gecko/20100101 Firefox/16.0"
92.225.102.34 - - [31/Oct/2012:13:37:00 +0100] "GET /img/aktuell-03_sw.png HTTP/1.1" 200 12073 "http://www.reisenweber-berlin.de/aktuelles.html" "Mozilla/5.0 (Windows NT 6.1; rv:16.0) Gecko/20100101 Firefox/16.0"
92.225.102.34 - - [31/Oct/2012:13:37:00 +0100] "GET /img/aktuell-04_sw.png HTTP/1.1" 200 10095 "http://www.reisenweber-berlin.de/aktuelles.html" "Mozilla/5.0 (Windows NT 6.1; rv:16.0) Gecko/20100101 Firefox/16.0"
92.225.102.34 - - [31/Oct/2012:13:37:00 +0100] "GET /img/aktuell-05_sw.png HTTP/1.1" 200 11701 "http://www.reisenweber-berlin.de/aktuelles.html" "Mozilla/5.0 (Windows NT 6.1; rv:16.0) Gecko/20100101 Firefox/16.0"
92.225.102.34 - - [31/Oct/2012:13:37:00 +0100] "GET /img/aktuell-06_sw.png HTTP/1.1" 200 10698 "http://www.reisenweber-berlin.de/aktuelles.html" "Mozilla/5.0 (Windows NT 6.1; rv:16.0) Gecko/20100101 Firefox/16.0"
92.225.102.34 - - [31/Oct/2012:13:37:00 +0100] "GET /img/aktuell-07_sw.png HTTP/1.1" 200 10511 "http://www.reisenweber-berlin.de/aktuelles.html" "Mozilla/5.0 (Windows NT 6.1; rv:16.0) Gecko/20100101 Firefox/16.0"
92.225.102.34 - - [31/Oct/2012:13:37:00 +0100] "GET /img/Aufsteller.png HTTP/1.1" 200 141482 "http://www.reisenweber-berlin.de/aktuelles.html" "Mozilla/5.0 (Windows NT 6.1; rv:16.0) Gecko/20100101 Firefox/16.0"
157.55.33.248 - - [31/Oct/2012:13:37:34 +0100] "GET /index.html HTTP/1.1" 200 10136 "-" "Mozilla/5.0 (compatible; bingbot/2.0; +http://www.bing.com/bingbot.htm)"
157.55.33.98 - - [31/Oct/2012:13:42:53 +0100] "GET /aktuelles.html HTTP/1.1" 200 12183 "-" "Mozilla/5.0 (compatible; bingbot/2.0; +http://www.bing.com/bingbot.htm)"
157.55.33.248 - - [31/Oct/2012:13:43:59 +0100] "GET /produkte.html HTTP/1.1" 200 8481 "-" "Mozilla/5.0 (compatible; bingbot/2.0; +http://www.bing.com/bingbot.htm)"
157.55.33.14 - - [31/Oct/2012:13:48:43 +0100] "GET /haare.html HTTP/1.1" 200 18749 "-" "Mozilla/5.0 (compatible; bingbot/2.0; +http://www.bing.com/bingbot.htm)"
193.175.73.207 - - [31/Oct/2012:13:51:27 +0100] "GET / HTTP/1.1" 200 10136 "http://www.google.de/url?sa=t&rct=j&q=reisenweber&source=web&cd=1&ved=0CCQQFjAA&url=http%3A%2F%2Fwww.reisenweber-berlin.de%2F&ei=tR6RUNKpJtDRsgbx2YCoBg&usg=AFQjCNF7TSzUIEj_OI_RiqKPTlc2EM_6vg" "Mozilla/5.0 (Windows NT 5.1) AppleWebKit/537.1 (KHTML, like Gecko) Chrome/21.0.1180.79 Safari/537.1"
193.175.73.207 - - [31/Oct/2012:13:51:27 +0100] "GET /css/style.css HTTP/1.1" 200 3765 "http://www.reisenweber-berlin.de/" "Mozilla/5.0 (Windows NT 5.1) AppleWebKit/537.1 (KHTML, like Gecko) Chrome/21.0.1180.79 Safari/537.1"
193.175.73.207 - - [31/Oct/2012:13:51:27 +0100] "GET /Scripts/AC_RunActiveContent.js HTTP/1.1" 200 8029 "http://www.reisenweber-berlin.de/" "Mozilla/5.0 (Windows NT 5.1) AppleWebKit/537.1 (KHTML, like Gecko) Chrome/21.0.1180.79 Safari/537.1"
193.175.73.207 - - [31/Oct/2012:13:51:27 +0100] "GET /Scripts/AC_ActiveX.js HTTP/1.1" 200 2068 "http://www.reisenweber-berlin.de/" "Mozilla/5.0 (Windows NT 5.1) AppleWebKit/537.1 (KHTML, like Gecko) Chrome/21.0.1180.79 Safari/537.1"
193.175.73.207 - - [31/Oct/2012:13:51:27 +0100] "GET /img/spacer.gif HTTP/1.1" 200 43 "http://www.reisenweber-berlin.de/" "Mozilla/5.0 (Windows NT 5.1) AppleWebKit/537.1 (KHTML, like Gecko) Chrome/21.0.1180.79 Safari/537.1"
193.175.73.207 - - [31/Oct/2012:13:51:27 +0100] "GET /img/pfeil.gif HTTP/1.1" 200 85 "http://www.reisenweber-berlin.de/" "Mozilla/5.0 (Windows NT 5.1) AppleWebKit/537.1 (KHTML, like Gecko) Chrome/21.0.1180.79 Safari/537.1"
193.175.73.207 - - [31/Oct/2012:13:51:27 +0100] "GET /img/hg.jpg HTTP/1.1" 200 44355 "http://www.reisenweber-berlin.de/" "Mozilla/5.0 (Windows NT 5.1) AppleWebKit/537.1 (KHTML, like Gecko) Chrome/21.0.1180.79 Safari/537.1"
193.175.73.207 - - [31/Oct/2012:13:51:27 +0100] "GET /img/tbl_bottom.png HTTP/1.1" 200 168 "http://www.reisenweber-berlin.de/" "Mozilla/5.0 (Windows NT 5.1) AppleWebKit/537.1 (KHTML, like Gecko) Chrome/21.0.1180.79 Safari/537.1"
193.175.73.207 - - [31/Oct/2012:13:51:27 +0100] "GET /img/corner01.png HTTP/1.1" 200 163 "http://www.reisenweber-berlin.de/" "Mozilla/5.0 (Windows NT 5.1) AppleWebKit/537.1 (KHTML, like Gecko) Chrome/21.0.1180.79 Safari/537.1"
193.175.73.207 - - [31/Oct/2012:13:51:27 +0100] "GET /img/corner02.png HTTP/1.1" 200 190 "http://www.reisenweber-berlin.de/" "Mozilla/5.0 (Windows NT 5.1) AppleWebKit/537.1 (KHTML, like Gecko) Chrome/21.0.1180.79 Safari/537.1"
193.175.73.207 - - [31/Oct/2012:13:51:27 +0100] "GET /img/tbl_left.png HTTP/1.1" 200 236 "http://www.reisenweber-berlin.de/" "Mozilla/5.0 (Windows NT 5.1) AppleWebKit/537.1 (KHTML, like Gecko) Chrome/21.0.1180.79 Safari/537.1"
193.175.73.207 - - [31/Oct/2012:13:51:27 +0100] "GET /reisenweber_ani.swf HTTP/1.1" 200 60314 "http://www.reisenweber-berlin.de/" "Mozilla/5.0 (Windows NT 5.1) AppleWebKit/537.1 (KHTML, like Gecko) Chrome/21.0.1180.79 Safari/537.1"
193.175.73.207 - - [31/Oct/2012:13:51:28 +0100] "GET /img/hg_tbl.png HTTP/1.1" 200 190 "http://www.reisenweber-berlin.de/" "Mozilla/5.0 (Windows NT 5.1) AppleWebKit/537.1 (KHTML, like Gecko) Chrome/21.0.1180.79 Safari/537.1"
193.175.73.207 - - [31/Oct/2012:13:51:28 +0100] "GET /img/team.jpg HTTP/1.1" 200 66988 "http://www.reisenweber-berlin.de/" "Mozilla/5.0 (Windows NT 5.1) AppleWebKit/537.1 (KHTML, like Gecko) Chrome/21.0.1180.79 Safari/537.1"
193.175.73.207 - - [31/Oct/2012:13:51:28 +0100] "GET /img/pfeil-grau.gif HTTP/1.1" 200 73 "http://www.reisenweber-berlin.de/" "Mozilla/5.0 (Windows NT 5.1) AppleWebKit/537.1 (KHTML, like Gecko) Chrome/21.0.1180.79 Safari/537.1"
193.175.73.207 - - [31/Oct/2012:13:51:28 +0100] "GET /img/tbl_right.png HTTP/1.1" 200 227 "http://www.reisenweber-berlin.de/" "Mozilla/5.0 (Windows NT 5.1) AppleWebKit/537.1 (KHTML, like Gecko) Chrome/21.0.1180.79 Safari/537.1"
193.175.73.207 - - [31/Oct/2012:13:51:28 +0100] "GET /img/tbl_down.png HTTP/1.1" 200 197 "http://www.reisenweber-berlin.de/" "Mozilla/5.0 (Windows NT 5.1) AppleWebKit/537.1 (KHTML, like Gecko) Chrome/21.0.1180.79 Safari/537.1"
193.175.73.207 - - [31/Oct/2012:13:51:28 +0100] "GET /img/corner04.png HTTP/1.1" 200 203 "http://www.reisenweber-berlin.de/" "Mozilla/5.0 (Windows NT 5.1) AppleWebKit/537.1 (KHTML, like Gecko) Chrome/21.0.1180.79 Safari/537.1"
193.175.73.207 - - [31/Oct/2012:13:51:28 +0100] "GET /img/corner03.png HTTP/1.1" 200 266 "http://www.reisenweber-berlin.de/" "Mozilla/5.0 (Windows NT 5.1) AppleWebKit/537.1 (KHTML, like Gecko) Chrome/21.0.1180.79 Safari/537.1"
193.175.73.207 - - [31/Oct/2012:13:51:28 +0100] "GET /img/HG_news.png HTTP/1.1" 200 212 "http://www.reisenweber-berlin.de/" "Mozilla/5.0 (Windows NT 5.1) AppleWebKit/537.1 (KHTML, like Gecko) Chrome/21.0.1180.79 Safari/537.1"
193.175.73.207 - - [31/Oct/2012:13:51:28 +0100] "GET /favicon.ico HTTP/1.1" 404 1256 "-" "Mozilla/5.0 (Windows NT 5.1) AppleWebKit/537.1 (KHTML, like Gecko) Chrome/21.0.1180.79 Safari/537.1"
193.175.73.207 - - [31/Oct/2012:13:51:28 +0100] "GET /pics/4.jpg HTTP/1.1" 200 165768 "http://www.reisenweber-berlin.de/" "Mozilla/5.0 (Windows NT 5.1) AppleWebKit/537.1 (KHTML, like Gecko) Chrome/21.0.1180.79 Safari/537.1"
193.175.73.207 - - [31/Oct/2012:13:51:35 +0100] "GET /pics/5.jpg HTTP/1.1" 200 134687 "http://www.reisenweber-berlin.de/" "Mozilla/5.0 (Windows NT 5.1) AppleWebKit/537.1 (KHTML, like Gecko) Chrome/21.0.1180.79 Safari/537.1"
193.175.73.207 - - [31/Oct/2012:13:51:42 +0100] "GET /pics/1.jpg HTTP/1.1" 200 104529 "http://www.reisenweber-berlin.de/" "Mozilla/5.0 (Windows NT 5.1) AppleWebKit/537.1 (KHTML, like Gecko) Chrome/21.0.1180.79 Safari/537.1"
193.175.73.207 - - [31/Oct/2012:13:51:44 +0100] "GET /kontakt.html HTTP/1.1" 200 13297 "http://www.reisenweber-berlin.de/" "Mozilla/5.0 (Windows NT 5.1) AppleWebKit/537.1 (KHTML, like Gecko) Chrome/21.0.1180.79 Safari/537.1"
193.175.73.207 - - [31/Oct/2012:13:51:44 +0100] "GET /css/Panel.css HTTP/1.1" 200 3497 "http://www.reisenweber-berlin.de/kontakt.html" "Mozilla/5.0 (Windows NT 5.1) AppleWebKit/537.1 (KHTML, like Gecko) Chrome/21.0.1180.79 Safari/537.1"
193.175.73.207 - - [31/Oct/2012:13:51:44 +0100] "GET /js/Panel.js HTTP/1.1" 200 13072 "http://www.reisenweber-berlin.de/kontakt.html" "Mozilla/5.0 (Windows NT 5.1) AppleWebKit/537.1 (KHTML, like Gecko) Chrome/21.0.1180.79 Safari/537.1"
193.175.73.207 - - [31/Oct/2012:13:51:44 +0100] "GET /img/hg_tbl.jpg HTTP/1.1" 200 352 "http://www.reisenweber-berlin.de/kontakt.html" "Mozilla/5.0 (Windows NT 5.1) AppleWebKit/537.1 (KHTML, like Gecko) Chrome/21.0.1180.79 Safari/537.1"
193.175.73.207 - - [31/Oct/2012:13:51:44 +0100] "GET /favicon.ico HTTP/1.1" 404 1256 "-" "Mozilla/5.0 (Windows NT 5.1) AppleWebKit/537.1 (KHTML, like Gecko) Chrome/21.0.1180.79 Safari/537.1"
193.175.73.207 - - [31/Oct/2012:13:51:59 +0100] "GET /pics/2.jpg HTTP/1.1" 200 107549 "http://www.reisenweber-berlin.de/kontakt.html" "Mozilla/5.0 (Windows NT 5.1) AppleWebKit/537.1 (KHTML, like Gecko) Chrome/21.0.1180.79 Safari/537.1"
193.175.73.207 - - [31/Oct/2012:13:52:06 +0100] "GET /pics/3.jpg HTTP/1.1" 200 149645 "http://www.reisenweber-berlin.de/kontakt.html" "Mozilla/5.0 (Windows NT 5.1) AppleWebKit/537.1 (KHTML, like Gecko) Chrome/21.0.1180.79 Safari/537.1"
157.55.35.34 - - [31/Oct/2012:14:16:27 +0100] "GET /uns.html HTTP/1.1" 200 8079 "-" "Mozilla/5.0 (compatible; bingbot/2.0; +http://www.bing.com/bingbot.htm)"
37.140.141.34 - - [31/Oct/2012:14:27:36 +0100] "GET /img/damen-05.jpg HTTP/1.1" 200 7268 "-" "Mozilla/5.0 (compatible; YandexImages/3.0; +http://yandex.com/bots)"
37.140.141.34 - - [31/Oct/2012:15:11:40 +0100] "GET /img/aktuell-03_sw.png HTTP/1.1" 200 12073 "-" "Mozilla/5.0 (compatible; YandexImages/3.0; +http://yandex.com/bots)"
37.140.141.34 - - [31/Oct/2012:16:26:45 +0100] "GET /img/damen-02-GR.jpg HTTP/1.1" 200 78475 "-" "Mozilla/5.0 (compatible; YandexImages/3.0; +http://yandex.com/bots)"
217.9.60.196 - - [31/Oct/2012:16:34:57 +0100] "GET / HTTP/1.1" 200 10136 "-" "Mozilla/4.0 (compatible; MSIE 7.0; Windows NT 5.1; .NET CLR 2.0.50727; .NET CLR 3.0.4506.2152; .NET CLR 3.5.30729; .NET4.0C; .NET4.0E)"
217.9.60.196 - - [31/Oct/2012:16:34:57 +0100] "GET /css/style.css HTTP/1.1" 200 3765 "http://www.reisenweber-berlin.de/" "Mozilla/4.0 (compatible; MSIE 7.0; Windows NT 5.1; .NET CLR 2.0.50727; .NET CLR 3.0.4506.2152; .NET CLR 3.5.30729; .NET4.0C; .NET4.0E)"
217.9.60.196 - - [31/Oct/2012:16:34:57 +0100] "GET /Scripts/AC_RunActiveContent.js HTTP/1.1" 200 8029 "http://www.reisenweber-berlin.de/" "Mozilla/4.0 (compatible; MSIE 7.0; Windows NT 5.1; .NET CLR 2.0.50727; .NET CLR 3.0.4506.2152; .NET CLR 3.5.30729; .NET4.0C; .NET4.0E)"
217.9.60.196 - - [31/Oct/2012:16:34:57 +0100] "GET /Scripts/AC_ActiveX.js HTTP/1.1" 200 2068 "http://www.reisenweber-berlin.de/" "Mozilla/4.0 (compatible; MSIE 7.0; Windows NT 5.1; .NET CLR 2.0.50727; .NET CLR 3.0.4506.2152; .NET CLR 3.5.30729; .NET4.0C; .NET4.0E)"
217.9.60.196 - - [31/Oct/2012:16:34:57 +0100] "GET /img/spacer.gif HTTP/1.1" 200 43 "http://www.reisenweber-berlin.de/" "Mozilla/4.0 (compatible; MSIE 7.0; Windows NT 5.1; .NET CLR 2.0.50727; .NET CLR 3.0.4506.2152; .NET CLR 3.5.30729; .NET4.0C; .NET4.0E)"
217.9.60.196 - - [31/Oct/2012:16:34:57 +0100] "GET /img/hg.jpg HTTP/1.1" 200 44355 "http://www.reisenweber-berlin.de/" "Mozilla/4.0 (compatible; MSIE 7.0; Windows NT 5.1; .NET CLR 2.0.50727; .NET CLR 3.0.4506.2152; .NET CLR 3.5.30729; .NET4.0C; .NET4.0E)"
217.9.60.196 - - [31/Oct/2012:16:34:57 +0100] "GET /img/team.jpg HTTP/1.1" 200 66988 "http://www.reisenweber-berlin.de/" "Mozilla/4.0 (compatible; MSIE 7.0; Windows NT 5.1; .NET CLR 2.0.50727; .NET CLR 3.0.4506.2152; .NET CLR 3.5.30729; .NET4.0C; .NET4.0E)"
217.9.60.196 - - [31/Oct/2012:16:34:57 +0100] "GET /reisenweber_ani.swf HTTP/1.1" 200 60314 "http://www.reisenweber-berlin.de/" "Mozilla/4.0 (compatible; MSIE 7.0; Windows NT 5.1; .NET CLR 2.0.50727; .NET CLR 3.0.4506.2152; .NET CLR 3.5.30729; .NET4.0C; .NET4.0E)"
217.9.60.196 - - [31/Oct/2012:16:34:57 +0100] "GET /img/tbl_bottom.png HTTP/1.1" 200 168 "http://www.reisenweber-berlin.de/" "Mozilla/4.0 (compatible; MSIE 7.0; Windows NT 5.1; .NET CLR 2.0.50727; .NET CLR 3.0.4506.2152; .NET CLR 3.5.30729; .NET4.0C; .NET4.0E)"
217.9.60.196 - - [31/Oct/2012:16:34:57 +0100] "GET /img/pfeil-grau.gif HTTP/1.1" 200 73 "http://www.reisenweber-berlin.de/" "Mozilla/4.0 (compatible; MSIE 7.0; Windows NT 5.1; .NET CLR 2.0.50727; .NET CLR 3.0.4506.2152; .NET CLR 3.5.30729; .NET4.0C; .NET4.0E)"
217.9.60.196 - - [31/Oct/2012:16:34:57 +0100] "GET /img/tbl_left.png HTTP/1.1" 200 236 "http://www.reisenweber-berlin.de/" "Mozilla/4.0 (compatible; MSIE 7.0; Windows NT 5.1; .NET CLR 2.0.50727; .NET CLR 3.0.4506.2152; .NET CLR 3.5.30729; .NET4.0C; .NET4.0E)"
217.9.60.196 - - [31/Oct/2012:16:34:57 +0100] "GET /img/corner04.png HTTP/1.1" 200 203 "http://www.reisenweber-berlin.de/" "Mozilla/4.0 (compatible; MSIE 7.0; Windows NT 5.1; .NET CLR 2.0.50727; .NET CLR 3.0.4506.2152; .NET CLR 3.5.30729; .NET4.0C; .NET4.0E)"
217.9.60.196 - - [31/Oct/2012:16:34:57 +0100] "GET /img/corner03.png HTTP/1.1" 200 266 "http://www.reisenweber-berlin.de/" "Mozilla/4.0 (compatible; MSIE 7.0; Windows NT 5.1; .NET CLR 2.0.50727; .NET CLR 3.0.4506.2152; .NET CLR 3.5.30729; .NET4.0C; .NET4.0E)"
217.9.60.196 - - [31/Oct/2012:16:34:57 +0100] "GET /img/hg_tbl.png HTTP/1.1" 200 190 "http://www.reisenweber-berlin.de/" "Mozilla/4.0 (compatible; MSIE 7.0; Windows NT 5.1; .NET CLR 2.0.50727; .NET CLR 3.0.4506.2152; .NET CLR 3.5.30729; .NET4.0C; .NET4.0E)"
217.9.60.196 - - [31/Oct/2012:16:34:57 +0100] "GET /img/HG_news.png HTTP/1.1" 200 212 "http://www.reisenweber-berlin.de/" "Mozilla/4.0 (compatible; MSIE 7.0; Windows NT 5.1; .NET CLR 2.0.50727; .NET CLR 3.0.4506.2152; .NET CLR 3.5.30729; .NET4.0C; .NET4.0E)"
217.9.60.196 - - [31/Oct/2012:16:34:57 +0100] "GET /img/tbl_right.png HTTP/1.1" 200 227 "http://www.reisenweber-berlin.de/" "Mozilla/4.0 (compatible; MSIE 7.0; Windows NT 5.1; .NET CLR 2.0.50727; .NET CLR 3.0.4506.2152; .NET CLR 3.5.30729; .NET4.0C; .NET4.0E)"
217.9.60.196 - - [31/Oct/2012:16:34:57 +0100] "GET /img/tbl_down.png HTTP/1.1" 200 197 "http://www.reisenweber-berlin.de/" "Mozilla/4.0 (compatible; MSIE 7.0; Windows NT 5.1; .NET CLR 2.0.50727; .NET CLR 3.0.4506.2152; .NET CLR 3.5.30729; .NET4.0C; .NET4.0E)"
217.9.60.196 - - [31/Oct/2012:16:34:57 +0100] "GET /img/pfeil.gif HTTP/1.1" 200 85 "http://www.reisenweber-berlin.de/" "Mozilla/4.0 (compatible; MSIE 7.0; Windows NT 5.1; .NET CLR 2.0.50727; .NET CLR 3.0.4506.2152; .NET CLR 3.5.30729; .NET4.0C; .NET4.0E)"
217.9.60.196 - - [31/Oct/2012:16:34:57 +0100] "GET /pics/4.jpg HTTP/1.1" 200 165768 "http://www.reisenweber-berlin.de/reisenweber_ani.swf" "Mozilla/4.0 (compatible; MSIE 7.0; Windows NT 5.1; .NET CLR 2.0.50727; .NET CLR 3.0.4506.2152; .NET CLR 3.5.30729; .NET4.0C; .NET4.0E)"
217.9.60.196 - - [31/Oct/2012:16:34:58 +0100] "GET /img/corner01.png HTTP/1.1" 200 163 "http://www.reisenweber-berlin.de/" "Mozilla/4.0 (compatible; MSIE 7.0; Windows NT 5.1; .NET CLR 2.0.50727; .NET CLR 3.0.4506.2152; .NET CLR 3.5.30729; .NET4.0C; .NET4.0E)"
217.9.60.196 - - [31/Oct/2012:16:34:58 +0100] "GET /img/corner02.png HTTP/1.1" 200 190 "http://www.reisenweber-berlin.de/" "Mozilla/4.0 (compatible; MSIE 7.0; Windows NT 5.1; .NET CLR 2.0.50727; .NET CLR 3.0.4506.2152; .NET CLR 3.5.30729; .NET4.0C; .NET4.0E)"
217.9.60.196 - - [31/Oct/2012:16:34:58 +0100] "GET /favicon.ico HTTP/1.1" 404 1256 "-" "Mozilla/4.0 (compatible; MSIE 7.0; Windows NT 5.1; .NET CLR 2.0.50727; .NET CLR 3.0.4506.2152; .NET CLR 3.5.30729; .NET4.0C; .NET4.0E)"
217.9.60.196 - - [31/Oct/2012:16:35:09 +0100] "GET /kontakt.html HTTP/1.1" 200 13297 "http://www.reisenweber-berlin.de/" "Mozilla/4.0 (compatible; MSIE 7.0; Windows NT 5.1; .NET CLR 2.0.50727; .NET CLR 3.0.4506.2152; .NET CLR 3.5.30729; .NET4.0C; .NET4.0E)"
217.9.60.196 - - [31/Oct/2012:16:35:09 +0100] "GET /js/Panel.js HTTP/1.1" 200 13072 "http://www.reisenweber-berlin.de/kontakt.html" "Mozilla/4.0 (compatible; MSIE 7.0; Windows NT 5.1; .NET CLR 2.0.50727; .NET CLR 3.0.4506.2152; .NET CLR 3.5.30729; .NET4.0C; .NET4.0E)"
217.9.60.196 - - [31/Oct/2012:16:35:09 +0100] "GET /css/Panel.css HTTP/1.1" 200 3497 "http://www.reisenweber-berlin.de/kontakt.html" "Mozilla/4.0 (compatible; MSIE 7.0; Windows NT 5.1; .NET CLR 2.0.50727; .NET CLR 3.0.4506.2152; .NET CLR 3.5.30729; .NET4.0C; .NET4.0E)"
217.9.60.196 - - [31/Oct/2012:16:35:09 +0100] "GET /img/hg_tbl.jpg HTTP/1.1" 200 352 "http://www.reisenweber-berlin.de/kontakt.html" "Mozilla/4.0 (compatible; MSIE 7.0; Windows NT 5.1; .NET CLR 2.0.50727; .NET CLR 3.0.4506.2152; .NET CLR 3.5.30729; .NET4.0C; .NET4.0E)"
217.9.60.196 - - [31/Oct/2012:16:35:09 +0100] "GET /pics/2.jpg HTTP/1.1" 200 107549 "http://www.reisenweber-berlin.de/reisenweber_ani.swf" "Mozilla/4.0 (compatible; MSIE 7.0; Windows NT 5.1; .NET CLR 2.0.50727; .NET CLR 3.0.4506.2152; .NET CLR 3.5.30729; .NET4.0C; .NET4.0E)"
217.9.60.196 - - [31/Oct/2012:16:37:04 +0100] "GET /pics/3.jpg HTTP/1.1" 200 149645 "http://www.reisenweber-berlin.de/reisenweber_ani.swf" "Mozilla/4.0 (compatible; MSIE 7.0; Windows NT 5.1; .NET CLR 2.0.50727; .NET CLR 3.0.4506.2152; .NET CLR 3.5.30729; .NET4.0C; .NET4.0E)"
217.9.60.196 - - [31/Oct/2012:16:41:22 +0100] "GET /pics/5.jpg HTTP/1.1" 200 134687 "http://www.reisenweber-berlin.de/reisenweber_ani.swf" "Mozilla/4.0 (compatible; MSIE 7.0; Windows NT 5.1; .NET CLR 2.0.50727; .NET CLR 3.0.4506.2152; .NET CLR 3.5.30729; .NET4.0C; .NET4.0E)"
217.9.60.196 - - [31/Oct/2012:16:43:43 +0100] "GET /pics/1.jpg HTTP/1.1" 200 104529 "http://www.reisenweber-berlin.de/reisenweber_ani.swf" "Mozilla/4.0 (compatible; MSIE 7.0; Windows NT 5.1; .NET CLR 2.0.50727; .NET CLR 3.0.4506.2152; .NET CLR 3.5.30729; .NET4.0C; .NET4.0E)"
157.55.33.113 - - [31/Oct/2012:17:06:46 +0100] "GET /robots.txt HTTP/1.1" 404 1256 "-" "Mozilla/5.0 (compatible; bingbot/2.0; +http://www.bing.com/bingbot.htm)"
62.181.145.141 - - [31/Oct/2012:17:19:42 +0100] "GET /uns.html HTTP/1.1" 304 - "-" "Mozilla/4.0 (compatible;)"
62.181.145.141 - - [31/Oct/2012:17:19:46 +0100] "GET /img/damen-01.jpg HTTP/1.1" 304 - "-" "Mozilla/4.0 (compatible;)"
62.181.145.141 - - [31/Oct/2012:17:19:48 +0100] "GET /img/damen-03.jpg HTTP/1.1" 304 - "-" "Mozilla/4.0 (compatible;)"
62.181.145.141 - - [31/Oct/2012:17:19:50 +0100] "GET /img/damen-02.jpg HTTP/1.1" 304 - "-" "Mozilla/4.0 (compatible;)"
157.55.33.113 - - [31/Oct/2012:17:21:34 +0100] "GET /links.html HTTP/1.1" 304 - "-" "Mozilla/5.0 (compatible; bingbot/2.0; +http://www.bing.com/bingbot.htm)"
37.140.141.34 - - [31/Oct/2012:17:26:30 +0100] "GET /img/damen-04-GR.jpg HTTP/1.1" 200 101665 "-" "Mozilla/5.0 (compatible; YandexImages/3.0; +http://yandex.com/bots)"
93.219.185.144 - - [31/Oct/2012:18:02:06 +0100] "GET /links.html HTTP/1.1" 200 8166 "-" "Mozilla/5.0 (Windows; U; Windows NT 6.0; de; rv:1.9.2.3) Gecko/20100401 Firefox/3.6.3 ( .NET CLR 3.5.30729)"
37.140.141.34 - - [31/Oct/2012:18:20:35 +0100] "GET /img/corner04.png HTTP/1.1" 200 203 "-" "Mozilla/5.0 (compatible; YandexImages/3.0; +http://yandex.com/bots)"
178.63.72.6 - - [31/Oct/2012:18:36:59 +0100] "GET /robots.txt HTTP/1.1" 404 1256 "-" "Mozilla/5.0 (compatible; SearchmetricsBot; http://www.searchmetrics.com/en/searchmetrics-bot/)"
178.63.72.6 - - [31/Oct/2012:18:36:59 +0100] "GET / HTTP/1.1" 200 10136 "-" "Mozilla/5.0 (compatible; SearchmetricsBot; http://www.searchmetrics.com/en/searchmetrics-bot/)"
178.63.72.6 - - [31/Oct/2012:18:36:59 +0100] "GET /produkte.html HTTP/1.1" 200 8481 "-" "Mozilla/5.0 (compatible; SearchmetricsBot; http://www.searchmetrics.com/en/searchmetrics-bot/)"
178.63.72.6 - - [31/Oct/2012:18:36:59 +0100] "GET /leistungen.html HTTP/1.1" 200 22197 "-" "Mozilla/5.0 (compatible; SearchmetricsBot; http://www.searchmetrics.com/en/searchmetrics-bot/)"
178.63.72.6 - - [31/Oct/2012:18:36:59 +0100] "GET /kontakt.html HTTP/1.1" 200 13297 "-" "Mozilla/5.0 (compatible; SearchmetricsBot; http://www.searchmetrics.com/en/searchmetrics-bot/)"
178.63.72.6 - - [31/Oct/2012:18:37:00 +0100] "GET /aktuelles.html HTTP/1.1" 200 12183 "-" "Mozilla/5.0 (compatible; SearchmetricsBot; http://www.searchmetrics.com/en/searchmetrics-bot/)"
178.63.72.6 - - [31/Oct/2012:18:37:00 +0100] "GET /uns.html HTTP/1.1" 200 8079 "-" "Mozilla/5.0 (compatible; SearchmetricsBot; http://www.searchmetrics.com/en/searchmetrics-bot/)"
178.63.72.6 - - [31/Oct/2012:18:37:00 +0100] "GET /links.html HTTP/1.1" 200 8166 "-" "Mozilla/5.0 (compatible; SearchmetricsBot; http://www.searchmetrics.com/en/searchmetrics-bot/)"
178.63.72.6 - - [31/Oct/2012:18:37:08 +0100] "GET /philosophie.html HTTP/1.1" 200 8690 "-" "Mozilla/5.0 (compatible; SearchmetricsBot; http://www.searchmetrics.com/en/searchmetrics-bot/)"
178.63.72.6 - - [31/Oct/2012:18:37:09 +0100] "GET /haare.html HTTP/1.1" 200 18749 "-" "Mozilla/5.0 (compatible; SearchmetricsBot; http://www.searchmetrics.com/en/searchmetrics-bot/)"
178.63.72.6 - - [31/Oct/2012:18:37:09 +0100] "GET /kosmetik.html HTTP/1.1" 200 11316 "-" "Mozilla/5.0 (compatible; SearchmetricsBot; http://www.searchmetrics.com/en/searchmetrics-bot/)"
178.63.72.6 - - [31/Oct/2012:18:37:09 +0100] "GET /index.html HTTP/1.1" 200 10136 "-" "Mozilla/5.0 (compatible; SearchmetricsBot; http://www.searchmetrics.com/en/searchmetrics-bot/)"
37.140.141.34 - - [31/Oct/2012:19:40:36 +0100] "GET /img/aktuell-07_sw.png HTTP/1.1" 200 10511 "-" "Mozilla/5.0 (compatible; YandexImages/3.0; +http://yandex.com/bots)"
93.219.185.144 - - [31/Oct/2012:20:08:19 +0100] "GET /produkte.html HTTP/1.1" 200 8481 "-" "Mozilla/5.0 (Windows; U; Windows NT 6.0; de; rv:1.9.2.3) Gecko/20100401 Firefox/3.6.3 ( .NET CLR 3.5.30729)"
37.140.141.34 - - [31/Oct/2012:20:40:49 +0100] "GET /img/aktuell-06_sw.png HTTP/1.1" 200 10698 "-" "Mozilla/5.0 (compatible; YandexImages/3.0; +http://yandex.com/bots)"
93.219.185.144 - - [31/Oct/2012:21:20:45 +0100] "GET /leistungen.html HTTP/1.1" 200 22197 "-" "Mozilla/5.0 (Windows; U; Windows NT 6.0; de; rv:1.9.2.3) Gecko/20100401 Firefox/3.6.3 ( .NET CLR 3.5.30729)"
37.140.141.34 - - [31/Oct/2012:21:50:42 +0100] "GET /img/aktuell-06-GR.png HTTP/1.1" 200 1230835 "-" "Mozilla/5.0 (compatible; YandexImages/3.0; +http://yandex.com/bots)"
62.181.145.141 - - [31/Oct/2012:22:12:18 +0100] "GET /Scripts/AC_ActiveX.js HTTP/1.1" 304 - "-" "Mozilla/4.0 (compatible;)"
62.181.145.141 - - [31/Oct/2012:22:12:39 +0100] "GET /img/HG_news.png HTTP/1.1" 304 - "-" "Mozilla/4.0 (compatible;)"
93.219.185.144 - - [31/Oct/2012:22:13:30 +0100] "GET /kontakt.html HTTP/1.1" 200 13297 "-" "Mozilla/5.0 (Windows; U; Windows NT 6.0; de; rv:1.9.2.3) Gecko/20100401 Firefox/3.6.3 ( .NET CLR 3.5.30729)"
62.181.145.141 - - [31/Oct/2012:22:13:42 +0100] "GET /img/aktuell-04_sw.png HTTP/1.1" 304 - "-" "Mozilla/4.0 (compatible;)"
62.181.145.141 - - [31/Oct/2012:22:13:43 +0100] "GET /img/abgrenzung.jpg HTTP/1.1" 304 - "-" "Mozilla/4.0 (compatible;)"
62.181.145.141 - - [31/Oct/2012:22:14:19 +0100] "GET /img/aktuell-05_sw.png HTTP/1.1" 304 - "-" "Mozilla/4.0 (compatible;)"
62.181.145.141 - - [31/Oct/2012:22:15:11 +0100] "GET /aktuelles.html HTTP/1.1" 304 - "-" "Mozilla/4.0 (compatible;)"
62.181.145.141 - - [31/Oct/2012:22:15:43 +0100] "GET /images/prev.gif HTTP/1.1" 304 - "-" "Mozilla/4.0 (compatible;)"
93.219.185.144 - - [31/Oct/2012:22:25:00 +0100] "GET /uns.html HTTP/1.1" 200 8079 "-" "Mozilla/5.0 (Windows; U; Windows NT 6.0; de; rv:1.9.2.3) Gecko/20100401 Firefox/3.6.3 ( .NET CLR 3.5.30729)"
37.140.141.34 - - [31/Oct/2012:22:55:36 +0100] "GET /img/pfeil.gif HTTP/1.1" 200 85 "-" "Mozilla/5.0 (compatible; YandexImages/3.0; +http://yandex.com/bots)"