194.209.200.2 - - [23/Aug/2020:17:29:43 +0200] "GET / HTTP/1.1" 304 - "-" "Mozilla/5.0 (compatible; TMMBot/0.2; +http://www.dslab.ch)/Nutch-1.15"
194.209.200.2 - - [23/Aug/2020:17:46:36 +0200] "GET /robots.txt HTTP/1.1" 404 1256 "-" "Mozilla/5.0 (compatible; TMMBot/0.2; +http://www.dslab.ch)/Nutch-1.15"
194.209.200.2 - - [23/Aug/2020:17:46:36 +0200] "GET / HTTP/1.1" 304 - "-" "Mozilla/5.0 (compatible; TMMBot/0.2; +http://www.dslab.ch)/Nutch-1.15"
194.209.200.2 - - [23/Aug/2020:18:02:28 +0200] "GET /robots.txt HTTP/1.1" 404 1256 "-" "Mozilla/5.0 (compatible; TMMBot/0.2; +http://www.dslab.ch)/Nutch-1.15"
194.209.200.2 - - [23/Aug/2020:18:02:28 +0200] "GET / HTTP/1.1" 304 - "-" "Mozilla/5.0 (compatible; TMMBot/0.2; +http://www.dslab.ch)/Nutch-1.15"
194.173.174.10 - - [23/Aug/2020:18:05:06 +0200] "HEAD / HTTP/1.1" 200 - "-" "Mozilla/5.0 (Windows NT 6.3; WOW64) AppleWebKit/537.36 (KHTML, like Gecko) Chrome/43.0.2357.134 Safari/537.36"
194.173.174.10 - - [23/Aug/2020:18:06:38 +0200] "HEAD / HTTP/1.1" 200 - "-" "Mozilla/5.0 (Windows NT 6.3; WOW64) AppleWebKit/537.36 (KHTML, like Gecko) Chrome/43.0.2357.134 Safari/537.36"
66.249.70.11 - - [23/Aug/2020:18:14:04 +0200] "GET / HTTP/1.1" 200 1775 "-" "Mozilla/5.0 (Linux; Android 6.0.1; Nexus 5X Build/MMB29P) AppleWebKit/537.36 (KHTML, like Gecko) Chrome/80.0.3987.92 Mobile Safari/537.36 (compatible; Googlebot/2.1; +http://www.google.com/bot.html)"
194.209.200.2 - - [23/Aug/2020:18:20:38 +0200] "GET /robots.txt HTTP/1.1" 404 1256 "-" "Mozilla/5.0 (compatible; TMMBot/0.2; +http://www.dslab.ch)/Nutch-1.15"
194.209.200.2 - - [23/Aug/2020:18:20:38 +0200] "GET / HTTP/1.1" 304 - "-" "Mozilla/5.0 (compatible; TMMBot/0.2; +http://www.dslab.ch)/Nutch-1.15"
194.209.200.2 - - [23/Aug/2020:18:38:13 +0200] "GET /robots.txt HTTP/1.1" 404 1256 "-" "Mozilla/5.0 (compatible; TMMBot/0.2; +http://www.dslab.ch)/Nutch-1.15"
194.209.200.2 - - [23/Aug/2020:18:38:13 +0200] "GET / HTTP/1.1" 304 - "-" "Mozilla/5.0 (compatible; TMMBot/0.2; +http://www.dslab.ch)/Nutch-1.15"
194.209.200.2 - - [23/Aug/2020:18:56:56 +0200] "GET /robots.txt HTTP/1.1" 404 1256 "-" "Mozilla/5.0 (compatible; TMMBot/0.2; +http://www.dslab.ch)/Nutch-1.15"
194.209.200.2 - - [23/Aug/2020:18:56:56 +0200] "GET / HTTP/1.1" 304 - "-" "Mozilla/5.0 (compatible; TMMBot/0.2; +http://www.dslab.ch)/Nutch-1.15"
194.209.200.2 - - [23/Aug/2020:19:13:41 +0200] "GET /robots.txt HTTP/1.1" 404 1256 "-" "Mozilla/5.0 (compatible; TMMBot/0.2; +http://www.dslab.ch)/Nutch-1.15"
194.209.200.2 - - [23/Aug/2020:19:13:41 +0200] "GET / HTTP/1.1" 304 - "-" "Mozilla/5.0 (compatible; TMMBot/0.2; +http://www.dslab.ch)/Nutch-1.15"
194.209.200.2 - - [23/Aug/2020:19:29:05 +0200] "GET /robots.txt HTTP/1.1" 404 1256 "-" "Mozilla/5.0 (compatible; TMMBot/0.2; +http://www.dslab.ch)/Nutch-1.15"
194.209.200.2 - - [23/Aug/2020:19:29:06 +0200] "GET / HTTP/1.1" 304 - "-" "Mozilla/5.0 (compatible; TMMBot/0.2; +http://www.dslab.ch)/Nutch-1.15"
194.209.200.2 - - [23/Aug/2020:19:44:33 +0200] "GET /robots.txt HTTP/1.1" 404 1256 "-" "Mozilla/5.0 (compatible; TMMBot/0.2; +http://www.dslab.ch)/Nutch-1.15"
194.209.200.2 - - [23/Aug/2020:19:44:33 +0200] "GET / HTTP/1.1" 304 - "-" "Mozilla/5.0 (compatible; TMMBot/0.2; +http://www.dslab.ch)/Nutch-1.15"
194.209.200.2 - - [23/Aug/2020:19:58:58 +0200] "GET /robots.txt HTTP/1.1" 404 1256 "-" "Mozilla/5.0 (compatible; TMMBot/0.2; +http://www.dslab.ch)/Nutch-1.15"
194.209.200.2 - - [23/Aug/2020:19:58:58 +0200] "GET / HTTP/1.1" 304 - "-" "Mozilla/5.0 (compatible; TMMBot/0.2; +http://www.dslab.ch)/Nutch-1.15"
194.209.200.2 - - [23/Aug/2020:20:16:04 +0200] "GET /robots.txt HTTP/1.1" 404 1256 "-" "Mozilla/5.0 (compatible; TMMBot/0.2; +http://www.dslab.ch)/Nutch-1.15"
194.209.200.2 - - [23/Aug/2020:20:16:05 +0200] "GET / HTTP/1.1" 304 - "-" "Mozilla/5.0 (compatible; TMMBot/0.2; +http://www.dslab.ch)/Nutch-1.15"
40.77.167.159 - - [23/Aug/2020:20:23:44 +0200] "GET /seiten/kontakt.php HTTP/1.1" 200 6708 "-" "Mozilla/5.0 (compatible; bingbot/2.0; +http://www.bing.com/bingbot.htm)"
64.246.161.190 - - [23/Aug/2020:20:27:11 +0200] "GET /robots.txt HTTP/1.0" 404 1256 "-" "Mozilla/5.0 (Macintosh; Intel Mac OS X 10.10; rv:59.0) Gecko/20100101 Firefox/59.0"
64.246.161.190 - - [23/Aug/2020:20:27:11 +0200] "GET / HTTP/1.1" 200 1775 "-" "Mozilla/5.0 (Macintosh; Intel Mac OS X 10.10; rv:59.0) Gecko/20100101 Firefox/59.0"
194.209.200.2 - - [23/Aug/2020:20:33:29 +0200] "GET /robots.txt HTTP/1.1" 404 1256 "-" "Mozilla/5.0 (compatible; TMMBot/0.2; +http://www.dslab.ch)/Nutch-1.15"
194.209.200.2 - - [23/Aug/2020:20:33:29 +0200] "GET / HTTP/1.1" 304 - "-" "Mozilla/5.0 (compatible; TMMBot/0.2; +http://www.dslab.ch)/Nutch-1.15"
194.209.200.2 - - [23/Aug/2020:20:50:00 +0200] "GET /robots.txt HTTP/1.1" 404 1256 "-" "Mozilla/5.0 (compatible; TMMBot/0.2; +http://www.dslab.ch)/Nutch-1.15"
194.209.200.2 - - [23/Aug/2020:20:50:00 +0200] "GET / HTTP/1.1" 304 - "-" "Mozilla/5.0 (compatible; TMMBot/0.2; +http://www.dslab.ch)/Nutch-1.15"
66.249.70.11 - - [23/Aug/2020:21:04:43 +0200] "GET / HTTP/1.1" 200 1775 "-" "Mozilla/5.0 (compatible; Googlebot/2.1; +http://www.google.com/bot.html)"
194.209.200.2 - - [23/Aug/2020:21:06:22 +0200] "GET /robots.txt HTTP/1.1" 404 1256 "-" "Mozilla/5.0 (compatible; TMMBot/0.2; +http://www.dslab.ch)/Nutch-1.15"
194.209.200.2 - - [23/Aug/2020:21:06:22 +0200] "GET / HTTP/1.1" 304 - "-" "Mozilla/5.0 (compatible; TMMBot/0.2; +http://www.dslab.ch)/Nutch-1.15"
194.209.200.2 - - [23/Aug/2020:21:22:53 +0200] "GET /robots.txt HTTP/1.1" 404 1256 "-" "Mozilla/5.0 (compatible; TMMBot/0.2; +http://www.dslab.ch)/Nutch-1.15"
194.209.200.2 - - [23/Aug/2020:21:22:53 +0200] "GET / HTTP/1.1" 304 - "-" "Mozilla/5.0 (compatible; TMMBot/0.2; +http://www.dslab.ch)/Nutch-1.15"
194.209.200.2 - - [23/Aug/2020:21:39:19 +0200] "GET /robots.txt HTTP/1.1" 404 1256 "-" "Mozilla/5.0 (compatible; TMMBot/0.2; +http://www.dslab.ch)/Nutch-1.15"
194.209.200.2 - - [23/Aug/2020:21:39:19 +0200] "GET / HTTP/1.1" 304 - "-" "Mozilla/5.0 (compatible; TMMBot/0.2; +http://www.dslab.ch)/Nutch-1.15"
194.209.200.2 - - [23/Aug/2020:21:55:47 +0200] "GET /robots.txt HTTP/1.1" 404 1256 "-" "Mozilla/5.0 (compatible; TMMBot/0.2; +http://www.dslab.ch)/Nutch-1.15"
194.209.200.2 - - [23/Aug/2020:21:55:47 +0200] "GET / HTTP/1.1" 304 - "-" "Mozilla/5.0 (compatible; TMMBot/0.2; +http://www.dslab.ch)/Nutch-1.15"
194.209.200.2 - - [23/Aug/2020:22:11:22 +0200] "GET /robots.txt HTTP/1.1" 404 1256 "-" "Mozilla/5.0 (compatible; TMMBot/0.2; +http://www.dslab.ch)/Nutch-1.15"
194.209.200.2 - - [23/Aug/2020:22:11:22 +0200] "GET / HTTP/1.1" 304 - "-" "Mozilla/5.0 (compatible; TMMBot/0.2; +http://www.dslab.ch)/Nutch-1.15"
194.209.200.2 - - [23/Aug/2020:22:34:24 +0200] "GET /robots.txt HTTP/1.1" 404 1256 "-" "Mozilla/5.0 (compatible; TMMBot/0.2; +http://www.dslab.ch)/Nutch-1.15"
194.209.200.2 - - [23/Aug/2020:22:34:24 +0200] "GET / HTTP/1.1" 304 - "-" "Mozilla/5.0 (compatible; TMMBot/0.2; +http://www.dslab.ch)/Nutch-1.15"
39.99.160.90 - - [23/Aug/2020:22:48:19 +0200] "GET /e/admin/index.php HTTP/1.1" 404 1256 "-" "Mozilla/5.0 (Windows NT 10.0; WOW64; rv:48.0) Gecko/20100101 Firefox/48.0"
194.209.200.2 - - [23/Aug/2020:22:50:50 +0200] "GET /robots.txt HTTP/1.1" 404 1256 "-" "Mozilla/5.0 (compatible; TMMBot/0.2; +http://www.dslab.ch)/Nutch-1.15"
194.209.200.2 - - [23/Aug/2020:22:50:50 +0200] "GET / HTTP/1.1" 304 - "-" "Mozilla/5.0 (compatible; TMMBot/0.2; +http://www.dslab.ch)/Nutch-1.15"
194.209.200.2 - - [23/Aug/2020:23:09:16 +0200] "GET /robots.txt HTTP/1.1" 404 1256 "-" "Mozilla/5.0 (compatible; TMMBot/0.2; +http://www.dslab.ch)/Nutch-1.15"
194.209.200.2 - - [23/Aug/2020:23:09:16 +0200] "GET / HTTP/1.1" 304 - "-" "Mozilla/5.0 (compatible; TMMBot/0.2; +http://www.dslab.ch)/Nutch-1.15"
194.209.200.2 - - [23/Aug/2020:23:25:54 +0200] "GET /robots.txt HTTP/1.1" 404 1256 "-" "Mozilla/5.0 (compatible; TMMBot/0.2; +http://www.dslab.ch)/Nutch-1.15"
194.209.200.2 - - [23/Aug/2020:23:25:54 +0200] "GET / HTTP/1.1" 304 - "-" "Mozilla/5.0 (compatible; TMMBot/0.2; +http://www.dslab.ch)/Nutch-1.15"
46.229.168.133 - - [23/Aug/2020:23:29:33 +0200] "GET /robots.txt HTTP/1.1" 404 1256 "-" "Mozilla/5.0 (compatible; SemrushBot/6~bl; +http://www.semrush.com/bot.html)"
46.229.168.138 - - [23/Aug/2020:23:29:34 +0200] "GET /seiten/ausbildung.htm HTTP/1.1" 200 2131 "-" "Mozilla/5.0 (compatible; SemrushBot/6~bl; +http://www.semrush.com/bot.html)"
194.209.200.2 - - [23/Aug/2020:23:42:46 +0200] "GET /robots.txt HTTP/1.1" 404 1256 "-" "Mozilla/5.0 (compatible; TMMBot/0.2; +http://www.dslab.ch)/Nutch-1.15"
194.209.200.2 - - [23/Aug/2020:23:42:46 +0200] "GET / HTTP/1.1" 304 - "-" "Mozilla/5.0 (compatible; TMMBot/0.2; +http://www.dslab.ch)/Nutch-1.15"
194.209.200.2 - - [23/Aug/2020:23:58:05 +0200] "GET /robots.txt HTTP/1.1" 404 1256 "-" "Mozilla/5.0 (compatible; TMMBot/0.2; +http://www.dslab.ch)/Nutch-1.15"
194.209.200.2 - - [23/Aug/2020:23:58:05 +0200] "GET / HTTP/1.1" 304 - "-" "Mozilla/5.0 (compatible; TMMBot/0.2; +http://www.dslab.ch)/Nutch-1.15"
194.209.200.2 - - [24/Aug/2020:00:14:04 +0200] "GET /robots.txt HTTP/1.1" 404 1256 "-" "Mozilla/5.0 (compatible; TMMBot/0.2; +http://www.dslab.ch)/Nutch-1.15"
194.209.200.2 - - [24/Aug/2020:00:14:04 +0200] "GET / HTTP/1.1" 304 - "-" "Mozilla/5.0 (compatible; TMMBot/0.2; +http://www.dslab.ch)/Nutch-1.15"
194.209.200.2 - - [24/Aug/2020:00:31:42 +0200] "GET /robots.txt HTTP/1.1" 404 1256 "-" "Mozilla/5.0 (compatible; TMMBot/0.2; +http://www.dslab.ch)/Nutch-1.15"
194.209.200.2 - - [24/Aug/2020:00:31:42 +0200] "GET / HTTP/1.1" 304 - "-" "Mozilla/5.0 (compatible; TMMBot/0.2; +http://www.dslab.ch)/Nutch-1.15"
194.209.200.2 - - [24/Aug/2020:00:47:58 +0200] "GET /robots.txt HTTP/1.1" 404 1256 "-" "Mozilla/5.0 (compatible; TMMBot/0.2; +http://www.dslab.ch)/Nutch-1.15"
194.209.200.2 - - [24/Aug/2020:00:47:58 +0200] "GET / HTTP/1.1" 304 - "-" "Mozilla/5.0 (compatible; TMMBot/0.2; +http://www.dslab.ch)/Nutch-1.15"
194.209.200.2 - - [24/Aug/2020:01:06:42 +0200] "GET /robots.txt HTTP/1.1" 404 1256 "-" "Mozilla/5.0 (compatible; TMMBot/0.2; +http://www.dslab.ch)/Nutch-1.15"
194.209.200.2 - - [24/Aug/2020:01:06:42 +0200] "GET / HTTP/1.1" 304 - "-" "Mozilla/5.0 (compatible; TMMBot/0.2; +http://www.dslab.ch)/Nutch-1.15"
46.229.168.161 - - [24/Aug/2020:01:20:52 +0200] "GET /robots.txt HTTP/1.1" 404 1256 "-" "Mozilla/5.0 (compatible; SemrushBot/6~bl; +http://www.semrush.com/bot.html)"
46.229.168.152 - - [24/Aug/2020:01:20:53 +0200] "GET /seiten/ausbildung2.htm HTTP/1.1" 200 4821 "-" "Mozilla/5.0 (compatible; SemrushBot/6~bl; +http://www.semrush.com/bot.html)"
194.209.200.2 - - [24/Aug/2020:01:22:26 +0200] "GET /robots.txt HTTP/1.1" 404 1256 "-" "Mozilla/5.0 (compatible; TMMBot/0.2; +http://www.dslab.ch)/Nutch-1.15"
194.209.200.2 - - [24/Aug/2020:01:22:26 +0200] "GET / HTTP/1.1" 304 - "-" "Mozilla/5.0 (compatible; TMMBot/0.2; +http://www.dslab.ch)/Nutch-1.15"
194.209.200.2 - - [24/Aug/2020:01:37:52 +0200] "GET /robots.txt HTTP/1.1" 404 1256 "-" "Mozilla/5.0 (compatible; TMMBot/0.2; +http://www.dslab.ch)/Nutch-1.15"
194.209.200.2 - - [24/Aug/2020:01:37:52 +0200] "GET / HTTP/1.1" 304 - "-" "Mozilla/5.0 (compatible; TMMBot/0.2; +http://www.dslab.ch)/Nutch-1.15"
194.209.200.2 - - [24/Aug/2020:01:53:04 +0200] "GET /robots.txt HTTP/1.1" 404 1256 "-" "Mozilla/5.0 (compatible; TMMBot/0.2; +http://www.dslab.ch)/Nutch-1.15"
194.209.200.2 - - [24/Aug/2020:01:53:04 +0200] "GET / HTTP/1.1" 304 - "-" "Mozilla/5.0 (compatible; TMMBot/0.2; +http://www.dslab.ch)/Nutch-1.15"
194.209.200.2 - - [24/Aug/2020:02:10:05 +0200] "GET /robots.txt HTTP/1.1" 404 1256 "-" "Mozilla/5.0 (compatible; TMMBot/0.2; +http://www.dslab.ch)/Nutch-1.15"
194.209.200.2 - - [24/Aug/2020:02:10:05 +0200] "GET / HTTP/1.1" 304 - "-" "Mozilla/5.0 (compatible; TMMBot/0.2; +http://www.dslab.ch)/Nutch-1.15"
194.209.200.2 - - [24/Aug/2020:02:25:00 +0200] "GET /robots.txt HTTP/1.1" 404 1256 "-" "Mozilla/5.0 (compatible; TMMBot/0.2; +http://www.dslab.ch)/Nutch-1.15"
194.209.200.2 - - [24/Aug/2020:02:25:00 +0200] "GET / HTTP/1.1" 304 - "-" "Mozilla/5.0 (compatible; TMMBot/0.2; +http://www.dslab.ch)/Nutch-1.15"
194.209.200.2 - - [24/Aug/2020:02:40:37 +0200] "GET /robots.txt HTTP/1.1" 404 1256 "-" "Mozilla/5.0 (compatible; TMMBot/0.2; +http://www.dslab.ch)/Nutch-1.15"
194.209.200.2 - - [24/Aug/2020:02:40:37 +0200] "GET / HTTP/1.1" 304 - "-" "Mozilla/5.0 (compatible; TMMBot/0.2; +http://www.dslab.ch)/Nutch-1.15"
194.209.200.2 - - [24/Aug/2020:02:56:46 +0200] "GET /robots.txt HTTP/1.1" 404 1256 "-" "Mozilla/5.0 (compatible; TMMBot/0.2; +http://www.dslab.ch)/Nutch-1.15"
194.209.200.2 - - [24/Aug/2020:02:56:47 +0200] "GET / HTTP/1.1" 304 - "-" "Mozilla/5.0 (compatible; TMMBot/0.2; +http://www.dslab.ch)/Nutch-1.15"
66.249.70.11 - - [24/Aug/2020:03:18:14 +0200] "GET /robots.txt HTTP/1.1" 404 1256 "-" "Mozilla/5.0 (compatible; Googlebot/2.1; +http://www.google.com/bot.html)"
66.249.70.9 - - [24/Aug/2020:03:18:14 +0200] "GET / HTTP/1.1" 200 1775 "-" "Mozilla/5.0 (Linux; Android 6.0.1; Nexus 5X Build/MMB29P) AppleWebKit/537.36 (KHTML, like Gecko) Chrome/80.0.3987.92 Mobile Safari/537.36 (compatible; Googlebot/2.1; +http://www.google.com/bot.html)"
194.209.200.2 - - [24/Aug/2020:03:19:43 +0200] "GET /robots.txt HTTP/1.1" 404 1256 "-" "Mozilla/5.0 (compatible; TMMBot/0.2; +http://www.dslab.ch)/Nutch-1.15"
194.209.200.2 - - [24/Aug/2020:03:19:43 +0200] "GET / HTTP/1.1" 304 - "-" "Mozilla/5.0 (compatible; TMMBot/0.2; +http://www.dslab.ch)/Nutch-1.15"
194.209.200.2 - - [24/Aug/2020:03:40:43 +0200] "GET /robots.txt HTTP/1.1" 404 1256 "-" "Mozilla/5.0 (compatible; TMMBot/0.2; +http://www.dslab.ch)/Nutch-1.15"
194.209.200.2 - - [24/Aug/2020:03:40:43 +0200] "GET / HTTP/1.1" 304 - "-" "Mozilla/5.0 (compatible; TMMBot/0.2; +http://www.dslab.ch)/Nutch-1.15"
194.209.200.2 - - [24/Aug/2020:03:56:14 +0200] "GET /robots.txt HTTP/1.1" 404 1256 "-" "Mozilla/5.0 (compatible; TMMBot/0.2; +http://www.dslab.ch)/Nutch-1.15"
194.209.200.2 - - [24/Aug/2020:03:56:14 +0200] "GET / HTTP/1.1" 304 - "-" "Mozilla/5.0 (compatible; TMMBot/0.2; +http://www.dslab.ch)/Nutch-1.15"
194.209.200.2 - - [24/Aug/2020:04:12:39 +0200] "GET /robots.txt HTTP/1.1" 404 1256 "-" "Mozilla/5.0 (compatible; TMMBot/0.2; +http://www.dslab.ch)/Nutch-1.15"
194.209.200.2 - - [24/Aug/2020:04:12:39 +0200] "GET / HTTP/1.1" 304 - "-" "Mozilla/5.0 (compatible; TMMBot/0.2; +http://www.dslab.ch)/Nutch-1.15"
54.36.149.96 - - [24/Aug/2020:04:33:02 +0200] "GET /robots.txt HTTP/1.1" 404 1256 "-" "Mozilla/5.0 (compatible; AhrefsBot/6.1; +http://ahrefs.com/robot/)"
194.209.200.2 - - [24/Aug/2020:04:35:53 +0200] "GET /robots.txt HTTP/1.1" 404 1256 "-" "Mozilla/5.0 (compatible; TMMBot/0.2; +http://www.dslab.ch)/Nutch-1.15"
194.209.200.2 - - [24/Aug/2020:04:35:53 +0200] "GET / HTTP/1.1" 304 - "-" "Mozilla/5.0 (compatible; TMMBot/0.2; +http://www.dslab.ch)/Nutch-1.15"
194.209.200.2 - - [24/Aug/2020:04:51:20 +0200] "GET /robots.txt HTTP/1.1" 404 1256 "-" "Mozilla/5.0 (compatible; TMMBot/0.2; +http://www.dslab.ch)/Nutch-1.15"
194.209.200.2 - - [24/Aug/2020:04:51:20 +0200] "GET / HTTP/1.1" 304 - "-" "Mozilla/5.0 (compatible; TMMBot/0.2; +http://www.dslab.ch)/Nutch-1.15"
194.209.200.2 - - [24/Aug/2020:05:07:50 +0200] "GET /robots.txt HTTP/1.1" 404 1256 "-" "Mozilla/5.0 (compatible; TMMBot/0.2; +http://www.dslab.ch)/Nutch-1.15"
194.209.200.2 - - [24/Aug/2020:05:07:50 +0200] "GET / HTTP/1.1" 304 - "-" "Mozilla/5.0 (compatible; TMMBot/0.2; +http://www.dslab.ch)/Nutch-1.15"
194.209.200.2 - - [24/Aug/2020:05:23:38 +0200] "GET /robots.txt HTTP/1.1" 404 1256 "-" "Mozilla/5.0 (compatible; TMMBot/0.2; +http://www.dslab.ch)/Nutch-1.15"
194.209.200.2 - - [24/Aug/2020:05:23:38 +0200] "GET / HTTP/1.1" 304 - "-" "Mozilla/5.0 (compatible; TMMBot/0.2; +http://www.dslab.ch)/Nutch-1.15"
194.209.200.2 - - [24/Aug/2020:05:40:50 +0200] "GET /robots.txt HTTP/1.1" 404 1256 "-" "Mozilla/5.0 (compatible; TMMBot/0.2; +http://www.dslab.ch)/Nutch-1.15"
194.209.200.2 - - [24/Aug/2020:05:40:50 +0200] "GET / HTTP/1.1" 304 - "-" "Mozilla/5.0 (compatible; TMMBot/0.2; +http://www.dslab.ch)/Nutch-1.15"
194.209.200.2 - - [24/Aug/2020:05:56:33 +0200] "GET /robots.txt HTTP/1.1" 404 1256 "-" "Mozilla/5.0 (compatible; TMMBot/0.2; +http://www.dslab.ch)/Nutch-1.15"
194.209.200.2 - - [24/Aug/2020:05:56:33 +0200] "GET / HTTP/1.1" 304 - "-" "Mozilla/5.0 (compatible; TMMBot/0.2; +http://www.dslab.ch)/Nutch-1.15"
194.209.200.2 - - [24/Aug/2020:06:12:04 +0200] "GET /robots.txt HTTP/1.1" 404 1256 "-" "Mozilla/5.0 (compatible; TMMBot/0.2; +http://www.dslab.ch)/Nutch-1.15"
194.209.200.2 - - [24/Aug/2020:06:12:04 +0200] "GET / HTTP/1.1" 304 - "-" "Mozilla/5.0 (compatible; TMMBot/0.2; +http://www.dslab.ch)/Nutch-1.15"
194.209.200.2 - - [24/Aug/2020:06:28:35 +0200] "GET /robots.txt HTTP/1.1" 404 1256 "-" "Mozilla/5.0 (compatible; TMMBot/0.2; +http://www.dslab.ch)/Nutch-1.15"
194.209.200.2 - - [24/Aug/2020:06:28:35 +0200] "GET / HTTP/1.1" 304 - "-" "Mozilla/5.0 (compatible; TMMBot/0.2; +http://www.dslab.ch)/Nutch-1.15"
66.249.70.9 - - [24/Aug/2020:06:30:23 +0200] "GET / HTTP/1.1" 200 1775 "-" "Mozilla/5.0 (compatible; Googlebot/2.1; +http://www.google.com/bot.html)"
194.209.200.2 - - [24/Aug/2020:06:44:33 +0200] "GET /robots.txt HTTP/1.1" 404 1256 "-" "Mozilla/5.0 (compatible; TMMBot/0.2; +http://www.dslab.ch)/Nutch-1.15"
194.209.200.2 - - [24/Aug/2020:06:44:33 +0200] "GET / HTTP/1.1" 304 - "-" "Mozilla/5.0 (compatible; TMMBot/0.2; +http://www.dslab.ch)/Nutch-1.15"
95.216.96.243 - - [24/Aug/2020:06:56:41 +0200] "GET /robots.txt HTTP/1.1" 404 1256 "-" "Mozilla/5.0 (compatible; SEOkicks; +https://www.seokicks.de/robot.html)"
95.216.96.243 - - [24/Aug/2020:06:56:42 +0200] "GET / HTTP/1.1" 200 1775 "-" "Mozilla/5.0 (compatible; SEOkicks; +https://www.seokicks.de/robot.html)"
95.216.96.243 - - [24/Aug/2020:06:56:43 +0200] "GET /seiten/start.htm HTTP/1.1" 200 9376 "http://www.frb-berlin.de/" "Mozilla/5.0 (compatible; SEOkicks; +https://www.seokicks.de/robot.html)"
95.216.96.243 - - [24/Aug/2020:06:56:44 +0200] "GET /seiten/main.htm HTTP/1.1" 200 2496 "http://www.frb-berlin.de/seiten/start.htm" "Mozilla/5.0 (compatible; SEOkicks; +https://www.seokicks.de/robot.html)"
95.216.96.243 - - [24/Aug/2020:06:56:46 +0200] "GET /seiten/ueber_uns.htm HTTP/1.1" 200 2081 "http://www.frb-berlin.de/seiten/start.htm" "Mozilla/5.0 (compatible; SEOkicks; +https://www.seokicks.de/robot.html)"
95.216.96.243 - - [24/Aug/2020:06:56:47 +0200] "GET /seiten/ausbildung.htm HTTP/1.1" 200 2131 "http://www.frb-berlin.de/seiten/start.htm" "Mozilla/5.0 (compatible; SEOkicks; +https://www.seokicks.de/robot.html)"
95.216.96.243 - - [24/Aug/2020:06:56:48 +0200] "GET /seiten/leistungen.htm HTTP/1.1" 200 3710 "http://www.frb-berlin.de/seiten/start.htm" "Mozilla/5.0 (compatible; SEOkicks; +https://www.seokicks.de/robot.html)"
95.216.96.243 - - [24/Aug/2020:06:56:50 +0200] "GET /seiten/referenzen.htm HTTP/1.1" 200 3626 "http://www.frb-berlin.de/seiten/start.htm" "Mozilla/5.0 (compatible; SEOkicks; +https://www.seokicks.de/robot.html)"
95.216.96.243 - - [24/Aug/2020:06:56:51 +0200] "GET /seiten/kontakt.php HTTP/1.1" 200 6708 "http://www.frb-berlin.de/seiten/start.htm" "Mozilla/5.0 (compatible; SEOkicks; +https://www.seokicks.de/robot.html)"
95.216.96.243 - - [24/Aug/2020:06:56:53 +0200] "GET /seiten/links.htm HTTP/1.1" 200 1543 "http://www.frb-berlin.de/seiten/start.htm" "Mozilla/5.0 (compatible; SEOkicks; +https://www.seokicks.de/robot.html)"
194.209.200.2 - - [24/Aug/2020:07:00:32 +0200] "GET /robots.txt HTTP/1.1" 404 1256 "-" "Mozilla/5.0 (compatible; TMMBot/0.2; +http://www.dslab.ch)/Nutch-1.15"
194.209.200.2 - - [24/Aug/2020:07:00:32 +0200] "GET / HTTP/1.1" 304 - "-" "Mozilla/5.0 (compatible; TMMBot/0.2; +http://www.dslab.ch)/Nutch-1.15"
23.129.64.197 - - [24/Aug/2020:07:01:10 +0200] "GET / HTTP/1.1" 200 1775 "-" "Mozilla/5.0 (Windows NT 6.1; rv:52.0) Gecko/20100101 Firefox/52.0"
194.209.200.2 - - [24/Aug/2020:07:21:19 +0200] "GET /robots.txt HTTP/1.1" 404 1256 "-" "Mozilla/5.0 (compatible; TMMBot/0.2; +http://www.dslab.ch)/Nutch-1.15"
194.209.200.2 - - [24/Aug/2020:07:21:19 +0200] "GET / HTTP/1.1" 304 - "-" "Mozilla/5.0 (compatible; TMMBot/0.2; +http://www.dslab.ch)/Nutch-1.15"
212.99.44.81 - - [24/Aug/2020:07:25:13 +0200] "GET /robots.txt HTTP/1.1" 404 1256 "-" "Sidetrade indexer bot"
212.99.44.81 - - [24/Aug/2020:07:25:13 +0200] "GET / HTTP/1.1" 200 1775 "-" "Sidetrade indexer bot"
212.99.44.81 - - [24/Aug/2020:07:25:18 +0200] "GET /seiten/start.htm HTTP/1.1" 200 9376 "-" "Sidetrade indexer bot"
212.99.44.81 - - [24/Aug/2020:07:25:23 +0200] "GET /seiten/impressum.htm HTTP/1.1" 200 4643 "-" "Sidetrade indexer bot"
212.99.44.81 - - [24/Aug/2020:07:25:28 +0200] "GET /seiten/ueber_uns.htm HTTP/1.1" 200 2081 "-" "Sidetrade indexer bot"
212.99.44.81 - - [24/Aug/2020:07:25:33 +0200] "GET /seiten/ausbildung.htm HTTP/1.1" 200 2131 "-" "Sidetrade indexer bot"
212.99.44.81 - - [24/Aug/2020:07:25:38 +0200] "GET /seiten/links.htm HTTP/1.1" 200 1543 "-" "Sidetrade indexer bot"
212.99.44.81 - - [24/Aug/2020:07:25:43 +0200] "GET /seiten/referenzen.htm HTTP/1.1" 200 3626 "-" "Sidetrade indexer bot"
212.99.44.81 - - [24/Aug/2020:07:25:48 +0200] "GET /seiten/main.htm HTTP/1.1" 200 2496 "-" "Sidetrade indexer bot"
212.99.44.81 - - [24/Aug/2020:07:25:53 +0200] "GET /seiten/kontakt.php HTTP/1.1" 200 6708 "-" "Sidetrade indexer bot"
212.99.44.81 - - [24/Aug/2020:07:25:59 +0200] "GET /seiten/leistungen.htm HTTP/1.1" 200 3710 "-" "Sidetrade indexer bot"
39.99.160.90 - - [24/Aug/2020:07:44:53 +0200] "GET /css/album.css HTTP/1.1" 404 1256 "-" "Mozilla/5.0 (Windows NT 10.0; WOW64; rv:48.0) Gecko/20100101 Firefox/48.0"
194.209.200.2 - - [24/Aug/2020:07:45:23 +0200] "GET /robots.txt HTTP/1.1" 404 1256 "-" "Mozilla/5.0 (compatible; TMMBot/0.2; +http://www.dslab.ch)/Nutch-1.15"
194.209.200.2 - - [24/Aug/2020:07:45:23 +0200] "GET / HTTP/1.1" 304 - "-" "Mozilla/5.0 (compatible; TMMBot/0.2; +http://www.dslab.ch)/Nutch-1.15"
194.209.200.2 - - [24/Aug/2020:08:03:51 +0200] "GET /robots.txt HTTP/1.1" 404 1256 "-" "Mozilla/5.0 (compatible; TMMBot/0.2; +http://www.dslab.ch)/Nutch-1.15"
194.209.200.2 - - [24/Aug/2020:08:03:51 +0200] "GET / HTTP/1.1" 304 - "-" "Mozilla/5.0 (compatible; TMMBot/0.2; +http://www.dslab.ch)/Nutch-1.15"
194.209.200.2 - - [24/Aug/2020:08:28:49 +0200] "GET /robots.txt HTTP/1.1" 404 1256 "-" "Mozilla/5.0 (compatible; TMMBot/0.2; +http://www.dslab.ch)/Nutch-1.15"
194.209.200.2 - - [24/Aug/2020:08:28:49 +0200] "GET / HTTP/1.1" 304 - "-" "Mozilla/5.0 (compatible; TMMBot/0.2; +http://www.dslab.ch)/Nutch-1.15"
194.209.200.2 - - [24/Aug/2020:08:53:08 +0200] "GET /robots.txt HTTP/1.1" 404 1256 "-" "Mozilla/5.0 (compatible; TMMBot/0.2; +http://www.dslab.ch)/Nutch-1.15"
194.209.200.2 - - [24/Aug/2020:08:53:09 +0200] "GET / HTTP/1.1" 304 - "-" "Mozilla/5.0 (compatible; TMMBot/0.2; +http://www.dslab.ch)/Nutch-1.15"
194.209.200.2 - - [24/Aug/2020:09:08:08 +0200] "GET /robots.txt HTTP/1.1" 404 1256 "-" "Mozilla/5.0 (compatible; TMMBot/0.2; +http://www.dslab.ch)/Nutch-1.15"
194.209.200.2 - - [24/Aug/2020:09:08:08 +0200] "GET / HTTP/1.1" 304 - "-" "Mozilla/5.0 (compatible; TMMBot/0.2; +http://www.dslab.ch)/Nutch-1.15"
34.74.12.82 - - [24/Aug/2020:09:24:43 +0200] "GET /robots.txt HTTP/1.0" 404 1256 "-" "ZoominfoBot (zoominfobot at zoominfo dot com)"
34.74.12.82 - - [24/Aug/2020:09:24:43 +0200] "GET / HTTP/1.0" 200 1775 "-" "ZoominfoBot (zoominfobot at zoominfo dot com)"
194.209.200.2 - - [24/Aug/2020:09:38:53 +0200] "GET /robots.txt HTTP/1.1" 404 1256 "-" "Mozilla/5.0 (compatible; TMMBot/0.2; +http://www.dslab.ch)/Nutch-1.15"
194.209.200.2 - - [24/Aug/2020:09:38:53 +0200] "GET / HTTP/1.1" 304 - "-" "Mozilla/5.0 (compatible; TMMBot/0.2; +http://www.dslab.ch)/Nutch-1.15"
194.209.200.2 - - [24/Aug/2020:09:54:14 +0200] "GET /robots.txt HTTP/1.1" 404 1256 "-" "Mozilla/5.0 (compatible; TMMBot/0.2; +http://www.dslab.ch)/Nutch-1.15"
194.209.200.2 - - [24/Aug/2020:09:54:14 +0200] "GET / HTTP/1.1" 304 - "-" "Mozilla/5.0 (compatible; TMMBot/0.2; +http://www.dslab.ch)/Nutch-1.15"
213.61.218.67 - - [24/Aug/2020:10:05:45 +0200] "GET /robots.txt HTTP/1.1" 404 1256 "-" "Jobsearch1.5"
213.61.218.67 - - [24/Aug/2020:10:05:45 +0200] "GET /seiten/ausbildung.htm HTTP/1.1" 200 2131 "-" "Jobsearch1.5"
194.209.200.2 - - [24/Aug/2020:10:09:10 +0200] "GET /robots.txt HTTP/1.1" 404 1256 "-" "Mozilla/5.0 (compatible; TMMBot/0.2; +http://www.dslab.ch)/Nutch-1.15"
194.209.200.2 - - [24/Aug/2020:10:09:10 +0200] "GET / HTTP/1.1" 304 - "-" "Mozilla/5.0 (compatible; TMMBot/0.2; +http://www.dslab.ch)/Nutch-1.15"
95.216.96.243 - - [24/Aug/2020:10:29:28 +0200] "GET /seiten/impressum.htm HTTP/1.1" 200 4643 "http://www.frb-berlin.de/seiten/start.htm" "Mozilla/5.0 (compatible; SEOkicks; +https://www.seokicks.de/robot.html)"
95.216.96.243 - - [24/Aug/2020:10:29:29 +0200] "GET /seiten/ausbildung2.htm HTTP/1.1" 200 4821 "http://www.frb-berlin.de/seiten/ausbildung.htm" "Mozilla/5.0 (compatible; SEOkicks; +https://www.seokicks.de/robot.html)"
95.216.96.243 - - [24/Aug/2020:10:29:30 +0200] "GET /seiten/ausbildung3.htm HTTP/1.1" 200 6331 "http://www.frb-berlin.de/seiten/ausbildung.htm" "Mozilla/5.0 (compatible; SEOkicks; +https://www.seokicks.de/robot.html)"
95.216.96.243 - - [24/Aug/2020:10:29:32 +0200] "GET /seiten/referenzen_maler.htm HTTP/1.1" 200 51839 "http://www.frb-berlin.de/seiten/referenzen.htm" "Mozilla/5.0 (compatible; SEOkicks; +https://www.seokicks.de/robot.html)"
95.216.96.243 - - [24/Aug/2020:10:29:34 +0200] "GET /seiten/referenzen_waerme.htm HTTP/1.1" 200 35661 "http://www.frb-berlin.de/seiten/referenzen.htm" "Mozilla/5.0 (compatible; SEOkicks; +https://www.seokicks.de/robot.html)"
95.216.96.243 - - [24/Aug/2020:10:29:36 +0200] "GET /seiten/referenzen_beton.htm HTTP/1.1" 200 8747 "http://www.frb-berlin.de/seiten/referenzen.htm" "Mozilla/5.0 (compatible; SEOkicks; +https://www.seokicks.de/robot.html)"
194.209.200.2 - - [24/Aug/2020:10:42:56 +0200] "GET /robots.txt HTTP/1.1" 404 1256 "-" "Mozilla/5.0 (compatible; TMMBot/0.2; +http://www.dslab.ch)/Nutch-1.15"
194.209.200.2 - - [24/Aug/2020:10:42:56 +0200] "GET / HTTP/1.1" 304 - "-" "Mozilla/5.0 (compatible; TMMBot/0.2; +http://www.dslab.ch)/Nutch-1.15"
194.209.200.2 - - [24/Aug/2020:10:57:24 +0200] "GET /robots.txt HTTP/1.1" 404 1256 "-" "Mozilla/5.0 (compatible; TMMBot/0.2; +http://www.dslab.ch)/Nutch-1.15"
194.209.200.2 - - [24/Aug/2020:10:57:24 +0200] "GET / HTTP/1.1" 304 - "-" "Mozilla/5.0 (compatible; TMMBot/0.2; +http://www.dslab.ch)/Nutch-1.15"
194.209.200.2 - - [24/Aug/2020:11:13:15 +0200] "GET /robots.txt HTTP/1.1" 404 1256 "-" "Mozilla/5.0 (compatible; TMMBot/0.2; +http://www.dslab.ch)/Nutch-1.15"
194.209.200.2 - - [24/Aug/2020:11:13:15 +0200] "GET / HTTP/1.1" 304 - "-" "Mozilla/5.0 (compatible; TMMBot/0.2; +http://www.dslab.ch)/Nutch-1.15"
194.209.200.2 - - [24/Aug/2020:11:46:42 +0200] "GET /robots.txt HTTP/1.1" 404 1256 "-" "Mozilla/5.0 (compatible; TMMBot/0.2; +http://www.dslab.ch)/Nutch-1.15"
194.209.200.2 - - [24/Aug/2020:11:46:42 +0200] "GET / HTTP/1.1" 304 - "-" "Mozilla/5.0 (compatible; TMMBot/0.2; +http://www.dslab.ch)/Nutch-1.15"
194.209.200.2 - - [24/Aug/2020:12:01:27 +0200] "GET /robots.txt HTTP/1.1" 404 1256 "-" "Mozilla/5.0 (compatible; TMMBot/0.2; +http://www.dslab.ch)/Nutch-1.15"
194.209.200.2 - - [24/Aug/2020:12:01:27 +0200] "GET / HTTP/1.1" 304 - "-" "Mozilla/5.0 (compatible; TMMBot/0.2; +http://www.dslab.ch)/Nutch-1.15"
194.209.200.2 - - [24/Aug/2020:12:24:21 +0200] "GET /robots.txt HTTP/1.1" 404 1256 "-" "Mozilla/5.0 (compatible; TMMBot/0.2; +http://www.dslab.ch)/Nutch-1.15"
194.209.200.2 - - [24/Aug/2020:12:24:21 +0200] "GET / HTTP/1.1" 304 - "-" "Mozilla/5.0 (compatible; TMMBot/0.2; +http://www.dslab.ch)/Nutch-1.15"
66.249.70.11 - - [24/Aug/2020:12:34:17 +0200] "GET /img/1px.gif HTTP/1.1" 304 - "-" "Googlebot-Image/1.0"
194.209.200.2 - - [24/Aug/2020:12:40:39 +0200] "GET /robots.txt HTTP/1.1" 404 1256 "-" "Mozilla/5.0 (compatible; TMMBot/0.2; +http://www.dslab.ch)/Nutch-1.15"
194.209.200.2 - - [24/Aug/2020:12:40:39 +0200] "GET / HTTP/1.1" 304 - "-" "Mozilla/5.0 (compatible; TMMBot/0.2; +http://www.dslab.ch)/Nutch-1.15"
194.209.200.2 - - [24/Aug/2020:12:58:03 +0200] "GET /robots.txt HTTP/1.1" 404 1256 "-" "Mozilla/5.0 (compatible; TMMBot/0.2; +http://www.dslab.ch)/Nutch-1.15"
194.209.200.2 - - [24/Aug/2020:12:58:03 +0200] "GET / HTTP/1.1" 304 - "-" "Mozilla/5.0 (compatible; TMMBot/0.2; +http://www.dslab.ch)/Nutch-1.15"
194.173.174.10 - - [24/Aug/2020:12:59:51 +0200] "HEAD / HTTP/1.1" 200 - "-" "Mozilla/5.0 (Windows NT 6.3; WOW64) AppleWebKit/537.36 (KHTML, like Gecko) Chrome/43.0.2357.134 Safari/537.36"
194.173.174.10 - - [24/Aug/2020:13:01:27 +0200] "HEAD / HTTP/1.1" 200 - "-" "Mozilla/5.0 (Windows NT 6.3; WOW64) AppleWebKit/537.36 (KHTML, like Gecko) Chrome/43.0.2357.134 Safari/537.36"
194.209.200.2 - - [24/Aug/2020:13:25:19 +0200] "GET /robots.txt HTTP/1.1" 404 1256 "-" "Mozilla/5.0 (compatible; TMMBot/0.2; +http://www.dslab.ch)/Nutch-1.15"
194.209.200.2 - - [24/Aug/2020:13:25:19 +0200] "GET / HTTP/1.1" 304 - "-" "Mozilla/5.0 (compatible; TMMBot/0.2; +http://www.dslab.ch)/Nutch-1.15"
69.174.91.32 - - [24/Aug/2020:13:32:25 +0200] "GET / HTTP/1.1" 200 1775 "-" "Mozilla/5.0 (Windows NT 6.1; WOW64; Trident/7.0; rv:11.0) like Gecko"
194.209.200.2 - - [24/Aug/2020:13:41:32 +0200] "GET /robots.txt HTTP/1.1" 404 1256 "-" "Mozilla/5.0 (compatible; TMMBot/0.2; +http://www.dslab.ch)/Nutch-1.15"
194.209.200.2 - - [24/Aug/2020:13:41:32 +0200] "GET / HTTP/1.1" 304 - "-" "Mozilla/5.0 (compatible; TMMBot/0.2; +http://www.dslab.ch)/Nutch-1.15"
194.209.200.2 - - [24/Aug/2020:13:58:18 +0200] "GET /robots.txt HTTP/1.1" 404 1256 "-" "Mozilla/5.0 (compatible; TMMBot/0.2; +http://www.dslab.ch)/Nutch-1.15"
194.209.200.2 - - [24/Aug/2020:13:58:18 +0200] "GET / HTTP/1.1" 304 - "-" "Mozilla/5.0 (compatible; TMMBot/0.2; +http://www.dslab.ch)/Nutch-1.15"
194.209.200.2 - - [24/Aug/2020:14:17:24 +0200] "GET /robots.txt HTTP/1.1" 404 1256 "-" "Mozilla/5.0 (compatible; TMMBot/0.2; +http://www.dslab.ch)/Nutch-1.15"
194.209.200.2 - - [24/Aug/2020:14:17:24 +0200] "GET / HTTP/1.1" 304 - "-" "Mozilla/5.0 (compatible; TMMBot/0.2; +http://www.dslab.ch)/Nutch-1.15"
194.209.200.2 - - [24/Aug/2020:14:35:42 +0200] "GET /robots.txt HTTP/1.1" 404 1256 "-" "Mozilla/5.0 (compatible; TMMBot/0.2; +http://www.dslab.ch)/Nutch-1.15"
194.209.200.2 - - [24/Aug/2020:14:35:42 +0200] "GET / HTTP/1.1" 304 - "-" "Mozilla/5.0 (compatible; TMMBot/0.2; +http://www.dslab.ch)/Nutch-1.15"
194.209.200.2 - - [24/Aug/2020:14:52:01 +0200] "GET /robots.txt HTTP/1.1" 404 1256 "-" "Mozilla/5.0 (compatible; TMMBot/0.2; +http://www.dslab.ch)/Nutch-1.15"
194.209.200.2 - - [24/Aug/2020:14:52:01 +0200] "GET / HTTP/1.1" 304 - "-" "Mozilla/5.0 (compatible; TMMBot/0.2; +http://www.dslab.ch)/Nutch-1.15"
194.209.200.2 - - [24/Aug/2020:15:06:48 +0200] "GET /robots.txt HTTP/1.1" 404 1256 "-" "Mozilla/5.0 (compatible; TMMBot/0.2; +http://www.dslab.ch)/Nutch-1.15"
194.209.200.2 - - [24/Aug/2020:15:06:48 +0200] "GET / HTTP/1.1" 304 - "-" "Mozilla/5.0 (compatible; TMMBot/0.2; +http://www.dslab.ch)/Nutch-1.15"
84.183.214.86 - - [24/Aug/2020:15:19:57 +0200] "GET / HTTP/1.1" 200 1775 "-" "Mozilla/5.0 (Macintosh; Intel Mac OS X 10_13_4) AppleWebKit/605.1.15 (KHTML, like Gecko)"
84.183.214.86 - - [24/Aug/2020:15:19:57 +0200] "GET /apple-touch-icon-precomposed.png HTTP/1.1" 404 1256 "-" "Safari/13605.1.33.1.2 CFNetwork/897.15 Darwin/17.5.0 (x86_64)"
84.183.214.86 - - [24/Aug/2020:15:19:57 +0200] "GET /apple-touch-icon.png HTTP/1.1" 404 1256 "-" "Safari/13605.1.33.1.2 CFNetwork/897.15 Darwin/17.5.0 (x86_64)"
84.183.214.86 - - [24/Aug/2020:15:19:57 +0200] "GET /favicon.ico HTTP/1.1" 404 1256 "-" "Safari/13605.1.33.1.2 CFNetwork/897.15 Darwin/17.5.0 (x86_64)"
84.183.214.86 - - [24/Aug/2020:15:19:57 +0200] "GET /apple-touch-icon-precomposed.png HTTP/1.1" 404 1256 "-" "Safari/13605.1.33.1.2 CFNetwork/897.15 Darwin/17.5.0 (x86_64)"
84.183.214.86 - - [24/Aug/2020:15:19:57 +0200] "GET /apple-touch-icon.png HTTP/1.1" 404 1256 "-" "Safari/13605.1.33.1.2 CFNetwork/897.15 Darwin/17.5.0 (x86_64)"
84.183.214.86 - - [24/Aug/2020:15:19:57 +0200] "GET /favicon.ico HTTP/1.1" 404 1256 "-" "Safari/13605.1.33.1.2 CFNetwork/897.15 Darwin/17.5.0 (x86_64)"
84.183.214.86 - - [24/Aug/2020:15:19:57 +0200] "GET / HTTP/1.1" 200 1775 "-" "\"Mozilla/5.0 (iPhone; CPU iPhone OS 11_0 like Mac OS X) AppleWebKit/604.1.38 (KHTML, like Gecko) Version/11.0 Mobile/15A372 Safari/604.1\""
84.183.214.86 - - [24/Aug/2020:15:19:57 +0200] "GET /apple-touch-icon-precomposed.png HTTP/1.1" 404 1256 "-" "Safari/13605.1.33.1.2 CFNetwork/897.15 Darwin/17.5.0 (x86_64)"
84.183.214.86 - - [24/Aug/2020:15:19:57 +0200] "GET /apple-touch-icon.png HTTP/1.1" 404 1256 "-" "Safari/13605.1.33.1.2 CFNetwork/897.15 Darwin/17.5.0 (x86_64)"
84.183.214.86 - - [24/Aug/2020:15:19:57 +0200] "GET /favicon.ico HTTP/1.1" 404 1256 "-" "Safari/13605.1.33.1.2 CFNetwork/897.15 Darwin/17.5.0 (x86_64)"
84.183.214.86 - - [24/Aug/2020:15:19:57 +0200] "GET /apple-touch-icon-precomposed.png HTTP/1.1" 404 1256 "-" "Safari/13605.1.33.1.2 CFNetwork/897.15 Darwin/17.5.0 (x86_64)"
84.183.214.86 - - [24/Aug/2020:15:19:57 +0200] "GET /apple-touch-icon.png HTTP/1.1" 404 1256 "-" "Safari/13605.1.33.1.2 CFNetwork/897.15 Darwin/17.5.0 (x86_64)"
84.183.214.86 - - [24/Aug/2020:15:19:57 +0200] "GET /favicon.ico HTTP/1.1" 404 1256 "-" "Safari/13605.1.33.1.2 CFNetwork/897.15 Darwin/17.5.0 (x86_64)"
194.209.200.2 - - [24/Aug/2020:15:25:04 +0200] "GET /robots.txt HTTP/1.1" 404 1256 "-" "Mozilla/5.0 (compatible; TMMBot/0.2; +http://www.dslab.ch)/Nutch-1.15"
194.209.200.2 - - [24/Aug/2020:15:25:04 +0200] "GET / HTTP/1.1" 304 - "-" "Mozilla/5.0 (compatible; TMMBot/0.2; +http://www.dslab.ch)/Nutch-1.15"
194.209.200.2 - - [24/Aug/2020:15:42:19 +0200] "GET /robots.txt HTTP/1.1" 404 1256 "-" "Mozilla/5.0 (compatible; TMMBot/0.2; +http://www.dslab.ch)/Nutch-1.15"
194.209.200.2 - - [24/Aug/2020:15:42:19 +0200] "GET / HTTP/1.1" 304 - "-" "Mozilla/5.0 (compatible; TMMBot/0.2; +http://www.dslab.ch)/Nutch-1.15"
194.209.200.2 - - [24/Aug/2020:15:57:32 +0200] "GET /robots.txt HTTP/1.1" 404 1256 "-" "Mozilla/5.0 (compatible; TMMBot/0.2; +http://www.dslab.ch)/Nutch-1.15"
194.209.200.2 - - [24/Aug/2020:15:57:32 +0200] "GET / HTTP/1.1" 304 - "-" "Mozilla/5.0 (compatible; TMMBot/0.2; +http://www.dslab.ch)/Nutch-1.15"
35.196.188.117 - - [24/Aug/2020:16:06:30 +0200] "GET /robots.txt HTTP/1.0" 404 1256 "-" "ZoominfoBot (zoominfobot at zoominfo dot com)"
35.196.188.117 - - [24/Aug/2020:16:06:30 +0200] "GET /seiten/start.htm HTTP/1.0" 200 9376 "-" "ZoominfoBot (zoominfobot at zoominfo dot com)"
194.209.200.2 - - [24/Aug/2020:16:13:47 +0200] "GET /robots.txt HTTP/1.1" 404 1256 "-" "Mozilla/5.0 (compatible; TMMBot/0.2; +http://www.dslab.ch)/Nutch-1.15"
194.209.200.2 - - [24/Aug/2020:16:13:47 +0200] "GET / HTTP/1.1" 304 - "-" "Mozilla/5.0 (compatible; TMMBot/0.2; +http://www.dslab.ch)/Nutch-1.15"
194.209.200.2 - - [24/Aug/2020:16:32:37 +0200] "GET /robots.txt HTTP/1.1" 404 1256 "-" "Mozilla/5.0 (compatible; TMMBot/0.2; +http://www.dslab.ch)/Nutch-1.15"
194.209.200.2 - - [24/Aug/2020:16:32:37 +0200] "GET / HTTP/1.1" 304 - "-" "Mozilla/5.0 (compatible; TMMBot/0.2; +http://www.dslab.ch)/Nutch-1.15"
194.209.200.2 - - [24/Aug/2020:16:48:15 +0200] "GET /robots.txt HTTP/1.1" 404 1256 "-" "Mozilla/5.0 (compatible; TMMBot/0.2; +http://www.dslab.ch)/Nutch-1.15"
194.209.200.2 - - [24/Aug/2020:16:48:15 +0200] "GET / HTTP/1.1" 304 - "-" "Mozilla/5.0 (compatible; TMMBot/0.2; +http://www.dslab.ch)/Nutch-1.15"
194.209.200.2 - - [24/Aug/2020:17:04:56 +0200] "GET /robots.txt HTTP/1.1" 404 1256 "-" "Mozilla/5.0 (compatible; TMMBot/0.2; +http://www.dslab.ch)/Nutch-1.15"
194.209.200.2 - - [24/Aug/2020:17:04:56 +0200] "GET / HTTP/1.1" 304 - "-" "Mozilla/5.0 (compatible; TMMBot/0.2; +http://www.dslab.ch)/Nutch-1.15"
194.209.200.2 - - [24/Aug/2020:17:23:19 +0200] "GET /robots.txt HTTP/1.1" 404 1256 "-" "Mozilla/5.0 (compatible; TMMBot/0.2; +http://www.dslab.ch)/Nutch-1.15"
194.209.200.2 - - [24/Aug/2020:17:23:19 +0200] "GET / HTTP/1.1" 304 - "-" "Mozilla/5.0 (compatible; TMMBot/0.2; +http://www.dslab.ch)/Nutch-1.15"
194.209.200.2 - - [24/Aug/2020:17:41:38 +0200] "GET /robots.txt HTTP/1.1" 404 1256 "-" "Mozilla/5.0 (compatible; TMMBot/0.2; +http://www.dslab.ch)/Nutch-1.15"
194.209.200.2 - - [24/Aug/2020:17:41:38 +0200] "GET / HTTP/1.1" 304 - "-" "Mozilla/5.0 (compatible; TMMBot/0.2; +http://www.dslab.ch)/Nutch-1.15"
66.249.70.9 - - [24/Aug/2020:17:51:31 +0200] "GET /robots.txt HTTP/1.1" 404 1256 "-" "Mozilla/5.0 (compatible; Googlebot/2.1; +http://www.google.com/bot.html)"
66.249.70.9 - - [24/Aug/2020:17:51:32 +0200] "GET / HTTP/1.1" 200 1775 "-" "Mozilla/5.0 (Linux; Android 6.0.1; Nexus 5X Build/MMB29P) AppleWebKit/537.36 (KHTML, like Gecko) Chrome/80.0.3987.92 Mobile Safari/537.36 (compatible; Googlebot/2.1; +http://www.google.com/bot.html)"
194.209.200.2 - - [24/Aug/2020:17:57:56 +0200] "GET /robots.txt HTTP/1.1" 404 1256 "-" "Mozilla/5.0 (compatible; TMMBot/0.2; +http://www.dslab.ch)/Nutch-1.15"
194.209.200.2 - - [24/Aug/2020:17:57:56 +0200] "GET / HTTP/1.1" 304 - "-" "Mozilla/5.0 (compatible; TMMBot/0.2; +http://www.dslab.ch)/Nutch-1.15"
194.209.200.2 - - [24/Aug/2020:18:14:03 +0200] "GET /robots.txt HTTP/1.1" 404 1256 "-" "Mozilla/5.0 (compatible; TMMBot/0.2; +http://www.dslab.ch)/Nutch-1.15"
194.209.200.2 - - [24/Aug/2020:18:14:03 +0200] "GET / HTTP/1.1" 304 - "-" "Mozilla/5.0 (compatible; TMMBot/0.2; +http://www.dslab.ch)/Nutch-1.15"
194.173.174.10 - - [24/Aug/2020:18:15:31 +0200] "HEAD / HTTP/1.1" 200 - "-" "Mozilla/5.0 (Windows NT 6.3; WOW64) AppleWebKit/537.36 (KHTML, like Gecko) Chrome/43.0.2357.134 Safari/537.36"
194.173.174.10 - - [24/Aug/2020:18:15:32 +0200] "HEAD / HTTP/1.1" 200 - "-" "Mozilla/5.0 (Windows NT 6.3; WOW64) AppleWebKit/537.36 (KHTML, like Gecko) Chrome/43.0.2357.134 Safari/537.36"
194.173.174.10 - - [24/Aug/2020:18:16:06 +0200] "HEAD / HTTP/1.1" 200 - "-" "Mozilla/5.0 (Windows NT 6.3; WOW64) AppleWebKit/537.36 (KHTML, like Gecko) Chrome/43.0.2357.134 Safari/537.36"
194.173.174.10 - - [24/Aug/2020:18:17:49 +0200] "HEAD / HTTP/1.1" 200 - "-" "Mozilla/5.0 (Windows NT 6.3; WOW64) AppleWebKit/537.36 (KHTML, like Gecko) Chrome/43.0.2357.134 Safari/537.36"
194.173.174.10 - - [24/Aug/2020:18:17:49 +0200] "HEAD / HTTP/1.1" 200 - "-" "Mozilla/5.0 (Windows NT 6.3; WOW64) AppleWebKit/537.36 (KHTML, like Gecko) Chrome/43.0.2357.134 Safari/537.36"
194.173.174.10 - - [24/Aug/2020:18:18:19 +0200] "HEAD / HTTP/1.1" 200 - "-" "Mozilla/5.0 (Windows NT 6.3; WOW64) AppleWebKit/537.36 (KHTML, like Gecko) Chrome/43.0.2357.134 Safari/537.36"
194.209.200.2 - - [24/Aug/2020:18:30:30 +0200] "GET /robots.txt HTTP/1.1" 404 1256 "-" "Mozilla/5.0 (compatible; TMMBot/0.2; +http://www.dslab.ch)/Nutch-1.15"
194.209.200.2 - - [24/Aug/2020:18:30:30 +0200] "GET / HTTP/1.1" 304 - "-" "Mozilla/5.0 (compatible; TMMBot/0.2; +http://www.dslab.ch)/Nutch-1.15"
66.249.70.9 - - [24/Aug/2020:18:41:42 +0200] "GET / HTTP/1.1" 200 1775 "-" "Mozilla/5.0 (compatible; Googlebot/2.1; +http://www.google.com/bot.html)"
194.209.200.2 - - [24/Aug/2020:18:48:00 +0200] "GET /robots.txt HTTP/1.1" 404 1256 "-" "Mozilla/5.0 (compatible; TMMBot/0.2; +http://www.dslab.ch)/Nutch-1.15"
194.209.200.2 - - [24/Aug/2020:18:48:00 +0200] "GET / HTTP/1.1" 304 - "-" "Mozilla/5.0 (compatible; TMMBot/0.2; +http://www.dslab.ch)/Nutch-1.15"
194.209.200.2 - - [24/Aug/2020:19:09:11 +0200] "GET /robots.txt HTTP/1.1" 404 1256 "-" "Mozilla/5.0 (compatible; TMMBot/0.2; +http://www.dslab.ch)/Nutch-1.15"
194.209.200.2 - - [24/Aug/2020:19:09:11 +0200] "GET / HTTP/1.1" 304 - "-" "Mozilla/5.0 (compatible; TMMBot/0.2; +http://www.dslab.ch)/Nutch-1.15"
194.209.200.2 - - [24/Aug/2020:19:25:23 +0200] "GET /robots.txt HTTP/1.1" 404 1256 "-" "Mozilla/5.0 (compatible; TMMBot/0.2; +http://www.dslab.ch)/Nutch-1.15"
194.209.200.2 - - [24/Aug/2020:19:25:23 +0200] "GET / HTTP/1.1" 304 - "-" "Mozilla/5.0 (compatible; TMMBot/0.2; +http://www.dslab.ch)/Nutch-1.15"
54.36.148.203 - - [24/Aug/2020:19:34:27 +0200] "GET /seiten/kontakt.php HTTP/1.1" 200 6708 "-" "Mozilla/5.0 (compatible; AhrefsBot/6.1; +http://ahrefs.com/robot/)"
194.209.200.2 - - [24/Aug/2020:19:41:25 +0200] "GET /robots.txt HTTP/1.1" 404 1256 "-" "Mozilla/5.0 (compatible; TMMBot/0.2; +http://www.dslab.ch)/Nutch-1.15"
194.209.200.2 - - [24/Aug/2020:19:41:25 +0200] "GET / HTTP/1.1" 304 - "-" "Mozilla/5.0 (compatible; TMMBot/0.2; +http://www.dslab.ch)/Nutch-1.15"
3.92.8.151 - - [24/Aug/2020:19:52:41 +0200] "GET / HTTP/1.1" 200 1775 "-" "Mozilla/5.0 (Macintosh; Intel Mac OS X 10.6; rv:22.0) Gecko/20100101 Firefox/22.0"
194.209.200.2 - - [24/Aug/2020:19:57:04 +0200] "GET /robots.txt HTTP/1.1" 404 1256 "-" "Mozilla/5.0 (compatible; TMMBot/0.2; +http://www.dslab.ch)/Nutch-1.15"
194.209.200.2 - - [24/Aug/2020:19:57:04 +0200] "GET / HTTP/1.1" 304 - "-" "Mozilla/5.0 (compatible; TMMBot/0.2; +http://www.dslab.ch)/Nutch-1.15"
194.209.200.2 - - [24/Aug/2020:20:12:33 +0200] "GET /robots.txt HTTP/1.1" 404 1256 "-" "Mozilla/5.0 (compatible; TMMBot/0.2; +http://www.dslab.ch)/Nutch-1.15"
194.209.200.2 - - [24/Aug/2020:20:12:33 +0200] "GET / HTTP/1.1" 304 - "-" "Mozilla/5.0 (compatible; TMMBot/0.2; +http://www.dslab.ch)/Nutch-1.15"
194.209.200.2 - - [24/Aug/2020:20:29:39 +0200] "GET /robots.txt HTTP/1.1" 404 1256 "-" "Mozilla/5.0 (compatible; TMMBot/0.2; +http://www.dslab.ch)/Nutch-1.15"
194.209.200.2 - - [24/Aug/2020:20:29:39 +0200] "GET / HTTP/1.1" 304 - "-" "Mozilla/5.0 (compatible; TMMBot/0.2; +http://www.dslab.ch)/Nutch-1.15"
194.209.200.2 - - [24/Aug/2020:20:45:48 +0200] "GET /robots.txt HTTP/1.1" 404 1256 "-" "Mozilla/5.0 (compatible; TMMBot/0.2; +http://www.dslab.ch)/Nutch-1.15"
194.209.200.2 - - [24/Aug/2020:20:45:48 +0200] "GET / HTTP/1.1" 304 - "-" "Mozilla/5.0 (compatible; TMMBot/0.2; +http://www.dslab.ch)/Nutch-1.15"
194.209.200.2 - - [24/Aug/2020:21:01:51 +0200] "GET /robots.txt HTTP/1.1" 404 1256 "-" "Mozilla/5.0 (compatible; TMMBot/0.2; +http://www.dslab.ch)/Nutch-1.15"
194.209.200.2 - - [24/Aug/2020:21:01:51 +0200] "GET / HTTP/1.1" 304 - "-" "Mozilla/5.0 (compatible; TMMBot/0.2; +http://www.dslab.ch)/Nutch-1.15"
194.209.200.2 - - [24/Aug/2020:21:18:53 +0200] "GET /robots.txt HTTP/1.1" 404 1256 "-" "Mozilla/5.0 (compatible; TMMBot/0.2; +http://www.dslab.ch)/Nutch-1.15"
194.209.200.2 - - [24/Aug/2020:21:18:53 +0200] "GET / HTTP/1.1" 304 - "-" "Mozilla/5.0 (compatible; TMMBot/0.2; +http://www.dslab.ch)/Nutch-1.15"
194.209.200.2 - - [24/Aug/2020:21:35:37 +0200] "GET /robots.txt HTTP/1.1" 404 1256 "-" "Mozilla/5.0 (compatible; TMMBot/0.2; +http://www.dslab.ch)/Nutch-1.15"
194.209.200.2 - - [24/Aug/2020:21:35:37 +0200] "GET / HTTP/1.1" 304 - "-" "Mozilla/5.0 (compatible; TMMBot/0.2; +http://www.dslab.ch)/Nutch-1.15"
82.207.175.52 - - [24/Aug/2020:21:40:26 +0200] "GET / HTTP/1.1" 200 1775 "-" "Mozilla/5.0 (Windows NT 6.1; Win64; x64; rv:25.0) Gecko/20100101 Firefox/25.0"
82.207.175.52 - - [24/Aug/2020:21:40:26 +0200] "GET / HTTP/1.1" 200 1775 "-" "Mozilla/5.0 (Windows NT 6.1; Win64; x64; rv:25.0) Gecko/20100101 Firefox/25.0"
194.209.200.2 - - [24/Aug/2020:21:52:09 +0200] "GET /robots.txt HTTP/1.1" 404 1256 "-" "Mozilla/5.0 (compatible; TMMBot/0.2; +http://www.dslab.ch)/Nutch-1.15"
194.209.200.2 - - [24/Aug/2020:21:52:09 +0200] "GET / HTTP/1.1" 304 - "-" "Mozilla/5.0 (compatible; TMMBot/0.2; +http://www.dslab.ch)/Nutch-1.15"
34.75.235.112 - - [24/Aug/2020:21:54:59 +0200] "GET /robots.txt HTTP/1.0" 404 1256 "-" "ZoominfoBot (zoominfobot at zoominfo dot com)"
34.75.235.112 - - [24/Aug/2020:21:55:00 +0200] "GET /seiten/start.htm HTTP/1.0" 200 9376 "-" "ZoominfoBot (zoominfobot at zoominfo dot com)"
194.209.200.2 - - [24/Aug/2020:22:08:06 +0200] "GET /robots.txt HTTP/1.1" 404 1256 "-" "Mozilla/5.0 (compatible; TMMBot/0.2; +http://www.dslab.ch)/Nutch-1.15"
194.209.200.2 - - [24/Aug/2020:22:08:06 +0200] "GET / HTTP/1.1" 304 - "-" "Mozilla/5.0 (compatible; TMMBot/0.2; +http://www.dslab.ch)/Nutch-1.15"
194.209.200.2 - - [24/Aug/2020:22:26:01 +0200] "GET /robots.txt HTTP/1.1" 404 1256 "-" "Mozilla/5.0 (compatible; TMMBot/0.2; +http://www.dslab.ch)/Nutch-1.15"
194.209.200.2 - - [24/Aug/2020:22:26:01 +0200] "GET / HTTP/1.1" 304 - "-" "Mozilla/5.0 (compatible; TMMBot/0.2; +http://www.dslab.ch)/Nutch-1.15"
194.209.200.2 - - [24/Aug/2020:22:42:02 +0200] "GET /robots.txt HTTP/1.1" 404 1256 "-" "Mozilla/5.0 (compatible; TMMBot/0.2; +http://www.dslab.ch)/Nutch-1.15"
194.209.200.2 - - [24/Aug/2020:22:42:02 +0200] "GET / HTTP/1.1" 304 - "-" "Mozilla/5.0 (compatible; TMMBot/0.2; +http://www.dslab.ch)/Nutch-1.15"
194.209.200.2 - - [24/Aug/2020:22:57:37 +0200] "GET /robots.txt HTTP/1.1" 404 1256 "-" "Mozilla/5.0 (compatible; TMMBot/0.2; +http://www.dslab.ch)/Nutch-1.15"
194.209.200.2 - - [24/Aug/2020:22:57:37 +0200] "GET / HTTP/1.1" 304 - "-" "Mozilla/5.0 (compatible; TMMBot/0.2; +http://www.dslab.ch)/Nutch-1.15"
194.209.200.2 - - [24/Aug/2020:23:16:24 +0200] "GET /robots.txt HTTP/1.1" 404 1256 "-" "Mozilla/5.0 (compatible; TMMBot/0.2; +http://www.dslab.ch)/Nutch-1.15"
194.209.200.2 - - [24/Aug/2020:23:16:24 +0200] "GET / HTTP/1.1" 304 - "-" "Mozilla/5.0 (compatible; TMMBot/0.2; +http://www.dslab.ch)/Nutch-1.15"
194.209.200.2 - - [24/Aug/2020:23:32:42 +0200] "GET /robots.txt HTTP/1.1" 404 1256 "-" "Mozilla/5.0 (compatible; TMMBot/0.2; +http://www.dslab.ch)/Nutch-1.15"
194.209.200.2 - - [24/Aug/2020:23:32:42 +0200] "GET / HTTP/1.1" 304 - "-" "Mozilla/5.0 (compatible; TMMBot/0.2; +http://www.dslab.ch)/Nutch-1.15"
194.209.200.2 - - [24/Aug/2020:23:52:18 +0200] "GET /robots.txt HTTP/1.1" 404 1256 "-" "Mozilla/5.0 (compatible; TMMBot/0.2; +http://www.dslab.ch)/Nutch-1.15"
194.209.200.2 - - [24/Aug/2020:23:52:18 +0200] "GET / HTTP/1.1" 304 - "-" "Mozilla/5.0 (compatible; TMMBot/0.2; +http://www.dslab.ch)/Nutch-1.15"
194.209.200.2 - - [25/Aug/2020:00:07:35 +0200] "GET /robots.txt HTTP/1.1" 404 1256 "-" "Mozilla/5.0 (compatible; TMMBot/0.2; +http://www.dslab.ch)/Nutch-1.15"
194.209.200.2 - - [25/Aug/2020:00:07:35 +0200] "GET / HTTP/1.1" 304 - "-" "Mozilla/5.0 (compatible; TMMBot/0.2; +http://www.dslab.ch)/Nutch-1.15"
194.209.200.2 - - [25/Aug/2020:00:25:56 +0200] "GET /robots.txt HTTP/1.1" 404 1256 "-" "Mozilla/5.0 (compatible; TMMBot/0.2; +http://www.dslab.ch)/Nutch-1.15"
194.209.200.2 - - [25/Aug/2020:00:25:56 +0200] "GET / HTTP/1.1" 304 - "-" "Mozilla/5.0 (compatible; TMMBot/0.2; +http://www.dslab.ch)/Nutch-1.15"
194.209.200.2 - - [25/Aug/2020:00:41:25 +0200] "GET /robots.txt HTTP/1.1" 404 1256 "-" "Mozilla/5.0 (compatible; TMMBot/0.2; +http://www.dslab.ch)/Nutch-1.15"
194.209.200.2 - - [25/Aug/2020:00:41:25 +0200] "GET / HTTP/1.1" 304 - "-" "Mozilla/5.0 (compatible; TMMBot/0.2; +http://www.dslab.ch)/Nutch-1.15"
194.209.200.2 - - [25/Aug/2020:00:56:59 +0200] "GET /robots.txt HTTP/1.1" 404 1256 "-" "Mozilla/5.0 (compatible; TMMBot/0.2; +http://www.dslab.ch)/Nutch-1.15"
194.209.200.2 - - [25/Aug/2020:00:56:59 +0200] "GET / HTTP/1.1" 304 - "-" "Mozilla/5.0 (compatible; TMMBot/0.2; +http://www.dslab.ch)/Nutch-1.15"
42.236.10.123 - - [25/Aug/2020:01:11:33 +0200] "GET / HTTP/1.1" 200 1775 "http://www.frb-berlin.de/" "Mozilla/5.0 (Windows NT 6.1; WOW64) AppleWebKit/537.36 (KHTML, like Gecko) Chrome/50.0.2661.102 Safari/537.36; 360Spider"
42.236.10.74 - - [25/Aug/2020:01:14:03 +0200] "GET / HTTP/1.1" 200 1775 "http://www.frb-berlin.de/" "Mozilla/5.0 (Windows NT 6.1; WOW64) AppleWebKit/537.36 (KHTML, like Gecko) Chrome/50.0.2661.102 Safari/537.36; 360Spider"
42.236.10.107 - - [25/Aug/2020:01:15:27 +0200] "GET / HTTP/1.1" 200 1775 "http://www.frb-berlin.de/" "Mozilla/5.0 (Windows NT 6.1; WOW64) AppleWebKit/537.36 (KHTML, like Gecko) Chrome/50.0.2661.102 Safari/537.36; 360Spider"
42.236.10.108 - - [25/Aug/2020:01:18:25 +0200] "GET / HTTP/1.1" 200 1775 "http://www.frb-berlin.de/" "Mozilla/5.0 (Windows NT 6.1; WOW64) AppleWebKit/537.36 (KHTML, like Gecko) Chrome/50.0.2661.102 Safari/537.36; 360Spider"
42.236.10.123 - - [25/Aug/2020:01:19:43 +0200] "GET / HTTP/1.1" 200 1775 "http://www.frb-berlin.de/" "Mozilla/5.0 (Windows NT 6.1; WOW64) AppleWebKit/537.36 (KHTML, like Gecko) Chrome/50.0.2661.102 Safari/537.36; 360Spider"
194.209.200.2 - - [25/Aug/2020:01:20:13 +0200] "GET /robots.txt HTTP/1.1" 404 1256 "-" "Mozilla/5.0 (compatible; TMMBot/0.2; +http://www.dslab.ch)/Nutch-1.15"
194.209.200.2 - - [25/Aug/2020:01:20:13 +0200] "GET / HTTP/1.1" 304 - "-" "Mozilla/5.0 (compatible; TMMBot/0.2; +http://www.dslab.ch)/Nutch-1.15"
42.236.10.77 - - [25/Aug/2020:01:20:26 +0200] "GET / HTTP/1.1" 200 1775 "http://www.frb-berlin.de/" "Mozilla/5.0 (Windows NT 6.1; WOW64) AppleWebKit/537.36 (KHTML, like Gecko) Chrome/50.0.2661.102 Safari/537.36; 360Spider"
42.236.10.112 - - [25/Aug/2020:01:21:14 +0200] "GET / HTTP/1.1" 200 1775 "http://www.frb-berlin.de/" "Mozilla/5.0 (Windows NT 6.1; WOW64) AppleWebKit/537.36 (KHTML, like Gecko) Chrome/50.0.2661.102 Safari/537.36; 360Spider"
42.236.10.112 - - [25/Aug/2020:01:21:52 +0200] "GET / HTTP/1.1" 200 1775 "http://www.frb-berlin.de/" "Mozilla/5.0 (Windows NT 6.1; WOW64) AppleWebKit/537.36 (KHTML, like Gecko) Chrome/50.0.2661.102 Safari/537.36; 360Spider"
42.236.10.88 - - [25/Aug/2020:01:22:42 +0200] "GET / HTTP/1.1" 200 1775 "http://www.frb-berlin.de/" "Mozilla/5.0 (Windows NT 6.1; WOW64) AppleWebKit/537.36 (KHTML, like Gecko) Chrome/50.0.2661.102 Safari/537.36; 360Spider"
54.36.148.203 - - [25/Aug/2020:01:29:34 +0200] "GET /seiten/referenzen.htm HTTP/1.1" 200 3626 "-" "Mozilla/5.0 (compatible; AhrefsBot/7.0; +http://ahrefs.com/robot/)"
35.243.236.136 - - [25/Aug/2020:01:33:46 +0200] "GET /robots.txt HTTP/1.0" 404 1256 "-" "ZoominfoBot (zoominfobot at zoominfo dot com)"
35.243.236.136 - - [25/Aug/2020:01:33:46 +0200] "GET /seiten/start.htm HTTP/1.0" 200 9376 "-" "ZoominfoBot (zoominfobot at zoominfo dot com)"
194.209.200.2 - - [25/Aug/2020:01:38:20 +0200] "GET /robots.txt HTTP/1.1" 404 1256 "-" "Mozilla/5.0 (compatible; TMMBot/0.2; +http://www.dslab.ch)/Nutch-1.15"
194.209.200.2 - - [25/Aug/2020:01:38:20 +0200] "GET / HTTP/1.1" 304 - "-" "Mozilla/5.0 (compatible; TMMBot/0.2; +http://www.dslab.ch)/Nutch-1.15"
