35.190.223.177 - - [20/Dec/2018:14:42:11 +0100] "GET /links.htm HTTP/1.1" 404 1256 "-" "Mozilla/5.0 (Windows NT 6.1) AppleWebKit/537.36 (KHTML, like Gecko) Chrome/41.0.2228.0 Safari/537.36"
35.190.223.177 - - [20/Dec/2018:14:42:11 +0100] "GET /main.htm HTTP/1.1" 404 1256 "-" "Mozilla/5.0 (Windows NT 6.1) AppleWebKit/537.36 (KHTML, like Gecko) Chrome/41.0.2228.0 Safari/537.36"
35.190.223.177 - - [20/Dec/2018:14:42:11 +0100] "GET /ausbildung.htm HTTP/1.1" 404 1256 "-" "Mozilla/5.0 (Windows NT 6.1) AppleWebKit/537.36 (KHTML, like Gecko) Chrome/41.0.2228.0 Safari/537.36"
35.190.223.177 - - [20/Dec/2018:14:42:11 +0100] "GET /impressum.htm HTTP/1.1" 404 1256 "-" "Mozilla/5.0 (Windows NT 6.1) AppleWebKit/537.36 (KHTML, like Gecko) Chrome/41.0.2228.0 Safari/537.36"
35.190.223.177 - - [20/Dec/2018:14:42:11 +0100] "GET /referenzen.htm HTTP/1.1" 404 1256 "-" "Mozilla/5.0 (Windows NT 6.1) AppleWebKit/537.36 (KHTML, like Gecko) Chrome/41.0.2228.0 Safari/537.36"
46.4.65.42 - - [20/Dec/2018:15:24:59 +0100] "GET /robots.txt HTTP/1.1" 404 1256 "-" "Mozilla/5.0 (compatible; BLEXBot/1.0; +http://webmeup-crawler.com/)"
54.36.149.2 - - [20/Dec/2018:16:56:18 +0100] "GET /robots.txt HTTP/1.1" 404 1256 "-" "Mozilla/5.0 (compatible; AhrefsBot/5.2; +http://ahrefs.com/robot/)"
54.36.148.244 - - [20/Dec/2018:16:56:18 +0100] "GET / HTTP/1.1" 200 1775 "-" "Mozilla/5.0 (compatible; AhrefsBot/5.2; +http://ahrefs.com/robot/)"
66.249.66.31 - - [20/Dec/2018:17:37:48 +0100] "GET /robots.txt HTTP/1.1" 404 1256 "-" "Mozilla/5.0 (compatible; Googlebot/2.1; +http://www.google.com/bot.html)"
66.249.66.30 - - [20/Dec/2018:17:37:48 +0100] "GET / HTTP/1.1" 200 1775 "-" "Mozilla/5.0 (Linux; Android 6.0.1; Nexus 5X Build/MMB29P) AppleWebKit/537.36 (KHTML, like Gecko) Chrome/41.0.2272.96 Mobile Safari/537.36 (compatible; Googlebot/2.1; +http://www.google.com/bot.html)"
46.4.65.42 - - [20/Dec/2018:17:52:31 +0100] "GET /robots.txt HTTP/1.1" 404 1256 "-" "Mozilla/5.0 (compatible; BLEXBot/1.0; +http://webmeup-crawler.com/)"
46.4.65.42 - - [20/Dec/2018:17:52:32 +0100] "GET /sitemap.xml HTTP/1.1" 404 1256 "-" "Mozilla/5.0 (compatible; BLEXBot/1.0; +http://webmeup-crawler.com/)"
95.216.96.244 - - [20/Dec/2018:18:07:38 +0100] "GET /robots.txt HTTP/1.1" 404 1256 "-" "Mozilla/5.0 (compatible; SEOkicks; +https://www.seokicks.de/robot.html)"
95.216.96.244 - - [20/Dec/2018:18:07:40 +0100] "GET / HTTP/1.1" 200 1775 "-" "Mozilla/5.0 (compatible; SEOkicks; +https://www.seokicks.de/robot.html)"
95.216.96.244 - - [20/Dec/2018:18:07:43 +0100] "GET /seiten/start.htm HTTP/1.1" 200 9376 "http://www.frb-berlin.de/" "Mozilla/5.0 (compatible; SEOkicks; +https://www.seokicks.de/robot.html)"
95.216.96.244 - - [20/Dec/2018:18:07:45 +0100] "GET /seiten/main.htm HTTP/1.1" 200 2496 "http://www.frb-berlin.de/seiten/start.htm" "Mozilla/5.0 (compatible; SEOkicks; +https://www.seokicks.de/robot.html)"
95.216.96.244 - - [20/Dec/2018:18:07:46 +0100] "GET /seiten/ueber_uns.htm HTTP/1.1" 200 2081 "http://www.frb-berlin.de/seiten/start.htm" "Mozilla/5.0 (compatible; SEOkicks; +https://www.seokicks.de/robot.html)"
95.216.96.244 - - [20/Dec/2018:18:07:47 +0100] "GET /seiten/ausbildung.htm HTTP/1.1" 200 2131 "http://www.frb-berlin.de/seiten/start.htm" "Mozilla/5.0 (compatible; SEOkicks; +https://www.seokicks.de/robot.html)"
95.216.96.244 - - [20/Dec/2018:18:07:49 +0100] "GET /seiten/leistungen.htm HTTP/1.1" 200 3710 "http://www.frb-berlin.de/seiten/start.htm" "Mozilla/5.0 (compatible; SEOkicks; +https://www.seokicks.de/robot.html)"
95.216.96.244 - - [20/Dec/2018:18:07:50 +0100] "GET /seiten/referenzen.htm HTTP/1.1" 200 3626 "http://www.frb-berlin.de/seiten/start.htm" "Mozilla/5.0 (compatible; SEOkicks; +https://www.seokicks.de/robot.html)"
95.216.96.244 - - [20/Dec/2018:18:07:51 +0100] "GET /seiten/kontakt.php HTTP/1.1" 200 6708 "http://www.frb-berlin.de/seiten/start.htm" "Mozilla/5.0 (compatible; SEOkicks; +https://www.seokicks.de/robot.html)"
213.61.218.76 - - [20/Dec/2018:18:36:14 +0100] "GET /robots.txt HTTP/1.1" 404 1256 "-" "Jobsearch1.5"
213.61.218.76 - - [20/Dec/2018:18:36:14 +0100] "GET /seiten/ausbildung.htm HTTP/1.1" 200 2131 "-" "Jobsearch1.5"
216.244.66.230 - - [20/Dec/2018:19:45:43 +0100] "GET /robots.txt HTTP/1.1" 404 1256 "-" "Mozilla/5.0 (compatible; DotBot/1.1; http://www.opensiteexplorer.org/dotbot, help@moz.com)"
216.244.66.230 - - [20/Dec/2018:22:23:16 +0100] "GET /robots.txt HTTP/1.1" 404 1256 "-" "Mozilla/5.0 (compatible; DotBot/1.1; http://www.opensiteexplorer.org/dotbot, help@moz.com)"
113.35.251.98 - - [20/Dec/2018:22:24:05 +0100] "GET / HTTP/1.1" 200 1775 "-" "Mozilla/4.0 (compatible; MSIE 9.0; Windows NT 6.1; Trident/5.0)"
54.197.214.126 - - [21/Dec/2018:00:46:01 +0100] "GET / HTTP/1.1" 200 1775 "-" "Mozilla/5.0 (Macintosh; Intel Mac OS X 10_13_3) AppleWebKit/537.36 (KHTML, like Gecko) Chrome/65.0.3325.162 Safari/537.36"
39.98.77.72 - - [21/Dec/2018:01:37:13 +0100] "GET /wp-login.php HTTP/1.1" 404 1256 "-" "Apache-HttpClient/4.5.2 (Java/1.8.0_161)"
39.98.77.72 - - [21/Dec/2018:01:37:13 +0100] "GET /?author=1 HTTP/1.1" 200 1775 "-" "Apache-HttpClient/4.5.2 (Java/1.8.0_161)"
39.98.77.72 - - [21/Dec/2018:01:37:13 +0100] "GET /?author=2 HTTP/1.1" 200 1775 "-" "Apache-HttpClient/4.5.2 (Java/1.8.0_161)"
39.98.77.72 - - [21/Dec/2018:01:37:14 +0100] "GET /?author=3 HTTP/1.1" 200 1775 "-" "Apache-HttpClient/4.5.2 (Java/1.8.0_161)"
39.98.77.72 - - [21/Dec/2018:01:37:14 +0100] "GET /?author=4 HTTP/1.1" 200 1775 "-" "Apache-HttpClient/4.5.2 (Java/1.8.0_161)"
39.98.77.72 - - [21/Dec/2018:01:37:14 +0100] "GET /?author=5 HTTP/1.1" 200 1775 "-" "Apache-HttpClient/4.5.2 (Java/1.8.0_161)"
39.98.77.72 - - [21/Dec/2018:01:37:15 +0100] "GET /?author=6 HTTP/1.1" 200 1775 "-" "Apache-HttpClient/4.5.2 (Java/1.8.0_161)"
39.98.77.72 - - [21/Dec/2018:01:37:15 +0100] "GET /?author=7 HTTP/1.1" 200 1775 "-" "Apache-HttpClient/4.5.2 (Java/1.8.0_161)"
39.98.77.72 - - [21/Dec/2018:01:37:15 +0100] "GET /?author=8 HTTP/1.1" 200 1775 "-" "Apache-HttpClient/4.5.2 (Java/1.8.0_161)"
39.98.77.72 - - [21/Dec/2018:01:37:15 +0100] "GET /?author=9 HTTP/1.1" 200 1775 "-" "Apache-HttpClient/4.5.2 (Java/1.8.0_161)"
39.98.77.72 - - [21/Dec/2018:01:37:16 +0100] "GET /?author=10 HTTP/1.1" 200 1775 "-" "Apache-HttpClient/4.5.2 (Java/1.8.0_161)"
39.98.77.72 - - [21/Dec/2018:01:37:16 +0100] "GET /?author=11 HTTP/1.1" 200 1775 "-" "Apache-HttpClient/4.5.2 (Java/1.8.0_161)"
39.98.77.72 - - [21/Dec/2018:01:37:16 +0100] "GET /?author=12 HTTP/1.1" 200 1775 "-" "Apache-HttpClient/4.5.2 (Java/1.8.0_161)"
39.98.77.72 - - [21/Dec/2018:01:37:17 +0100] "GET /?author=13 HTTP/1.1" 200 1775 "-" "Apache-HttpClient/4.5.2 (Java/1.8.0_161)"
39.98.77.72 - - [21/Dec/2018:01:37:17 +0100] "GET /?author=14 HTTP/1.1" 200 1775 "-" "Apache-HttpClient/4.5.2 (Java/1.8.0_161)"
39.98.77.72 - - [21/Dec/2018:01:37:17 +0100] "GET /?author=15 HTTP/1.1" 200 1775 "-" "Apache-HttpClient/4.5.2 (Java/1.8.0_161)"
104.233.73.18 - - [21/Dec/2018:01:57:33 +0100] "GET / HTTP/1.1" 200 1775 "-" "Java/1.6.0_04"
104.233.73.18 - - [21/Dec/2018:01:57:33 +0100] "GET /seiten/start.htm HTTP/1.1" 200 9376 "-" "Java/1.6.0_04"
104.233.73.18 - - [21/Dec/2018:01:57:33 +0100] "GET /scripte/menu_elemente.js HTTP/1.1" 200 18006 "-" "Java/1.6.0_04"
104.233.73.18 - - [21/Dec/2018:01:57:33 +0100] "GET /scripte/menu_start.js HTTP/1.1" 200 31217 "-" "Java/1.6.0_04"
104.233.73.18 - - [21/Dec/2018:01:57:34 +0100] "GET /seiten/ausbildung.htm HTTP/1.1" 200 2131 "-" "Java/1.6.0_04"
104.233.73.18 - - [21/Dec/2018:01:57:34 +0100] "GET /seiten/impressum.htm HTTP/1.1" 200 4643 "-" "Java/1.6.0_04"
104.233.73.18 - - [21/Dec/2018:01:57:34 +0100] "GET /seiten/kontakt.php HTTP/1.1" 200 6708 "-" "Java/1.6.0_04"
104.233.73.18 - - [21/Dec/2018:01:57:34 +0100] "GET /seiten/leistungen.htm HTTP/1.1" 200 3710 "-" "Java/1.6.0_04"
104.233.73.18 - - [21/Dec/2018:01:57:34 +0100] "GET /seiten/links.htm HTTP/1.1" 200 1543 "-" "Java/1.6.0_04"
104.233.73.18 - - [21/Dec/2018:01:57:35 +0100] "GET /seiten/main.htm HTTP/1.1" 200 2496 "-" "Java/1.6.0_04"
104.233.73.18 - - [21/Dec/2018:01:57:35 +0100] "GET /seiten/referenzen.htm HTTP/1.1" 200 3626 "-" "Java/1.6.0_04"
104.233.73.18 - - [21/Dec/2018:01:57:35 +0100] "GET /seiten/ueber_uns.htm HTTP/1.1" 200 2081 "-" "Java/1.6.0_04"
104.233.73.18 - - [21/Dec/2018:01:57:35 +0100] "GET /scripte/ausbildung2.htm HTTP/1.1" 404 1256 "-" "Java/1.6.0_04"
104.233.73.18 - - [21/Dec/2018:01:57:35 +0100] "GET /scripte/ausbildung3.htm HTTP/1.1" 404 1256 "-" "Java/1.6.0_04"
104.233.73.18 - - [21/Dec/2018:01:57:35 +0100] "GET /seiten/ausbildung2.htm HTTP/1.1" 200 4821 "-" "Java/1.6.0_04"
104.233.73.18 - - [21/Dec/2018:01:57:36 +0100] "GET /seiten/ausbildung3.htm HTTP/1.1" 200 6331 "-" "Java/1.6.0_04"
104.233.73.18 - - [21/Dec/2018:01:57:36 +0100] "GET /seiten/referenzen_beton.htm HTTP/1.1" 200 8747 "-" "Java/1.6.0_04"
104.233.73.18 - - [21/Dec/2018:01:57:36 +0100] "GET /seiten/referenzen_maler.htm HTTP/1.1" 200 51839 "-" "Java/1.6.0_04"
104.233.73.18 - - [21/Dec/2018:01:57:37 +0100] "GET /seiten/referenzen_waerme.htm HTTP/1.1" 200 35661 "-" "Java/1.6.0_04"
104.233.73.18 - - [21/Dec/2018:01:57:37 +0100] "GET /scripte/'+img1+' HTTP/1.1" 404 1256 "-" "Java/1.6.0_04"
180.76.15.22 - - [21/Dec/2018:02:13:31 +0100] "GET / HTTP/1.1" 200 1775 "-" "Mozilla/5.0 (compatible; Baiduspider/2.0; +http://www.baidu.com/search/spider.html)"
95.216.96.244 - - [21/Dec/2018:04:47:38 +0100] "GET /robots.txt HTTP/1.1" 404 1256 "-" "Mozilla/5.0 (compatible; SEOkicks; +https://www.seokicks.de/robot.html)"
95.216.96.244 - - [21/Dec/2018:04:47:40 +0100] "GET / HTTP/1.1" 200 1775 "-" "Mozilla/5.0 (compatible; SEOkicks; +https://www.seokicks.de/robot.html)"
95.216.96.244 - - [21/Dec/2018:04:47:43 +0100] "GET /seiten/start.htm HTTP/1.1" 200 9376 "http://www.frb-berlin.de/" "Mozilla/5.0 (compatible; SEOkicks; +https://www.seokicks.de/robot.html)"
95.216.96.244 - - [21/Dec/2018:04:47:44 +0100] "GET /seiten/main.htm HTTP/1.1" 200 2496 "http://www.frb-berlin.de/seiten/start.htm" "Mozilla/5.0 (compatible; SEOkicks; +https://www.seokicks.de/robot.html)"
95.216.96.244 - - [21/Dec/2018:04:47:45 +0100] "GET /seiten/ueber_uns.htm HTTP/1.1" 200 2081 "http://www.frb-berlin.de/seiten/start.htm" "Mozilla/5.0 (compatible; SEOkicks; +https://www.seokicks.de/robot.html)"
95.216.96.244 - - [21/Dec/2018:04:47:46 +0100] "GET /seiten/ausbildung.htm HTTP/1.1" 200 2131 "http://www.frb-berlin.de/seiten/start.htm" "Mozilla/5.0 (compatible; SEOkicks; +https://www.seokicks.de/robot.html)"
95.216.96.244 - - [21/Dec/2018:04:47:48 +0100] "GET /seiten/leistungen.htm HTTP/1.1" 200 3710 "http://www.frb-berlin.de/seiten/start.htm" "Mozilla/5.0 (compatible; SEOkicks; +https://www.seokicks.de/robot.html)"
95.216.96.244 - - [21/Dec/2018:04:47:49 +0100] "GET /seiten/referenzen.htm HTTP/1.1" 200 3626 "http://www.frb-berlin.de/seiten/start.htm" "Mozilla/5.0 (compatible; SEOkicks; +https://www.seokicks.de/robot.html)"
95.216.96.244 - - [21/Dec/2018:04:47:50 +0100] "GET /seiten/kontakt.php HTTP/1.1" 200 6708 "http://www.frb-berlin.de/seiten/start.htm" "Mozilla/5.0 (compatible; SEOkicks; +https://www.seokicks.de/robot.html)"
178.255.215.83 - - [21/Dec/2018:05:09:02 +0100] "GET /robots.txt HTTP/1.1" 404 1256 "-" "Mozilla/5.0 (compatible; Exabot/3.0; +http://www.exabot.com/go/robot)"
178.255.215.83 - - [21/Dec/2018:05:09:02 +0100] "GET / HTTP/1.1" 200 1775 "-" "Mozilla/5.0 (compatible; Exabot/3.0; +http://www.exabot.com/go/robot)"
95.128.200.200 - - [21/Dec/2018:05:09:40 +0100] "GET / HTTP/1.1" 200 1775 "https://www.google.de" "Mozilla/5.0 (Windows NT 6.1) AppleWebKit/537.36 (KHTML, like Gecko) Chrome/41.0.2228.0 Safari/537.36"
157.55.39.41 - - [21/Dec/2018:07:11:16 +0100] "GET /robots.txt HTTP/1.1" 404 1256 "-" "Mozilla/5.0 (compatible; bingbot/2.0; +http://www.bing.com/bingbot.htm)"
46.4.65.42 - - [21/Dec/2018:07:26:14 +0100] "GET /robots.txt HTTP/1.1" 404 1256 "-" "Mozilla/5.0 (compatible; BLEXBot/1.0; +http://webmeup-crawler.com/)"
46.4.65.42 - - [21/Dec/2018:07:26:14 +0100] "GET / HTTP/1.1" 200 1775 "-" "Mozilla/5.0 (compatible; BLEXBot/1.0; +http://webmeup-crawler.com/)"
157.55.39.16 - - [21/Dec/2018:07:34:21 +0100] "GET /robots.txt HTTP/1.1" 404 1256 "-" "Mozilla/5.0 (compatible; bingbot/2.0; +http://www.bing.com/bingbot.htm)"
40.77.167.176 - - [21/Dec/2018:07:34:52 +0100] "GET / HTTP/1.1" 200 1775 "-" "Mozilla/5.0 (compatible; bingbot/2.0; +http://www.bing.com/bingbot.htm)"
40.77.188.23 - - [21/Dec/2018:07:34:54 +0100] "GET /css/style.css HTTP/1.1" 200 8567 "-" "Mozilla/5.0 (Windows NT 6.1; WOW64) AppleWebKit/534+ (KHTML, like Gecko) BingPreview/1.0b"
207.46.13.3 - - [21/Dec/2018:07:36:19 +0100] "GET /seiten/start.htm HTTP/1.1" 200 9376 "-" "Mozilla/5.0 (compatible; bingbot/2.0; +http://www.bing.com/bingbot.htm)"
40.77.188.120 - - [21/Dec/2018:07:36:21 +0100] "GET /scripte/menu_start.js HTTP/1.1" 200 31217 "-" "Mozilla/5.0 (Windows NT 6.1; WOW64) AppleWebKit/534+ (KHTML, like Gecko) BingPreview/1.0b"
40.77.190.51 - - [21/Dec/2018:07:36:22 +0100] "GET /scripte/menu_elemente.js HTTP/1.1" 200 18006 "-" "Mozilla/5.0 (Windows NT 6.1; WOW64) AppleWebKit/534+ (KHTML, like Gecko) BingPreview/1.0b"
40.77.188.182 - - [21/Dec/2018:07:36:23 +0100] "GET /seiten/main.htm HTTP/1.1" 200 2496 "-" "Mozilla/5.0 (Windows NT 6.1; WOW64) AppleWebKit/534+ (KHTML, like Gecko) BingPreview/1.0b"
216.244.66.230 - - [21/Dec/2018:07:56:29 +0100] "GET /robots.txt HTTP/1.1" 404 1256 "-" "Mozilla/5.0 (compatible; DotBot/1.1; http://www.opensiteexplorer.org/dotbot, help@moz.com)"
157.55.39.16 - - [21/Dec/2018:08:00:58 +0100] "GET /robots.txt HTTP/1.1" 404 1256 "-" "Mozilla/5.0 (compatible; bingbot/2.0; +http://www.bing.com/bingbot.htm)"
142.93.71.22 - - [21/Dec/2018:08:01:35 +0100] "GET / HTTP/1.1" 200 1775 "-" "Mozilla/5.0 (X11; Datanyze; Linux x86_64) AppleWebKit/537.36 (KHTML, like Gecko) Chrome/65.0.3325.181 Safari/537.36"
40.77.167.0 - - [21/Dec/2018:08:36:20 +0100] "GET /seiten/referenzen_maler.htm HTTP/1.1" 200 51839 "-" "Mozilla/5.0 (compatible; bingbot/2.0; +http://www.bing.com/bingbot.htm)"
66.249.66.30 - - [21/Dec/2018:10:14:41 +0100] "GET /robots.txt HTTP/1.1" 404 1256 "-" "Mozilla/5.0 (compatible; Googlebot/2.1; +http://www.google.com/bot.html)"
66.249.66.31 - - [21/Dec/2018:10:14:41 +0100] "GET / HTTP/1.1" 200 1775 "-" "Mozilla/5.0 (Linux; Android 6.0.1; Nexus 5X Build/MMB29P) AppleWebKit/537.36 (KHTML, like Gecko) Chrome/41.0.2272.96 Mobile Safari/537.36 (compatible; Googlebot/2.1; +http://www.google.com/bot.html)"
66.249.66.2 - - [21/Dec/2018:10:18:26 +0100] "GET /favicon.ico HTTP/1.1" 404 1256 "-" "Googlebot-Image/1.0"
46.99.61.148 - - [21/Dec/2018:11:04:18 +0100] "GET / HTTP/1.1" 200 1775 "https://www.google.com/" "Mozilla/5.0 (Windows NT 6.1; Win64; x64) AppleWebKit/537.36 (KHTML, like Gecko) Chrome/71.0.3578.98 Safari/537.36"
46.99.61.148 - - [21/Dec/2018:11:04:19 +0100] "GET /css/style.css HTTP/1.1" 200 8567 "http://www.frb-berlin.de/" "Mozilla/5.0 (Windows NT 6.1; Win64; x64) AppleWebKit/537.36 (KHTML, like Gecko) Chrome/71.0.3578.98 Safari/537.36"
46.99.61.148 - - [21/Dec/2018:11:04:19 +0100] "GET /img/logo.gif HTTP/1.1" 200 4275 "http://www.frb-berlin.de/" "Mozilla/5.0 (Windows NT 6.1; Win64; x64) AppleWebKit/537.36 (KHTML, like Gecko) Chrome/71.0.3578.98 Safari/537.36"
46.99.61.148 - - [21/Dec/2018:11:04:32 +0100] "GET /favicon.ico HTTP/1.1" 404 1256 "http://www.frb-berlin.de/" "Mozilla/5.0 (Windows NT 6.1; Win64; x64) AppleWebKit/537.36 (KHTML, like Gecko) Chrome/71.0.3578.98 Safari/537.36"
66.249.66.92 - - [21/Dec/2018:11:16:35 +0100] "GET /favicon.ico HTTP/1.1" 404 1256 "-" "Googlebot-Image/1.0"
216.244.66.230 - - [21/Dec/2018:11:26:04 +0100] "GET /robots.txt HTTP/1.1" 404 1256 "-" "Mozilla/5.0 (compatible; DotBot/1.1; http://www.opensiteexplorer.org/dotbot, help@moz.com)"
213.61.218.67 - - [21/Dec/2018:11:26:44 +0100] "GET /robots.txt HTTP/1.1" 404 1256 "-" "Jobsearch1.5"
213.61.218.67 - - [21/Dec/2018:11:26:45 +0100] "GET /seiten/ausbildung.htm HTTP/1.1" 200 2131 "-" "Jobsearch1.5"
88.198.90.9 - - [21/Dec/2018:12:13:59 +0100] "GET / HTTP/1.1" 200 1775 "-" "Mozilla/5.0 (Macintosh; Intel Mac OS X 10_6_8) AppleWebKit/534.58.2 (KHTML, like Gecko) Version/5.1.8 Safari/534.58.2"
88.198.90.9 - - [21/Dec/2018:12:14:04 +0100] "GET /seiten/start.htm HTTP/1.1" 200 9376 "-" "Mozilla/5.0 (Macintosh; Intel Mac OS X 10.12; rv:57.0) Gecko/20100101 Firefox/57.0"
88.198.90.9 - - [21/Dec/2018:12:14:29 +0100] "GET /seiten/leistungen.htm HTTP/1.1" 200 3710 "-" "Mozilla/5.0 (X11; Linux x86_64) AppleWebKit/537.36 (KHTML, like Gecko) Ubuntu Chromium/63.0.3239.84 Chrome/63.0.3239.84 Safari/537.36"
88.198.90.9 - - [21/Dec/2018:12:14:29 +0100] "GET /seiten/links.htm HTTP/1.1" 200 1543 "-" "Mozilla/5.0 (Macintosh; Intel Mac OS X 10_13_3) AppleWebKit/537.36 (KHTML, like Gecko) Chrome/64.0.3282.140 Safari/537.36"
88.198.90.9 - - [21/Dec/2018:12:14:29 +0100] "GET /seiten/ueber_uns.htm HTTP/1.1" 200 2081 "-" "Mozilla/5.0 (Windows NT 10.0; Win64; x64) AppleWebKit/537.36 (KHTML, like Gecko) Chrome/64.0.3282.140 Safari/537.36"
88.198.90.9 - - [21/Dec/2018:12:14:29 +0100] "GET /seiten/referenzen.htm HTTP/1.1" 200 3626 "-" "Mozilla/5.0 (Macintosh; Intel Mac OS X 10_6_8) AppleWebKit/537.13+ (KHTML, like Gecko) Version/5.1.7 Safari/534.57.2"
88.198.90.9 - - [21/Dec/2018:12:14:29 +0100] "GET /seiten/impressum.htm HTTP/1.1" 200 4643 "-" "Mozilla/5.0 (Windows NT 6.3; Win64; x64) AppleWebKit/537.36 (KHTML, like Gecko) Chrome/63.0.3239.132 Safari/537.36"
88.198.90.9 - - [21/Dec/2018:12:14:29 +0100] "GET /seiten/kontakt.php HTTP/1.1" 200 6708 "-" "Mozilla/5.0 (Windows NT 10.0; Win64; x64) AppleWebKit/537.36 (KHTML, like Gecko) Chrome/64.0.3282.167 Safari/537.36"
88.198.90.9 - - [21/Dec/2018:12:14:30 +0100] "GET /seiten/main.htm HTTP/1.1" 200 2496 "-" "Mozilla/5.0 (Macintosh; Intel Mac OS X 10_13_1) AppleWebKit/537.36 (KHTML, like Gecko) Chrome/63.0.3239.132 Safari/537.36"
88.198.90.9 - - [21/Dec/2018:12:14:31 +0100] "GET /seiten/ausbildung.htm HTTP/1.1" 200 2131 "-" "Mozilla/5.0 (Windows NT 6.1; Win64; x64; rv:57.0) Gecko/20100101 Firefox/57.0"
88.198.90.9 - - [21/Dec/2018:12:14:42 +0100] "GET /seiten/leistungen.htm HTTP/1.1" 200 3710 "-" "Mozilla/5.0 (Macintosh; Intel Mac OS X 10_8) AppleWebKit/536.25 (KHTML, like Gecko) Version/6.0 Safari/536.25"
88.198.90.9 - - [21/Dec/2018:12:14:47 +0100] "GET /seiten/ausbildung3.htm HTTP/1.1" 200 6331 "-" "Mozilla/5.0 (Windows NT 10.0; Win64; x64) AppleWebKit/537.36 (KHTML, like Gecko) Chrome/63.0.3239.132 Safari/537.36 OPR/50.0.2762.58"
88.198.90.9 - - [21/Dec/2018:12:14:47 +0100] "GET /seiten/referenzen_beton.htm HTTP/1.1" 200 8747 "-" "Mozilla/5.0 (Macintosh; Intel Mac OS X 10_11_6) AppleWebKit/604.5.6 (KHTML, like Gecko) Version/11.0.3 Safari/604.5.6"
88.198.90.9 - - [21/Dec/2018:12:14:47 +0100] "GET /seiten/referenzen_waerme.htm HTTP/1.1" 200 35661 "-" "Mozilla/5.0 (compatible; MSIE 10.0; Windows NT 6.1; Trident/6.0)"
88.198.90.9 - - [21/Dec/2018:12:14:48 +0100] "GET /seiten/referenzen_maler.htm HTTP/1.1" 200 51839 "-" "Mozilla/5.0 (compatible; MSIE 10.0; Windows NT 6.1; WOW64; Trident/6.0)"
88.198.90.9 - - [21/Dec/2018:12:14:49 +0100] "GET /seiten/ausbildung2.htm HTTP/1.1" 200 4821 "-" "Mozilla/5.0 (X11; Linux x86_64) AppleWebKit/537.36 (KHTML, like Gecko) Chrome/51.0.2704.106 Safari/537.36"
88.198.90.9 - - [21/Dec/2018:12:14:54 +0100] "GET /seiten/referenzen_maler.htm HTTP/1.1" 200 51839 "-" "Mozilla/5.0 (Macintosh; Intel Mac OS X 10_12_6) AppleWebKit/604.5.6 (KHTML, like Gecko) Version/11.0.3 Safari/604.5.6"
88.198.90.9 - - [21/Dec/2018:12:14:55 +0100] "GET /seiten/ausbildung3.htm HTTP/1.1" 200 6331 "-" "Mozilla/5.0 (Macintosh; Intel Mac OS X 1084) AppleWebKit/536.29.13 (KHTML like Gecko) Version/6.0.4 Safari/536.29.13"
88.198.90.9 - - [21/Dec/2018:12:14:55 +0100] "GET /seiten/referenzen_waerme.htm HTTP/1.1" 200 35661 "-" "Mozilla/5.0 (Macintosh; Intel Mac OS X 10_12_6) AppleWebKit/604.5.6 (KHTML, like Gecko) Version/11.0.3 Safari/604.5.6"
88.198.90.9 - - [21/Dec/2018:12:15:01 +0100] "GET /seiten/ausbildung2.htm HTTP/1.1" 200 4821 "-" "Mozilla/5.0 (Macintosh; Intel Mac OS X 10_13_1) AppleWebKit/604.3.5 (KHTML, like Gecko) Version/11.0.1 Safari/604.3.5"
207.46.13.20 - - [21/Dec/2018:15:59:55 +0100] "GET /img/logo.gif HTTP/1.1" 200 4275 "-" "Mozilla/5.0 (compatible; bingbot/2.0; +http://www.bing.com/bingbot.htm)"
46.4.65.42 - - [21/Dec/2018:21:11:48 +0100] "GET /robots.txt HTTP/1.1" 404 1256 "-" "Mozilla/5.0 (compatible; BLEXBot/1.0; +http://webmeup-crawler.com/)"
46.4.65.42 - - [21/Dec/2018:21:11:48 +0100] "GET /seiten/start.htm HTTP/1.1" 200 9376 "-" "Mozilla/5.0 (compatible; BLEXBot/1.0; +http://webmeup-crawler.com/)"
39.104.59.115 - - [21/Dec/2018:23:47:26 +0100] "GET /demo/wp-admin/ HTTP/1.1" 404 1256 "-" "-"
216.244.66.230 - - [22/Dec/2018:02:16:17 +0100] "GET /robots.txt HTTP/1.1" 404 1256 "-" "Mozilla/5.0 (compatible; DotBot/1.1; http://www.opensiteexplorer.org/dotbot, help@moz.com)"
157.55.39.122 - - [22/Dec/2018:02:31:09 +0100] "GET /seiten/impressum.htm HTTP/1.1" 304 - "-" "Mozilla/5.0 (compatible; bingbot/2.0; +http://www.bing.com/bingbot.htm)"
91.121.109.55 - - [22/Dec/2018:04:00:26 +0100] "GET /robots.txt HTTP/1.1" 404 1256 "-" "Mozilla/5.0 (compatible; MJ12bot/v1.4.8; http://mj12bot.com/)"
91.121.109.55 - - [22/Dec/2018:04:00:38 +0100] "GET / HTTP/1.1" 200 1775 "-" "Mozilla/5.0 (compatible; MJ12bot/v1.4.8; http://mj12bot.com/)"
39.104.79.249 - - [22/Dec/2018:04:46:50 +0100] "GET /demo/wp-admin/ HTTP/1.1" 404 1256 "-" "-"
39.98.175.232 - - [22/Dec/2018:04:47:01 +0100] "GET /demo/wp-admin/ HTTP/1.1" 404 1256 "-" "-"
157.55.39.13 - - [22/Dec/2018:04:55:50 +0100] "GET /robots.txt HTTP/1.1" 404 1256 "-" "Mozilla/5.0 (compatible; bingbot/2.0; +http://www.bing.com/bingbot.htm)"
40.77.167.94 - - [22/Dec/2018:04:55:58 +0100] "GET /img/logo.gif HTTP/1.1" 200 4275 "-" "Mozilla/5.0 (compatible; bingbot/2.0; +http://www.bing.com/bingbot.htm)"
213.61.218.67 - - [22/Dec/2018:04:55:59 +0100] "GET /robots.txt HTTP/1.1" 404 1256 "-" "Jobsearch1.5"
213.61.218.67 - - [22/Dec/2018:04:55:59 +0100] "GET /seiten/ausbildung.htm HTTP/1.1" 200 2131 "-" "Jobsearch1.5"
157.55.39.162 - - [22/Dec/2018:05:47:05 +0100] "GET /seiten/referenzen.htm HTTP/1.1" 200 3626 "-" "Mozilla/5.0 (compatible; bingbot/2.0; +http://www.bing.com/bingbot.htm)"
52.53.201.78 - - [22/Dec/2018:05:51:43 +0100] "GET / HTTP/1.1" 200 1775 "-" "Mozilla/5.0 (Macintosh; Intel Mac OS X 10_12_6) AppleWebKit/537.36 (KHTML, like Gecko) Chrome/61.0.3163.100 Safari/537.36"
180.76.15.9 - - [22/Dec/2018:06:39:00 +0100] "GET / HTTP/1.1" 200 1775 "-" "Mozilla/5.0 (compatible; Baiduspider/2.0; +http://www.baidu.com/search/spider.html)"
42.236.99.65 - - [22/Dec/2018:07:07:08 +0100] "GET / HTTP/1.1" 200 1775 "http://www.frb-berlin.de/" "Mozilla/5.0 (Windows NT 6.1; WOW64) AppleWebKit/537.36 (KHTML, like Gecko) Chrome/50.0.2661.102 Safari/537.36; 360Spider"
17.58.96.189 - - [22/Dec/2018:08:17:00 +0100] "GET /robots.txt HTTP/1.1" 404 1256 "-" "Mozilla/5.0 (Macintosh; Intel Mac OS X 10_10_1) AppleWebKit/600.2.5 (KHTML, like Gecko) Version/8.0.2 Safari/600.2.5 (Applebot/0.1; +http://www.apple.com/go/applebot)"
17.58.96.189 - - [22/Dec/2018:08:17:01 +0100] "GET / HTTP/1.1" 200 1775 "-" "Mozilla/5.0 (Macintosh; Intel Mac OS X 10_10_1) AppleWebKit/600.2.5 (KHTML, like Gecko) Version/8.0.2 Safari/600.2.5 (Applebot/0.1; +http://www.apple.com/go/applebot)"
188.138.41.206 - - [22/Dec/2018:10:32:03 +0100] "GET / HTTP/1.1" 200 1775 "-" "Mozilla/5.0 (X11; U; Linux Core i7-4980HQ; de; rv:32.0; compatible; JobboerseBot; http://www.jobboerse.com/bot.htm) Gecko/20100101 Firefox/38.0"
188.138.41.206 - - [22/Dec/2018:10:32:03 +0100] "GET /robots.txt HTTP/1.1" 404 1256 "-" "Mozilla/5.0 (X11; U; Linux Core i7-4980HQ; de; rv:32.0; compatible; JobboerseBot; http://www.jobboerse.com/bot.htm) Gecko/20100101 Firefox/38.0"
188.138.41.206 - - [22/Dec/2018:10:32:03 +0100] "GET / HTTP/1.1" 200 1775 "-" "Mozilla/5.0 (X11; U; Linux Core i7-4980HQ; de; rv:32.0; compatible; JobboerseBot; http://www.jobboerse.com/bot.htm) Gecko/20100101 Firefox/38.0"
188.138.41.206 - - [22/Dec/2018:10:32:36 +0100] "GET / HTTP/1.1" 200 1775 "-" "Mozilla/5.0 (X11; U; Linux Core i7-4980HQ; de; rv:32.0; compatible; JobboerseBot; http://www.jobboerse.com/bot.htm) Gecko/20100101 Firefox/38.0"
188.138.41.206 - - [22/Dec/2018:10:32:36 +0100] "GET /css/style.css HTTP/1.1" 200 8567 "http://www.frb-berlin.de/" "Mozilla/5.0 (X11; U; Linux Core i7-4980HQ; de; rv:32.0; compatible; JobboerseBot; http://www.jobboerse.com/bot.htm) Gecko/20100101 Firefox/38.0"
188.138.41.206 - - [22/Dec/2018:10:33:02 +0100] "GET /seiten/start.htm HTTP/1.1" 200 9376 "-" "Mozilla/5.0 (X11; U; Linux Core i7-4980HQ; de; rv:32.0; compatible; JobboerseBot; http://www.jobboerse.com/bot.htm) Gecko/20100101 Firefox/38.0"
188.138.41.206 - - [22/Dec/2018:10:33:02 +0100] "GET /scripte/menu_start.js HTTP/1.1" 200 31217 "http://www.frb-berlin.de/seiten/start.htm" "Mozilla/5.0 (X11; U; Linux Core i7-4980HQ; de; rv:32.0; compatible; JobboerseBot; http://www.jobboerse.com/bot.htm) Gecko/20100101 Firefox/38.0"
188.138.41.206 - - [22/Dec/2018:10:33:02 +0100] "GET /scripte/menu_elemente.js HTTP/1.1" 200 18006 "http://www.frb-berlin.de/seiten/start.htm" "Mozilla/5.0 (X11; U; Linux Core i7-4980HQ; de; rv:32.0; compatible; JobboerseBot; http://www.jobboerse.com/bot.htm) Gecko/20100101 Firefox/38.0"
188.138.41.206 - - [22/Dec/2018:10:33:15 +0100] "GET /seiten/main.htm HTTP/1.1" 200 2496 "http://www.frb-berlin.de/seiten/start.htm" "Mozilla/5.0 (X11; U; Linux Core i7-4980HQ; de; rv:32.0; compatible; JobboerseBot; http://www.jobboerse.com/bot.htm) Gecko/20100101 Firefox/38.0"
188.138.41.206 - - [22/Dec/2018:10:33:16 +0100] "GET /css/style.css HTTP/1.1" 200 8567 "http://www.frb-berlin.de/seiten/start.htm" "Mozilla/5.0 (X11; U; Linux Core i7-4980HQ; de; rv:32.0; compatible; JobboerseBot; http://www.jobboerse.com/bot.htm) Gecko/20100101 Firefox/38.0"
188.138.41.206 - - [22/Dec/2018:10:33:16 +0100] "GET /css/style.css HTTP/1.1" 200 8567 "http://www.frb-berlin.de/seiten/start.htm" "Mozilla/5.0 (X11; U; Linux Core i7-4980HQ; de; rv:32.0; compatible; JobboerseBot; http://www.jobboerse.com/bot.htm) Gecko/20100101 Firefox/38.0"
188.138.41.206 - - [22/Dec/2018:10:33:18 +0100] "GET /seiten/main.htm HTTP/1.1" 200 2496 "-" "Mozilla/5.0 (X11; U; Linux Core i7-4980HQ; de; rv:32.0; compatible; JobboerseBot; http://www.jobboerse.com/bot.htm) Gecko/20100101 Firefox/38.0"
95.216.96.170 - - [22/Dec/2018:11:19:31 +0100] "GET /robots.txt HTTP/1.1" 404 1256 "-" "Mozilla/5.0 (compatible; SEOkicks; +https://www.seokicks.de/robot.html)"
95.216.96.170 - - [22/Dec/2018:11:19:33 +0100] "GET / HTTP/1.1" 200 1775 "-" "Mozilla/5.0 (compatible; SEOkicks; +https://www.seokicks.de/robot.html)"
95.216.96.170 - - [22/Dec/2018:11:19:34 +0100] "GET /seiten/start.htm HTTP/1.1" 200 9376 "http://www.frb-berlin.de/" "Mozilla/5.0 (compatible; SEOkicks; +https://www.seokicks.de/robot.html)"
95.216.96.170 - - [22/Dec/2018:11:19:35 +0100] "GET /seiten/main.htm HTTP/1.1" 200 2496 "http://www.frb-berlin.de/seiten/start.htm" "Mozilla/5.0 (compatible; SEOkicks; +https://www.seokicks.de/robot.html)"
95.216.96.170 - - [22/Dec/2018:11:19:38 +0100] "GET /seiten/ueber_uns.htm HTTP/1.1" 200 2081 "http://www.frb-berlin.de/seiten/start.htm" "Mozilla/5.0 (compatible; SEOkicks; +https://www.seokicks.de/robot.html)"
95.216.96.170 - - [22/Dec/2018:11:19:39 +0100] "GET /seiten/ausbildung.htm HTTP/1.1" 200 2131 "http://www.frb-berlin.de/seiten/start.htm" "Mozilla/5.0 (compatible; SEOkicks; +https://www.seokicks.de/robot.html)"
95.216.96.170 - - [22/Dec/2018:11:19:40 +0100] "GET /seiten/leistungen.htm HTTP/1.1" 200 3710 "http://www.frb-berlin.de/seiten/start.htm" "Mozilla/5.0 (compatible; SEOkicks; +https://www.seokicks.de/robot.html)"
95.216.96.170 - - [22/Dec/2018:11:19:42 +0100] "GET /seiten/referenzen.htm HTTP/1.1" 200 3626 "http://www.frb-berlin.de/seiten/start.htm" "Mozilla/5.0 (compatible; SEOkicks; +https://www.seokicks.de/robot.html)"
95.216.96.170 - - [22/Dec/2018:11:19:44 +0100] "GET /seiten/kontakt.php HTTP/1.1" 200 6708 "http://www.frb-berlin.de/seiten/start.htm" "Mozilla/5.0 (compatible; SEOkicks; +https://www.seokicks.de/robot.html)"
46.229.168.151 - - [22/Dec/2018:11:37:01 +0100] "GET /robots.txt HTTP/1.1" 404 1256 "-" "Mozilla/5.0 (compatible; SemrushBot/3~bl; +http://www.semrush.com/bot.html)"
46.229.168.145 - - [22/Dec/2018:11:37:01 +0100] "GET / HTTP/1.1" 200 1775 "-" "Mozilla/5.0 (compatible; SemrushBot/3~bl; +http://www.semrush.com/bot.html)"
46.229.168.148 - - [22/Dec/2018:11:37:03 +0100] "GET /sitemap.xml HTTP/1.1" 404 1256 "-" "Mozilla/5.0 (compatible; SemrushBot/3~bl; +http://www.semrush.com/bot.html)"
46.4.65.42 - - [22/Dec/2018:14:01:56 +0100] "GET /robots.txt HTTP/1.1" 404 1256 "-" "Mozilla/5.0 (compatible; BLEXBot/1.0; +http://webmeup-crawler.com/)"
46.4.65.42 - - [22/Dec/2018:14:01:56 +0100] "GET /seiten/impressum.htm HTTP/1.1" 200 4643 "-" "Mozilla/5.0 (compatible; BLEXBot/1.0; +http://webmeup-crawler.com/)"
180.76.15.153 - - [22/Dec/2018:14:20:45 +0100] "GET /dokumente/ReferenzenMaler.pdf HTTP/1.1" 200 15515 "-" "Mozilla/5.0 (compatible; Baiduspider/2.0; +http://www.baidu.com/search/spider.html)"
64.246.187.42 - - [22/Dec/2018:14:56:21 +0100] "GET /robots.txt HTTP/1.0" 404 1256 "-" "Mozilla/5.0 (Macintosh; Intel Mac OS X 10.10; rv:59.0) Gecko/20100101 Firefox/59.0"
64.246.187.42 - - [22/Dec/2018:14:56:21 +0100] "GET / HTTP/1.1" 200 1775 "-" "Mozilla/5.0 (Macintosh; Intel Mac OS X 10.10; rv:59.0) Gecko/20100101 Firefox/59.0"
216.244.66.230 - - [22/Dec/2018:16:20:40 +0100] "GET /robots.txt HTTP/1.1" 404 1256 "-" "Mozilla/5.0 (compatible; DotBot/1.1; http://www.opensiteexplorer.org/dotbot, help@moz.com)"
213.61.218.99 - - [22/Dec/2018:18:05:02 +0100] "GET /robots.txt HTTP/1.1" 404 1256 "-" "Jobsearch1.5"
213.61.218.99 - - [22/Dec/2018:18:05:03 +0100] "GET /seiten/ausbildung.htm HTTP/1.1" 200 2131 "-" "Jobsearch1.5"
216.244.66.230 - - [22/Dec/2018:19:50:49 +0100] "GET /robots.txt HTTP/1.1" 404 1256 "-" "Mozilla/5.0 (compatible; DotBot/1.1; http://www.opensiteexplorer.org/dotbot, help@moz.com)"
188.165.200.217 - - [22/Dec/2018:20:07:28 +0100] "HEAD / HTTP/1.1" 200 - "-" "Mozilla/4.0 (compatible; MSIE 5.01; Windows NT 5.0)"
216.244.66.230 - - [22/Dec/2018:21:35:12 +0100] "GET /robots.txt HTTP/1.1" 404 1256 "-" "Mozilla/5.0 (compatible; DotBot/1.1; http://www.opensiteexplorer.org/dotbot, help@moz.com)"
173.249.10.180 - - [22/Dec/2018:21:47:58 +0100] "GET /robots.txt HTTP/1.0" 404 1256 "-" "Mozilla/5.0 (compatible; enolystBot/0.2; +http://www.enolyst.com)/Nutch-1.14"
173.249.10.180 - - [22/Dec/2018:21:47:58 +0100] "GET / HTTP/1.0" 304 - "-" "Mozilla/5.0 (compatible; enolystBot/0.2; +http://www.enolyst.com)/Nutch-1.14"
136.243.83.42 - - [22/Dec/2018:22:48:01 +0100] "GET /robots.txt HTTP/1.1" 404 1256 "-" "Mozilla/5.0 (compatible; MetaJobBot; http://www.metajob.de/crawler)"
136.243.83.42 - - [22/Dec/2018:22:48:01 +0100] "GET / HTTP/1.1" 200 1775 "-" "Mozilla/5.0 (compatible; MetaJobBot; http://www.metajob.de/crawler)"
216.244.66.230 - - [23/Dec/2018:01:05:19 +0100] "GET /robots.txt HTTP/1.1" 404 1256 "-" "Mozilla/5.0 (compatible; DotBot/1.1; http://www.opensiteexplorer.org/dotbot, help@moz.com)"
216.244.66.230 - - [23/Dec/2018:01:57:49 +0100] "GET /robots.txt HTTP/1.1" 404 1256 "-" "Mozilla/5.0 (compatible; DotBot/1.1; http://www.opensiteexplorer.org/dotbot, help@moz.com)"
216.244.66.230 - - [23/Dec/2018:02:36:43 +0100] "GET /seiten/impressum.htm HTTP/1.1" 200 4643 "-" "Mozilla/5.0 (compatible; DotBot/1.1; http://www.opensiteexplorer.org/dotbot, help@moz.com)"
194.173.174.106 - - [23/Dec/2018:06:22:05 +0100] "HEAD / HTTP/1.1" 200 - "-" "Mozilla/5.0 (Windows NT 6.3; WOW64) AppleWebKit/537.36 (KHTML, like Gecko) Chrome/43.0.2357.134 Safari/537.36"
34.207.68.168 - - [23/Dec/2018:06:23:15 +0100] "GET / HTTP/1.1" 200 1775 "-" "Mozilla/4.0 (compatible; MSIE 8.0; Windows NT 5.1; Trident/4.0)"
180.76.15.26 - - [23/Dec/2018:07:53:54 +0100] "GET / HTTP/1.1" 200 1775 "-" "Mozilla/5.0 (compatible; Baiduspider/2.0; +http://www.baidu.com/search/spider.html)"
213.61.218.76 - - [23/Dec/2018:08:23:49 +0100] "GET /robots.txt HTTP/1.1" 404 1256 "-" "Jobsearch1.5"
213.61.218.76 - - [23/Dec/2018:08:23:49 +0100] "GET /seiten/ausbildung.htm HTTP/1.1" 200 2131 "-" "Jobsearch1.5"
39.98.52.133 - - [23/Dec/2018:09:50:18 +0100] "GET /dev/wp-admin/ HTTP/1.1" 404 1256 "-" "-"
216.244.66.230 - - [23/Dec/2018:13:41:03 +0100] "GET /robots.txt HTTP/1.1" 404 1256 "-" "Mozilla/5.0 (compatible; DotBot/1.1; http://www.opensiteexplorer.org/dotbot, help@moz.com)"
194.173.174.106 - - [23/Dec/2018:14:29:10 +0100] "HEAD / HTTP/1.1" 200 - "-" "Mozilla/5.0 (Windows NT 6.3; WOW64) AppleWebKit/537.36 (KHTML, like Gecko) Chrome/43.0.2357.134 Safari/537.36"
18.206.159.236 - - [23/Dec/2018:14:30:23 +0100] "GET / HTTP/1.1" 200 1775 "-" "Mozilla/4.0 (compatible; MSIE 8.0; Windows NT 5.1; Trident/4.0)"
39.104.59.63 - - [23/Dec/2018:15:21:22 +0100] "GET /dev/wp-admin/ HTTP/1.1" 404 1256 "-" "-"
216.244.66.230 - - [23/Dec/2018:16:18:25 +0100] "GET /robots.txt HTTP/1.1" 404 1256 "-" "Mozilla/5.0 (compatible; DotBot/1.1; http://www.opensiteexplorer.org/dotbot, help@moz.com)"
216.244.66.230 - - [23/Dec/2018:17:10:32 +0100] "GET /robots.txt HTTP/1.1" 404 1256 "-" "Mozilla/5.0 (compatible; DotBot/1.1; http://www.opensiteexplorer.org/dotbot, help@moz.com)"
95.216.96.245 - - [23/Dec/2018:17:28:18 +0100] "GET /robots.txt HTTP/1.1" 404 1256 "-" "Mozilla/5.0 (compatible; SEOkicks; +https://www.seokicks.de/robot.html)"
95.216.96.245 - - [23/Dec/2018:17:28:19 +0100] "GET / HTTP/1.1" 200 1775 "-" "Mozilla/5.0 (compatible; SEOkicks; +https://www.seokicks.de/robot.html)"
95.216.96.245 - - [23/Dec/2018:17:28:20 +0100] "GET /seiten/start.htm HTTP/1.1" 200 9376 "http://www.frb-berlin.de/" "Mozilla/5.0 (compatible; SEOkicks; +https://www.seokicks.de/robot.html)"
95.216.96.245 - - [23/Dec/2018:17:28:21 +0100] "GET /seiten/main.htm HTTP/1.1" 200 2496 "http://www.frb-berlin.de/seiten/start.htm" "Mozilla/5.0 (compatible; SEOkicks; +https://www.seokicks.de/robot.html)"
95.216.96.245 - - [23/Dec/2018:17:28:22 +0100] "GET /seiten/ueber_uns.htm HTTP/1.1" 200 2081 "http://www.frb-berlin.de/seiten/start.htm" "Mozilla/5.0 (compatible; SEOkicks; +https://www.seokicks.de/robot.html)"
95.216.96.245 - - [23/Dec/2018:17:28:24 +0100] "GET /seiten/ausbildung.htm HTTP/1.1" 200 2131 "http://www.frb-berlin.de/seiten/start.htm" "Mozilla/5.0 (compatible; SEOkicks; +https://www.seokicks.de/robot.html)"
95.216.96.245 - - [23/Dec/2018:17:28:25 +0100] "GET /seiten/leistungen.htm HTTP/1.1" 200 3710 "http://www.frb-berlin.de/seiten/start.htm" "Mozilla/5.0 (compatible; SEOkicks; +https://www.seokicks.de/robot.html)"
95.216.96.245 - - [23/Dec/2018:17:28:26 +0100] "GET /seiten/referenzen.htm HTTP/1.1" 200 3626 "http://www.frb-berlin.de/seiten/start.htm" "Mozilla/5.0 (compatible; SEOkicks; +https://www.seokicks.de/robot.html)"
95.216.96.245 - - [23/Dec/2018:17:28:27 +0100] "GET /seiten/kontakt.php HTTP/1.1" 200 6708 "http://www.frb-berlin.de/seiten/start.htm" "Mozilla/5.0 (compatible; SEOkicks; +https://www.seokicks.de/robot.html)"
216.244.66.230 - - [23/Dec/2018:19:47:07 +0100] "GET /robots.txt HTTP/1.1" 404 1256 "-" "Mozilla/5.0 (compatible; DotBot/1.1; http://www.opensiteexplorer.org/dotbot, help@moz.com)"
180.76.15.17 - - [23/Dec/2018:20:44:03 +0100] "GET / HTTP/1.1" 200 1775 "-" "Mozilla/5.0 (compatible; Baiduspider/2.0; +http://www.baidu.com/search/spider.html)"
213.61.218.76 - - [23/Dec/2018:22:33:38 +0100] "GET /robots.txt HTTP/1.1" 404 1256 "-" "Jobsearch1.5"
213.61.218.76 - - [23/Dec/2018:22:33:38 +0100] "GET /seiten/ausbildung.htm HTTP/1.1" 200 2131 "-" "Jobsearch1.5"
42.236.99.166 - - [24/Dec/2018:03:06:43 +0100] "GET / HTTP/1.1" 200 1775 "http://www.frb-berlin.de/" "Mozilla/5.0 (Windows NT 6.1; WOW64) AppleWebKit/537.36 (KHTML, like Gecko) Chrome/50.0.2661.102 Safari/537.36; 360Spider"
216.244.66.230 - - [24/Dec/2018:03:11:41 +0100] "GET /robots.txt HTTP/1.1" 404 1256 "-" "Mozilla/5.0 (compatible; DotBot/1.1; http://www.opensiteexplorer.org/dotbot, help@moz.com)"
66.249.64.141 - - [24/Dec/2018:03:40:21 +0100] "GET /robots.txt HTTP/1.1" 404 1256 "-" "Mozilla/5.0 (compatible; Googlebot/2.1; +http://www.google.com/bot.html)"
66.249.64.141 - - [24/Dec/2018:03:40:22 +0100] "GET / HTTP/1.1" 200 1775 "-" "Mozilla/5.0 (Linux; Android 6.0.1; Nexus 5X Build/MMB29P) AppleWebKit/537.36 (KHTML, like Gecko) Chrome/41.0.2272.96 Mobile Safari/537.36 (compatible; Googlebot/2.1; +http://www.google.com/bot.html)"
216.244.66.230 - - [24/Dec/2018:03:45:18 +0100] "GET /seiten/main.htm HTTP/1.1" 200 2496 "-" "Mozilla/5.0 (compatible; DotBot/1.1; http://www.opensiteexplorer.org/dotbot, help@moz.com)"
45.55.252.183 - - [24/Dec/2018:06:06:38 +0100] "GET / HTTP/1.1" 200 1775 "http://www.frb-berlin.de" "Mozilla/5.0 (X11; Datanyze; Linux x86_64) AppleWebKit/537.36 (KHTML, like Gecko) Chrome/65.0.3325.181 Safari/537.36"
45.55.252.183 - - [24/Dec/2018:06:06:40 +0100] "GET /css/style.css HTTP/1.1" 200 8567 "-" "Mozilla/5.0 (X11; Datanyze; Linux x86_64) AppleWebKit/537.36 (KHTML, like Gecko) Chrome/65.0.3325.181 Safari/537.36"
45.55.252.183 - - [24/Dec/2018:06:06:51 +0100] "GET /robots.txt HTTP/1.1" 404 1256 "-" "Mozilla/5.0 (Macintosh; Intel Mac OS X 10_9_2) AppleWebKit/537.75.14 (KHTML, like Gecko) Version/7.0.3 Safari/537.75.14"
45.55.252.183 - - [24/Dec/2018:06:07:03 +0100] "GET /seiten/start.htm HTTP/1.1" 200 9376 "http://www.frb-berlin.de" "Mozilla/5.0 (X11; Datanyze; Linux x86_64) AppleWebKit/537.36 (KHTML, like Gecko) Chrome/65.0.3325.181 Safari/537.36"
45.55.252.183 - - [24/Dec/2018:06:07:04 +0100] "GET /../scripte/menu_start.js HTTP/1.1" 400 1200 "-" "Mozilla/5.0 (X11; Datanyze; Linux x86_64) AppleWebKit/537.36 (KHTML, like Gecko) Chrome/65.0.3325.181 Safari/537.36"
45.55.252.183 - - [24/Dec/2018:06:07:04 +0100] "GET /../css/style.css HTTP/1.1" 400 1200 "-" "Mozilla/5.0 (X11; Datanyze; Linux x86_64) AppleWebKit/537.36 (KHTML, like Gecko) Chrome/65.0.3325.181 Safari/537.36"
45.55.252.183 - - [24/Dec/2018:06:07:04 +0100] "GET /../scripte/menu_elemente.js HTTP/1.1" 400 1200 "-" "Mozilla/5.0 (X11; Datanyze; Linux x86_64) AppleWebKit/537.36 (KHTML, like Gecko) Chrome/65.0.3325.181 Safari/537.36"
83.240.219.234 - - [24/Dec/2018:11:05:14 +0100] "GET //.env HTTP/1.1" 404 1256 "-" "Mozilla/5.0 (Windows NT 6.1; WOW64; rv:24.0) Gecko/20100101 Firefox/24.0"
213.61.218.76 - - [24/Dec/2018:13:27:51 +0100] "GET /robots.txt HTTP/1.1" 404 1256 "-" "Jobsearch1.5"
213.61.218.76 - - [24/Dec/2018:13:27:51 +0100] "GET /seiten/ausbildung.htm HTTP/1.1" 200 2131 "-" "Jobsearch1.5"
173.249.10.180 - - [24/Dec/2018:13:41:17 +0100] "GET /robots.txt HTTP/1.0" 404 1256 "-" "Mozilla/5.0 (compatible; enolystBot/0.2; +http://www.enolyst.com)/Nutch-1.14"
173.249.10.180 - - [24/Dec/2018:13:41:17 +0100] "GET / HTTP/1.0" 304 - "-" "Mozilla/5.0 (compatible; enolystBot/0.2; +http://www.enolyst.com)/Nutch-1.14"
52.53.201.78 - - [24/Dec/2018:13:53:54 +0100] "GET / HTTP/1.1" 200 1775 "-" "Mozilla/5.0 (Macintosh; Intel Mac OS X 10_12_6) AppleWebKit/537.36 (KHTML, like Gecko) Chrome/61.0.3163.100 Safari/537.36"
216.244.66.230 - - [24/Dec/2018:14:18:56 +0100] "GET /robots.txt HTTP/1.1" 404 1256 "-" "Mozilla/5.0 (compatible; DotBot/1.1; http://www.opensiteexplorer.org/dotbot, help@moz.com)"
216.244.66.230 - - [24/Dec/2018:14:50:45 +0100] "GET /seiten/start.htm HTTP/1.1" 200 9376 "-" "Mozilla/5.0 (compatible; DotBot/1.1; http://www.opensiteexplorer.org/dotbot, help@moz.com)"
87.123.193.88 - - [24/Dec/2018:15:04:39 +0100] "GET / HTTP/1.1" 200 1775 "https://www.google.com/" "Mozilla/5.0 (iPhone; CPU iPhone OS 12_1 like Mac OS X) AppleWebKit/605.1.15 (KHTML, like Gecko) GSA/65.0.225212226 Mobile/15E148 Safari/605.1"
87.123.193.88 - - [24/Dec/2018:15:04:39 +0100] "GET /css/style.css HTTP/1.1" 200 8567 "http://www.frb-berlin.de/" "Mozilla/5.0 (iPhone; CPU iPhone OS 12_1 like Mac OS X) AppleWebKit/605.1.15 (KHTML, like Gecko) GSA/65.0.225212226 Mobile/15E148 Safari/605.1"
87.123.193.88 - - [24/Dec/2018:15:04:39 +0100] "GET /img/logo.gif HTTP/1.1" 200 4275 "http://www.frb-berlin.de/" "Mozilla/5.0 (iPhone; CPU iPhone OS 12_1 like Mac OS X) AppleWebKit/605.1.15 (KHTML, like Gecko) GSA/65.0.225212226 Mobile/15E148 Safari/605.1"
87.123.193.88 - - [24/Dec/2018:15:05:39 +0100] "GET /seiten/start.htm HTTP/1.1" 200 9376 "http://www.frb-berlin.de/" "Mozilla/5.0 (iPhone; CPU iPhone OS 12_1 like Mac OS X) AppleWebKit/605.1.15 (KHTML, like Gecko) GSA/65.0.225212226 Mobile/15E148 Safari/605.1"
87.123.193.88 - - [24/Dec/2018:15:05:39 +0100] "GET /img/head.jpg HTTP/1.1" 200 5932 "http://www.frb-berlin.de/seiten/start.htm" "Mozilla/5.0 (iPhone; CPU iPhone OS 12_1 like Mac OS X) AppleWebKit/605.1.15 (KHTML, like Gecko) GSA/65.0.225212226 Mobile/15E148 Safari/605.1"
87.123.193.88 - - [24/Dec/2018:15:05:39 +0100] "GET /scripte/menu_start.js HTTP/1.1" 200 31217 "http://www.frb-berlin.de/seiten/start.htm" "Mozilla/5.0 (iPhone; CPU iPhone OS 12_1 like Mac OS X) AppleWebKit/605.1.15 (KHTML, like Gecko) GSA/65.0.225212226 Mobile/15E148 Safari/605.1"
87.123.193.88 - - [24/Dec/2018:15:05:39 +0100] "GET /img/lay01.jpg HTTP/1.1" 200 9336 "http://www.frb-berlin.de/seiten/start.htm" "Mozilla/5.0 (iPhone; CPU iPhone OS 12_1 like Mac OS X) AppleWebKit/605.1.15 (KHTML, like Gecko) GSA/65.0.225212226 Mobile/15E148 Safari/605.1"
87.123.193.88 - - [24/Dec/2018:15:05:39 +0100] "GET /img/1px.gif HTTP/1.1" 200 43 "http://www.frb-berlin.de/seiten/start.htm" "Mozilla/5.0 (iPhone; CPU iPhone OS 12_1 like Mac OS X) AppleWebKit/605.1.15 (KHTML, like Gecko) GSA/65.0.225212226 Mobile/15E148 Safari/605.1"
87.123.193.88 - - [24/Dec/2018:15:05:39 +0100] "GET /scripte/menu_elemente.js HTTP/1.1" 200 18006 "http://www.frb-berlin.de/seiten/start.htm" "Mozilla/5.0 (iPhone; CPU iPhone OS 12_1 like Mac OS X) AppleWebKit/605.1.15 (KHTML, like Gecko) GSA/65.0.225212226 Mobile/15E148 Safari/605.1"
87.123.193.88 - - [24/Dec/2018:15:05:39 +0100] "GET /img/over_logo.jpg HTTP/1.1" 200 5315 "http://www.frb-berlin.de/seiten/start.htm" "Mozilla/5.0 (iPhone; CPU iPhone OS 12_1 like Mac OS X) AppleWebKit/605.1.15 (KHTML, like Gecko) GSA/65.0.225212226 Mobile/15E148 Safari/605.1"
87.123.193.88 - - [24/Dec/2018:15:05:39 +0100] "GET /img/lay03.jpg HTTP/1.1" 200 15205 "http://www.frb-berlin.de/seiten/start.htm" "Mozilla/5.0 (iPhone; CPU iPhone OS 12_1 like Mac OS X) AppleWebKit/605.1.15 (KHTML, like Gecko) GSA/65.0.225212226 Mobile/15E148 Safari/605.1"
87.123.193.88 - - [24/Dec/2018:15:05:39 +0100] "GET /img/lay04.jpg HTTP/1.1" 200 6356 "http://www.frb-berlin.de/seiten/start.htm" "Mozilla/5.0 (iPhone; CPU iPhone OS 12_1 like Mac OS X) AppleWebKit/605.1.15 (KHTML, like Gecko) GSA/65.0.225212226 Mobile/15E148 Safari/605.1"
87.123.193.88 - - [24/Dec/2018:15:05:39 +0100] "GET /img/lay05.jpg HTTP/1.1" 200 10183 "http://www.frb-berlin.de/seiten/start.htm" "Mozilla/5.0 (iPhone; CPU iPhone OS 12_1 like Mac OS X) AppleWebKit/605.1.15 (KHTML, like Gecko) GSA/65.0.225212226 Mobile/15E148 Safari/605.1"
87.123.193.88 - - [24/Dec/2018:15:05:39 +0100] "GET /img/lay06.jpg HTTP/1.1" 200 11774 "http://www.frb-berlin.de/seiten/start.htm" "Mozilla/5.0 (iPhone; CPU iPhone OS 12_1 like Mac OS X) AppleWebKit/605.1.15 (KHTML, like Gecko) GSA/65.0.225212226 Mobile/15E148 Safari/605.1"
87.123.193.88 - - [24/Dec/2018:15:05:39 +0100] "GET /img/lay07.jpg HTTP/1.1" 200 9742 "http://www.frb-berlin.de/seiten/start.htm" "Mozilla/5.0 (iPhone; CPU iPhone OS 12_1 like Mac OS X) AppleWebKit/605.1.15 (KHTML, like Gecko) GSA/65.0.225212226 Mobile/15E148 Safari/605.1"
87.123.193.88 - - [24/Dec/2018:15:05:39 +0100] "GET /img/lay13.jpg HTTP/1.1" 200 428 "http://www.frb-berlin.de/seiten/start.htm" "Mozilla/5.0 (iPhone; CPU iPhone OS 12_1 like Mac OS X) AppleWebKit/605.1.15 (KHTML, like Gecko) GSA/65.0.225212226 Mobile/15E148 Safari/605.1"
87.123.193.88 - - [24/Dec/2018:15:05:39 +0100] "GET /img/lay08.jpg HTTP/1.1" 200 10212 "http://www.frb-berlin.de/seiten/start.htm" "Mozilla/5.0 (iPhone; CPU iPhone OS 12_1 like Mac OS X) AppleWebKit/605.1.15 (KHTML, like Gecko) GSA/65.0.225212226 Mobile/15E148 Safari/605.1"
87.123.193.88 - - [24/Dec/2018:15:05:39 +0100] "GET /img/bogen_o1.jpg HTTP/1.1" 200 8356 "http://www.frb-berlin.de/seiten/start.htm" "Mozilla/5.0 (iPhone; CPU iPhone OS 12_1 like Mac OS X) AppleWebKit/605.1.15 (KHTML, like Gecko) GSA/65.0.225212226 Mobile/15E148 Safari/605.1"
87.123.193.88 - - [24/Dec/2018:15:05:39 +0100] "GET /img/lay10.jpg HTTP/1.1" 200 12856 "http://www.frb-berlin.de/seiten/start.htm" "Mozilla/5.0 (iPhone; CPU iPhone OS 12_1 like Mac OS X) AppleWebKit/605.1.15 (KHTML, like Gecko) GSA/65.0.225212226 Mobile/15E148 Safari/605.1"
87.123.193.88 - - [24/Dec/2018:15:05:39 +0100] "GET /img/lay12.jpg HTTP/1.1" 200 394 "http://www.frb-berlin.de/seiten/start.htm" "Mozilla/5.0 (iPhone; CPU iPhone OS 12_1 like Mac OS X) AppleWebKit/605.1.15 (KHTML, like Gecko) GSA/65.0.225212226 Mobile/15E148 Safari/605.1"
87.123.193.88 - - [24/Dec/2018:15:05:39 +0100] "GET /img/bg_links.jpg HTTP/1.1" 200 8379 "http://www.frb-berlin.de/seiten/start.htm" "Mozilla/5.0 (iPhone; CPU iPhone OS 12_1 like Mac OS X) AppleWebKit/605.1.15 (KHTML, like Gecko) GSA/65.0.225212226 Mobile/15E148 Safari/605.1"
87.123.193.88 - - [24/Dec/2018:15:05:39 +0100] "GET /img/bg_rechts.jpg HTTP/1.1" 200 346 "http://www.frb-berlin.de/seiten/start.htm" "Mozilla/5.0 (iPhone; CPU iPhone OS 12_1 like Mac OS X) AppleWebKit/605.1.15 (KHTML, like Gecko) GSA/65.0.225212226 Mobile/15E148 Safari/605.1"
87.123.193.88 - - [24/Dec/2018:15:05:39 +0100] "GET /img/lay11.jpg HTTP/1.1" 200 12218 "http://www.frb-berlin.de/seiten/start.htm" "Mozilla/5.0 (iPhone; CPU iPhone OS 12_1 like Mac OS X) AppleWebKit/605.1.15 (KHTML, like Gecko) GSA/65.0.225212226 Mobile/15E148 Safari/605.1"
87.123.193.88 - - [24/Dec/2018:15:05:39 +0100] "GET /seiten/main.htm HTTP/1.1" 200 2496 "http://www.frb-berlin.de/seiten/start.htm" "Mozilla/5.0 (iPhone; CPU iPhone OS 12_1 like Mac OS X) AppleWebKit/605.1.15 (KHTML, like Gecko) GSA/65.0.225212226 Mobile/15E148 Safari/605.1"
87.123.193.88 - - [24/Dec/2018:15:05:39 +0100] "GET /img/farben.jpg HTTP/1.1" 200 14519 "http://www.frb-berlin.de/seiten/main.htm" "Mozilla/5.0 (iPhone; CPU iPhone OS 12_1 like Mac OS X) AppleWebKit/605.1.15 (KHTML, like Gecko) GSA/65.0.225212226 Mobile/15E148 Safari/605.1"
87.123.193.88 - - [24/Dec/2018:15:05:39 +0100] "GET /img/favorit_a.gif HTTP/1.1" 200 175 "http://www.frb-berlin.de/seiten/start.htm" "Mozilla/5.0 (iPhone; CPU iPhone OS 12_1 like Mac OS X) AppleWebKit/605.1.15 (KHTML, like Gecko) GSA/65.0.225212226 Mobile/15E148 Safari/605.1"
87.123.193.88 - - [24/Dec/2018:15:05:59 +0100] "GET /seiten/links.htm HTTP/1.1" 200 1543 "http://www.frb-berlin.de/seiten/start.htm" "Mozilla/5.0 (iPhone; CPU iPhone OS 12_1 like Mac OS X) AppleWebKit/605.1.15 (KHTML, like Gecko) GSA/65.0.225212226 Mobile/15E148 Safari/605.1"
87.123.193.88 - - [24/Dec/2018:15:05:59 +0100] "GET /img/hg.jpg HTTP/1.1" 200 7507 "http://www.frb-berlin.de/seiten/links.htm" "Mozilla/5.0 (iPhone; CPU iPhone OS 12_1 like Mac OS X) AppleWebKit/605.1.15 (KHTML, like Gecko) GSA/65.0.225212226 Mobile/15E148 Safari/605.1"
87.123.193.88 - - [24/Dec/2018:15:06:10 +0100] "GET /seiten/kontakt.php HTTP/1.1" 200 6708 "http://www.frb-berlin.de/seiten/start.htm" "Mozilla/5.0 (iPhone; CPU iPhone OS 12_1 like Mac OS X) AppleWebKit/605.1.15 (KHTML, like Gecko) GSA/65.0.225212226 Mobile/15E148 Safari/605.1"
87.123.193.88 - - [24/Dec/2018:15:10:27 +0100] "GET /seiten/start.htm HTTP/1.1" 206 9376 "-" "WhatsApp/2.18.111 i"
89.204.138.242 - - [24/Dec/2018:15:10:36 +0100] "GET /seiten/start.htm HTTP/1.1" 200 9376 "-" "Mozilla/5.0 (iPhone; CPU iPhone OS 11_4_1 like Mac OS X) AppleWebKit/605.1.15 (KHTML, like Gecko) Version/11.0 Mobile/15E148 Safari/604.1"
89.204.138.242 - - [24/Dec/2018:15:10:36 +0100] "GET /img/1px.gif HTTP/1.1" 200 43 "http://www.frb-berlin.de/seiten/start.htm" "Mozilla/5.0 (iPhone; CPU iPhone OS 11_4_1 like Mac OS X) AppleWebKit/605.1.15 (KHTML, like Gecko) Version/11.0 Mobile/15E148 Safari/604.1"
89.204.138.242 - - [24/Dec/2018:15:10:36 +0100] "GET /scripte/menu_elemente.js HTTP/1.1" 200 18006 "http://www.frb-berlin.de/seiten/start.htm" "Mozilla/5.0 (iPhone; CPU iPhone OS 11_4_1 like Mac OS X) AppleWebKit/605.1.15 (KHTML, like Gecko) Version/11.0 Mobile/15E148 Safari/604.1"
89.204.138.242 - - [24/Dec/2018:15:10:36 +0100] "GET /css/style.css HTTP/1.1" 200 8567 "http://www.frb-berlin.de/seiten/start.htm" "Mozilla/5.0 (iPhone; CPU iPhone OS 11_4_1 like Mac OS X) AppleWebKit/605.1.15 (KHTML, like Gecko) Version/11.0 Mobile/15E148 Safari/604.1"
89.204.138.242 - - [24/Dec/2018:15:10:36 +0100] "GET /scripte/menu_start.js HTTP/1.1" 200 31217 "http://www.frb-berlin.de/seiten/start.htm" "Mozilla/5.0 (iPhone; CPU iPhone OS 11_4_1 like Mac OS X) AppleWebKit/605.1.15 (KHTML, like Gecko) Version/11.0 Mobile/15E148 Safari/604.1"
89.204.138.242 - - [24/Dec/2018:15:10:36 +0100] "GET /img/head.jpg HTTP/1.1" 200 5932 "http://www.frb-berlin.de/seiten/start.htm" "Mozilla/5.0 (iPhone; CPU iPhone OS 11_4_1 like Mac OS X) AppleWebKit/605.1.15 (KHTML, like Gecko) Version/11.0 Mobile/15E148 Safari/604.1"
89.204.138.242 - - [24/Dec/2018:15:10:36 +0100] "GET /img/lay01.jpg HTTP/1.1" 200 9336 "http://www.frb-berlin.de/seiten/start.htm" "Mozilla/5.0 (iPhone; CPU iPhone OS 11_4_1 like Mac OS X) AppleWebKit/605.1.15 (KHTML, like Gecko) Version/11.0 Mobile/15E148 Safari/604.1"
89.204.138.242 - - [24/Dec/2018:15:10:36 +0100] "GET /img/over_logo.jpg HTTP/1.1" 200 5315 "http://www.frb-berlin.de/seiten/start.htm" "Mozilla/5.0 (iPhone; CPU iPhone OS 11_4_1 like Mac OS X) AppleWebKit/605.1.15 (KHTML, like Gecko) Version/11.0 Mobile/15E148 Safari/604.1"
89.204.138.242 - - [24/Dec/2018:15:10:36 +0100] "GET /img/lay03.jpg HTTP/1.1" 200 15205 "http://www.frb-berlin.de/seiten/start.htm" "Mozilla/5.0 (iPhone; CPU iPhone OS 11_4_1 like Mac OS X) AppleWebKit/605.1.15 (KHTML, like Gecko) Version/11.0 Mobile/15E148 Safari/604.1"
