144.76.157.16 - - [28/Dec/2018:19:07:08 +0100] "GET /impressum.html HTTP/1.1" 404 1256 "tiles.services.mozilla.com" "Mozilla/5.0 (Macintosh; Intel Mac OS X 10_9_3) AppleWebKit/537.75.14 (KHTML, like Gecko) Version/7.0.3 Safari/7046A194A"
144.76.157.16 - - [28/Dec/2018:19:07:08 +0100] "GET /kontakt.html HTTP/1.1" 404 1256 "tiles.services.mozilla.com" "Mozilla/5.0 (Macintosh; Intel Mac OS X 10_9_3) AppleWebKit/537.75.14 (KHTML, like Gecko) Version/7.0.3 Safari/7046A194A"
144.76.157.16 - - [28/Dec/2018:19:07:08 +0100] "GET /impressum.htm HTTP/1.1" 404 1256 "tiles.services.mozilla.com" "Mozilla/5.0 (Macintosh; Intel Mac OS X 10_9_3) AppleWebKit/537.75.14 (KHTML, like Gecko) Version/7.0.3 Safari/7046A194A"
144.76.157.16 - - [28/Dec/2018:19:07:08 +0100] "GET /kontakt.htm HTTP/1.1" 404 1256 "tiles.services.mozilla.com" "Mozilla/5.0 (Macintosh; Intel Mac OS X 10_9_3) AppleWebKit/537.75.14 (KHTML, like Gecko) Version/7.0.3 Safari/7046A194A"
144.76.157.16 - - [28/Dec/2018:19:07:08 +0100] "GET /impressum.php HTTP/1.1" 404 1256 "tiles.services.mozilla.com" "Mozilla/5.0 (Macintosh; Intel Mac OS X 10_9_3) AppleWebKit/537.75.14 (KHTML, like Gecko) Version/7.0.3 Safari/7046A194A"
144.76.157.16 - - [28/Dec/2018:19:07:08 +0100] "GET /kontakt.php HTTP/1.1" 404 1256 "tiles.services.mozilla.com" "Mozilla/5.0 (Macintosh; Intel Mac OS X 10_9_3) AppleWebKit/537.75.14 (KHTML, like Gecko) Version/7.0.3 Safari/7046A194A"
142.93.191.63 - - [28/Dec/2018:20:05:45 +0100] "GET / HTTP/1.1" 200 1775 "-" "Mozilla/5.0 (X11; Datanyze; Linux x86_64) AppleWebKit/537.36 (KHTML, like Gecko) Chrome/65.0.3325.181 Safari/537.36"
142.93.184.133 - - [28/Dec/2018:20:23:44 +0100] "GET / HTTP/1.1" 200 1775 "http://www.frb-berlin.de" "Mozilla/5.0 (X11; Datanyze; Linux x86_64) AppleWebKit/537.36 (KHTML, like Gecko) Chrome/65.0.3325.181 Safari/537.36"
142.93.184.133 - - [28/Dec/2018:20:23:44 +0100] "GET /css/style.css HTTP/1.1" 200 8567 "-" "Mozilla/5.0 (X11; Datanyze; Linux x86_64) AppleWebKit/537.36 (KHTML, like Gecko) Chrome/65.0.3325.181 Safari/537.36"
142.93.184.133 - - [28/Dec/2018:20:23:55 +0100] "GET /robots.txt HTTP/1.1" 404 1256 "-" "Mozilla/5.0 (Windows NT 6.1; WOW64) AppleWebKit/537.36 (KHTML, like Gecko) Chrome/34.0.1847.137 Safari/537.36"
142.93.184.133 - - [28/Dec/2018:20:24:02 +0100] "GET /seiten/start.htm HTTP/1.1" 200 9376 "http://www.frb-berlin.de" "Mozilla/5.0 (X11; Datanyze; Linux x86_64) AppleWebKit/537.36 (KHTML, like Gecko) Chrome/65.0.3325.181 Safari/537.36"
142.93.184.133 - - [28/Dec/2018:20:24:02 +0100] "GET /../scripte/menu_start.js HTTP/1.1" 400 1200 "-" "Mozilla/5.0 (X11; Datanyze; Linux x86_64) AppleWebKit/537.36 (KHTML, like Gecko) Chrome/65.0.3325.181 Safari/537.36"
142.93.184.133 - - [28/Dec/2018:20:24:03 +0100] "GET /../scripte/menu_elemente.js HTTP/1.1" 400 1200 "-" "Mozilla/5.0 (X11; Datanyze; Linux x86_64) AppleWebKit/537.36 (KHTML, like Gecko) Chrome/65.0.3325.181 Safari/537.36"
142.93.184.133 - - [28/Dec/2018:20:24:03 +0100] "GET /../css/style.css HTTP/1.1" 400 1200 "-" "Mozilla/5.0 (X11; Datanyze; Linux x86_64) AppleWebKit/537.36 (KHTML, like Gecko) Chrome/65.0.3325.181 Safari/537.36"
216.244.66.230 - - [28/Dec/2018:21:42:24 +0100] "GET /robots.txt HTTP/1.1" 404 1256 "-" "Mozilla/5.0 (compatible; DotBot/1.1; http://www.opensiteexplorer.org/dotbot, help@moz.com)"
216.244.66.230 - - [28/Dec/2018:22:04:18 +0100] "GET /seiten/ueber_uns.htm HTTP/1.1" 200 2081 "-" "Mozilla/5.0 (compatible; DotBot/1.1; http://www.opensiteexplorer.org/dotbot, help@moz.com)"
213.61.218.76 - - [28/Dec/2018:22:28:30 +0100] "GET /robots.txt HTTP/1.1" 404 1256 "-" "Jobsearch1.5"
213.61.218.76 - - [28/Dec/2018:22:28:30 +0100] "GET /seiten/ausbildung.htm HTTP/1.1" 200 2131 "-" "Jobsearch1.5"
157.55.39.129 - - [28/Dec/2018:22:33:20 +0100] "GET /seiten/ausbildung.htm HTTP/1.1" 200 2131 "-" "Mozilla/5.0 (iPhone; CPU iPhone OS 7_0 like Mac OS X) AppleWebKit/537.51.1 (KHTML, like Gecko) Version/7.0 Mobile/11A465 Safari/9537.53 (compatible; bingbot/2.0; +http://www.bing.com/bingbot.htm)"
216.244.66.230 - - [28/Dec/2018:22:41:20 +0100] "GET /seiten/ueber_uns.htm HTTP/1.1" 200 2081 "-" "Mozilla/5.0 (compatible; DotBot/1.1; http://www.opensiteexplorer.org/dotbot, help@moz.com)"
207.46.13.22 - - [28/Dec/2018:22:46:46 +0100] "GET /robots.txt HTTP/1.1" 404 1256 "-" "Mozilla/5.0 (compatible; bingbot/2.0; +http://www.bing.com/bingbot.htm)"
178.255.215.83 - - [28/Dec/2018:22:49:28 +0100] "GET /robots.txt HTTP/1.1" 404 1256 "-" "Mozilla/5.0 (compatible; Exabot/3.0; +http://www.exabot.com/go/robot)"
178.255.215.83 - - [28/Dec/2018:22:49:28 +0100] "GET / HTTP/1.1" 200 1775 "-" "Mozilla/5.0 (compatible; Exabot/3.0; +http://www.exabot.com/go/robot)"
207.46.13.114 - - [28/Dec/2018:22:49:35 +0100] "GET /css/style.css HTTP/1.1" 200 8567 "-" "Mozilla/5.0 (iPhone; CPU iPhone OS 7_0 like Mac OS X) AppleWebKit/537.51.1 (KHTML, like Gecko) Version/7.0 Mobile/11A465 Safari/9537.53 (compatible; bingbot/2.0; +http://www.bing.com/bingbot.htm)"
157.55.39.129 - - [28/Dec/2018:22:57:27 +0100] "GET /img/hg.jpg HTTP/1.1" 200 7507 "-" "Mozilla/5.0 (iPhone; CPU iPhone OS 7_0 like Mac OS X) AppleWebKit/537.51.1 (KHTML, like Gecko) Version/7.0 Mobile/11A465 Safari/9537.53 (compatible; bingbot/2.0; +http://www.bing.com/bingbot.htm)"
207.46.13.22 - - [28/Dec/2018:23:24:46 +0100] "GET /seiten/referenzen_beton.htm HTTP/1.1" 304 - "-" "Mozilla/5.0 (compatible; bingbot/2.0; +http://www.bing.com/bingbot.htm)"
207.46.13.22 - - [28/Dec/2018:23:24:47 +0100] "GET /seiten/ueber_uns.htm HTTP/1.1" 200 2081 "-" "Mozilla/5.0 (iPhone; CPU iPhone OS 7_0 like Mac OS X) AppleWebKit/537.51.1 (KHTML, like Gecko) Version/7.0 Mobile/11A465 Safari/9537.53 (compatible; bingbot/2.0; +http://www.bing.com/bingbot.htm)"
198.204.243.138 - - [29/Dec/2018:03:26:43 +0100] "GET /robots.txt HTTP/1.0" 404 1256 "-" "Mozilla/5.0 (compatible; MJ12bot/v1.4.8; http://mj12bot.com/)"
178.255.215.83 - - [29/Dec/2018:03:27:52 +0100] "GET /seiten/ausbildung.htm HTTP/1.1" 200 2131 "-" "Mozilla/5.0 (compatible; Exabot/3.0; +http://www.exabot.com/go/robot)"
157.55.39.217 - - [29/Dec/2018:04:44:52 +0100] "GET /seiten/referenzen_waerme.htm HTTP/1.1" 304 - "-" "Mozilla/5.0 (compatible; bingbot/2.0; +http://www.bing.com/bingbot.htm)"
40.77.167.45 - - [29/Dec/2018:06:39:12 +0100] "GET /seiten/referenzen_maler.htm HTTP/1.1" 304 - "-" "Mozilla/5.0 (compatible; bingbot/2.0; +http://www.bing.com/bingbot.htm)"
40.77.167.46 - - [29/Dec/2018:07:05:59 +0100] "GET /seiten/ausbildung.htm HTTP/1.1" 304 - "-" "Mozilla/5.0 (compatible; bingbot/2.0; +http://www.bing.com/bingbot.htm)"
52.53.201.78 - - [29/Dec/2018:07:14:23 +0100] "GET / HTTP/1.1" 200 1775 "-" "Mozilla/5.0 (Macintosh; Intel Mac OS X 10_12_6) AppleWebKit/537.36 (KHTML, like Gecko) Chrome/61.0.3163.100 Safari/537.36"
180.76.15.26 - - [29/Dec/2018:07:37:08 +0100] "GET / HTTP/1.1" 200 1775 "-" "Mozilla/5.0 (compatible; Baiduspider/2.0; +http://www.baidu.com/search/spider.html)"
40.77.167.44 - - [29/Dec/2018:08:20:21 +0100] "GET /seiten/kontakt.php HTTP/1.1" 200 6708 "-" "Mozilla/5.0 (compatible; bingbot/2.0; +http://www.bing.com/bingbot.htm)"
95.216.96.254 - - [29/Dec/2018:08:25:41 +0100] "GET /robots.txt HTTP/1.1" 404 1256 "-" "Mozilla/5.0 (compatible; SEOkicks; +https://www.seokicks.de/robot.html)"
95.216.96.254 - - [29/Dec/2018:08:25:42 +0100] "GET / HTTP/1.1" 200 1775 "-" "Mozilla/5.0 (compatible; SEOkicks; +https://www.seokicks.de/robot.html)"
95.216.96.254 - - [29/Dec/2018:08:25:43 +0100] "GET /seiten/start.htm HTTP/1.1" 200 9376 "http://www.frb-berlin.de/" "Mozilla/5.0 (compatible; SEOkicks; +https://www.seokicks.de/robot.html)"
95.216.96.254 - - [29/Dec/2018:08:25:45 +0100] "GET /seiten/main.htm HTTP/1.1" 200 2496 "http://www.frb-berlin.de/seiten/start.htm" "Mozilla/5.0 (compatible; SEOkicks; +https://www.seokicks.de/robot.html)"
95.216.96.254 - - [29/Dec/2018:08:25:47 +0100] "GET /seiten/ueber_uns.htm HTTP/1.1" 200 2081 "http://www.frb-berlin.de/seiten/start.htm" "Mozilla/5.0 (compatible; SEOkicks; +https://www.seokicks.de/robot.html)"
95.216.96.254 - - [29/Dec/2018:08:25:49 +0100] "GET /seiten/ausbildung.htm HTTP/1.1" 200 2131 "http://www.frb-berlin.de/seiten/start.htm" "Mozilla/5.0 (compatible; SEOkicks; +https://www.seokicks.de/robot.html)"
95.216.96.254 - - [29/Dec/2018:08:25:50 +0100] "GET /seiten/leistungen.htm HTTP/1.1" 200 3710 "http://www.frb-berlin.de/seiten/start.htm" "Mozilla/5.0 (compatible; SEOkicks; +https://www.seokicks.de/robot.html)"
95.216.96.254 - - [29/Dec/2018:08:25:51 +0100] "GET /seiten/referenzen.htm HTTP/1.1" 200 3626 "http://www.frb-berlin.de/seiten/start.htm" "Mozilla/5.0 (compatible; SEOkicks; +https://www.seokicks.de/robot.html)"
95.216.96.254 - - [29/Dec/2018:08:25:52 +0100] "GET /seiten/kontakt.php HTTP/1.1" 200 6708 "http://www.frb-berlin.de/seiten/start.htm" "Mozilla/5.0 (compatible; SEOkicks; +https://www.seokicks.de/robot.html)"
40.77.167.45 - - [29/Dec/2018:08:36:18 +0100] "GET /seiten/referenzen_maler.htm HTTP/1.1" 200 51839 "-" "Mozilla/5.0 (iPhone; CPU iPhone OS 7_0 like Mac OS X) AppleWebKit/537.51.1 (KHTML, like Gecko) Version/7.0 Mobile/11A465 Safari/9537.53 (compatible; bingbot/2.0; +http://www.bing.com/bingbot.htm)"
40.77.167.45 - - [29/Dec/2018:08:36:19 +0100] "GET /img/logo.gif HTTP/1.1" 200 4275 "-" "Mozilla/5.0 (compatible; bingbot/2.0; +http://www.bing.com/bingbot.htm)"
35.158.162.238 - - [29/Dec/2018:09:17:08 +0100] "GET /robots.txt HTTP/1.1" 404 1256 "-" "Mozilla/5.0 (compatible; Cliqzbot/2.0; +http://cliqz.com/company/cliqzbot)"
35.158.162.238 - - [29/Dec/2018:09:17:10 +0100] "GET /seiten/kontakt.php HTTP/1.1" 200 6708 "-" "Mozilla/5.0 (compatible; Cliqzbot/2.0; +http://cliqz.com/company/cliqzbot)"
185.225.17.191 - - [29/Dec/2018:09:56:42 +0100] "GET /wp-content/plugins/wp-mailinglist/vendors/uploadify/upload.php HTTP/1.1" 404 1256 "http://www.frb-berlin.de/wp-content/plugins/wp-mailinglist/vendors/uploadify/upload.php" "Mozilla/5.0 (Windows NT 6.1; WOW64) AppleWebKit/537.36 (KHTML, like Gecko) Chrome/42.0.2311.152 Safari/537.36"
207.46.13.143 - - [29/Dec/2018:11:02:03 +0100] "GET /seiten/main.htm HTTP/1.1" 304 - "-" "Mozilla/5.0 (compatible; bingbot/2.0; +http://www.bing.com/bingbot.htm)"
40.77.167.45 - - [29/Dec/2018:11:09:50 +0100] "GET /seiten/referenzen_maler.htm HTTP/1.1" 200 51839 "-" "Mozilla/5.0 (compatible; bingbot/2.0; +http://www.bing.com/bingbot.htm)"
180.76.15.141 - - [29/Dec/2018:13:27:32 +0100] "GET / HTTP/1.1" 200 1775 "-" "Mozilla/5.0 (compatible; Baiduspider/2.0; +http://www.baidu.com/search/spider.html)"
40.77.167.45 - - [29/Dec/2018:14:21:29 +0100] "GET /seiten/start.htm HTTP/1.1" 200 9376 "-" "Mozilla/5.0 (iPhone; CPU iPhone OS 7_0 like Mac OS X) AppleWebKit/537.51.1 (KHTML, like Gecko) Version/7.0 Mobile/11A465 Safari/9537.53 (compatible; bingbot/2.0; +http://www.bing.com/bingbot.htm)"
40.77.167.45 - - [29/Dec/2018:14:21:59 +0100] "GET /img/bg_rechts.jpg HTTP/1.1" 200 346 "-" "Mozilla/5.0 (iPhone; CPU iPhone OS 7_0 like Mac OS X) AppleWebKit/537.51.1 (KHTML, like Gecko) Version/7.0 Mobile/11A465 Safari/9537.53 (compatible; bingbot/2.0; +http://www.bing.com/bingbot.htm)"
40.77.167.45 - - [29/Dec/2018:14:21:59 +0100] "GET /img/head.jpg HTTP/1.1" 200 5932 "-" "Mozilla/5.0 (iPhone; CPU iPhone OS 7_0 like Mac OS X) AppleWebKit/537.51.1 (KHTML, like Gecko) Version/7.0 Mobile/11A465 Safari/9537.53 (compatible; bingbot/2.0; +http://www.bing.com/bingbot.htm)"
40.77.167.35 - - [29/Dec/2018:14:32:44 +0100] "GET /img/favorit_a.gif HTTP/1.1" 200 175 "-" "Mozilla/5.0 (iPhone; CPU iPhone OS 7_0 like Mac OS X) AppleWebKit/537.51.1 (KHTML, like Gecko) Version/7.0 Mobile/11A465 Safari/9537.53 (compatible; bingbot/2.0; +http://www.bing.com/bingbot.htm)"
40.77.167.35 - - [29/Dec/2018:14:32:44 +0100] "GET /img/lay01.jpg HTTP/1.1" 200 9336 "-" "Mozilla/5.0 (iPhone; CPU iPhone OS 7_0 like Mac OS X) AppleWebKit/537.51.1 (KHTML, like Gecko) Version/7.0 Mobile/11A465 Safari/9537.53 (compatible; bingbot/2.0; +http://www.bing.com/bingbot.htm)"
207.46.13.5 - - [29/Dec/2018:14:33:24 +0100] "GET /img/bg_links.jpg HTTP/1.1" 200 8379 "-" "Mozilla/5.0 (iPhone; CPU iPhone OS 7_0 like Mac OS X) AppleWebKit/537.51.1 (KHTML, like Gecko) Version/7.0 Mobile/11A465 Safari/9537.53 (compatible; bingbot/2.0; +http://www.bing.com/bingbot.htm)"
207.46.13.5 - - [29/Dec/2018:14:33:24 +0100] "GET /img/lay06.jpg HTTP/1.1" 200 11774 "-" "Mozilla/5.0 (iPhone; CPU iPhone OS 7_0 like Mac OS X) AppleWebKit/537.51.1 (KHTML, like Gecko) Version/7.0 Mobile/11A465 Safari/9537.53 (compatible; bingbot/2.0; +http://www.bing.com/bingbot.htm)"
207.46.13.5 - - [29/Dec/2018:14:33:24 +0100] "GET /img/lay11.jpg HTTP/1.1" 200 12218 "-" "Mozilla/5.0 (iPhone; CPU iPhone OS 7_0 like Mac OS X) AppleWebKit/537.51.1 (KHTML, like Gecko) Version/7.0 Mobile/11A465 Safari/9537.53 (compatible; bingbot/2.0; +http://www.bing.com/bingbot.htm)"
207.46.13.5 - - [29/Dec/2018:14:33:25 +0100] "GET /scripte/menu_elemente.js HTTP/1.1" 200 18006 "-" "Mozilla/5.0 (iPhone; CPU iPhone OS 7_0 like Mac OS X) AppleWebKit/537.51.1 (KHTML, like Gecko) Version/7.0 Mobile/11A465 Safari/9537.53 (compatible; bingbot/2.0; +http://www.bing.com/bingbot.htm)"
207.46.13.143 - - [29/Dec/2018:14:33:40 +0100] "GET /img/1px.gif HTTP/1.1" 200 43 "-" "Mozilla/5.0 (iPhone; CPU iPhone OS 7_0 like Mac OS X) AppleWebKit/537.51.1 (KHTML, like Gecko) Version/7.0 Mobile/11A465 Safari/9537.53 (compatible; bingbot/2.0; +http://www.bing.com/bingbot.htm)"
207.46.13.143 - - [29/Dec/2018:14:33:41 +0100] "GET /img/over_logo.jpg HTTP/1.1" 200 5315 "-" "Mozilla/5.0 (iPhone; CPU iPhone OS 7_0 like Mac OS X) AppleWebKit/537.51.1 (KHTML, like Gecko) Version/7.0 Mobile/11A465 Safari/9537.53 (compatible; bingbot/2.0; +http://www.bing.com/bingbot.htm)"
207.46.13.143 - - [29/Dec/2018:14:33:41 +0100] "GET /scripte/menu_start.js HTTP/1.1" 200 31217 "-" "Mozilla/5.0 (iPhone; CPU iPhone OS 7_0 like Mac OS X) AppleWebKit/537.51.1 (KHTML, like Gecko) Version/7.0 Mobile/11A465 Safari/9537.53 (compatible; bingbot/2.0; +http://www.bing.com/bingbot.htm)"
207.46.13.143 - - [29/Dec/2018:14:33:42 +0100] "GET /seiten/main.htm HTTP/1.1" 200 2496 "-" "Mozilla/5.0 (iPhone; CPU iPhone OS 7_0 like Mac OS X) AppleWebKit/537.51.1 (KHTML, like Gecko) Version/7.0 Mobile/11A465 Safari/9537.53 (compatible; bingbot/2.0; +http://www.bing.com/bingbot.htm)"
213.61.218.99 - - [29/Dec/2018:15:14:32 +0100] "GET /robots.txt HTTP/1.1" 404 1256 "-" "Jobsearch1.5"
213.61.218.99 - - [29/Dec/2018:15:14:32 +0100] "GET /seiten/ausbildung.htm HTTP/1.1" 200 2131 "-" "Jobsearch1.5"
213.61.218.76 - - [29/Dec/2018:15:14:53 +0100] "GET /robots.txt HTTP/1.1" 404 1256 "-" "Jobsearch1.5"
213.61.218.76 - - [29/Dec/2018:15:14:53 +0100] "GET /seiten/ausbildung.htm HTTP/1.1" 200 2131 "-" "Jobsearch1.5"
40.77.194.50 - - [29/Dec/2018:15:23:09 +0100] "GET /img/farben.jpg HTTP/1.1" 200 14519 "-" "Mozilla/5.0 (iPhone; CPU iPhone OS 7_0 like Mac OS X) AppleWebKit/537.51.1 (KHTML, like Gecko) Version/7.0 Mobile/11A465 Safari/9537.53 BingPreview/1.0b"
40.77.167.45 - - [29/Dec/2018:15:29:07 +0100] "GET /seiten/links.htm HTTP/1.1" 200 1543 "-" "Mozilla/5.0 (compatible; bingbot/2.0; +http://www.bing.com/bingbot.htm)"
95.216.96.254 - - [29/Dec/2018:20:02:58 +0100] "GET /robots.txt HTTP/1.1" 404 1256 "-" "Mozilla/5.0 (compatible; SEOkicks; +https://www.seokicks.de/robot.html)"
95.216.96.254 - - [29/Dec/2018:20:02:59 +0100] "GET / HTTP/1.1" 200 1775 "-" "Mozilla/5.0 (compatible; SEOkicks; +https://www.seokicks.de/robot.html)"
95.216.96.254 - - [29/Dec/2018:20:03:02 +0100] "GET /seiten/start.htm HTTP/1.1" 200 9376 "http://www.frb-berlin.de/" "Mozilla/5.0 (compatible; SEOkicks; +https://www.seokicks.de/robot.html)"
95.216.96.254 - - [29/Dec/2018:20:03:03 +0100] "GET /seiten/main.htm HTTP/1.1" 200 2496 "http://www.frb-berlin.de/seiten/start.htm" "Mozilla/5.0 (compatible; SEOkicks; +https://www.seokicks.de/robot.html)"
95.216.96.254 - - [29/Dec/2018:20:03:04 +0100] "GET /seiten/ueber_uns.htm HTTP/1.1" 200 2081 "http://www.frb-berlin.de/seiten/start.htm" "Mozilla/5.0 (compatible; SEOkicks; +https://www.seokicks.de/robot.html)"
95.216.96.254 - - [29/Dec/2018:20:03:06 +0100] "GET /seiten/ausbildung.htm HTTP/1.1" 200 2131 "http://www.frb-berlin.de/seiten/start.htm" "Mozilla/5.0 (compatible; SEOkicks; +https://www.seokicks.de/robot.html)"
95.216.96.254 - - [29/Dec/2018:20:03:08 +0100] "GET /seiten/leistungen.htm HTTP/1.1" 200 3710 "http://www.frb-berlin.de/seiten/start.htm" "Mozilla/5.0 (compatible; SEOkicks; +https://www.seokicks.de/robot.html)"
95.216.96.254 - - [29/Dec/2018:20:03:09 +0100] "GET /seiten/referenzen.htm HTTP/1.1" 200 3626 "http://www.frb-berlin.de/seiten/start.htm" "Mozilla/5.0 (compatible; SEOkicks; +https://www.seokicks.de/robot.html)"
95.216.96.254 - - [29/Dec/2018:20:03:10 +0100] "GET /seiten/kontakt.php HTTP/1.1" 200 6708 "http://www.frb-berlin.de/seiten/start.htm" "Mozilla/5.0 (compatible; SEOkicks; +https://www.seokicks.de/robot.html)"
207.46.13.5 - - [29/Dec/2018:22:07:10 +0100] "GET /seiten/ausbildung2.htm HTTP/1.1" 200 4821 "-" "Mozilla/5.0 (iPhone; CPU iPhone OS 7_0 like Mac OS X) AppleWebKit/537.51.1 (KHTML, like Gecko) Version/7.0 Mobile/11A465 Safari/9537.53 (compatible; bingbot/2.0; +http://www.bing.com/bingbot.htm)"
213.239.210.231 - - [29/Dec/2018:23:38:30 +0100] "GET /robots.txt HTTP/1.1" 404 1256 "-" "Mozilla/5.0 (compatible; BLEXBot/1.0; +http://webmeup-crawler.com/)"
213.239.210.231 - - [29/Dec/2018:23:38:30 +0100] "GET / HTTP/1.1" 200 1775 "-" "Mozilla/5.0 (compatible; BLEXBot/1.0; +http://webmeup-crawler.com/)"
213.239.210.231 - - [29/Dec/2018:23:38:34 +0100] "GET /sitemap.xml HTTP/1.1" 404 1256 "-" "Mozilla/5.0 (compatible; BLEXBot/1.0; +http://webmeup-crawler.com/)"
213.239.210.231 - - [29/Dec/2018:23:38:41 +0100] "GET /seiten/start.htm HTTP/1.1" 200 9376 "-" "Mozilla/5.0 (compatible; BLEXBot/1.0; +http://webmeup-crawler.com/)"
216.244.66.230 - - [30/Dec/2018:00:19:54 +0100] "GET /robots.txt HTTP/1.1" 404 1256 "-" "Mozilla/5.0 (compatible; DotBot/1.1; http://www.opensiteexplorer.org/dotbot, help@moz.com)"
207.46.13.143 - - [30/Dec/2018:00:41:16 +0100] "GET /seiten/referenzen.htm HTTP/1.1" 200 3626 "-" "Mozilla/5.0 (iPhone; CPU iPhone OS 7_0 like Mac OS X) AppleWebKit/537.51.1 (KHTML, like Gecko) Version/7.0 Mobile/11A465 Safari/9537.53 (compatible; bingbot/2.0; +http://www.bing.com/bingbot.htm)"
207.46.13.143 - - [30/Dec/2018:00:41:37 +0100] "GET /img/pdf.gif HTTP/1.1" 200 286 "-" "Mozilla/5.0 (iPhone; CPU iPhone OS 7_0 like Mac OS X) AppleWebKit/537.51.1 (KHTML, like Gecko) Version/7.0 Mobile/11A465 Safari/9537.53 (compatible; bingbot/2.0; +http://www.bing.com/bingbot.htm)"
216.244.66.230 - - [30/Dec/2018:00:42:18 +0100] "GET /seiten/ausbildung.htm HTTP/1.1" 200 2131 "-" "Mozilla/5.0 (compatible; DotBot/1.1; http://www.opensiteexplorer.org/dotbot, help@moz.com)"
188.138.41.207 - - [30/Dec/2018:02:07:15 +0100] "GET / HTTP/1.1" 200 1775 "-" "Mozilla/5.0 (X11; U; Linux Core i7-4980HQ; de; rv:32.0; compatible; JobboerseBot; http://www.jobboerse.com/bot.htm) Gecko/20100101 Firefox/38.0"
188.138.41.207 - - [30/Dec/2018:02:07:17 +0100] "GET /robots.txt HTTP/1.1" 404 1256 "-" "Mozilla/5.0 (X11; U; Linux Core i7-4980HQ; de; rv:32.0; compatible; JobboerseBot; http://www.jobboerse.com/bot.htm) Gecko/20100101 Firefox/38.0"
188.138.41.207 - - [30/Dec/2018:02:07:18 +0100] "GET / HTTP/1.1" 200 1775 "-" "Mozilla/5.0 (X11; U; Linux Core i7-4980HQ; de; rv:32.0; compatible; JobboerseBot; http://www.jobboerse.com/bot.htm) Gecko/20100101 Firefox/38.0"
188.138.41.207 - - [30/Dec/2018:02:07:18 +0100] "GET / HTTP/1.1" 200 1775 "-" "Mozilla/5.0 (X11; U; Linux Core i7-4980HQ; de; rv:32.0; compatible; JobboerseBot; http://www.jobboerse.com/bot.htm) Gecko/20100101 Firefox/38.0"
188.138.41.207 - - [30/Dec/2018:02:07:21 +0100] "GET /css/style.css HTTP/1.1" 200 8567 "http://www.frb-berlin.de/" "Mozilla/5.0 (X11; U; Linux Core i7-4980HQ; de; rv:32.0; compatible; JobboerseBot; http://www.jobboerse.com/bot.htm) Gecko/20100101 Firefox/38.0"
188.138.41.207 - - [30/Dec/2018:02:07:24 +0100] "GET /seiten/start.htm HTTP/1.1" 200 9376 "-" "Mozilla/5.0 (X11; U; Linux Core i7-4980HQ; de; rv:32.0; compatible; JobboerseBot; http://www.jobboerse.com/bot.htm) Gecko/20100101 Firefox/38.0"
188.138.41.207 - - [30/Dec/2018:02:07:24 +0100] "GET /scripte/menu_start.js HTTP/1.1" 200 31217 "http://www.frb-berlin.de/seiten/start.htm" "Mozilla/5.0 (X11; U; Linux Core i7-4980HQ; de; rv:32.0; compatible; JobboerseBot; http://www.jobboerse.com/bot.htm) Gecko/20100101 Firefox/38.0"
188.138.41.207 - - [30/Dec/2018:02:07:25 +0100] "GET /scripte/menu_elemente.js HTTP/1.1" 200 18006 "http://www.frb-berlin.de/seiten/start.htm" "Mozilla/5.0 (X11; U; Linux Core i7-4980HQ; de; rv:32.0; compatible; JobboerseBot; http://www.jobboerse.com/bot.htm) Gecko/20100101 Firefox/38.0"
188.138.41.207 - - [30/Dec/2018:02:07:26 +0100] "GET /seiten/main.htm HTTP/1.1" 200 2496 "http://www.frb-berlin.de/seiten/start.htm" "Mozilla/5.0 (X11; U; Linux Core i7-4980HQ; de; rv:32.0; compatible; JobboerseBot; http://www.jobboerse.com/bot.htm) Gecko/20100101 Firefox/38.0"
188.138.41.207 - - [30/Dec/2018:02:07:27 +0100] "GET /css/style.css HTTP/1.1" 200 8567 "http://www.frb-berlin.de/seiten/start.htm" "Mozilla/5.0 (X11; U; Linux Core i7-4980HQ; de; rv:32.0; compatible; JobboerseBot; http://www.jobboerse.com/bot.htm) Gecko/20100101 Firefox/38.0"
188.138.41.207 - - [30/Dec/2018:02:07:49 +0100] "GET /css/style.css HTTP/1.1" 200 8567 "http://www.frb-berlin.de/seiten/start.htm" "Mozilla/5.0 (X11; U; Linux Core i7-4980HQ; de; rv:32.0; compatible; JobboerseBot; http://www.jobboerse.com/bot.htm) Gecko/20100101 Firefox/38.0"
188.138.41.207 - - [30/Dec/2018:02:07:53 +0100] "GET /seiten/main.htm HTTP/1.1" 200 2496 "-" "Mozilla/5.0 (X11; U; Linux Core i7-4980HQ; de; rv:32.0; compatible; JobboerseBot; http://www.jobboerse.com/bot.htm) Gecko/20100101 Firefox/38.0"
194.173.174.106 - - [30/Dec/2018:02:44:51 +0100] "HEAD / HTTP/1.1" 200 - "-" "Mozilla/5.0 (Windows NT 6.3; WOW64) AppleWebKit/537.36 (KHTML, like Gecko) Chrome/43.0.2357.134 Safari/537.36"
34.220.48.216 - - [30/Dec/2018:02:46:25 +0100] "GET / HTTP/1.1" 200 1775 "-" "Mozilla/4.0 (compatible; MSIE 8.0; Windows NT 5.1; Trident/4.0)"
40.77.167.45 - - [30/Dec/2018:02:50:39 +0100] "GET /img/logo.gif HTTP/1.1" 200 4275 "-" "Mozilla/5.0 (compatible; bingbot/2.0; +http://www.bing.com/bingbot.htm)"
216.244.66.230 - - [30/Dec/2018:03:42:07 +0100] "GET /robots.txt HTTP/1.1" 404 1256 "-" "Mozilla/5.0 (compatible; DotBot/1.1; http://www.opensiteexplorer.org/dotbot, help@moz.com)"
216.244.66.230 - - [30/Dec/2018:04:03:50 +0100] "GET /seiten/referenzen.htm HTTP/1.1" 200 3626 "-" "Mozilla/5.0 (compatible; DotBot/1.1; http://www.opensiteexplorer.org/dotbot, help@moz.com)"
66.249.69.175 - - [30/Dec/2018:04:27:59 +0100] "GET /robots.txt HTTP/1.1" 404 1256 "-" "Mozilla/5.0 (compatible; Googlebot/2.1; +http://www.google.com/bot.html)"
66.249.69.173 - - [30/Dec/2018:04:27:59 +0100] "GET / HTTP/1.1" 200 1775 "-" "Mozilla/5.0 (compatible; Googlebot/2.1; +http://www.google.com/bot.html)"
40.77.167.45 - - [30/Dec/2018:05:29:43 +0100] "GET /seiten/impressum.htm HTTP/1.1" 200 4643 "-" "Mozilla/5.0 (iPhone; CPU iPhone OS 7_0 like Mac OS X) AppleWebKit/537.51.1 (KHTML, like Gecko) Version/7.0 Mobile/11A465 Safari/9537.53 (compatible; bingbot/2.0; +http://www.bing.com/bingbot.htm)"
213.61.218.66 - - [30/Dec/2018:05:33:33 +0100] "GET /robots.txt HTTP/1.1" 404 1256 "-" "Jobsearch1.5"
213.61.218.66 - - [30/Dec/2018:05:33:38 +0100] "GET /seiten/ausbildung.htm HTTP/1.1" 200 2131 "-" "Jobsearch1.5"
52.59.51.1 - - [30/Dec/2018:06:06:12 +0100] "GET /robots.txt HTTP/1.1" 404 1256 "-" "Mozilla/5.0 (compatible; Cliqzbot/2.0; +http://cliqz.com/company/cliqzbot)"
52.59.51.1 - - [30/Dec/2018:06:06:13 +0100] "GET /seiten/impressum.htm HTTP/1.1" 200 4643 "-" "Mozilla/5.0 (compatible; Cliqzbot/2.0; +http://cliqz.com/company/cliqzbot)"
95.163.255.211 - - [30/Dec/2018:06:34:56 +0100] "GET /robots.txt HTTP/1.0" 404 1256 "-" "Mozilla/5.0 (compatible; Linux x86_64; Mail.RU_Bot/2.0; +http://go.mail.ru/help/robots)"
95.163.255.212 - - [30/Dec/2018:06:34:57 +0100] "GET / HTTP/1.1" 200 1775 "-" "Mozilla/5.0 (compatible; Linux x86_64; Mail.RU_Bot/2.0; +http://go.mail.ru/help/robots)"
66.249.69.175 - - [30/Dec/2018:06:48:24 +0100] "GET / HTTP/1.1" 200 1775 "-" "Mozilla/5.0 (Linux; Android 6.0.1; Nexus 5X Build/MMB29P) AppleWebKit/537.36 (KHTML, like Gecko) Chrome/41.0.2272.96 Mobile Safari/537.36 (compatible; Googlebot/2.1; +http://www.google.com/bot.html)"
66.249.69.173 - - [30/Dec/2018:06:48:37 +0100] "GET /favicon.ico HTTP/1.1" 404 1256 "-" "Googlebot-Image/1.0"
216.244.66.230 - - [30/Dec/2018:08:45:43 +0100] "GET /robots.txt HTTP/1.1" 404 1256 "-" "Mozilla/5.0 (compatible; DotBot/1.1; http://www.opensiteexplorer.org/dotbot, help@moz.com)"
66.249.69.175 - - [30/Dec/2018:08:54:37 +0100] "GET /favicon.ico HTTP/1.1" 404 1256 "-" "Googlebot-Image/1.0"
216.244.66.230 - - [30/Dec/2018:09:14:18 +0100] "GET /dokumente/ReferenzenBeton.pdf HTTP/1.1" 200 10270 "-" "Mozilla/5.0 (compatible; DotBot/1.1; http://www.opensiteexplorer.org/dotbot, help@moz.com)"
157.55.39.105 - - [30/Dec/2018:09:23:57 +0100] "GET /seiten/ueber_uns.htm HTTP/1.1" 200 2081 "-" "Mozilla/5.0 (iPhone; CPU iPhone OS 7_0 like Mac OS X) AppleWebKit/537.51.1 (KHTML, like Gecko) Version/7.0 Mobile/11A465 Safari/9537.53 (compatible; bingbot/2.0; +http://www.bing.com/bingbot.htm)"
66.249.69.171 - - [30/Dec/2018:09:49:37 +0100] "GET /css/style.css HTTP/1.1" 200 8567 "http://www.frb-berlin.de/" "Mozilla/5.0 AppleWebKit/537.36 (KHTML, like Gecko; compatible; Googlebot/2.1; +http://www.google.com/bot.html) Safari/537.36"
66.249.69.171 - - [30/Dec/2018:09:49:39 +0100] "GET /favicon.ico HTTP/1.1" 404 1256 "-" "Googlebot-Image/1.0"
207.46.13.91 - - [30/Dec/2018:10:32:32 +0100] "GET /seiten/referenzen_maler.htm HTTP/1.1" 200 51839 "-" "Mozilla/5.0 (compatible; bingbot/2.0; +http://www.bing.com/bingbot.htm)"
40.77.190.142 - - [30/Dec/2018:10:32:36 +0100] "GET /css/style.css HTTP/1.1" 200 8567 "-" "Mozilla/5.0 (Windows NT 6.1; WOW64) AppleWebKit/534+ (KHTML, like Gecko) BingPreview/1.0b"
157.55.39.105 - - [30/Dec/2018:10:41:23 +0100] "GET /robots.txt HTTP/1.1" 404 1256 "-" "Mozilla/5.0 (compatible; bingbot/2.0; +http://www.bing.com/bingbot.htm)"
157.55.39.105 - - [30/Dec/2018:10:41:23 +0100] "GET /robots.txt HTTP/1.1" 404 1256 "-" "Mozilla/5.0 (compatible; bingbot/2.0; +http://www.bing.com/bingbot.htm)"
46.166.143.119 - - [30/Dec/2018:11:27:22 +0100] "GET /seiten/kontakt.php HTTP/1.0" 200 6708 "http://www.frb-berlin.de/seiten/kontakt.php" "Mozilla/5.0 (Windows NT 6.2; Win64; x64) AppleWebKit/537.36 (KHTML, like Gecko) Chrome/68.0.3440.106 Safari/537.36"
46.166.143.119 - - [30/Dec/2018:11:27:22 +0100] "POST /seiten/kontakt.php HTTP/1.0" 200 4565 "http://www.frb-berlin.de/seiten/kontakt.php" "Mozilla/5.0 (Windows NT 6.2; Win64; x64) AppleWebKit/537.36 (KHTML, like Gecko) Chrome/68.0.3440.106 Safari/537.36"
207.46.13.64 - - [30/Dec/2018:16:42:46 +0100] "GET /seiten/referenzen_maler.htm HTTP/1.1" 200 51839 "-" "Mozilla/5.0 (iPhone; CPU iPhone OS 7_0 like Mac OS X) AppleWebKit/537.51.1 (KHTML, like Gecko) Version/7.0 Mobile/11A465 Safari/9537.53 (compatible; bingbot/2.0; +http://www.bing.com/bingbot.htm)"
157.55.39.16 - - [30/Dec/2018:16:46:59 +0100] "GET /robots.txt HTTP/1.1" 404 1256 "-" "Mozilla/5.0 (compatible; bingbot/2.0; +http://www.bing.com/bingbot.htm)"
207.46.13.156 - - [30/Dec/2018:16:47:02 +0100] "GET /css/style.css HTTP/1.1" 200 8567 "-" "Mozilla/5.0 (iPhone; CPU iPhone OS 7_0 like Mac OS X) AppleWebKit/537.51.1 (KHTML, like Gecko) Version/7.0 Mobile/11A465 Safari/9537.53 (compatible; bingbot/2.0; +http://www.bing.com/bingbot.htm)"
213.61.218.76 - - [30/Dec/2018:17:40:42 +0100] "GET /robots.txt HTTP/1.1" 404 1256 "-" "Jobsearch1.5"
213.61.218.76 - - [30/Dec/2018:17:40:43 +0100] "GET /seiten/ausbildung.htm HTTP/1.1" 200 2131 "-" "Jobsearch1.5"
66.249.69.171 - - [30/Dec/2018:18:37:10 +0100] "GET /robots.txt HTTP/1.1" 404 1256 "-" "Mozilla/5.0 (compatible; Googlebot/2.1; +http://www.google.com/bot.html)"
54.91.165.242 - - [30/Dec/2018:19:15:24 +0100] "GET / HTTP/1.1" 200 1775 "-" "Mozilla/5.0 (Macintosh; Intel Mac OS X 10_13_3) AppleWebKit/537.36 (KHTML, like Gecko) Chrome/65.0.3325.162 Safari/537.36"
216.244.66.230 - - [30/Dec/2018:19:38:40 +0100] "GET /robots.txt HTTP/1.1" 404 1256 "-" "Mozilla/5.0 (compatible; DotBot/1.1; http://www.opensiteexplorer.org/dotbot, help@moz.com)"
216.244.66.230 - - [30/Dec/2018:19:58:57 +0100] "GET /seiten/ausbildung2.htm HTTP/1.1" 200 4821 "-" "Mozilla/5.0 (compatible; DotBot/1.1; http://www.opensiteexplorer.org/dotbot, help@moz.com)"
207.46.13.96 - - [30/Dec/2018:20:47:07 +0100] "GET /seiten/start.htm HTTP/1.1" 200 9376 "-" "Mozilla/5.0 (iPhone; CPU iPhone OS 7_0 like Mac OS X) AppleWebKit/537.51.1 (KHTML, like Gecko) Version/7.0 Mobile/11A465 Safari/9537.53 (compatible; bingbot/2.0; +http://www.bing.com/bingbot.htm)"
207.46.13.156 - - [30/Dec/2018:20:47:40 +0100] "GET /img/favorit_a.gif HTTP/1.1" 200 175 "-" "Mozilla/5.0 (iPhone; CPU iPhone OS 7_0 like Mac OS X) AppleWebKit/537.51.1 (KHTML, like Gecko) Version/7.0 Mobile/11A465 Safari/9537.53 (compatible; bingbot/2.0; +http://www.bing.com/bingbot.htm)"
207.46.13.156 - - [30/Dec/2018:20:47:40 +0100] "GET /img/lay01.jpg HTTP/1.1" 200 9336 "-" "Mozilla/5.0 (iPhone; CPU iPhone OS 7_0 like Mac OS X) AppleWebKit/537.51.1 (KHTML, like Gecko) Version/7.0 Mobile/11A465 Safari/9537.53 (compatible; bingbot/2.0; +http://www.bing.com/bingbot.htm)"
157.55.39.231 - - [30/Dec/2018:20:47:44 +0100] "GET /img/1px.gif HTTP/1.1" 200 43 "-" "Mozilla/5.0 (iPhone; CPU iPhone OS 7_0 like Mac OS X) AppleWebKit/537.51.1 (KHTML, like Gecko) Version/7.0 Mobile/11A465 Safari/9537.53 (compatible; bingbot/2.0; +http://www.bing.com/bingbot.htm)"
157.55.39.231 - - [30/Dec/2018:20:47:44 +0100] "GET /img/over_logo.jpg HTTP/1.1" 200 5315 "-" "Mozilla/5.0 (iPhone; CPU iPhone OS 7_0 like Mac OS X) AppleWebKit/537.51.1 (KHTML, like Gecko) Version/7.0 Mobile/11A465 Safari/9537.53 (compatible; bingbot/2.0; +http://www.bing.com/bingbot.htm)"
157.55.39.231 - - [30/Dec/2018:20:47:45 +0100] "GET /scripte/menu_start.js HTTP/1.1" 200 31217 "-" "Mozilla/5.0 (iPhone; CPU iPhone OS 7_0 like Mac OS X) AppleWebKit/537.51.1 (KHTML, like Gecko) Version/7.0 Mobile/11A465 Safari/9537.53 (compatible; bingbot/2.0; +http://www.bing.com/bingbot.htm)"
157.55.39.231 - - [30/Dec/2018:20:47:45 +0100] "GET /seiten/main.htm HTTP/1.1" 200 2496 "-" "Mozilla/5.0 (iPhone; CPU iPhone OS 7_0 like Mac OS X) AppleWebKit/537.51.1 (KHTML, like Gecko) Version/7.0 Mobile/11A465 Safari/9537.53 (compatible; bingbot/2.0; +http://www.bing.com/bingbot.htm)"
207.46.13.96 - - [30/Dec/2018:20:47:50 +0100] "GET /img/bg_rechts.jpg HTTP/1.1" 200 346 "-" "Mozilla/5.0 (iPhone; CPU iPhone OS 7_0 like Mac OS X) AppleWebKit/537.51.1 (KHTML, like Gecko) Version/7.0 Mobile/11A465 Safari/9537.53 (compatible; bingbot/2.0; +http://www.bing.com/bingbot.htm)"
207.46.13.96 - - [30/Dec/2018:20:47:50 +0100] "GET /img/head.jpg HTTP/1.1" 200 5932 "-" "Mozilla/5.0 (iPhone; CPU iPhone OS 7_0 like Mac OS X) AppleWebKit/537.51.1 (KHTML, like Gecko) Version/7.0 Mobile/11A465 Safari/9537.53 (compatible; bingbot/2.0; +http://www.bing.com/bingbot.htm)"
40.77.167.46 - - [30/Dec/2018:20:48:01 +0100] "GET /img/lay06.jpg HTTP/1.1" 200 11774 "-" "Mozilla/5.0 (iPhone; CPU iPhone OS 7_0 like Mac OS X) AppleWebKit/537.51.1 (KHTML, like Gecko) Version/7.0 Mobile/11A465 Safari/9537.53 (compatible; bingbot/2.0; +http://www.bing.com/bingbot.htm)"
40.77.167.46 - - [30/Dec/2018:20:48:01 +0100] "GET /img/lay11.jpg HTTP/1.1" 200 12218 "-" "Mozilla/5.0 (iPhone; CPU iPhone OS 7_0 like Mac OS X) AppleWebKit/537.51.1 (KHTML, like Gecko) Version/7.0 Mobile/11A465 Safari/9537.53 (compatible; bingbot/2.0; +http://www.bing.com/bingbot.htm)"
40.77.167.46 - - [30/Dec/2018:20:48:01 +0100] "GET /scripte/menu_elemente.js HTTP/1.1" 200 18006 "-" "Mozilla/5.0 (iPhone; CPU iPhone OS 7_0 like Mac OS X) AppleWebKit/537.51.1 (KHTML, like Gecko) Version/7.0 Mobile/11A465 Safari/9537.53 (compatible; bingbot/2.0; +http://www.bing.com/bingbot.htm)"
40.77.193.180 - - [30/Dec/2018:21:48:46 +0100] "GET /img/bg_links.jpg HTTP/1.1" 200 8379 "-" "Mozilla/5.0 (iPhone; CPU iPhone OS 7_0 like Mac OS X) AppleWebKit/537.51.1 (KHTML, like Gecko) Version/7.0 Mobile/11A465 Safari/9537.53 BingPreview/1.0b"
40.77.193.180 - - [30/Dec/2018:21:48:47 +0100] "GET /img/farben.jpg HTTP/1.1" 200 14519 "-" "Mozilla/5.0 (iPhone; CPU iPhone OS 7_0 like Mac OS X) AppleWebKit/537.51.1 (KHTML, like Gecko) Version/7.0 Mobile/11A465 Safari/9537.53 BingPreview/1.0b"
216.244.66.230 - - [30/Dec/2018:22:08:52 +0100] "GET /robots.txt HTTP/1.1" 404 1256 "-" "Mozilla/5.0 (compatible; DotBot/1.1; http://www.opensiteexplorer.org/dotbot, help@moz.com)"
46.166.143.119 - - [30/Dec/2018:22:27:22 +0100] "GET /seiten/kontakt.php HTTP/1.0" 200 6708 "http://www.frb-berlin.de/seiten/kontakt.php" "Mozilla/5.0 (Windows NT 6.1; WOW64) AppleWebKit/537.36 (KHTML, like Gecko) Chrome/66.0.3359.170 Safari/537.36 OPR/53.0.2907.99"
46.166.143.119 - - [30/Dec/2018:22:27:22 +0100] "POST /seiten/kontakt.php HTTP/1.0" 200 4565 "http://www.frb-berlin.de/seiten/kontakt.php" "Mozilla/5.0 (Windows NT 6.1; WOW64) AppleWebKit/537.36 (KHTML, like Gecko) Chrome/66.0.3359.170 Safari/537.36 OPR/53.0.2907.99"
216.244.66.230 - - [30/Dec/2018:22:37:38 +0100] "GET /dokumente/ReferenzenMaler.pdf HTTP/1.1" 200 15515 "-" "Mozilla/5.0 (compatible; DotBot/1.1; http://www.opensiteexplorer.org/dotbot, help@moz.com)"
216.244.66.230 - - [30/Dec/2018:22:37:41 +0100] "GET /seiten/ausbildung3.htm HTTP/1.1" 200 6331 "-" "Mozilla/5.0 (compatible; DotBot/1.1; http://www.opensiteexplorer.org/dotbot, help@moz.com)"
216.244.66.230 - - [30/Dec/2018:22:59:36 +0100] "GET /robots.txt HTTP/1.1" 404 1256 "-" "Mozilla/5.0 (compatible; DotBot/1.1; http://www.opensiteexplorer.org/dotbot, help@moz.com)"
216.244.66.230 - - [30/Dec/2018:23:26:24 +0100] "GET /seiten/kontakt.php HTTP/1.1" 200 6708 "-" "Mozilla/5.0 (compatible; DotBot/1.1; http://www.opensiteexplorer.org/dotbot, help@moz.com)"
173.249.10.180 - - [30/Dec/2018:23:58:47 +0100] "GET /robots.txt HTTP/1.0" 404 1256 "-" "Mozilla/5.0 (compatible; enolystBot/0.2; +http://www.enolyst.com)/Nutch-1.14"
173.249.10.180 - - [30/Dec/2018:23:58:47 +0100] "GET / HTTP/1.0" 304 - "-" "Mozilla/5.0 (compatible; enolystBot/0.2; +http://www.enolyst.com)/Nutch-1.14"
180.76.15.151 - - [31/Dec/2018:00:25:44 +0100] "GET / HTTP/1.1" 200 1775 "-" "Mozilla/5.0 (compatible; Baiduspider/2.0; +http://www.baidu.com/search/spider.html)"
66.249.69.173 - - [31/Dec/2018:00:39:10 +0100] "GET /seiten/referenzen_maler.htm HTTP/1.1" 200 51839 "-" "Mozilla/5.0 (Linux; Android 6.0.1; Nexus 5X Build/MMB29P) AppleWebKit/537.36 (KHTML, like Gecko) Chrome/41.0.2272.96 Mobile Safari/537.36 (compatible; Googlebot/2.1; +http://www.google.com/bot.html)"
66.249.69.175 - - [31/Dec/2018:00:39:13 +0100] "GET /css/style.css HTTP/1.1" 200 8567 "http://www.frb-berlin.de/seiten/referenzen_maler.htm" "Mozilla/5.0 (Linux; Android 6.0.1; Nexus 5X Build/MMB29P) AppleWebKit/537.36 (KHTML, like Gecko) Chrome/41.0.2272.96 Mobile Safari/537.36 (compatible; Googlebot/2.1; +http://www.google.com/bot.html)"
54.36.149.2 - - [31/Dec/2018:01:02:14 +0100] "GET /robots.txt HTTP/1.1" 404 1256 "-" "Mozilla/5.0 (compatible; AhrefsBot/6.1; +http://ahrefs.com/robot/)"
95.118.47.115 - - [31/Dec/2018:01:14:57 +0100] "GET / HTTP/1.1" 200 1775 "-" "Mozilla/5.0 (Macintosh; Intel Mac OS X 10_9_3) AppleWebKit/537.36 (KHTML, like Gecko) Chrome/35.0.1916.47 Safari/537.36"
157.55.39.231 - - [31/Dec/2018:01:15:04 +0100] "GET /seiten/kontakt.php HTTP/1.1" 200 6708 "-" "Mozilla/5.0 (iPhone; CPU iPhone OS 7_0 like Mac OS X) AppleWebKit/537.51.1 (KHTML, like Gecko) Version/7.0 Mobile/11A465 Safari/9537.53 (compatible; bingbot/2.0; +http://www.bing.com/bingbot.htm)"
207.46.13.96 - - [31/Dec/2018:01:15:17 +0100] "GET /img/logo.gif HTTP/1.1" 200 4275 "-" "Mozilla/5.0 (iPhone; CPU iPhone OS 7_0 like Mac OS X) AppleWebKit/537.51.1 (KHTML, like Gecko) Version/7.0 Mobile/11A465 Safari/9537.53 (compatible; bingbot/2.0; +http://www.bing.com/bingbot.htm)"
66.249.69.173 - - [31/Dec/2018:01:19:11 +0100] "GET /dokumente/ReferenzenBeton.pdf HTTP/1.1" 200 10270 "-" "Mozilla/5.0 (Linux; Android 6.0.1; Nexus 5X Build/MMB29P) AppleWebKit/537.36 (KHTML, like Gecko) Chrome/41.0.2272.96 Mobile Safari/537.36 (compatible; Googlebot/2.1; +http://www.google.com/bot.html)"
216.244.66.230 - - [31/Dec/2018:01:30:40 +0100] "GET /robots.txt HTTP/1.1" 404 1256 "-" "Mozilla/5.0 (compatible; DotBot/1.1; http://www.opensiteexplorer.org/dotbot, help@moz.com)"
216.244.66.230 - - [31/Dec/2018:02:00:42 +0100] "GET /dokumente/ReferenzenWarme.pdf HTTP/1.1" 200 14947 "-" "Mozilla/5.0 (compatible; DotBot/1.1; http://www.opensiteexplorer.org/dotbot, help@moz.com)"
95.216.96.254 - - [31/Dec/2018:02:39:57 +0100] "GET /robots.txt HTTP/1.1" 404 1256 "-" "Mozilla/5.0 (compatible; SEOkicks; +https://www.seokicks.de/robot.html)"
95.216.96.254 - - [31/Dec/2018:02:39:58 +0100] "GET / HTTP/1.1" 200 1775 "-" "Mozilla/5.0 (compatible; SEOkicks; +https://www.seokicks.de/robot.html)"
95.216.96.254 - - [31/Dec/2018:02:40:00 +0100] "GET /seiten/start.htm HTTP/1.1" 200 9376 "http://www.frb-berlin.de/" "Mozilla/5.0 (compatible; SEOkicks; +https://www.seokicks.de/robot.html)"
95.216.96.254 - - [31/Dec/2018:02:40:01 +0100] "GET /seiten/main.htm HTTP/1.1" 200 2496 "http://www.frb-berlin.de/seiten/start.htm" "Mozilla/5.0 (compatible; SEOkicks; +https://www.seokicks.de/robot.html)"
95.216.96.254 - - [31/Dec/2018:02:40:02 +0100] "GET /seiten/ueber_uns.htm HTTP/1.1" 200 2081 "http://www.frb-berlin.de/seiten/start.htm" "Mozilla/5.0 (compatible; SEOkicks; +https://www.seokicks.de/robot.html)"
95.216.96.254 - - [31/Dec/2018:02:40:03 +0100] "GET /seiten/ausbildung.htm HTTP/1.1" 200 2131 "http://www.frb-berlin.de/seiten/start.htm" "Mozilla/5.0 (compatible; SEOkicks; +https://www.seokicks.de/robot.html)"
95.216.96.254 - - [31/Dec/2018:02:40:05 +0100] "GET /seiten/leistungen.htm HTTP/1.1" 200 3710 "http://www.frb-berlin.de/seiten/start.htm" "Mozilla/5.0 (compatible; SEOkicks; +https://www.seokicks.de/robot.html)"
95.216.96.254 - - [31/Dec/2018:02:40:07 +0100] "GET /seiten/referenzen.htm HTTP/1.1" 200 3626 "http://www.frb-berlin.de/seiten/start.htm" "Mozilla/5.0 (compatible; SEOkicks; +https://www.seokicks.de/robot.html)"
95.216.96.254 - - [31/Dec/2018:02:40:08 +0100] "GET /seiten/kontakt.php HTTP/1.1" 200 6708 "http://www.frb-berlin.de/seiten/start.htm" "Mozilla/5.0 (compatible; SEOkicks; +https://www.seokicks.de/robot.html)"
66.249.69.173 - - [31/Dec/2018:03:10:39 +0100] "GET /seiten/impressum.htm HTTP/1.1" 304 - "-" "Mozilla/5.0 (Linux; Android 6.0.1; Nexus 5X Build/MMB29P) AppleWebKit/537.36 (KHTML, like Gecko) Chrome/41.0.2272.96 Mobile Safari/537.36 (compatible; Googlebot/2.1; +http://www.google.com/bot.html)"
66.249.69.175 - - [31/Dec/2018:04:08:25 +0100] "GET /seiten/start.htm HTTP/1.1" 200 9376 "-" "Mozilla/5.0 (Linux; Android 6.0.1; Nexus 5X Build/MMB29P) AppleWebKit/537.36 (KHTML, like Gecko) Chrome/41.0.2272.96 Mobile Safari/537.36 (compatible; Googlebot/2.1; +http://www.google.com/bot.html)"
66.249.69.171 - - [31/Dec/2018:04:08:27 +0100] "GET /scripte/menu_elemente.js HTTP/1.1" 200 18006 "http://www.frb-berlin.de/seiten/start.htm" "Mozilla/5.0 (Linux; Android 6.0.1; Nexus 5X Build/MMB29P) AppleWebKit/537.36 (KHTML, like Gecko) Chrome/41.0.2272.96 Mobile Safari/537.36 (compatible; Googlebot/2.1; +http://www.google.com/bot.html)"
66.249.69.175 - - [31/Dec/2018:04:08:27 +0100] "GET /scripte/menu_start.js HTTP/1.1" 200 31217 "http://www.frb-berlin.de/seiten/start.htm" "Mozilla/5.0 (Linux; Android 6.0.1; Nexus 5X Build/MMB29P) AppleWebKit/537.36 (KHTML, like Gecko) Chrome/41.0.2272.96 Mobile Safari/537.36 (compatible; Googlebot/2.1; +http://www.google.com/bot.html)"
66.249.69.171 - - [31/Dec/2018:04:08:30 +0100] "GET /seiten/main.htm HTTP/1.1" 200 2496 "http://www.frb-berlin.de/seiten/start.htm" "Mozilla/5.0 (Linux; Android 6.0.1; Nexus 5X Build/MMB29P) AppleWebKit/537.36 (KHTML, like Gecko) Chrome/41.0.2272.96 Mobile Safari/537.36 (compatible; Googlebot/2.1; +http://www.google.com/bot.html)"
95.128.200.200 - - [31/Dec/2018:04:39:44 +0100] "GET / HTTP/1.1" 200 1775 "https://www.google.de" "Mozilla/5.0 (Windows NT 6.1) AppleWebKit/537.36 (KHTML, like Gecko) Chrome/41.0.2228.0 Safari/537.36"
207.46.13.156 - - [31/Dec/2018:05:17:15 +0100] "GET / HTTP/1.1" 200 1775 "-" "Mozilla/5.0 (compatible; bingbot/2.0; +http://www.bing.com/bingbot.htm)"
180.76.15.22 - - [31/Dec/2018:05:43:37 +0100] "GET /robots.txt HTTP/1.1" 404 1256 "-" "Mozilla/5.0 (Windows NT 5.1; rv:6.0.2) Gecko/20100101 Firefox/6.0.2"
180.76.15.141 - - [31/Dec/2018:05:43:38 +0100] "GET /robots.txt HTTP/1.1" 404 1256 "-" "Mozilla/5.0 (Windows NT 5.1; rv:6.0.2) Gecko/20100101 Firefox/6.0.2"
180.76.15.156 - - [31/Dec/2018:05:43:54 +0100] "GET /css/style.css HTTP/1.1" 200 8567 "-" "Mozilla/5.0 (compatible; Baiduspider/2.0; +http://www.baidu.com/search/spider.html)"
66.249.69.173 - - [31/Dec/2018:06:31:48 +0100] "GET /seiten/ausbildung2.htm HTTP/1.1" 200 4821 "-" "Mozilla/5.0 (Linux; Android 6.0.1; Nexus 5X Build/MMB29P) AppleWebKit/537.36 (KHTML, like Gecko) Chrome/41.0.2272.96 Mobile Safari/537.36 (compatible; Googlebot/2.1; +http://www.google.com/bot.html)"
66.249.69.173 - - [31/Dec/2018:06:42:02 +0100] "GET /favicon.ico HTTP/1.1" 404 1256 "-" "Googlebot-Image/1.0"
66.249.69.171 - - [31/Dec/2018:06:42:02 +0100] "GET /robots.txt HTTP/1.1" 404 1256 "-" "Mozilla/5.0 (compatible; Googlebot/2.1; +http://www.google.com/bot.html)"
213.61.218.76 - - [31/Dec/2018:06:42:27 +0100] "GET /robots.txt HTTP/1.1" 404 1256 "-" "Jobsearch1.5"
213.61.218.76 - - [31/Dec/2018:06:42:27 +0100] "GET /seiten/ausbildung.htm HTTP/1.1" 200 2131 "-" "Jobsearch1.5"
42.236.12.170 - - [31/Dec/2018:08:08:42 +0100] "GET / HTTP/1.1" 200 1775 "http://www.frb-berlin.de/" "Mozilla/5.0 (Windows NT 6.1; WOW64) AppleWebKit/537.36 (KHTML, like Gecko) Chrome/50.0.2661.102 Safari/537.36; 360Spider"
54.36.148.15 - - [31/Dec/2018:08:25:15 +0100] "GET / HTTP/1.1" 200 1775 "-" "Mozilla/5.0 (compatible; AhrefsBot/6.1; +http://ahrefs.com/robot/)"
66.249.69.173 - - [31/Dec/2018:10:02:40 +0100] "GET /seiten/kontakt.php HTTP/1.1" 200 6708 "-" "Mozilla/5.0 (Linux; Android 6.0.1; Nexus 5X Build/MMB29P) AppleWebKit/537.36 (KHTML, like Gecko) Chrome/41.0.2272.96 Mobile Safari/537.36 (compatible; Googlebot/2.1; +http://www.google.com/bot.html)"
66.249.69.173 - - [31/Dec/2018:11:23:19 +0100] "GET /seiten/ausbildung3.htm HTTP/1.1" 200 6331 "-" "Mozilla/5.0 (Linux; Android 6.0.1; Nexus 5X Build/MMB29P) AppleWebKit/537.36 (KHTML, like Gecko) Chrome/41.0.2272.96 Mobile Safari/537.36 (compatible; Googlebot/2.1; +http://www.google.com/bot.html)"
66.249.69.171 - - [31/Dec/2018:12:13:29 +0100] "GET /seiten/impressum.htm HTTP/1.1" 304 - "-" "Mozilla/5.0 (Linux; Android 6.0.1; Nexus 5X Build/MMB29P) AppleWebKit/537.36 (KHTML, like Gecko) Chrome/41.0.2272.96 Mobile Safari/537.36 (compatible; Googlebot/2.1; +http://www.google.com/bot.html)"
66.249.69.173 - - [31/Dec/2018:12:33:28 +0100] "GET /seiten/start.htm HTTP/1.1" 304 - "-" "Mozilla/5.0 (Linux; Android 6.0.1; Nexus 5X Build/MMB29P) AppleWebKit/537.36 (KHTML, like Gecko) Chrome/41.0.2272.96 Mobile Safari/537.36 (compatible; Googlebot/2.1; +http://www.google.com/bot.html)"
95.85.80.89 - - [31/Dec/2018:13:31:33 +0100] "HEAD /dokumente/ReferenzenMaler.pdf HTTP/1.1" 200 - "https://www.google.com/search?hl=en&q=Fassadenarbeiten, Berlin&num=100&start=100" "Klondike/1.50 (WSP Win32) (Google WAP Proxy/1.0)"
95.85.80.89 - - [31/Dec/2018:13:31:33 +0100] "GET /dokumente/ReferenzenMaler.pdf HTTP/1.1" 200 15515 "https://www.google.com/search?hl=en&q=Fassadenarbeiten, Berlin&num=100&start=100" "Klondike/1.50 (WSP Win32) (Google WAP Proxy/1.0)"
180.76.15.18 - - [31/Dec/2018:14:27:47 +0100] "GET / HTTP/1.1" 200 1775 "-" "Mozilla/5.0 (compatible; Baiduspider/2.0; +http://www.baidu.com/search/spider.html)"
52.53.201.78 - - [31/Dec/2018:15:27:47 +0100] "GET / HTTP/1.1" 200 1775 "-" "Mozilla/5.0 (Macintosh; Intel Mac OS X 10_12_6) AppleWebKit/537.36 (KHTML, like Gecko) Chrome/61.0.3163.100 Safari/537.36"
18.223.171.93 - - [31/Dec/2018:15:29:43 +0100] "GET / HTTP/1.1" 200 1775 "-" "Mozilla/5.0 (X11; Linux x86_64) AppleWebKit/537.36 (KHTML, like Gecko) Chrome/60.0.3112.50 Safari/537.36"
18.223.171.93 - - [31/Dec/2018:15:29:44 +0100] "GET / HTTP/1.1" 200 1775 "-" "Mozilla/5.0 (X11; Linux x86_64) AppleWebKit/534.34 (KHTML, like Gecko) Qt/4.8.2"
18.223.171.93 - - [31/Dec/2018:15:29:44 +0100] "GET /css/style.css HTTP/1.1" 200 8567 "http://www.frb-berlin.de/" "Mozilla/5.0 (X11; Linux x86_64) AppleWebKit/534.34 (KHTML, like Gecko) Qt/4.8.2"
66.249.69.173 - - [31/Dec/2018:16:14:11 +0100] "GET /dokumente/ReferenzenMaler.pdf HTTP/1.1" 304 - "-" "Mozilla/5.0 (Linux; Android 6.0.1; Nexus 5X Build/MMB29P) AppleWebKit/537.36 (KHTML, like Gecko) Chrome/41.0.2272.96 Mobile Safari/537.36 (compatible; Googlebot/2.1; +http://www.google.com/bot.html)"
213.61.218.76 - - [31/Dec/2018:19:29:24 +0100] "GET /robots.txt HTTP/1.1" 404 1256 "-" "Jobsearch1.5"
213.61.218.76 - - [31/Dec/2018:19:29:25 +0100] "GET /seiten/ausbildung.htm HTTP/1.1" 200 2131 "-" "Jobsearch1.5"
54.36.149.9 - - [31/Dec/2018:19:37:28 +0100] "GET /seiten/links.htm HTTP/1.1" 200 1543 "-" "Mozilla/5.0 (compatible; AhrefsBot/6.1; +http://ahrefs.com/robot/)"
66.249.69.175 - - [31/Dec/2018:21:15:28 +0100] "GET /robots.txt HTTP/1.1" 404 1256 "-" "Mozilla/5.0 (compatible; Googlebot/2.1; +http://www.google.com/bot.html)"
66.249.69.175 - - [31/Dec/2018:21:15:28 +0100] "GET /seiten/impressum.htm HTTP/1.1" 304 - "-" "Mozilla/5.0 (Linux; Android 6.0.1; Nexus 5X Build/MMB29P) AppleWebKit/537.36 (KHTML, like Gecko) Chrome/41.0.2272.96 Mobile Safari/537.36 (compatible; Googlebot/2.1; +http://www.google.com/bot.html)"
66.249.69.173 - - [31/Dec/2018:21:45:29 +0100] "GET /seiten/start.htm HTTP/1.1" 304 - "-" "Mozilla/5.0 (Linux; Android 6.0.1; Nexus 5X Build/MMB29P) AppleWebKit/537.36 (KHTML, like Gecko) Chrome/41.0.2272.96 Mobile Safari/537.36 (compatible; Googlebot/2.1; +http://www.google.com/bot.html)"