79.236.211.190 - - [18/May/2018:12:51:57 +0200] "GET /seiten/main.htm HTTP/1.1" 200 2496 "http://www.frb-berlin.de/seiten/start.htm" "Mozilla/5.0 (iPad; CPU OS 11_2_2 like Mac OS X) AppleWebKit/604.4.7 (KHTML, like Gecko) Version/11.0 Mobile/15C202 Safari/604.1"
79.236.211.190 - - [18/May/2018:12:51:57 +0200] "GET /img/bg_links.jpg HTTP/1.1" 200 8379 "http://www.frb-berlin.de/seiten/start.htm" "Mozilla/5.0 (iPad; CPU OS 11_2_2 like Mac OS X) AppleWebKit/604.4.7 (KHTML, like Gecko) Version/11.0 Mobile/15C202 Safari/604.1"
79.236.211.190 - - [18/May/2018:12:51:57 +0200] "GET /img/bg_rechts.jpg HTTP/1.1" 200 346 "http://www.frb-berlin.de/seiten/start.htm" "Mozilla/5.0 (iPad; CPU OS 11_2_2 like Mac OS X) AppleWebKit/604.4.7 (KHTML, like Gecko) Version/11.0 Mobile/15C202 Safari/604.1"
79.236.211.190 - - [18/May/2018:12:51:57 +0200] "GET /img/lay11.jpg HTTP/1.1" 200 12218 "http://www.frb-berlin.de/seiten/start.htm" "Mozilla/5.0 (iPad; CPU OS 11_2_2 like Mac OS X) AppleWebKit/604.4.7 (KHTML, like Gecko) Version/11.0 Mobile/15C202 Safari/604.1"
79.236.211.190 - - [18/May/2018:12:51:57 +0200] "GET /img/farben.jpg HTTP/1.1" 200 14519 "http://www.frb-berlin.de/seiten/main.htm" "Mozilla/5.0 (iPad; CPU OS 11_2_2 like Mac OS X) AppleWebKit/604.4.7 (KHTML, like Gecko) Version/11.0 Mobile/15C202 Safari/604.1"
79.236.211.190 - - [18/May/2018:12:51:57 +0200] "GET /img/favorit_a.gif HTTP/1.1" 200 175 "http://www.frb-berlin.de/seiten/start.htm" "Mozilla/5.0 (iPad; CPU OS 11_2_2 like Mac OS X) AppleWebKit/604.4.7 (KHTML, like Gecko) Version/11.0 Mobile/15C202 Safari/604.1"
79.236.211.190 - - [18/May/2018:12:53:38 +0200] "GET /seiten/ueber_uns.htm HTTP/1.1" 200 2081 "http://www.frb-berlin.de/seiten/start.htm" "Mozilla/5.0 (iPad; CPU OS 11_2_2 like Mac OS X) AppleWebKit/604.4.7 (KHTML, like Gecko) Version/11.0 Mobile/15C202 Safari/604.1"
79.236.211.190 - - [18/May/2018:12:53:38 +0200] "GET /img/hg.jpg HTTP/1.1" 200 7507 "http://www.frb-berlin.de/seiten/ueber_uns.htm" "Mozilla/5.0 (iPad; CPU OS 11_2_2 like Mac OS X) AppleWebKit/604.4.7 (KHTML, like Gecko) Version/11.0 Mobile/15C202 Safari/604.1"
79.236.211.190 - - [18/May/2018:12:53:54 +0200] "GET /seiten/referenzen.htm HTTP/1.1" 200 3626 "http://www.frb-berlin.de/seiten/start.htm" "Mozilla/5.0 (iPad; CPU OS 11_2_2 like Mac OS X) AppleWebKit/604.4.7 (KHTML, like Gecko) Version/11.0 Mobile/15C202 Safari/604.1"
79.236.211.190 - - [18/May/2018:12:53:54 +0200] "GET /img/pdf.gif HTTP/1.1" 200 286 "http://www.frb-berlin.de/seiten/referenzen.htm" "Mozilla/5.0 (iPad; CPU OS 11_2_2 like Mac OS X) AppleWebKit/604.4.7 (KHTML, like Gecko) Version/11.0 Mobile/15C202 Safari/604.1"
79.236.211.190 - - [18/May/2018:12:53:58 +0200] "GET /dokumente/ReferenzenWarme.pdf HTTP/1.1" 200 14947 "http://www.frb-berlin.de/seiten/referenzen.htm" "Mozilla/5.0 (iPad; CPU OS 11_2_2 like Mac OS X) AppleWebKit/604.4.7 (KHTML, like Gecko) Version/11.0 Mobile/15C202 Safari/604.1"
79.236.211.190 - - [18/May/2018:12:54:39 +0200] "GET /seiten/referenzen_waerme.htm HTTP/1.1" 200 35661 "http://www.frb-berlin.de/seiten/referenzen.htm" "Mozilla/5.0 (iPad; CPU OS 11_2_2 like Mac OS X) AppleWebKit/604.4.7 (KHTML, like Gecko) Version/11.0 Mobile/15C202 Safari/604.1"
79.236.211.190 - - [18/May/2018:12:54:39 +0200] "GET /img/top.gif HTTP/1.1" 200 950 "http://www.frb-berlin.de/seiten/referenzen_waerme.htm" "Mozilla/5.0 (iPad; CPU OS 11_2_2 like Mac OS X) AppleWebKit/604.4.7 (KHTML, like Gecko) Version/11.0 Mobile/15C202 Safari/604.1"
79.236.211.190 - - [18/May/2018:12:54:52 +0200] "GET /seiten/kontakt.php HTTP/1.1" 200 6708 "http://www.frb-berlin.de/seiten/start.htm" "Mozilla/5.0 (iPad; CPU OS 11_2_2 like Mac OS X) AppleWebKit/604.4.7 (KHTML, like Gecko) Version/11.0 Mobile/15C202 Safari/604.1"
79.236.211.190 - - [18/May/2018:12:58:24 +0200] "GET /seiten/leistungen.htm HTTP/1.1" 200 3710 "http://www.frb-berlin.de/seiten/start.htm" "Mozilla/5.0 (iPad; CPU OS 11_2_2 like Mac OS X) AppleWebKit/604.4.7 (KHTML, like Gecko) Version/11.0 Mobile/15C202 Safari/604.1"
79.236.211.190 - - [18/May/2018:12:58:39 +0200] "GET /seiten/links.htm HTTP/1.1" 200 1543 "http://www.frb-berlin.de/seiten/start.htm" "Mozilla/5.0 (iPad; CPU OS 11_2_2 like Mac OS X) AppleWebKit/604.4.7 (KHTML, like Gecko) Version/11.0 Mobile/15C202 Safari/604.1"
213.61.218.76 - - [18/May/2018:13:05:01 +0200] "GET /robots.txt HTTP/1.1" 404 1256 "-" "Jobsearch1.5"
213.61.218.76 - - [18/May/2018:13:05:01 +0200] "GET /seiten/ausbildung.htm HTTP/1.1" 200 2131 "-" "Jobsearch1.5"
52.47.168.171 - - [18/May/2018:15:54:45 +0200] "GET /ads.txt HTTP/1.1" 404 1256 "-" "Mozilla/5.0 (Macintosh; Intel Mac OS X 10.13; rv:58.0) Gecko/20100101 Firefox/58.0"
85.25.71.197 - - [18/May/2018:18:28:42 +0200] "GET / HTTP/1.1" 200 1775 "-" "Mozilla/5.0 (X11; U; Linux Core i7-4980HQ; de; rv:32.0; compatible; JobboerseBot; http://www.jobboerse.com/bot.htm) Gecko/20100101 Firefox/38.0"
85.25.71.197 - - [18/May/2018:18:28:43 +0200] "GET /robots.txt HTTP/1.1" 404 1256 "-" "Mozilla/5.0 (X11; U; Linux Core i7-4980HQ; de; rv:32.0; compatible; JobboerseBot; http://www.jobboerse.com/bot.htm) Gecko/20100101 Firefox/38.0"
85.25.71.197 - - [18/May/2018:18:28:44 +0200] "GET / HTTP/1.1" 200 1775 "-" "Mozilla/5.0 (X11; U; Linux Core i7-4980HQ; de; rv:32.0; compatible; JobboerseBot; http://www.jobboerse.com/bot.htm) Gecko/20100101 Firefox/38.0"
85.25.71.197 - - [18/May/2018:18:28:45 +0200] "GET / HTTP/1.1" 200 1775 "-" "Mozilla/5.0 (X11; U; Linux Core i7-4980HQ; de; rv:32.0; compatible; JobboerseBot; http://www.jobboerse.com/bot.htm) Gecko/20100101 Firefox/38.0"
85.25.71.197 - - [18/May/2018:18:28:46 +0200] "GET /css/style.css HTTP/1.1" 200 8567 "http://www.frb-berlin.de/" "Mozilla/5.0 (X11; U; Linux Core i7-4980HQ; de; rv:32.0; compatible; JobboerseBot; http://www.jobboerse.com/bot.htm) Gecko/20100101 Firefox/38.0"
85.25.71.197 - - [18/May/2018:18:28:48 +0200] "GET /seiten/start.htm HTTP/1.1" 200 9376 "-" "Mozilla/5.0 (X11; U; Linux Core i7-4980HQ; de; rv:32.0; compatible; JobboerseBot; http://www.jobboerse.com/bot.htm) Gecko/20100101 Firefox/38.0"
85.25.71.197 - - [18/May/2018:18:28:48 +0200] "GET /scripte/menu_start.js HTTP/1.1" 200 31217 "http://www.frb-berlin.de/seiten/start.htm" "Mozilla/5.0 (X11; U; Linux Core i7-4980HQ; de; rv:32.0; compatible; JobboerseBot; http://www.jobboerse.com/bot.htm) Gecko/20100101 Firefox/38.0"
85.25.71.197 - - [18/May/2018:18:28:49 +0200] "GET /scripte/menu_elemente.js HTTP/1.1" 200 18006 "http://www.frb-berlin.de/seiten/start.htm" "Mozilla/5.0 (X11; U; Linux Core i7-4980HQ; de; rv:32.0; compatible; JobboerseBot; http://www.jobboerse.com/bot.htm) Gecko/20100101 Firefox/38.0"
85.25.71.197 - - [18/May/2018:18:28:50 +0200] "GET /seiten/main.htm HTTP/1.1" 200 2496 "http://www.frb-berlin.de/seiten/start.htm" "Mozilla/5.0 (X11; U; Linux Core i7-4980HQ; de; rv:32.0; compatible; JobboerseBot; http://www.jobboerse.com/bot.htm) Gecko/20100101 Firefox/38.0"
85.25.71.197 - - [18/May/2018:18:28:51 +0200] "GET /css/style.css HTTP/1.1" 200 8567 "http://www.frb-berlin.de/seiten/start.htm" "Mozilla/5.0 (X11; U; Linux Core i7-4980HQ; de; rv:32.0; compatible; JobboerseBot; http://www.jobboerse.com/bot.htm) Gecko/20100101 Firefox/38.0"
85.25.71.197 - - [18/May/2018:18:28:52 +0200] "GET /css/style.css HTTP/1.1" 200 8567 "http://www.frb-berlin.de/seiten/start.htm" "Mozilla/5.0 (X11; U; Linux Core i7-4980HQ; de; rv:32.0; compatible; JobboerseBot; http://www.jobboerse.com/bot.htm) Gecko/20100101 Firefox/38.0"
85.25.71.197 - - [18/May/2018:18:28:56 +0200] "GET /seiten/main.htm HTTP/1.1" 200 2496 "-" "Mozilla/5.0 (X11; U; Linux Core i7-4980HQ; de; rv:32.0; compatible; JobboerseBot; http://www.jobboerse.com/bot.htm) Gecko/20100101 Firefox/38.0"
86.110.117.10 - - [18/May/2018:18:51:40 +0200] "GET /assets/modules/evogallery/js/uploadify/uploadify.css HTTP/1.1" 404 1256 "http://www.frb-berlin.de/assets/modules/evogallery/js/uploadify/uploadify.css" "Mozilla/5.0 (Windows NT 6.1; WOW64) AppleWebKit/537.36 (KHTML, like Gecko) Chrome/42.0.2311.152 Safari/537.36"
141.8.141.131 - - [18/May/2018:19:45:40 +0200] "GET /robots.txt HTTP/1.1" 404 1256 "-" "Mozilla/5.0 (compatible; YandexBot/3.0; +http://yandex.com/bots)"
141.8.141.131 - - [18/May/2018:19:45:44 +0200] "GET /favicon.ico HTTP/1.1" 404 1256 "-" "Mozilla/5.0 (compatible; YandexBot/3.0; +http://yandex.com/bots)"
66.249.64.207 - - [18/May/2018:19:55:41 +0200] "GET /robots.txt HTTP/1.1" 404 1256 "-" "Mozilla/5.0 (compatible; Googlebot/2.1; +http://www.google.com/bot.html)"
66.249.64.203 - - [18/May/2018:19:55:41 +0200] "GET /seiten/start.htm HTTP/1.1" 304 - "-" "Mozilla/5.0 (Linux; Android 6.0.1; Nexus 5X Build/MMB29P) AppleWebKit/537.36 (KHTML, like Gecko) Chrome/41.0.2272.96 Mobile Safari/537.36 (compatible; Googlebot/2.1; +http://www.google.com/bot.html)"
144.217.213.131 - - [18/May/2018:21:51:29 +0200] "GET / HTTP/1.1" 200 1775 "-" "Java/1.6.0_04"
144.217.213.131 - - [18/May/2018:21:51:32 +0200] "GET /seiten/start.htm HTTP/1.1" 200 9376 "-" "Java/1.6.0_04"
144.217.213.131 - - [18/May/2018:21:51:35 +0200] "GET /scripte/menu_elemente.js HTTP/1.1" 200 18006 "-" "Java/1.6.0_04"
144.217.213.131 - - [18/May/2018:21:51:38 +0200] "GET /scripte/menu_start.js HTTP/1.1" 200 31217 "-" "Java/1.6.0_04"
144.217.213.131 - - [18/May/2018:21:51:39 +0200] "GET /seiten/ausbildung.htm HTTP/1.1" 200 2131 "-" "Java/1.6.0_04"
144.217.213.131 - - [18/May/2018:21:51:39 +0200] "GET /seiten/impressum.htm HTTP/1.1" 200 4643 "-" "Java/1.6.0_04"
144.217.213.131 - - [18/May/2018:21:51:41 +0200] "GET /seiten/kontakt.php HTTP/1.1" 200 6708 "-" "Java/1.6.0_04"
144.217.213.131 - - [18/May/2018:21:51:41 +0200] "GET /seiten/leistungen.htm HTTP/1.1" 200 3710 "-" "Java/1.6.0_04"
144.217.213.131 - - [18/May/2018:21:51:44 +0200] "GET /seiten/links.htm HTTP/1.1" 200 1543 "-" "Java/1.6.0_04"
144.217.213.131 - - [18/May/2018:21:51:44 +0200] "GET /seiten/main.htm HTTP/1.1" 200 2496 "-" "Java/1.6.0_04"
144.217.213.131 - - [18/May/2018:21:51:47 +0200] "GET /seiten/referenzen.htm HTTP/1.1" 200 3626 "-" "Java/1.6.0_04"
144.217.213.131 - - [18/May/2018:21:51:49 +0200] "GET /seiten/ueber_uns.htm HTTP/1.1" 200 2081 "-" "Java/1.6.0_04"
144.217.213.131 - - [18/May/2018:21:51:50 +0200] "GET /scripte/ausbildung2.htm HTTP/1.1" 404 1256 "-" "Java/1.6.0_04"
144.217.213.131 - - [18/May/2018:21:51:53 +0200] "GET /scripte/ausbildung3.htm HTTP/1.1" 404 1256 "-" "Java/1.6.0_04"
144.217.213.131 - - [18/May/2018:21:51:55 +0200] "GET /seiten/ausbildung2.htm HTTP/1.1" 200 4821 "-" "Java/1.6.0_04"
144.217.213.131 - - [18/May/2018:21:51:56 +0200] "GET /seiten/ausbildung3.htm HTTP/1.1" 200 6331 "-" "Java/1.6.0_04"
144.217.213.131 - - [18/May/2018:21:51:57 +0200] "GET /seiten/referenzen_beton.htm HTTP/1.1" 200 8747 "-" "Java/1.6.0_04"
144.217.213.131 - - [18/May/2018:21:52:08 +0200] "GET /seiten/referenzen_maler.htm HTTP/1.1" 200 51839 "-" "Java/1.6.0_04"
144.217.213.131 - - [18/May/2018:21:52:10 +0200] "GET /seiten/referenzen_waerme.htm HTTP/1.1" 200 35661 "-" "Java/1.6.0_04"
144.217.213.131 - - [18/May/2018:21:52:14 +0200] "GET /scripte/'+img1+' HTTP/1.1" 404 1256 "-" "Java/1.6.0_04"
66.249.64.203 - - [18/May/2018:22:32:45 +0200] "GET /css/style.css HTTP/1.1" 200 8567 "http://www.frb-berlin.de/seiten/referenzen_waerme.htm" "Mozilla/5.0 (compatible; Googlebot/2.1; +http://www.google.com/bot.html)"
136.243.83.16 - - [18/May/2018:23:55:55 +0200] "GET /robots.txt HTTP/1.1" 404 1256 "-" "Mozilla/5.0 (compatible; MetaJobBot; http://www.metajob.de/crawler)"
136.243.83.16 - - [18/May/2018:23:55:55 +0200] "GET /seiten/start.htm HTTP/1.1" 200 9376 "-" "Mozilla/5.0 (compatible; MetaJobBot; http://www.metajob.de/crawler)"
136.243.83.16 - - [18/May/2018:23:56:06 +0200] "GET /seiten/impressum.htm HTTP/1.1" 200 4643 "-" "Mozilla/5.0 (compatible; MetaJobBot; http://www.metajob.de/crawler)"
136.243.83.16 - - [18/May/2018:23:56:11 +0200] "GET /seiten/main.htm HTTP/1.1" 200 2496 "-" "Mozilla/5.0 (compatible; MetaJobBot; http://www.metajob.de/crawler)"
81.173.155.243 - - [19/May/2018:01:35:24 +0200] "GET / HTTP/1.1" 200 1775 "-" "curl/7.59.0"
157.55.39.104 - - [19/May/2018:01:52:29 +0200] "GET /seiten/referenzen.htm HTTP/1.1" 200 3626 "-" "Mozilla/5.0 (iPhone; CPU iPhone OS 7_0 like Mac OS X) AppleWebKit/537.51.1 (KHTML, like Gecko) Version/7.0 Mobile/11A465 Safari/9537.53 (compatible; bingbot/2.0; +http://www.bing.com/bingbot.htm)"
157.55.39.104 - - [19/May/2018:01:52:44 +0200] "GET /img/pdf.gif HTTP/1.1" 200 286 "-" "Mozilla/5.0 (iPhone; CPU iPhone OS 7_0 like Mac OS X) AppleWebKit/537.51.1 (KHTML, like Gecko) Version/7.0 Mobile/11A465 Safari/9537.53 (compatible; bingbot/2.0; +http://www.bing.com/bingbot.htm)"
207.46.13.141 - - [19/May/2018:01:52:48 +0200] "GET /img/hg.jpg HTTP/1.1" 200 7507 "-" "Mozilla/5.0 (iPhone; CPU iPhone OS 7_0 like Mac OS X) AppleWebKit/537.51.1 (KHTML, like Gecko) Version/7.0 Mobile/11A465 Safari/9537.53 (compatible; bingbot/2.0; +http://www.bing.com/bingbot.htm)"
157.55.39.177 - - [19/May/2018:01:53:07 +0200] "GET /css/style.css HTTP/1.1" 200 8567 "-" "Mozilla/5.0 (iPhone; CPU iPhone OS 7_0 like Mac OS X) AppleWebKit/537.51.1 (KHTML, like Gecko) Version/7.0 Mobile/11A465 Safari/9537.53 (compatible; bingbot/2.0; +http://www.bing.com/bingbot.htm)"
207.46.13.141 - - [19/May/2018:01:56:32 +0200] "GET /seiten/ausbildung2.htm HTTP/1.1" 200 4821 "-" "Mozilla/5.0 (iPhone; CPU iPhone OS 7_0 like Mac OS X) AppleWebKit/537.51.1 (KHTML, like Gecko) Version/7.0 Mobile/11A465 Safari/9537.53 (compatible; bingbot/2.0; +http://www.bing.com/bingbot.htm)"
66.249.64.203 - - [19/May/2018:01:59:14 +0200] "GET /seiten/referenzen_waerme.htm HTTP/1.1" 200 35661 "-" "Mozilla/5.0 (Linux; Android 6.0.1; Nexus 5X Build/MMB29P) AppleWebKit/537.36 (KHTML, like Gecko) Chrome/41.0.2272.96 Mobile Safari/537.36 (compatible; Googlebot/2.1; +http://www.google.com/bot.html)"
34.200.86.114 - - [19/May/2018:03:13:00 +0200] "GET / HTTP/1.1" 200 1775 "-" "Mozilla/5.0 (Windows NT 10.0; Win64; x64; rv:59.0) Gecko/20100101 Firefox/59.0"
35.233.95.104 - - [19/May/2018:04:02:17 +0200] "GET /ads.txt HTTP/1.1" 404 1256 "-" "Mozilla/5.0 (Macintosh; Intel Mac OS X 10.13; rv:58.0) Gecko/20100101 Firefox/58.0"
82.208.160.181 - - [19/May/2018:04:22:10 +0200] "GET /seiten/referenzen.htm HTTP/1.1" 200 3626 "-" "Mozilla/5.0 (compatible& Googlebot/2.1& +http://www.google.com/bot.html)"
82.208.160.181 - - [19/May/2018:04:22:10 +0200] "GET /seiten/referenzen.htm HTTP/1.1" 200 3626 "-" "Mozilla/5.0 (Linux; U; Android 4.0.3; ko-kr; LG-L160L Build/IML74K) AppleWebkit/534.30 (KHTML, like Gecko) Version/4.0 Mobile Safari/534.30"
66.249.64.205 - - [19/May/2018:04:48:27 +0200] "GET /css/style.css HTTP/1.1" 200 8567 "http://www.frb-berlin.de/seiten/ausbildung2.htm" "Mozilla/5.0 AppleWebKit/537.36 (KHTML, like Gecko; compatible; Googlebot/2.1; +http://www.google.com/bot.html) Safari/537.36"
66.249.64.203 - - [19/May/2018:05:07:06 +0200] "GET /dokumente/ReferenzenMaler.pdf HTTP/1.1" 200 15515 "-" "Mozilla/5.0 (Linux; Android 6.0.1; Nexus 5X Build/MMB29P) AppleWebKit/537.36 (KHTML, like Gecko) Chrome/41.0.2272.96 Mobile Safari/537.36 (compatible; Googlebot/2.1; +http://www.google.com/bot.html)"
141.8.141.131 - - [19/May/2018:06:19:41 +0200] "GET /robots.txt HTTP/1.1" 404 1256 "-" "Mozilla/5.0 (compatible; YandexBot/3.0; +http://yandex.com/bots)"
141.8.141.131 - - [19/May/2018:06:19:45 +0200] "GET /favicon.ico HTTP/1.1" 404 1256 "-" "Mozilla/5.0 (compatible; YandexBot/3.0; +http://yandex.com/bots)"
213.61.218.76 - - [19/May/2018:08:32:17 +0200] "GET /robots.txt HTTP/1.1" 404 1256 "-" "Jobsearch1.5"
213.61.218.76 - - [19/May/2018:08:32:17 +0200] "GET /seiten/ausbildung.htm HTTP/1.1" 200 2131 "-" "Jobsearch1.5"
82.208.160.181 - - [19/May/2018:09:42:14 +0200] "GET /seiten/kontakt.php HTTP/1.1" 200 6708 "-" "Mozilla/5.0 (compatible& Googlebot/2.1& +http://www.google.com/bot.html)"
82.208.160.181 - - [19/May/2018:09:42:14 +0200] "GET /seiten/kontakt.php HTTP/1.1" 200 6708 "-" "Mozilla/5.0 (Linux; U; Android 4.0.3; ko-kr; LG-L160L Build/IML74K) AppleWebkit/534.30 (KHTML, like Gecko) Version/4.0 Mobile Safari/534.30"
87.230.17.72 - - [19/May/2018:10:53:26 +0200] "GET / HTTP/1.1" 200 1775 "-" "ImplisenseBot 1.0"
87.230.17.72 - - [19/May/2018:10:53:26 +0200] "GET /seiten/start.htm HTTP/1.1" 200 9376 "-" "ImplisenseBot 1.0"
87.230.17.72 - - [19/May/2018:10:53:27 +0200] "GET /seiten/impressum.htm HTTP/1.1" 200 4643 "-" "ImplisenseBot 1.0"
87.230.17.72 - - [19/May/2018:10:53:27 +0200] "GET / HTTP/1.1" 200 1775 "-" "ImplisenseBot 1.0"
87.230.17.72 - - [19/May/2018:10:53:27 +0200] "GET /robots.txt HTTP/1.1" 404 1256 "-" "ImplisenseBot 1.0"
87.230.17.72 - - [19/May/2018:10:53:28 +0200] "GET /seiten/start.htm HTTP/1.1" 200 9376 "-" "ImplisenseBot 1.0"
87.230.17.72 - - [19/May/2018:10:53:29 +0200] "GET / HTTP/1.1" 200 1775 "-" "ImplisenseBot 1.0"
87.230.17.72 - - [19/May/2018:10:53:29 +0200] "GET /seiten/main.htm HTTP/1.1" 200 2496 "-" "ImplisenseBot 1.0"
87.230.17.72 - - [19/May/2018:10:53:30 +0200] "GET /seiten/ueber_uns.htm HTTP/1.1" 200 2081 "-" "ImplisenseBot 1.0"
87.230.17.72 - - [19/May/2018:10:53:30 +0200] "GET /seiten/ausbildung.htm HTTP/1.1" 200 2131 "-" "ImplisenseBot 1.0"
87.230.17.72 - - [19/May/2018:10:53:31 +0200] "GET /seiten/leistungen.htm HTTP/1.1" 200 3710 "-" "ImplisenseBot 1.0"
87.230.17.72 - - [19/May/2018:10:53:31 +0200] "GET /seiten/referenzen.htm HTTP/1.1" 200 3626 "-" "ImplisenseBot 1.0"
87.230.17.72 - - [19/May/2018:10:53:32 +0200] "GET /seiten/kontakt.php HTTP/1.1" 200 6708 "-" "ImplisenseBot 1.0"
87.230.17.72 - - [19/May/2018:10:53:33 +0200] "GET /seiten/links.htm HTTP/1.1" 200 1543 "-" "ImplisenseBot 1.0"
87.230.17.72 - - [19/May/2018:10:53:33 +0200] "GET /seiten/impressum.htm HTTP/1.1" 200 4643 "-" "ImplisenseBot 1.0"
87.230.17.72 - - [19/May/2018:10:53:33 +0200] "GET /seiten/ausbildung2.htm HTTP/1.1" 200 4821 "-" "ImplisenseBot 1.0"
87.230.17.72 - - [19/May/2018:10:53:34 +0200] "GET /seiten/ausbildung3.htm HTTP/1.1" 200 6331 "-" "ImplisenseBot 1.0"
87.230.17.72 - - [19/May/2018:10:53:35 +0200] "GET /seiten/referenzen_maler.htm HTTP/1.1" 200 51839 "-" "ImplisenseBot 1.0"
87.230.17.72 - - [19/May/2018:10:53:36 +0200] "GET /seiten/referenzen_waerme.htm HTTP/1.1" 200 35661 "-" "ImplisenseBot 1.0"
87.230.17.72 - - [19/May/2018:10:53:36 +0200] "GET /seiten/referenzen_beton.htm HTTP/1.1" 200 8747 "-" "ImplisenseBot 1.0"
87.230.17.72 - - [19/May/2018:10:53:37 +0200] "GET /seiten/impressum.htm#top HTTP/1.1" 200 4643 "-" "ImplisenseBot 1.0"
87.230.17.72 - - [19/May/2018:10:53:37 +0200] "GET /seiten/ausbildung2.htm#top HTTP/1.1" 200 4821 "-" "ImplisenseBot 1.0"
87.230.17.72 - - [19/May/2018:10:53:37 +0200] "GET /seiten/ausbildung3.htm#top HTTP/1.1" 200 6331 "-" "ImplisenseBot 1.0"
87.230.17.72 - - [19/May/2018:10:53:38 +0200] "GET /seiten/referenzen_maler.htm#top HTTP/1.1" 200 51839 "-" "ImplisenseBot 1.0"
82.208.160.181 - - [19/May/2018:11:03:58 +0200] "GET /seiten/ausbildung.htm HTTP/1.1" 200 2131 "-" "Mozilla/5.0 (compatible& Googlebot/2.1& +http://www.google.com/bot.html)"
82.208.160.181 - - [19/May/2018:11:03:58 +0200] "GET /seiten/ausbildung.htm HTTP/1.1" 200 2131 "-" "Mozilla/5.0 (Linux; U; Android 4.0.3; ko-kr; LG-L160L Build/IML74K) AppleWebkit/534.30 (KHTML, like Gecko) Version/4.0 Mobile Safari/534.30"
66.249.64.205 - - [19/May/2018:11:13:06 +0200] "GET /robots.txt HTTP/1.1" 404 1256 "-" "Mozilla/5.0 (compatible; Googlebot/2.1; +http://www.google.com/bot.html)"
66.249.64.203 - - [19/May/2018:11:13:06 +0200] "GET / HTTP/1.1" 200 1775 "-" "Mozilla/5.0 (compatible; Googlebot/2.1; +http://www.google.com/bot.html)"
180.76.15.159 - - [19/May/2018:12:12:13 +0200] "GET / HTTP/1.1" 200 1775 "-" "Mozilla/5.0 (compatible; Baiduspider/2.0; +http://www.baidu.com/search/spider.html)"
204.79.180.19 - - [19/May/2018:12:26:09 +0200] "GET / HTTP/1.1" 200 1775 "-" "Mozilla/5.0 (compatible; MSIE 9.0; Windows NT 6.0; Trident/5.0; Trident/5.0)"
204.79.180.20 - - [19/May/2018:12:26:10 +0200] "GET /css/style.css HTTP/1.1" 200 8567 "http://www.frb-berlin.de/" "Mozilla/5.0 (compatible; MSIE 9.0; Windows NT 6.0; Trident/5.0; Trident/5.0)"
209.90.225.244 - - [19/May/2018:13:05:57 +0200] "GET /?gf_page=upload HTTP/1.1" 200 1775 "http://www.frb-berlin.de/?gf_page=upload" "Mozilla/5.0 (Windows NT 6.1; WOW64) AppleWebKit/537.36 (KHTML, like Gecko) Chrome/42.0.2311.152 Safari/537.36"
207.46.13.25 - - [19/May/2018:13:39:37 +0200] "GET /seiten/impressum.htm HTTP/1.1" 200 4643 "-" "Mozilla/5.0 (iPhone; CPU iPhone OS 7_0 like Mac OS X) AppleWebKit/537.51.1 (KHTML, like Gecko) Version/7.0 Mobile/11A465 Safari/9537.53 (compatible; bingbot/2.0; +http://www.bing.com/bingbot.htm)"
217.227.113.116 - - [19/May/2018:13:46:06 +0200] "GET / HTTP/1.1" 200 1775 "http://www.google.de/url?sa=t&rct=j&q=&esrc=s&source=web&cd=1&ved=0ahUKEwib2Zbo2ZHbAhUCr6QKHZqcA-EQFggoMAA&url=http%3A%2F%2Fwww.frb-berlin.de%2F&usg=AOvVaw2Yu7xDUbxbXzNaA9G1DVmW" "Mozilla/5.0 (Windows NT 6.1; WOW64; Trident/7.0; MAAU; MAAU; rv:11.0) like Gecko"
217.227.113.116 - - [19/May/2018:13:46:06 +0200] "GET /css/style.css HTTP/1.1" 200 8567 "http://www.frb-berlin.de/" "Mozilla/5.0 (Windows NT 6.1; WOW64; Trident/7.0; MAAU; MAAU; rv:11.0) like Gecko"
217.227.113.116 - - [19/May/2018:13:46:06 +0200] "GET /img/logo.gif HTTP/1.1" 200 4275 "http://www.frb-berlin.de/" "Mozilla/5.0 (Windows NT 6.1; WOW64; Trident/7.0; MAAU; MAAU; rv:11.0) like Gecko"
217.227.113.116 - - [19/May/2018:13:46:06 +0200] "GET /favicon.ico HTTP/1.1" 404 1256 "-" "Mozilla/5.0 (Windows NT 6.1; Win64; x64; Trident/7.0; MAAU; rv:11.0) like Gecko"
217.227.113.116 - - [19/May/2018:13:46:09 +0200] "GET /seiten/start.htm HTTP/1.1" 200 9376 "http://www.frb-berlin.de/" "Mozilla/5.0 (Windows NT 6.1; WOW64; Trident/7.0; MAAU; MAAU; rv:11.0) like Gecko"
217.227.113.116 - - [19/May/2018:13:46:09 +0200] "GET /scripte/menu_start.js HTTP/1.1" 200 31217 "http://www.frb-berlin.de/seiten/start.htm" "Mozilla/5.0 (Windows NT 6.1; WOW64; Trident/7.0; MAAU; MAAU; rv:11.0) like Gecko"
217.227.113.116 - - [19/May/2018:13:46:09 +0200] "GET /scripte/menu_elemente.js HTTP/1.1" 200 18006 "http://www.frb-berlin.de/seiten/start.htm" "Mozilla/5.0 (Windows NT 6.1; WOW64; Trident/7.0; MAAU; MAAU; rv:11.0) like Gecko"
217.227.113.116 - - [19/May/2018:13:46:09 +0200] "GET /img/1px.gif HTTP/1.1" 200 43 "http://www.frb-berlin.de/seiten/start.htm" "Mozilla/5.0 (Windows NT 6.1; WOW64; Trident/7.0; MAAU; MAAU; rv:11.0) like Gecko"
217.227.113.116 - - [19/May/2018:13:46:09 +0200] "GET /img/head.jpg HTTP/1.1" 200 5932 "http://www.frb-berlin.de/seiten/start.htm" "Mozilla/5.0 (Windows NT 6.1; WOW64; Trident/7.0; MAAU; MAAU; rv:11.0) like Gecko"
217.227.113.116 - - [19/May/2018:13:46:09 +0200] "GET /img/lay01.jpg HTTP/1.1" 200 9336 "http://www.frb-berlin.de/seiten/start.htm" "Mozilla/5.0 (Windows NT 6.1; WOW64; Trident/7.0; MAAU; MAAU; rv:11.0) like Gecko"
217.227.113.116 - - [19/May/2018:13:46:09 +0200] "GET /img/over_logo.jpg HTTP/1.1" 200 5315 "http://www.frb-berlin.de/seiten/start.htm" "Mozilla/5.0 (Windows NT 6.1; WOW64; Trident/7.0; MAAU; MAAU; rv:11.0) like Gecko"
217.227.113.116 - - [19/May/2018:13:46:09 +0200] "GET /img/lay03.jpg HTTP/1.1" 200 15205 "http://www.frb-berlin.de/seiten/start.htm" "Mozilla/5.0 (Windows NT 6.1; WOW64; Trident/7.0; MAAU; MAAU; rv:11.0) like Gecko"
217.227.113.116 - - [19/May/2018:13:46:09 +0200] "GET /img/lay04.jpg HTTP/1.1" 200 6356 "http://www.frb-berlin.de/seiten/start.htm" "Mozilla/5.0 (Windows NT 6.1; WOW64; Trident/7.0; MAAU; MAAU; rv:11.0) like Gecko"
217.227.113.116 - - [19/May/2018:13:46:09 +0200] "GET /img/lay05.jpg HTTP/1.1" 200 10183 "http://www.frb-berlin.de/seiten/start.htm" "Mozilla/5.0 (Windows NT 6.1; WOW64; Trident/7.0; MAAU; MAAU; rv:11.0) like Gecko"
217.227.113.116 - - [19/May/2018:13:46:09 +0200] "GET /img/lay06.jpg HTTP/1.1" 200 11774 "http://www.frb-berlin.de/seiten/start.htm" "Mozilla/5.0 (Windows NT 6.1; WOW64; Trident/7.0; MAAU; MAAU; rv:11.0) like Gecko"
217.227.113.116 - - [19/May/2018:13:46:09 +0200] "GET /img/lay07.jpg HTTP/1.1" 200 9742 "http://www.frb-berlin.de/seiten/start.htm" "Mozilla/5.0 (Windows NT 6.1; WOW64; Trident/7.0; MAAU; MAAU; rv:11.0) like Gecko"
217.227.113.116 - - [19/May/2018:13:46:09 +0200] "GET /img/lay13.jpg HTTP/1.1" 200 428 "http://www.frb-berlin.de/seiten/start.htm" "Mozilla/5.0 (Windows NT 6.1; WOW64; Trident/7.0; MAAU; MAAU; rv:11.0) like Gecko"
217.227.113.116 - - [19/May/2018:13:46:09 +0200] "GET /img/lay08.jpg HTTP/1.1" 200 10212 "http://www.frb-berlin.de/seiten/start.htm" "Mozilla/5.0 (Windows NT 6.1; WOW64; Trident/7.0; MAAU; MAAU; rv:11.0) like Gecko"
217.227.113.116 - - [19/May/2018:13:46:09 +0200] "GET /img/bg_rechts.jpg HTTP/1.1" 200 346 "http://www.frb-berlin.de/seiten/start.htm" "Mozilla/5.0 (Windows NT 6.1; WOW64; Trident/7.0; MAAU; MAAU; rv:11.0) like Gecko"
217.227.113.116 - - [19/May/2018:13:46:09 +0200] "GET /img/bg_links.jpg HTTP/1.1" 200 8379 "http://www.frb-berlin.de/seiten/start.htm" "Mozilla/5.0 (Windows NT 6.1; WOW64; Trident/7.0; MAAU; MAAU; rv:11.0) like Gecko"
217.227.113.116 - - [19/May/2018:13:46:09 +0200] "GET /img/lay11.jpg HTTP/1.1" 200 12218 "http://www.frb-berlin.de/seiten/start.htm" "Mozilla/5.0 (Windows NT 6.1; WOW64; Trident/7.0; MAAU; MAAU; rv:11.0) like Gecko"
217.227.113.116 - - [19/May/2018:13:46:09 +0200] "GET /img/bogen_o1.jpg HTTP/1.1" 200 8356 "http://www.frb-berlin.de/seiten/start.htm" "Mozilla/5.0 (Windows NT 6.1; WOW64; Trident/7.0; MAAU; MAAU; rv:11.0) like Gecko"
217.227.113.116 - - [19/May/2018:13:46:09 +0200] "GET /img/lay10.jpg HTTP/1.1" 200 12856 "http://www.frb-berlin.de/seiten/start.htm" "Mozilla/5.0 (Windows NT 6.1; WOW64; Trident/7.0; MAAU; MAAU; rv:11.0) like Gecko"
217.227.113.116 - - [19/May/2018:13:46:09 +0200] "GET /img/lay12.jpg HTTP/1.1" 200 394 "http://www.frb-berlin.de/seiten/start.htm" "Mozilla/5.0 (Windows NT 6.1; WOW64; Trident/7.0; MAAU; MAAU; rv:11.0) like Gecko"
217.227.113.116 - - [19/May/2018:13:46:09 +0200] "GET /seiten/main.htm HTTP/1.1" 200 2496 "http://www.frb-berlin.de/seiten/start.htm" "Mozilla/5.0 (Windows NT 6.1; WOW64; Trident/7.0; MAAU; MAAU; rv:11.0) like Gecko"
217.227.113.116 - - [19/May/2018:13:46:09 +0200] "GET /img/farben.jpg HTTP/1.1" 200 14519 "http://www.frb-berlin.de/seiten/main.htm" "Mozilla/5.0 (Windows NT 6.1; WOW64; Trident/7.0; MAAU; MAAU; rv:11.0) like Gecko"
217.227.113.116 - - [19/May/2018:13:46:09 +0200] "GET /img/favorit_a.gif HTTP/1.1" 200 175 "http://www.frb-berlin.de/seiten/start.htm" "Mozilla/5.0 (Windows NT 6.1; WOW64; Trident/7.0; MAAU; MAAU; rv:11.0) like Gecko"
217.227.113.116 - - [19/May/2018:13:46:09 +0200] "GET /favicon.ico HTTP/1.1" 404 1256 "-" "Mozilla/5.0 (Windows NT 6.1; Win64; x64; Trident/7.0; MAAU; rv:11.0) like Gecko"
217.227.113.116 - - [19/May/2018:13:46:15 +0200] "GET /seiten/impressum.htm HTTP/1.1" 200 4643 "http://www.frb-berlin.de/seiten/start.htm" "Mozilla/5.0 (Windows NT 6.1; WOW64; Trident/7.0; MAAU; MAAU; rv:11.0) like Gecko"
217.227.113.116 - - [19/May/2018:13:46:15 +0200] "GET /img/fm_logo.jpg HTTP/1.1" 200 4093 "http://www.frb-berlin.de/seiten/impressum.htm" "Mozilla/5.0 (Windows NT 6.1; WOW64; Trident/7.0; MAAU; MAAU; rv:11.0) like Gecko"
217.227.113.116 - - [19/May/2018:13:46:15 +0200] "GET /img/top.gif HTTP/1.1" 200 950 "http://www.frb-berlin.de/seiten/impressum.htm" "Mozilla/5.0 (Windows NT 6.1; WOW64; Trident/7.0; MAAU; MAAU; rv:11.0) like Gecko"
217.227.113.116 - - [19/May/2018:13:46:15 +0200] "GET /img/hg.jpg HTTP/1.1" 200 7507 "http://www.frb-berlin.de/seiten/impressum.htm" "Mozilla/5.0 (Windows NT 6.1; WOW64; Trident/7.0; MAAU; MAAU; rv:11.0) like Gecko"
217.227.113.116 - - [19/May/2018:13:46:32 +0200] "GET /css/style.css HTTP/1.1" 200 8567 "-" "Mozilla/4.0 (compatible; MSIE 7.0; Windows NT 6.1; WOW64; Trident/7.0; .NET CLR 2.0.50727; .NET CLR 3.0.30729; .NET CLR 3.5.30729; .NET4.0C; .NET4.0E; BRI/1; BRI/2; MAAU; Media Center PC 6.0; SLCC2; MAAU; ms-office; MSOffice 14)"
47.96.234.252 - - [19/May/2018:16:47:28 +0200] "GET /web-cache.php HTTP/1.1" 404 1256 "-" "-"
157.55.39.118 - - [19/May/2018:19:07:58 +0200] "GET /robots.txt HTTP/1.1" 404 1256 "-" "Mozilla/5.0 (compatible; bingbot/2.0; +http://www.bing.com/bingbot.htm)"
207.46.13.141 - - [19/May/2018:19:08:00 +0200] "GET /seiten/ausbildung.htm HTTP/1.1" 200 2131 "-" "Mozilla/5.0 (iPhone; CPU iPhone OS 7_0 like Mac OS X) AppleWebKit/537.51.1 (KHTML, like Gecko) Version/7.0 Mobile/11A465 Safari/9537.53 (compatible; bingbot/2.0; +http://www.bing.com/bingbot.htm)"
23.103.64.39 - - [19/May/2018:20:24:57 +0200] "GET /seiten/referenzen_maler.htm HTTP/1.1" 200 51839 "-" "Mozilla/5.0 (compatible; bingbot/2.0; +http://www.bing.com/bingbot.htm)"
40.77.190.233 - - [19/May/2018:20:25:02 +0200] "GET /css/style.css HTTP/1.1" 200 8567 "-" "Mozilla/5.0 (Windows NT 6.1; WOW64) AppleWebKit/534+ (KHTML, like Gecko) BingPreview/1.0b"
157.55.39.104 - - [19/May/2018:20:25:08 +0200] "GET /robots.txt HTTP/1.1" 404 1256 "-" "Mozilla/5.0 (compatible; bingbot/2.0; +http://www.bing.com/bingbot.htm)"
157.55.39.104 - - [19/May/2018:20:25:08 +0200] "GET /robots.txt HTTP/1.1" 404 1256 "-" "Mozilla/5.0 (compatible; bingbot/2.0; +http://www.bing.com/bingbot.htm)"
120.78.143.200 - - [19/May/2018:20:27:48 +0200] "GET /web-cache.php HTTP/1.1" 404 1256 "-" "-"
157.55.39.104 - - [19/May/2018:20:34:16 +0200] "GET /seiten/ueber_uns.htm HTTP/1.1" 200 2081 "-" "Mozilla/5.0 (iPhone; CPU iPhone OS 7_0 like Mac OS X) AppleWebKit/537.51.1 (KHTML, like Gecko) Version/7.0 Mobile/11A465 Safari/9537.53 (compatible; bingbot/2.0; +http://www.bing.com/bingbot.htm)"
207.46.13.25 - - [19/May/2018:20:37:44 +0200] "GET /seiten/referenzen_maler.htm HTTP/1.1" 200 51839 "-" "Mozilla/5.0 (iPhone; CPU iPhone OS 7_0 like Mac OS X) AppleWebKit/537.51.1 (KHTML, like Gecko) Version/7.0 Mobile/11A465 Safari/9537.53 (compatible; bingbot/2.0; +http://www.bing.com/bingbot.htm)"
213.61.218.76 - - [19/May/2018:21:32:50 +0200] "GET /robots.txt HTTP/1.1" 404 1256 "-" "Jobsearch1.5"
213.61.218.76 - - [19/May/2018:21:32:51 +0200] "GET /seiten/ausbildung.htm HTTP/1.1" 200 2131 "-" "Jobsearch1.5"
194.173.174.106 - - [19/May/2018:21:54:41 +0200] "HEAD / HTTP/1.1" 200 - "-" "Mozilla/5.0 (Windows NT 6.3; WOW64) AppleWebKit/537.36 (KHTML, like Gecko) Chrome/43.0.2357.134 Safari/537.36"
174.129.104.21 - - [19/May/2018:21:56:05 +0200] "GET / HTTP/1.1" 200 1775 "-" "Mozilla/4.0 (compatible; MSIE 8.0; Windows NT 5.1; Trident/4.0)"
66.249.64.205 - - [19/May/2018:22:49:06 +0200] "GET /seiten/impressum.htm HTTP/1.1" 200 4643 "-" "Mozilla/5.0 (compatible; Googlebot/2.1; +http://www.google.com/bot.html)"
179.43.145.230 - - [19/May/2018:22:58:38 +0200] "GET / HTTP/1.1" 200 1775 "-" "Java/1.6.0_04"
179.43.145.230 - - [19/May/2018:22:58:38 +0200] "GET /seiten/start.htm HTTP/1.1" 200 9376 "-" "Java/1.6.0_04"
179.43.145.230 - - [19/May/2018:22:58:38 +0200] "GET /scripte/menu_elemente.js HTTP/1.1" 200 18006 "-" "Java/1.6.0_04"
179.43.145.230 - - [19/May/2018:22:58:38 +0200] "GET /scripte/menu_start.js HTTP/1.1" 200 31217 "-" "Java/1.6.0_04"
179.43.145.230 - - [19/May/2018:22:58:39 +0200] "GET /seiten/ausbildung.htm HTTP/1.1" 200 2131 "-" "Java/1.6.0_04"
179.43.145.230 - - [19/May/2018:22:58:39 +0200] "GET /seiten/impressum.htm HTTP/1.1" 200 4643 "-" "Java/1.6.0_04"
179.43.145.230 - - [19/May/2018:22:58:40 +0200] "GET /seiten/kontakt.php HTTP/1.1" 200 6708 "-" "Java/1.6.0_04"
179.43.145.230 - - [19/May/2018:22:58:41 +0200] "GET /seiten/leistungen.htm HTTP/1.1" 200 3710 "-" "Java/1.6.0_04"
179.43.145.230 - - [19/May/2018:22:58:41 +0200] "GET /seiten/links.htm HTTP/1.1" 200 1543 "-" "Java/1.6.0_04"
179.43.145.230 - - [19/May/2018:22:58:41 +0200] "GET /seiten/main.htm HTTP/1.1" 200 2496 "-" "Java/1.6.0_04"
179.43.145.230 - - [19/May/2018:22:58:41 +0200] "GET /seiten/referenzen.htm HTTP/1.1" 200 3626 "-" "Java/1.6.0_04"
179.43.145.230 - - [19/May/2018:22:58:41 +0200] "GET /seiten/ueber_uns.htm HTTP/1.1" 200 2081 "-" "Java/1.6.0_04"
179.43.145.230 - - [19/May/2018:22:58:42 +0200] "GET /scripte/ausbildung2.htm HTTP/1.1" 404 1256 "-" "Java/1.6.0_04"
179.43.145.230 - - [19/May/2018:22:58:42 +0200] "GET /scripte/ausbildung3.htm HTTP/1.1" 404 1256 "-" "Java/1.6.0_04"
179.43.145.230 - - [19/May/2018:22:58:42 +0200] "GET /seiten/ausbildung2.htm HTTP/1.1" 200 4821 "-" "Java/1.6.0_04"
179.43.145.230 - - [19/May/2018:22:58:42 +0200] "GET /seiten/ausbildung3.htm HTTP/1.1" 200 6331 "-" "Java/1.6.0_04"
179.43.145.230 - - [19/May/2018:22:58:42 +0200] "GET /seiten/referenzen_beton.htm HTTP/1.1" 200 8747 "-" "Java/1.6.0_04"
179.43.145.230 - - [19/May/2018:22:58:42 +0200] "GET /seiten/referenzen_maler.htm HTTP/1.1" 200 51839 "-" "Java/1.6.0_04"
179.43.145.230 - - [19/May/2018:22:58:43 +0200] "GET /seiten/referenzen_waerme.htm HTTP/1.1" 200 35661 "-" "Java/1.6.0_04"
179.43.145.230 - - [19/May/2018:22:58:43 +0200] "GET /scripte/'+img1+' HTTP/1.1" 404 1256 "-" "Java/1.6.0_04"
157.55.39.104 - - [19/May/2018:23:18:43 +0200] "GET /seiten/kontakt.php HTTP/1.1" 200 6708 "-" "Mozilla/5.0 (iPhone; CPU iPhone OS 7_0 like Mac OS X) AppleWebKit/537.51.1 (KHTML, like Gecko) Version/7.0 Mobile/11A465 Safari/9537.53 (compatible; bingbot/2.0; +http://www.bing.com/bingbot.htm)"
180.76.15.34 - - [19/May/2018:23:19:56 +0200] "GET /dokumente/ReferenzenWarme.pdf HTTP/1.1" 200 14947 "-" "Mozilla/5.0 (compatible; Baiduspider/2.0; +http://www.baidu.com/search/spider.html)"
157.55.39.104 - - [19/May/2018:23:20:25 +0200] "GET /img/1px.gif HTTP/1.1" 200 43 "-" "Mozilla/5.0 (iPhone; CPU iPhone OS 7_0 like Mac OS X) AppleWebKit/537.51.1 (KHTML, like Gecko) Version/7.0 Mobile/11A465 Safari/9537.53 (compatible; bingbot/2.0; +http://www.bing.com/bingbot.htm)"
207.46.13.25 - - [19/May/2018:23:20:31 +0200] "GET /img/logo.gif HTTP/1.1" 200 4275 "-" "Mozilla/5.0 (iPhone; CPU iPhone OS 7_0 like Mac OS X) AppleWebKit/537.51.1 (KHTML, like Gecko) Version/7.0 Mobile/11A465 Safari/9537.53 (compatible; bingbot/2.0; +http://www.bing.com/bingbot.htm)"
52.27.2.86 - - [19/May/2018:23:48:42 +0200] "GET / HTTP/1.1" 200 1775 "-" "Mozilla/4.0 (compatible; MSIE 8.0; Windows NT 5.1; Trident/4.0)"
123.125.71.115 - - [20/May/2018:03:25:19 +0200] "GET / HTTP/1.1" 200 1775 "-" "Mozilla/5.0 (compatible; Baiduspider/2.0; +http://www.baidu.com/search/spider.html)"
66.249.64.203 - - [20/May/2018:03:28:59 +0200] "GET /robots.txt HTTP/1.1" 404 1256 "-" "Mozilla/5.0 (compatible; Googlebot/2.1; +http://www.google.com/bot.html)"
46.229.168.77 - - [20/May/2018:03:36:19 +0200] "GET /robots.txt HTTP/1.1" 404 1256 "-" "Mozilla/5.0 (compatible; SemrushBot/2~bl; +http://www.semrush.com/bot.html)"
46.229.168.80 - - [20/May/2018:03:36:24 +0200] "GET /seiten/ausbildung3.htm HTTP/1.1" 200 6331 "-" "Mozilla/5.0 (compatible; SemrushBot/2~bl; +http://www.semrush.com/bot.html)"
46.229.168.80 - - [20/May/2018:03:36:40 +0200] "GET /seiten/referenzen_beton.htm HTTP/1.1" 200 8747 "-" "Mozilla/5.0 (compatible; SemrushBot/2~bl; +http://www.semrush.com/bot.html)"
46.229.168.80 - - [20/May/2018:03:39:16 +0200] "GET /seiten/ausbildung.htm HTTP/1.1" 200 2131 "-" "Mozilla/5.0 (compatible; SemrushBot/2~bl; +http://www.semrush.com/bot.html)"
66.249.64.205 - - [20/May/2018:03:53:42 +0200] "GET /favicon.ico HTTP/1.1" 404 1256 "-" "Googlebot-Image/1.0"
66.249.64.207 - - [20/May/2018:03:55:23 +0200] "GET /seiten/impressum.htm HTTP/1.1" 200 4643 "-" "Mozilla/5.0 (Linux; Android 6.0.1; Nexus 5X Build/MMB29P) AppleWebKit/537.36 (KHTML, like Gecko) Chrome/41.0.2272.96 Mobile Safari/537.36 (compatible; Googlebot/2.1; +http://www.google.com/bot.html)"
35.233.95.104 - - [20/May/2018:04:01:47 +0200] "GET /ads.txt HTTP/1.1" 404 1256 "-" "Mozilla/5.0 (Macintosh; Intel Mac OS X 10.13; rv:58.0) Gecko/20100101 Firefox/58.0"
40.77.167.131 - - [20/May/2018:04:06:51 +0200] "GET / HTTP/1.1" 200 1775 "-" "Mozilla/5.0 (compatible; bingbot/2.0; +http://www.bing.com/bingbot.htm)"
180.76.15.141 - - [20/May/2018:04:15:40 +0200] "GET / HTTP/1.1" 200 1775 "-" "Mozilla/5.0 (compatible; Baiduspider/2.0; +http://www.baidu.com/search/spider.html)"
66.249.64.205 - - [20/May/2018:04:36:32 +0200] "GET /seiten/links.htm HTTP/1.1" 200 1543 "-" "Mozilla/5.0 (Linux; Android 6.0.1; Nexus 5X Build/MMB29P) AppleWebKit/537.36 (KHTML, like Gecko) Chrome/41.0.2272.96 Mobile Safari/537.36 (compatible; Googlebot/2.1; +http://www.google.com/bot.html)"
66.249.64.205 - - [20/May/2018:04:36:35 +0200] "GET /css/style.css HTTP/1.1" 200 8567 "http://www.frb-berlin.de/seiten/links.htm" "Mozilla/5.0 (compatible; Googlebot/2.1; +http://www.google.com/bot.html)"
66.249.64.207 - - [20/May/2018:04:57:06 +0200] "GET /seiten/ausbildung2.htm HTTP/1.1" 200 4821 "-" "Mozilla/5.0 (Linux; Android 6.0.1; Nexus 5X Build/MMB29P) AppleWebKit/537.36 (KHTML, like Gecko) Chrome/41.0.2272.96 Mobile Safari/537.36 (compatible; Googlebot/2.1; +http://www.google.com/bot.html)"
66.249.64.207 - - [20/May/2018:05:01:00 +0200] "GET /seiten/ueber_uns.htm HTTP/1.1" 200 2081 "-" "Mozilla/5.0 (Linux; Android 6.0.1; Nexus 5X Build/MMB29P) AppleWebKit/537.36 (KHTML, like Gecko) Chrome/41.0.2272.96 Mobile Safari/537.36 (compatible; Googlebot/2.1; +http://www.google.com/bot.html)"
66.249.64.203 - - [20/May/2018:06:03:51 +0200] "GET /seiten/referenzen_maler.htm HTTP/1.1" 200 51839 "-" "Mozilla/5.0 (Linux; Android 6.0.1; Nexus 5X Build/MMB29P) AppleWebKit/537.36 (KHTML, like Gecko) Chrome/41.0.2272.96 Mobile Safari/537.36 (compatible; Googlebot/2.1; +http://www.google.com/bot.html)"
66.249.64.207 - - [20/May/2018:06:50:56 +0200] "GET /seiten/kontakt.php HTTP/1.1" 200 6708 "-" "Mozilla/5.0 (Linux; Android 6.0.1; Nexus 5X Build/MMB29P) AppleWebKit/537.36 (KHTML, like Gecko) Chrome/41.0.2272.96 Mobile Safari/537.36 (compatible; Googlebot/2.1; +http://www.google.com/bot.html)"
13.56.232.243 - - [20/May/2018:08:47:23 +0200] "GET / HTTP/1.1" 200 1775 "-" "Mozilla/5.0 (Macintosh; Intel Mac OS X 10_12_6) AppleWebKit/537.36 (KHTML, like Gecko) Chrome/61.0.3163.100 Safari/537.36"
42.51.196.35 - - [20/May/2018:08:54:16 +0200] "GET / HTTP/1.1" 200 1775 "-" "Mozilla/5.0 (Windows NT 6.1; WOW64; rv:31.0) Gecko/20100101 Firefox/31.0"
66.249.64.205 - - [20/May/2018:09:34:19 +0200] "GET / HTTP/1.1" 200 1775 "-" "Mozilla/5.0 (Linux; Android 6.0.1; Nexus 5X Build/MMB29P) AppleWebKit/537.36 (KHTML, like Gecko) Chrome/41.0.2272.96 Mobile Safari/537.36 (compatible; Googlebot/2.1; +http://www.google.com/bot.html)"
213.61.218.76 - - [20/May/2018:09:58:18 +0200] "GET /robots.txt HTTP/1.1" 404 1256 "-" "Jobsearch1.5"
213.61.218.76 - - [20/May/2018:09:58:18 +0200] "GET /seiten/ausbildung.htm HTTP/1.1" 200 2131 "-" "Jobsearch1.5"
66.249.64.207 - - [20/May/2018:10:24:09 +0200] "GET / HTTP/1.1" 200 1775 "-" "Mozilla/5.0 (compatible; Googlebot/2.1; +http://www.google.com/bot.html)"
66.249.64.207 - - [20/May/2018:11:16:46 +0200] "GET / HTTP/1.1" 200 1775 "-" "Mozilla/5.0 (Linux; Android 6.0.1; Nexus 5X Build/MMB29P) AppleWebKit/537.36 (KHTML, like Gecko) Chrome/41.0.2272.96 Mobile Safari/537.36 (compatible; Googlebot/2.1; +http://www.google.com/bot.html)"
157.55.39.35 - - [20/May/2018:12:39:06 +0200] "GET /seiten/start.htm HTTP/1.1" 200 9376 "-" "Mozilla/5.0 (iPhone; CPU iPhone OS 7_0 like Mac OS X) AppleWebKit/537.51.1 (KHTML, like Gecko) Version/7.0 Mobile/11A465 Safari/9537.53 (compatible; bingbot/2.0; +http://www.bing.com/bingbot.htm)"
207.46.13.158 - - [20/May/2018:12:39:33 +0200] "GET /img/over_logo.jpg HTTP/1.1" 200 5315 "-" "Mozilla/5.0 (iPhone; CPU iPhone OS 7_0 like Mac OS X) AppleWebKit/537.51.1 (KHTML, like Gecko) Version/7.0 Mobile/11A465 Safari/9537.53 (compatible; bingbot/2.0; +http://www.bing.com/bingbot.htm)"
207.46.13.158 - - [20/May/2018:12:39:33 +0200] "GET /scripte/menu_start.js HTTP/1.1" 200 31217 "-" "Mozilla/5.0 (iPhone; CPU iPhone OS 7_0 like Mac OS X) AppleWebKit/537.51.1 (KHTML, like Gecko) Version/7.0 Mobile/11A465 Safari/9537.53 (compatible; bingbot/2.0; +http://www.bing.com/bingbot.htm)"
207.46.13.158 - - [20/May/2018:12:39:34 +0200] "GET /seiten/main.htm HTTP/1.1" 200 2496 "-" "Mozilla/5.0 (iPhone; CPU iPhone OS 7_0 like Mac OS X) AppleWebKit/537.51.1 (KHTML, like Gecko) Version/7.0 Mobile/11A465 Safari/9537.53 (compatible; bingbot/2.0; +http://www.bing.com/bingbot.htm)"
157.55.39.35 - - [20/May/2018:12:39:41 +0200] "GET /img/bg_rechts.jpg HTTP/1.1" 200 346 "-" "Mozilla/5.0 (iPhone; CPU iPhone OS 7_0 like Mac OS X) AppleWebKit/537.51.1 (KHTML, like Gecko) Version/7.0 Mobile/11A465 Safari/9537.53 (compatible; bingbot/2.0; +http://www.bing.com/bingbot.htm)"
157.55.39.35 - - [20/May/2018:12:39:41 +0200] "GET /img/head.jpg HTTP/1.1" 200 5932 "-" "Mozilla/5.0 (iPhone; CPU iPhone OS 7_0 like Mac OS X) AppleWebKit/537.51.1 (KHTML, like Gecko) Version/7.0 Mobile/11A465 Safari/9537.53 (compatible; bingbot/2.0; +http://www.bing.com/bingbot.htm)"
157.55.39.113 - - [20/May/2018:12:39:56 +0200] "GET /img/favorit_a.gif HTTP/1.1" 200 175 "-" "Mozilla/5.0 (iPhone; CPU iPhone OS 7_0 like Mac OS X) AppleWebKit/537.51.1 (KHTML, like Gecko) Version/7.0 Mobile/11A465 Safari/9537.53 (compatible; bingbot/2.0; +http://www.bing.com/bingbot.htm)"
157.55.39.113 - - [20/May/2018:12:39:57 +0200] "GET /img/lay01.jpg HTTP/1.1" 200 9336 "-" "Mozilla/5.0 (iPhone; CPU iPhone OS 7_0 like Mac OS X) AppleWebKit/537.51.1 (KHTML, like Gecko) Version/7.0 Mobile/11A465 Safari/9537.53 (compatible; bingbot/2.0; +http://www.bing.com/bingbot.htm)"
157.55.39.214 - - [20/May/2018:12:40:46 +0200] "GET /img/bg_links.jpg HTTP/1.1" 200 8379 "-" "Mozilla/5.0 (iPhone; CPU iPhone OS 7_0 like Mac OS X) AppleWebKit/537.51.1 (KHTML, like Gecko) Version/7.0 Mobile/11A465 Safari/9537.53 (compatible; bingbot/2.0; +http://www.bing.com/bingbot.htm)"
157.55.39.214 - - [20/May/2018:12:40:46 +0200] "GET /img/lay06.jpg HTTP/1.1" 200 11774 "-" "Mozilla/5.0 (iPhone; CPU iPhone OS 7_0 like Mac OS X) AppleWebKit/537.51.1 (KHTML, like Gecko) Version/7.0 Mobile/11A465 Safari/9537.53 (compatible; bingbot/2.0; +http://www.bing.com/bingbot.htm)"
157.55.39.214 - - [20/May/2018:12:40:47 +0200] "GET /img/lay11.jpg HTTP/1.1" 200 12218 "-" "Mozilla/5.0 (iPhone; CPU iPhone OS 7_0 like Mac OS X) AppleWebKit/537.51.1 (KHTML, like Gecko) Version/7.0 Mobile/11A465 Safari/9537.53 (compatible; bingbot/2.0; +http://www.bing.com/bingbot.htm)"
157.55.39.214 - - [20/May/2018:12:40:47 +0200] "GET /scripte/menu_elemente.js HTTP/1.1" 200 18006 "-" "Mozilla/5.0 (iPhone; CPU iPhone OS 7_0 like Mac OS X) AppleWebKit/537.51.1 (KHTML, like Gecko) Version/7.0 Mobile/11A465 Safari/9537.53 (compatible; bingbot/2.0; +http://www.bing.com/bingbot.htm)"
66.249.64.203 - - [20/May/2018:13:15:51 +0200] "GET / HTTP/1.1" 200 1775 "-" "Mozilla/5.0 (compatible; Googlebot/2.1; +http://www.google.com/bot.html)"
66.249.64.203 - - [20/May/2018:13:32:28 +0200] "GET / HTTP/1.1" 200 1775 "-" "Mozilla/5.0 (Linux; Android 6.0.1; Nexus 5X Build/MMB29P) AppleWebKit/537.36 (KHTML, like Gecko) Chrome/41.0.2272.96 Mobile Safari/537.36 (compatible; Googlebot/2.1; +http://www.google.com/bot.html)"
40.77.179.125 - - [20/May/2018:13:40:20 +0200] "GET /img/1px.gif HTTP/1.1" 200 43 "-" "Mozilla/5.0 (iPhone; CPU iPhone OS 7_0 like Mac OS X) AppleWebKit/537.51.1 (KHTML, like Gecko) Version/7.0 Mobile/11A465 Safari/9537.53 BingPreview/1.0b"
40.77.179.125 - - [20/May/2018:13:40:20 +0200] "GET /img/farben.jpg HTTP/1.1" 200 14519 "-" "Mozilla/5.0 (iPhone; CPU iPhone OS 7_0 like Mac OS X) AppleWebKit/537.51.1 (KHTML, like Gecko) Version/7.0 Mobile/11A465 Safari/9537.53 BingPreview/1.0b"
66.249.64.207 - - [20/May/2018:13:52:21 +0200] "GET /favicon.ico HTTP/1.1" 404 1256 "-" "Googlebot-Image/1.0"
62.226.37.215 - - [20/May/2018:14:59:27 +0200] "GET / HTTP/1.1" 200 1775 "https://www.google.de/" "Mozilla/5.0 (Windows NT 6.1; Win64; x64) AppleWebKit/537.36 (KHTML, like Gecko) Chrome/66.0.3359.181 Safari/537.36"
62.226.37.215 - - [20/May/2018:14:59:27 +0200] "GET /css/style.css HTTP/1.1" 200 8567 "http://www.frb-berlin.de/" "Mozilla/5.0 (Windows NT 6.1; Win64; x64) AppleWebKit/537.36 (KHTML, like Gecko) Chrome/66.0.3359.181 Safari/537.36"
62.226.37.215 - - [20/May/2018:14:59:28 +0200] "GET /img/logo.gif HTTP/1.1" 200 4275 "http://www.frb-berlin.de/" "Mozilla/5.0 (Windows NT 6.1; Win64; x64) AppleWebKit/537.36 (KHTML, like Gecko) Chrome/66.0.3359.181 Safari/537.36"
66.249.64.207 - - [20/May/2018:15:17:42 +0200] "GET / HTTP/1.1" 200 1775 "-" "Mozilla/5.0 (Linux; Android 6.0.1; Nexus 5X Build/MMB29P) AppleWebKit/537.36 (KHTML, like Gecko) Chrome/41.0.2272.96 Mobile Safari/537.36 (compatible; Googlebot/2.1; +http://www.google.com/bot.html)"
188.165.200.217 - - [20/May/2018:15:26:03 +0200] "HEAD / HTTP/1.1" 200 - "-" "Mozilla/4.0 (compatible; MSIE 5.01; Windows NT 5.0)"
66.249.64.203 - - [20/May/2018:15:48:09 +0200] "GET /robots.txt HTTP/1.1" 404 1256 "-" "Mozilla/5.0 (compatible; Googlebot/2.1; +http://www.google.com/bot.html)"
66.249.64.207 - - [20/May/2018:15:48:10 +0200] "GET / HTTP/1.1" 200 1775 "-" "Mozilla/5.0 (compatible; Googlebot/2.1; +http://www.google.com/bot.html)"
66.249.64.207 - - [20/May/2018:16:16:18 +0200] "GET / HTTP/1.1" 200 1775 "-" "Mozilla/5.0 (compatible; Googlebot/2.1; +http://www.google.com/bot.html)"
66.249.64.205 - - [20/May/2018:16:16:53 +0200] "GET /seiten/start.htm HTTP/1.1" 200 9376 "-" "Mozilla/5.0 (Linux; Android 6.0.1; Nexus 5X Build/MMB29P) AppleWebKit/537.36 (KHTML, like Gecko) Chrome/41.0.2272.96 Mobile Safari/537.36 (compatible; Googlebot/2.1; +http://www.google.com/bot.html)"
66.249.64.207 - - [20/May/2018:16:46:19 +0200] "GET / HTTP/1.1" 200 1775 "-" "Mozilla/5.0 (Linux; Android 6.0.1; Nexus 5X Build/MMB29P) AppleWebKit/537.36 (KHTML, like Gecko) Chrome/41.0.2272.96 Mobile Safari/537.36 (compatible; Googlebot/2.1; +http://www.google.com/bot.html)"
66.249.64.205 - - [20/May/2018:18:03:51 +0200] "GET / HTTP/1.1" 200 1775 "-" "Mozilla/5.0 (Linux; Android 6.0.1; Nexus 5X Build/MMB29P) AppleWebKit/537.36 (KHTML, like Gecko) Chrome/41.0.2272.96 Mobile Safari/537.36 (compatible; Googlebot/2.1; +http://www.google.com/bot.html)"
179.43.158.5 - - [20/May/2018:18:47:04 +0200] "GET / HTTP/1.1" 200 1775 "-" "Java/1.6.0_04"
179.43.158.5 - - [20/May/2018:18:47:04 +0200] "GET /seiten/start.htm HTTP/1.1" 200 9376 "-" "Java/1.6.0_04"
179.43.158.5 - - [20/May/2018:18:47:04 +0200] "GET /scripte/menu_elemente.js HTTP/1.1" 200 18006 "-" "Java/1.6.0_04"
179.43.158.5 - - [20/May/2018:18:47:04 +0200] "GET /scripte/menu_start.js HTTP/1.1" 200 31217 "-" "Java/1.6.0_04"
179.43.158.5 - - [20/May/2018:18:47:05 +0200] "GET /seiten/ausbildung.htm HTTP/1.1" 200 2131 "-" "Java/1.6.0_04"
179.43.158.5 - - [20/May/2018:18:47:05 +0200] "GET /seiten/impressum.htm HTTP/1.1" 200 4643 "-" "Java/1.6.0_04"
179.43.158.5 - - [20/May/2018:18:47:05 +0200] "GET /seiten/kontakt.php HTTP/1.1" 200 6708 "-" "Java/1.6.0_04"
179.43.158.5 - - [20/May/2018:18:47:06 +0200] "GET /seiten/leistungen.htm HTTP/1.1" 200 3710 "-" "Java/1.6.0_04"
179.43.158.5 - - [20/May/2018:18:47:06 +0200] "GET /seiten/links.htm HTTP/1.1" 200 1543 "-" "Java/1.6.0_04"
179.43.158.5 - - [20/May/2018:18:47:06 +0200] "GET /seiten/main.htm HTTP/1.1" 200 2496 "-" "Java/1.6.0_04"
179.43.158.5 - - [20/May/2018:18:47:06 +0200] "GET /seiten/referenzen.htm HTTP/1.1" 200 3626 "-" "Java/1.6.0_04"
179.43.158.5 - - [20/May/2018:18:47:06 +0200] "GET /seiten/ueber_uns.htm HTTP/1.1" 200 2081 "-" "Java/1.6.0_04"
179.43.158.5 - - [20/May/2018:18:47:06 +0200] "GET /scripte/ausbildung2.htm HTTP/1.1" 404 1256 "-" "Java/1.6.0_04"
179.43.158.5 - - [20/May/2018:18:47:06 +0200] "GET /scripte/ausbildung3.htm HTTP/1.1" 404 1256 "-" "Java/1.6.0_04"
179.43.158.5 - - [20/May/2018:18:47:07 +0200] "GET /seiten/ausbildung2.htm HTTP/1.1" 200 4821 "-" "Java/1.6.0_04"
179.43.158.5 - - [20/May/2018:18:47:07 +0200] "GET /seiten/ausbildung3.htm HTTP/1.1" 200 6331 "-" "Java/1.6.0_04"
179.43.158.5 - - [20/May/2018:18:47:07 +0200] "GET /seiten/referenzen_beton.htm HTTP/1.1" 200 8747 "-" "Java/1.6.0_04"
179.43.158.5 - - [20/May/2018:18:47:07 +0200] "GET /seiten/referenzen_maler.htm HTTP/1.1" 200 51839 "-" "Java/1.6.0_04"
179.43.158.5 - - [20/May/2018:18:47:07 +0200] "GET /seiten/referenzen_waerme.htm HTTP/1.1" 200 35661 "-" "Java/1.6.0_04"
179.43.158.5 - - [20/May/2018:18:47:08 +0200] "GET /scripte/'+img1+' HTTP/1.1" 404 1256 "-" "Java/1.6.0_04"
198.100.146.18 - - [20/May/2018:19:14:26 +0200] "GET /misc/drupal.js HTTP/1.1" 404 1256 "-" "curl/7.29.0"
66.249.64.205 - - [20/May/2018:20:19:33 +0200] "GET / HTTP/1.1" 200 1775 "-" "Mozilla/5.0 (Linux; Android 6.0.1; Nexus 5X Build/MMB29P) AppleWebKit/537.36 (KHTML, like Gecko) Chrome/41.0.2272.96 Mobile Safari/537.36 (compatible; Googlebot/2.1; +http://www.google.com/bot.html)"
40.77.167.134 - - [20/May/2018:20:50:17 +0200] "GET /seiten/links.htm HTTP/1.1" 304 - "-" "Mozilla/5.0 (compatible; bingbot/2.0; +http://www.bing.com/bingbot.htm)"
66.249.64.203 - - [20/May/2018:22:57:29 +0200] "GET / HTTP/1.1" 200 1775 "-" "Mozilla/5.0 (Linux; Android 6.0.1; Nexus 5X Build/MMB29P) AppleWebKit/537.36 (KHTML, like Gecko) Chrome/41.0.2272.96 Mobile Safari/537.36 (compatible; Googlebot/2.1; +http://www.google.com/bot.html)"
213.61.218.99 - - [20/May/2018:23:18:40 +0200] "GET /robots.txt HTTP/1.1" 404 1256 "-" "Jobsearch1.5"
213.61.218.99 - - [20/May/2018:23:18:40 +0200] "GET /seiten/ausbildung.htm HTTP/1.1" 200 2131 "-" "Jobsearch1.5"
217.69.143.64 - - [20/May/2018:23:30:35 +0200] "GET /robots.txt HTTP/1.0" 404 1256 "-" "Mozilla/5.0 (compatible; Linux x86_64; Mail.RU_Bot/Robots/2.0; +http://go.mail.ru/help/robots)"
217.69.143.65 - - [20/May/2018:23:30:36 +0200] "GET / HTTP/1.1" 200 1775 "-" "Mozilla/5.0 (compatible; Linux x86_64; Mail.RU_Bot/Robots/2.0; +http://go.mail.ru/help/robots)"
66.249.64.203 - - [21/May/2018:00:31:32 +0200] "GET / HTTP/1.1" 200 1775 "-" "Mozilla/5.0 (Linux; Android 6.0.1; Nexus 5X Build/MMB29P) AppleWebKit/537.36 (KHTML, like Gecko) Chrome/41.0.2272.96 Mobile Safari/537.36 (compatible; Googlebot/2.1; +http://www.google.com/bot.html)"
66.249.64.205 - - [21/May/2018:02:35:37 +0200] "GET / HTTP/1.1" 200 1775 "-" "Mozilla/5.0 (Linux; Android 6.0.1; Nexus 5X Build/MMB29P) AppleWebKit/537.36 (KHTML, like Gecko) Chrome/41.0.2272.96 Mobile Safari/537.36 (compatible; Googlebot/2.1; +http://www.google.com/bot.html)"
