178.63.49.74 - - [14/Feb/2015:11:35:47 +0100] "GET /seiten/links.htm HTTP/1.1" 200 1543 "http://www.frb-berlin.de/dokumente/ReferenzenWarme.pdf" "Opera/9.00 (Windows NT 5.1; U; de)"
178.63.49.74 - - [14/Feb/2015:11:35:47 +0100] "GET /seiten/ausbildung.htm HTTP/1.1" 200 2131 "http://www.frb-berlin.de/seiten/links.htm" "Opera/9.00 (Windows NT 5.1; U; de)"
178.63.49.74 - - [14/Feb/2015:11:35:47 +0100] "GET /seiten/ausbildung3.htm HTTP/1.1" 200 6331 "http://www.frb-berlin.de/seiten/ausbildung.htm" "Opera/9.00 (Windows NT 5.1; U; de)"
178.63.49.74 - - [14/Feb/2015:11:35:47 +0100] "GET /seiten/ausbildung2.htm HTTP/1.1" 200 4821 "http://www.frb-berlin.de/seiten/ausbildung3.htm" "Opera/9.00 (Windows NT 5.1; U; de)"
178.63.49.74 - - [14/Feb/2015:11:35:47 +0100] "GET /seiten/leistungen.htm HTTP/1.1" 200 3710 "http://www.frb-berlin.de/seiten/ausbildung2.htm" "Opera/9.00 (Windows NT 5.1; U; de)"
54.154.169.34 - - [14/Feb/2015:11:36:25 +0100] "GET / HTTP/1.1" 200 1775 "-" "Mozilla/4.0 (compatible; MSIE 8.0; Windows NT 5.1; Trident/4.0; .NET CLR 2.0.50727; MEGAUPLOAD 1.0)"
146.0.32.165 - - [14/Feb/2015:11:59:49 +0100] "GET /robots.txt HTTP/1.1" 404 1256 "-" "Mozilla/5.0 (compatible; publiclibraryarchive.org/1.0; +crawl@publiclibraryarchive.org)"
146.0.32.165 - - [14/Feb/2015:11:59:49 +0100] "GET /seiten/start.htm HTTP/1.1" 200 9376 "-" "Mozilla/5.0 (compatible; publiclibraryarchive.org/1.0; +crawl@publiclibraryarchive.org)"
66.249.78.93 - - [14/Feb/2015:17:04:52 +0100] "GET /robots.txt HTTP/1.1" 404 1256 "-" "Mozilla/5.0 (compatible; Googlebot/2.1; +http://www.google.com/bot.html)"
66.249.78.93 - - [14/Feb/2015:17:04:52 +0100] "GET / HTTP/1.1" 200 1775 "-" "Mozilla/5.0 (compatible; Googlebot/2.1; +http://www.google.com/bot.html)"
46.229.164.114 - - [14/Feb/2015:17:11:22 +0100] "GET /robots.txt HTTP/1.1" 404 1256 "-" "Mozilla/5.0 (compatible; SemrushBot/0.98~bl; +http://www.semrush.com/bot.html)"
180.76.5.63 - - [14/Feb/2015:17:12:57 +0100] "GET / HTTP/1.1" 200 1775 "-" "Mozilla/5.0 (compatible; Baiduspider/2.0; +http://www.baidu.com/search/spider.html)"
66.249.78.93 - - [14/Feb/2015:19:23:47 +0100] "GET /seiten/start.htm HTTP/1.1" 304 - "-" "Mozilla/5.0 (iPhone; CPU iPhone OS 6_0 like Mac OS X) AppleWebKit/536.26 (KHTML, like Gecko) Version/6.0 Mobile/10A5376e Safari/8536.25 (compatible; Googlebot/2.1; +http://www.google.com/bot.html)"
66.249.78.100 - - [14/Feb/2015:21:06:14 +0100] "GET / HTTP/1.1" 200 1775 "-" "Mozilla/5.0 (iPhone; CPU iPhone OS 6_0 like Mac OS X) AppleWebKit/536.26 (KHTML, like Gecko) Version/6.0 Mobile/10A5376e Safari/8536.25 (compatible; Googlebot/2.1; +http://www.google.com/bot.html)"
84.62.218.49 - - [14/Feb/2015:23:58:59 +0100] "GET / HTTP/1.1" 200 1775 "-" "Mozilla/4.0 (compatible; MSIE 7.0; Windows NT 6.0; WOW64; SLCC1; .NET CLR 2.0.50727; .NET CLR 1.1.4322)"
93.220.213.15 - - [14/Feb/2015:23:59:57 +0100] "GET /seiten/start.htm HTTP/1.1" 200 9376 "-" "Mozilla/4.0 (compatible; MSIE 7.0; Windows NT 6.0; WOW64; SLCC1; .NET CLR 2.0.50727; .NET CLR 1.1.4322)"
93.220.213.15 - - [14/Feb/2015:23:59:57 +0100] "GET /seiten/main.htm HTTP/1.1" 200 2319 "-" "Mozilla/4.0 (compatible; MSIE 7.0; Windows NT 6.0; WOW64; SLCC1; .NET CLR 2.0.50727; .NET CLR 3.0.04320)"
37.24.36.126 - - [15/Feb/2015:00:40:21 +0100] "GET /robots.txt HTTP/1.0" 404 1256 "-" "-"
37.24.36.126 - - [15/Feb/2015:00:40:21 +0100] "GET /seiten/ausbildung.htm HTTP/1.1" 200 2131 "-" "JobRoboter/1.1"
66.249.78.93 - - [15/Feb/2015:01:49:46 +0100] "GET /seiten/referenzen_maler.htm HTTP/1.1" 304 - "-" "Mozilla/5.0 (iPhone; CPU iPhone OS 6_0 like Mac OS X) AppleWebKit/536.26 (KHTML, like Gecko) Version/6.0 Mobile/10A5376e Safari/8536.25 (compatible; Googlebot/2.1; +http://www.google.com/bot.html)"
66.249.78.93 - - [15/Feb/2015:03:56:14 +0100] "GET / HTTP/1.1" 200 1775 "-" "Mozilla/5.0 (compatible; Googlebot/2.1; +http://www.google.com/bot.html)"
141.8.147.12 - - [15/Feb/2015:06:25:26 +0100] "GET /robots.txt HTTP/1.1" 404 1256 "-" "Mozilla/5.0 (compatible; YandexBot/3.0; +http://yandex.com/bots)"
141.8.147.12 - - [15/Feb/2015:07:25:35 +0100] "GET /seiten/start.htm HTTP/1.1" 200 9376 "-" "Mozilla/5.0 (compatible; YandexBot/3.0; +http://yandex.com/bots)"
66.249.78.93 - - [15/Feb/2015:09:44:22 +0100] "GET /robots.txt HTTP/1.1" 404 1256 "-" "Mozilla/5.0 (compatible; Googlebot/2.1; +http://www.google.com/bot.html)"
66.249.78.93 - - [15/Feb/2015:09:44:22 +0100] "GET /seiten/start.htm HTTP/1.1" 304 - "-" "Mozilla/5.0 (iPhone; CPU iPhone OS 6_0 like Mac OS X) AppleWebKit/536.26 (KHTML, like Gecko) Version/6.0 Mobile/10A5376e Safari/8536.25 (compatible; Googlebot/2.1; +http://www.google.com/bot.html)"
157.55.39.80 - - [15/Feb/2015:10:47:49 +0100] "GET /dokumente/ReferenzenMaler.pdf HTTP/1.1" 200 15515 "-" "Mozilla/5.0 (compatible; bingbot/2.0; +http://www.bing.com/bingbot.htm)"
66.249.64.30 - - [15/Feb/2015:12:29:51 +0100] "GET / HTTP/1.1" 200 1775 "-" "Mozilla/5.0 (compatible; Googlebot/2.1; +http://www.google.com/bot.html)"
92.198.65.145 - - [15/Feb/2015:14:59:28 +0100] "GET / HTTP/1.1" 200 1775 "-" "Mozilla/5.0 (Macintosh; Intel Mac OS X 10.8; rv:24.0) Gecko/20100101 Firefox/24.0"
66.249.78.100 - - [15/Feb/2015:19:45:47 +0100] "GET / HTTP/1.1" 200 1775 "-" "Mozilla/5.0 (compatible; Googlebot/2.1; +http://www.google.com/bot.html)"
66.249.78.100 - - [15/Feb/2015:21:10:34 +0100] "GET / HTTP/1.1" 200 1775 "-" "Mozilla/5.0 (iPhone; CPU iPhone OS 6_0 like Mac OS X) AppleWebKit/536.26 (KHTML, like Gecko) Version/6.0 Mobile/10A5376e Safari/8536.25 (compatible; Googlebot/2.1; +http://www.google.com/bot.html)"
37.24.36.126 - - [15/Feb/2015:22:42:20 +0100] "GET /robots.txt HTTP/1.0" 404 1256 "-" "-"
37.24.36.126 - - [15/Feb/2015:22:42:21 +0100] "GET /seiten/ausbildung.htm HTTP/1.1" 200 2131 "-" "JobRoboter/1.1"
146.0.32.165 - - [16/Feb/2015:00:35:39 +0100] "GET /robots.txt HTTP/1.1" 404 1256 "-" "Mozilla/5.0 (compatible; publiclibraryarchive.org/1.0; +crawl@publiclibraryarchive.org)"
146.0.32.165 - - [16/Feb/2015:00:35:39 +0100] "GET /seiten/leistungen.htm HTTP/1.1" 200 3710 "-" "Mozilla/5.0 (compatible; publiclibraryarchive.org/1.0; +crawl@publiclibraryarchive.org)"
146.0.32.165 - - [16/Feb/2015:01:16:24 +0100] "GET /robots.txt HTTP/1.1" 404 1256 "-" "Mozilla/5.0 (compatible; publiclibraryarchive.org/1.0; +crawl@publiclibraryarchive.org)"
146.0.32.165 - - [16/Feb/2015:01:16:24 +0100] "GET /img/lay13.jpg HTTP/1.1" 200 428 "-" "Mozilla/5.0 (compatible; publiclibraryarchive.org/1.0; +crawl@publiclibraryarchive.org)"
66.249.78.100 - - [16/Feb/2015:01:25:31 +0100] "GET /robots.txt HTTP/1.1" 404 1256 "-" "Mozilla/5.0 (compatible; Googlebot/2.1; +http://www.google.com/bot.html)"
66.249.78.86 - - [16/Feb/2015:01:25:31 +0100] "GET / HTTP/1.1" 200 1775 "-" "Mozilla/5.0 (compatible; Googlebot/2.1; +http://www.google.com/bot.html)"
146.0.32.165 - - [16/Feb/2015:01:36:03 +0100] "GET /robots.txt HTTP/1.1" 404 1256 "-" "Mozilla/5.0 (compatible; publiclibraryarchive.org/1.0; +crawl@publiclibraryarchive.org)"
146.0.32.165 - - [16/Feb/2015:01:36:03 +0100] "GET /img/lay06.jpg HTTP/1.1" 200 11774 "-" "Mozilla/5.0 (compatible; publiclibraryarchive.org/1.0; +crawl@publiclibraryarchive.org)"
146.0.32.165 - - [16/Feb/2015:02:19:55 +0100] "GET /robots.txt HTTP/1.1" 404 1256 "-" "Mozilla/5.0 (compatible; publiclibraryarchive.org/1.0; +crawl@publiclibraryarchive.org)"
146.0.32.165 - - [16/Feb/2015:02:19:55 +0100] "GET /img/lay07.jpg HTTP/1.1" 200 9742 "-" "Mozilla/5.0 (compatible; publiclibraryarchive.org/1.0; +crawl@publiclibraryarchive.org)"
146.0.32.165 - - [16/Feb/2015:02:38:26 +0100] "GET /robots.txt HTTP/1.1" 404 1256 "-" "Mozilla/5.0 (compatible; publiclibraryarchive.org/1.0; +crawl@publiclibraryarchive.org)"
146.0.32.165 - - [16/Feb/2015:02:38:26 +0100] "GET /img/1px.gif HTTP/1.1" 200 43 "-" "Mozilla/5.0 (compatible; publiclibraryarchive.org/1.0; +crawl@publiclibraryarchive.org)"
146.0.32.165 - - [16/Feb/2015:03:10:45 +0100] "GET /robots.txt HTTP/1.1" 404 1256 "-" "Mozilla/5.0 (compatible; publiclibraryarchive.org/1.0; +crawl@publiclibraryarchive.org)"
146.0.32.165 - - [16/Feb/2015:03:10:45 +0100] "GET /img/bogen_o1.jpg HTTP/1.1" 200 8356 "-" "Mozilla/5.0 (compatible; publiclibraryarchive.org/1.0; +crawl@publiclibraryarchive.org)"
203.133.168.223 - - [16/Feb/2015:03:37:23 +0100] "GET /robots.txt HTTP/1.1" 404 1256 "-" "Mozilla/5.0 (compatible; MSIE or Firefox mutant; not on Windows server;) Daumoa/4.0"
203.133.168.223 - - [16/Feb/2015:03:37:23 +0100] "GET / HTTP/1.1" 200 1775 "-" "Mozilla/5.0 (compatible; MSIE or Firefox mutant; not on Windows server;) Daumoa/4.0"
188.165.15.37 - - [16/Feb/2015:03:37:59 +0100] "GET /robots.txt HTTP/1.1" 404 1256 "-" "Mozilla/5.0 (compatible; AhrefsBot/5.0; +http://ahrefs.com/robot/)"
146.0.32.165 - - [16/Feb/2015:03:43:31 +0100] "GET /robots.txt HTTP/1.1" 404 1256 "-" "Mozilla/5.0 (compatible; publiclibraryarchive.org/1.0; +crawl@publiclibraryarchive.org)"
146.0.32.165 - - [16/Feb/2015:03:43:31 +0100] "GET /img/over_logo.jpg HTTP/1.1" 200 5315 "-" "Mozilla/5.0 (compatible; publiclibraryarchive.org/1.0; +crawl@publiclibraryarchive.org)"
146.0.32.165 - - [16/Feb/2015:04:22:42 +0100] "GET /robots.txt HTTP/1.1" 404 1256 "-" "Mozilla/5.0 (compatible; publiclibraryarchive.org/1.0; +crawl@publiclibraryarchive.org)"
146.0.32.165 - - [16/Feb/2015:04:22:42 +0100] "GET /img/lay12.jpg HTTP/1.1" 200 394 "-" "Mozilla/5.0 (compatible; publiclibraryarchive.org/1.0; +crawl@publiclibraryarchive.org)"
146.0.32.165 - - [16/Feb/2015:04:50:04 +0100] "GET /robots.txt HTTP/1.1" 404 1256 "-" "Mozilla/5.0 (compatible; publiclibraryarchive.org/1.0; +crawl@publiclibraryarchive.org)"
146.0.32.165 - - [16/Feb/2015:04:50:04 +0100] "GET /img/lay05.jpg HTTP/1.1" 200 10183 "-" "Mozilla/5.0 (compatible; publiclibraryarchive.org/1.0; +crawl@publiclibraryarchive.org)"
91.65.78.225 - - [16/Feb/2015:05:08:14 +0100] "GET /seiten/start.htm HTTP/1.1" 200 9376 "https://www.google.de/" "Mozilla/5.0 (iPad; CPU OS 7_1 like Mac OS X) AppleWebKit/537.51.2 (KHTML, like Gecko) Version/7.0 Mobile/11D167 Safari/9537.53"
91.65.78.225 - - [16/Feb/2015:05:08:14 +0100] "GET /css/style.css HTTP/1.1" 200 8567 "http://www.frb-berlin.de/seiten/start.htm" "Mozilla/5.0 (iPad; CPU OS 7_1 like Mac OS X) AppleWebKit/537.51.2 (KHTML, like Gecko) Version/7.0 Mobile/11D167 Safari/9537.53"
91.65.78.225 - - [16/Feb/2015:05:08:14 +0100] "GET /scripte/menu_start.js HTTP/1.1" 200 31217 "http://www.frb-berlin.de/seiten/start.htm" "Mozilla/5.0 (iPad; CPU OS 7_1 like Mac OS X) AppleWebKit/537.51.2 (KHTML, like Gecko) Version/7.0 Mobile/11D167 Safari/9537.53"
91.65.78.225 - - [16/Feb/2015:05:08:14 +0100] "GET /scripte/menu_elemente.js HTTP/1.1" 200 18006 "http://www.frb-berlin.de/seiten/start.htm" "Mozilla/5.0 (iPad; CPU OS 7_1 like Mac OS X) AppleWebKit/537.51.2 (KHTML, like Gecko) Version/7.0 Mobile/11D167 Safari/9537.53"
91.65.78.225 - - [16/Feb/2015:05:08:15 +0100] "GET /img/1px.gif HTTP/1.1" 200 43 "http://www.frb-berlin.de/seiten/start.htm" "Mozilla/5.0 (iPad; CPU OS 7_1 like Mac OS X) AppleWebKit/537.51.2 (KHTML, like Gecko) Version/7.0 Mobile/11D167 Safari/9537.53"
91.65.78.225 - - [16/Feb/2015:05:08:15 +0100] "GET /img/head.jpg HTTP/1.1" 200 5932 "http://www.frb-berlin.de/seiten/start.htm" "Mozilla/5.0 (iPad; CPU OS 7_1 like Mac OS X) AppleWebKit/537.51.2 (KHTML, like Gecko) Version/7.0 Mobile/11D167 Safari/9537.53"
91.65.78.225 - - [16/Feb/2015:05:08:15 +0100] "GET /img/lay08.jpg HTTP/1.1" 200 10212 "http://www.frb-berlin.de/seiten/start.htm" "Mozilla/5.0 (iPad; CPU OS 7_1 like Mac OS X) AppleWebKit/537.51.2 (KHTML, like Gecko) Version/7.0 Mobile/11D167 Safari/9537.53"
91.65.78.225 - - [16/Feb/2015:05:08:15 +0100] "GET /img/lay01.jpg HTTP/1.1" 200 9336 "http://www.frb-berlin.de/seiten/start.htm" "Mozilla/5.0 (iPad; CPU OS 7_1 like Mac OS X) AppleWebKit/537.51.2 (KHTML, like Gecko) Version/7.0 Mobile/11D167 Safari/9537.53"
91.65.78.225 - - [16/Feb/2015:05:08:15 +0100] "GET /img/lay04.jpg HTTP/1.1" 200 6356 "http://www.frb-berlin.de/seiten/start.htm" "Mozilla/5.0 (iPad; CPU OS 7_1 like Mac OS X) AppleWebKit/537.51.2 (KHTML, like Gecko) Version/7.0 Mobile/11D167 Safari/9537.53"
91.65.78.225 - - [16/Feb/2015:05:08:15 +0100] "GET /img/over_logo.jpg HTTP/1.1" 200 5315 "http://www.frb-berlin.de/seiten/start.htm" "Mozilla/5.0 (iPad; CPU OS 7_1 like Mac OS X) AppleWebKit/537.51.2 (KHTML, like Gecko) Version/7.0 Mobile/11D167 Safari/9537.53"
91.65.78.225 - - [16/Feb/2015:05:08:15 +0100] "GET /img/lay03.jpg HTTP/1.1" 200 15205 "http://www.frb-berlin.de/seiten/start.htm" "Mozilla/5.0 (iPad; CPU OS 7_1 like Mac OS X) AppleWebKit/537.51.2 (KHTML, like Gecko) Version/7.0 Mobile/11D167 Safari/9537.53"
91.65.78.225 - - [16/Feb/2015:05:08:15 +0100] "GET /img/lay13.jpg HTTP/1.1" 200 428 "http://www.frb-berlin.de/seiten/start.htm" "Mozilla/5.0 (iPad; CPU OS 7_1 like Mac OS X) AppleWebKit/537.51.2 (KHTML, like Gecko) Version/7.0 Mobile/11D167 Safari/9537.53"
91.65.78.225 - - [16/Feb/2015:05:08:15 +0100] "GET /img/lay06.jpg HTTP/1.1" 200 11774 "http://www.frb-berlin.de/seiten/start.htm" "Mozilla/5.0 (iPad; CPU OS 7_1 like Mac OS X) AppleWebKit/537.51.2 (KHTML, like Gecko) Version/7.0 Mobile/11D167 Safari/9537.53"
91.65.78.225 - - [16/Feb/2015:05:08:15 +0100] "GET /seiten/main.htm HTTP/1.1" 200 2319 "http://www.frb-berlin.de/seiten/start.htm" "Mozilla/5.0 (iPad; CPU OS 7_1 like Mac OS X) AppleWebKit/537.51.2 (KHTML, like Gecko) Version/7.0 Mobile/11D167 Safari/9537.53"
91.65.78.225 - - [16/Feb/2015:05:08:15 +0100] "GET /img/lay05.jpg HTTP/1.1" 200 10183 "http://www.frb-berlin.de/seiten/start.htm" "Mozilla/5.0 (iPad; CPU OS 7_1 like Mac OS X) AppleWebKit/537.51.2 (KHTML, like Gecko) Version/7.0 Mobile/11D167 Safari/9537.53"
91.65.78.225 - - [16/Feb/2015:05:08:15 +0100] "GET /img/lay07.jpg HTTP/1.1" 200 9742 "http://www.frb-berlin.de/seiten/start.htm" "Mozilla/5.0 (iPad; CPU OS 7_1 like Mac OS X) AppleWebKit/537.51.2 (KHTML, like Gecko) Version/7.0 Mobile/11D167 Safari/9537.53"
91.65.78.225 - - [16/Feb/2015:05:08:15 +0100] "GET /img/bogen_o1.jpg HTTP/1.1" 200 8356 "http://www.frb-berlin.de/seiten/start.htm" "Mozilla/5.0 (iPad; CPU OS 7_1 like Mac OS X) AppleWebKit/537.51.2 (KHTML, like Gecko) Version/7.0 Mobile/11D167 Safari/9537.53"
91.65.78.225 - - [16/Feb/2015:05:08:15 +0100] "GET /img/lay10.jpg HTTP/1.1" 200 12856 "http://www.frb-berlin.de/seiten/start.htm" "Mozilla/5.0 (iPad; CPU OS 7_1 like Mac OS X) AppleWebKit/537.51.2 (KHTML, like Gecko) Version/7.0 Mobile/11D167 Safari/9537.53"
91.65.78.225 - - [16/Feb/2015:05:08:15 +0100] "GET /img/lay12.jpg HTTP/1.1" 200 394 "http://www.frb-berlin.de/seiten/start.htm" "Mozilla/5.0 (iPad; CPU OS 7_1 like Mac OS X) AppleWebKit/537.51.2 (KHTML, like Gecko) Version/7.0 Mobile/11D167 Safari/9537.53"
91.65.78.225 - - [16/Feb/2015:05:08:15 +0100] "GET /img/lay11.jpg HTTP/1.1" 200 12218 "http://www.frb-berlin.de/seiten/start.htm" "Mozilla/5.0 (iPad; CPU OS 7_1 like Mac OS X) AppleWebKit/537.51.2 (KHTML, like Gecko) Version/7.0 Mobile/11D167 Safari/9537.53"
91.65.78.225 - - [16/Feb/2015:05:08:15 +0100] "GET /img/farben.jpg HTTP/1.1" 200 14519 "http://www.frb-berlin.de/seiten/main.htm" "Mozilla/5.0 (iPad; CPU OS 7_1 like Mac OS X) AppleWebKit/537.51.2 (KHTML, like Gecko) Version/7.0 Mobile/11D167 Safari/9537.53"
91.65.78.225 - - [16/Feb/2015:05:08:15 +0100] "GET /img/bg_links.jpg HTTP/1.1" 200 8379 "http://www.frb-berlin.de/seiten/start.htm" "Mozilla/5.0 (iPad; CPU OS 7_1 like Mac OS X) AppleWebKit/537.51.2 (KHTML, like Gecko) Version/7.0 Mobile/11D167 Safari/9537.53"
91.65.78.225 - - [16/Feb/2015:05:08:15 +0100] "GET /img/bg_rechts.jpg HTTP/1.1" 200 346 "http://www.frb-berlin.de/seiten/start.htm" "Mozilla/5.0 (iPad; CPU OS 7_1 like Mac OS X) AppleWebKit/537.51.2 (KHTML, like Gecko) Version/7.0 Mobile/11D167 Safari/9537.53"
91.65.78.225 - - [16/Feb/2015:05:08:15 +0100] "GET /img/favorit_a.gif HTTP/1.1" 200 175 "http://www.frb-berlin.de/seiten/start.htm" "Mozilla/5.0 (iPad; CPU OS 7_1 like Mac OS X) AppleWebKit/537.51.2 (KHTML, like Gecko) Version/7.0 Mobile/11D167 Safari/9537.53"
91.65.78.225 - - [16/Feb/2015:05:08:26 +0100] "GET /seiten/ueber_uns.htm HTTP/1.1" 200 2081 "http://www.frb-berlin.de/seiten/start.htm" "Mozilla/5.0 (iPad; CPU OS 7_1 like Mac OS X) AppleWebKit/537.51.2 (KHTML, like Gecko) Version/7.0 Mobile/11D167 Safari/9537.53"
91.65.78.225 - - [16/Feb/2015:05:08:26 +0100] "GET /img/hg.jpg HTTP/1.1" 200 7507 "http://www.frb-berlin.de/seiten/ueber_uns.htm" "Mozilla/5.0 (iPad; CPU OS 7_1 like Mac OS X) AppleWebKit/537.51.2 (KHTML, like Gecko) Version/7.0 Mobile/11D167 Safari/9537.53"
91.65.78.225 - - [16/Feb/2015:05:08:46 +0100] "GET /seiten/leistungen.htm HTTP/1.1" 200 3710 "http://www.frb-berlin.de/seiten/start.htm" "Mozilla/5.0 (iPad; CPU OS 7_1 like Mac OS X) AppleWebKit/537.51.2 (KHTML, like Gecko) Version/7.0 Mobile/11D167 Safari/9537.53"
91.65.78.225 - - [16/Feb/2015:05:09:07 +0100] "GET /seiten/referenzen.htm HTTP/1.1" 200 3626 "http://www.frb-berlin.de/seiten/start.htm" "Mozilla/5.0 (iPad; CPU OS 7_1 like Mac OS X) AppleWebKit/537.51.2 (KHTML, like Gecko) Version/7.0 Mobile/11D167 Safari/9537.53"
91.65.78.225 - - [16/Feb/2015:05:09:07 +0100] "GET /img/pdf.gif HTTP/1.1" 200 286 "http://www.frb-berlin.de/seiten/referenzen.htm" "Mozilla/5.0 (iPad; CPU OS 7_1 like Mac OS X) AppleWebKit/537.51.2 (KHTML, like Gecko) Version/7.0 Mobile/11D167 Safari/9537.53"
91.65.78.225 - - [16/Feb/2015:05:09:14 +0100] "GET /seiten/referenzen_maler.htm HTTP/1.1" 200 51839 "http://www.frb-berlin.de/seiten/referenzen.htm" "Mozilla/5.0 (iPad; CPU OS 7_1 like Mac OS X) AppleWebKit/537.51.2 (KHTML, like Gecko) Version/7.0 Mobile/11D167 Safari/9537.53"
91.65.78.225 - - [16/Feb/2015:05:09:15 +0100] "GET /img/top.gif HTTP/1.1" 200 950 "http://www.frb-berlin.de/seiten/referenzen_maler.htm" "Mozilla/5.0 (iPad; CPU OS 7_1 like Mac OS X) AppleWebKit/537.51.2 (KHTML, like Gecko) Version/7.0 Mobile/11D167 Safari/9537.53"
91.65.78.225 - - [16/Feb/2015:05:11:06 +0100] "GET /seiten/kontakt.php HTTP/1.1" 200 6708 "http://www.frb-berlin.de/seiten/start.htm" "Mozilla/5.0 (iPad; CPU OS 7_1 like Mac OS X) AppleWebKit/537.51.2 (KHTML, like Gecko) Version/7.0 Mobile/11D167 Safari/9537.53"
91.65.78.225 - - [16/Feb/2015:05:11:07 +0100] "GET /img/logo.gif HTTP/1.1" 200 4275 "http://www.frb-berlin.de/seiten/kontakt.php" "Mozilla/5.0 (iPad; CPU OS 7_1 like Mac OS X) AppleWebKit/537.51.2 (KHTML, like Gecko) Version/7.0 Mobile/11D167 Safari/9537.53"
146.0.32.165 - - [16/Feb/2015:05:59:44 +0100] "GET /robots.txt HTTP/1.1" 404 1256 "-" "Mozilla/5.0 (compatible; publiclibraryarchive.org/1.0; +crawl@publiclibraryarchive.org)"
146.0.32.165 - - [16/Feb/2015:05:59:44 +0100] "GET /img/lay01.jpg HTTP/1.1" 200 9336 "-" "Mozilla/5.0 (compatible; publiclibraryarchive.org/1.0; +crawl@publiclibraryarchive.org)"
66.249.78.100 - - [16/Feb/2015:06:06:05 +0100] "GET / HTTP/1.1" 200 1775 "-" "Mozilla/5.0 (compatible; Googlebot/2.1; +http://www.google.com/bot.html)"
176.9.19.169 - - [16/Feb/2015:06:55:19 +0100] "GET /seiten/impressum.htm HTTP/1.0" 200 4734 "http://www.juwelier-schwanstein.de/impressum/" "Opera/9.20 (Windows NT 6.0; U; de)"
146.0.32.165 - - [16/Feb/2015:07:03:35 +0100] "GET /robots.txt HTTP/1.1" 404 1256 "-" "Mozilla/5.0 (compatible; publiclibraryarchive.org/1.0; +crawl@publiclibraryarchive.org)"
146.0.32.165 - - [16/Feb/2015:07:03:35 +0100] "GET /img/logo.gif HTTP/1.1" 200 4275 "-" "Mozilla/5.0 (compatible; publiclibraryarchive.org/1.0; +crawl@publiclibraryarchive.org)"
146.0.32.165 - - [16/Feb/2015:07:20:42 +0100] "GET /robots.txt HTTP/1.1" 404 1256 "-" "Mozilla/5.0 (compatible; publiclibraryarchive.org/1.0; +crawl@publiclibraryarchive.org)"
146.0.32.165 - - [16/Feb/2015:07:20:42 +0100] "GET /img/lay04.jpg HTTP/1.1" 200 6356 "-" "Mozilla/5.0 (compatible; publiclibraryarchive.org/1.0; +crawl@publiclibraryarchive.org)"
217.91.85.24 - - [16/Feb/2015:07:31:12 +0100] "GET /seiten/start.htm HTTP/1.0" 200 9376 "https://www.google.de/" "Mozilla/5.0 (Windows NT 6.1) AppleWebKit/537.36 (KHTML, like Gecko) Chrome/40.0.2214.111 Safari/537.36"
217.91.85.24 - - [16/Feb/2015:07:31:13 +0100] "GET /css/style.css HTTP/1.0" 200 8567 "http://www.frb-berlin.de/seiten/start.htm" "Mozilla/5.0 (Windows NT 6.1) AppleWebKit/537.36 (KHTML, like Gecko) Chrome/40.0.2214.111 Safari/537.36"
217.91.85.24 - - [16/Feb/2015:07:31:13 +0100] "GET /img/1px.gif HTTP/1.0" 200 43 "http://www.frb-berlin.de/seiten/start.htm" "Mozilla/5.0 (Windows NT 6.1) AppleWebKit/537.36 (KHTML, like Gecko) Chrome/40.0.2214.111 Safari/537.36"
217.91.85.24 - - [16/Feb/2015:07:31:13 +0100] "GET /img/head.jpg HTTP/1.0" 200 5932 "http://www.frb-berlin.de/seiten/start.htm" "Mozilla/5.0 (Windows NT 6.1) AppleWebKit/537.36 (KHTML, like Gecko) Chrome/40.0.2214.111 Safari/537.36"
217.91.85.24 - - [16/Feb/2015:07:31:13 +0100] "GET /scripte/menu_elemente.js HTTP/1.0" 200 18006 "http://www.frb-berlin.de/seiten/start.htm" "Mozilla/5.0 (Windows NT 6.1) AppleWebKit/537.36 (KHTML, like Gecko) Chrome/40.0.2214.111 Safari/537.36"
217.91.85.24 - - [16/Feb/2015:07:31:13 +0100] "GET /img/lay01.jpg HTTP/1.0" 200 9336 "http://www.frb-berlin.de/seiten/start.htm" "Mozilla/5.0 (Windows NT 6.1) AppleWebKit/537.36 (KHTML, like Gecko) Chrome/40.0.2214.111 Safari/537.36"
217.91.85.24 - - [16/Feb/2015:07:31:13 +0100] "GET /scripte/menu_start.js HTTP/1.0" 200 31217 "http://www.frb-berlin.de/seiten/start.htm" "Mozilla/5.0 (Windows NT 6.1) AppleWebKit/537.36 (KHTML, like Gecko) Chrome/40.0.2214.111 Safari/537.36"
217.91.85.24 - - [16/Feb/2015:07:31:13 +0100] "GET /img/over_logo.jpg HTTP/1.0" 200 5315 "http://www.frb-berlin.de/seiten/start.htm" "Mozilla/5.0 (Windows NT 6.1) AppleWebKit/537.36 (KHTML, like Gecko) Chrome/40.0.2214.111 Safari/537.36"
217.91.85.24 - - [16/Feb/2015:07:31:13 +0100] "GET /img/lay05.jpg HTTP/1.0" 200 10183 "http://www.frb-berlin.de/seiten/start.htm" "Mozilla/5.0 (Windows NT 6.1) AppleWebKit/537.36 (KHTML, like Gecko) Chrome/40.0.2214.111 Safari/537.36"
217.91.85.24 - - [16/Feb/2015:07:31:13 +0100] "GET /img/lay03.jpg HTTP/1.0" 200 15205 "http://www.frb-berlin.de/seiten/start.htm" "Mozilla/5.0 (Windows NT 6.1) AppleWebKit/537.36 (KHTML, like Gecko) Chrome/40.0.2214.111 Safari/537.36"
217.91.85.24 - - [16/Feb/2015:07:31:13 +0100] "GET /img/lay04.jpg HTTP/1.0" 200 6356 "http://www.frb-berlin.de/seiten/start.htm" "Mozilla/5.0 (Windows NT 6.1) AppleWebKit/537.36 (KHTML, like Gecko) Chrome/40.0.2214.111 Safari/537.36"
217.91.85.24 - - [16/Feb/2015:07:31:13 +0100] "GET /seiten/main.htm HTTP/1.0" 200 2319 "http://www.frb-berlin.de/seiten/start.htm" "Mozilla/5.0 (Windows NT 6.1) AppleWebKit/537.36 (KHTML, like Gecko) Chrome/40.0.2214.111 Safari/537.36"
217.91.85.24 - - [16/Feb/2015:07:31:13 +0100] "GET /img/lay07.jpg HTTP/1.0" 200 9742 "http://www.frb-berlin.de/seiten/start.htm" "Mozilla/5.0 (Windows NT 6.1) AppleWebKit/537.36 (KHTML, like Gecko) Chrome/40.0.2214.111 Safari/537.36"
217.91.85.24 - - [16/Feb/2015:07:31:13 +0100] "GET /img/lay06.jpg HTTP/1.0" 200 11774 "http://www.frb-berlin.de/seiten/start.htm" "Mozilla/5.0 (Windows NT 6.1) AppleWebKit/537.36 (KHTML, like Gecko) Chrome/40.0.2214.111 Safari/537.36"
217.91.85.24 - - [16/Feb/2015:07:31:13 +0100] "GET /img/lay10.jpg HTTP/1.0" 200 12856 "http://www.frb-berlin.de/seiten/start.htm" "Mozilla/5.0 (Windows NT 6.1) AppleWebKit/537.36 (KHTML, like Gecko) Chrome/40.0.2214.111 Safari/537.36"
217.91.85.24 - - [16/Feb/2015:07:31:13 +0100] "GET /img/bg_links.jpg HTTP/1.0" 200 8379 "http://www.frb-berlin.de/seiten/start.htm" "Mozilla/5.0 (Windows NT 6.1) AppleWebKit/537.36 (KHTML, like Gecko) Chrome/40.0.2214.111 Safari/537.36"
217.91.85.24 - - [16/Feb/2015:07:31:13 +0100] "GET /img/lay11.jpg HTTP/1.0" 200 12218 "http://www.frb-berlin.de/seiten/start.htm" "Mozilla/5.0 (Windows NT 6.1) AppleWebKit/537.36 (KHTML, like Gecko) Chrome/40.0.2214.111 Safari/537.36"
217.91.85.24 - - [16/Feb/2015:07:31:13 +0100] "GET /img/bg_rechts.jpg HTTP/1.0" 200 346 "http://www.frb-berlin.de/seiten/start.htm" "Mozilla/5.0 (Windows NT 6.1) AppleWebKit/537.36 (KHTML, like Gecko) Chrome/40.0.2214.111 Safari/537.36"
217.91.85.24 - - [16/Feb/2015:07:31:13 +0100] "GET /img/lay08.jpg HTTP/1.0" 200 10212 "http://www.frb-berlin.de/seiten/start.htm" "Mozilla/5.0 (Windows NT 6.1) AppleWebKit/537.36 (KHTML, like Gecko) Chrome/40.0.2214.111 Safari/537.36"
217.91.85.24 - - [16/Feb/2015:07:31:13 +0100] "GET /img/farben.jpg HTTP/1.0" 200 14519 "http://www.frb-berlin.de/seiten/main.htm" "Mozilla/5.0 (Windows NT 6.1) AppleWebKit/537.36 (KHTML, like Gecko) Chrome/40.0.2214.111 Safari/537.36"
217.91.85.24 - - [16/Feb/2015:07:31:13 +0100] "GET /img/lay13.jpg HTTP/1.0" 200 428 "http://www.frb-berlin.de/seiten/start.htm" "Mozilla/5.0 (Windows NT 6.1) AppleWebKit/537.36 (KHTML, like Gecko) Chrome/40.0.2214.111 Safari/537.36"
217.91.85.24 - - [16/Feb/2015:07:31:13 +0100] "GET /img/lay12.jpg HTTP/1.0" 200 394 "http://www.frb-berlin.de/seiten/start.htm" "Mozilla/5.0 (Windows NT 6.1) AppleWebKit/537.36 (KHTML, like Gecko) Chrome/40.0.2214.111 Safari/537.36"
217.91.85.24 - - [16/Feb/2015:07:31:13 +0100] "GET /img/bogen_o1.jpg HTTP/1.0" 200 8356 "http://www.frb-berlin.de/seiten/start.htm" "Mozilla/5.0 (Windows NT 6.1) AppleWebKit/537.36 (KHTML, like Gecko) Chrome/40.0.2214.111 Safari/537.36"
217.91.85.24 - - [16/Feb/2015:07:31:13 +0100] "GET /img/favorit_a.gif HTTP/1.0" 200 175 "http://www.frb-berlin.de/seiten/start.htm" "Mozilla/5.0 (Windows NT 6.1) AppleWebKit/537.36 (KHTML, like Gecko) Chrome/40.0.2214.111 Safari/537.36"
217.91.85.24 - - [16/Feb/2015:07:31:13 +0100] "GET /favicon.ico HTTP/1.0" 404 1256 "-" "Mozilla/5.0 (Windows NT 6.1) AppleWebKit/537.36 (KHTML, like Gecko) Chrome/40.0.2214.111 Safari/537.36"
217.91.85.24 - - [16/Feb/2015:07:31:18 +0100] "GET /seiten/kontakt.php HTTP/1.0" 200 6708 "http://www.frb-berlin.de/seiten/start.htm" "Mozilla/5.0 (Windows NT 6.1) AppleWebKit/537.36 (KHTML, like Gecko) Chrome/40.0.2214.111 Safari/537.36"
217.91.85.24 - - [16/Feb/2015:07:31:18 +0100] "GET /img/logo.gif HTTP/1.0" 200 4275 "http://www.frb-berlin.de/seiten/kontakt.php" "Mozilla/5.0 (Windows NT 6.1) AppleWebKit/537.36 (KHTML, like Gecko) Chrome/40.0.2214.111 Safari/537.36"
146.0.32.165 - - [16/Feb/2015:08:11:43 +0100] "GET /robots.txt HTTP/1.1" 404 1256 "-" "Mozilla/5.0 (compatible; publiclibraryarchive.org/1.0; +crawl@publiclibraryarchive.org)"
146.0.32.165 - - [16/Feb/2015:08:11:43 +0100] "GET /img/lay03.jpg HTTP/1.1" 200 15205 "-" "Mozilla/5.0 (compatible; publiclibraryarchive.org/1.0; +crawl@publiclibraryarchive.org)"
146.0.32.165 - - [16/Feb/2015:08:20:05 +0100] "GET /robots.txt HTTP/1.1" 404 1256 "-" "Mozilla/5.0 (compatible; publiclibraryarchive.org/1.0; +crawl@publiclibraryarchive.org)"
146.0.32.165 - - [16/Feb/2015:08:20:05 +0100] "GET /img/head.jpg HTTP/1.1" 200 5932 "-" "Mozilla/5.0 (compatible; publiclibraryarchive.org/1.0; +crawl@publiclibraryarchive.org)"
217.92.150.35 - - [16/Feb/2015:09:23:37 +0100] "GET /seiten/ausbildung2.htm HTTP/1.0" 200 4821 "http://www.backinjob.de/detailFrame.php?Chiffre=999950000035497294" "Mozilla/5.0 (Windows NT 5.1; rv:30.0) Gecko/20100101 Firefox/30.0"
217.92.150.35 - - [16/Feb/2015:09:23:37 +0100] "GET /css/style.css HTTP/1.0" 200 8567 "http://www.frb-berlin.de/seiten/ausbildung2.htm" "Mozilla/5.0 (Windows NT 5.1; rv:30.0) Gecko/20100101 Firefox/30.0"
217.92.150.35 - - [16/Feb/2015:09:23:37 +0100] "GET /img/top.gif HTTP/1.0" 200 950 "http://www.frb-berlin.de/seiten/ausbildung2.htm" "Mozilla/5.0 (Windows NT 5.1; rv:30.0) Gecko/20100101 Firefox/30.0"
217.92.150.35 - - [16/Feb/2015:09:23:37 +0100] "GET /img/hg.jpg HTTP/1.0" 200 7507 "http://www.frb-berlin.de/seiten/ausbildung2.htm" "Mozilla/5.0 (Windows NT 5.1; rv:30.0) Gecko/20100101 Firefox/30.0"
92.198.65.145 - - [16/Feb/2015:09:30:57 +0100] "GET /robots.txt HTTP/1.1" 404 1256 "-" "Mozilla/5.0 (compatible; MSIE 10.0; Windows NT 6.1; Trident/6.0)"
92.198.65.145 - - [16/Feb/2015:09:30:57 +0100] "GET /sitemap.xml HTTP/1.1" 404 1256 "-" "Mozilla/5.0 (Macintosh; Intel Mac OS X 10.8; rv:24.0) Gecko/20100101 Firefox/24.0"
92.198.65.145 - - [16/Feb/2015:09:30:57 +0100] "GET /favicon.ico HTTP/1.1" 404 1256 "-" "Mozilla/5.0 (Macintosh; Intel Mac OS X 10.8; rv:24.0) Gecko/20100101 Firefox/24.0"
94.222.30.223 - - [16/Feb/2015:09:59:12 +0100] "GET / HTTP/1.1" 200 1775 "https://www.google.de/" "Mozilla/5.0 (iPhone; CPU iPhone OS 8_1_3 like Mac OS X) AppleWebKit/600.1.4 (KHTML, like Gecko) Version/8.0 Mobile/12B466 Safari/600.1.4"
94.222.30.223 - - [16/Feb/2015:09:59:13 +0100] "GET /css/style.css HTTP/1.1" 200 8567 "http://www.frb-berlin.de/" "Mozilla/5.0 (iPhone; CPU iPhone OS 8_1_3 like Mac OS X) AppleWebKit/600.1.4 (KHTML, like Gecko) Version/8.0 Mobile/12B466 Safari/600.1.4"
94.222.30.223 - - [16/Feb/2015:09:59:13 +0100] "GET /img/logo.gif HTTP/1.1" 200 4275 "http://www.frb-berlin.de/" "Mozilla/5.0 (iPhone; CPU iPhone OS 8_1_3 like Mac OS X) AppleWebKit/600.1.4 (KHTML, like Gecko) Version/8.0 Mobile/12B466 Safari/600.1.4"
217.92.150.35 - - [16/Feb/2015:10:01:40 +0100] "GET /favicon.ico HTTP/1.0" 404 1256 "-" "Mozilla/5.0 (Windows NT 5.1; rv:30.0) Gecko/20100101 Firefox/30.0"
217.92.150.35 - - [16/Feb/2015:10:01:40 +0100] "GET /favicon.ico HTTP/1.0" 404 1256 "-" "Mozilla/5.0 (Windows NT 5.1; rv:30.0) Gecko/20100101 Firefox/30.0"
66.249.64.22 - - [16/Feb/2015:12:18:16 +0100] "GET / HTTP/1.1" 200 1775 "-" "Mozilla/5.0 (compatible; Googlebot/2.1; +http://www.google.com/bot.html)"
66.249.64.22 - - [16/Feb/2015:12:57:57 +0100] "GET /css/style.css HTTP/1.1" 200 8567 "-" "Mozilla/5.0 (compatible; Googlebot/2.1; +http://www.google.com/bot.html)"
66.249.78.86 - - [16/Feb/2015:15:08:31 +0100] "GET /robots.txt HTTP/1.1" 404 1256 "-" "Mozilla/5.0 (compatible; Googlebot/2.1; +http://www.google.com/bot.html)"
80.153.141.175 - - [16/Feb/2015:15:46:26 +0100] "GET /seiten/kontakt.php HTTP/1.1" 200 6708 "http://www.google.de/url?sa=t&rct=j&q=&esrc=s&source=web&cd=13&ved=0CCUQFjACOAo&url=http%3A%2F%2Fwww.frb-berlin.de%2Fseiten%2Fkontakt.php&ei=KwLiVPuADsyBacbagfgB&usg=AFQjCNFDHcsqpvEorlOIAWTJ5kxPzB18Uw&bvm=bv.85970519,d.d2s" "Mozilla/5.0 (Windows NT 6.1; WOW64; rv:35.0) Gecko/20100101 Firefox/35.0"
80.153.141.175 - - [16/Feb/2015:15:46:26 +0100] "GET /css/style.css HTTP/1.1" 200 8567 "http://www.frb-berlin.de/seiten/kontakt.php" "Mozilla/5.0 (Windows NT 6.1; WOW64; rv:35.0) Gecko/20100101 Firefox/35.0"
80.153.141.175 - - [16/Feb/2015:15:46:26 +0100] "GET /img/1px.gif HTTP/1.1" 200 43 "http://www.frb-berlin.de/seiten/kontakt.php" "Mozilla/5.0 (Windows NT 6.1; WOW64; rv:35.0) Gecko/20100101 Firefox/35.0"
80.153.141.175 - - [16/Feb/2015:15:46:26 +0100] "GET /img/logo.gif HTTP/1.1" 200 4275 "http://www.frb-berlin.de/seiten/kontakt.php" "Mozilla/5.0 (Windows NT 6.1; WOW64; rv:35.0) Gecko/20100101 Firefox/35.0"
80.153.141.175 - - [16/Feb/2015:15:46:26 +0100] "GET /favicon.ico HTTP/1.1" 404 1256 "-" "Mozilla/5.0 (Windows NT 6.1; WOW64; rv:35.0) Gecko/20100101 Firefox/35.0"
80.153.141.175 - - [16/Feb/2015:15:46:26 +0100] "GET /favicon.ico HTTP/1.1" 404 1256 "-" "Mozilla/5.0 (Windows NT 6.1; WOW64; rv:35.0) Gecko/20100101 Firefox/35.0"
66.249.78.100 - - [16/Feb/2015:16:44:34 +0100] "GET /seiten/start.htm HTTP/1.1" 304 - "-" "Mozilla/5.0 (iPhone; CPU iPhone OS 6_0 like Mac OS X) AppleWebKit/536.26 (KHTML, like Gecko) Version/6.0 Mobile/10A5376e Safari/8536.25 (compatible; Googlebot/2.1; +http://www.google.com/bot.html)"
93.219.139.196 - - [16/Feb/2015:17:47:21 +0100] "GET /seiten/start.htm HTTP/1.1" 200 9376 "https://www.google.de/" "Mozilla/5.0 (Linux; Android 4.4.4; XT1032 Build/KXB21.14-L1.40) AppleWebKit/537.36 (KHTML, like Gecko) Chrome/40.0.2214.109 Mobile Safari/537.36"
93.219.139.196 - - [16/Feb/2015:17:47:22 +0100] "GET /css/style.css HTTP/1.1" 200 8567 "http://www.frb-berlin.de/seiten/start.htm" "Mozilla/5.0 (Linux; Android 4.4.4; XT1032 Build/KXB21.14-L1.40) AppleWebKit/537.36 (KHTML, like Gecko) Chrome/40.0.2214.109 Mobile Safari/537.36"
93.219.139.196 - - [16/Feb/2015:17:47:22 +0100] "GET /img/1px.gif HTTP/1.1" 200 43 "http://www.frb-berlin.de/seiten/start.htm" "Mozilla/5.0 (Linux; Android 4.4.4; XT1032 Build/KXB21.14-L1.40) AppleWebKit/537.36 (KHTML, like Gecko) Chrome/40.0.2214.109 Mobile Safari/537.36"
93.219.139.196 - - [16/Feb/2015:17:47:22 +0100] "GET /img/head.jpg HTTP/1.1" 200 5932 "http://www.frb-berlin.de/seiten/start.htm" "Mozilla/5.0 (Linux; Android 4.4.4; XT1032 Build/KXB21.14-L1.40) AppleWebKit/537.36 (KHTML, like Gecko) Chrome/40.0.2214.109 Mobile Safari/537.36"
93.219.139.196 - - [16/Feb/2015:17:47:22 +0100] "GET /scripte/menu_start.js HTTP/1.1" 200 31217 "http://www.frb-berlin.de/seiten/start.htm" "Mozilla/5.0 (Linux; Android 4.4.4; XT1032 Build/KXB21.14-L1.40) AppleWebKit/537.36 (KHTML, like Gecko) Chrome/40.0.2214.109 Mobile Safari/537.36"
93.219.139.196 - - [16/Feb/2015:17:47:22 +0100] "GET /scripte/menu_elemente.js HTTP/1.1" 200 18006 "http://www.frb-berlin.de/seiten/start.htm" "Mozilla/5.0 (Linux; Android 4.4.4; XT1032 Build/KXB21.14-L1.40) AppleWebKit/537.36 (KHTML, like Gecko) Chrome/40.0.2214.109 Mobile Safari/537.36"
93.219.139.196 - - [16/Feb/2015:17:47:22 +0100] "GET /img/lay01.jpg HTTP/1.1" 200 9336 "http://www.frb-berlin.de/seiten/start.htm" "Mozilla/5.0 (Linux; Android 4.4.4; XT1032 Build/KXB21.14-L1.40) AppleWebKit/537.36 (KHTML, like Gecko) Chrome/40.0.2214.109 Mobile Safari/537.36"
93.219.139.196 - - [16/Feb/2015:17:47:22 +0100] "GET /img/over_logo.jpg HTTP/1.1" 200 5315 "http://www.frb-berlin.de/seiten/start.htm" "Mozilla/5.0 (Linux; Android 4.4.4; XT1032 Build/KXB21.14-L1.40) AppleWebKit/537.36 (KHTML, like Gecko) Chrome/40.0.2214.109 Mobile Safari/537.36"
93.219.139.196 - - [16/Feb/2015:17:47:22 +0100] "GET /img/lay04.jpg HTTP/1.1" 200 6356 "http://www.frb-berlin.de/seiten/start.htm" "Mozilla/5.0 (Linux; Android 4.4.4; XT1032 Build/KXB21.14-L1.40) AppleWebKit/537.36 (KHTML, like Gecko) Chrome/40.0.2214.109 Mobile Safari/537.36"
93.219.139.196 - - [16/Feb/2015:17:47:22 +0100] "GET /img/lay03.jpg HTTP/1.1" 200 15205 "http://www.frb-berlin.de/seiten/start.htm" "Mozilla/5.0 (Linux; Android 4.4.4; XT1032 Build/KXB21.14-L1.40) AppleWebKit/537.36 (KHTML, like Gecko) Chrome/40.0.2214.109 Mobile Safari/537.36"
93.219.139.196 - - [16/Feb/2015:17:47:22 +0100] "GET /img/lay05.jpg HTTP/1.1" 200 10183 "http://www.frb-berlin.de/seiten/start.htm" "Mozilla/5.0 (Linux; Android 4.4.4; XT1032 Build/KXB21.14-L1.40) AppleWebKit/537.36 (KHTML, like Gecko) Chrome/40.0.2214.109 Mobile Safari/537.36"
93.219.139.196 - - [16/Feb/2015:17:47:22 +0100] "GET /img/lay06.jpg HTTP/1.1" 200 11774 "http://www.frb-berlin.de/seiten/start.htm" "Mozilla/5.0 (Linux; Android 4.4.4; XT1032 Build/KXB21.14-L1.40) AppleWebKit/537.36 (KHTML, like Gecko) Chrome/40.0.2214.109 Mobile Safari/537.36"
93.219.139.196 - - [16/Feb/2015:17:47:22 +0100] "GET /img/lay07.jpg HTTP/1.1" 200 9742 "http://www.frb-berlin.de/seiten/start.htm" "Mozilla/5.0 (Linux; Android 4.4.4; XT1032 Build/KXB21.14-L1.40) AppleWebKit/537.36 (KHTML, like Gecko) Chrome/40.0.2214.109 Mobile Safari/537.36"
93.219.139.196 - - [16/Feb/2015:17:47:22 +0100] "GET /img/lay13.jpg HTTP/1.1" 200 428 "http://www.frb-berlin.de/seiten/start.htm" "Mozilla/5.0 (Linux; Android 4.4.4; XT1032 Build/KXB21.14-L1.40) AppleWebKit/537.36 (KHTML, like Gecko) Chrome/40.0.2214.109 Mobile Safari/537.36"
93.219.139.196 - - [16/Feb/2015:17:47:23 +0100] "GET /seiten/main.htm HTTP/1.1" 200 2319 "http://www.frb-berlin.de/seiten/start.htm" "Mozilla/5.0 (Linux; Android 4.4.4; XT1032 Build/KXB21.14-L1.40) AppleWebKit/537.36 (KHTML, like Gecko) Chrome/40.0.2214.109 Mobile Safari/537.36"
93.219.139.196 - - [16/Feb/2015:17:47:23 +0100] "GET /img/bg_links.jpg HTTP/1.1" 200 8379 "http://www.frb-berlin.de/seiten/start.htm" "Mozilla/5.0 (Linux; Android 4.4.4; XT1032 Build/KXB21.14-L1.40) AppleWebKit/537.36 (KHTML, like Gecko) Chrome/40.0.2214.109 Mobile Safari/537.36"
93.219.139.196 - - [16/Feb/2015:17:47:23 +0100] "GET /img/bogen_o1.jpg HTTP/1.1" 200 8356 "http://www.frb-berlin.de/seiten/start.htm" "Mozilla/5.0 (Linux; Android 4.4.4; XT1032 Build/KXB21.14-L1.40) AppleWebKit/537.36 (KHTML, like Gecko) Chrome/40.0.2214.109 Mobile Safari/537.36"
93.219.139.196 - - [16/Feb/2015:17:47:23 +0100] "GET /img/lay08.jpg HTTP/1.1" 200 10212 "http://www.frb-berlin.de/seiten/start.htm" "Mozilla/5.0 (Linux; Android 4.4.4; XT1032 Build/KXB21.14-L1.40) AppleWebKit/537.36 (KHTML, like Gecko) Chrome/40.0.2214.109 Mobile Safari/537.36"
93.219.139.196 - - [16/Feb/2015:17:47:23 +0100] "GET /img/lay10.jpg HTTP/1.1" 200 12856 "http://www.frb-berlin.de/seiten/start.htm" "Mozilla/5.0 (Linux; Android 4.4.4; XT1032 Build/KXB21.14-L1.40) AppleWebKit/537.36 (KHTML, like Gecko) Chrome/40.0.2214.109 Mobile Safari/537.36"
93.219.139.196 - - [16/Feb/2015:17:47:23 +0100] "GET /img/farben.jpg HTTP/1.1" 200 14519 "http://www.frb-berlin.de/seiten/main.htm" "Mozilla/5.0 (Linux; Android 4.4.4; XT1032 Build/KXB21.14-L1.40) AppleWebKit/537.36 (KHTML, like Gecko) Chrome/40.0.2214.109 Mobile Safari/537.36"
93.219.139.196 - - [16/Feb/2015:17:47:23 +0100] "GET /img/lay11.jpg HTTP/1.1" 200 12218 "http://www.frb-berlin.de/seiten/start.htm" "Mozilla/5.0 (Linux; Android 4.4.4; XT1032 Build/KXB21.14-L1.40) AppleWebKit/537.36 (KHTML, like Gecko) Chrome/40.0.2214.109 Mobile Safari/537.36"
93.219.139.196 - - [16/Feb/2015:17:47:23 +0100] "GET /img/bg_rechts.jpg HTTP/1.1" 200 346 "http://www.frb-berlin.de/seiten/start.htm" "Mozilla/5.0 (Linux; Android 4.4.4; XT1032 Build/KXB21.14-L1.40) AppleWebKit/537.36 (KHTML, like Gecko) Chrome/40.0.2214.109 Mobile Safari/537.36"
93.219.139.196 - - [16/Feb/2015:17:47:23 +0100] "GET /img/lay12.jpg HTTP/1.1" 200 394 "http://www.frb-berlin.de/seiten/start.htm" "Mozilla/5.0 (Linux; Android 4.4.4; XT1032 Build/KXB21.14-L1.40) AppleWebKit/537.36 (KHTML, like Gecko) Chrome/40.0.2214.109 Mobile Safari/537.36"
93.219.139.196 - - [16/Feb/2015:17:47:23 +0100] "GET /img/favorit_a.gif HTTP/1.1" 200 175 "http://www.frb-berlin.de/seiten/start.htm" "Mozilla/5.0 (Linux; Android 4.4.4; XT1032 Build/KXB21.14-L1.40) AppleWebKit/537.36 (KHTML, like Gecko) Chrome/40.0.2214.109 Mobile Safari/537.36"
93.219.139.196 - - [16/Feb/2015:17:47:23 +0100] "GET /favicon.ico HTTP/1.1" 404 1256 "-" "Mozilla/5.0 (Linux; Android 4.4.4; XT1032 Build/KXB21.14-L1.40) AppleWebKit/537.36 (KHTML, like Gecko) Chrome/40.0.2214.109 Mobile Safari/537.36"
146.0.32.165 - - [16/Feb/2015:18:32:12 +0100] "GET /robots.txt HTTP/1.1" 404 1256 "-" "Mozilla/5.0 (compatible; savetheworldheritage.org/1.0; +crawl@savetheworldheritage.org)"
146.0.32.165 - - [16/Feb/2015:18:32:12 +0100] "GET /seiten/ausbildung.htm HTTP/1.1" 200 2131 "-" "Mozilla/5.0 (compatible; savetheworldheritage.org/1.0; +crawl@savetheworldheritage.org)"
178.234.92.204 - - [16/Feb/2015:18:50:11 +0100] "HEAD /js/uploadify/uploadify.swf HTTP/1.1" 404 - "http://www.frb-berlin.de/js/uploadify/uploadify.swf" "Mozilla/4.0 (compatible; MSIE 6.0; Windows NT 5.1; SV1)"
178.234.92.204 - - [16/Feb/2015:18:50:11 +0100] "HEAD /admin/uploadify/uploadify.swf HTTP/1.1" 404 - "http://www.frb-berlin.de/admin/uploadify/uploadify.swf" "Mozilla/4.0 (compatible; MSIE 6.0; Windows NT 5.1; SV1)"
178.234.92.204 - - [16/Feb/2015:18:50:11 +0100] "HEAD /uploadify/uploadify.swf HTTP/1.1" 404 - "http://www.frb-berlin.de/uploadify/uploadify.swf" "Mozilla/4.0 (compatible; MSIE 6.0; Windows NT 5.1; SV1)"
178.234.92.204 - - [16/Feb/2015:18:50:11 +0100] "HEAD /cms/uploadify/uploadify.swf HTTP/1.1" 404 - "http://www.frb-berlin.de/cms/uploadify/uploadify.swf" "Mozilla/4.0 (compatible; MSIE 6.0; Windows NT 5.1; SV1)"
178.234.92.204 - - [16/Feb/2015:18:50:11 +0100] "HEAD /inc/uploadify/uploadify.swf HTTP/1.1" 404 - "http://www.frb-berlin.de/inc/uploadify/uploadify.swf" "Mozilla/4.0 (compatible; MSIE 6.0; Windows NT 5.1; SV1)"
178.234.92.204 - - [16/Feb/2015:18:50:11 +0100] "HEAD /includes/uploadify/uploadify.swf HTTP/1.1" 404 - "http://www.frb-berlin.de/includes/uploadify/uploadify.swf" "Mozilla/4.0 (compatible; MSIE 6.0; Windows NT 5.1; SV1)"
178.234.92.204 - - [16/Feb/2015:18:50:11 +0100] "HEAD /lib/uploadify/uploadify.swf HTTP/1.1" 404 - "http://www.frb-berlin.de/lib/uploadify/uploadify.swf" "Mozilla/4.0 (compatible; MSIE 6.0; Windows NT 5.1; SV1)"
66.249.78.100 - - [16/Feb/2015:20:52:31 +0100] "GET /seiten/impressum.htm HTTP/1.1" 200 4734 "-" "SAMSUNG-SGH-E250/1.0 Profile/MIDP-2.0 Configuration/CLDC-1.1 UP.Browser/6.2.3.3.c.1.101 (GUI) MMP/2.0 (compatible; Googlebot-Mobile/2.1; +http://www.google.com/bot.html)"
37.24.36.126 - - [16/Feb/2015:22:27:40 +0100] "GET /robots.txt HTTP/1.0" 404 1256 "-" "-"
37.24.36.126 - - [16/Feb/2015:22:27:41 +0100] "GET /seiten/ausbildung.htm HTTP/1.1" 200 2131 "-" "JobRoboter/1.1"
141.8.189.109 - - [16/Feb/2015:23:01:50 +0100] "GET /robots.txt HTTP/1.1" 404 1256 "-" "Mozilla/5.0 (compatible; YandexBot/3.0; +http://yandex.com/bots)"
146.0.32.165 - - [17/Feb/2015:00:20:17 +0100] "GET /robots.txt HTTP/1.1" 404 1256 "-" "Mozilla/5.0 (compatible; savetheworldheritage.org/1.0; +crawl@savetheworldheritage.org)"
146.0.32.165 - - [17/Feb/2015:00:20:17 +0100] "GET /seiten/kontakt.php HTTP/1.1" 200 6708 "-" "Mozilla/5.0 (compatible; savetheworldheritage.org/1.0; +crawl@savetheworldheritage.org)"
194.7.35.200 - - [17/Feb/2015:01:19:31 +0100] "GET / HTTP/1.1" 200 1775 "-" "Mozilla/5.0 (Windows NT 6.1; WOW64) AppleWebKit/536.6 (KHTML, like Gecko) Chrome/20.0.1092.0 Safari/536.6"
194.7.35.200 - - [17/Feb/2015:01:19:37 +0100] "GET / HTTP/1.1" 200 1775 "-" "Mozilla/5.0 (Windows; N; ; fr-BE) AppleWebKit/527+ (KHTML, like Gecko, Safari/419.3) Qt/4.5.3"
194.7.35.200 - - [17/Feb/2015:01:19:37 +0100] "GET /css/style.css HTTP/1.1" 200 8567 "http://www.frb-berlin.de/" "Mozilla/5.0 (Windows; N; ; fr-BE) AppleWebKit/527+ (KHTML, like Gecko, Safari/419.3) Qt/4.5.3"
194.7.35.200 - - [17/Feb/2015:01:19:37 +0100] "GET /img/logo.gif HTTP/1.1" 200 4275 "http://www.frb-berlin.de/" "Mozilla/5.0 (Windows; N; ; fr-BE) AppleWebKit/527+ (KHTML, like Gecko, Safari/419.3) Qt/4.5.3"
194.7.35.200 - - [17/Feb/2015:01:19:49 +0100] "GET /seiten/start.htm HTTP/1.1" 200 9376 "-" "Mozilla/5.0 (Windows NT 6.1; WOW64) AppleWebKit/536.6 (KHTML, like Gecko) Chrome/20.0.1092.0 Safari/536.6"
194.7.35.200 - - [17/Feb/2015:01:19:49 +0100] "GET / HTTP/1.1" 200 1775 "-" "Mozilla/5.0 (Windows NT 6.1; WOW64) AppleWebKit/536.6 (KHTML, like Gecko) Chrome/20.0.1092.0 Safari/536.6"
194.7.35.200 - - [17/Feb/2015:01:19:49 +0100] "GET / HTTP/1.1" 200 1775 "-" "Mozilla/4.0 (compatible: MSIE 7.0; Windows Phone OS 7.0; Trident/3.1; IEMobile/7.0; HTC; 7 Trophy)"
146.0.32.165 - - [17/Feb/2015:01:27:07 +0100] "GET /robots.txt HTTP/1.1" 404 1256 "-" "Mozilla/5.0 (compatible; savetheworldheritage.org/1.0; +crawl@savetheworldheritage.org)"
146.0.32.165 - - [17/Feb/2015:01:27:07 +0100] "GET /seiten/ueber_uns.htm HTTP/1.1" 200 2081 "-" "Mozilla/5.0 (compatible; savetheworldheritage.org/1.0; +crawl@savetheworldheritage.org)"
146.0.32.165 - - [17/Feb/2015:02:15:40 +0100] "GET /robots.txt HTTP/1.1" 404 1256 "-" "Mozilla/5.0 (compatible; savetheworldheritage.org/1.0; +crawl@savetheworldheritage.org)"
146.0.32.165 - - [17/Feb/2015:02:15:40 +0100] "GET /seiten/referenzen.htm HTTP/1.1" 200 3626 "-" "Mozilla/5.0 (compatible; savetheworldheritage.org/1.0; +crawl@savetheworldheritage.org)"
66.249.64.30 - - [17/Feb/2015:02:48:27 +0100] "GET / HTTP/1.1" 200 1775 "-" "Mozilla/5.0 (iPhone; CPU iPhone OS 6_0 like Mac OS X) AppleWebKit/536.26 (KHTML, like Gecko) Version/6.0 Mobile/10A5376e Safari/8536.25 (compatible; Googlebot/2.1; +http://www.google.com/bot.html)"
146.0.32.165 - - [17/Feb/2015:03:02:48 +0100] "GET /robots.txt HTTP/1.1" 404 1256 "-" "Mozilla/5.0 (compatible; savetheworldheritage.org/1.0; +crawl@savetheworldheritage.org)"
146.0.32.165 - - [17/Feb/2015:03:02:48 +0100] "GET /seiten/links.htm HTTP/1.1" 200 1543 "-" "Mozilla/5.0 (compatible; savetheworldheritage.org/1.0; +crawl@savetheworldheritage.org)"
141.8.189.109 - - [17/Feb/2015:03:07:39 +0100] "GET /seiten/start.htm HTTP/1.1" 200 9376 "-" "Mozilla/5.0 (compatible; YandexBot/3.0; +http://yandex.com/bots)"
141.8.147.12 - - [17/Feb/2015:03:41:02 +0100] "GET /robots.txt HTTP/1.1" 404 1256 "-" "Mozilla/5.0 (compatible; YandexBot/3.0; +http://yandex.com/bots)"
141.8.147.23 - - [17/Feb/2015:04:43:33 +0100] "GET /seiten/impressum.htm HTTP/1.1" 200 4734 "-" "Mozilla/5.0 (compatible; YandexBot/3.0; +http://yandex.com/bots)"
66.249.78.100 - - [17/Feb/2015:06:03:31 +0100] "GET /robots.txt HTTP/1.1" 404 1256 "-" "Mozilla/5.0 (compatible; Googlebot/2.1; +http://www.google.com/bot.html)"
66.249.78.100 - - [17/Feb/2015:06:03:31 +0100] "GET / HTTP/1.1" 200 1775 "-" "Mozilla/5.0 (compatible; Googlebot/2.1; +http://www.google.com/bot.html)"
92.198.65.145 - - [17/Feb/2015:08:09:03 +0100] "GET / HTTP/1.1" 200 1775 "-" "Mozilla/5.0 (Macintosh; Intel Mac OS X 10.8; rv:24.0) Gecko/20100101 Firefox/24.0"
92.198.65.145 - - [17/Feb/2015:08:09:04 +0100] "GET /seiten/start.htm HTTP/1.1" 200 9376 "-" "Mozilla/5.0 (compatible; MSIE 10.0; Windows NT 6.1; Trident/6.0)"
80.153.141.175 - - [17/Feb/2015:08:48:18 +0100] "GET / HTTP/1.1" 200 1775 "http://www.google.de/url?sa=t&rct=j&q=&esrc=s&source=web&cd=1&ved=0CCMQFjAA&url=http%3A%2F%2Fwww.frb-berlin.de%2F&ei=MfLiVJKuLcbXyQOsgoIg&usg=AFQjCNFEVYKmiyy1XnWrB0NZi3PeBHpTjA&bvm=bv.85970519,d.bGQ" "Mozilla/5.0 (Windows NT 6.1; WOW64; rv:35.0) Gecko/20100101 Firefox/35.0"
80.153.141.175 - - [17/Feb/2015:08:48:18 +0100] "GET /favicon.ico HTTP/1.1" 404 1256 "-" "Mozilla/5.0 (Windows NT 6.1; WOW64; rv:35.0) Gecko/20100101 Firefox/35.0"
80.153.141.175 - - [17/Feb/2015:08:48:19 +0100] "GET /favicon.ico HTTP/1.1" 404 1256 "-" "Mozilla/5.0 (Windows NT 6.1; WOW64; rv:35.0) Gecko/20100101 Firefox/35.0"
80.153.141.175 - - [17/Feb/2015:08:48:22 +0100] "GET /seiten/start.htm HTTP/1.1" 200 9376 "http://www.frb-berlin.de/" "Mozilla/5.0 (Windows NT 6.1; WOW64; rv:35.0) Gecko/20100101 Firefox/35.0"
80.153.141.175 - - [17/Feb/2015:08:48:22 +0100] "GET /scripte/menu_start.js HTTP/1.1" 200 31217 "http://www.frb-berlin.de/seiten/start.htm" "Mozilla/5.0 (Windows NT 6.1; WOW64; rv:35.0) Gecko/20100101 Firefox/35.0"
80.153.141.175 - - [17/Feb/2015:08:48:22 +0100] "GET /scripte/menu_elemente.js HTTP/1.1" 200 18006 "http://www.frb-berlin.de/seiten/start.htm" "Mozilla/5.0 (Windows NT 6.1; WOW64; rv:35.0) Gecko/20100101 Firefox/35.0"
80.153.141.175 - - [17/Feb/2015:08:48:23 +0100] "GET /img/head.jpg HTTP/1.1" 200 5932 "http://www.frb-berlin.de/seiten/start.htm" "Mozilla/5.0 (Windows NT 6.1; WOW64; rv:35.0) Gecko/20100101 Firefox/35.0"
80.153.141.175 - - [17/Feb/2015:08:48:23 +0100] "GET /seiten/main.htm HTTP/1.1" 200 2319 "http://www.frb-berlin.de/seiten/start.htm" "Mozilla/5.0 (Windows NT 6.1; WOW64; rv:35.0) Gecko/20100101 Firefox/35.0"
80.153.141.175 - - [17/Feb/2015:08:48:23 +0100] "GET /img/lay01.jpg HTTP/1.1" 200 9336 "http://www.frb-berlin.de/seiten/start.htm" "Mozilla/5.0 (Windows NT 6.1; WOW64; rv:35.0) Gecko/20100101 Firefox/35.0"
80.153.141.175 - - [17/Feb/2015:08:48:23 +0100] "GET /img/lay04.jpg HTTP/1.1" 200 6356 "http://www.frb-berlin.de/seiten/start.htm" "Mozilla/5.0 (Windows NT 6.1; WOW64; rv:35.0) Gecko/20100101 Firefox/35.0"
80.153.141.175 - - [17/Feb/2015:08:48:23 +0100] "GET /img/lay05.jpg HTTP/1.1" 200 10183 "http://www.frb-berlin.de/seiten/start.htm" "Mozilla/5.0 (Windows NT 6.1; WOW64; rv:35.0) Gecko/20100101 Firefox/35.0"
80.153.141.175 - - [17/Feb/2015:08:48:23 +0100] "GET /img/lay06.jpg HTTP/1.1" 200 11774 "http://www.frb-berlin.de/seiten/start.htm" "Mozilla/5.0 (Windows NT 6.1; WOW64; rv:35.0) Gecko/20100101 Firefox/35.0"
80.153.141.175 - - [17/Feb/2015:08:48:23 +0100] "GET /img/lay12.jpg HTTP/1.1" 200 394 "http://www.frb-berlin.de/seiten/start.htm" "Mozilla/5.0 (Windows NT 6.1; WOW64; rv:35.0) Gecko/20100101 Firefox/35.0"
80.153.141.175 - - [17/Feb/2015:08:48:23 +0100] "GET /img/lay10.jpg HTTP/1.1" 200 12856 "http://www.frb-berlin.de/seiten/start.htm" "Mozilla/5.0 (Windows NT 6.1; WOW64; rv:35.0) Gecko/20100101 Firefox/35.0"
80.153.141.175 - - [17/Feb/2015:08:48:23 +0100] "GET /img/lay08.jpg HTTP/1.1" 200 10212 "http://www.frb-berlin.de/seiten/start.htm" "Mozilla/5.0 (Windows NT 6.1; WOW64; rv:35.0) Gecko/20100101 Firefox/35.0"
80.153.141.175 - - [17/Feb/2015:08:48:23 +0100] "GET /img/lay07.jpg HTTP/1.1" 200 9742 "http://www.frb-berlin.de/seiten/start.htm" "Mozilla/5.0 (Windows NT 6.1; WOW64; rv:35.0) Gecko/20100101 Firefox/35.0"
80.153.141.175 - - [17/Feb/2015:08:48:23 +0100] "GET /img/farben.jpg HTTP/1.1" 200 14519 "http://www.frb-berlin.de/seiten/main.htm" "Mozilla/5.0 (Windows NT 6.1; WOW64; rv:35.0) Gecko/20100101 Firefox/35.0"
80.153.141.175 - - [17/Feb/2015:08:48:23 +0100] "GET /img/bogen_o1.jpg HTTP/1.1" 200 8356 "http://www.frb-berlin.de/seiten/start.htm" "Mozilla/5.0 (Windows NT 6.1; WOW64; rv:35.0) Gecko/20100101 Firefox/35.0"
80.153.141.175 - - [17/Feb/2015:08:48:24 +0100] "GET /img/lay13.jpg HTTP/1.1" 200 428 "http://www.frb-berlin.de/seiten/start.htm" "Mozilla/5.0 (Windows NT 6.1; WOW64; rv:35.0) Gecko/20100101 Firefox/35.0"
80.153.141.175 - - [17/Feb/2015:08:48:24 +0100] "GET /img/bg_links.jpg HTTP/1.1" 200 8379 "http://www.frb-berlin.de/seiten/start.htm" "Mozilla/5.0 (Windows NT 6.1; WOW64; rv:35.0) Gecko/20100101 Firefox/35.0"
80.153.141.175 - - [17/Feb/2015:08:48:25 +0100] "GET /img/over_logo.jpg HTTP/1.1" 200 5315 "http://www.frb-berlin.de/seiten/start.htm" "Mozilla/5.0 (Windows NT 6.1; WOW64; rv:35.0) Gecko/20100101 Firefox/35.0"
80.153.141.175 - - [17/Feb/2015:08:48:25 +0100] "GET /img/lay03.jpg HTTP/1.1" 200 15205 "http://www.frb-berlin.de/seiten/start.htm" "Mozilla/5.0 (Windows NT 6.1; WOW64; rv:35.0) Gecko/20100101 Firefox/35.0"
80.153.141.175 - - [17/Feb/2015:08:48:25 +0100] "GET /img/lay11.jpg HTTP/1.1" 200 12218 "http://www.frb-berlin.de/seiten/start.htm" "Mozilla/5.0 (Windows NT 6.1; WOW64; rv:35.0) Gecko/20100101 Firefox/35.0"
80.153.141.175 - - [17/Feb/2015:08:48:25 +0100] "GET /img/bg_rechts.jpg HTTP/1.1" 200 346 "http://www.frb-berlin.de/seiten/start.htm" "Mozilla/5.0 (Windows NT 6.1; WOW64; rv:35.0) Gecko/20100101 Firefox/35.0"
