5.9.86.85 - - [14/Dec/2012:08:17:23 +0100] "GET /seiten/referenzen_beton.htm HTTP/1.1" 200 8747 "-" "Mozilla/5.0 (compatible; Infohelfer/1.3.3; +http://www.infohelfer.de/crawler.php)"
5.9.86.85 - - [14/Dec/2012:08:18:23 +0100] "GET /dokumente/ReferenzenMaler.pdf HTTP/1.1" 200 15515 "-" "Mozilla/5.0 (compatible; Infohelfer/1.3.3; +http://www.infohelfer.de/crawler.php)"
5.9.86.85 - - [14/Dec/2012:08:19:24 +0100] "GET /dokumente/ReferenzenWarme.pdf HTTP/1.1" 200 14947 "-" "Mozilla/5.0 (compatible; Infohelfer/1.3.3; +http://www.infohelfer.de/crawler.php)"
5.9.86.85 - - [14/Dec/2012:08:20:24 +0100] "GET /dokumente/ReferenzenBeton.pdf HTTP/1.1" 200 10270 "-" "Mozilla/5.0 (compatible; Infohelfer/1.3.3; +http://www.infohelfer.de/crawler.php)"
173.199.115.35 - - [14/Dec/2012:10:22:43 +0100] "GET /seiten/start.htm HTTP/1.1" 200 9376 "-" "Mozilla/5.0 (compatible; AhrefsBot/4.0; +http://ahrefs.com/robot/)"
61.55.185.105 - - [14/Dec/2012:10:29:53 +0100] "GET / HTTP/1.1" 200 1775 "http://www.frb-berlin.de/" "Mozilla/5.0 (Windows; U; Windows NT 5.1; zh-CN; rv:1.8.0.11) Gecko/20070312 Firefox/1.5.0.11; 360Spider"
37.140.141.34 - - [14/Dec/2012:10:34:46 +0100] "GET /img/top.gif HTTP/1.1" 200 950 "-" "Mozilla/5.0 (compatible; YandexImages/3.0; +http://yandex.com/bots)"
178.154.179.250 - - [14/Dec/2012:10:35:24 +0100] "GET /robots.txt HTTP/1.1" 404 1256 "-" "Mozilla/5.0 (compatible; YandexBot/3.0; +http://yandex.com/bots)"
173.199.115.35 - - [14/Dec/2012:11:04:43 +0100] "GET /seiten/leistungen.htm HTTP/1.1" 200 3710 "-" "Mozilla/5.0 (compatible; AhrefsBot/4.0; +http://ahrefs.com/robot/)"
173.199.115.35 - - [14/Dec/2012:15:22:57 +0100] "GET /seiten/kontakt.php HTTP/1.1" 200 6708 "-" "Mozilla/5.0 (compatible; AhrefsBot/4.0; +http://ahrefs.com/robot/)"
87.123.112.254 - - [14/Dec/2012:15:41:40 +0100] "GET / HTTP/1.1" 200 1775 "http://www.google.de/url?sa=t&rct=j&q=frb&source=web&cd=5&ved=0CFQQFjAE&url=http%3A%2F%2Fwww.frb-berlin.de%2F&ei=VjrLUL7dOcXNtAaZi4DwCg&usg=AFQjCNFEVYKmiyy1XnWrB0NZi3PeBHpTjA&bvm=bv.1355325884,d.Yms" "Mozilla/4.0 (compatible; MSIE 8.0; Windows NT 5.1; Trident/4.0; .NET CLR 1.1.4322; .NET CLR 2.0.50727; .NET CLR 3.0.04506.30; .NET CLR 3.0.04506.648; .NET CLR 3.0.4506.2152; .NET CLR 3.5.30729; InfoPath.1; .NET4.0C; .NET4.0E; OfficeLiveConnector.1.5; OfficeLivePatch.1.3)"
87.123.112.254 - - [14/Dec/2012:15:41:40 +0100] "GET /css/style.css HTTP/1.1" 200 8567 "http://www.frb-berlin.de/" "Mozilla/4.0 (compatible; MSIE 8.0; Windows NT 5.1; Trident/4.0; .NET CLR 1.1.4322; .NET CLR 2.0.50727; .NET CLR 3.0.04506.30; .NET CLR 3.0.04506.648; .NET CLR 3.0.4506.2152; .NET CLR 3.5.30729; InfoPath.1; .NET4.0C; .NET4.0E; OfficeLiveConnector.1.5; OfficeLivePatch.1.3)"
87.123.112.254 - - [14/Dec/2012:15:41:40 +0100] "GET /img/logo.gif HTTP/1.1" 200 4275 "http://www.frb-berlin.de/" "Mozilla/4.0 (compatible; MSIE 8.0; Windows NT 5.1; Trident/4.0; .NET CLR 1.1.4322; .NET CLR 2.0.50727; .NET CLR 3.0.04506.30; .NET CLR 3.0.04506.648; .NET CLR 3.0.4506.2152; .NET CLR 3.5.30729; InfoPath.1; .NET4.0C; .NET4.0E; OfficeLiveConnector.1.5; OfficeLivePatch.1.3)"
87.123.112.254 - - [14/Dec/2012:15:41:40 +0100] "GET /favicon.ico HTTP/1.1" 404 1256 "-" "Mozilla/4.0 (compatible; MSIE 8.0; Windows NT 5.1; Trident/4.0; .NET CLR 1.1.4322; .NET CLR 2.0.50727; .NET CLR 3.0.04506.30; .NET CLR 3.0.04506.648; .NET CLR 3.0.4506.2152; .NET CLR 3.5.30729; InfoPath.1; .NET4.0C; .NET4.0E; OfficeLiveConnector.1.5; OfficeLivePatch.1.3)"
87.123.112.254 - - [14/Dec/2012:15:41:45 +0100] "GET /seiten/start.htm HTTP/1.1" 200 9376 "http://www.frb-berlin.de/" "Mozilla/4.0 (compatible; MSIE 8.0; Windows NT 5.1; Trident/4.0; .NET CLR 1.1.4322; .NET CLR 2.0.50727; .NET CLR 3.0.04506.30; .NET CLR 3.0.04506.648; .NET CLR 3.0.4506.2152; .NET CLR 3.5.30729; InfoPath.1; .NET4.0C; .NET4.0E; OfficeLiveConnector.1.5; OfficeLivePatch.1.3)"
87.123.112.254 - - [14/Dec/2012:15:41:45 +0100] "GET /scripte/menu_start.js HTTP/1.1" 200 31217 "http://www.frb-berlin.de/seiten/start.htm" "Mozilla/4.0 (compatible; MSIE 8.0; Windows NT 5.1; Trident/4.0; .NET CLR 1.1.4322; .NET CLR 2.0.50727; .NET CLR 3.0.04506.30; .NET CLR 3.0.04506.648; .NET CLR 3.0.4506.2152; .NET CLR 3.5.30729; InfoPath.1; .NET4.0C; .NET4.0E; OfficeLiveConnector.1.5; OfficeLivePatch.1.3)"
87.123.112.254 - - [14/Dec/2012:15:41:45 +0100] "GET /scripte/menu_elemente.js HTTP/1.1" 200 18006 "http://www.frb-berlin.de/seiten/start.htm" "Mozilla/4.0 (compatible; MSIE 8.0; Windows NT 5.1; Trident/4.0; .NET CLR 1.1.4322; .NET CLR 2.0.50727; .NET CLR 3.0.04506.30; .NET CLR 3.0.04506.648; .NET CLR 3.0.4506.2152; .NET CLR 3.5.30729; InfoPath.1; .NET4.0C; .NET4.0E; OfficeLiveConnector.1.5; OfficeLivePatch.1.3)"
87.123.112.254 - - [14/Dec/2012:15:41:52 +0100] "GET /img/head.jpg HTTP/1.1" 200 5932 "http://www.frb-berlin.de/seiten/start.htm" "Mozilla/4.0 (compatible; MSIE 8.0; Windows NT 5.1; Trident/4.0; .NET CLR 1.1.4322; .NET CLR 2.0.50727; .NET CLR 3.0.04506.30; .NET CLR 3.0.04506.648; .NET CLR 3.0.4506.2152; .NET CLR 3.5.30729; InfoPath.1; .NET4.0C; .NET4.0E; OfficeLiveConnector.1.5; OfficeLivePatch.1.3)"
87.123.112.254 - - [14/Dec/2012:15:41:52 +0100] "GET /img/lay01.jpg HTTP/1.1" 200 9336 "http://www.frb-berlin.de/seiten/start.htm" "Mozilla/4.0 (compatible; MSIE 8.0; Windows NT 5.1; Trident/4.0; .NET CLR 1.1.4322; .NET CLR 2.0.50727; .NET CLR 3.0.04506.30; .NET CLR 3.0.04506.648; .NET CLR 3.0.4506.2152; .NET CLR 3.5.30729; InfoPath.1; .NET4.0C; .NET4.0E; OfficeLiveConnector.1.5; OfficeLivePatch.1.3)"
87.123.112.254 - - [14/Dec/2012:15:41:52 +0100] "GET /img/over_logo.jpg HTTP/1.1" 200 5315 "http://www.frb-berlin.de/seiten/start.htm" "Mozilla/4.0 (compatible; MSIE 8.0; Windows NT 5.1; Trident/4.0; .NET CLR 1.1.4322; .NET CLR 2.0.50727; .NET CLR 3.0.04506.30; .NET CLR 3.0.04506.648; .NET CLR 3.0.4506.2152; .NET CLR 3.5.30729; InfoPath.1; .NET4.0C; .NET4.0E; OfficeLiveConnector.1.5; OfficeLivePatch.1.3)"
87.123.112.254 - - [14/Dec/2012:15:41:52 +0100] "GET /img/lay05.jpg HTTP/1.1" 200 10183 "http://www.frb-berlin.de/seiten/start.htm" "Mozilla/4.0 (compatible; MSIE 8.0; Windows NT 5.1; Trident/4.0; .NET CLR 1.1.4322; .NET CLR 2.0.50727; .NET CLR 3.0.04506.30; .NET CLR 3.0.04506.648; .NET CLR 3.0.4506.2152; .NET CLR 3.5.30729; InfoPath.1; .NET4.0C; .NET4.0E; OfficeLiveConnector.1.5; OfficeLivePatch.1.3)"
87.123.112.254 - - [14/Dec/2012:15:41:52 +0100] "GET /img/1px.gif HTTP/1.1" 200 43 "http://www.frb-berlin.de/seiten/start.htm" "Mozilla/4.0 (compatible; MSIE 8.0; Windows NT 5.1; Trident/4.0; .NET CLR 1.1.4322; .NET CLR 2.0.50727; .NET CLR 3.0.04506.30; .NET CLR 3.0.04506.648; .NET CLR 3.0.4506.2152; .NET CLR 3.5.30729; InfoPath.1; .NET4.0C; .NET4.0E; OfficeLiveConnector.1.5; OfficeLivePatch.1.3)"
87.123.112.254 - - [14/Dec/2012:15:41:52 +0100] "GET /img/lay04.jpg HTTP/1.1" 200 6356 "http://www.frb-berlin.de/seiten/start.htm" "Mozilla/4.0 (compatible; MSIE 8.0; Windows NT 5.1; Trident/4.0; .NET CLR 1.1.4322; .NET CLR 2.0.50727; .NET CLR 3.0.04506.30; .NET CLR 3.0.04506.648; .NET CLR 3.0.4506.2152; .NET CLR 3.5.30729; InfoPath.1; .NET4.0C; .NET4.0E; OfficeLiveConnector.1.5; OfficeLivePatch.1.3)"
87.123.112.254 - - [14/Dec/2012:15:41:52 +0100] "GET /seiten/main.htm HTTP/1.1" 200 2319 "http://www.frb-berlin.de/seiten/start.htm" "Mozilla/4.0 (compatible; MSIE 8.0; Windows NT 5.1; Trident/4.0; .NET CLR 1.1.4322; .NET CLR 2.0.50727; .NET CLR 3.0.04506.30; .NET CLR 3.0.04506.648; .NET CLR 3.0.4506.2152; .NET CLR 3.5.30729; InfoPath.1; .NET4.0C; .NET4.0E; OfficeLiveConnector.1.5; OfficeLivePatch.1.3)"
87.123.112.254 - - [14/Dec/2012:15:41:52 +0100] "GET /img/lay03.jpg HTTP/1.1" 200 15205 "http://www.frb-berlin.de/seiten/start.htm" "Mozilla/4.0 (compatible; MSIE 8.0; Windows NT 5.1; Trident/4.0; .NET CLR 1.1.4322; .NET CLR 2.0.50727; .NET CLR 3.0.04506.30; .NET CLR 3.0.04506.648; .NET CLR 3.0.4506.2152; .NET CLR 3.5.30729; InfoPath.1; .NET4.0C; .NET4.0E; OfficeLiveConnector.1.5; OfficeLivePatch.1.3)"
87.123.112.254 - - [14/Dec/2012:15:41:52 +0100] "GET /img/lay06.jpg HTTP/1.1" 200 11774 "http://www.frb-berlin.de/seiten/start.htm" "Mozilla/4.0 (compatible; MSIE 8.0; Windows NT 5.1; Trident/4.0; .NET CLR 1.1.4322; .NET CLR 2.0.50727; .NET CLR 3.0.04506.30; .NET CLR 3.0.04506.648; .NET CLR 3.0.4506.2152; .NET CLR 3.5.30729; InfoPath.1; .NET4.0C; .NET4.0E; OfficeLiveConnector.1.5; OfficeLivePatch.1.3)"
87.123.112.254 - - [14/Dec/2012:15:41:52 +0100] "GET /img/lay07.jpg HTTP/1.1" 200 9742 "http://www.frb-berlin.de/seiten/start.htm" "Mozilla/4.0 (compatible; MSIE 8.0; Windows NT 5.1; Trident/4.0; .NET CLR 1.1.4322; .NET CLR 2.0.50727; .NET CLR 3.0.04506.30; .NET CLR 3.0.04506.648; .NET CLR 3.0.4506.2152; .NET CLR 3.5.30729; InfoPath.1; .NET4.0C; .NET4.0E; OfficeLiveConnector.1.5; OfficeLivePatch.1.3)"
87.123.112.254 - - [14/Dec/2012:15:41:52 +0100] "GET /img/bg_links.jpg HTTP/1.1" 200 8379 "http://www.frb-berlin.de/seiten/start.htm" "Mozilla/4.0 (compatible; MSIE 8.0; Windows NT 5.1; Trident/4.0; .NET CLR 1.1.4322; .NET CLR 2.0.50727; .NET CLR 3.0.04506.30; .NET CLR 3.0.04506.648; .NET CLR 3.0.4506.2152; .NET CLR 3.5.30729; InfoPath.1; .NET4.0C; .NET4.0E; OfficeLiveConnector.1.5; OfficeLivePatch.1.3)"
87.123.112.254 - - [14/Dec/2012:15:41:52 +0100] "GET /img/lay08.jpg HTTP/1.1" 200 10212 "http://www.frb-berlin.de/seiten/start.htm" "Mozilla/4.0 (compatible; MSIE 8.0; Windows NT 5.1; Trident/4.0; .NET CLR 1.1.4322; .NET CLR 2.0.50727; .NET CLR 3.0.04506.30; .NET CLR 3.0.04506.648; .NET CLR 3.0.4506.2152; .NET CLR 3.5.30729; InfoPath.1; .NET4.0C; .NET4.0E; OfficeLiveConnector.1.5; OfficeLivePatch.1.3)"
87.123.112.254 - - [14/Dec/2012:15:41:52 +0100] "GET /img/lay10.jpg HTTP/1.1" 200 12856 "http://www.frb-berlin.de/seiten/start.htm" "Mozilla/4.0 (compatible; MSIE 8.0; Windows NT 5.1; Trident/4.0; .NET CLR 1.1.4322; .NET CLR 2.0.50727; .NET CLR 3.0.04506.30; .NET CLR 3.0.04506.648; .NET CLR 3.0.4506.2152; .NET CLR 3.5.30729; InfoPath.1; .NET4.0C; .NET4.0E; OfficeLiveConnector.1.5; OfficeLivePatch.1.3)"
87.123.112.254 - - [14/Dec/2012:15:41:52 +0100] "GET /img/bogen_o1.jpg HTTP/1.1" 200 8356 "http://www.frb-berlin.de/seiten/start.htm" "Mozilla/4.0 (compatible; MSIE 8.0; Windows NT 5.1; Trident/4.0; .NET CLR 1.1.4322; .NET CLR 2.0.50727; .NET CLR 3.0.04506.30; .NET CLR 3.0.04506.648; .NET CLR 3.0.4506.2152; .NET CLR 3.5.30729; InfoPath.1; .NET4.0C; .NET4.0E; OfficeLiveConnector.1.5; OfficeLivePatch.1.3)"
87.123.112.254 - - [14/Dec/2012:15:41:52 +0100] "GET /img/lay12.jpg HTTP/1.1" 200 394 "http://www.frb-berlin.de/seiten/start.htm" "Mozilla/4.0 (compatible; MSIE 8.0; Windows NT 5.1; Trident/4.0; .NET CLR 1.1.4322; .NET CLR 2.0.50727; .NET CLR 3.0.04506.30; .NET CLR 3.0.04506.648; .NET CLR 3.0.4506.2152; .NET CLR 3.5.30729; InfoPath.1; .NET4.0C; .NET4.0E; OfficeLiveConnector.1.5; OfficeLivePatch.1.3)"
87.123.112.254 - - [14/Dec/2012:15:41:52 +0100] "GET /img/lay13.jpg HTTP/1.1" 200 428 "http://www.frb-berlin.de/seiten/start.htm" "Mozilla/4.0 (compatible; MSIE 8.0; Windows NT 5.1; Trident/4.0; .NET CLR 1.1.4322; .NET CLR 2.0.50727; .NET CLR 3.0.04506.30; .NET CLR 3.0.04506.648; .NET CLR 3.0.4506.2152; .NET CLR 3.5.30729; InfoPath.1; .NET4.0C; .NET4.0E; OfficeLiveConnector.1.5; OfficeLivePatch.1.3)"
87.123.112.254 - - [14/Dec/2012:15:41:52 +0100] "GET /img/bg_rechts.jpg HTTP/1.1" 200 346 "http://www.frb-berlin.de/seiten/start.htm" "Mozilla/4.0 (compatible; MSIE 8.0; Windows NT 5.1; Trident/4.0; .NET CLR 1.1.4322; .NET CLR 2.0.50727; .NET CLR 3.0.04506.30; .NET CLR 3.0.04506.648; .NET CLR 3.0.4506.2152; .NET CLR 3.5.30729; InfoPath.1; .NET4.0C; .NET4.0E; OfficeLiveConnector.1.5; OfficeLivePatch.1.3)"
87.123.112.254 - - [14/Dec/2012:15:41:52 +0100] "GET /img/lay11.jpg HTTP/1.1" 200 12218 "http://www.frb-berlin.de/seiten/start.htm" "Mozilla/4.0 (compatible; MSIE 8.0; Windows NT 5.1; Trident/4.0; .NET CLR 1.1.4322; .NET CLR 2.0.50727; .NET CLR 3.0.04506.30; .NET CLR 3.0.04506.648; .NET CLR 3.0.4506.2152; .NET CLR 3.5.30729; InfoPath.1; .NET4.0C; .NET4.0E; OfficeLiveConnector.1.5; OfficeLivePatch.1.3)"
87.123.112.254 - - [14/Dec/2012:15:41:52 +0100] "GET /img/farben.jpg HTTP/1.1" 200 14519 "http://www.frb-berlin.de/seiten/main.htm" "Mozilla/4.0 (compatible; MSIE 8.0; Windows NT 5.1; Trident/4.0; .NET CLR 1.1.4322; .NET CLR 2.0.50727; .NET CLR 3.0.04506.30; .NET CLR 3.0.04506.648; .NET CLR 3.0.4506.2152; .NET CLR 3.5.30729; InfoPath.1; .NET4.0C; .NET4.0E; OfficeLiveConnector.1.5; OfficeLivePatch.1.3)"
87.123.112.254 - - [14/Dec/2012:15:41:53 +0100] "GET /favicon.ico HTTP/1.1" 404 1256 "-" "Mozilla/4.0 (compatible; MSIE 8.0; Windows NT 5.1; Trident/4.0; .NET CLR 1.1.4322; .NET CLR 2.0.50727; .NET CLR 3.0.04506.30; .NET CLR 3.0.04506.648; .NET CLR 3.0.4506.2152; .NET CLR 3.5.30729; InfoPath.1; .NET4.0C; .NET4.0E; OfficeLiveConnector.1.5; OfficeLivePatch.1.3)"
87.123.112.254 - - [14/Dec/2012:15:41:53 +0100] "GET /img/favorit_a.gif HTTP/1.1" 200 175 "http://www.frb-berlin.de/seiten/start.htm" "Mozilla/4.0 (compatible; MSIE 8.0; Windows NT 5.1; Trident/4.0; .NET CLR 1.1.4322; .NET CLR 2.0.50727; .NET CLR 3.0.04506.30; .NET CLR 3.0.04506.648; .NET CLR 3.0.4506.2152; .NET CLR 3.5.30729; InfoPath.1; .NET4.0C; .NET4.0E; OfficeLiveConnector.1.5; OfficeLivePatch.1.3)"
87.123.112.254 - - [14/Dec/2012:15:41:58 +0100] "GET /seiten/kontakt.php HTTP/1.1" 200 6708 "http://www.frb-berlin.de/seiten/start.htm" "Mozilla/4.0 (compatible; MSIE 8.0; Windows NT 5.1; Trident/4.0; .NET CLR 1.1.4322; .NET CLR 2.0.50727; .NET CLR 3.0.04506.30; .NET CLR 3.0.04506.648; .NET CLR 3.0.4506.2152; .NET CLR 3.5.30729; InfoPath.1; .NET4.0C; .NET4.0E; OfficeLiveConnector.1.5; OfficeLivePatch.1.3)"
87.123.112.254 - - [14/Dec/2012:15:42:00 +0100] "GET /seiten/referenzen.htm HTTP/1.1" 200 3626 "http://www.frb-berlin.de/seiten/start.htm" "Mozilla/4.0 (compatible; MSIE 8.0; Windows NT 5.1; Trident/4.0; .NET CLR 1.1.4322; .NET CLR 2.0.50727; .NET CLR 3.0.04506.30; .NET CLR 3.0.04506.648; .NET CLR 3.0.4506.2152; .NET CLR 3.5.30729; InfoPath.1; .NET4.0C; .NET4.0E; OfficeLiveConnector.1.5; OfficeLivePatch.1.3)"
87.123.112.254 - - [14/Dec/2012:15:42:00 +0100] "GET /img/pdf.gif HTTP/1.1" 200 286 "http://www.frb-berlin.de/seiten/referenzen.htm" "Mozilla/4.0 (compatible; MSIE 8.0; Windows NT 5.1; Trident/4.0; .NET CLR 1.1.4322; .NET CLR 2.0.50727; .NET CLR 3.0.04506.30; .NET CLR 3.0.04506.648; .NET CLR 3.0.4506.2152; .NET CLR 3.5.30729; InfoPath.1; .NET4.0C; .NET4.0E; OfficeLiveConnector.1.5; OfficeLivePatch.1.3)"
87.123.112.254 - - [14/Dec/2012:15:42:00 +0100] "GET /img/hg.jpg HTTP/1.1" 200 7507 "http://www.frb-berlin.de/seiten/referenzen.htm" "Mozilla/4.0 (compatible; MSIE 8.0; Windows NT 5.1; Trident/4.0; .NET CLR 1.1.4322; .NET CLR 2.0.50727; .NET CLR 3.0.04506.30; .NET CLR 3.0.04506.648; .NET CLR 3.0.4506.2152; .NET CLR 3.5.30729; InfoPath.1; .NET4.0C; .NET4.0E; OfficeLiveConnector.1.5; OfficeLivePatch.1.3)"
87.123.112.254 - - [14/Dec/2012:15:42:02 +0100] "GET /seiten/leistungen.htm HTTP/1.1" 200 3710 "http://www.frb-berlin.de/seiten/start.htm" "Mozilla/4.0 (compatible; MSIE 8.0; Windows NT 5.1; Trident/4.0; .NET CLR 1.1.4322; .NET CLR 2.0.50727; .NET CLR 3.0.04506.30; .NET CLR 3.0.04506.648; .NET CLR 3.0.4506.2152; .NET CLR 3.5.30729; InfoPath.1; .NET4.0C; .NET4.0E; OfficeLiveConnector.1.5; OfficeLivePatch.1.3)"
87.123.112.254 - - [14/Dec/2012:15:42:03 +0100] "GET /seiten/ausbildung.htm HTTP/1.1" 200 2131 "http://www.frb-berlin.de/seiten/start.htm" "Mozilla/4.0 (compatible; MSIE 8.0; Windows NT 5.1; Trident/4.0; .NET CLR 1.1.4322; .NET CLR 2.0.50727; .NET CLR 3.0.04506.30; .NET CLR 3.0.04506.648; .NET CLR 3.0.4506.2152; .NET CLR 3.5.30729; InfoPath.1; .NET4.0C; .NET4.0E; OfficeLiveConnector.1.5; OfficeLivePatch.1.3)"
87.123.112.254 - - [14/Dec/2012:15:42:04 +0100] "GET /seiten/ueber_uns.htm HTTP/1.1" 200 2081 "http://www.frb-berlin.de/seiten/start.htm" "Mozilla/4.0 (compatible; MSIE 8.0; Windows NT 5.1; Trident/4.0; .NET CLR 1.1.4322; .NET CLR 2.0.50727; .NET CLR 3.0.04506.30; .NET CLR 3.0.04506.648; .NET CLR 3.0.4506.2152; .NET CLR 3.5.30729; InfoPath.1; .NET4.0C; .NET4.0E; OfficeLiveConnector.1.5; OfficeLivePatch.1.3)"
87.123.112.254 - - [14/Dec/2012:15:42:55 +0100] "GET /seiten/kontakt.php HTTP/1.1" 200 6708 "http://www.frb-berlin.de/seiten/start.htm" "Mozilla/4.0 (compatible; MSIE 8.0; Windows NT 5.1; Trident/4.0; .NET CLR 1.1.4322; .NET CLR 2.0.50727; .NET CLR 3.0.04506.30; .NET CLR 3.0.04506.648; .NET CLR 3.0.4506.2152; .NET CLR 3.5.30729; InfoPath.1; .NET4.0C; .NET4.0E; OfficeLiveConnector.1.5; OfficeLivePatch.1.3)"
87.123.112.254 - - [14/Dec/2012:15:42:57 +0100] "GET /seiten/kontakt.php HTTP/1.1" 200 6708 "http://www.frb-berlin.de/seiten/start.htm" "Mozilla/4.0 (compatible; MSIE 8.0; Windows NT 5.1; Trident/4.0; .NET CLR 1.1.4322; .NET CLR 2.0.50727; .NET CLR 3.0.04506.30; .NET CLR 3.0.04506.648; .NET CLR 3.0.4506.2152; .NET CLR 3.5.30729; InfoPath.1; .NET4.0C; .NET4.0E; OfficeLiveConnector.1.5; OfficeLivePatch.1.3)"
173.199.115.35 - - [14/Dec/2012:16:05:48 +0100] "GET /seiten/referenzen_beton.htm HTTP/1.1" 200 8747 "-" "Mozilla/5.0 (compatible; AhrefsBot/4.0; +http://ahrefs.com/robot/)"
37.140.141.34 - - [14/Dec/2012:16:15:57 +0100] "GET /img/lay13.jpg HTTP/1.1" 200 428 "-" "Mozilla/5.0 (compatible; YandexImages/3.0; +http://yandex.com/bots)"
173.199.115.35 - - [14/Dec/2012:16:43:26 +0100] "GET / HTTP/1.1" 200 1775 "-" "Mozilla/5.0 (compatible; AhrefsBot/4.0; +http://ahrefs.com/robot/)"
173.199.115.35 - - [14/Dec/2012:17:34:10 +0100] "GET /dokumente/ReferenzenMaler.pdf HTTP/1.1" 200 15515 "-" "Mozilla/5.0 (compatible; AhrefsBot/4.0; +http://ahrefs.com/robot/)"
85.13.131.53 - - [14/Dec/2012:17:47:38 +0100] "GET / HTTP/1.0" 200 1775 "-" "-"
85.13.131.53 - - [14/Dec/2012:17:47:39 +0100] "GET / HTTP/1.0" 200 1775 "-" "-"
173.199.115.35 - - [14/Dec/2012:21:21:50 +0100] "GET /seiten/referenzen_waerme.htm HTTP/1.1" 200 35661 "-" "Mozilla/5.0 (compatible; AhrefsBot/4.0; +http://ahrefs.com/robot/)"
61.55.185.103 - - [14/Dec/2012:22:32:11 +0100] "GET / HTTP/1.1" 200 1775 "http://www.frb-berlin.de/" "Mozilla/5.0 (Windows; U; Windows NT 5.1; zh-CN; rv:1.8.0.11) Gecko/20070312 Firefox/1.5.0.11; 360Spider"
37.140.141.34 - - [14/Dec/2012:23:39:44 +0100] "GET /img/lay12.jpg HTTP/1.1" 200 394 "-" "Mozilla/5.0 (compatible; YandexImages/3.0; +http://yandex.com/bots)"
50.16.136.93 - - [15/Dec/2012:00:48:02 +0100] "GET / HTTP/1.0" 200 1775 "go-profitclicking.com" "-"
64.56.64.136 - - [15/Dec/2012:01:51:30 +0100] "GET /robots.txt HTTP/1.0" 404 1256 "-" "Mozilla/5.0 (compatible; MJ12bot/v1.4.3; http://www.majestic12.co.uk/bot.php?+)"
64.56.64.136 - - [15/Dec/2012:01:51:32 +0100] "GET / HTTP/1.0" 200 1775 "-" "Mozilla/5.0 (compatible; MJ12bot/v1.4.3; http://www.majestic12.co.uk/bot.php?+)"
180.153.236.181 - - [15/Dec/2012:03:25:38 +0100] "GET / HTTP/1.1" 200 1775 "http://www.frb-berlin.de/" "Mozilla/5.0 (Windows; U; Windows NT 5.1; zh-CN; rv:1.8.0.11) Gecko/20070312 Firefox/1.5.0.11; 360Spider"
93.220.215.143 - - [15/Dec/2012:06:11:43 +0100] "GET / HTTP/1.1" 200 1775 "-" "Mozilla/4.0+(compatible;+MSIE+7.0;+Windows+NT+5.1)"
93.220.215.143 - - [15/Dec/2012:06:11:56 +0100] "GET /seiten/start.htm HTTP/1.1" 200 9376 "-" "Mozilla/4.0 (compatible; MSIE 8.0; Windows NT 6.0; .NET CLR 1.1.4322; .NET CLR 2.0.50727)"
93.220.215.143 - - [15/Dec/2012:06:11:56 +0100] "GET /seiten/main.htm HTTP/1.1" 200 2319 "-" "Mozilla/4.0 (compatible; MSIE 7.0; Windows NT 6.0; WOW64; SLCC1; .NET CLR 2.0.50727; .NET CLR 1.1.4322)"
93.220.215.143 - - [15/Dec/2012:06:12:01 +0100] "GET /seiten/impressum.htm HTTP/1.1" 200 4734 "-" "Mozilla/5.0 (Windows; U; Windows NT 5.1; de; rv:1.9.0.10) Gecko/2009042316 Firefox/3.0.10 (.NET CLR 3.5.30729)"
173.199.118.35 - - [15/Dec/2012:09:31:59 +0100] "GET /robots.txt HTTP/1.1" 404 1256 "-" "Mozilla/5.0 (compatible; AhrefsBot/4.0; +http://ahrefs.com/robot/)"
65.55.52.108 - - [15/Dec/2012:09:45:46 +0100] "GET /robots.txt HTTP/1.1" 404 1256 "-" "Mozilla/5.0 (compatible; bingbot/2.0; +http://www.bing.com/bingbot.htm)"
37.140.141.34 - - [15/Dec/2012:09:47:05 +0100] "GET /robots.txt HTTP/1.1" 404 1256 "-" "Mozilla/5.0 (compatible; YandexImages/3.0; +http://yandex.com/bots)"
65.55.52.108 - - [15/Dec/2012:09:48:48 +0100] "GET / HTTP/1.1" 200 1775 "-" "Mozilla/5.0 (compatible; bingbot/2.0; +http://www.bing.com/bingbot.htm)"
157.55.35.113 - - [15/Dec/2012:11:07:46 +0100] "GET /robots.txt HTTP/1.1" 404 1256 "-" "Mozilla/5.0 (compatible; bingbot/2.0; +http://www.bing.com/bingbot.htm)"
157.55.35.113 - - [15/Dec/2012:11:09:41 +0100] "GET /seiten/ausbildung.htm HTTP/1.1" 200 2131 "-" "Mozilla/5.0 (compatible; bingbot/2.0; +http://www.bing.com/bingbot.htm)"
92.225.165.200 - - [15/Dec/2012:13:59:00 +0100] "GET / HTTP/1.1" 200 1775 "http://www.google.de/url?sa=t&rct=j&q=&esrc=s&source=web&cd=6&ved=0CIgBEBYwBQ&url=http%3A%2F%2Fwww.frb-berlin.de%2F&ei=EXLMULfDFMrOswbYnYGQCw&usg=AFQjCNFEVYKmiyy1XnWrB0NZi3PeBHpTjA&sig2=Vg5O8UgnrUbQ2jht9Nq_6Q&bvm=bv.1355325884,d.Yms" "Mozilla/5.0 (Windows NT 6.1; WOW64; rv:17.0) Gecko/20100101 Firefox/17.0"
92.225.165.200 - - [15/Dec/2012:13:59:00 +0100] "GET /css/style.css HTTP/1.1" 200 8567 "http://www.frb-berlin.de/" "Mozilla/5.0 (Windows NT 6.1; WOW64; rv:17.0) Gecko/20100101 Firefox/17.0"
92.225.165.200 - - [15/Dec/2012:13:59:00 +0100] "GET /img/logo.gif HTTP/1.1" 200 4275 "http://www.frb-berlin.de/" "Mozilla/5.0 (Windows NT 6.1; WOW64; rv:17.0) Gecko/20100101 Firefox/17.0"
92.225.165.200 - - [15/Dec/2012:13:59:00 +0100] "GET /favicon.ico HTTP/1.1" 404 1256 "-" "Mozilla/5.0 (Windows NT 6.1; WOW64; rv:17.0) Gecko/20100101 Firefox/17.0"
92.225.165.200 - - [15/Dec/2012:13:59:00 +0100] "GET /favicon.ico HTTP/1.1" 404 1256 "-" "Mozilla/5.0 (Windows NT 6.1; WOW64; rv:17.0) Gecko/20100101 Firefox/17.0"
180.153.236.181 - - [15/Dec/2012:15:17:41 +0100] "GET / HTTP/1.1" 200 1775 "http://www.frb-berlin.de/" "Mozilla/5.0 (Windows; U; Windows NT 5.1; zh-CN; rv:1.8.0.11) Gecko/20070312 Firefox/1.5.0.11; 360Spider"
66.249.75.202 - - [15/Dec/2012:15:29:49 +0100] "GET /robots.txt HTTP/1.1" 404 1256 "-" "Mozilla/5.0 (compatible; Googlebot/2.1; +http://www.google.com/bot.html)"
66.249.75.202 - - [15/Dec/2012:15:29:49 +0100] "GET / HTTP/1.1" 200 1775 "-" "SAMSUNG-SGH-E250/1.0 Profile/MIDP-2.0 Configuration/CLDC-1.1 UP.Browser/6.2.3.3.c.1.101 (GUI) MMP/2.0 (compatible; Googlebot-Mobile/2.1; +http://www.google.com/bot.html)"
173.199.114.99 - - [15/Dec/2012:17:43:35 +0100] "GET /seiten/referenzen.htm HTTP/1.1" 200 3626 "-" "Mozilla/5.0 (compatible; AhrefsBot/4.0; +http://ahrefs.com/robot/)"
5.9.125.26 - - [15/Dec/2012:17:54:45 +0100] "GET /robots.txt HTTP/1.1" 404 1256 "-" "Mozilla/5.0 (compatible; SISTRIX Crawler; http://crawler.sistrix.net/)"
5.9.125.26 - - [15/Dec/2012:17:54:45 +0100] "GET / HTTP/1.1" 200 1775 "-" "Mozilla/5.0 (compatible; SISTRIX Crawler; http://crawler.sistrix.net/)"
5.9.125.26 - - [15/Dec/2012:17:54:45 +0100] "GET /seiten/start.htm HTTP/1.1" 200 9376 "-" "Mozilla/5.0 (compatible; SISTRIX Crawler; http://crawler.sistrix.net/)"
5.9.125.26 - - [15/Dec/2012:17:54:45 +0100] "GET /seiten/kontakt.php HTTP/1.1" 200 6708 "-" "Mozilla/5.0 (compatible; SISTRIX Crawler; http://crawler.sistrix.net/)"
5.9.125.26 - - [15/Dec/2012:17:54:45 +0100] "GET /seiten/ausbildung.htm HTTP/1.1" 200 2131 "-" "Mozilla/5.0 (compatible; SISTRIX Crawler; http://crawler.sistrix.net/)"
5.9.125.26 - - [15/Dec/2012:17:54:45 +0100] "GET /seiten/referenzen.htm HTTP/1.1" 200 3626 "-" "Mozilla/5.0 (compatible; SISTRIX Crawler; http://crawler.sistrix.net/)"
5.9.125.26 - - [15/Dec/2012:17:54:45 +0100] "GET /seiten/main.htm HTTP/1.1" 200 2319 "-" "Mozilla/5.0 (compatible; SISTRIX Crawler; http://crawler.sistrix.net/)"
5.9.125.26 - - [15/Dec/2012:17:54:46 +0100] "GET /seiten/links.htm HTTP/1.1" 200 1543 "-" "Mozilla/5.0 (compatible; SISTRIX Crawler; http://crawler.sistrix.net/)"
5.9.125.26 - - [15/Dec/2012:17:54:46 +0100] "GET /seiten/ueber_uns.htm HTTP/1.1" 200 2081 "-" "Mozilla/5.0 (compatible; SISTRIX Crawler; http://crawler.sistrix.net/)"
5.9.125.26 - - [15/Dec/2012:17:54:46 +0100] "GET /seiten/impressum.htm HTTP/1.1" 200 4734 "-" "Mozilla/5.0 (compatible; SISTRIX Crawler; http://crawler.sistrix.net/)"
5.9.125.26 - - [15/Dec/2012:17:54:46 +0100] "GET /seiten/leistungen.htm HTTP/1.1" 200 3710 "-" "Mozilla/5.0 (compatible; SISTRIX Crawler; http://crawler.sistrix.net/)"
5.9.125.26 - - [15/Dec/2012:17:54:46 +0100] "GET /seiten/referenzen_beton.htm HTTP/1.1" 200 8747 "-" "Mozilla/5.0 (compatible; SISTRIX Crawler; http://crawler.sistrix.net/)"
5.9.125.26 - - [15/Dec/2012:17:54:46 +0100] "GET /seiten/ausbildung2.htm HTTP/1.1" 200 4821 "-" "Mozilla/5.0 (compatible; SISTRIX Crawler; http://crawler.sistrix.net/)"
5.9.125.26 - - [15/Dec/2012:17:54:46 +0100] "GET /seiten/referenzen_waerme.htm HTTP/1.1" 200 35661 "-" "Mozilla/5.0 (compatible; SISTRIX Crawler; http://crawler.sistrix.net/)"
5.9.125.26 - - [15/Dec/2012:17:54:46 +0100] "GET /seiten/ausbildung3.htm HTTP/1.1" 200 6331 "-" "Mozilla/5.0 (compatible; SISTRIX Crawler; http://crawler.sistrix.net/)"
5.9.125.26 - - [15/Dec/2012:17:54:46 +0100] "GET /seiten/referenzen_maler.htm HTTP/1.1" 200 51839 "-" "Mozilla/5.0 (compatible; SISTRIX Crawler; http://crawler.sistrix.net/)"
173.199.114.99 - - [15/Dec/2012:18:53:53 +0100] "GET / HTTP/1.1" 200 1775 "-" "Mozilla/5.0 (compatible; AhrefsBot/4.0; +http://ahrefs.com/robot/)"
84.135.120.253 - - [15/Dec/2012:19:36:58 +0100] "GET / HTTP/1.1" 200 1775 "http://web2.cylex.de/reviews/viewcompanywebsite.aspx?firmaName=frb-fassadenrenovierung-gmbh&companyId=5214736" "Mozilla/5.0 (compatible; MSIE 9.0; Windows NT 6.1; WOW64; Trident/5.0)"
84.135.120.253 - - [15/Dec/2012:19:36:58 +0100] "GET /css/style.css HTTP/1.1" 200 8567 "http://www.frb-berlin.de/" "Mozilla/5.0 (compatible; MSIE 9.0; Windows NT 6.1; WOW64; Trident/5.0)"
84.135.120.253 - - [15/Dec/2012:19:36:58 +0100] "GET /img/logo.gif HTTP/1.1" 200 4275 "http://www.frb-berlin.de/" "Mozilla/5.0 (compatible; MSIE 9.0; Windows NT 6.1; WOW64; Trident/5.0)"
85.214.21.33 - - [15/Dec/2012:19:44:15 +0100] "GET / HTTP/1.0" 200 1775 "-" "-"
85.214.21.33 - - [15/Dec/2012:19:44:15 +0100] "GET / HTTP/1.0" 200 1775 "-" "-"
173.199.114.99 - - [15/Dec/2012:21:33:24 +0100] "GET /dokumente/ReferenzenWarme.pdf HTTP/1.1" 200 14947 "-" "Mozilla/5.0 (compatible; AhrefsBot/4.0; +http://ahrefs.com/robot/)"
173.199.114.99 - - [15/Dec/2012:22:05:02 +0100] "GET /seiten/impressum.htm HTTP/1.1" 200 4734 "-" "Mozilla/5.0 (compatible; AhrefsBot/4.0; +http://ahrefs.com/robot/)"
173.199.114.99 - - [15/Dec/2012:22:35:36 +0100] "GET /seiten/leistungen.htm HTTP/1.1" 200 3710 "-" "Mozilla/5.0 (compatible; AhrefsBot/4.0; +http://ahrefs.com/robot/)"
173.199.114.99 - - [15/Dec/2012:22:56:16 +0100] "GET /seiten/ueber_uns.htm HTTP/1.1" 200 2081 "-" "Mozilla/5.0 (compatible; AhrefsBot/4.0; +http://ahrefs.com/robot/)"
173.199.114.99 - - [15/Dec/2012:23:10:02 +0100] "GET /seiten/referenzen_beton.htm HTTP/1.1" 200 8747 "-" "Mozilla/5.0 (compatible; AhrefsBot/4.0; +http://ahrefs.com/robot/)"
173.199.114.99 - - [16/Dec/2012:00:40:31 +0100] "GET /seiten/referenzen_maler.htm HTTP/1.1" 200 51839 "-" "Mozilla/5.0 (compatible; AhrefsBot/4.0; +http://ahrefs.com/robot/)"
173.199.114.99 - - [16/Dec/2012:01:51:47 +0100] "GET /dokumente/ReferenzenMaler.pdf HTTP/1.1" 200 15515 "-" "Mozilla/5.0 (compatible; AhrefsBot/4.0; +http://ahrefs.com/robot/)"
173.199.114.99 - - [16/Dec/2012:01:53:47 +0100] "GET /seiten/start.htm HTTP/1.1" 200 9376 "-" "Mozilla/5.0 (compatible; AhrefsBot/4.0; +http://ahrefs.com/robot/)"
180.153.236.101 - - [16/Dec/2012:02:47:46 +0100] "GET / HTTP/1.1" 200 1775 "http://www.frb-berlin.de/" "Mozilla/5.0 (Windows; U; Windows NT 5.1; zh-CN; rv:1.8.0.11) Gecko/20070312 Firefox/1.5.0.11; 360Spider"
173.199.114.99 - - [16/Dec/2012:03:30:42 +0100] "GET /seiten/links.htm HTTP/1.1" 200 1543 "-" "Mozilla/5.0 (compatible; AhrefsBot/4.0; +http://ahrefs.com/robot/)"
173.199.114.99 - - [16/Dec/2012:04:13:09 +0100] "GET /dokumente/ReferenzenBeton.pdf HTTP/1.1" 200 10270 "-" "Mozilla/5.0 (compatible; AhrefsBot/4.0; +http://ahrefs.com/robot/)"
173.199.114.99 - - [16/Dec/2012:05:24:56 +0100] "GET /seiten/kontakt.php HTTP/1.1" 200 6708 "-" "Mozilla/5.0 (compatible; AhrefsBot/4.0; +http://ahrefs.com/robot/)"
65.55.52.108 - - [16/Dec/2012:05:50:57 +0100] "GET /robots.txt HTTP/1.1" 404 1256 "-" "Mozilla/5.0 (compatible; bingbot/2.0; +http://www.bing.com/bingbot.htm)"
65.55.52.108 - - [16/Dec/2012:05:52:20 +0100] "GET / HTTP/1.1" 200 1775 "-" "Mozilla/5.0 (compatible; bingbot/2.0; +http://www.bing.com/bingbot.htm)"
208.115.113.88 - - [16/Dec/2012:07:56:23 +0100] "GET /robots.txt HTTP/1.1" 404 1256 "-" "Mozilla/5.0 (compatible; Ezooms/1.0; ezooms.bot@gmail.com)"
173.199.114.99 - - [16/Dec/2012:08:26:33 +0100] "GET /seiten/referenzen_waerme.htm HTTP/1.1" 200 35661 "-" "Mozilla/5.0 (compatible; AhrefsBot/4.0; +http://ahrefs.com/robot/)"
78.46.45.206 - - [16/Dec/2012:08:36:39 +0100] "GET / HTTP/1.1" 200 1775 "-" "Mozilla/5.0 (Windows; U; Windows NT 6.0; de; rv:1.8.1.3) Gecko/20070309 Firefox/2.0.0.3"
78.46.45.206 - - [16/Dec/2012:08:36:39 +0100] "GET /robots.txt HTTP/1.1" 404 1256 "-" "libwww-perl/6.03"
78.46.45.206 - - [16/Dec/2012:08:36:39 +0100] "GET / HTTP/1.1" 200 1775 "-" "Mozilla/5.0 (Windows; U; Windows NT 6.0; de; rv:1.8.1.3) Gecko/20070309 Firefox/2.0.0.3"
78.46.45.206 - - [16/Dec/2012:08:36:39 +0100] "GET /seiten/start.htm HTTP/1.1" 200 9376 "http://www.frb-berlin.de/" "Mozilla/5.0 (Windows; U; Windows NT 6.0; de; rv:1.8.1.3) Gecko/20070309 Firefox/2.0.0.3"
78.46.45.206 - - [16/Dec/2012:08:36:39 +0100] "GET /seiten/referenzen.htm HTTP/1.1" 200 3626 "http://www.frb-berlin.de/seiten/start.htm" "Mozilla/5.0 (Windows; U; Windows NT 6.0; de; rv:1.8.1.3) Gecko/20070309 Firefox/2.0.0.3"
78.46.45.206 - - [16/Dec/2012:08:36:39 +0100] "GET /seiten/referenzen_maler.htm HTTP/1.1" 200 51839 "http://www.frb-berlin.de/seiten/referenzen.htm" "Mozilla/5.0 (Windows; U; Windows NT 6.0; de; rv:1.8.1.3) Gecko/20070309 Firefox/2.0.0.3"
78.46.45.206 - - [16/Dec/2012:08:36:39 +0100] "GET /seiten/kontakt.php HTTP/1.1" 200 6708 "http://www.frb-berlin.de/seiten/referenzen_maler.htm" "Mozilla/5.0 (Windows; U; Windows NT 6.0; de; rv:1.8.1.3) Gecko/20070309 Firefox/2.0.0.3"
78.46.45.206 - - [16/Dec/2012:08:36:39 +0100] "GET /seiten/main.htm HTTP/1.1" 200 2319 "http://www.frb-berlin.de/seiten/kontakt.php" "Mozilla/5.0 (Windows; U; Windows NT 6.0; de; rv:1.8.1.3) Gecko/20070309 Firefox/2.0.0.3"
78.46.45.206 - - [16/Dec/2012:08:36:39 +0100] "GET /dokumente/ReferenzenBeton.pdf HTTP/1.1" 200 10270 "http://www.frb-berlin.de/seiten/main.htm" "Mozilla/5.0 (Windows; U; Windows NT 6.0; de; rv:1.8.1.3) Gecko/20070309 Firefox/2.0.0.3"
78.46.45.206 - - [16/Dec/2012:08:36:39 +0100] "GET /seiten/referenzen_beton.htm HTTP/1.1" 200 8747 "http://www.frb-berlin.de/dokumente/ReferenzenBeton.pdf" "Mozilla/5.0 (Windows; U; Windows NT 6.0; de; rv:1.8.1.3) Gecko/20070309 Firefox/2.0.0.3"
78.46.45.206 - - [16/Dec/2012:08:36:40 +0100] "GET /seiten/ueber_uns.htm HTTP/1.1" 200 2081 "http://www.frb-berlin.de/seiten/referenzen_beton.htm" "Mozilla/5.0 (Windows; U; Windows NT 6.0; de; rv:1.8.1.3) Gecko/20070309 Firefox/2.0.0.3"
78.46.45.206 - - [16/Dec/2012:08:36:40 +0100] "GET /seiten/impressum.htm HTTP/1.1" 200 4734 "http://www.frb-berlin.de/seiten/ueber_uns.htm" "Mozilla/5.0 (Windows; U; Windows NT 6.0; de; rv:1.8.1.3) Gecko/20070309 Firefox/2.0.0.3"
78.46.45.206 - - [16/Dec/2012:08:36:40 +0100] "GET /seiten/referenzen_waerme.htm HTTP/1.1" 200 35661 "http://www.frb-berlin.de/seiten/impressum.htm" "Mozilla/5.0 (Windows; U; Windows NT 6.0; de; rv:1.8.1.3) Gecko/20070309 Firefox/2.0.0.3"
78.46.45.206 - - [16/Dec/2012:08:36:40 +0100] "GET /dokumente/ReferenzenMaler.pdf HTTP/1.1" 200 15515 "http://www.frb-berlin.de/seiten/referenzen_waerme.htm" "Mozilla/5.0 (Windows; U; Windows NT 6.0; de; rv:1.8.1.3) Gecko/20070309 Firefox/2.0.0.3"
78.46.45.206 - - [16/Dec/2012:08:36:40 +0100] "GET /dokumente/ReferenzenWarme.pdf HTTP/1.1" 200 14947 "http://www.frb-berlin.de/dokumente/ReferenzenMaler.pdf" "Mozilla/5.0 (Windows; U; Windows NT 6.0; de; rv:1.8.1.3) Gecko/20070309 Firefox/2.0.0.3"
78.46.45.206 - - [16/Dec/2012:08:36:40 +0100] "GET /seiten/links.htm HTTP/1.1" 200 1543 "http://www.frb-berlin.de/dokumente/ReferenzenWarme.pdf" "Mozilla/5.0 (Windows; U; Windows NT 6.0; de; rv:1.8.1.3) Gecko/20070309 Firefox/2.0.0.3"
78.46.45.206 - - [16/Dec/2012:08:36:40 +0100] "GET /seiten/ausbildung.htm HTTP/1.1" 200 2131 "http://www.frb-berlin.de/seiten/links.htm" "Mozilla/5.0 (Windows; U; Windows NT 6.0; de; rv:1.8.1.3) Gecko/20070309 Firefox/2.0.0.3"
78.46.45.206 - - [16/Dec/2012:08:36:40 +0100] "GET /seiten/ausbildung3.htm HTTP/1.1" 200 6331 "http://www.frb-berlin.de/seiten/ausbildung.htm" "Mozilla/5.0 (Windows; U; Windows NT 6.0; de; rv:1.8.1.3) Gecko/20070309 Firefox/2.0.0.3"
78.46.45.206 - - [16/Dec/2012:08:36:40 +0100] "GET /seiten/ausbildung2.htm HTTP/1.1" 200 4821 "http://www.frb-berlin.de/seiten/ausbildung3.htm" "Mozilla/5.0 (Windows; U; Windows NT 6.0; de; rv:1.8.1.3) Gecko/20070309 Firefox/2.0.0.3"
78.46.45.206 - - [16/Dec/2012:08:36:40 +0100] "GET /seiten/leistungen.htm HTTP/1.1" 200 3710 "http://www.frb-berlin.de/seiten/ausbildung2.htm" "Mozilla/5.0 (Windows; U; Windows NT 6.0; de; rv:1.8.1.3) Gecko/20070309 Firefox/2.0.0.3"
65.55.52.108 - - [16/Dec/2012:09:10:46 +0100] "GET /robots.txt HTTP/1.1" 404 1256 "-" "Mozilla/5.0 (compatible; bingbot/2.0; +http://www.bing.com/bingbot.htm)"
65.55.52.108 - - [16/Dec/2012:09:12:51 +0100] "GET / HTTP/1.1" 200 1775 "-" "Mozilla/5.0 (compatible; bingbot/2.0; +http://www.bing.com/bingbot.htm)"
65.55.52.108 - - [16/Dec/2012:09:17:27 +0100] "GET /css/style.css HTTP/1.1" 200 8567 "-" "Mozilla/5.0 (compatible; bingbot/2.0; +http://www.bing.com/bingbot.htm)"
208.115.113.88 - - [16/Dec/2012:09:52:55 +0100] "GET /seiten/ HTTP/1.1" 403 1222 "-" "Mozilla/5.0 (compatible; Ezooms/1.0; ezooms.bot@gmail.com)"
173.199.114.99 - - [16/Dec/2012:10:00:18 +0100] "GET /seiten/main.htm HTTP/1.1" 200 2319 "-" "Mozilla/5.0 (compatible; AhrefsBot/4.0; +http://ahrefs.com/robot/)"
66.249.75.202 - - [16/Dec/2012:10:22:38 +0100] "GET /robots.txt HTTP/1.1" 404 1256 "-" "Mozilla/5.0 (compatible; Googlebot/2.1; +http://www.google.com/bot.html)"
66.249.75.202 - - [16/Dec/2012:10:22:38 +0100] "GET / HTTP/1.1" 200 1775 "-" "Mozilla/5.0 (compatible; Googlebot/2.1; +http://www.google.com/bot.html)"
66.249.75.202 - - [16/Dec/2012:10:35:16 +0100] "GET /css/style.css HTTP/1.1" 200 8567 "-" "Mozilla/5.0 (compatible; Googlebot/2.1; +http://www.google.com/bot.html)"
85.13.131.53 - - [16/Dec/2012:10:37:20 +0100] "GET / HTTP/1.0" 200 1775 "-" "-"
85.13.131.53 - - [16/Dec/2012:10:37:20 +0100] "GET / HTTP/1.0" 200 1775 "-" "-"
173.199.114.99 - - [16/Dec/2012:11:38:21 +0100] "GET /seiten/ausbildung.htm HTTP/1.1" 200 2131 "-" "Mozilla/5.0 (compatible; AhrefsBot/4.0; +http://ahrefs.com/robot/)"
91.65.163.184 - - [16/Dec/2012:11:57:12 +0100] "GET / HTTP/1.1" 200 1775 "http://www.google.de/url?sa=t&rct=j&q=&esrc=s&source=web&cd=5&ved=0CHcQFjAE&url=http%3A%2F%2Fwww.frb-berlin.de%2F&ei=cqjNUJmZFoXltQbPiID4Ag&usg=AFQjCNFEVYKmiyy1XnWrB0NZi3PeBHpTjA&sig2=nWMY-KneGg99sxFk6P7ejA&bvm=bv.1355325884,d.Yms" "Mozilla/5.0 (Windows NT 6.1; WOW64; rv:15.0) Gecko/20100101 Firefox/15.0.1"
91.65.163.184 - - [16/Dec/2012:11:57:12 +0100] "GET /css/style.css HTTP/1.1" 200 8567 "http://www.frb-berlin.de/" "Mozilla/5.0 (Windows NT 6.1; WOW64; rv:15.0) Gecko/20100101 Firefox/15.0.1"
91.65.163.184 - - [16/Dec/2012:11:57:12 +0100] "GET /img/logo.gif HTTP/1.1" 200 4275 "http://www.frb-berlin.de/" "Mozilla/5.0 (Windows NT 6.1; WOW64; rv:15.0) Gecko/20100101 Firefox/15.0.1"
91.65.163.184 - - [16/Dec/2012:11:57:12 +0100] "GET /favicon.ico HTTP/1.1" 404 1256 "-" "Mozilla/5.0 (Windows NT 6.1; WOW64; rv:15.0) Gecko/20100101 Firefox/15.0.1"
91.65.163.184 - - [16/Dec/2012:11:57:12 +0100] "GET /favicon.ico HTTP/1.1" 404 1256 "-" "Mozilla/5.0 (Windows NT 6.1; WOW64; rv:15.0) Gecko/20100101 Firefox/15.0.1"
91.65.163.184 - - [16/Dec/2012:11:57:15 +0100] "GET /seiten/start.htm HTTP/1.1" 200 9376 "http://www.frb-berlin.de/" "Mozilla/5.0 (Windows NT 6.1; WOW64; rv:15.0) Gecko/20100101 Firefox/15.0.1"
91.65.163.184 - - [16/Dec/2012:11:57:15 +0100] "GET /img/1px.gif HTTP/1.1" 200 43 "http://www.frb-berlin.de/seiten/start.htm" "Mozilla/5.0 (Windows NT 6.1; WOW64; rv:15.0) Gecko/20100101 Firefox/15.0.1"
91.65.163.184 - - [16/Dec/2012:11:57:15 +0100] "GET /img/head.jpg HTTP/1.1" 200 5932 "http://www.frb-berlin.de/seiten/start.htm" "Mozilla/5.0 (Windows NT 6.1; WOW64; rv:15.0) Gecko/20100101 Firefox/15.0.1"
91.65.163.184 - - [16/Dec/2012:11:57:15 +0100] "GET /img/lay01.jpg HTTP/1.1" 200 9336 "http://www.frb-berlin.de/seiten/start.htm" "Mozilla/5.0 (Windows NT 6.1; WOW64; rv:15.0) Gecko/20100101 Firefox/15.0.1"
91.65.163.184 - - [16/Dec/2012:11:57:15 +0100] "GET /img/over_logo.jpg HTTP/1.1" 200 5315 "http://www.frb-berlin.de/seiten/start.htm" "Mozilla/5.0 (Windows NT 6.1; WOW64; rv:15.0) Gecko/20100101 Firefox/15.0.1"
91.65.163.184 - - [16/Dec/2012:11:57:15 +0100] "GET /img/lay03.jpg HTTP/1.1" 200 15205 "http://www.frb-berlin.de/seiten/start.htm" "Mozilla/5.0 (Windows NT 6.1; WOW64; rv:15.0) Gecko/20100101 Firefox/15.0.1"
91.65.163.184 - - [16/Dec/2012:11:57:15 +0100] "GET /scripte/menu_elemente.js HTTP/1.1" 200 18006 "http://www.frb-berlin.de/seiten/start.htm" "Mozilla/5.0 (Windows NT 6.1; WOW64; rv:15.0) Gecko/20100101 Firefox/15.0.1"
91.65.163.184 - - [16/Dec/2012:11:57:15 +0100] "GET /img/lay04.jpg HTTP/1.1" 200 6356 "http://www.frb-berlin.de/seiten/start.htm" "Mozilla/5.0 (Windows NT 6.1; WOW64; rv:15.0) Gecko/20100101 Firefox/15.0.1"
91.65.163.184 - - [16/Dec/2012:11:57:15 +0100] "GET /img/lay05.jpg HTTP/1.1" 200 10183 "http://www.frb-berlin.de/seiten/start.htm" "Mozilla/5.0 (Windows NT 6.1; WOW64; rv:15.0) Gecko/20100101 Firefox/15.0.1"
91.65.163.184 - - [16/Dec/2012:11:57:15 +0100] "GET /scripte/menu_start.js HTTP/1.1" 200 31217 "http://www.frb-berlin.de/seiten/start.htm" "Mozilla/5.0 (Windows NT 6.1; WOW64; rv:15.0) Gecko/20100101 Firefox/15.0.1"
91.65.163.184 - - [16/Dec/2012:11:57:15 +0100] "GET /img/lay06.jpg HTTP/1.1" 200 11774 "http://www.frb-berlin.de/seiten/start.htm" "Mozilla/5.0 (Windows NT 6.1; WOW64; rv:15.0) Gecko/20100101 Firefox/15.0.1"
91.65.163.184 - - [16/Dec/2012:11:57:15 +0100] "GET /img/lay07.jpg HTTP/1.1" 200 9742 "http://www.frb-berlin.de/seiten/start.htm" "Mozilla/5.0 (Windows NT 6.1; WOW64; rv:15.0) Gecko/20100101 Firefox/15.0.1"
91.65.163.184 - - [16/Dec/2012:11:57:15 +0100] "GET /img/lay13.jpg HTTP/1.1" 200 428 "http://www.frb-berlin.de/seiten/start.htm" "Mozilla/5.0 (Windows NT 6.1; WOW64; rv:15.0) Gecko/20100101 Firefox/15.0.1"
91.65.163.184 - - [16/Dec/2012:11:57:15 +0100] "GET /img/lay08.jpg HTTP/1.1" 200 10212 "http://www.frb-berlin.de/seiten/start.htm" "Mozilla/5.0 (Windows NT 6.1; WOW64; rv:15.0) Gecko/20100101 Firefox/15.0.1"
91.65.163.184 - - [16/Dec/2012:11:57:15 +0100] "GET /img/bogen_o1.jpg HTTP/1.1" 200 8356 "http://www.frb-berlin.de/seiten/start.htm" "Mozilla/5.0 (Windows NT 6.1; WOW64; rv:15.0) Gecko/20100101 Firefox/15.0.1"
91.65.163.184 - - [16/Dec/2012:11:57:15 +0100] "GET /img/lay10.jpg HTTP/1.1" 200 12856 "http://www.frb-berlin.de/seiten/start.htm" "Mozilla/5.0 (Windows NT 6.1; WOW64; rv:15.0) Gecko/20100101 Firefox/15.0.1"
91.65.163.184 - - [16/Dec/2012:11:57:15 +0100] "GET /img/lay12.jpg HTTP/1.1" 200 394 "http://www.frb-berlin.de/seiten/start.htm" "Mozilla/5.0 (Windows NT 6.1; WOW64; rv:15.0) Gecko/20100101 Firefox/15.0.1"
91.65.163.184 - - [16/Dec/2012:11:57:15 +0100] "GET /seiten/main.htm HTTP/1.1" 200 2319 "http://www.frb-berlin.de/seiten/start.htm" "Mozilla/5.0 (Windows NT 6.1; WOW64; rv:15.0) Gecko/20100101 Firefox/15.0.1"
91.65.163.184 - - [16/Dec/2012:11:57:15 +0100] "GET /img/lay11.jpg HTTP/1.1" 200 12218 "http://www.frb-berlin.de/seiten/start.htm" "Mozilla/5.0 (Windows NT 6.1; WOW64; rv:15.0) Gecko/20100101 Firefox/15.0.1"
91.65.163.184 - - [16/Dec/2012:11:57:15 +0100] "GET /img/bg_rechts.jpg HTTP/1.1" 200 346 "http://www.frb-berlin.de/seiten/start.htm" "Mozilla/5.0 (Windows NT 6.1; WOW64; rv:15.0) Gecko/20100101 Firefox/15.0.1"
91.65.163.184 - - [16/Dec/2012:11:57:15 +0100] "GET /img/bg_links.jpg HTTP/1.1" 200 8379 "http://www.frb-berlin.de/seiten/start.htm" "Mozilla/5.0 (Windows NT 6.1; WOW64; rv:15.0) Gecko/20100101 Firefox/15.0.1"
91.65.163.184 - - [16/Dec/2012:11:57:16 +0100] "GET /img/farben.jpg HTTP/1.1" 200 14519 "http://www.frb-berlin.de/seiten/main.htm" "Mozilla/5.0 (Windows NT 6.1; WOW64; rv:15.0) Gecko/20100101 Firefox/15.0.1"
91.65.163.184 - - [16/Dec/2012:11:57:16 +0100] "GET /img/favorit_a.gif HTTP/1.1" 200 175 "http://www.frb-berlin.de/seiten/start.htm" "Mozilla/5.0 (Windows NT 6.1; WOW64; rv:15.0) Gecko/20100101 Firefox/15.0.1"
91.65.163.184 - - [16/Dec/2012:11:57:25 +0100] "GET /seiten/leistungen.htm HTTP/1.1" 200 3710 "http://www.frb-berlin.de/seiten/start.htm" "Mozilla/5.0 (Windows NT 6.1; WOW64; rv:15.0) Gecko/20100101 Firefox/15.0.1"
91.65.163.184 - - [16/Dec/2012:11:57:25 +0100] "GET /img/hg.jpg HTTP/1.1" 200 7507 "http://www.frb-berlin.de/seiten/leistungen.htm" "Mozilla/5.0 (Windows NT 6.1; WOW64; rv:15.0) Gecko/20100101 Firefox/15.0.1"
173.199.114.99 - - [16/Dec/2012:12:04:24 +0100] "GET /seiten/ausbildung2.htm HTTP/1.1" 200 4821 "-" "Mozilla/5.0 (compatible; AhrefsBot/4.0; +http://ahrefs.com/robot/)"
37.140.141.34 - - [16/Dec/2012:12:08:29 +0100] "GET /robots.txt HTTP/1.1" 404 1256 "-" "Mozilla/5.0 (compatible; YandexImages/3.0; +http://yandex.com/bots)"
173.199.114.99 - - [16/Dec/2012:12:20:41 +0100] "GET /seiten/ausbildung3.htm HTTP/1.1" 200 6331 "-" "Mozilla/5.0 (compatible; AhrefsBot/4.0; +http://ahrefs.com/robot/)"
176.9.58.141 - - [16/Dec/2012:13:19:19 +0100] "GET /robots.txt HTTP/1.0" 404 1256 "-" "Mozilla/5.0 (compatible; SEOkicks-Robot +http://www.seokicks.de/robot.html)"
176.9.58.141 - - [16/Dec/2012:13:19:22 +0100] "GET / HTTP/1.0" 200 1775 "-" "Mozilla/5.0 (compatible; SEOkicks-Robot +http://www.seokicks.de/robot.html)"
176.9.58.141 - - [16/Dec/2012:13:19:26 +0100] "GET /css/style.css HTTP/1.0" 200 8567 "http://www.frb-berlin.de/" "Mozilla/5.0 (compatible; SEOkicks-Robot +http://www.seokicks.de/robot.html)"
176.9.58.141 - - [16/Dec/2012:13:19:29 +0100] "GET /seiten/start.htm HTTP/1.0" 200 9376 "http://www.frb-berlin.de/" "Mozilla/5.0 (compatible; SEOkicks-Robot +http://www.seokicks.de/robot.html)"
176.9.58.141 - - [16/Dec/2012:13:19:33 +0100] "GET /scripte/menu_start.js HTTP/1.0" 200 31217 "http://www.frb-berlin.de/seiten/start.htm" "Mozilla/5.0 (compatible; SEOkicks-Robot +http://www.seokicks.de/robot.html)"
176.9.58.141 - - [16/Dec/2012:13:19:36 +0100] "GET /scripte/menu_elemente.js HTTP/1.0" 200 18006 "http://www.frb-berlin.de/seiten/start.htm" "Mozilla/5.0 (compatible; SEOkicks-Robot +http://www.seokicks.de/robot.html)"
176.9.58.141 - - [16/Dec/2012:13:19:39 +0100] "GET /seiten/main.htm HTTP/1.0" 200 2319 "http://www.frb-berlin.de/seiten/start.htm" "Mozilla/5.0 (compatible; SEOkicks-Robot +http://www.seokicks.de/robot.html)"
176.9.58.141 - - [16/Dec/2012:13:19:44 +0100] "GET /seiten/ueber_uns.htm HTTP/1.0" 200 2081 "http://www.frb-berlin.de/seiten/start.htm" "Mozilla/5.0 (compatible; SEOkicks-Robot +http://www.seokicks.de/robot.html)"
176.9.58.141 - - [16/Dec/2012:13:19:48 +0100] "GET /seiten/ausbildung.htm HTTP/1.0" 200 2131 "http://www.frb-berlin.de/seiten/start.htm" "Mozilla/5.0 (compatible; SEOkicks-Robot +http://www.seokicks.de/robot.html)"
176.9.58.141 - - [16/Dec/2012:13:19:52 +0100] "GET /seiten/leistungen.htm HTTP/1.0" 200 3710 "http://www.frb-berlin.de/seiten/start.htm" "Mozilla/5.0 (compatible; SEOkicks-Robot +http://www.seokicks.de/robot.html)"
176.9.58.141 - - [16/Dec/2012:13:19:56 +0100] "GET /seiten/referenzen.htm HTTP/1.0" 200 3626 "http://www.frb-berlin.de/seiten/start.htm" "Mozilla/5.0 (compatible; SEOkicks-Robot +http://www.seokicks.de/robot.html)"
176.9.58.141 - - [16/Dec/2012:13:20:01 +0100] "GET /seiten/kontakt.php HTTP/1.0" 200 6708 "http://www.frb-berlin.de/seiten/start.htm" "Mozilla/5.0 (compatible; SEOkicks-Robot +http://www.seokicks.de/robot.html)"
176.9.58.141 - - [16/Dec/2012:13:20:06 +0100] "GET /seiten/links.htm HTTP/1.0" 200 1543 "http://www.frb-berlin.de/seiten/start.htm" "Mozilla/5.0 (compatible; SEOkicks-Robot +http://www.seokicks.de/robot.html)"
176.9.58.141 - - [16/Dec/2012:13:20:10 +0100] "GET /seiten/impressum.htm HTTP/1.0" 200 4734 "http://www.frb-berlin.de/seiten/start.htm" "Mozilla/5.0 (compatible; SEOkicks-Robot +http://www.seokicks.de/robot.html)"
176.9.58.141 - - [16/Dec/2012:13:20:14 +0100] "GET /seiten/ausbildung2.htm HTTP/1.0" 200 4821 "http://www.frb-berlin.de/seiten/ausbildung.htm" "Mozilla/5.0 (compatible; SEOkicks-Robot +http://www.seokicks.de/robot.html)"
176.9.58.141 - - [16/Dec/2012:13:20:18 +0100] "GET /seiten/ausbildung3.htm HTTP/1.0" 200 6331 "http://www.frb-berlin.de/seiten/ausbildung.htm" "Mozilla/5.0 (compatible; SEOkicks-Robot +http://www.seokicks.de/robot.html)"
176.9.58.141 - - [16/Dec/2012:13:20:22 +0100] "GET /seiten/referenzen_maler.htm HTTP/1.0" 200 51839 "http://www.frb-berlin.de/seiten/referenzen.htm" "Mozilla/5.0 (compatible; SEOkicks-Robot +http://www.seokicks.de/robot.html)"
176.9.58.141 - - [16/Dec/2012:13:20:27 +0100] "GET /seiten/referenzen_waerme.htm HTTP/1.0" 200 35661 "http://www.frb-berlin.de/seiten/referenzen.htm" "Mozilla/5.0 (compatible; SEOkicks-Robot +http://www.seokicks.de/robot.html)"
176.9.58.141 - - [16/Dec/2012:13:20:31 +0100] "GET /seiten/referenzen_beton.htm HTTP/1.0" 200 8747 "http://www.frb-berlin.de/seiten/referenzen.htm" "Mozilla/5.0 (compatible; SEOkicks-Robot +http://www.seokicks.de/robot.html)"
65.55.52.108 - - [16/Dec/2012:14:46:22 +0100] "GET /robots.txt HTTP/1.1" 404 1256 "-" "Mozilla/5.0 (compatible; bingbot/2.0; +http://www.bing.com/bingbot.htm)"
65.55.52.108 - - [16/Dec/2012:14:48:03 +0100] "GET /seiten/impressum.htm HTTP/1.1" 304 - "-" "Mozilla/5.0 (compatible; bingbot/2.0; +http://www.bing.com/bingbot.htm)"
180.153.236.101 - - [16/Dec/2012:14:48:32 +0100] "GET / HTTP/1.1" 200 1775 "http://www.frb-berlin.de/" "Mozilla/5.0 (Windows; U; Windows NT 5.1; zh-CN; rv:1.8.0.11) Gecko/20070312 Firefox/1.5.0.11; 360Spider"
85.25.71.120 - - [16/Dec/2012:20:03:02 +0100] "GET /robots.txt HTTP/1.1" 404 1256 "-" "Mozilla/5.0 (X11; U; Linux i686; de; rv:1.9.0.1; compatible; iCjobs Stellenangebote Jobs; http://www.icjobs.de) Gecko/20100401 iCjobs/3.2.3"
85.25.71.120 - - [16/Dec/2012:20:03:03 +0100] "GET / HTTP/1.1" 200 1775 "-" "Mozilla/5.0 (X11; U; Linux i686; de; rv:1.9.0.1; compatible; iCjobs Stellenangebote Jobs; http://www.icjobs.de) Gecko/20100401 iCjobs/3.2.3"
85.25.71.120 - - [16/Dec/2012:20:03:04 +0100] "GET / HTTP/1.1" 200 1775 "-" "Mozilla/5.0 (X11; U; Linux i686; de; rv:1.9.0.1; compatible; iCjobs Stellenangebote Jobs; http://www.icjobs.de) Gecko/20100401 iCjobs/3.2.3"
85.25.71.120 - - [16/Dec/2012:20:03:04 +0100] "GET /seiten/start.htm HTTP/1.1" 200 9376 "-" "Mozilla/5.0 (X11; U; Linux i686; de; rv:1.9.0.1; compatible; iCjobs Stellenangebote Jobs; http://www.icjobs.de) Gecko/20100401 iCjobs/3.2.3"
85.25.71.120 - - [16/Dec/2012:20:03:04 +0100] "GET /seiten/main.htm HTTP/1.1" 200 2319 "-" "Mozilla/5.0 (X11; U; Linux i686; de; rv:1.9.0.1; compatible; iCjobs Stellenangebote Jobs; http://www.icjobs.de) Gecko/20100401 iCjobs/3.2.3"
85.25.71.120 - - [16/Dec/2012:20:03:05 +0100] "GET /scripte/menu_start.js HTTP/1.1" 200 31217 "-" "Mozilla/5.0 (X11; U; Linux i686; de; rv:1.9.0.1; compatible; iCjobs Stellenangebote Jobs; http://www.icjobs.de) Gecko/20100401 iCjobs/3.2.3"
85.25.71.120 - - [16/Dec/2012:20:03:06 +0100] "GET /scripte/menu_elemente.js HTTP/1.1" 200 18006 "-" "Mozilla/5.0 (X11; U; Linux i686; de; rv:1.9.0.1; compatible; iCjobs Stellenangebote Jobs; http://www.icjobs.de) Gecko/20100401 iCjobs/3.2.3"
85.25.71.120 - - [16/Dec/2012:20:03:30 +0100] "GET /seiten/ueber_uns.htm HTTP/1.1" 200 2081 "-" "Mozilla/5.0 (X11; U; Linux i686; de; rv:1.9.0.1; compatible; iCjobs Stellenangebote Jobs; http://www.icjobs.de) Gecko/20100401 iCjobs/3.2.3"
85.25.71.120 - - [16/Dec/2012:20:03:32 +0100] "GET /seiten/ausbildung.htm HTTP/1.1" 200 2131 "-" "Mozilla/5.0 (X11; U; Linux i686; de; rv:1.9.0.1; compatible; iCjobs Stellenangebote Jobs; http://www.icjobs.de) Gecko/20100401 iCjobs/3.2.3"
85.25.71.120 - - [16/Dec/2012:20:03:33 +0100] "GET /seiten/ausbildung2.htm HTTP/1.1" 200 4821 "-" "Mozilla/5.0 (X11; U; Linux i686; de; rv:1.9.0.1; compatible; iCjobs Stellenangebote Jobs; http://www.icjobs.de) Gecko/20100401 iCjobs/3.2.3"
85.25.71.120 - - [16/Dec/2012:20:03:34 +0100] "GET /css/style.css HTTP/1.1" 200 8567 "-" "Mozilla/5.0 (X11; U; Linux i686; de; rv:1.9.0.1; compatible; iCjobs Stellenangebote Jobs; http://www.icjobs.de) Gecko/20100401 iCjobs/3.2.3"
85.25.71.120 - - [16/Dec/2012:20:07:19 +0100] "GET /seiten/ausbildung3.htm HTTP/1.1" 200 6331 "-" "Mozilla/5.0 (X11; U; Linux i686; de; rv:1.9.0.1; compatible; iCjobs Stellenangebote Jobs; http://www.icjobs.de) Gecko/20100401 iCjobs/3.2.3"
85.25.71.120 - - [16/Dec/2012:20:09:54 +0100] "GET /seiten/kontakt.php HTTP/1.1" 200 6708 "-" "Mozilla/5.0 (X11; U; Linux i686; de; rv:1.9.0.1; compatible; iCjobs Stellenangebote Jobs; http://www.icjobs.de) Gecko/20100401 iCjobs/3.2.3"
85.25.71.120 - - [16/Dec/2012:20:09:56 +0100] "GET /seiten/leistungen.htm HTTP/1.1" 200 3710 "-" "Mozilla/5.0 (X11; U; Linux i686; de; rv:1.9.0.1; compatible; iCjobs Stellenangebote Jobs; http://www.icjobs.de) Gecko/20100401 iCjobs/3.2.3"
85.25.71.120 - - [16/Dec/2012:20:09:57 +0100] "GET /seiten/referenzen.htm HTTP/1.1" 200 3626 "-" "Mozilla/5.0 (X11; U; Linux i686; de; rv:1.9.0.1; compatible; iCjobs Stellenangebote Jobs; http://www.icjobs.de) Gecko/20100401 iCjobs/3.2.3"
85.25.71.120 - - [16/Dec/2012:20:09:59 +0100] "GET /seiten/referenzen_maler.htm HTTP/1.1" 200 51839 "-" "Mozilla/5.0 (X11; U; Linux i686; de; rv:1.9.0.1; compatible; iCjobs Stellenangebote Jobs; http://www.icjobs.de) Gecko/20100401 iCjobs/3.2.3"
