85.25.71.120 - - [16/Dec/2012:20:10:11 +0100] "GET /dokumente/ReferenzenMaler.pdf HTTP/1.1" 200 15515 "-" "Mozilla/5.0 (X11; U; Linux i686; de; rv:1.9.0.1; compatible; iCjobs Stellenangebote Jobs; http://www.icjobs.de) Gecko/20100401 iCjobs/3.2.3"
85.25.71.120 - - [16/Dec/2012:20:10:18 +0100] "GET /seiten/links.htm HTTP/1.1" 200 1543 "-" "Mozilla/5.0 (X11; U; Linux i686; de; rv:1.9.0.1; compatible; iCjobs Stellenangebote Jobs; http://www.icjobs.de) Gecko/20100401 iCjobs/3.2.3"
85.25.71.120 - - [16/Dec/2012:20:10:18 +0100] "GET /seiten/referenzen_waerme.htm HTTP/1.1" 200 35661 "-" "Mozilla/5.0 (X11; U; Linux i686; de; rv:1.9.0.1; compatible; iCjobs Stellenangebote Jobs; http://www.icjobs.de) Gecko/20100401 iCjobs/3.2.3"
85.25.71.120 - - [16/Dec/2012:20:10:21 +0100] "GET /seiten/referenzen_beton.htm HTTP/1.1" 200 8747 "-" "Mozilla/5.0 (X11; U; Linux i686; de; rv:1.9.0.1; compatible; iCjobs Stellenangebote Jobs; http://www.icjobs.de) Gecko/20100401 iCjobs/3.2.3"
85.25.71.120 - - [16/Dec/2012:20:12:06 +0100] "GET /dokumente/ReferenzenWarme.pdf HTTP/1.1" 200 14947 "-" "Mozilla/5.0 (X11; U; Linux i686; de; rv:1.9.0.1; compatible; iCjobs Stellenangebote Jobs; http://www.icjobs.de) Gecko/20100401 iCjobs/3.2.3"
85.25.71.120 - - [16/Dec/2012:20:14:20 +0100] "GET /dokumente/ReferenzenBeton.pdf HTTP/1.1" 200 10270 "-" "Mozilla/5.0 (X11; U; Linux i686; de; rv:1.9.0.1; compatible; iCjobs Stellenangebote Jobs; http://www.icjobs.de) Gecko/20100401 iCjobs/3.2.3"
173.199.116.195 - - [16/Dec/2012:20:29:06 +0100] "GET /seiten/main.htm HTTP/1.1" 200 2319 "-" "Mozilla/5.0 (compatible; AhrefsBot/4.0; +http://ahrefs.com/robot/)"
173.199.116.195 - - [16/Dec/2012:21:04:07 +0100] "GET / HTTP/1.1" 200 1775 "-" "Mozilla/5.0 (compatible; AhrefsBot/4.0; +http://ahrefs.com/robot/)"
173.199.116.195 - - [16/Dec/2012:21:18:17 +0100] "GET /seiten/leistungen.htm HTTP/1.1" 200 3710 "-" "Mozilla/5.0 (compatible; AhrefsBot/4.0; +http://ahrefs.com/robot/)"
173.199.116.195 - - [16/Dec/2012:22:00:15 +0100] "GET /dokumente/ReferenzenMaler.pdf HTTP/1.1" 200 15515 "-" "Mozilla/5.0 (compatible; AhrefsBot/4.0; +http://ahrefs.com/robot/)"
83.133.125.202 - - [16/Dec/2012:22:48:09 +0100] "GET / HTTP/1.1" 200 1775 "http://www.sumaja.de/?such_wert=berlin" "T-Online Browser"
173.199.116.195 - - [16/Dec/2012:23:01:17 +0100] "GET /seiten/referenzen_waerme.htm HTTP/1.1" 200 35661 "-" "Mozilla/5.0 (compatible; AhrefsBot/4.0; +http://ahrefs.com/robot/)"
173.199.116.195 - - [16/Dec/2012:23:25:38 +0100] "GET /seiten/ueber_uns.htm HTTP/1.1" 200 2081 "-" "Mozilla/5.0 (compatible; AhrefsBot/4.0; +http://ahrefs.com/robot/)"
93.220.222.39 - - [16/Dec/2012:23:56:57 +0100] "GET / HTTP/1.1" 200 1775 "-" "Mozilla/4.0 (compatible; MSIE 7.0; Windows NT 6.0; WOW64; SLCC1; .NET CLR 2.0.50727; .NET CLR 3.0.04320)"
93.220.222.39 - - [16/Dec/2012:23:57:03 +0100] "GET /seiten/start.htm HTTP/1.1" 200 9376 "-" "Mozilla/4.0 (compatible; MSIE 8.0; Windows NT 6.0; .NET CLR 1.1.4322; .NET CLR 2.0.50110; InfoPath.1)"
93.220.222.39 - - [16/Dec/2012:23:57:03 +0100] "GET /seiten/main.htm HTTP/1.1" 200 2319 "-" "Mozilla/4.0 (compatible; MSIE 8.0; Windows NT 6.0; .NET CLR 1.1.4322; .NET CLR 2.0.50727; .NET CLR 3.0.04506.30)"
93.220.222.39 - - [16/Dec/2012:23:57:09 +0100] "GET /seiten/impressum.htm HTTP/1.1" 200 4734 "-" "Mozilla/4.0 (compatible; MSIE 8.0; Windows NT 6.0; .NET CLR 1.1.4322; .NET CLR 2.0.50110; InfoPath.1)"
173.199.116.195 - - [17/Dec/2012:00:13:28 +0100] "GET /dokumente/ReferenzenBeton.pdf HTTP/1.1" 200 10270 "-" "Mozilla/5.0 (compatible; AhrefsBot/4.0; +http://ahrefs.com/robot/)"
173.199.116.195 - - [17/Dec/2012:00:20:34 +0100] "GET /seiten/ausbildung.htm HTTP/1.1" 200 2131 "-" "Mozilla/5.0 (compatible; AhrefsBot/4.0; +http://ahrefs.com/robot/)"
180.153.236.35 - - [17/Dec/2012:01:23:03 +0100] "GET / HTTP/1.1" 200 1775 "http://www.frb-berlin.de/" "Mozilla/5.0 (Windows; U; Windows NT 5.1; zh-CN; rv:1.8.0.11) Gecko/20070312 Firefox/1.5.0.11; 360Spider"
46.115.88.33 - - [17/Dec/2012:01:27:34 +0100] "GET / HTTP/1.1" 200 1775 "http://www.google.com/search?q=frb+Berlin&btnG=" "Mozilla/5.0 (Linux; U; Android 2.2.1; de-de; GT-S5570 Build/FROYO) AppleWebKit/533.1 (KHTML, like Gecko) Version/4.0 Mobile Safari/533.1"
46.115.88.33 - - [17/Dec/2012:01:27:34 +0100] "GET /css/style.css HTTP/1.1" 200 8567 "http://www.frb-berlin.de/" "Mozilla/5.0 (Linux; U; Android 2.2.1; de-de; GT-S5570 Build/FROYO) AppleWebKit/533.1 (KHTML, like Gecko) Version/4.0 Mobile Safari/533.1"
46.115.88.33 - - [17/Dec/2012:01:27:34 +0100] "GET /img/logo.gif HTTP/1.1" 200 4275 "http://www.frb-berlin.de/" "Mozilla/5.0 (Linux; U; Android 2.2.1; de-de; GT-S5570 Build/FROYO) AppleWebKit/533.1 (KHTML, like Gecko) Version/4.0 Mobile Safari/533.1"
46.115.88.33 - - [17/Dec/2012:01:27:35 +0100] "GET /favicon.ico HTTP/1.1" 404 1256 "http://www.frb-berlin.de/" "Mozilla/5.0 (Linux; U; Android 2.2.1; de-de; GT-S5570 Build/FROYO) AppleWebKit/533.1 (KHTML, like Gecko) Version/4.0 Mobile Safari/533.1"
46.115.88.33 - - [17/Dec/2012:01:27:38 +0100] "GET /seiten/start.htm HTTP/1.1" 200 9376 "http://www.frb-berlin.de/" "Mozilla/5.0 (Linux; U; Android 2.2.1; de-de; GT-S5570 Build/FROYO) AppleWebKit/533.1 (KHTML, like Gecko) Version/4.0 Mobile Safari/533.1"
46.115.88.33 - - [17/Dec/2012:01:27:39 +0100] "GET /scripte/menu_start.js HTTP/1.1" 200 31217 "http://www.frb-berlin.de/seiten/start.htm" "Mozilla/5.0 (Linux; U; Android 2.2.1; de-de; GT-S5570 Build/FROYO) AppleWebKit/533.1 (KHTML, like Gecko) Version/4.0 Mobile Safari/533.1"
46.115.88.33 - - [17/Dec/2012:01:27:40 +0100] "GET /img/1px.gif HTTP/1.1" 200 43 "http://www.frb-berlin.de/seiten/start.htm" "Mozilla/5.0 (Linux; U; Android 2.2.1; de-de; GT-S5570 Build/FROYO) AppleWebKit/533.1 (KHTML, like Gecko) Version/4.0 Mobile Safari/533.1"
46.115.88.33 - - [17/Dec/2012:01:27:40 +0100] "GET /scripte/menu_elemente.js HTTP/1.1" 200 18006 "http://www.frb-berlin.de/seiten/start.htm" "Mozilla/5.0 (Linux; U; Android 2.2.1; de-de; GT-S5570 Build/FROYO) AppleWebKit/533.1 (KHTML, like Gecko) Version/4.0 Mobile Safari/533.1"
46.115.88.33 - - [17/Dec/2012:01:27:41 +0100] "GET /img/head.jpg HTTP/1.1" 200 5932 "http://www.frb-berlin.de/seiten/start.htm" "Mozilla/5.0 (Linux; U; Android 2.2.1; de-de; GT-S5570 Build/FROYO) AppleWebKit/533.1 (KHTML, like Gecko) Version/4.0 Mobile Safari/533.1"
46.115.88.33 - - [17/Dec/2012:01:27:41 +0100] "GET /img/bogen_o1.jpg HTTP/1.1" 200 8356 "http://www.frb-berlin.de/seiten/start.htm" "Mozilla/5.0 (Linux; U; Android 2.2.1; de-de; GT-S5570 Build/FROYO) AppleWebKit/533.1 (KHTML, like Gecko) Version/4.0 Mobile Safari/533.1"
46.115.88.33 - - [17/Dec/2012:01:27:41 +0100] "GET /img/lay06.jpg HTTP/1.1" 200 11774 "http://www.frb-berlin.de/seiten/start.htm" "Mozilla/5.0 (Linux; U; Android 2.2.1; de-de; GT-S5570 Build/FROYO) AppleWebKit/533.1 (KHTML, like Gecko) Version/4.0 Mobile Safari/533.1"
46.115.88.33 - - [17/Dec/2012:01:27:41 +0100] "GET /img/over_logo.jpg HTTP/1.1" 200 5315 "http://www.frb-berlin.de/seiten/start.htm" "Mozilla/5.0 (Linux; U; Android 2.2.1; de-de; GT-S5570 Build/FROYO) AppleWebKit/533.1 (KHTML, like Gecko) Version/4.0 Mobile Safari/533.1"
46.115.88.33 - - [17/Dec/2012:01:27:41 +0100] "GET /img/lay07.jpg HTTP/1.1" 200 9742 "http://www.frb-berlin.de/seiten/start.htm" "Mozilla/5.0 (Linux; U; Android 2.2.1; de-de; GT-S5570 Build/FROYO) AppleWebKit/533.1 (KHTML, like Gecko) Version/4.0 Mobile Safari/533.1"
46.115.88.33 - - [17/Dec/2012:01:27:41 +0100] "GET /img/lay13.jpg HTTP/1.1" 200 428 "http://www.frb-berlin.de/seiten/start.htm" "Mozilla/5.0 (Linux; U; Android 2.2.1; de-de; GT-S5570 Build/FROYO) AppleWebKit/533.1 (KHTML, like Gecko) Version/4.0 Mobile Safari/533.1"
46.115.88.33 - - [17/Dec/2012:01:27:42 +0100] "GET /img/lay08.jpg HTTP/1.1" 200 10212 "http://www.frb-berlin.de/seiten/start.htm" "Mozilla/5.0 (Linux; U; Android 2.2.1; de-de; GT-S5570 Build/FROYO) AppleWebKit/533.1 (KHTML, like Gecko) Version/4.0 Mobile Safari/533.1"
46.115.88.33 - - [17/Dec/2012:01:27:42 +0100] "GET /img/lay05.jpg HTTP/1.1" 200 10183 "http://www.frb-berlin.de/seiten/start.htm" "Mozilla/5.0 (Linux; U; Android 2.2.1; de-de; GT-S5570 Build/FROYO) AppleWebKit/533.1 (KHTML, like Gecko) Version/4.0 Mobile Safari/533.1"
46.115.88.33 - - [17/Dec/2012:01:27:42 +0100] "GET /img/lay04.jpg HTTP/1.1" 200 6356 "http://www.frb-berlin.de/seiten/start.htm" "Mozilla/5.0 (Linux; U; Android 2.2.1; de-de; GT-S5570 Build/FROYO) AppleWebKit/533.1 (KHTML, like Gecko) Version/4.0 Mobile Safari/533.1"
46.115.88.33 - - [17/Dec/2012:01:27:43 +0100] "GET /img/lay01.jpg HTTP/1.1" 200 9336 "http://www.frb-berlin.de/seiten/start.htm" "Mozilla/5.0 (Linux; U; Android 2.2.1; de-de; GT-S5570 Build/FROYO) AppleWebKit/533.1 (KHTML, like Gecko) Version/4.0 Mobile Safari/533.1"
46.115.88.33 - - [17/Dec/2012:01:27:45 +0100] "GET /seiten/main.htm HTTP/1.1" 200 2319 "http://www.frb-berlin.de/seiten/start.htm" "Mozilla/5.0 (Linux; U; Android 2.2.1; de-de; GT-S5570 Build/FROYO) AppleWebKit/533.1 (KHTML, like Gecko) Version/4.0 Mobile Safari/533.1"
46.115.88.33 - - [17/Dec/2012:01:27:45 +0100] "GET /img/bg_links.jpg HTTP/1.1" 200 8379 "http://www.frb-berlin.de/seiten/start.htm" "Mozilla/5.0 (Linux; U; Android 2.2.1; de-de; GT-S5570 Build/FROYO) AppleWebKit/533.1 (KHTML, like Gecko) Version/4.0 Mobile Safari/533.1"
46.115.88.33 - - [17/Dec/2012:01:27:41 +0100] "GET /img/lay03.jpg HTTP/1.1" 200 15205 "http://www.frb-berlin.de/seiten/start.htm" "Mozilla/5.0 (Linux; U; Android 2.2.1; de-de; GT-S5570 Build/FROYO) AppleWebKit/533.1 (KHTML, like Gecko) Version/4.0 Mobile Safari/533.1"
46.115.88.33 - - [17/Dec/2012:01:27:45 +0100] "GET /img/bg_rechts.jpg HTTP/1.1" 200 346 "http://www.frb-berlin.de/seiten/start.htm" "Mozilla/5.0 (Linux; U; Android 2.2.1; de-de; GT-S5570 Build/FROYO) AppleWebKit/533.1 (KHTML, like Gecko) Version/4.0 Mobile Safari/533.1"
46.115.88.33 - - [17/Dec/2012:01:27:47 +0100] "GET /img/lay11.jpg HTTP/1.1" 200 12218 "http://www.frb-berlin.de/seiten/start.htm" "Mozilla/5.0 (Linux; U; Android 2.2.1; de-de; GT-S5570 Build/FROYO) AppleWebKit/533.1 (KHTML, like Gecko) Version/4.0 Mobile Safari/533.1"
46.115.88.33 - - [17/Dec/2012:01:27:50 +0100] "GET /seiten/ueber_uns.htm HTTP/1.1" 200 2081 "http://www.frb-berlin.de/seiten/start.htm" "Mozilla/5.0 (Linux; U; Android 2.2.1; de-de; GT-S5570 Build/FROYO) AppleWebKit/533.1 (KHTML, like Gecko) Version/4.0 Mobile Safari/533.1"
46.115.88.33 - - [17/Dec/2012:01:27:50 +0100] "GET /img/hg.jpg HTTP/1.1" 200 7507 "http://www.frb-berlin.de/seiten/ueber_uns.htm" "Mozilla/5.0 (Linux; U; Android 2.2.1; de-de; GT-S5570 Build/FROYO) AppleWebKit/533.1 (KHTML, like Gecko) Version/4.0 Mobile Safari/533.1"
46.115.88.33 - - [17/Dec/2012:01:27:41 +0100] "GET /img/lay10.jpg HTTP/1.1" 200 12856 "http://www.frb-berlin.de/seiten/start.htm" "Mozilla/5.0 (Linux; U; Android 2.2.1; de-de; GT-S5570 Build/FROYO) AppleWebKit/533.1 (KHTML, like Gecko) Version/4.0 Mobile Safari/533.1"
46.115.88.33 - - [17/Dec/2012:01:27:53 +0100] "GET /img/lay12.jpg HTTP/1.1" 200 394 "http://www.frb-berlin.de/seiten/start.htm" "Mozilla/5.0 (Linux; U; Android 2.2.1; de-de; GT-S5570 Build/FROYO) AppleWebKit/533.1 (KHTML, like Gecko) Version/4.0 Mobile Safari/533.1"
46.115.88.33 - - [17/Dec/2012:01:28:05 +0100] "GET /img/favorit_a.gif HTTP/1.1" 200 175 "http://www.frb-berlin.de/seiten/start.htm" "Mozilla/5.0 (Linux; U; Android 2.2.1; de-de; GT-S5570 Build/FROYO) AppleWebKit/533.1 (KHTML, like Gecko) Version/4.0 Mobile Safari/533.1"
46.115.88.33 - - [17/Dec/2012:01:28:11 +0100] "GET /seiten/kontakt.php HTTP/1.1" 200 6708 "http://www.frb-berlin.de/seiten/start.htm" "Mozilla/5.0 (Linux; U; Android 2.2.1; de-de; GT-S5570 Build/FROYO) AppleWebKit/533.1 (KHTML, like Gecko) Version/4.0 Mobile Safari/533.1"
46.115.88.33 - - [17/Dec/2012:01:31:45 +0100] "GET / HTTP/1.1" 200 1775 "http://www.google.com/m?hl=de&gl=de&client=ms-android-samsung&source=android-browser-type&q=frb+fassaden" "Mozilla/5.0 (Linux; U; Android 2.2.1; de-de; GT-S5570 Build/FROYO) AppleWebKit/533.1 (KHTML, like Gecko) Version/4.0 Mobile Safari/533.1"
46.115.88.33 - - [17/Dec/2012:01:31:49 +0100] "GET /seiten/start.htm HTTP/1.1" 200 9376 "http://www.frb-berlin.de/" "Mozilla/5.0 (Linux; U; Android 2.2.1; de-de; GT-S5570 Build/FROYO) AppleWebKit/533.1 (KHTML, like Gecko) Version/4.0 Mobile Safari/533.1"
46.115.88.33 - - [17/Dec/2012:01:31:50 +0100] "GET /seiten/main.htm HTTP/1.1" 200 2319 "http://www.frb-berlin.de/seiten/start.htm" "Mozilla/5.0 (Linux; U; Android 2.2.1; de-de; GT-S5570 Build/FROYO) AppleWebKit/533.1 (KHTML, like Gecko) Version/4.0 Mobile Safari/533.1"
46.115.88.33 - - [17/Dec/2012:01:31:50 +0100] "GET /img/farben.jpg HTTP/1.1" 200 14519 "http://www.frb-berlin.de/seiten/main.htm" "Mozilla/5.0 (Linux; U; Android 2.2.1; de-de; GT-S5570 Build/FROYO) AppleWebKit/533.1 (KHTML, like Gecko) Version/4.0 Mobile Safari/533.1"
46.115.88.33 - - [17/Dec/2012:01:31:54 +0100] "GET /seiten/kontakt.php HTTP/1.1" 200 6708 "http://www.frb-berlin.de/seiten/start.htm" "Mozilla/5.0 (Linux; U; Android 2.2.1; de-de; GT-S5570 Build/FROYO) AppleWebKit/533.1 (KHTML, like Gecko) Version/4.0 Mobile Safari/533.1"
37.140.141.34 - - [17/Dec/2012:04:05:31 +0100] "GET /img/1px.gif HTTP/1.1" 200 43 "-" "Mozilla/5.0 (compatible; YandexImages/3.0; +http://yandex.com/bots)"
65.55.52.108 - - [17/Dec/2012:05:51:39 +0100] "GET /robots.txt HTTP/1.1" 404 1256 "-" "Mozilla/5.0 (compatible; bingbot/2.0; +http://www.bing.com/bingbot.htm)"
65.55.52.108 - - [17/Dec/2012:05:53:15 +0100] "GET / HTTP/1.1" 200 1775 "-" "Mozilla/5.0 (compatible; bingbot/2.0; +http://www.bing.com/bingbot.htm)"
173.199.116.195 - - [17/Dec/2012:07:18:40 +0100] "GET /seiten/links.htm HTTP/1.1" 200 1543 "-" "Mozilla/5.0 (compatible; AhrefsBot/4.0; +http://ahrefs.com/robot/)"
217.86.196.40 - - [17/Dec/2012:07:33:00 +0100] "GET /robots.txt HTTP/1.1" 404 1256 "-" "JobRoboter/1.1"
217.86.196.40 - - [17/Dec/2012:07:33:00 +0100] "GET /seiten/ausbildung.htm HTTP/1.1" 200 2131 "-" "JobRoboter/1.1"
173.199.116.195 - - [17/Dec/2012:09:47:04 +0100] "GET /seiten/referenzen.htm HTTP/1.1" 200 3626 "-" "Mozilla/5.0 (compatible; AhrefsBot/4.0; +http://ahrefs.com/robot/)"
178.33.122.74 - - [17/Dec/2012:10:10:58 +0100] "GET /dokumente/ReferenzenMaler.pdf HTTP/1.1" 200 15515 "-" "Mozilla/5.0 (X11; Linux i686; rv:6.0) Gecko/20100101 Firefox/6.0"
157.55.33.112 - - [17/Dec/2012:10:11:25 +0100] "GET /robots.txt HTTP/1.1" 404 1256 "-" "Mozilla/5.0 (compatible; bingbot/2.0; +http://www.bing.com/bingbot.htm)"
157.55.33.112 - - [17/Dec/2012:10:13:15 +0100] "GET /seiten/start.htm HTTP/1.1" 200 9376 "-" "Mozilla/5.0 (compatible; bingbot/2.0; +http://www.bing.com/bingbot.htm)"
66.249.75.202 - - [17/Dec/2012:11:08:50 +0100] "GET /robots.txt HTTP/1.1" 404 1256 "-" "Mozilla/5.0 (compatible; Googlebot/2.1; +http://www.google.com/bot.html)"
66.249.75.202 - - [17/Dec/2012:11:08:50 +0100] "GET / HTTP/1.1" 200 1775 "-" "Mozilla/5.0 (compatible; Googlebot/2.1; +http://www.google.com/bot.html)"
173.199.116.195 - - [17/Dec/2012:11:11:21 +0100] "GET /seiten/referenzen_beton.htm HTTP/1.1" 200 8747 "-" "Mozilla/5.0 (compatible; AhrefsBot/4.0; +http://ahrefs.com/robot/)"
173.199.116.195 - - [17/Dec/2012:11:30:07 +0100] "GET /seiten/start.htm HTTP/1.1" 200 9376 "-" "Mozilla/5.0 (compatible; AhrefsBot/4.0; +http://ahrefs.com/robot/)"
173.199.116.195 - - [17/Dec/2012:11:37:53 +0100] "GET /seiten/referenzen_maler.htm HTTP/1.1" 200 51839 "-" "Mozilla/5.0 (compatible; AhrefsBot/4.0; +http://ahrefs.com/robot/)"
173.199.116.195 - - [17/Dec/2012:11:50:16 +0100] "GET /seiten/ausbildung3.htm HTTP/1.1" 200 6331 "-" "Mozilla/5.0 (compatible; AhrefsBot/4.0; +http://ahrefs.com/robot/)"
173.199.116.195 - - [17/Dec/2012:13:00:57 +0100] "GET /seiten/kontakt.php HTTP/1.1" 200 6708 "-" "Mozilla/5.0 (compatible; AhrefsBot/4.0; +http://ahrefs.com/robot/)"
180.153.236.35 - - [17/Dec/2012:13:19:35 +0100] "GET / HTTP/1.1" 200 1775 "http://www.frb-berlin.de/" "Mozilla/5.0 (Windows; U; Windows NT 5.1; zh-CN; rv:1.8.0.11) Gecko/20070312 Firefox/1.5.0.11; 360Spider"
46.115.88.33 - - [17/Dec/2012:14:15:42 +0100] "GET /seiten/start.htm HTTP/1.1" 200 9376 "-" "Mozilla/5.0 (Linux; U; Android 2.2.1; de-de; GT-S5570 Build/FROYO) AppleWebKit/533.1 (KHTML, like Gecko) Version/4.0 Mobile Safari/533.1"
46.115.88.33 - - [17/Dec/2012:14:15:43 +0100] "GET /css/style.css HTTP/1.1" 200 8567 "http://www.frb-berlin.de/seiten/start.htm" "Mozilla/5.0 (Linux; U; Android 2.2.1; de-de; GT-S5570 Build/FROYO) AppleWebKit/533.1 (KHTML, like Gecko) Version/4.0 Mobile Safari/533.1"
46.115.88.33 - - [17/Dec/2012:14:15:43 +0100] "GET /scripte/menu_start.js HTTP/1.1" 200 31217 "http://www.frb-berlin.de/seiten/start.htm" "Mozilla/5.0 (Linux; U; Android 2.2.1; de-de; GT-S5570 Build/FROYO) AppleWebKit/533.1 (KHTML, like Gecko) Version/4.0 Mobile Safari/533.1"
46.115.88.33 - - [17/Dec/2012:14:15:45 +0100] "GET /img/1px.gif HTTP/1.1" 200 43 "http://www.frb-berlin.de/seiten/start.htm" "Mozilla/5.0 (Linux; U; Android 2.2.1; de-de; GT-S5570 Build/FROYO) AppleWebKit/533.1 (KHTML, like Gecko) Version/4.0 Mobile Safari/533.1"
46.115.88.33 - - [17/Dec/2012:14:15:45 +0100] "GET /img/lay01.jpg HTTP/1.1" 200 9336 "http://www.frb-berlin.de/seiten/start.htm" "Mozilla/5.0 (Linux; U; Android 2.2.1; de-de; GT-S5570 Build/FROYO) AppleWebKit/533.1 (KHTML, like Gecko) Version/4.0 Mobile Safari/533.1"
46.115.88.33 - - [17/Dec/2012:14:15:45 +0100] "GET /img/head.jpg HTTP/1.1" 200 5932 "http://www.frb-berlin.de/seiten/start.htm" "Mozilla/5.0 (Linux; U; Android 2.2.1; de-de; GT-S5570 Build/FROYO) AppleWebKit/533.1 (KHTML, like Gecko) Version/4.0 Mobile Safari/533.1"
46.115.88.33 - - [17/Dec/2012:14:15:45 +0100] "GET /img/lay05.jpg HTTP/1.1" 200 10183 "http://www.frb-berlin.de/seiten/start.htm" "Mozilla/5.0 (Linux; U; Android 2.2.1; de-de; GT-S5570 Build/FROYO) AppleWebKit/533.1 (KHTML, like Gecko) Version/4.0 Mobile Safari/533.1"
46.115.88.33 - - [17/Dec/2012:14:15:45 +0100] "GET /img/over_logo.jpg HTTP/1.1" 200 5315 "http://www.frb-berlin.de/seiten/start.htm" "Mozilla/5.0 (Linux; U; Android 2.2.1; de-de; GT-S5570 Build/FROYO) AppleWebKit/533.1 (KHTML, like Gecko) Version/4.0 Mobile Safari/533.1"
46.115.88.33 - - [17/Dec/2012:14:15:46 +0100] "GET /img/lay04.jpg HTTP/1.1" 200 6356 "http://www.frb-berlin.de/seiten/start.htm" "Mozilla/5.0 (Linux; U; Android 2.2.1; de-de; GT-S5570 Build/FROYO) AppleWebKit/533.1 (KHTML, like Gecko) Version/4.0 Mobile Safari/533.1"
46.115.88.33 - - [17/Dec/2012:14:15:45 +0100] "GET /scripte/menu_elemente.js HTTP/1.1" 200 18006 "http://www.frb-berlin.de/seiten/start.htm" "Mozilla/5.0 (Linux; U; Android 2.2.1; de-de; GT-S5570 Build/FROYO) AppleWebKit/533.1 (KHTML, like Gecko) Version/4.0 Mobile Safari/533.1"
46.115.88.33 - - [17/Dec/2012:14:15:46 +0100] "GET /img/lay03.jpg HTTP/1.1" 200 15205 "http://www.frb-berlin.de/seiten/start.htm" "Mozilla/5.0 (Linux; U; Android 2.2.1; de-de; GT-S5570 Build/FROYO) AppleWebKit/533.1 (KHTML, like Gecko) Version/4.0 Mobile Safari/533.1"
46.115.88.33 - - [17/Dec/2012:14:15:45 +0100] "GET /img/lay06.jpg HTTP/1.1" 200 11774 "http://www.frb-berlin.de/seiten/start.htm" "Mozilla/5.0 (Linux; U; Android 2.2.1; de-de; GT-S5570 Build/FROYO) AppleWebKit/533.1 (KHTML, like Gecko) Version/4.0 Mobile Safari/533.1"
173.199.116.195 - - [17/Dec/2012:15:28:46 +0100] "GET /seiten/impressum.htm HTTP/1.1" 200 4734 "-" "Mozilla/5.0 (compatible; AhrefsBot/4.0; +http://ahrefs.com/robot/)"
173.199.116.195 - - [17/Dec/2012:16:34:15 +0100] "GET /dokumente/ReferenzenWarme.pdf HTTP/1.1" 200 14947 "-" "Mozilla/5.0 (compatible; AhrefsBot/4.0; +http://ahrefs.com/robot/)"
157.55.33.125 - - [17/Dec/2012:18:11:17 +0100] "GET /robots.txt HTTP/1.1" 404 1256 "-" "Mozilla/5.0 (compatible; bingbot/2.0; +http://www.bing.com/bingbot.htm)"
157.55.33.125 - - [17/Dec/2012:18:13:21 +0100] "GET /seiten/referenzen.htm HTTP/1.1" 200 3626 "-" "Mozilla/5.0 (compatible; bingbot/2.0; +http://www.bing.com/bingbot.htm)"
173.199.116.195 - - [17/Dec/2012:18:44:47 +0100] "GET /seiten/ausbildung2.htm HTTP/1.1" 200 4821 "-" "Mozilla/5.0 (compatible; AhrefsBot/4.0; +http://ahrefs.com/robot/)"
173.199.119.147 - - [17/Dec/2012:20:30:56 +0100] "GET /dokumente/ReferenzenWarme.pdf HTTP/1.1" 200 14947 "-" "Mozilla/5.0 (compatible; AhrefsBot/4.0; +http://ahrefs.com/robot/)"
66.249.76.202 - - [17/Dec/2012:21:18:52 +0100] "GET /robots.txt HTTP/1.1" 404 1256 "-" "Mozilla/5.0 (compatible; Googlebot/2.1; +http://www.google.com/bot.html)"
66.249.76.202 - - [17/Dec/2012:21:18:52 +0100] "GET /seiten/start.htm HTTP/1.1" 200 9376 "-" "SAMSUNG-SGH-E250/1.0 Profile/MIDP-2.0 Configuration/CLDC-1.1 UP.Browser/6.2.3.3.c.1.101 (GUI) MMP/2.0 (compatible; Googlebot-Mobile/2.1; +http://www.google.com/bot.html)"
78.54.28.190 - - [17/Dec/2012:22:11:52 +0100] "GET / HTTP/1.1" 200 1775 "-" "Jakarta Commons-HttpClient/3.1"
78.54.28.190 - - [17/Dec/2012:22:11:52 +0100] "GET /seiten/start.htm HTTP/1.1" 200 9376 "-" "Jakarta Commons-HttpClient/3.1"
78.54.28.190 - - [17/Dec/2012:22:11:52 +0100] "GET /seiten/impressum.htm HTTP/1.1" 200 4734 "-" "Jakarta Commons-HttpClient/3.1"
173.199.119.147 - - [17/Dec/2012:22:26:39 +0100] "GET /dokumente/ReferenzenMaler.pdf HTTP/1.1" 200 15515 "-" "Mozilla/5.0 (compatible; AhrefsBot/4.0; +http://ahrefs.com/robot/)"
173.199.119.147 - - [17/Dec/2012:22:56:16 +0100] "GET /seiten/referenzen_beton.htm HTTP/1.1" 200 8747 "-" "Mozilla/5.0 (compatible; AhrefsBot/4.0; +http://ahrefs.com/robot/)"
173.199.119.147 - - [17/Dec/2012:23:32:35 +0100] "GET /seiten/referenzen_waerme.htm HTTP/1.1" 200 35661 "-" "Mozilla/5.0 (compatible; AhrefsBot/4.0; +http://ahrefs.com/robot/)"
180.153.236.19 - - [18/Dec/2012:01:43:52 +0100] "GET / HTTP/1.1" 200 1775 "http://www.frb-berlin.de/" "Mozilla/5.0 (Windows; U; Windows NT 5.1; zh-CN; rv:1.8.0.11) Gecko/20070312 Firefox/1.5.0.11; 360Spider"
5.9.107.48 - - [18/Dec/2012:02:11:39 +0100] "GET /robots.txt HTTP/1.0" 404 1256 "-" "Mozilla/5.0 (compatible; MJ12bot/v1.4.3; http://www.majestic12.co.uk/bot.php?+)"
5.9.107.48 - - [18/Dec/2012:02:11:41 +0100] "GET / HTTP/1.0" 200 1775 "-" "Mozilla/5.0 (compatible; MJ12bot/v1.4.3; http://www.majestic12.co.uk/bot.php?+)"
82.198.86.73 - - [18/Dec/2012:02:16:30 +0100] "GET / HTTP/1.1" 200 1775 "-" "Mozilla/5.0 (Windows; U; Windows NT 5.1; en-US; rv:1.8.1.11) Gecko/20071127 Firefox/2.0.0.11"
173.199.119.147 - - [18/Dec/2012:02:19:42 +0100] "GET /seiten/referenzen.htm HTTP/1.1" 200 3626 "-" "Mozilla/5.0 (compatible; AhrefsBot/4.0; +http://ahrefs.com/robot/)"
173.199.119.147 - - [18/Dec/2012:02:54:56 +0100] "GET /seiten/leistungen.htm HTTP/1.1" 200 3710 "-" "Mozilla/5.0 (compatible; AhrefsBot/4.0; +http://ahrefs.com/robot/)"
85.13.131.53 - - [18/Dec/2012:03:12:58 +0100] "GET / HTTP/1.0" 200 1775 "-" "-"
85.13.131.53 - - [18/Dec/2012:03:12:58 +0100] "GET / HTTP/1.0" 200 1775 "-" "-"
66.249.76.202 - - [18/Dec/2012:03:20:53 +0100] "GET / HTTP/1.1" 200 1775 "-" "Mozilla/5.0 (compatible; Googlebot/2.1; +http://www.google.com/bot.html)"
173.199.119.147 - - [18/Dec/2012:03:22:56 +0100] "GET /seiten/ausbildung.htm HTTP/1.1" 200 2131 "-" "Mozilla/5.0 (compatible; AhrefsBot/4.0; +http://ahrefs.com/robot/)"
173.199.119.147 - - [18/Dec/2012:04:01:07 +0100] "GET /seiten/ausbildung3.htm HTTP/1.1" 200 6331 "-" "Mozilla/5.0 (compatible; AhrefsBot/4.0; +http://ahrefs.com/robot/)"
216.55.143.249 - - [18/Dec/2012:04:46:36 +0100] "GET / HTTP/1.1" 200 1775 "-" "Mozilla/5.0 (compatible; MSIE 9.0; Windows NT 6.1; WOW64; Trident/5.0)"
216.55.143.249 - - [18/Dec/2012:04:46:37 +0100] "GET /css/style.css HTTP/1.1" 200 8567 "http://www.frb-berlin.de/" "Mozilla/5.0 (compatible; MSIE 9.0; Windows NT 6.1; WOW64; Trident/5.0)"
216.55.143.249 - - [18/Dec/2012:04:46:37 +0100] "GET /img/logo.gif HTTP/1.1" 200 4275 "http://www.frb-berlin.de/" "Mozilla/5.0 (compatible; MSIE 9.0; Windows NT 6.1; WOW64; Trident/5.0)"
65.55.52.108 - - [18/Dec/2012:05:01:52 +0100] "GET /robots.txt HTTP/1.1" 404 1256 "-" "Mozilla/5.0 (compatible; bingbot/2.0; +http://www.bing.com/bingbot.htm)"
65.55.52.108 - - [18/Dec/2012:05:03:42 +0100] "GET / HTTP/1.1" 304 - "-" "Mozilla/5.0 (compatible; bingbot/2.0; +http://www.bing.com/bingbot.htm)"
65.55.52.108 - - [18/Dec/2012:05:15:11 +0100] "GET / HTTP/1.1" 200 1775 "-" "Mozilla/5.0 (compatible; bingbot/2.0; +http://www.bing.com/bingbot.htm)"
173.199.119.147 - - [18/Dec/2012:08:02:45 +0100] "GET /seiten/impressum.htm HTTP/1.1" 200 4734 "-" "Mozilla/5.0 (compatible; AhrefsBot/4.0; +http://ahrefs.com/robot/)"
95.128.200.200 - - [18/Dec/2012:09:18:46 +0100] "GET / HTTP/1.1" 200 1775 "-" "Mozilla/5.0 (Windows; U; MSIE 9.0; WIndows NT 9.0; de-DE))"
93.220.224.90 - - [18/Dec/2012:10:21:21 +0100] "GET / HTTP/1.1" 200 1775 "-" "Mozilla/4.0 (compatible; MSIE 7.0; Windows NT 6.0; WOW64; SLCC1; .NET CLR 2.0.50727; .NET CLR 3.0.04320)"
93.220.224.90 - - [18/Dec/2012:10:21:32 +0100] "GET /seiten/start.htm HTTP/1.1" 200 9376 "-" "Mozilla/5.0 Gecko/2009042316 Firefox/3.x"
93.220.224.90 - - [18/Dec/2012:10:21:32 +0100] "GET /seiten/main.htm HTTP/1.1" 200 2319 "-" "Mozilla/4.0 (compatible; MSIE 8.0; Windows NT 6.0; .NET CLR 1.1.4322; .NET CLR 1.0.3705; .NET CLR 2.0.50727; .NET CLR 3.0.04506.30; .NET CLR 3.0.04506.648; .NET CLR 3.5.21022)"
93.220.224.90 - - [18/Dec/2012:10:21:38 +0100] "GET /seiten/impressum.htm HTTP/1.1" 200 4734 "-" "Mozilla/4.0 (compatible; MSIE 7.0; Windows NT 6.0; WOW64; SLCC1; .NET CLR 2.0.50727; .NET CLR 1.1.4322)"
130.180.100.164 - - [18/Dec/2012:10:57:48 +0100] "GET / HTTP/1.1" 200 1775 "http://www.google.de/url?sa=t&rct=j&q=%2Cf%2Crb&source=web&cd=5&ved=0CFAQFjAE&url=http%3A%2F%2Fwww.frb-berlin.de%2F&ei=ET7QUNTyJdDKsgazu4DQCQ&usg=AFQjCNFEVYKmiyy1XnWrB0NZi3PeBHpTjA&bvm=bv.1355534169,d.Yms" "Mozilla/5.0 (Windows NT 6.1; rv:17.0) Gecko/20100101 Firefox/17.0"
130.180.100.164 - - [18/Dec/2012:10:57:48 +0100] "GET /css/style.css HTTP/1.1" 200 8567 "http://www.frb-berlin.de/" "Mozilla/5.0 (Windows NT 6.1; rv:17.0) Gecko/20100101 Firefox/17.0"
130.180.100.164 - - [18/Dec/2012:10:57:48 +0100] "GET /img/logo.gif HTTP/1.1" 200 4275 "http://www.frb-berlin.de/" "Mozilla/5.0 (Windows NT 6.1; rv:17.0) Gecko/20100101 Firefox/17.0"
130.180.100.164 - - [18/Dec/2012:10:57:48 +0100] "GET /favicon.ico HTTP/1.1" 404 1256 "-" "Mozilla/5.0 (Windows NT 6.1; rv:17.0) Gecko/20100101 Firefox/17.0"
130.180.100.164 - - [18/Dec/2012:10:57:58 +0100] "GET /seiten/start.htm HTTP/1.1" 200 9376 "http://www.frb-berlin.de/" "Mozilla/5.0 (Windows NT 6.1; rv:17.0) Gecko/20100101 Firefox/17.0"
130.180.100.164 - - [18/Dec/2012:10:57:59 +0100] "GET /scripte/menu_start.js HTTP/1.1" 200 31217 "http://www.frb-berlin.de/seiten/start.htm" "Mozilla/5.0 (Windows NT 6.1; rv:17.0) Gecko/20100101 Firefox/17.0"
130.180.100.164 - - [18/Dec/2012:10:57:59 +0100] "GET /scripte/menu_elemente.js HTTP/1.1" 200 18006 "http://www.frb-berlin.de/seiten/start.htm" "Mozilla/5.0 (Windows NT 6.1; rv:17.0) Gecko/20100101 Firefox/17.0"
130.180.100.164 - - [18/Dec/2012:10:57:59 +0100] "GET /img/1px.gif HTTP/1.1" 200 43 "http://www.frb-berlin.de/seiten/start.htm" "Mozilla/5.0 (Windows NT 6.1; rv:17.0) Gecko/20100101 Firefox/17.0"
130.180.100.164 - - [18/Dec/2012:10:57:59 +0100] "GET /img/over_logo.jpg HTTP/1.1" 200 5315 "http://www.frb-berlin.de/seiten/start.htm" "Mozilla/5.0 (Windows NT 6.1; rv:17.0) Gecko/20100101 Firefox/17.0"
130.180.100.164 - - [18/Dec/2012:10:57:59 +0100] "GET /img/head.jpg HTTP/1.1" 200 5932 "http://www.frb-berlin.de/seiten/start.htm" "Mozilla/5.0 (Windows NT 6.1; rv:17.0) Gecko/20100101 Firefox/17.0"
130.180.100.164 - - [18/Dec/2012:10:57:59 +0100] "GET /img/lay01.jpg HTTP/1.1" 200 9336 "http://www.frb-berlin.de/seiten/start.htm" "Mozilla/5.0 (Windows NT 6.1; rv:17.0) Gecko/20100101 Firefox/17.0"
130.180.100.164 - - [18/Dec/2012:10:57:59 +0100] "GET /img/lay03.jpg HTTP/1.1" 200 15205 "http://www.frb-berlin.de/seiten/start.htm" "Mozilla/5.0 (Windows NT 6.1; rv:17.0) Gecko/20100101 Firefox/17.0"
130.180.100.164 - - [18/Dec/2012:10:57:59 +0100] "GET /img/lay04.jpg HTTP/1.1" 200 6356 "http://www.frb-berlin.de/seiten/start.htm" "Mozilla/5.0 (Windows NT 6.1; rv:17.0) Gecko/20100101 Firefox/17.0"
130.180.100.164 - - [18/Dec/2012:10:57:59 +0100] "GET /img/lay05.jpg HTTP/1.1" 200 10183 "http://www.frb-berlin.de/seiten/start.htm" "Mozilla/5.0 (Windows NT 6.1; rv:17.0) Gecko/20100101 Firefox/17.0"
130.180.100.164 - - [18/Dec/2012:10:57:59 +0100] "GET /img/lay06.jpg HTTP/1.1" 200 11774 "http://www.frb-berlin.de/seiten/start.htm" "Mozilla/5.0 (Windows NT 6.1; rv:17.0) Gecko/20100101 Firefox/17.0"
130.180.100.164 - - [18/Dec/2012:10:57:59 +0100] "GET /img/lay07.jpg HTTP/1.1" 200 9742 "http://www.frb-berlin.de/seiten/start.htm" "Mozilla/5.0 (Windows NT 6.1; rv:17.0) Gecko/20100101 Firefox/17.0"
130.180.100.164 - - [18/Dec/2012:10:57:59 +0100] "GET /img/lay13.jpg HTTP/1.1" 200 428 "http://www.frb-berlin.de/seiten/start.htm" "Mozilla/5.0 (Windows NT 6.1; rv:17.0) Gecko/20100101 Firefox/17.0"
130.180.100.164 - - [18/Dec/2012:10:57:59 +0100] "GET /img/lay08.jpg HTTP/1.1" 200 10212 "http://www.frb-berlin.de/seiten/start.htm" "Mozilla/5.0 (Windows NT 6.1; rv:17.0) Gecko/20100101 Firefox/17.0"
130.180.100.164 - - [18/Dec/2012:10:57:59 +0100] "GET /img/lay10.jpg HTTP/1.1" 200 12856 "http://www.frb-berlin.de/seiten/start.htm" "Mozilla/5.0 (Windows NT 6.1; rv:17.0) Gecko/20100101 Firefox/17.0"
130.180.100.164 - - [18/Dec/2012:10:57:59 +0100] "GET /img/lay12.jpg HTTP/1.1" 200 394 "http://www.frb-berlin.de/seiten/start.htm" "Mozilla/5.0 (Windows NT 6.1; rv:17.0) Gecko/20100101 Firefox/17.0"
130.180.100.164 - - [18/Dec/2012:10:57:59 +0100] "GET /img/bogen_o1.jpg HTTP/1.1" 200 8356 "http://www.frb-berlin.de/seiten/start.htm" "Mozilla/5.0 (Windows NT 6.1; rv:17.0) Gecko/20100101 Firefox/17.0"
130.180.100.164 - - [18/Dec/2012:10:57:59 +0100] "GET /seiten/main.htm HTTP/1.1" 200 2319 "http://www.frb-berlin.de/seiten/start.htm" "Mozilla/5.0 (Windows NT 6.1; rv:17.0) Gecko/20100101 Firefox/17.0"
130.180.100.164 - - [18/Dec/2012:10:57:59 +0100] "GET /img/bg_links.jpg HTTP/1.1" 200 8379 "http://www.frb-berlin.de/img/bg_links.jpg" "Mozilla/5.0 (Windows NT 6.1; rv:17.0) Gecko/20100101 Firefox/17.0"
130.180.100.164 - - [18/Dec/2012:10:57:59 +0100] "GET /img/lay11.jpg HTTP/1.1" 200 12218 "http://www.frb-berlin.de/img/lay11.jpg" "Mozilla/5.0 (Windows NT 6.1; rv:17.0) Gecko/20100101 Firefox/17.0"
130.180.100.164 - - [18/Dec/2012:10:57:59 +0100] "GET /img/bg_rechts.jpg HTTP/1.1" 200 346 "http://www.frb-berlin.de/img/bg_rechts.jpg" "Mozilla/5.0 (Windows NT 6.1; rv:17.0) Gecko/20100101 Firefox/17.0"
130.180.100.164 - - [18/Dec/2012:10:57:59 +0100] "GET /img/farben.jpg HTTP/1.1" 200 14519 "http://www.frb-berlin.de/img/farben.jpg" "Mozilla/5.0 (Windows NT 6.1; rv:17.0) Gecko/20100101 Firefox/17.0"
130.180.100.164 - - [18/Dec/2012:10:57:59 +0100] "GET /img/favorit_a.gif HTTP/1.1" 200 175 "http://www.frb-berlin.de/seiten/start.htm" "Mozilla/5.0 (Windows NT 6.1; rv:17.0) Gecko/20100101 Firefox/17.0"
173.199.119.147 - - [18/Dec/2012:11:21:40 +0100] "GET /seiten/main.htm HTTP/1.1" 200 2319 "-" "Mozilla/5.0 (compatible; AhrefsBot/4.0; +http://ahrefs.com/robot/)"
157.55.33.44 - - [18/Dec/2012:11:36:05 +0100] "GET /robots.txt HTTP/1.1" 404 1256 "-" "Mozilla/5.0 (compatible; bingbot/2.0; +http://www.bing.com/bingbot.htm)"
157.55.33.44 - - [18/Dec/2012:11:37:55 +0100] "GET /seiten/ausbildung2.htm HTTP/1.1" 304 - "-" "Mozilla/5.0 (compatible; bingbot/2.0; +http://www.bing.com/bingbot.htm)"
173.199.119.147 - - [18/Dec/2012:12:05:27 +0100] "GET /seiten/start.htm HTTP/1.1" 200 9376 "-" "Mozilla/5.0 (compatible; AhrefsBot/4.0; +http://ahrefs.com/robot/)"
92.78.188.145 - - [18/Dec/2012:12:07:15 +0100] "GET /seiten/ausbildung3.htm HTTP/1.1" 200 6331 "http://www.backinjob.de/detailFrame.php?Chiffre=999950000047104849" "Mozilla/5.0 (Windows NT 6.0) AppleWebKit/537.11 (KHTML, like Gecko) Chrome/23.0.1271.97 Safari/537.11"
92.78.188.145 - - [18/Dec/2012:12:07:16 +0100] "GET /css/style.css HTTP/1.1" 200 8567 "http://www.frb-berlin.de/seiten/ausbildung3.htm" "Mozilla/5.0 (Windows NT 6.0) AppleWebKit/537.11 (KHTML, like Gecko) Chrome/23.0.1271.97 Safari/537.11"
92.78.188.145 - - [18/Dec/2012:12:07:16 +0100] "GET /img/top.gif HTTP/1.1" 200 950 "http://www.frb-berlin.de/seiten/ausbildung3.htm" "Mozilla/5.0 (Windows NT 6.0) AppleWebKit/537.11 (KHTML, like Gecko) Chrome/23.0.1271.97 Safari/537.11"
92.78.188.145 - - [18/Dec/2012:12:07:16 +0100] "GET /img/hg.jpg HTTP/1.1" 200 7507 "http://www.frb-berlin.de/seiten/ausbildung3.htm" "Mozilla/5.0 (Windows NT 6.0) AppleWebKit/537.11 (KHTML, like Gecko) Chrome/23.0.1271.97 Safari/537.11"
173.199.119.147 - - [18/Dec/2012:12:25:09 +0100] "GET /seiten/ueber_uns.htm HTTP/1.1" 200 2081 "-" "Mozilla/5.0 (compatible; AhrefsBot/4.0; +http://ahrefs.com/robot/)"
173.199.119.147 - - [18/Dec/2012:12:29:20 +0100] "GET /seiten/links.htm HTTP/1.1" 200 1543 "-" "Mozilla/5.0 (compatible; AhrefsBot/4.0; +http://ahrefs.com/robot/)"
180.153.236.19 - - [18/Dec/2012:13:43:35 +0100] "GET / HTTP/1.1" 200 1775 "http://www.frb-berlin.de/" "Mozilla/5.0 (Windows; U; Windows NT 5.1; zh-CN; rv:1.8.0.11) Gecko/20070312 Firefox/1.5.0.11; 360Spider"
178.8.218.94 - - [18/Dec/2012:14:10:40 +0100] "GET /seiten/ausbildung2.htm HTTP/1.1" 200 4821 "http://www.backinjob.de/detailFrame.php?Chiffre=999950000035497294" "Mozilla/5.0 (Windows NT 5.1) AppleWebKit/537.11 (KHTML, like Gecko) Chrome/23.0.1271.97 Safari/537.11"
178.8.218.94 - - [18/Dec/2012:14:10:40 +0100] "GET /css/style.css HTTP/1.1" 200 8567 "http://www.frb-berlin.de/seiten/ausbildung2.htm" "Mozilla/5.0 (Windows NT 5.1) AppleWebKit/537.11 (KHTML, like Gecko) Chrome/23.0.1271.97 Safari/537.11"
178.8.218.94 - - [18/Dec/2012:14:10:40 +0100] "GET /img/top.gif HTTP/1.1" 200 950 "http://www.frb-berlin.de/seiten/ausbildung2.htm" "Mozilla/5.0 (Windows NT 5.1) AppleWebKit/537.11 (KHTML, like Gecko) Chrome/23.0.1271.97 Safari/537.11"
178.8.218.94 - - [18/Dec/2012:14:10:40 +0100] "GET /img/hg.jpg HTTP/1.1" 200 7507 "http://www.frb-berlin.de/seiten/ausbildung2.htm" "Mozilla/5.0 (Windows NT 5.1) AppleWebKit/537.11 (KHTML, like Gecko) Chrome/23.0.1271.97 Safari/537.11"
173.199.119.147 - - [18/Dec/2012:14:23:54 +0100] "GET /seiten/referenzen_maler.htm HTTP/1.1" 200 51839 "-" "Mozilla/5.0 (compatible; AhrefsBot/4.0; +http://ahrefs.com/robot/)"
37.140.141.34 - - [18/Dec/2012:14:45:39 +0100] "GET /robots.txt HTTP/1.1" 404 1256 "-" "Mozilla/5.0 (compatible; YandexImages/3.0; +http://yandex.com/bots)"
173.199.119.147 - - [18/Dec/2012:17:11:46 +0100] "GET / HTTP/1.1" 200 1775 "-" "Mozilla/5.0 (compatible; AhrefsBot/4.0; +http://ahrefs.com/robot/)"
173.199.119.147 - - [18/Dec/2012:17:45:58 +0100] "GET /seiten/ausbildung2.htm HTTP/1.1" 200 4821 "-" "Mozilla/5.0 (compatible; AhrefsBot/4.0; +http://ahrefs.com/robot/)"
173.242.125.191 - - [18/Dec/2012:18:00:37 +0100] "GET /robots.txt HTTP/1.0" 404 1256 "-" "Mozilla/5.0 (compatible; MJ12bot/v1.4.3; http://www.majestic12.co.uk/bot.php?+)"
173.242.125.191 - - [18/Dec/2012:18:00:39 +0100] "GET /seiten/start.htm HTTP/1.0" 200 9376 "-" "Mozilla/5.0 (compatible; MJ12bot/v1.4.3; http://www.majestic12.co.uk/bot.php?+)"
173.199.119.147 - - [18/Dec/2012:18:18:36 +0100] "GET /seiten/kontakt.php HTTP/1.1" 200 6708 "-" "Mozilla/5.0 (compatible; AhrefsBot/4.0; +http://ahrefs.com/robot/)"
91.66.156.239 - - [18/Dec/2012:18:26:09 +0100] "GET /seiten/ausbildung3.htm HTTP/1.1" 200 6331 "http://www.jumpforward.de/JobFrame.php?c=999950000047104849" "Mozilla/5.0 (Windows NT 6.1; WOW64; rv:15.0) Gecko/20100101 Firefox/15.0.1"
91.66.156.239 - - [18/Dec/2012:18:26:09 +0100] "GET /css/style.css HTTP/1.1" 200 8567 "http://www.frb-berlin.de/seiten/ausbildung3.htm" "Mozilla/5.0 (Windows NT 6.1; WOW64; rv:15.0) Gecko/20100101 Firefox/15.0.1"
91.66.156.239 - - [18/Dec/2012:18:26:09 +0100] "GET /img/top.gif HTTP/1.1" 200 950 "http://www.frb-berlin.de/seiten/ausbildung3.htm" "Mozilla/5.0 (Windows NT 6.1; WOW64; rv:15.0) Gecko/20100101 Firefox/15.0.1"
91.66.156.239 - - [18/Dec/2012:18:26:09 +0100] "GET /img/hg.jpg HTTP/1.1" 200 7507 "http://www.frb-berlin.de/seiten/ausbildung3.htm" "Mozilla/5.0 (Windows NT 6.1; WOW64; rv:15.0) Gecko/20100101 Firefox/15.0.1"
85.214.21.33 - - [18/Dec/2012:19:04:10 +0100] "GET / HTTP/1.0" 200 1775 "-" "-"
85.214.21.33 - - [18/Dec/2012:19:04:10 +0100] "GET / HTTP/1.0" 200 1775 "-" "-"
178.213.6.212 - - [18/Dec/2012:19:42:39 +0100] "GET /robots.txt HTTP/1.1" 404 1256 "-" "Mozilla/5.0 (compatible; 008/0.83; http://www.80legs.com/webcrawler.html;) Gecko/2008032620"
178.213.6.212 - - [18/Dec/2012:19:42:39 +0100] "GET / HTTP/1.1" 200 1775 "-" "Mozilla/5.0 (compatible; 008/0.85; http://www.80legs.com/webcrawler.html) Gecko/2008032620"
23.23.49.161 - - [18/Dec/2012:22:45:54 +0100] "GET / HTTP/1.0" 200 1775 "http://www.go-profitclicking.com" "-"
37.140.141.34 - - [18/Dec/2012:22:51:25 +0100] "GET /img/logo.gif HTTP/1.1" 200 4275 "-" "Mozilla/5.0 (compatible; YandexImages/3.0; +http://yandex.com/bots)"
66.249.76.202 - - [18/Dec/2012:23:12:38 +0100] "GET /robots.txt HTTP/1.1" 404 1256 "-" "Mozilla/5.0 (compatible; Googlebot/2.1; +http://www.google.com/bot.html)"
188.130.220.119 - - [18/Dec/2012:23:41:04 +0100] "GET /robots.txt HTTP/1.1" 404 1256 "-" "Mozilla/5.0 (compatible; 008/0.83; http://www.80legs.com/webcrawler.html;) Gecko/2008032620"
188.130.220.119 - - [18/Dec/2012:23:41:04 +0100] "GET /seiten/start.htm HTTP/1.1" 200 9376 "-" "Mozilla/5.0 (compatible; 008/0.85; http://www.80legs.com/webcrawler.html) Gecko/2008032620"
77.91.186.129 - - [19/Dec/2012:02:09:06 +0100] "GET /robots.txt HTTP/1.1" 404 1256 "-" "Mozilla/5.0 (compatible; 008/0.83; http://www.80legs.com/webcrawler.html;) Gecko/2008032620"
77.91.186.129 - - [19/Dec/2012:02:09:06 +0100] "GET /seiten/ausbildung.htm HTTP/1.1" 200 2131 "-" "Mozilla/5.0 (compatible; 008/0.85; http://www.80legs.com/webcrawler.html) Gecko/2008032620"
180.153.236.197 - - [19/Dec/2012:02:25:17 +0100] "GET / HTTP/1.1" 200 1775 "http://www.frb-berlin.de/" "Mozilla/5.0 (Windows; U; Windows NT 5.1; zh-CN; rv:1.8.0.11) Gecko/20070312 Firefox/1.5.0.11; 360Spider"
118.136.54.23 - - [19/Dec/2012:02:36:40 +0100] "GET /robots.txt HTTP/1.1" 404 1256 "-" "Mozilla/5.0 (compatible; 008/0.83; http://www.80legs.com/webcrawler.html;) Gecko/2008032620"
118.136.54.23 - - [19/Dec/2012:02:36:41 +0100] "GET /seiten/kontakt.php HTTP/1.1" 200 6708 "-" "Mozilla/5.0 (compatible; 008/0.85; http://www.80legs.com/webcrawler.html) Gecko/2008032620"
188.227.82.156 - - [19/Dec/2012:02:43:20 +0100] "GET /robots.txt HTTP/1.1" 404 1256 "-" "Mozilla/5.0 (compatible; 008/0.83; http://www.80legs.com/webcrawler.html;) Gecko/2008032620"
188.227.82.156 - - [19/Dec/2012:02:43:20 +0100] "GET /seiten/links.htm HTTP/1.1" 200 1543 "-" "Mozilla/5.0 (compatible; 008/0.85; http://www.80legs.com/webcrawler.html) Gecko/2008032620"
64.125.222.16 - - [19/Dec/2012:02:45:42 +0100] "GET /robots.txt HTTP/1.1" 404 1256 "-" "Mozilla/5.0 (compatible; 008/0.83; http://www.80legs.com/webcrawler.html;) Gecko/2008032620"
190.213.107.212 - - [19/Dec/2012:03:16:21 +0100] "GET /seiten/main.htm HTTP/1.1" 200 2319 "-" "Mozilla/5.0 (compatible; 008/0.85; http://www.80legs.com/webcrawler.html) Gecko/2008032620"
190.213.107.212 - - [19/Dec/2012:03:16:30 +0100] "GET /seiten/main.htm HTTP/1.1" 200 2319 "-" "Mozilla/5.0 (compatible; 008/0.85; http://www.80legs.com/webcrawler.html) Gecko/2008032620"
190.213.107.212 - - [19/Dec/2012:03:17:03 +0100] "GET /seiten/ueber_uns.htm HTTP/1.1" 200 2081 "-" "Mozilla/5.0 (compatible; 008/0.85; http://www.80legs.com/webcrawler.html) Gecko/2008032620"
176.99.66.175 - - [19/Dec/2012:03:21:01 +0100] "GET /seiten/impressum.htm HTTP/1.1" 200 4734 "-" "Mozilla/5.0 (compatible; 008/0.85; http://www.80legs.com/webcrawler.html) Gecko/2008032620"
188.134.86.32 - - [19/Dec/2012:03:29:58 +0100] "GET /seiten/referenzen.htm HTTP/1.1" 200 3626 "-" "Mozilla/5.0 (compatible; 008/0.85; http://www.80legs.com/webcrawler.html) Gecko/2008032620"
92.255.213.228 - - [19/Dec/2012:03:32:06 +0100] "GET /seiten/main.htm HTTP/1.1" 200 2319 "-" "Mozilla/5.0 (compatible; 008/0.85; http://www.80legs.com/webcrawler.html) Gecko/2008032620"
195.182.194.194 - - [19/Dec/2012:03:40:52 +0100] "GET /seiten/leistungen.htm HTTP/1.1" 200 3710 "-" "Mozilla/5.0 (compatible; 008/0.85; http://www.80legs.com/webcrawler.html) Gecko/2008032620"
37.140.141.34 - - [19/Dec/2012:03:43:45 +0100] "GET /img/1px.gif HTTP/1.1" 200 43 "-" "Mozilla/5.0 (compatible; YandexImages/3.0; +http://yandex.com/bots)"
188.134.86.32 - - [19/Dec/2012:03:47:28 +0100] "GET /seiten/ueber_uns.htm HTTP/1.1" 200 2081 "-" "Mozilla/5.0 (compatible; 008/0.85; http://www.80legs.com/webcrawler.html) Gecko/2008032620"
89.255.92.150 - - [19/Dec/2012:03:51:40 +0100] "GET /seiten/impressum.htm HTTP/1.1" 200 4734 "-" "Mozilla/5.0 (compatible; 008/0.85; http://www.80legs.com/webcrawler.html) Gecko/2008032620"
95.67.255.206 - - [19/Dec/2012:03:54:38 +0100] "GET /seiten/main.htm HTTP/1.1" 200 2319 "-" "Mozilla/5.0 (compatible; 008/0.85; http://www.80legs.com/webcrawler.html) Gecko/2008032620"
77.91.167.74 - - [19/Dec/2012:03:54:49 +0100] "GET /seiten/leistungen.htm HTTP/1.1" 200 3710 "-" "Mozilla/5.0 (compatible; 008/0.85; http://www.80legs.com/webcrawler.html) Gecko/2008032620"
89.255.92.150 - - [19/Dec/2012:03:55:24 +0100] "GET /seiten/ueber_uns.htm HTTP/1.1" 200 2081 "-" "Mozilla/5.0 (compatible; 008/0.85; http://www.80legs.com/webcrawler.html) Gecko/2008032620"
65.55.52.108 - - [19/Dec/2012:06:05:14 +0100] "GET /robots.txt HTTP/1.1" 404 1256 "-" "Mozilla/5.0 (compatible; bingbot/2.0; +http://www.bing.com/bingbot.htm)"
65.55.52.108 - - [19/Dec/2012:06:06:39 +0100] "GET / HTTP/1.1" 200 1775 "-" "Mozilla/5.0 (compatible; bingbot/2.0; +http://www.bing.com/bingbot.htm)"
46.51.133.194 - - [19/Dec/2012:08:13:14 +0100] "HEAD / HTTP/1.1" 200 - "-" "Googlebot/2.1 (+http://www.google.com/bot.html)"
65.55.52.108 - - [19/Dec/2012:08:58:08 +0100] "GET /robots.txt HTTP/1.1" 404 1256 "-" "Mozilla/5.0 (compatible; bingbot/2.0; +http://www.bing.com/bingbot.htm)"
65.55.52.108 - - [19/Dec/2012:08:59:43 +0100] "GET / HTTP/1.1" 200 1775 "-" "Mozilla/5.0 (compatible; bingbot/2.0; +http://www.bing.com/bingbot.htm)"
93.192.108.45 - - [19/Dec/2012:10:34:16 +0100] "GET / HTTP/1.1" 200 1775 "http://maps.google.de/maps?hl=de&sugexp=pchsnhac&gs_rn=1&gs_ri=hp&cp=18&gs_id=1y&xhr=t&bav=on.2,or.r_gc.r_pw.r_qf.&bvm=bv.1355534169,d.Yms&bpcl=40096503&biw=1366&bih=643&um=1&ie=UTF-8&q=fassadenbau+berlin&fb=1&gl=de&hq=fassadenbau&hnear=0x47a84e373f035901:0x42120465b5e3b70,Berlin&sa=X&ei=SYTRUKiUFIPJtAas_oHYDg&sqi=2&ved=0COABELYD&iwloc=cids:11987251851634441467" "Mozilla/5.0 (Windows NT 6.1; WOW64) AppleWebKit/537.11 (KHTML, like Gecko) Chrome/23.0.1271.97 Safari/537.11"
93.192.108.45 - - [19/Dec/2012:10:34:16 +0100] "GET /css/style.css HTTP/1.1" 200 8567 "http://www.frb-berlin.de/" "Mozilla/5.0 (Windows NT 6.1; WOW64) AppleWebKit/537.11 (KHTML, like Gecko) Chrome/23.0.1271.97 Safari/537.11"
93.192.108.45 - - [19/Dec/2012:10:34:16 +0100] "GET /img/logo.gif HTTP/1.1" 200 4275 "http://www.frb-berlin.de/" "Mozilla/5.0 (Windows NT 6.1; WOW64) AppleWebKit/537.11 (KHTML, like Gecko) Chrome/23.0.1271.97 Safari/537.11"
93.192.108.45 - - [19/Dec/2012:10:34:16 +0100] "GET /favicon.ico HTTP/1.1" 404 1256 "-" "Mozilla/5.0 (Windows NT 6.1; WOW64) AppleWebKit/537.11 (KHTML, like Gecko) Chrome/23.0.1271.97 Safari/537.11"
93.192.108.45 - - [19/Dec/2012:10:34:21 +0100] "GET /seiten/start.htm HTTP/1.1" 200 9376 "http://www.frb-berlin.de/" "Mozilla/5.0 (Windows NT 6.1; WOW64) AppleWebKit/537.11 (KHTML, like Gecko) Chrome/23.0.1271.97 Safari/537.11"
93.192.108.45 - - [19/Dec/2012:10:34:21 +0100] "GET /scripte/menu_start.js HTTP/1.1" 200 31217 "http://www.frb-berlin.de/seiten/start.htm" "Mozilla/5.0 (Windows NT 6.1; WOW64) AppleWebKit/537.11 (KHTML, like Gecko) Chrome/23.0.1271.97 Safari/537.11"
93.192.108.45 - - [19/Dec/2012:10:34:21 +0100] "GET /scripte/menu_elemente.js HTTP/1.1" 200 18006 "http://www.frb-berlin.de/seiten/start.htm" "Mozilla/5.0 (Windows NT 6.1; WOW64) AppleWebKit/537.11 (KHTML, like Gecko) Chrome/23.0.1271.97 Safari/537.11"
93.192.108.45 - - [19/Dec/2012:10:34:22 +0100] "GET /seiten/main.htm HTTP/1.1" 200 2319 "http://www.frb-berlin.de/seiten/start.htm" "Mozilla/5.0 (Windows NT 6.1; WOW64) AppleWebKit/537.11 (KHTML, like Gecko) Chrome/23.0.1271.97 Safari/537.11"
93.192.108.45 - - [19/Dec/2012:10:34:22 +0100] "GET /img/1px.gif HTTP/1.1" 200 43 "http://www.frb-berlin.de/seiten/start.htm" "Mozilla/5.0 (Windows NT 6.1; WOW64) AppleWebKit/537.11 (KHTML, like Gecko) Chrome/23.0.1271.97 Safari/537.11"
93.192.108.45 - - [19/Dec/2012:10:34:22 +0100] "GET /img/head.jpg HTTP/1.1" 200 5932 "http://www.frb-berlin.de/seiten/start.htm" "Mozilla/5.0 (Windows NT 6.1; WOW64) AppleWebKit/537.11 (KHTML, like Gecko) Chrome/23.0.1271.97 Safari/537.11"
93.192.108.45 - - [19/Dec/2012:10:34:22 +0100] "GET /img/lay01.jpg HTTP/1.1" 200 9336 "http://www.frb-berlin.de/seiten/start.htm" "Mozilla/5.0 (Windows NT 6.1; WOW64) AppleWebKit/537.11 (KHTML, like Gecko) Chrome/23.0.1271.97 Safari/537.11"
93.192.108.45 - - [19/Dec/2012:10:34:22 +0100] "GET /img/lay04.jpg HTTP/1.1" 200 6356 "http://www.frb-berlin.de/seiten/start.htm" "Mozilla/5.0 (Windows NT 6.1; WOW64) AppleWebKit/537.11 (KHTML, like Gecko) Chrome/23.0.1271.97 Safari/537.11"
93.192.108.45 - - [19/Dec/2012:10:34:22 +0100] "GET /img/lay05.jpg HTTP/1.1" 200 10183 "http://www.frb-berlin.de/seiten/start.htm" "Mozilla/5.0 (Windows NT 6.1; WOW64) AppleWebKit/537.11 (KHTML, like Gecko) Chrome/23.0.1271.97 Safari/537.11"
93.192.108.45 - - [19/Dec/2012:10:34:22 +0100] "GET /img/over_logo.jpg HTTP/1.1" 200 5315 "http://www.frb-berlin.de/seiten/start.htm" "Mozilla/5.0 (Windows NT 6.1; WOW64) AppleWebKit/537.11 (KHTML, like Gecko) Chrome/23.0.1271.97 Safari/537.11"
93.192.108.45 - - [19/Dec/2012:10:34:22 +0100] "GET /img/lay03.jpg HTTP/1.1" 200 15205 "http://www.frb-berlin.de/seiten/start.htm" "Mozilla/5.0 (Windows NT 6.1; WOW64) AppleWebKit/537.11 (KHTML, like Gecko) Chrome/23.0.1271.97 Safari/537.11"
93.192.108.45 - - [19/Dec/2012:10:34:22 +0100] "GET /img/bg_links.jpg HTTP/1.1" 200 8379 "http://www.frb-berlin.de/seiten/start.htm" "Mozilla/5.0 (Windows NT 6.1; WOW64) AppleWebKit/537.11 (KHTML, like Gecko) Chrome/23.0.1271.97 Safari/537.11"
93.192.108.45 - - [19/Dec/2012:10:34:22 +0100] "GET /img/lay06.jpg HTTP/1.1" 200 11774 "http://www.frb-berlin.de/seiten/start.htm" "Mozilla/5.0 (Windows NT 6.1; WOW64) AppleWebKit/537.11 (KHTML, like Gecko) Chrome/23.0.1271.97 Safari/537.11"
93.192.108.45 - - [19/Dec/2012:10:34:22 +0100] "GET /img/bg_rechts.jpg HTTP/1.1" 200 346 "http://www.frb-berlin.de/seiten/start.htm" "Mozilla/5.0 (Windows NT 6.1; WOW64) AppleWebKit/537.11 (KHTML, like Gecko) Chrome/23.0.1271.97 Safari/537.11"
93.192.108.45 - - [19/Dec/2012:10:34:22 +0100] "GET /img/lay07.jpg HTTP/1.1" 200 9742 "http://www.frb-berlin.de/seiten/start.htm" "Mozilla/5.0 (Windows NT 6.1; WOW64) AppleWebKit/537.11 (KHTML, like Gecko) Chrome/23.0.1271.97 Safari/537.11"
93.192.108.45 - - [19/Dec/2012:10:34:22 +0100] "GET /img/lay13.jpg HTTP/1.1" 200 428 "http://www.frb-berlin.de/seiten/start.htm" "Mozilla/5.0 (Windows NT 6.1; WOW64) AppleWebKit/537.11 (KHTML, like Gecko) Chrome/23.0.1271.97 Safari/537.11"
93.192.108.45 - - [19/Dec/2012:10:34:22 +0100] "GET /img/lay08.jpg HTTP/1.1" 200 10212 "http://www.frb-berlin.de/seiten/start.htm" "Mozilla/5.0 (Windows NT 6.1; WOW64) AppleWebKit/537.11 (KHTML, like Gecko) Chrome/23.0.1271.97 Safari/537.11"
93.192.108.45 - - [19/Dec/2012:10:34:22 +0100] "GET /img/lay10.jpg HTTP/1.1" 200 12856 "http://www.frb-berlin.de/seiten/start.htm" "Mozilla/5.0 (Windows NT 6.1; WOW64) AppleWebKit/537.11 (KHTML, like Gecko) Chrome/23.0.1271.97 Safari/537.11"
93.192.108.45 - - [19/Dec/2012:10:34:22 +0100] "GET /img/bogen_o1.jpg HTTP/1.1" 200 8356 "http://www.frb-berlin.de/seiten/start.htm" "Mozilla/5.0 (Windows NT 6.1; WOW64) AppleWebKit/537.11 (KHTML, like Gecko) Chrome/23.0.1271.97 Safari/537.11"
93.192.108.45 - - [19/Dec/2012:10:34:22 +0100] "GET /img/lay11.jpg HTTP/1.1" 200 12218 "http://www.frb-berlin.de/seiten/start.htm" "Mozilla/5.0 (Windows NT 6.1; WOW64) AppleWebKit/537.11 (KHTML, like Gecko) Chrome/23.0.1271.97 Safari/537.11"
93.192.108.45 - - [19/Dec/2012:10:34:22 +0100] "GET /img/lay12.jpg HTTP/1.1" 200 394 "http://www.frb-berlin.de/seiten/start.htm" "Mozilla/5.0 (Windows NT 6.1; WOW64) AppleWebKit/537.11 (KHTML, like Gecko) Chrome/23.0.1271.97 Safari/537.11"
93.192.108.45 - - [19/Dec/2012:10:34:22 +0100] "GET /img/farben.jpg HTTP/1.1" 200 14519 "http://www.frb-berlin.de/seiten/main.htm" "Mozilla/5.0 (Windows NT 6.1; WOW64) AppleWebKit/537.11 (KHTML, like Gecko) Chrome/23.0.1271.97 Safari/537.11"
93.192.108.45 - - [19/Dec/2012:10:34:22 +0100] "GET /img/favorit_a.gif HTTP/1.1" 200 175 "http://www.frb-berlin.de/seiten/start.htm" "Mozilla/5.0 (Windows NT 6.1; WOW64) AppleWebKit/537.11 (KHTML, like Gecko) Chrome/23.0.1271.97 Safari/537.11"
93.192.108.45 - - [19/Dec/2012:10:34:22 +0100] "GET /favicon.ico HTTP/1.1" 404 1256 "-" "Mozilla/5.0 (Windows NT 6.1; WOW64) AppleWebKit/537.11 (KHTML, like Gecko) Chrome/23.0.1271.97 Safari/537.11"
87.139.14.139 - - [19/Dec/2012:12:12:43 +0100] "GET / HTTP/1.0" 200 1775 "http://www.google.de/url?sa=t&rct=j&q=frb+berlin&source=web&cd=1&ved=0CDMQFjAA&url=http%3A%2F%2Fwww.frb-berlin.de%2F&ei=EaHRUKGgCIfcsgbQ9IGoDQ&usg=AFQjCNFEVYKmiyy1XnWrB0NZi3PeBHpTjA&bvm=bv.1355534169,d.Yms" "Mozilla/5.0 (compatible; MSIE 9.0; Windows NT 6.1; Trident/5.0)"
87.139.14.139 - - [19/Dec/2012:12:12:43 +0100] "GET /css/style.css HTTP/1.0" 200 8567 "http://www.frb-berlin.de/" "Mozilla/5.0 (compatible; MSIE 9.0; Windows NT 6.1; Trident/5.0)"
87.139.14.139 - - [19/Dec/2012:12:12:43 +0100] "GET /img/logo.gif HTTP/1.0" 200 4275 "http://www.frb-berlin.de/" "Mozilla/5.0 (compatible; MSIE 9.0; Windows NT 6.1; Trident/5.0)"
87.139.14.139 - - [19/Dec/2012:12:12:43 +0100] "GET /css/style.css HTTP/1.0" 200 8567 "http://www.frb-berlin.de/" "Mozilla/5.0 (compatible; MSIE 9.0; Windows NT 6.1; Trident/5.0)"
