66.249.73.113 - - [06/Dec/2012:02:53:52 +0100] "GET / HTTP/1.1" 200 1775 "-" "Mozilla/5.0 (compatible; Googlebot/2.1; +http://www.google.com/bot.html)"
178.255.215.69 - - [06/Dec/2012:04:27:58 +0100] "GET /robots.txt HTTP/1.1" 404 1256 "-" "Mozilla/5.0 (compatible; Exabot/3.0; +http://www.exabot.com/go/robot)"
178.255.215.69 - - [06/Dec/2012:04:27:58 +0100] "GET /seiten/referenzen.htm HTTP/1.1" 200 3626 "-" "Mozilla/5.0 (compatible; Exabot/3.0; +http://www.exabot.com/go/robot)"
176.9.58.140 - - [06/Dec/2012:05:42:12 +0100] "GET /robots.txt HTTP/1.0" 404 1256 "-" "Mozilla/5.0 (compatible; SEOkicks-Robot +http://www.seokicks.de/robot.html)"
176.9.58.140 - - [06/Dec/2012:05:42:15 +0100] "GET / HTTP/1.0" 200 1775 "-" "Mozilla/5.0 (compatible; SEOkicks-Robot +http://www.seokicks.de/robot.html)"
176.9.58.140 - - [06/Dec/2012:05:42:20 +0100] "GET /css/style.css HTTP/1.0" 200 8567 "http://www.frb-berlin.de/" "Mozilla/5.0 (compatible; SEOkicks-Robot +http://www.seokicks.de/robot.html)"
176.9.58.140 - - [06/Dec/2012:05:42:24 +0100] "GET /seiten/start.htm HTTP/1.0" 200 9376 "http://www.frb-berlin.de/" "Mozilla/5.0 (compatible; SEOkicks-Robot +http://www.seokicks.de/robot.html)"
176.9.58.140 - - [06/Dec/2012:05:42:29 +0100] "GET /scripte/menu_start.js HTTP/1.0" 200 31217 "http://www.frb-berlin.de/seiten/start.htm" "Mozilla/5.0 (compatible; SEOkicks-Robot +http://www.seokicks.de/robot.html)"
176.9.58.140 - - [06/Dec/2012:05:42:32 +0100] "GET /scripte/menu_elemente.js HTTP/1.0" 200 18006 "http://www.frb-berlin.de/seiten/start.htm" "Mozilla/5.0 (compatible; SEOkicks-Robot +http://www.seokicks.de/robot.html)"
176.9.58.140 - - [06/Dec/2012:05:42:35 +0100] "GET /seiten/main.htm HTTP/1.0" 200 2319 "http://www.frb-berlin.de/seiten/start.htm" "Mozilla/5.0 (compatible; SEOkicks-Robot +http://www.seokicks.de/robot.html)"
176.9.58.140 - - [06/Dec/2012:05:42:40 +0100] "GET /seiten/ueber_uns.htm HTTP/1.0" 200 2081 "http://www.frb-berlin.de/seiten/start.htm" "Mozilla/5.0 (compatible; SEOkicks-Robot +http://www.seokicks.de/robot.html)"
176.9.58.140 - - [06/Dec/2012:05:42:45 +0100] "GET /seiten/ausbildung.htm HTTP/1.0" 200 2131 "http://www.frb-berlin.de/seiten/start.htm" "Mozilla/5.0 (compatible; SEOkicks-Robot +http://www.seokicks.de/robot.html)"
176.9.58.140 - - [06/Dec/2012:05:42:50 +0100] "GET /seiten/leistungen.htm HTTP/1.0" 200 3710 "http://www.frb-berlin.de/seiten/start.htm" "Mozilla/5.0 (compatible; SEOkicks-Robot +http://www.seokicks.de/robot.html)"
176.9.58.140 - - [06/Dec/2012:05:42:55 +0100] "GET /seiten/referenzen.htm HTTP/1.0" 200 3626 "http://www.frb-berlin.de/seiten/start.htm" "Mozilla/5.0 (compatible; SEOkicks-Robot +http://www.seokicks.de/robot.html)"
176.9.58.140 - - [06/Dec/2012:05:42:59 +0100] "GET /seiten/kontakt.php HTTP/1.0" 200 6708 "http://www.frb-berlin.de/seiten/start.htm" "Mozilla/5.0 (compatible; SEOkicks-Robot +http://www.seokicks.de/robot.html)"
176.9.58.140 - - [06/Dec/2012:05:43:04 +0100] "GET /seiten/links.htm HTTP/1.0" 200 1543 "http://www.frb-berlin.de/seiten/start.htm" "Mozilla/5.0 (compatible; SEOkicks-Robot +http://www.seokicks.de/robot.html)"
176.9.58.140 - - [06/Dec/2012:05:43:08 +0100] "GET /seiten/impressum.htm HTTP/1.0" 200 4734 "http://www.frb-berlin.de/seiten/start.htm" "Mozilla/5.0 (compatible; SEOkicks-Robot +http://www.seokicks.de/robot.html)"
176.9.58.140 - - [06/Dec/2012:05:43:12 +0100] "GET /seiten/ausbildung2.htm HTTP/1.0" 200 4821 "http://www.frb-berlin.de/seiten/ausbildung.htm" "Mozilla/5.0 (compatible; SEOkicks-Robot +http://www.seokicks.de/robot.html)"
176.9.58.140 - - [06/Dec/2012:05:43:18 +0100] "GET /seiten/ausbildung3.htm HTTP/1.0" 200 6331 "http://www.frb-berlin.de/seiten/ausbildung.htm" "Mozilla/5.0 (compatible; SEOkicks-Robot +http://www.seokicks.de/robot.html)"
176.9.58.140 - - [06/Dec/2012:05:43:22 +0100] "GET /seiten/referenzen_maler.htm HTTP/1.0" 200 51839 "http://www.frb-berlin.de/seiten/referenzen.htm" "Mozilla/5.0 (compatible; SEOkicks-Robot +http://www.seokicks.de/robot.html)"
176.9.58.140 - - [06/Dec/2012:05:43:27 +0100] "GET /seiten/referenzen_waerme.htm HTTP/1.0" 200 35661 "http://www.frb-berlin.de/seiten/referenzen.htm" "Mozilla/5.0 (compatible; SEOkicks-Robot +http://www.seokicks.de/robot.html)"
176.9.58.140 - - [06/Dec/2012:05:43:31 +0100] "GET /seiten/referenzen_beton.htm HTTP/1.0" 200 8747 "http://www.frb-berlin.de/seiten/referenzen.htm" "Mozilla/5.0 (compatible; SEOkicks-Robot +http://www.seokicks.de/robot.html)"
208.115.113.88 - - [06/Dec/2012:08:14:00 +0100] "GET /robots.txt HTTP/1.1" 404 1256 "-" "Mozilla/5.0 (compatible; Ezooms/1.0; ezooms.bot@gmail.com)"
208.115.113.88 - - [06/Dec/2012:10:01:11 +0100] "GET /seiten/referenzen_maler.htm HTTP/1.1" 200 51839 "-" "Mozilla/5.0 (compatible; Ezooms/1.0; ezooms.bot@gmail.com)"
192.109.140.140 - - [06/Dec/2012:14:44:07 +0100] "GET / HTTP/1.1" 200 1775 "http://www.google.de/url?sa=t&rct=j&q=fassaden%20berlin&source=web&cd=11&cad=rja&ved=0CHAQFjAK&url=http%3A%2F%2Fwww.frb-berlin.de%2F&ei=FaHAUNLzFYWWhQfbtIAg&usg=AFQjCNFEVYKmiyy1XnWrB0NZi3PeBHpTjA" "Mozilla/4.0 (compatible; MSIE 8.0; Windows NT 5.1; Trident/4.0; .NET CLR 1.1.4322; .NET CLR 2.0.50727; .NET CLR 3.0.4506.2152; .NET CLR 3.5.30729)"
199.19.249.196 - - [06/Dec/2012:14:44:07 +0100] "GET / HTTP/1.1" 200 1775 "-" "Mozilla/4.0 (compatible; MSIE 7.0; Windows NT 5.1; InfoPath.1; .NET CLR 2.0.50727; .NET CLR 1.1.4322; MS-RTC LM 8; .NET CLR 3.0.4506.2152; .NET CLR 3.5.30729)"
192.109.140.140 - - [06/Dec/2012:14:44:07 +0100] "GET /css/style.css HTTP/1.1" 200 8567 "http://www.frb-berlin.de/" "Mozilla/4.0 (compatible; MSIE 8.0; Windows NT 5.1; Trident/4.0; .NET CLR 1.1.4322; .NET CLR 2.0.50727; .NET CLR 3.0.4506.2152; .NET CLR 3.5.30729)"
192.109.140.140 - - [06/Dec/2012:14:44:08 +0100] "GET /img/logo.gif HTTP/1.1" 200 4275 "http://www.frb-berlin.de/" "Mozilla/4.0 (compatible; MSIE 8.0; Windows NT 5.1; Trident/4.0; .NET CLR 1.1.4322; .NET CLR 2.0.50727; .NET CLR 3.0.4506.2152; .NET CLR 3.5.30729)"
192.109.140.140 - - [06/Dec/2012:14:44:08 +0100] "GET /favicon.ico HTTP/1.1" 404 1256 "-" "Mozilla/4.0 (compatible; MSIE 8.0; Windows NT 5.1; Trident/4.0; .NET CLR 1.1.4322; .NET CLR 2.0.50727; .NET CLR 3.0.4506.2152; .NET CLR 3.5.30729)"
192.109.140.140 - - [06/Dec/2012:14:44:14 +0100] "GET /seiten/start.htm HTTP/1.1" 200 9376 "http://www.frb-berlin.de/" "Mozilla/4.0 (compatible; MSIE 8.0; Windows NT 5.1; Trident/4.0; .NET CLR 1.1.4322; .NET CLR 2.0.50727; .NET CLR 3.0.4506.2152; .NET CLR 3.5.30729)"
199.19.249.196 - - [06/Dec/2012:14:44:14 +0100] "GET /seiten/start.htm HTTP/1.1" 200 9376 "-" "Mozilla/4.0 (compatible; MSIE 7.0; Windows NT 5.1; InfoPath.1; .NET CLR 2.0.50727; .NET CLR 1.1.4322; MS-RTC LM 8; .NET CLR 3.0.4506.2152; .NET CLR 3.5.30729)"
192.109.140.140 - - [06/Dec/2012:14:44:14 +0100] "GET /scripte/menu_start.js HTTP/1.1" 200 31217 "http://www.frb-berlin.de/seiten/start.htm" "Mozilla/4.0 (compatible; MSIE 8.0; Windows NT 5.1; Trident/4.0; .NET CLR 1.1.4322; .NET CLR 2.0.50727; .NET CLR 3.0.4506.2152; .NET CLR 3.5.30729)"
192.109.140.140 - - [06/Dec/2012:14:44:14 +0100] "GET /scripte/menu_elemente.js HTTP/1.1" 200 18006 "http://www.frb-berlin.de/seiten/start.htm" "Mozilla/4.0 (compatible; MSIE 8.0; Windows NT 5.1; Trident/4.0; .NET CLR 1.1.4322; .NET CLR 2.0.50727; .NET CLR 3.0.4506.2152; .NET CLR 3.5.30729)"
192.109.140.140 - - [06/Dec/2012:14:44:18 +0100] "GET /img/1px.gif HTTP/1.1" 200 43 "http://www.frb-berlin.de/seiten/start.htm" "Mozilla/4.0 (compatible; MSIE 8.0; Windows NT 5.1; Trident/4.0; .NET CLR 1.1.4322; .NET CLR 2.0.50727; .NET CLR 3.0.4506.2152; .NET CLR 3.5.30729)"
192.109.140.140 - - [06/Dec/2012:14:44:18 +0100] "GET /img/head.jpg HTTP/1.1" 200 5932 "http://www.frb-berlin.de/seiten/start.htm" "Mozilla/4.0 (compatible; MSIE 8.0; Windows NT 5.1; Trident/4.0; .NET CLR 1.1.4322; .NET CLR 2.0.50727; .NET CLR 3.0.4506.2152; .NET CLR 3.5.30729)"
192.109.140.140 - - [06/Dec/2012:14:44:18 +0100] "GET /img/lay03.jpg HTTP/1.1" 200 15205 "http://www.frb-berlin.de/seiten/start.htm" "Mozilla/4.0 (compatible; MSIE 8.0; Windows NT 5.1; Trident/4.0; .NET CLR 1.1.4322; .NET CLR 2.0.50727; .NET CLR 3.0.4506.2152; .NET CLR 3.5.30729)"
192.109.140.140 - - [06/Dec/2012:14:44:18 +0100] "GET /img/over_logo.jpg HTTP/1.1" 200 5315 "http://www.frb-berlin.de/seiten/start.htm" "Mozilla/4.0 (compatible; MSIE 8.0; Windows NT 5.1; Trident/4.0; .NET CLR 1.1.4322; .NET CLR 2.0.50727; .NET CLR 3.0.4506.2152; .NET CLR 3.5.30729)"
192.109.140.140 - - [06/Dec/2012:14:44:18 +0100] "GET /img/lay01.jpg HTTP/1.1" 200 9336 "http://www.frb-berlin.de/seiten/start.htm" "Mozilla/4.0 (compatible; MSIE 8.0; Windows NT 5.1; Trident/4.0; .NET CLR 1.1.4322; .NET CLR 2.0.50727; .NET CLR 3.0.4506.2152; .NET CLR 3.5.30729)"
192.109.140.140 - - [06/Dec/2012:14:44:18 +0100] "GET /img/lay05.jpg HTTP/1.1" 200 10183 "http://www.frb-berlin.de/seiten/start.htm" "Mozilla/4.0 (compatible; MSIE 8.0; Windows NT 5.1; Trident/4.0; .NET CLR 1.1.4322; .NET CLR 2.0.50727; .NET CLR 3.0.4506.2152; .NET CLR 3.5.30729)"
192.109.140.140 - - [06/Dec/2012:14:44:18 +0100] "GET /seiten/main.htm HTTP/1.1" 200 2319 "http://www.frb-berlin.de/seiten/start.htm" "Mozilla/4.0 (compatible; MSIE 8.0; Windows NT 5.1; Trident/4.0; .NET CLR 1.1.4322; .NET CLR 2.0.50727; .NET CLR 3.0.4506.2152; .NET CLR 3.5.30729)"
199.19.249.196 - - [06/Dec/2012:14:44:18 +0100] "GET /seiten/main.htm HTTP/1.1" 200 2319 "-" "Mozilla/4.0 (compatible; MSIE 7.0; Windows NT 5.1; InfoPath.1; .NET CLR 2.0.50727; .NET CLR 1.1.4322; MS-RTC LM 8; .NET CLR 3.0.4506.2152; .NET CLR 3.5.30729)"
192.109.140.140 - - [06/Dec/2012:14:44:18 +0100] "GET /img/lay04.jpg HTTP/1.1" 200 6356 "http://www.frb-berlin.de/seiten/start.htm" "Mozilla/4.0 (compatible; MSIE 8.0; Windows NT 5.1; Trident/4.0; .NET CLR 1.1.4322; .NET CLR 2.0.50727; .NET CLR 3.0.4506.2152; .NET CLR 3.5.30729)"
192.109.140.140 - - [06/Dec/2012:14:44:19 +0100] "GET /img/lay07.jpg HTTP/1.1" 200 9742 "http://www.frb-berlin.de/seiten/start.htm" "Mozilla/4.0 (compatible; MSIE 8.0; Windows NT 5.1; Trident/4.0; .NET CLR 1.1.4322; .NET CLR 2.0.50727; .NET CLR 3.0.4506.2152; .NET CLR 3.5.30729)"
192.109.140.140 - - [06/Dec/2012:14:44:19 +0100] "GET /img/lay06.jpg HTTP/1.1" 200 11774 "http://www.frb-berlin.de/seiten/start.htm" "Mozilla/4.0 (compatible; MSIE 8.0; Windows NT 5.1; Trident/4.0; .NET CLR 1.1.4322; .NET CLR 2.0.50727; .NET CLR 3.0.4506.2152; .NET CLR 3.5.30729)"
192.109.140.140 - - [06/Dec/2012:14:44:19 +0100] "GET /img/lay13.jpg HTTP/1.1" 200 428 "http://www.frb-berlin.de/seiten/start.htm" "Mozilla/4.0 (compatible; MSIE 8.0; Windows NT 5.1; Trident/4.0; .NET CLR 1.1.4322; .NET CLR 2.0.50727; .NET CLR 3.0.4506.2152; .NET CLR 3.5.30729)"
192.109.140.140 - - [06/Dec/2012:14:44:19 +0100] "GET /img/bg_links.jpg HTTP/1.1" 200 8379 "http://www.frb-berlin.de/seiten/start.htm" "Mozilla/4.0 (compatible; MSIE 8.0; Windows NT 5.1; Trident/4.0; .NET CLR 1.1.4322; .NET CLR 2.0.50727; .NET CLR 3.0.4506.2152; .NET CLR 3.5.30729)"
192.109.140.140 - - [06/Dec/2012:14:44:19 +0100] "GET /img/bogen_o1.jpg HTTP/1.1" 200 8356 "http://www.frb-berlin.de/seiten/start.htm" "Mozilla/4.0 (compatible; MSIE 8.0; Windows NT 5.1; Trident/4.0; .NET CLR 1.1.4322; .NET CLR 2.0.50727; .NET CLR 3.0.4506.2152; .NET CLR 3.5.30729)"
192.109.140.140 - - [06/Dec/2012:14:44:19 +0100] "GET /img/lay08.jpg HTTP/1.1" 200 10212 "http://www.frb-berlin.de/seiten/start.htm" "Mozilla/4.0 (compatible; MSIE 8.0; Windows NT 5.1; Trident/4.0; .NET CLR 1.1.4322; .NET CLR 2.0.50727; .NET CLR 3.0.4506.2152; .NET CLR 3.5.30729)"
192.109.140.140 - - [06/Dec/2012:14:44:19 +0100] "GET /img/lay10.jpg HTTP/1.1" 200 12856 "http://www.frb-berlin.de/seiten/start.htm" "Mozilla/4.0 (compatible; MSIE 8.0; Windows NT 5.1; Trident/4.0; .NET CLR 1.1.4322; .NET CLR 2.0.50727; .NET CLR 3.0.4506.2152; .NET CLR 3.5.30729)"
192.109.140.140 - - [06/Dec/2012:14:44:19 +0100] "GET /img/lay12.jpg HTTP/1.1" 200 394 "http://www.frb-berlin.de/seiten/start.htm" "Mozilla/4.0 (compatible; MSIE 8.0; Windows NT 5.1; Trident/4.0; .NET CLR 1.1.4322; .NET CLR 2.0.50727; .NET CLR 3.0.4506.2152; .NET CLR 3.5.30729)"
192.109.140.140 - - [06/Dec/2012:14:44:20 +0100] "GET /img/bg_rechts.jpg HTTP/1.1" 200 346 "http://www.frb-berlin.de/seiten/start.htm" "Mozilla/4.0 (compatible; MSIE 8.0; Windows NT 5.1; Trident/4.0; .NET CLR 1.1.4322; .NET CLR 2.0.50727; .NET CLR 3.0.4506.2152; .NET CLR 3.5.30729)"
192.109.140.140 - - [06/Dec/2012:14:44:20 +0100] "GET /img/lay11.jpg HTTP/1.1" 200 12218 "http://www.frb-berlin.de/seiten/start.htm" "Mozilla/4.0 (compatible; MSIE 8.0; Windows NT 5.1; Trident/4.0; .NET CLR 1.1.4322; .NET CLR 2.0.50727; .NET CLR 3.0.4506.2152; .NET CLR 3.5.30729)"
192.109.140.140 - - [06/Dec/2012:14:44:20 +0100] "GET /img/farben.jpg HTTP/1.1" 200 14519 "http://www.frb-berlin.de/seiten/main.htm" "Mozilla/4.0 (compatible; MSIE 8.0; Windows NT 5.1; Trident/4.0; .NET CLR 1.1.4322; .NET CLR 2.0.50727; .NET CLR 3.0.4506.2152; .NET CLR 3.5.30729)"
192.109.140.140 - - [06/Dec/2012:14:44:20 +0100] "GET /favicon.ico HTTP/1.1" 404 1256 "-" "Mozilla/4.0 (compatible; MSIE 8.0; Windows NT 5.1; Trident/4.0; .NET CLR 1.1.4322; .NET CLR 2.0.50727; .NET CLR 3.0.4506.2152; .NET CLR 3.5.30729)"
192.109.140.140 - - [06/Dec/2012:14:44:20 +0100] "GET /img/favorit_a.gif HTTP/1.1" 200 175 "http://www.frb-berlin.de/seiten/start.htm" "Mozilla/4.0 (compatible; MSIE 8.0; Windows NT 5.1; Trident/4.0; .NET CLR 1.1.4322; .NET CLR 2.0.50727; .NET CLR 3.0.4506.2152; .NET CLR 3.5.30729)"
192.109.140.140 - - [06/Dec/2012:14:44:25 +0100] "GET /seiten/ueber_uns.htm HTTP/1.1" 200 2081 "http://www.frb-berlin.de/seiten/start.htm" "Mozilla/4.0 (compatible; MSIE 8.0; Windows NT 5.1; Trident/4.0; .NET CLR 1.1.4322; .NET CLR 2.0.50727; .NET CLR 3.0.4506.2152; .NET CLR 3.5.30729)"
199.19.249.196 - - [06/Dec/2012:14:44:25 +0100] "GET /seiten/ueber_uns.htm HTTP/1.1" 200 2081 "-" "Mozilla/4.0 (compatible; MSIE 7.0; Windows NT 5.1; InfoPath.1; .NET CLR 2.0.50727; .NET CLR 1.1.4322; MS-RTC LM 8; .NET CLR 3.0.4506.2152; .NET CLR 3.5.30729)"
192.109.140.140 - - [06/Dec/2012:14:44:25 +0100] "GET /img/hg.jpg HTTP/1.1" 200 7507 "http://www.frb-berlin.de/seiten/ueber_uns.htm" "Mozilla/4.0 (compatible; MSIE 8.0; Windows NT 5.1; Trident/4.0; .NET CLR 1.1.4322; .NET CLR 2.0.50727; .NET CLR 3.0.4506.2152; .NET CLR 3.5.30729)"
213.144.5.2 - - [06/Dec/2012:14:45:07 +0100] "GET /seiten/impressum.htm HTTP/1.1" 200 4734 "-" "-"
213.144.5.2 - - [06/Dec/2012:14:45:08 +0100] "GET /css/style.css HTTP/1.1" 200 8567 "-" "-"
213.144.5.2 - - [06/Dec/2012:14:45:08 +0100] "GET /img/1px.gif HTTP/1.1" 200 43 "-" "-"
213.144.5.2 - - [06/Dec/2012:14:45:08 +0100] "GET /img/fm_logo.jpg HTTP/1.1" 200 4093 "-" "-"
213.144.5.2 - - [06/Dec/2012:14:45:08 +0100] "GET /img/top.gif HTTP/1.1" 200 950 "-" "-"
213.144.5.2 - - [06/Dec/2012:14:45:08 +0100] "GET /img/hg.jpg HTTP/1.1" 200 7507 "-" "-"
66.249.76.202 - - [06/Dec/2012:16:52:59 +0100] "GET /robots.txt HTTP/1.1" 404 1256 "-" "Mozilla/5.0 (compatible; Googlebot/2.1; +http://www.google.com/bot.html)"
66.249.76.202 - - [06/Dec/2012:16:52:59 +0100] "GET / HTTP/1.1" 200 1775 "-" "SAMSUNG-SGH-E250/1.0 Profile/MIDP-2.0 Configuration/CLDC-1.1 UP.Browser/6.2.3.3.c.1.101 (GUI) MMP/2.0 (compatible; Googlebot-Mobile/2.1; +http://www.google.com/bot.html)"
178.154.179.250 - - [06/Dec/2012:17:17:01 +0100] "GET /robots.txt HTTP/1.1" 404 1256 "-" "Mozilla/5.0 (compatible; YandexBot/3.0; +http://yandex.com/bots)"
85.214.21.33 - - [06/Dec/2012:18:54:12 +0100] "GET / HTTP/1.0" 200 1775 "-" "-"
85.214.21.33 - - [06/Dec/2012:18:54:12 +0100] "GET / HTTP/1.0" 200 1775 "-" "-"
178.154.179.250 - - [06/Dec/2012:21:11:44 +0100] "GET /seiten/referenzen_waerme.htm HTTP/1.1" 304 - "-" "Mozilla/5.0 (compatible; YandexBot/3.0; +http://yandex.com/bots)"
92.224.35.49 - - [06/Dec/2012:22:28:59 +0100] "GET / HTTP/1.1" 200 1775 "-" "UserAgent: Apache-HttpClient/release (java 1.5)"
92.224.35.49 - - [06/Dec/2012:22:28:59 +0100] "GET /seiten/start.htm HTTP/1.1" 200 9376 "-" "UserAgent: Apache-HttpClient/release (java 1.5)"
92.224.35.49 - - [06/Dec/2012:22:28:59 +0100] "GET /seiten/impressum.htm HTTP/1.1" 200 4734 "-" "UserAgent: Apache-HttpClient/release (java 1.5)"
157.55.32.82 - - [06/Dec/2012:23:30:07 +0100] "GET /robots.txt HTTP/1.1" 404 1256 "-" "Mozilla/5.0 (compatible; bingbot/2.0; +http://www.bing.com/bingbot.htm)"
157.55.32.82 - - [06/Dec/2012:23:32:30 +0100] "GET / HTTP/1.1" 200 1775 "-" "Mozilla/5.0 (compatible; bingbot/2.0; +http://www.bing.com/bingbot.htm)"
208.115.113.88 - - [07/Dec/2012:00:13:32 +0100] "GET /robots.txt HTTP/1.1" 404 1256 "-" "Mozilla/5.0 (compatible; Ezooms/1.0; ezooms.bot@gmail.com)"
178.154.179.250 - - [07/Dec/2012:00:16:37 +0100] "GET / HTTP/1.1" 200 1775 "-" "Mozilla/5.0 (compatible; YandexBot/3.0; +http://yandex.com/bots)"
208.115.111.72 - - [07/Dec/2012:01:57:50 +0100] "GET /robots.txt HTTP/1.1" 404 1256 "-" "Mozilla/5.0 (compatible; Ezooms/1.0; ezooms.bot@gmail.com)"
178.154.179.250 - - [07/Dec/2012:02:00:07 +0100] "GET /seiten/kontakt.php HTTP/1.1" 200 6708 "-" "Mozilla/5.0 (compatible; YandexBot/3.0; +http://yandex.com/bots)"
208.115.113.88 - - [07/Dec/2012:02:03:17 +0100] "GET /seiten/referenzen_waerme.htm HTTP/1.1" 200 35661 "-" "Mozilla/5.0 (compatible; Ezooms/1.0; ezooms.bot@gmail.com)"
213.23.45.198 - - [07/Dec/2012:02:13:29 +0100] "HEAD / HTTP/1.1" 200 - "-" "Mozilla/4.0 (compatible; MSIE 5.5; Windows NT 4.0)"
93.220.251.117 - - [07/Dec/2012:02:42:36 +0100] "GET / HTTP/1.1" 200 1775 "-" "Mozilla/4.0 (compatible; MSIE 8.0; Windows NT 6.0; .NET CLR 1.1.4322; .NET CLR 2.0.50727)"
93.220.251.117 - - [07/Dec/2012:02:42:46 +0100] "GET /seiten/start.htm HTTP/1.1" 200 9376 "-" "Mozilla/5.0 (Windows; U; Windows NT 5.1; de; rv:1.9.0.10) Gecko/2009042316 Firefox/3.0.10 (.NET CLR 3.5.30729)"
93.220.251.117 - - [07/Dec/2012:02:42:46 +0100] "GET /seiten/main.htm HTTP/1.1" 200 2319 "-" "Mozilla/4.0 (compatible; MSIE 7.0; Windows NT 6.0; WOW64; SLCC1; .NET CLR 2.0.50727)"
93.220.251.117 - - [07/Dec/2012:02:42:52 +0100] "GET /seiten/impressum.htm HTTP/1.1" 200 4734 "-" "Mozilla/4.0 (compatible; MSIE 7.0; Windows NT 6.0; WOW64; SLCC1; .NET CLR 2.0.50727; .NET CLR 1.1.4322)"
178.154.179.250 - - [07/Dec/2012:02:53:23 +0100] "GET /seiten/referenzen_maler.htm HTTP/1.1" 304 - "-" "Mozilla/5.0 (compatible; YandexBot/3.0; +http://yandex.com/bots)"
178.154.179.250 - - [07/Dec/2012:05:52:23 +0100] "GET /seiten/referenzen_waerme.htm HTTP/1.1" 304 - "-" "Mozilla/5.0 (compatible; YandexBot/3.0; +http://yandex.com/bots)"
178.154.179.250 - - [07/Dec/2012:09:25:35 +0100] "GET /seiten/referenzen_maler.htm HTTP/1.1" 304 - "-" "Mozilla/5.0 (compatible; YandexBot/3.0; +http://yandex.com/bots)"
91.61.68.78 - - [07/Dec/2012:10:14:58 +0100] "GET / HTTP/1.1" 200 1775 "http://www.google.de/url?sa=t&rct=j&q=frb-berlin&source=web&cd=1&ved=0CDIQFjAA&url=http%3A%2F%2Fwww.frb-berlin.de%2F&ei=jrPBUPiOPIiSswbyzoGoCA&usg=AFQjCNFEVYKmiyy1XnWrB0NZi3PeBHpTjA" "Mozilla/5.0 (Macintosh; Intel Mac OS X 10_8_2) AppleWebKit/536.26.17 (KHTML, like Gecko) Version/6.0.2 Safari/536.26.17"
91.61.68.78 - - [07/Dec/2012:10:14:58 +0100] "GET /css/style.css HTTP/1.1" 200 8567 "http://www.frb-berlin.de/" "Mozilla/5.0 (Macintosh; Intel Mac OS X 10_8_2) AppleWebKit/536.26.17 (KHTML, like Gecko) Version/6.0.2 Safari/536.26.17"
91.61.68.78 - - [07/Dec/2012:10:14:58 +0100] "GET /img/logo.gif HTTP/1.1" 200 4275 "http://www.frb-berlin.de/" "Mozilla/5.0 (Macintosh; Intel Mac OS X 10_8_2) AppleWebKit/536.26.17 (KHTML, like Gecko) Version/6.0.2 Safari/536.26.17"
91.61.68.78 - - [07/Dec/2012:10:14:58 +0100] "GET /favicon.ico HTTP/1.1" 404 1256 "http://www.frb-berlin.de/" "Mozilla/5.0 (Macintosh; Intel Mac OS X 10_8_2) AppleWebKit/536.26.17 (KHTML, like Gecko) Version/6.0.2 Safari/536.26.17"
91.61.68.78 - - [07/Dec/2012:10:15:02 +0100] "GET /seiten/start.htm HTTP/1.1" 200 9376 "http://www.frb-berlin.de/" "Mozilla/5.0 (Macintosh; Intel Mac OS X 10_8_2) AppleWebKit/536.26.17 (KHTML, like Gecko) Version/6.0.2 Safari/536.26.17"
91.61.68.78 - - [07/Dec/2012:10:15:02 +0100] "GET /scripte/menu_elemente.js HTTP/1.1" 200 18006 "http://www.frb-berlin.de/seiten/start.htm" "Mozilla/5.0 (Macintosh; Intel Mac OS X 10_8_2) AppleWebKit/536.26.17 (KHTML, like Gecko) Version/6.0.2 Safari/536.26.17"
91.61.68.78 - - [07/Dec/2012:10:15:02 +0100] "GET /scripte/menu_start.js HTTP/1.1" 200 31217 "http://www.frb-berlin.de/seiten/start.htm" "Mozilla/5.0 (Macintosh; Intel Mac OS X 10_8_2) AppleWebKit/536.26.17 (KHTML, like Gecko) Version/6.0.2 Safari/536.26.17"
91.61.68.78 - - [07/Dec/2012:10:15:02 +0100] "GET /seiten/main.htm HTTP/1.1" 200 2319 "http://www.frb-berlin.de/seiten/start.htm" "Mozilla/5.0 (Macintosh; Intel Mac OS X 10_8_2) AppleWebKit/536.26.17 (KHTML, like Gecko) Version/6.0.2 Safari/536.26.17"
91.61.68.78 - - [07/Dec/2012:10:15:02 +0100] "GET /img/1px.gif HTTP/1.1" 200 43 "http://www.frb-berlin.de/seiten/start.htm" "Mozilla/5.0 (Macintosh; Intel Mac OS X 10_8_2) AppleWebKit/536.26.17 (KHTML, like Gecko) Version/6.0.2 Safari/536.26.17"
91.61.68.78 - - [07/Dec/2012:10:15:02 +0100] "GET /img/over_logo.jpg HTTP/1.1" 200 5315 "http://www.frb-berlin.de/seiten/start.htm" "Mozilla/5.0 (Macintosh; Intel Mac OS X 10_8_2) AppleWebKit/536.26.17 (KHTML, like Gecko) Version/6.0.2 Safari/536.26.17"
91.61.68.78 - - [07/Dec/2012:10:15:02 +0100] "GET /img/lay01.jpg HTTP/1.1" 200 9336 "http://www.frb-berlin.de/seiten/start.htm" "Mozilla/5.0 (Macintosh; Intel Mac OS X 10_8_2) AppleWebKit/536.26.17 (KHTML, like Gecko) Version/6.0.2 Safari/536.26.17"
91.61.68.78 - - [07/Dec/2012:10:15:02 +0100] "GET /img/lay04.jpg HTTP/1.1" 200 6356 "http://www.frb-berlin.de/seiten/start.htm" "Mozilla/5.0 (Macintosh; Intel Mac OS X 10_8_2) AppleWebKit/536.26.17 (KHTML, like Gecko) Version/6.0.2 Safari/536.26.17"
91.61.68.78 - - [07/Dec/2012:10:15:02 +0100] "GET /img/lay05.jpg HTTP/1.1" 200 10183 "http://www.frb-berlin.de/seiten/start.htm" "Mozilla/5.0 (Macintosh; Intel Mac OS X 10_8_2) AppleWebKit/536.26.17 (KHTML, like Gecko) Version/6.0.2 Safari/536.26.17"
91.61.68.78 - - [07/Dec/2012:10:15:02 +0100] "GET /img/head.jpg HTTP/1.1" 200 5932 "http://www.frb-berlin.de/seiten/start.htm" "Mozilla/5.0 (Macintosh; Intel Mac OS X 10_8_2) AppleWebKit/536.26.17 (KHTML, like Gecko) Version/6.0.2 Safari/536.26.17"
91.61.68.78 - - [07/Dec/2012:10:15:02 +0100] "GET /img/lay03.jpg HTTP/1.1" 200 15205 "http://www.frb-berlin.de/seiten/start.htm" "Mozilla/5.0 (Macintosh; Intel Mac OS X 10_8_2) AppleWebKit/536.26.17 (KHTML, like Gecko) Version/6.0.2 Safari/536.26.17"
91.61.68.78 - - [07/Dec/2012:10:15:02 +0100] "GET /img/lay06.jpg HTTP/1.1" 200 11774 "http://www.frb-berlin.de/seiten/start.htm" "Mozilla/5.0 (Macintosh; Intel Mac OS X 10_8_2) AppleWebKit/536.26.17 (KHTML, like Gecko) Version/6.0.2 Safari/536.26.17"
91.61.68.78 - - [07/Dec/2012:10:15:02 +0100] "GET /img/bg_links.jpg HTTP/1.1" 200 8379 "http://www.frb-berlin.de/seiten/start.htm" "Mozilla/5.0 (Macintosh; Intel Mac OS X 10_8_2) AppleWebKit/536.26.17 (KHTML, like Gecko) Version/6.0.2 Safari/536.26.17"
91.61.68.78 - - [07/Dec/2012:10:15:02 +0100] "GET /img/bg_rechts.jpg HTTP/1.1" 200 346 "http://www.frb-berlin.de/seiten/start.htm" "Mozilla/5.0 (Macintosh; Intel Mac OS X 10_8_2) AppleWebKit/536.26.17 (KHTML, like Gecko) Version/6.0.2 Safari/536.26.17"
91.61.68.78 - - [07/Dec/2012:10:15:02 +0100] "GET /img/lay07.jpg HTTP/1.1" 200 9742 "http://www.frb-berlin.de/seiten/start.htm" "Mozilla/5.0 (Macintosh; Intel Mac OS X 10_8_2) AppleWebKit/536.26.17 (KHTML, like Gecko) Version/6.0.2 Safari/536.26.17"
91.61.68.78 - - [07/Dec/2012:10:15:02 +0100] "GET /img/lay13.jpg HTTP/1.1" 200 428 "http://www.frb-berlin.de/seiten/start.htm" "Mozilla/5.0 (Macintosh; Intel Mac OS X 10_8_2) AppleWebKit/536.26.17 (KHTML, like Gecko) Version/6.0.2 Safari/536.26.17"
91.61.68.78 - - [07/Dec/2012:10:15:02 +0100] "GET /img/lay08.jpg HTTP/1.1" 200 10212 "http://www.frb-berlin.de/seiten/start.htm" "Mozilla/5.0 (Macintosh; Intel Mac OS X 10_8_2) AppleWebKit/536.26.17 (KHTML, like Gecko) Version/6.0.2 Safari/536.26.17"
91.61.68.78 - - [07/Dec/2012:10:15:02 +0100] "GET /img/lay10.jpg HTTP/1.1" 200 12856 "http://www.frb-berlin.de/seiten/start.htm" "Mozilla/5.0 (Macintosh; Intel Mac OS X 10_8_2) AppleWebKit/536.26.17 (KHTML, like Gecko) Version/6.0.2 Safari/536.26.17"
91.61.68.78 - - [07/Dec/2012:10:15:02 +0100] "GET /img/bogen_o1.jpg HTTP/1.1" 200 8356 "http://www.frb-berlin.de/seiten/start.htm" "Mozilla/5.0 (Macintosh; Intel Mac OS X 10_8_2) AppleWebKit/536.26.17 (KHTML, like Gecko) Version/6.0.2 Safari/536.26.17"
91.61.68.78 - - [07/Dec/2012:10:15:02 +0100] "GET /img/lay11.jpg HTTP/1.1" 200 12218 "http://www.frb-berlin.de/seiten/start.htm" "Mozilla/5.0 (Macintosh; Intel Mac OS X 10_8_2) AppleWebKit/536.26.17 (KHTML, like Gecko) Version/6.0.2 Safari/536.26.17"
91.61.68.78 - - [07/Dec/2012:10:15:02 +0100] "GET /img/lay12.jpg HTTP/1.1" 200 394 "http://www.frb-berlin.de/seiten/start.htm" "Mozilla/5.0 (Macintosh; Intel Mac OS X 10_8_2) AppleWebKit/536.26.17 (KHTML, like Gecko) Version/6.0.2 Safari/536.26.17"
91.61.68.78 - - [07/Dec/2012:10:15:02 +0100] "GET /img/farben.jpg HTTP/1.1" 200 14519 "http://www.frb-berlin.de/seiten/main.htm" "Mozilla/5.0 (Macintosh; Intel Mac OS X 10_8_2) AppleWebKit/536.26.17 (KHTML, like Gecko) Version/6.0.2 Safari/536.26.17"
91.61.68.78 - - [07/Dec/2012:10:15:02 +0100] "GET /img/favorit_a.gif HTTP/1.1" 200 175 "http://www.frb-berlin.de/seiten/start.htm" "Mozilla/5.0 (Macintosh; Intel Mac OS X 10_8_2) AppleWebKit/536.26.17 (KHTML, like Gecko) Version/6.0.2 Safari/536.26.17"
91.61.68.78 - - [07/Dec/2012:10:15:08 +0100] "GET /seiten/kontakt.php HTTP/1.1" 200 6708 "http://www.frb-berlin.de/seiten/start.htm" "Mozilla/5.0 (Macintosh; Intel Mac OS X 10_8_2) AppleWebKit/536.26.17 (KHTML, like Gecko) Version/6.0.2 Safari/536.26.17"
91.61.68.78 - - [07/Dec/2012:10:15:13 +0100] "GET /seiten/ueber_uns.htm HTTP/1.1" 200 2081 "http://www.frb-berlin.de/seiten/start.htm" "Mozilla/5.0 (Macintosh; Intel Mac OS X 10_8_2) AppleWebKit/536.26.17 (KHTML, like Gecko) Version/6.0.2 Safari/536.26.17"
91.61.68.78 - - [07/Dec/2012:10:15:13 +0100] "GET /img/hg.jpg HTTP/1.1" 200 7507 "http://www.frb-berlin.de/seiten/ueber_uns.htm" "Mozilla/5.0 (Macintosh; Intel Mac OS X 10_8_2) AppleWebKit/536.26.17 (KHTML, like Gecko) Version/6.0.2 Safari/536.26.17"
91.61.68.78 - - [07/Dec/2012:10:15:23 +0100] "GET /seiten/referenzen.htm HTTP/1.1" 200 3626 "http://www.frb-berlin.de/seiten/start.htm" "Mozilla/5.0 (Macintosh; Intel Mac OS X 10_8_2) AppleWebKit/536.26.17 (KHTML, like Gecko) Version/6.0.2 Safari/536.26.17"
91.61.68.78 - - [07/Dec/2012:10:15:23 +0100] "GET /img/pdf.gif HTTP/1.1" 200 286 "http://www.frb-berlin.de/seiten/referenzen.htm" "Mozilla/5.0 (Macintosh; Intel Mac OS X 10_8_2) AppleWebKit/536.26.17 (KHTML, like Gecko) Version/6.0.2 Safari/536.26.17"
91.61.68.78 - - [07/Dec/2012:10:15:27 +0100] "GET /seiten/kontakt.php HTTP/1.1" 200 6708 "http://www.frb-berlin.de/seiten/start.htm" "Mozilla/5.0 (Macintosh; Intel Mac OS X 10_8_2) AppleWebKit/536.26.17 (KHTML, like Gecko) Version/6.0.2 Safari/536.26.17"
91.61.68.78 - - [07/Dec/2012:10:15:42 +0100] "GET /seiten/links.htm HTTP/1.1" 200 1543 "http://www.frb-berlin.de/seiten/start.htm" "Mozilla/5.0 (Macintosh; Intel Mac OS X 10_8_2) AppleWebKit/536.26.17 (KHTML, like Gecko) Version/6.0.2 Safari/536.26.17"
91.61.68.78 - - [07/Dec/2012:10:15:45 +0100] "GET /seiten/kontakt.php HTTP/1.1" 200 6708 "http://www.frb-berlin.de/seiten/start.htm" "Mozilla/5.0 (Macintosh; Intel Mac OS X 10_8_2) AppleWebKit/536.26.17 (KHTML, like Gecko) Version/6.0.2 Safari/536.26.17"
65.55.211.29 - - [07/Dec/2012:11:21:01 +0100] "GET /robots.txt HTTP/1.1" 404 1256 "-" "msnbot-media/1.1 (+http://search.msn.com/msnbot.htm)"
65.55.211.29 - - [07/Dec/2012:11:21:01 +0100] "GET /img/logo.gif HTTP/1.1" 200 4275 "-" "msnbot-media/1.1 (+http://search.msn.com/msnbot.htm)"
66.249.76.202 - - [07/Dec/2012:12:51:13 +0100] "GET /robots.txt HTTP/1.1" 404 1256 "-" "Mozilla/5.0 (compatible; Googlebot/2.1; +http://www.google.com/bot.html)"
66.249.76.202 - - [07/Dec/2012:12:51:13 +0100] "GET /obmycncquochwzut.html HTTP/1.1" 404 1256 "-" "Mozilla/5.0 (compatible; Googlebot/2.1; +http://www.google.com/bot.html)"
178.154.179.250 - - [07/Dec/2012:15:24:02 +0100] "GET /seiten/impressum.htm HTTP/1.1" 304 - "-" "Mozilla/5.0 (compatible; YandexBot/3.0; +http://yandex.com/bots)"
65.55.212.129 - - [07/Dec/2012:18:15:41 +0100] "GET /robots.txt HTTP/1.1" 404 1256 "-" "msnbot-media/1.1 (+http://search.msn.com/msnbot.htm)"
65.55.212.129 - - [07/Dec/2012:18:15:41 +0100] "GET /img/logo.gif HTTP/1.1" 200 4275 "-" "msnbot-media/1.1 (+http://search.msn.com/msnbot.htm)"
178.154.179.250 - - [07/Dec/2012:18:19:37 +0100] "GET /robots.txt HTTP/1.1" 404 1256 "-" "Mozilla/5.0 (compatible; YandexBot/3.0; +http://yandex.com/bots)"
66.249.73.113 - - [07/Dec/2012:19:13:51 +0100] "GET /robots.txt HTTP/1.1" 404 1256 "-" "Mozilla/5.0 (compatible; Googlebot/2.1; +http://www.google.com/bot.html)"
66.249.73.113 - - [07/Dec/2012:19:13:51 +0100] "GET /seiten/start.htm HTTP/1.1" 200 9376 "-" "Mozilla/5.0 (compatible; Googlebot/2.1; +http://www.google.com/bot.html)"
178.154.179.250 - - [07/Dec/2012:20:39:05 +0100] "GET /seiten/ueber_uns.htm HTTP/1.1" 304 - "-" "Mozilla/5.0 (compatible; YandexBot/3.0; +http://yandex.com/bots)"
178.154.179.250 - - [07/Dec/2012:22:27:42 +0100] "GET /seiten/referenzen_beton.htm HTTP/1.1" 304 - "-" "Mozilla/5.0 (compatible; YandexBot/3.0; +http://yandex.com/bots)"
178.154.179.250 - - [07/Dec/2012:22:58:09 +0100] "GET /dokumente/ReferenzenBeton.pdf HTTP/1.1" 304 - "-" "Mozilla/5.0 (compatible; YandexBot/3.0; +http://yandex.com/bots)"
157.56.93.202 - - [08/Dec/2012:02:27:05 +0100] "GET /robots.txt HTTP/1.1" 404 1256 "-" "Mozilla/5.0 (compatible; bingbot/2.0; +http://www.bing.com/bingbot.htm)"
157.56.93.202 - - [08/Dec/2012:02:29:16 +0100] "GET / HTTP/1.1" 200 1775 "-" "Mozilla/5.0 (compatible; bingbot/2.0; +http://www.bing.com/bingbot.htm)"
157.56.93.202 - - [08/Dec/2012:02:29:25 +0100] "GET /css/style.css HTTP/1.1" 200 8567 "-" "Mozilla/5.0 (compatible; bingbot/2.0; +http://www.bing.com/bingbot.htm)"
178.154.179.250 - - [08/Dec/2012:03:32:41 +0100] "GET /seiten/leistungen.htm HTTP/1.1" 304 - "-" "Mozilla/5.0 (compatible; YandexBot/3.0; +http://yandex.com/bots)"
173.199.119.131 - - [08/Dec/2012:04:31:19 +0100] "GET /seiten/leistungen.htm HTTP/1.1" 200 3710 "-" "Mozilla/5.0 (compatible; AhrefsBot/4.0; +http://ahrefs.com/robot/)"
157.56.93.202 - - [08/Dec/2012:04:41:50 +0100] "GET /robots.txt HTTP/1.1" 404 1256 "-" "Mozilla/5.0 (compatible; bingbot/2.0; +http://www.bing.com/bingbot.htm)"
157.56.93.202 - - [08/Dec/2012:04:43:42 +0100] "GET / HTTP/1.1" 200 1775 "-" "Mozilla/5.0 (compatible; bingbot/2.0; +http://www.bing.com/bingbot.htm)"
66.249.73.113 - - [08/Dec/2012:05:08:38 +0100] "GET /robots.txt HTTP/1.1" 404 1256 "-" "Mozilla/5.0 (compatible; Googlebot/2.1; +http://www.google.com/bot.html)"
66.249.73.113 - - [08/Dec/2012:05:08:38 +0100] "GET /dokumente/ReferenzenMaler.pdf HTTP/1.1" 304 - "-" "Mozilla/5.0 (compatible; Googlebot/2.1; +http://www.google.com/bot.html)"
173.199.119.131 - - [08/Dec/2012:05:23:35 +0100] "GET /seiten/start.htm HTTP/1.1" 200 9376 "-" "Mozilla/5.0 (compatible; AhrefsBot/4.0; +http://ahrefs.com/robot/)"
178.154.179.250 - - [08/Dec/2012:05:49:02 +0100] "GET /seiten/start.htm HTTP/1.1" 304 - "-" "Mozilla/5.0 (compatible; YandexBot/3.0; +http://yandex.com/bots)"
66.249.73.113 - - [08/Dec/2012:06:07:34 +0100] "GET /seiten/impressum.htm HTTP/1.1" 304 - "-" "Mozilla/5.0 (compatible; Googlebot/2.1; +http://www.google.com/bot.html)"
173.199.118.35 - - [08/Dec/2012:07:11:53 +0100] "GET /robots.txt HTTP/1.1" 404 1256 "-" "Mozilla/5.0 (compatible; AhrefsBot/4.0; +http://ahrefs.com/robot/)"
173.199.119.131 - - [08/Dec/2012:07:12:42 +0100] "GET /seiten/ueber_uns.htm HTTP/1.1" 200 2081 "-" "Mozilla/5.0 (compatible; AhrefsBot/4.0; +http://ahrefs.com/robot/)"
188.165.195.156 - - [08/Dec/2012:08:19:49 +0100] "HEAD / HTTP/1.1" 200 - "-" "Mozilla/4.0 (compatible; MSIE 5.01; Windows NT 5.0)"
178.154.179.250 - - [08/Dec/2012:08:23:41 +0100] "GET /seiten/main.htm HTTP/1.1" 304 - "-" "Mozilla/5.0 (compatible; YandexBot/3.0; +http://yandex.com/bots)"
173.199.119.131 - - [08/Dec/2012:09:44:05 +0100] "GET /seiten/impressum.htm HTTP/1.1" 200 4734 "-" "Mozilla/5.0 (compatible; AhrefsBot/4.0; +http://ahrefs.com/robot/)"
173.199.119.131 - - [08/Dec/2012:09:49:25 +0100] "GET /seiten/main.htm HTTP/1.1" 200 2319 "-" "Mozilla/5.0 (compatible; AhrefsBot/4.0; +http://ahrefs.com/robot/)"
178.154.179.250 - - [08/Dec/2012:09:59:34 +0100] "GET /seiten/ausbildung3.htm HTTP/1.1" 304 - "-" "Mozilla/5.0 (compatible; YandexBot/3.0; +http://yandex.com/bots)"
66.249.73.113 - - [08/Dec/2012:10:59:30 +0100] "GET / HTTP/1.1" 200 1775 "-" "Mozilla/5.0 (compatible; Googlebot/2.1; +http://www.google.com/bot.html)"
176.28.54.203 - - [08/Dec/2012:11:25:05 +0100] "GET / HTTP/1.0" 200 1775 "-" "-"
216.145.14.142 - - [08/Dec/2012:12:40:00 +0100] "GET /robots.txt HTTP/1.0" 404 1256 "-" "Mozilla/5.0 (Windows; U; Windows NT 5.1; en; rv:1.9.0.13) Gecko/2009073022 Firefox/3.5.2 (.NET CLR 3.5.30729) SurveyBot/2.3 (DomainTools)"
216.145.14.142 - - [08/Dec/2012:12:40:00 +0100] "GET / HTTP/1.1" 200 1775 "http://whois.domaintools.com/frb-berlin.de" "Mozilla/5.0 (Windows; U; Windows NT 5.1; en; rv:1.9.0.13) Gecko/2009073022 Firefox/3.5.2 (.NET CLR 3.5.30729) SurveyBot/2.3 (DomainTools)"
173.199.119.131 - - [08/Dec/2012:12:59:37 +0100] "GET /seiten/ausbildung.htm HTTP/1.1" 200 2131 "-" "Mozilla/5.0 (compatible; AhrefsBot/4.0; +http://ahrefs.com/robot/)"
93.220.228.144 - - [08/Dec/2012:13:08:58 +0100] "GET / HTTP/1.1" 200 1775 "-" "Mozilla/5.0 (Windows; U; Windows NT 5.1; de; rv:1.9.0.10) Gecko/2009042316 Firefox/3.0.10 (.NET CLR 3.5.30729)"
93.220.228.144 - - [08/Dec/2012:13:09:21 +0100] "GET /seiten/start.htm HTTP/1.1" 200 9376 "-" "Mozilla/4.0 (compatible; MSIE 8.0; Windows NT 6.0; .NET CLR 1.1.4322; .NET CLR 1.0.3705; .NET CLR 2.0.50727; .NET CLR 3.0.04506.30; .NET CLR 3.0.04506.648; .NET CLR 3.5.21022)"
93.220.228.144 - - [08/Dec/2012:13:09:21 +0100] "GET /seiten/main.htm HTTP/1.1" 200 2319 "-" "Mozilla/5.0 (Windows; U; Windows NT 5.1; de; rv:1.9.0.10) Gecko/2009042316 Firefox/3.0.10 (.NET CLR 3.5.30729)"
93.220.228.144 - - [08/Dec/2012:13:09:26 +0100] "GET /seiten/impressum.htm HTTP/1.1" 200 4734 "-" "Mozilla/5.0 Gecko/2009042316 Firefox/2.0.0.x"
66.249.73.113 - - [08/Dec/2012:14:43:57 +0100] "GET /css/style.css HTTP/1.1" 200 8567 "-" "Mozilla/5.0 (compatible; Googlebot/2.1; +http://www.google.com/bot.html)"
81.30.151.218 - - [08/Dec/2012:16:08:45 +0100] "GET /robots.txt HTTP/1.1" 404 1256 "-" "Pixray-Seeker/2.0 (Pixray-Seeker; +http://www.pixray.com/pixraybot; +crawler@pixray.com)"
173.199.119.131 - - [08/Dec/2012:17:10:52 +0100] "GET /seiten/referenzen.htm HTTP/1.1" 200 3626 "-" "Mozilla/5.0 (compatible; AhrefsBot/4.0; +http://ahrefs.com/robot/)"
5.9.36.119 - - [08/Dec/2012:17:51:47 +0100] "GET /robots.txt HTTP/1.1" 404 1256 "-" "Mozilla/5.0 (compatible; SISTRIX Crawler; http://crawler.sistrix.net/)"
5.9.36.119 - - [08/Dec/2012:17:51:47 +0100] "GET / HTTP/1.1" 200 1775 "-" "Mozilla/5.0 (compatible; SISTRIX Crawler; http://crawler.sistrix.net/)"
5.9.36.119 - - [08/Dec/2012:17:51:47 +0100] "GET /seiten/start.htm HTTP/1.1" 200 9376 "-" "Mozilla/5.0 (compatible; SISTRIX Crawler; http://crawler.sistrix.net/)"
5.9.36.119 - - [08/Dec/2012:17:51:47 +0100] "GET /seiten/kontakt.php HTTP/1.1" 200 6708 "-" "Mozilla/5.0 (compatible; SISTRIX Crawler; http://crawler.sistrix.net/)"
5.9.36.119 - - [08/Dec/2012:17:51:47 +0100] "GET /seiten/ausbildung.htm HTTP/1.1" 200 2131 "-" "Mozilla/5.0 (compatible; SISTRIX Crawler; http://crawler.sistrix.net/)"
5.9.36.119 - - [08/Dec/2012:17:51:47 +0100] "GET /seiten/referenzen.htm HTTP/1.1" 200 3626 "-" "Mozilla/5.0 (compatible; SISTRIX Crawler; http://crawler.sistrix.net/)"
5.9.36.119 - - [08/Dec/2012:17:51:47 +0100] "GET /seiten/main.htm HTTP/1.1" 200 2319 "-" "Mozilla/5.0 (compatible; SISTRIX Crawler; http://crawler.sistrix.net/)"
5.9.36.119 - - [08/Dec/2012:17:51:47 +0100] "GET /seiten/links.htm HTTP/1.1" 200 1543 "-" "Mozilla/5.0 (compatible; SISTRIX Crawler; http://crawler.sistrix.net/)"
5.9.36.119 - - [08/Dec/2012:17:51:47 +0100] "GET /seiten/ueber_uns.htm HTTP/1.1" 200 2081 "-" "Mozilla/5.0 (compatible; SISTRIX Crawler; http://crawler.sistrix.net/)"
5.9.36.119 - - [08/Dec/2012:17:51:47 +0100] "GET /seiten/impressum.htm HTTP/1.1" 200 4734 "-" "Mozilla/5.0 (compatible; SISTRIX Crawler; http://crawler.sistrix.net/)"
5.9.36.119 - - [08/Dec/2012:17:51:47 +0100] "GET /seiten/leistungen.htm HTTP/1.1" 200 3710 "-" "Mozilla/5.0 (compatible; SISTRIX Crawler; http://crawler.sistrix.net/)"
5.9.36.119 - - [08/Dec/2012:17:51:48 +0100] "GET /seiten/referenzen_beton.htm HTTP/1.1" 200 8747 "-" "Mozilla/5.0 (compatible; SISTRIX Crawler; http://crawler.sistrix.net/)"
5.9.36.119 - - [08/Dec/2012:17:51:48 +0100] "GET /seiten/ausbildung2.htm HTTP/1.1" 200 4821 "-" "Mozilla/5.0 (compatible; SISTRIX Crawler; http://crawler.sistrix.net/)"
5.9.36.119 - - [08/Dec/2012:17:51:48 +0100] "GET /seiten/referenzen_waerme.htm HTTP/1.1" 200 35661 "-" "Mozilla/5.0 (compatible; SISTRIX Crawler; http://crawler.sistrix.net/)"
5.9.36.119 - - [08/Dec/2012:17:51:48 +0100] "GET /seiten/ausbildung3.htm HTTP/1.1" 200 6331 "-" "Mozilla/5.0 (compatible; SISTRIX Crawler; http://crawler.sistrix.net/)"
5.9.36.119 - - [08/Dec/2012:17:51:48 +0100] "GET /seiten/referenzen_maler.htm HTTP/1.1" 200 51839 "-" "Mozilla/5.0 (compatible; SISTRIX Crawler; http://crawler.sistrix.net/)"
91.224.160.35 - - [08/Dec/2012:21:19:23 +0100] "HEAD //wp-admin/ HTTP/1.0" 404 - "-" "Mozilla/5.0 (Windows NT 6.1; WOW64) AppleWebKit/535.19 (KHTML, like Gecko) Chrome/18.0.1025.162 Safari/535.19"
91.224.160.35 - - [08/Dec/2012:21:19:26 +0100] "GET //administrator/index.php HTTP/1.0" 404 1256 "http://delta-system-handlova.slovakiatrade.co.uk//administrator/index.php" "Mozilla/5.0 (Windows NT 6.1; WOW64) AppleWebKit/535.19 (KHTML, like Gecko) Chrome/18.0.1025.162 Safari/535.19"
66.249.73.113 - - [08/Dec/2012:21:20:37 +0100] "GET /robots.txt HTTP/1.1" 404 1256 "-" "Mozilla/5.0 (compatible; Googlebot/2.1; +http://www.google.com/bot.html)"
66.249.73.113 - - [08/Dec/2012:21:20:37 +0100] "GET /seiten/start.htm HTTP/1.1" 304 - "-" "Mozilla/5.0 (compatible; Googlebot/2.1; +http://www.google.com/bot.html)"
178.154.179.250 - - [08/Dec/2012:22:26:50 +0100] "GET /robots.txt HTTP/1.1" 404 1256 "-" "Mozilla/5.0 (compatible; YandexBot/3.0; +http://yandex.com/bots)"
173.199.119.131 - - [08/Dec/2012:22:37:36 +0100] "GET /seiten/kontakt.php HTTP/1.1" 200 6708 "-" "Mozilla/5.0 (compatible; AhrefsBot/4.0; +http://ahrefs.com/robot/)"
178.154.179.250 - - [08/Dec/2012:22:48:02 +0100] "GET /seiten/ausbildung2.htm HTTP/1.1" 304 - "-" "Mozilla/5.0 (compatible; YandexBot/3.0; +http://yandex.com/bots)"
95.96.224.110 - - [09/Dec/2012:00:42:48 +0100] "GET /robots.txt HTTP/1.0" 404 1256 "-" "Mozilla/5.0 (compatible; MJ12bot/v1.4.3; http://www.majestic12.co.uk/bot.php?+)"
95.96.224.110 - - [09/Dec/2012:00:42:50 +0100] "GET / HTTP/1.1" 200 1775 "-" "Mozilla/5.0 (compatible; MJ12bot/v1.4.3; http://www.majestic12.co.uk/bot.php?+)"
157.56.93.202 - - [09/Dec/2012:00:54:02 +0100] "GET /robots.txt HTTP/1.1" 404 1256 "-" "Mozilla/5.0 (compatible; bingbot/2.0; +http://www.bing.com/bingbot.htm)"
157.56.93.202 - - [09/Dec/2012:00:56:11 +0100] "GET / HTTP/1.1" 200 1775 "-" "Mozilla/5.0 (compatible; bingbot/2.0; +http://www.bing.com/bingbot.htm)"
180.153.236.181 - - [09/Dec/2012:03:11:01 +0100] "GET / HTTP/1.1" 200 1775 "http://www.frb-berlin.de/" "Mozilla/5.0 (Windows; U; Windows NT 5.1; zh-CN; rv:1.8.0.11) Gecko/20070312 Firefox/1.5.0.11; 360Spider"
157.55.35.113 - - [09/Dec/2012:03:56:48 +0100] "GET /robots.txt HTTP/1.1" 404 1256 "-" "Mozilla/5.0 (compatible; bingbot/2.0; +http://www.bing.com/bingbot.htm)"
157.55.35.113 - - [09/Dec/2012:03:58:17 +0100] "GET /seiten/ueber_uns.htm HTTP/1.1" 304 - "-" "Mozilla/5.0 (compatible; bingbot/2.0; +http://www.bing.com/bingbot.htm)"
65.52.111.242 - - [09/Dec/2012:04:25:32 +0100] "GET /seiten/referenzen_maler.htm HTTP/1.1" 200 51839 "-" "Mozilla/4.0 (compatible; MSIE 7.0; Windows NT 5.1; SV1; .NET CLR 1.1.4325; .NET CLR 2.0.40607; .NET CLR 3.0.30729; .NET CLR 3.5.30729; InfoPath.2)"
65.52.111.242 - - [09/Dec/2012:04:25:38 +0100] "GET /css/style.css HTTP/1.1" 200 8567 "http://www.frb-berlin.de/seiten/referenzen_maler.htm" "Mozilla/4.0 (compatible; MSIE 7.0; Windows NT 5.1; SV1; .NET CLR 1.1.4325; .NET CLR 2.0.40607; .NET CLR 3.0.30729; .NET CLR 3.5.30729; InfoPath.2)"
173.199.119.139 - - [09/Dec/2012:08:36:54 +0100] "GET /seiten/referenzen_waerme.htm HTTP/1.1" 200 35661 "-" "Mozilla/5.0 (compatible; AhrefsBot/4.0; +http://ahrefs.com/robot/)"
173.199.119.139 - - [09/Dec/2012:09:29:12 +0100] "GET /seiten/ausbildung3.htm HTTP/1.1" 200 6331 "-" "Mozilla/5.0 (compatible; AhrefsBot/4.0; +http://ahrefs.com/robot/)"
85.25.71.120 - - [09/Dec/2012:09:37:07 +0100] "GET /robots.txt HTTP/1.1" 404 1256 "-" "Mozilla/5.0 (X11; U; Linux i686; de; rv:1.9.0.1; compatible; iCjobs Stellenangebote Jobs; http://www.icjobs.de) Gecko/20100401 iCjobs/3.2.3"
85.25.71.120 - - [09/Dec/2012:09:37:08 +0100] "GET / HTTP/1.1" 200 1775 "-" "Mozilla/5.0 (X11; U; Linux i686; de; rv:1.9.0.1; compatible; iCjobs Stellenangebote Jobs; http://www.icjobs.de) Gecko/20100401 iCjobs/3.2.3"
85.25.71.120 - - [09/Dec/2012:09:37:09 +0100] "GET / HTTP/1.1" 200 1775 "-" "Mozilla/5.0 (X11; U; Linux i686; de; rv:1.9.0.1; compatible; iCjobs Stellenangebote Jobs; http://www.icjobs.de) Gecko/20100401 iCjobs/3.2.3"
85.25.71.120 - - [09/Dec/2012:09:37:09 +0100] "GET /seiten/start.htm HTTP/1.1" 200 9376 "-" "Mozilla/5.0 (X11; U; Linux i686; de; rv:1.9.0.1; compatible; iCjobs Stellenangebote Jobs; http://www.icjobs.de) Gecko/20100401 iCjobs/3.2.3"
85.25.71.120 - - [09/Dec/2012:09:37:09 +0100] "GET /seiten/main.htm HTTP/1.1" 200 2319 "-" "Mozilla/5.0 (X11; U; Linux i686; de; rv:1.9.0.1; compatible; iCjobs Stellenangebote Jobs; http://www.icjobs.de) Gecko/20100401 iCjobs/3.2.3"
85.25.71.120 - - [09/Dec/2012:09:37:10 +0100] "GET /scripte/menu_start.js HTTP/1.1" 200 31217 "-" "Mozilla/5.0 (X11; U; Linux i686; de; rv:1.9.0.1; compatible; iCjobs Stellenangebote Jobs; http://www.icjobs.de) Gecko/20100401 iCjobs/3.2.3"
85.25.71.120 - - [09/Dec/2012:09:37:12 +0100] "GET /scripte/menu_elemente.js HTTP/1.1" 200 18006 "-" "Mozilla/5.0 (X11; U; Linux i686; de; rv:1.9.0.1; compatible; iCjobs Stellenangebote Jobs; http://www.icjobs.de) Gecko/20100401 iCjobs/3.2.3"
85.25.71.120 - - [09/Dec/2012:09:37:28 +0100] "GET /seiten/ueber_uns.htm HTTP/1.1" 200 2081 "-" "Mozilla/5.0 (X11; U; Linux i686; de; rv:1.9.0.1; compatible; iCjobs Stellenangebote Jobs; http://www.icjobs.de) Gecko/20100401 iCjobs/3.2.3"
85.25.71.120 - - [09/Dec/2012:09:37:29 +0100] "GET /seiten/ausbildung.htm HTTP/1.1" 200 2131 "-" "Mozilla/5.0 (X11; U; Linux i686; de; rv:1.9.0.1; compatible; iCjobs Stellenangebote Jobs; http://www.icjobs.de) Gecko/20100401 iCjobs/3.2.3"
85.25.71.120 - - [09/Dec/2012:09:37:29 +0100] "GET /seiten/ausbildung2.htm HTTP/1.1" 200 4821 "-" "Mozilla/5.0 (X11; U; Linux i686; de; rv:1.9.0.1; compatible; iCjobs Stellenangebote Jobs; http://www.icjobs.de) Gecko/20100401 iCjobs/3.2.3"
85.25.71.120 - - [09/Dec/2012:09:37:30 +0100] "GET /css/style.css HTTP/1.1" 200 8567 "-" "Mozilla/5.0 (X11; U; Linux i686; de; rv:1.9.0.1; compatible; iCjobs Stellenangebote Jobs; http://www.icjobs.de) Gecko/20100401 iCjobs/3.2.3"
85.25.71.120 - - [09/Dec/2012:09:41:04 +0100] "GET /seiten/ausbildung3.htm HTTP/1.1" 200 6331 "-" "Mozilla/5.0 (X11; U; Linux i686; de; rv:1.9.0.1; compatible; iCjobs Stellenangebote Jobs; http://www.icjobs.de) Gecko/20100401 iCjobs/3.2.3"
178.154.179.250 - - [09/Dec/2012:09:44:14 +0100] "GET /seiten/referenzen.htm HTTP/1.1" 304 - "-" "Mozilla/5.0 (compatible; YandexBot/3.0; +http://yandex.com/bots)"
85.25.71.120 - - [09/Dec/2012:09:44:14 +0100] "GET /seiten/kontakt.php HTTP/1.1" 200 6708 "-" "Mozilla/5.0 (X11; U; Linux i686; de; rv:1.9.0.1; compatible; iCjobs Stellenangebote Jobs; http://www.icjobs.de) Gecko/20100401 iCjobs/3.2.3"
85.25.71.120 - - [09/Dec/2012:09:44:15 +0100] "GET /seiten/leistungen.htm HTTP/1.1" 200 3710 "-" "Mozilla/5.0 (X11; U; Linux i686; de; rv:1.9.0.1; compatible; iCjobs Stellenangebote Jobs; http://www.icjobs.de) Gecko/20100401 iCjobs/3.2.3"
85.25.71.120 - - [09/Dec/2012:09:44:15 +0100] "GET /seiten/referenzen.htm HTTP/1.1" 200 3626 "-" "Mozilla/5.0 (X11; U; Linux i686; de; rv:1.9.0.1; compatible; iCjobs Stellenangebote Jobs; http://www.icjobs.de) Gecko/20100401 iCjobs/3.2.3"
85.25.71.120 - - [09/Dec/2012:09:44:18 +0100] "GET /seiten/referenzen_maler.htm HTTP/1.1" 200 51839 "-" "Mozilla/5.0 (X11; U; Linux i686; de; rv:1.9.0.1; compatible; iCjobs Stellenangebote Jobs; http://www.icjobs.de) Gecko/20100401 iCjobs/3.2.3"
85.25.71.120 - - [09/Dec/2012:09:46:44 +0100] "GET /dokumente/ReferenzenMaler.pdf HTTP/1.1" 200 15515 "-" "Mozilla/5.0 (X11; U; Linux i686; de; rv:1.9.0.1; compatible; iCjobs Stellenangebote Jobs; http://www.icjobs.de) Gecko/20100401 iCjobs/3.2.3"
85.25.71.120 - - [09/Dec/2012:09:46:49 +0100] "GET /seiten/links.htm HTTP/1.1" 200 1543 "-" "Mozilla/5.0 (X11; U; Linux i686; de; rv:1.9.0.1; compatible; iCjobs Stellenangebote Jobs; http://www.icjobs.de) Gecko/20100401 iCjobs/3.2.3"
85.25.71.120 - - [09/Dec/2012:09:46:49 +0100] "GET /seiten/referenzen_waerme.htm HTTP/1.1" 200 35661 "-" "Mozilla/5.0 (X11; U; Linux i686; de; rv:1.9.0.1; compatible; iCjobs Stellenangebote Jobs; http://www.icjobs.de) Gecko/20100401 iCjobs/3.2.3"
85.25.71.120 - - [09/Dec/2012:09:46:53 +0100] "GET /seiten/referenzen_beton.htm HTTP/1.1" 200 8747 "-" "Mozilla/5.0 (X11; U; Linux i686; de; rv:1.9.0.1; compatible; iCjobs Stellenangebote Jobs; http://www.icjobs.de) Gecko/20100401 iCjobs/3.2.3"
85.25.71.120 - - [09/Dec/2012:09:48:38 +0100] "GET /dokumente/ReferenzenWarme.pdf HTTP/1.1" 200 14947 "-" "Mozilla/5.0 (X11; U; Linux i686; de; rv:1.9.0.1; compatible; iCjobs Stellenangebote Jobs; http://www.icjobs.de) Gecko/20100401 iCjobs/3.2.3"
85.25.71.120 - - [09/Dec/2012:09:50:48 +0100] "GET /dokumente/ReferenzenBeton.pdf HTTP/1.1" 200 10270 "-" "Mozilla/5.0 (X11; U; Linux i686; de; rv:1.9.0.1; compatible; iCjobs Stellenangebote Jobs; http://www.icjobs.de) Gecko/20100401 iCjobs/3.2.3"
178.154.179.250 - - [09/Dec/2012:10:36:08 +0100] "GET /seiten/links.htm HTTP/1.1" 304 - "-" "Mozilla/5.0 (compatible; YandexBot/3.0; +http://yandex.com/bots)"
157.55.33.112 - - [09/Dec/2012:11:24:22 +0100] "GET /robots.txt HTTP/1.1" 404 1256 "-" "Mozilla/5.0 (compatible; bingbot/2.0; +http://www.bing.com/bingbot.htm)"
157.55.33.112 - - [09/Dec/2012:11:25:46 +0100] "GET /seiten/start.htm HTTP/1.1" 304 - "-" "Mozilla/5.0 (compatible; bingbot/2.0; +http://www.bing.com/bingbot.htm)"
178.154.179.250 - - [09/Dec/2012:13:38:31 +0100] "GET /seiten/ausbildung.htm HTTP/1.1" 304 - "-" "Mozilla/5.0 (compatible; YandexBot/3.0; +http://yandex.com/bots)"
173.199.119.139 - - [09/Dec/2012:14:40:35 +0100] "GET /seiten/referenzen_beton.htm HTTP/1.1" 200 8747 "-" "Mozilla/5.0 (compatible; AhrefsBot/4.0; +http://ahrefs.com/robot/)"
180.153.236.181 - - [09/Dec/2012:15:07:53 +0100] "GET / HTTP/1.1" 200 1775 "http://www.frb-berlin.de/" "Mozilla/5.0 (Windows; U; Windows NT 5.1; zh-CN; rv:1.8.0.11) Gecko/20070312 Firefox/1.5.0.11; 360Spider"
66.249.75.202 - - [09/Dec/2012:16:25:01 +0100] "GET /robots.txt HTTP/1.1" 404 1256 "-" "Mozilla/5.0 (compatible; Googlebot/2.1; +http://www.google.com/bot.html)"
66.249.75.202 - - [09/Dec/2012:16:25:01 +0100] "GET / HTTP/1.1" 200 1775 "-" "SAMSUNG-SGH-E250/1.0 Profile/MIDP-2.0 Configuration/CLDC-1.1 UP.Browser/6.2.3.3.c.1.101 (GUI) MMP/2.0 (compatible; Googlebot-Mobile/2.1; +http://www.google.com/bot.html)"
173.199.119.139 - - [09/Dec/2012:16:49:04 +0100] "GET /seiten/ausbildung2.htm HTTP/1.1" 200 4821 "-" "Mozilla/5.0 (compatible; AhrefsBot/4.0; +http://ahrefs.com/robot/)"
85.214.21.33 - - [09/Dec/2012:18:00:13 +0100] "GET / HTTP/1.0" 200 1775 "-" "-"
85.214.21.33 - - [09/Dec/2012:18:00:13 +0100] "GET / HTTP/1.0" 200 1775 "-" "-"
88.72.15.55 - - [09/Dec/2012:18:04:11 +0100] "GET /dokumente/ReferenzenMaler.pdf HTTP/1.1" 200 15515 "http://www.google.de/url?sa=t&rct=j&q=flu%C3%9Fpferdhofsiedlung&source=web&cd=9&ved=0CFgQFjAI&url=http%3A%2F%2Fwww.frb-berlin.de%2Fdokumente%2FReferenzenMaler.pdf&ei=ocPEULDPJYTGtAbBg4HIDA&usg=AFQjCNFLYmPM1K520RLLwoLS2kVA-00sXA" "Mozilla/5.0 (Windows NT 6.1; rv:16.0) Gecko/20100101 Firefox/16.0"
88.72.15.55 - - [09/Dec/2012:18:04:11 +0100] "GET /dokumente/ReferenzenMaler.pdf HTTP/1.1" 206 4298 "-" "Mozilla/5.0 (Windows NT 6.1; rv:16.0) Gecko/20100101 Firefox/16.0"
88.72.15.55 - - [09/Dec/2012:18:04:11 +0100] "GET /favicon.ico HTTP/1.1" 404 1256 "-" "Mozilla/5.0 (Windows NT 6.1; rv:16.0) Gecko/20100101 Firefox/16.0"
88.72.15.55 - - [09/Dec/2012:18:04:11 +0100] "GET /favicon.ico HTTP/1.1" 404 1256 "-" "Mozilla/5.0 (Windows NT 6.1; rv:16.0) Gecko/20100101 Firefox/16.0"
173.199.119.139 - - [09/Dec/2012:18:26:10 +0100] "GET /dokumente/ReferenzenWarme.pdf HTTP/1.1" 200 14947 "-" "Mozilla/5.0 (compatible; AhrefsBot/4.0; +http://ahrefs.com/robot/)"
173.199.119.139 - - [09/Dec/2012:22:02:34 +0100] "GET /seiten/referenzen_maler.htm HTTP/1.1" 200 51839 "-" "Mozilla/5.0 (compatible; AhrefsBot/4.0; +http://ahrefs.com/robot/)"
173.199.119.139 - - [09/Dec/2012:23:52:40 +0100] "GET /dokumente/ReferenzenMaler.pdf HTTP/1.1" 200 15515 "-" "Mozilla/5.0 (compatible; AhrefsBot/4.0; +http://ahrefs.com/robot/)"
157.55.32.143 - - [10/Dec/2012:00:43:53 +0100] "GET /robots.txt HTTP/1.1" 404 1256 "-" "Mozilla/5.0 (compatible; bingbot/2.0; +http://www.bing.com/bingbot.htm)"
157.55.32.143 - - [10/Dec/2012:00:45:42 +0100] "GET / HTTP/1.1" 200 1775 "-" "Mozilla/5.0 (compatible; bingbot/2.0; +http://www.bing.com/bingbot.htm)"
173.199.119.139 - - [10/Dec/2012:01:41:11 +0100] "GET /dokumente/ReferenzenBeton.pdf HTTP/1.1" 200 10270 "-" "Mozilla/5.0 (compatible; AhrefsBot/4.0; +http://ahrefs.com/robot/)"
