217.5.248.105 - - [28/Aug/2013:08:04:43 +0200] "GET /images/zum_anmeldeformular.gif HTTP/1.1" 200 498 "http://www.dialyse-schoenebeck.de/kontakt.htm" "Mozilla/5.0 (compatible; MSIE 9.0; Windows NT 6.1; Trident/5.0; PHV Dialysezentren)"
217.5.248.105 - - [28/Aug/2013:08:04:43 +0200] "GET /css/master_diapraxis_silber.css HTTP/1.1" 200 507 "http://www.dialyse-schoenebeck.de/kontakt.htm" "Mozilla/5.0 (compatible; MSIE 9.0; Windows NT 6.1; Trident/5.0; PHV Dialysezentren)"
217.5.248.105 - - [28/Aug/2013:08:04:43 +0200] "GET /images/plan_schoenebeck_mini.jpg HTTP/1.1" 200 14406 "http://www.dialyse-schoenebeck.de/kontakt.htm" "Mozilla/5.0 (compatible; MSIE 9.0; Windows NT 6.1; Trident/5.0; PHV Dialysezentren)"
217.5.248.105 - - [28/Aug/2013:08:04:43 +0200] "GET /images/plan_magdeburg_mini.jpg HTTP/1.1" 200 6592 "http://www.dialyse-schoenebeck.de/kontakt.htm" "Mozilla/5.0 (compatible; MSIE 9.0; Windows NT 6.1; Trident/5.0; PHV Dialysezentren)"
37.115.112.142 - - [28/Aug/2013:09:14:21 +0200] "GET / HTTP/1.1" 200 4185 "http://rada.ru/souvenir/" "Mozilla/4.0 (compatible; MSIE 5.01; Windows 95; MSIECrawler)"
37.115.112.142 - - [28/Aug/2013:09:14:21 +0200] "GET / HTTP/1.1" 200 4185 "http://rada.ru/souvenir/" "Mozilla/4.0 (compatible; MSIE 5.01; Windows 95; MSIECrawler)"
37.115.112.142 - - [28/Aug/2013:09:14:22 +0200] "GET / HTTP/1.1" 200 4185 "http://rada.ru/souvenir/" "Mozilla/4.0 (compatible; MSIE 5.01; Windows 95; MSIECrawler)"
46.119.118.152 - - [28/Aug/2013:10:09:54 +0200] "GET / HTTP/1.1" 200 4185 "http://narkologicheskaya-bolnica.ru/" "Mozilla/4.0 (compatible; MSIE 6.0; Windows NT 5.1; Maxthon; .NET CLR 1.1.4322)"
46.119.118.152 - - [28/Aug/2013:10:09:54 +0200] "GET / HTTP/1.1" 200 4185 "http://www.bravica.tw/ru/" "Mozilla/4.0 (compatible; MSIE 6.0; Windows NT 5.1; Maxthon; .NET CLR 1.1.4322)"
46.119.118.152 - - [28/Aug/2013:10:09:54 +0200] "GET / HTTP/1.1" 200 4185 "http://narkologicheskaya-bolnica.ru/" "Mozilla/4.0 (compatible; MSIE 6.0; Windows NT 5.1; Maxthon; .NET CLR 1.1.4322)"
46.119.118.152 - - [28/Aug/2013:10:09:54 +0200] "GET / HTTP/1.1" 200 4185 "http://www.bravica.tw/ru/" "Mozilla/4.0 (compatible; MSIE 6.0; Windows NT 5.1; Maxthon; .NET CLR 1.1.4322)"
46.119.118.152 - - [28/Aug/2013:10:09:55 +0200] "GET / HTTP/1.1" 200 4185 "http://narkologicheskaya-bolnica.ru/" "Mozilla/4.0 (compatible; MSIE 6.0; Windows NT 5.1; Maxthon; .NET CLR 1.1.4322)"
46.119.118.152 - - [28/Aug/2013:10:09:55 +0200] "GET / HTTP/1.1" 200 4185 "http://www.bravica.tw/ru/" "Mozilla/4.0 (compatible; MSIE 6.0; Windows NT 5.1; Maxthon; .NET CLR 1.1.4322)"
195.242.218.133 - - [28/Aug/2013:11:05:48 +0200] "GET / HTTP/1.1" 200 4185 "http://lineage2-anons.ru/" "Mozilla/4.0 (compatible; MSIE 6.0; Windows NT 5.1; SV1; FunWebProducts; .NET CLR 1.1.4322; PeoplePal 6.2)"
195.242.218.133 - - [28/Aug/2013:11:05:48 +0200] "GET / HTTP/1.1" 200 4185 "http://lineage2-anons.ru/" "Mozilla/4.0 (compatible; MSIE 6.0; Windows NT 5.1; SV1; FunWebProducts; .NET CLR 1.1.4322; PeoplePal 6.2)"
195.242.218.133 - - [28/Aug/2013:11:05:49 +0200] "GET / HTTP/1.1" 200 4185 "http://lineage2-anons.ru/" "Mozilla/4.0 (compatible; MSIE 6.0; Windows NT 5.1; SV1; FunWebProducts; .NET CLR 1.1.4322; PeoplePal 6.2)"
141.8.147.12 - - [28/Aug/2013:11:10:21 +0200] "GET /images/navi_kontakt_a.jpg HTTP/1.1" 304 - "-" "Mozilla/5.0 (compatible; YandexImages/3.0; +http://yandex.com/bots)"
5.10.83.42 - - [28/Aug/2013:11:47:06 +0200] "GET /leistungen.htm HTTP/1.1" 200 1228 "-" "Mozilla/5.0 (compatible; AhrefsBot/5.0; +http://ahrefs.com/robot/)"
141.8.147.12 - - [28/Aug/2013:12:37:11 +0200] "GET /images/ein_service.jpg HTTP/1.1" 304 - "-" "Mozilla/5.0 (compatible; YandexImages/3.0; +http://yandex.com/bots)"
66.249.78.121 - - [28/Aug/2013:14:00:27 +0200] "GET /robots.txt HTTP/1.1" 200 171 "-" "Mozilla/5.0 (compatible; Googlebot/2.1; +http://www.google.com/bot.html)"
66.249.75.88 - - [28/Aug/2013:14:00:27 +0200] "GET / HTTP/1.1" 200 4185 "-" "DoCoMo/2.0 N905i(c100;TB;W24H16) (compatible; Googlebot-Mobile/2.1; +http://www.google.com/bot.html)"
193.106.136.43 - - [28/Aug/2013:14:13:02 +0200] "GET / HTTP/1.1" 200 4185 "http://www.profil-sites.co.il/" "Mozilla/4.0 (compatible; MSIE 7.0b; Windows NT 6.0 ; .NET CLR 2.0.50215; SL Commerce Client v1.0; Tablet PC 2.0"
193.106.136.43 - - [28/Aug/2013:14:13:03 +0200] "GET / HTTP/1.1" 200 4185 "http://www.profil-sites.co.il/" "Mozilla/4.0 (compatible; MSIE 7.0b; Windows NT 6.0 ; .NET CLR 2.0.50215; SL Commerce Client v1.0; Tablet PC 2.0"
193.106.136.43 - - [28/Aug/2013:14:13:03 +0200] "GET / HTTP/1.1" 200 4185 "http://www.profil-sites.co.il/" "Mozilla/4.0 (compatible; MSIE 7.0b; Windows NT 6.0 ; .NET CLR 2.0.50215; SL Commerce Client v1.0; Tablet PC 2.0"
5.10.83.42 - - [28/Aug/2013:15:23:17 +0200] "GET /praxis2.htm HTTP/1.1" 200 4257 "-" "Mozilla/5.0 (compatible; AhrefsBot/5.0; +http://ahrefs.com/robot/)"
91.23.18.103 - - [28/Aug/2013:16:13:16 +0200] "GET / HTTP/1.1" 200 4185 "http://www.google.de/url?sa=t&rct=j&q=&esrc=s&source=web&cd=1&ved=0CDEQFjAA&url=http%3A%2F%2Fwww.dialyse-schoenebeck.de%2F&ei=YgUeUvzdG8vN4QTdtIGQCw&usg=AFQjCNFqqiy5BnFbbbTXBriUiqZc0qhF6g&bvm=bv.51156542,d.bGE" "Mozilla/5.0 (Windows NT 6.0; rv:18.0) Gecko/20100101 Firefox/18.0"
91.23.18.103 - - [28/Aug/2013:16:13:16 +0200] "GET /leer.htm HTTP/1.1" 200 172 "http://www.dialyse-schoenebeck.de/" "Mozilla/5.0 (Windows NT 6.0; rv:18.0) Gecko/20100101 Firefox/18.0"
91.23.18.103 - - [28/Aug/2013:16:13:16 +0200] "GET /header.htm HTTP/1.1" 200 795 "http://www.dialyse-schoenebeck.de/" "Mozilla/5.0 (Windows NT 6.0; rv:18.0) Gecko/20100101 Firefox/18.0"
91.23.18.103 - - [28/Aug/2013:16:13:16 +0200] "GET /navi.htm HTTP/1.1" 200 4594 "http://www.dialyse-schoenebeck.de/" "Mozilla/5.0 (Windows NT 6.0; rv:18.0) Gecko/20100101 Firefox/18.0"
91.23.18.103 - - [28/Aug/2013:16:13:16 +0200] "GET /home.htm HTTP/1.1" 200 1194 "http://www.dialyse-schoenebeck.de/" "Mozilla/5.0 (Windows NT 6.0; rv:18.0) Gecko/20100101 Firefox/18.0"
91.23.18.103 - - [28/Aug/2013:16:13:17 +0200] "GET /images/frame_head2.jpg HTTP/1.1" 200 16134 "http://www.dialyse-schoenebeck.de/header.htm" "Mozilla/5.0 (Windows NT 6.0; rv:18.0) Gecko/20100101 Firefox/18.0"
91.23.18.103 - - [28/Aug/2013:16:13:17 +0200] "GET /images/ein_service.jpg HTTP/1.1" 200 2356 "http://www.dialyse-schoenebeck.de/header.htm" "Mozilla/5.0 (Windows NT 6.0; rv:18.0) Gecko/20100101 Firefox/18.0"
91.23.18.103 - - [28/Aug/2013:16:13:17 +0200] "GET /images/willkommen.gif HTTP/1.1" 200 1926 "http://www.dialyse-schoenebeck.de/home.htm" "Mozilla/5.0 (Windows NT 6.0; rv:18.0) Gecko/20100101 Firefox/18.0"
91.23.18.103 - - [28/Aug/2013:16:13:17 +0200] "GET /images/home.jpg HTTP/1.1" 200 17467 "http://www.dialyse-schoenebeck.de/home.htm" "Mozilla/5.0 (Windows NT 6.0; rv:18.0) Gecko/20100101 Firefox/18.0"
91.23.18.103 - - [28/Aug/2013:16:13:17 +0200] "GET /images/pixel.gif HTTP/1.1" 200 43 "http://www.dialyse-schoenebeck.de/home.htm" "Mozilla/5.0 (Windows NT 6.0; rv:18.0) Gecko/20100101 Firefox/18.0"
91.23.18.103 - - [28/Aug/2013:16:13:17 +0200] "GET /images/frame_navi2.jpg HTTP/1.1" 200 2965 "http://www.dialyse-schoenebeck.de/navi.htm" "Mozilla/5.0 (Windows NT 6.0; rv:18.0) Gecko/20100101 Firefox/18.0"
91.23.18.103 - - [28/Aug/2013:16:13:17 +0200] "GET /images/navi_praxis_a.jpg HTTP/1.1" 200 1905 "http://www.dialyse-schoenebeck.de/navi.htm" "Mozilla/5.0 (Windows NT 6.0; rv:18.0) Gecko/20100101 Firefox/18.0"
91.23.18.103 - - [28/Aug/2013:16:13:17 +0200] "GET /images/navi_news_a.jpg HTTP/1.1" 200 1809 "http://www.dialyse-schoenebeck.de/navi.htm" "Mozilla/5.0 (Windows NT 6.0; rv:18.0) Gecko/20100101 Firefox/18.0"
91.23.18.103 - - [28/Aug/2013:16:13:17 +0200] "GET /images/navi_leistungen_a.jpg HTTP/1.1" 200 2088 "http://www.dialyse-schoenebeck.de/navi.htm" "Mozilla/5.0 (Windows NT 6.0; rv:18.0) Gecko/20100101 Firefox/18.0"
91.23.18.103 - - [28/Aug/2013:16:13:17 +0200] "GET /images/navi_dialyse_a.jpg HTTP/1.1" 200 2373 "http://www.dialyse-schoenebeck.de/navi.htm" "Mozilla/5.0 (Windows NT 6.0; rv:18.0) Gecko/20100101 Firefox/18.0"
91.23.18.103 - - [28/Aug/2013:16:13:17 +0200] "GET /images/navi_kontakt_a.jpg HTTP/1.1" 200 1826 "http://www.dialyse-schoenebeck.de/navi.htm" "Mozilla/5.0 (Windows NT 6.0; rv:18.0) Gecko/20100101 Firefox/18.0"
91.23.18.103 - - [28/Aug/2013:16:13:17 +0200] "GET /images/navi_links_a.jpg HTTP/1.1" 200 2032 "http://www.dialyse-schoenebeck.de/navi.htm" "Mozilla/5.0 (Windows NT 6.0; rv:18.0) Gecko/20100101 Firefox/18.0"
91.23.18.103 - - [28/Aug/2013:16:13:17 +0200] "GET /images/navi_home_a.jpg HTTP/1.1" 200 2206 "http://www.dialyse-schoenebeck.de/navi.htm" "Mozilla/5.0 (Windows NT 6.0; rv:18.0) Gecko/20100101 Firefox/18.0"
91.23.18.103 - - [28/Aug/2013:16:13:17 +0200] "GET /images/navi_praxis_b.jpg HTTP/1.1" 200 2241 "http://www.dialyse-schoenebeck.de/navi.htm" "Mozilla/5.0 (Windows NT 6.0; rv:18.0) Gecko/20100101 Firefox/18.0"
91.23.18.103 - - [28/Aug/2013:16:13:17 +0200] "GET /images/navi_leistungen_b.jpg HTTP/1.1" 200 2343 "http://www.dialyse-schoenebeck.de/navi.htm" "Mozilla/5.0 (Windows NT 6.0; rv:18.0) Gecko/20100101 Firefox/18.0"
91.23.18.103 - - [28/Aug/2013:16:13:17 +0200] "GET /images/navi_dialyse_b.jpg HTTP/1.1" 200 2745 "http://www.dialyse-schoenebeck.de/navi.htm" "Mozilla/5.0 (Windows NT 6.0; rv:18.0) Gecko/20100101 Firefox/18.0"
91.23.18.103 - - [28/Aug/2013:16:13:17 +0200] "GET /images/navi_links_b.jpg HTTP/1.1" 200 2344 "http://www.dialyse-schoenebeck.de/navi.htm" "Mozilla/5.0 (Windows NT 6.0; rv:18.0) Gecko/20100101 Firefox/18.0"
91.23.18.103 - - [28/Aug/2013:16:13:17 +0200] "GET /images/navi_home_b.jpg HTTP/1.1" 200 2478 "http://www.dialyse-schoenebeck.de/navi.htm" "Mozilla/5.0 (Windows NT 6.0; rv:18.0) Gecko/20100101 Firefox/18.0"
91.23.18.103 - - [28/Aug/2013:16:13:17 +0200] "GET /images/navi_kontakt_b.jpg HTTP/1.1" 200 2094 "http://www.dialyse-schoenebeck.de/navi.htm" "Mozilla/5.0 (Windows NT 6.0; rv:18.0) Gecko/20100101 Firefox/18.0"
91.23.18.103 - - [28/Aug/2013:16:13:17 +0200] "GET /images/navi_news_b.jpg HTTP/1.1" 200 2200 "http://www.dialyse-schoenebeck.de/navi.htm" "Mozilla/5.0 (Windows NT 6.0; rv:18.0) Gecko/20100101 Firefox/18.0"
91.23.18.103 - - [28/Aug/2013:16:13:17 +0200] "GET /favicon.ico HTTP/1.1" 404 1256 "-" "Mozilla/5.0 (Windows NT 6.0; rv:18.0) Gecko/20100101 Firefox/18.0"
91.23.18.103 - - [28/Aug/2013:16:13:29 +0200] "GET /praxis.htm HTTP/1.1" 200 2232 "http://www.dialyse-schoenebeck.de/navi.htm" "Mozilla/5.0 (Windows NT 6.0; rv:18.0) Gecko/20100101 Firefox/18.0"
91.23.18.103 - - [28/Aug/2013:16:13:29 +0200] "GET /images/head_praxis.gif HTTP/1.1" 200 487 "http://www.dialyse-schoenebeck.de/praxis.htm" "Mozilla/5.0 (Windows NT 6.0; rv:18.0) Gecko/20100101 Firefox/18.0"
91.23.18.103 - - [28/Aug/2013:16:13:29 +0200] "GET /images/bildergalerie.gif HTTP/1.1" 200 553 "http://www.dialyse-schoenebeck.de/praxis.htm" "Mozilla/5.0 (Windows NT 6.0; rv:18.0) Gecko/20100101 Firefox/18.0"
91.23.18.103 - - [28/Aug/2013:16:13:30 +0200] "GET /images/praxis1.jpg HTTP/1.1" 200 19217 "http://www.dialyse-schoenebeck.de/praxis.htm" "Mozilla/5.0 (Windows NT 6.0; rv:18.0) Gecko/20100101 Firefox/18.0"
91.23.18.103 - - [28/Aug/2013:16:13:30 +0200] "GET /images/pfeil_seite2.gif HTTP/1.1" 200 277 "http://www.dialyse-schoenebeck.de/praxis.htm" "Mozilla/5.0 (Windows NT 6.0; rv:18.0) Gecko/20100101 Firefox/18.0"
141.8.147.12 - - [28/Aug/2013:16:44:04 +0200] "GET /images/ein_service.jpg HTTP/1.1" 304 - "-" "Mozilla/5.0 (compatible; YandexImages/3.0; +http://yandex.com/bots)"
141.8.147.12 - - [28/Aug/2013:16:49:02 +0200] "GET /images/navi_kontakt_a.jpg HTTP/1.1" 304 - "-" "Mozilla/5.0 (compatible; YandexImages/3.0; +http://yandex.com/bots)"
91.207.9.226 - - [28/Aug/2013:17:22:37 +0200] "GET / HTTP/1.1" 200 4185 "http://companyru.com/" "Mozilla/3.0 (x86 [en] Windows NT 5.1; Sun)"
91.207.9.226 - - [28/Aug/2013:17:22:37 +0200] "GET / HTTP/1.1" 200 4185 "http://companyru.com/" "Mozilla/3.0 (x86 [en] Windows NT 5.1; Sun)"
91.207.9.226 - - [28/Aug/2013:17:22:37 +0200] "GET / HTTP/1.1" 200 4185 "http://companyru.com/" "Mozilla/3.0 (x86 [en] Windows NT 5.1; Sun)"
5.10.83.42 - - [28/Aug/2013:18:16:42 +0200] "GET /praxis.htm HTTP/1.1" 200 2232 "-" "Mozilla/5.0 (compatible; AhrefsBot/5.0; +http://ahrefs.com/robot/)"
83.133.125.202 - - [28/Aug/2013:21:45:01 +0200] "GET / HTTP/1.1" 200 4185 "http://www.sumaja.de/?such_wert=dialyse" "Mozilla/5.0 (Windows; U; Windows NT 6.1; de; rv:1.9.2.8) Gecko/20100722 Firefox/3.6.8 GTB7.1"
66.249.78.121 - - [29/Aug/2013:00:42:16 +0200] "GET /robots.txt HTTP/1.1" 200 171 "-" "Mozilla/5.0 (compatible; Googlebot/2.1; +http://www.google.com/bot.html)"
66.249.78.121 - - [29/Aug/2013:00:42:16 +0200] "GET / HTTP/1.1" 200 4185 "-" "Mozilla/5.0 (iPhone; U; CPU iPhone OS 4_1 like Mac OS X; en-us) AppleWebKit/532.9 (KHTML, like Gecko) Version/4.0.5 Mobile/8B117 Safari/6531.22.7 (compatible; Googlebot-Mobile/2.1; +http://www.google.com/bot.html)"
141.8.147.12 - - [29/Aug/2013:01:03:38 +0200] "GET /robots.txt HTTP/1.1" 200 171 "-" "Mozilla/5.0 (compatible; YandexBot/3.0; +http://yandex.com/bots)"
141.8.147.12 - - [29/Aug/2013:01:18:57 +0200] "GET /images/navi_kontakt_a.jpg HTTP/1.1" 304 - "-" "Mozilla/5.0 (compatible; YandexImages/3.0; +http://yandex.com/bots)"
141.8.147.12 - - [29/Aug/2013:03:13:46 +0200] "GET /images/ein_service.jpg HTTP/1.1" 304 - "-" "Mozilla/5.0 (compatible; YandexImages/3.0; +http://yandex.com/bots)"
37.115.112.142 - - [29/Aug/2013:05:16:40 +0200] "GET / HTTP/1.1" 200 4185 "http://missigra.ru/" "Mozilla/4.0 (compatible; MSIE 6.0; Windows NT 5.0; APC; .NET CLR 1.0.3705; .NET CLR 1.1.4322; .NET CLR 2.0.50215; InfoPath.1)"
37.115.112.142 - - [29/Aug/2013:05:16:40 +0200] "GET / HTTP/1.1" 200 4185 "http://missigra.ru/" "Mozilla/4.0 (compatible; MSIE 6.0; Windows NT 5.0; APC; .NET CLR 1.0.3705; .NET CLR 1.1.4322; .NET CLR 2.0.50215; InfoPath.1)"
37.115.112.142 - - [29/Aug/2013:05:16:41 +0200] "GET / HTTP/1.1" 200 4185 "http://missigra.ru/" "Mozilla/4.0 (compatible; MSIE 6.0; Windows NT 5.0; APC; .NET CLR 1.0.3705; .NET CLR 1.1.4322; .NET CLR 2.0.50215; InfoPath.1)"
141.8.147.12 - - [29/Aug/2013:06:24:05 +0200] "GET /images/navi_kontakt_a.jpg HTTP/1.1" 304 - "-" "Mozilla/5.0 (compatible; YandexImages/3.0; +http://yandex.com/bots)"
92.249.127.111 - - [29/Aug/2013:09:09:11 +0200] "GET / HTTP/1.1" 200 4185 "http://www.bravica.jobs/ru/" "Mozilla/5.0 (compatible; news bot /2.1)"
92.249.127.111 - - [29/Aug/2013:09:09:11 +0200] "GET / HTTP/1.1" 200 4185 "http://www.bravica.jobs/ru/" "Mozilla/5.0 (compatible; news bot /2.1)"
92.249.127.111 - - [29/Aug/2013:09:09:12 +0200] "GET / HTTP/1.1" 200 4185 "http://www.bravica.jobs/ru/" "Mozilla/5.0 (compatible; news bot /2.1)"
141.8.147.12 - - [29/Aug/2013:11:35:59 +0200] "GET /images/ein_service.jpg HTTP/1.1" 304 - "-" "Mozilla/5.0 (compatible; YandexImages/3.0; +http://yandex.com/bots)"
157.55.35.45 - - [29/Aug/2013:11:50:26 +0200] "GET /robots.txt HTTP/1.1" 200 171 "-" "Mozilla/5.0 (compatible; bingbot/2.0; +http://www.bing.com/bingbot.htm)"
157.56.93.38 - - [29/Aug/2013:11:52:14 +0200] "GET / HTTP/1.1" 200 4185 "-" "Mozilla/5.0 (compatible; bingbot/2.0; +http://www.bing.com/bingbot.htm)"
157.55.35.45 - - [29/Aug/2013:11:55:32 +0200] "GET /home.htm HTTP/1.1" 200 1194 "-" "Mozilla/5.0 (compatible; bingbot/2.0; +http://www.bing.com/bingbot.htm)"
157.55.33.26 - - [29/Aug/2013:12:53:35 +0200] "GET /robots.txt HTTP/1.1" 200 171 "-" "Mozilla/5.0 (compatible; bingbot/2.0; +http://www.bing.com/bingbot.htm)"
157.56.229.189 - - [29/Aug/2013:12:53:36 +0200] "GET /robots.txt HTTP/1.1" 200 171 "-" "Mozilla/5.0 (compatible; bingbot/2.0; +http://www.bing.com/bingbot.htm)"
157.55.33.26 - - [29/Aug/2013:12:54:09 +0200] "GET /navi.htm HTTP/1.1" 200 4594 "-" "Mozilla/5.0 (compatible; bingbot/2.0; +http://www.bing.com/bingbot.htm)"
157.56.229.189 - - [29/Aug/2013:12:54:51 +0200] "GET /header.htm HTTP/1.1" 200 795 "-" "Mozilla/5.0 (compatible; bingbot/2.0; +http://www.bing.com/bingbot.htm)"
91.207.9.226 - - [29/Aug/2013:14:20:47 +0200] "GET / HTTP/1.1" 200 4185 "http://zemlanin.info/" "Mozilla/4.0 (compatible; MSIE 6.0; Windows NT 5.1; SV1; .NET CLR 1.0.3705; .NET CLR 1.1.4322; .NET CLR 2.0.40607)"
91.207.9.226 - - [29/Aug/2013:14:20:47 +0200] "GET / HTTP/1.1" 200 4185 "http://zemlanin.info/" "Mozilla/4.0 (compatible; MSIE 6.0; Windows NT 5.1; SV1; .NET CLR 1.0.3705; .NET CLR 1.1.4322; .NET CLR 2.0.40607)"
91.207.9.226 - - [29/Aug/2013:14:20:48 +0200] "GET / HTTP/1.1" 200 4185 "http://zemlanin.info/" "Mozilla/4.0 (compatible; MSIE 6.0; Windows NT 5.1; SV1; .NET CLR 1.0.3705; .NET CLR 1.1.4322; .NET CLR 2.0.40607)"
141.8.147.12 - - [29/Aug/2013:15:09:59 +0200] "GET /robots.txt HTTP/1.1" 200 171 "-" "Mozilla/5.0 (compatible; YandexBot/3.0; +http://yandex.com/bots)"
141.8.147.12 - - [29/Aug/2013:15:10:01 +0200] "GET /images/navi_kontakt_a.jpg HTTP/1.1" 304 - "-" "Mozilla/5.0 (compatible; YandexImages/3.0; +http://yandex.com/bots)"
46.118.126.194 - - [29/Aug/2013:15:35:18 +0200] "GET / HTTP/1.1" 200 4185 "http://www.ipoliv.ru/" "Mozilla/4.0 (compatible; MSIE 6.0; Windows NT 5.1; Maxthon; .NET CLR 1.1.4322)"
46.118.126.194 - - [29/Aug/2013:15:35:18 +0200] "GET / HTTP/1.1" 200 4185 "http://www.ipoliv.ru/" "Mozilla/4.0 (compatible; MSIE 6.0; Windows NT 5.1; Maxthon; .NET CLR 1.1.4322)"
46.118.126.194 - - [29/Aug/2013:15:35:19 +0200] "GET / HTTP/1.1" 200 4185 "http://www.ipoliv.ru/" "Mozilla/4.0 (compatible; MSIE 6.0; Windows NT 5.1; Maxthon; .NET CLR 1.1.4322)"
46.118.126.194 - - [29/Aug/2013:15:35:19 +0200] "GET / HTTP/1.1" 200 4185 "http://www.artparquet.ru/" "Mozilla/4.0 (compatible; MSIE 6.0; Windows NT 5.1; Maxthon; .NET CLR 1.1.4322)"
46.118.126.194 - - [29/Aug/2013:15:35:20 +0200] "GET / HTTP/1.1" 200 4185 "http://www.artparquet.ru/" "Mozilla/4.0 (compatible; MSIE 6.0; Windows NT 5.1; Maxthon; .NET CLR 1.1.4322)"
46.118.126.194 - - [29/Aug/2013:15:35:20 +0200] "GET / HTTP/1.1" 200 4185 "http://www.artparquet.ru/" "Mozilla/4.0 (compatible; MSIE 6.0; Windows NT 5.1; Maxthon; .NET CLR 1.1.4322)"
141.8.147.12 - - [29/Aug/2013:16:56:41 +0200] "GET /images/ein_service.jpg HTTP/1.1" 304 - "-" "Mozilla/5.0 (compatible; YandexImages/3.0; +http://yandex.com/bots)"
5.10.83.36 - - [29/Aug/2013:21:09:38 +0200] "GET /robots.txt HTTP/1.1" 200 171 "-" "Mozilla/5.0 (compatible; AhrefsBot/5.0; +http://ahrefs.com/robot/)"
141.8.147.12 - - [29/Aug/2013:22:05:02 +0200] "GET /robots.txt HTTP/1.1" 200 171 "-" "Mozilla/5.0 (compatible; YandexBot/3.0; +http://yandex.com/bots)"
141.8.147.12 - - [29/Aug/2013:22:05:04 +0200] "GET /images/navi_news_a.jpg HTTP/1.1" 304 - "-" "Mozilla/5.0 (compatible; YandexImages/3.0; +http://yandex.com/bots)"
141.8.147.12 - - [29/Aug/2013:22:28:54 +0200] "GET /images/frame_navi2.jpg HTTP/1.1" 304 - "-" "Mozilla/5.0 (compatible; YandexImages/3.0; +http://yandex.com/bots)"
46.119.118.152 - - [29/Aug/2013:22:55:49 +0200] "GET / HTTP/1.1" 200 4185 "http://remont-fridge-tv.ru/" "Mozilla/4.61 [en] (X11; U; ) - BrowseX (2.0.0 Windows)"
46.119.118.152 - - [29/Aug/2013:22:55:49 +0200] "GET / HTTP/1.1" 200 4185 "http://remont-fridge-tv.ru/" "Mozilla/4.61 [en] (X11; U; ) - BrowseX (2.0.0 Windows)"
46.119.118.152 - - [29/Aug/2013:22:55:50 +0200] "GET / HTTP/1.1" 200 4185 "http://remont-fridge-tv.ru/" "Mozilla/4.61 [en] (X11; U; ) - BrowseX (2.0.0 Windows)"
83.35.90.47 - - [29/Aug/2013:23:30:03 +0200] "GET / HTTP/1.1" 200 4185 "http://ovnicalderachile.blogspot.mx" "Mozilla/5.0 (Windows; U; MSIE 9.0; Windows NT 9.0; en-US)"
46.118.126.194 - - [29/Aug/2013:23:46:57 +0200] "GET / HTTP/1.1" 200 4185 "http://gaspaco.ru/" "Mozilla/4.0 (compatible; MSIE 6.0; Windows NT 5.1; Maxthon; .NET CLR 1.1.4322)"
46.118.126.194 - - [29/Aug/2013:23:46:58 +0200] "GET / HTTP/1.1" 200 4185 "http://gaspaco.ru/" "Mozilla/4.0 (compatible; MSIE 6.0; Windows NT 5.1; Maxthon; .NET CLR 1.1.4322)"
46.118.126.194 - - [29/Aug/2013:23:46:58 +0200] "GET / HTTP/1.1" 200 4185 "http://gaspaco.ru/" "Mozilla/4.0 (compatible; MSIE 6.0; Windows NT 5.1; Maxthon; .NET CLR 1.1.4322)"
141.8.147.12 - - [29/Aug/2013:23:58:19 +0200] "GET /images/willkommen.gif HTTP/1.1" 304 - "-" "Mozilla/5.0 (compatible; YandexImages/3.0; +http://yandex.com/bots)"
141.8.147.12 - - [30/Aug/2013:00:05:48 +0200] "GET /images/leistungen1.jpg HTTP/1.1" 304 - "-" "Mozilla/5.0 (compatible; YandexImages/3.0; +http://yandex.com/bots)"
141.8.147.12 - - [30/Aug/2013:00:13:24 +0200] "GET /images/praxis1.jpg HTTP/1.1" 304 - "-" "Mozilla/5.0 (compatible; YandexImages/3.0; +http://yandex.com/bots)"
141.8.147.12 - - [30/Aug/2013:00:29:23 +0200] "GET /images/ein_service.jpg HTTP/1.1" 304 - "-" "Mozilla/5.0 (compatible; YandexImages/3.0; +http://yandex.com/bots)"
37.139.52.23 - - [30/Aug/2013:00:41:51 +0200] "GET / HTTP/1.1" 200 4185 "http://santexnik-spb.ru/" "Mozilla/4.0 (compatible; MSIE 6.0; Windows NT 5.1; KKman2.0)"
37.139.52.23 - - [30/Aug/2013:00:41:52 +0200] "GET / HTTP/1.1" 200 4185 "http://santexnik-spb.ru/" "Mozilla/4.0 (compatible; MSIE 6.0; Windows NT 5.1; KKman2.0)"
141.8.147.12 - - [30/Aug/2013:00:57:11 +0200] "GET /images/navi_dialyse_a.jpg HTTP/1.1" 304 - "-" "Mozilla/5.0 (compatible; YandexImages/3.0; +http://yandex.com/bots)"
141.8.147.12 - - [30/Aug/2013:01:01:40 +0200] "GET /images/praxis2.jpg HTTP/1.1" 304 - "-" "Mozilla/5.0 (compatible; YandexImages/3.0; +http://yandex.com/bots)"
141.8.147.12 - - [30/Aug/2013:01:21:54 +0200] "GET /images/navi_kontakt_a.jpg HTTP/1.1" 304 - "-" "Mozilla/5.0 (compatible; YandexImages/3.0; +http://yandex.com/bots)"
141.8.147.12 - - [30/Aug/2013:01:37:41 +0200] "GET /images/frame_head2.jpg HTTP/1.1" 304 - "-" "Mozilla/5.0 (compatible; YandexImages/3.0; +http://yandex.com/bots)"
109.120.157.179 - - [30/Aug/2013:01:55:11 +0200] "GET / HTTP/1.1" 200 4185 "http://gomario.ru/" "Mozilla/5.0 (compatible; Add Catalog/2.1;)"
109.120.157.179 - - [30/Aug/2013:01:55:12 +0200] "GET / HTTP/1.1" 200 4185 "http://gomario.ru/" "Mozilla/5.0 (compatible; Add Catalog/2.1;)"
141.8.147.12 - - [30/Aug/2013:02:09:40 +0200] "GET /images/home.jpg HTTP/1.1" 304 - "-" "Mozilla/5.0 (compatible; YandexImages/3.0; +http://yandex.com/bots)"
141.8.147.12 - - [30/Aug/2013:02:37:55 +0200] "GET /images/navi_links_a.jpg HTTP/1.1" 304 - "-" "Mozilla/5.0 (compatible; YandexImages/3.0; +http://yandex.com/bots)"
141.8.147.12 - - [30/Aug/2013:02:39:57 +0200] "GET /images/navi_leistungen_a.jpg HTTP/1.1" 304 - "-" "Mozilla/5.0 (compatible; YandexImages/3.0; +http://yandex.com/bots)"
141.8.147.12 - - [30/Aug/2013:03:13:20 +0200] "GET /images/navi_praxis_a.jpg HTTP/1.1" 304 - "-" "Mozilla/5.0 (compatible; YandexImages/3.0; +http://yandex.com/bots)"
141.8.147.12 - - [30/Aug/2013:03:45:58 +0200] "GET /images/navi_home_a.jpg HTTP/1.1" 304 - "-" "Mozilla/5.0 (compatible; YandexImages/3.0; +http://yandex.com/bots)"
66.249.78.121 - - [30/Aug/2013:05:06:52 +0200] "GET /robots.txt HTTP/1.1" 200 171 "-" "Mozilla/5.0 (compatible; Googlebot/2.1; +http://www.google.com/bot.html)"
66.249.78.121 - - [30/Aug/2013:05:06:52 +0200] "GET /apple-touch-icon-precomposed.png HTTP/1.1" 404 1256 "-" "Googlebot-Image/1.0"
141.8.147.12 - - [30/Aug/2013:06:38:01 +0200] "GET /images/ein_service.jpg HTTP/1.1" 304 - "-" "Mozilla/5.0 (compatible; YandexImages/3.0; +http://yandex.com/bots)"
208.115.113.89 - - [30/Aug/2013:09:16:45 +0200] "GET /robots.txt HTTP/1.1" 200 171 "-" "Mozilla/5.0 (compatible; Ezooms/1.0; ezooms.bot@gmail.com)"
157.55.34.27 - - [30/Aug/2013:09:21:18 +0200] "GET /robots.txt HTTP/1.1" 200 171 "-" "Mozilla/5.0 (compatible; bingbot/2.0; +http://www.bing.com/bingbot.htm)"
157.55.34.27 - - [30/Aug/2013:09:22:35 +0200] "GET / HTTP/1.1" 200 4185 "-" "Mozilla/5.0 (compatible; bingbot/2.0; +http://www.bing.com/bingbot.htm)"
157.56.93.60 - - [30/Aug/2013:09:59:23 +0200] "GET /home.htm HTTP/1.1" 200 1194 "-" "Mozilla/5.0 (compatible; bingbot/2.0; +http://www.bing.com/bingbot.htm)"
208.115.113.89 - - [30/Aug/2013:11:01:36 +0200] "GET /home.htm HTTP/1.1" 200 1194 "-" "Mozilla/5.0 (compatible; Ezooms/1.0; ezooms.bot@gmail.com)"
46.119.118.152 - - [30/Aug/2013:11:08:36 +0200] "GET / HTTP/1.1" 200 4185 "http://seotrast.ru/" "Mozilla/4.0 (compatible; MSIE 6.0; Windows NT 5.1; Maxthon; .NET CLR 1.1.4322)"
46.119.118.152 - - [30/Aug/2013:11:08:36 +0200] "GET / HTTP/1.1" 200 4185 "http://seotrast.ru/" "Mozilla/4.0 (compatible; MSIE 6.0; Windows NT 5.1; Maxthon; .NET CLR 1.1.4322)"
46.119.118.152 - - [30/Aug/2013:11:08:36 +0200] "GET / HTTP/1.1" 200 4185 "http://seotrast.ru/" "Mozilla/4.0 (compatible; MSIE 6.0; Windows NT 5.1; Maxthon; .NET CLR 1.1.4322)"
141.8.147.12 - - [30/Aug/2013:11:34:08 +0200] "GET /robots.txt HTTP/1.1" 200 171 "-" "Mozilla/5.0 (compatible; YandexBot/3.0; +http://yandex.com/bots)"
141.8.147.12 - - [30/Aug/2013:11:34:10 +0200] "GET /images/navi_kontakt_a.jpg HTTP/1.1" 304 - "-" "Mozilla/5.0 (compatible; YandexImages/3.0; +http://yandex.com/bots)"
66.249.78.121 - - [30/Aug/2013:12:26:46 +0200] "GET / HTTP/1.1" 200 4185 "-" "Mozilla/5.0 (compatible; Googlebot/2.1; +http://www.google.com/bot.html)"
141.8.147.12 - - [30/Aug/2013:13:38:08 +0200] "GET /images/navi_links_a.jpg HTTP/1.1" 304 - "-" "Mozilla/5.0 (compatible; YandexImages/3.0; +http://yandex.com/bots)"
141.8.147.12 - - [30/Aug/2013:13:41:10 +0200] "GET /images/ein_service.jpg HTTP/1.1" 304 - "-" "Mozilla/5.0 (compatible; YandexImages/3.0; +http://yandex.com/bots)"
141.8.147.12 - - [30/Aug/2013:13:55:05 +0200] "GET /images/navi_home_a.jpg HTTP/1.1" 304 - "-" "Mozilla/5.0 (compatible; YandexImages/3.0; +http://yandex.com/bots)"
157.55.34.27 - - [30/Aug/2013:14:16:19 +0200] "GET /robots.txt HTTP/1.1" 200 171 "-" "Mozilla/5.0 (compatible; bingbot/2.0; +http://www.bing.com/bingbot.htm)"
157.56.92.163 - - [30/Aug/2013:14:16:48 +0200] "GET /home.htm HTTP/1.1" 200 1194 "-" "Mozilla/5.0 (compatible; bingbot/2.0; +http://www.bing.com/bingbot.htm)"
157.55.34.27 - - [30/Aug/2013:14:17:26 +0200] "GET / HTTP/1.1" 200 4185 "-" "Mozilla/5.0 (compatible; bingbot/2.0; +http://www.bing.com/bingbot.htm)"
157.55.32.75 - - [30/Aug/2013:14:18:25 +0200] "GET /header.htm HTTP/1.1" 200 795 "-" "Mozilla/5.0 (compatible; bingbot/2.0; +http://www.bing.com/bingbot.htm)"
141.8.147.12 - - [30/Aug/2013:14:33:12 +0200] "GET /images/home.jpg HTTP/1.1" 304 - "-" "Mozilla/5.0 (compatible; YandexImages/3.0; +http://yandex.com/bots)"
141.8.147.12 - - [30/Aug/2013:14:35:57 +0200] "GET /images/navi_news_a.jpg HTTP/1.1" 304 - "-" "Mozilla/5.0 (compatible; YandexImages/3.0; +http://yandex.com/bots)"
141.8.147.12 - - [30/Aug/2013:15:05:58 +0200] "GET /images/navi_praxis_a.jpg HTTP/1.1" 304 - "-" "Mozilla/5.0 (compatible; YandexImages/3.0; +http://yandex.com/bots)"
141.8.147.12 - - [30/Aug/2013:15:35:11 +0200] "GET /images/navi_kontakt_a.jpg HTTP/1.1" 304 - "-" "Mozilla/5.0 (compatible; YandexImages/3.0; +http://yandex.com/bots)"
141.8.147.12 - - [30/Aug/2013:16:37:47 +0200] "GET /images/willkommen.gif HTTP/1.1" 304 - "-" "Mozilla/5.0 (compatible; YandexImages/3.0; +http://yandex.com/bots)"
141.8.147.12 - - [30/Aug/2013:16:42:03 +0200] "GET /images/frame_navi2.jpg HTTP/1.1" 304 - "-" "Mozilla/5.0 (compatible; YandexImages/3.0; +http://yandex.com/bots)"
141.8.147.12 - - [30/Aug/2013:16:44:27 +0200] "GET /images/navi_dialyse_a.jpg HTTP/1.1" 304 - "-" "Mozilla/5.0 (compatible; YandexImages/3.0; +http://yandex.com/bots)"
157.56.92.163 - - [30/Aug/2013:17:03:31 +0200] "GET /robots.txt HTTP/1.1" 200 171 "-" "Mozilla/5.0 (compatible; bingbot/2.0; +http://www.bing.com/bingbot.htm)"
157.56.92.163 - - [30/Aug/2013:17:03:59 +0200] "GET /praxis2.htm HTTP/1.1" 200 4257 "-" "Mozilla/5.0 (compatible; bingbot/2.0; +http://www.bing.com/bingbot.htm)"
157.56.92.163 - - [30/Aug/2013:17:04:02 +0200] "GET /home.htm HTTP/1.1" 200 1194 "-" "Mozilla/5.0 (compatible; bingbot/2.0; +http://www.bing.com/bingbot.htm)"
157.55.32.185 - - [30/Aug/2013:17:04:37 +0200] "GET /index.html HTTP/1.1" 200 4185 "-" "Mozilla/5.0 (compatible; bingbot/2.0; +http://www.bing.com/bingbot.htm)"
66.249.78.121 - - [30/Aug/2013:17:08:44 +0200] "GET /robots.txt HTTP/1.1" 200 171 "-" "Mozilla/5.0 (compatible; Googlebot/2.1; +http://www.google.com/bot.html)"
66.249.78.121 - - [30/Aug/2013:17:08:44 +0200] "GET /galerie.htm HTTP/1.1" 200 1826 "-" "Mozilla/5.0 (compatible; Googlebot/2.1; +http://www.google.com/bot.html)"
141.8.147.12 - - [30/Aug/2013:18:08:11 +0200] "GET /images/navi_leistungen_a.jpg HTTP/1.1" 304 - "-" "Mozilla/5.0 (compatible; YandexImages/3.0; +http://yandex.com/bots)"
141.8.147.12 - - [30/Aug/2013:18:12:16 +0200] "GET /images/frame_head2.jpg HTTP/1.1" 304 - "-" "Mozilla/5.0 (compatible; YandexImages/3.0; +http://yandex.com/bots)"
65.55.215.68 - - [30/Aug/2013:18:27:30 +0200] "GET /robots.txt HTTP/1.1" 200 171 "-" "msnbot-media/1.1 (+http://search.msn.com/msnbot.htm)"
65.55.215.68 - - [30/Aug/2013:18:27:30 +0200] "GET /images/navi_leistungen_a.jpg HTTP/1.1" 200 2088 "-" "msnbot-media/1.1 (+http://search.msn.com/msnbot.htm)"
46.118.126.194 - - [30/Aug/2013:18:44:06 +0200] "GET / HTTP/1.1" 200 4185 "http://web-sektor.ru/" "Mozilla/4.0 (compatible; MSIE 6.0; Windows NT 5.1; Maxthon; .NET CLR 1.1.4322)"
46.118.126.194 - - [30/Aug/2013:18:44:06 +0200] "GET / HTTP/1.1" 200 4185 "http://web-sektor.ru/" "Mozilla/4.0 (compatible; MSIE 6.0; Windows NT 5.1; Maxthon; .NET CLR 1.1.4322)"
46.118.126.194 - - [30/Aug/2013:18:44:06 +0200] "GET / HTTP/1.1" 200 4185 "http://web-sektor.ru/" "Mozilla/4.0 (compatible; MSIE 6.0; Windows NT 5.1; Maxthon; .NET CLR 1.1.4322)"
37.115.112.142 - - [30/Aug/2013:18:44:07 +0200] "GET / HTTP/1.1" 200 4185 "http://newcitylife.ru/" "Mozilla/4.0 (compatible; MSIE 6.0; Windows NT 5.1; FREE; .NET CLR 1.1.4322)"
37.115.112.142 - - [30/Aug/2013:18:44:08 +0200] "GET / HTTP/1.1" 200 4185 "http://newcitylife.ru/" "Mozilla/4.0 (compatible; MSIE 6.0; Windows NT 5.1; FREE; .NET CLR 1.1.4322)"
37.115.112.142 - - [30/Aug/2013:18:44:08 +0200] "GET / HTTP/1.1" 200 4185 "http://newcitylife.ru/" "Mozilla/4.0 (compatible; MSIE 6.0; Windows NT 5.1; FREE; .NET CLR 1.1.4322)"
66.249.78.121 - - [30/Aug/2013:19:40:41 +0200] "GET / HTTP/1.1" 200 4185 "-" "Mozilla/5.0 (compatible; Googlebot/2.1; +http://www.google.com/bot.html)"
141.8.147.12 - - [30/Aug/2013:20:18:56 +0200] "GET /images/leistungen1.jpg HTTP/1.1" 304 - "-" "Mozilla/5.0 (compatible; YandexImages/3.0; +http://yandex.com/bots)"
141.8.147.12 - - [30/Aug/2013:20:28:33 +0200] "GET /images/praxis1.jpg HTTP/1.1" 304 - "-" "Mozilla/5.0 (compatible; YandexImages/3.0; +http://yandex.com/bots)"
141.8.147.12 - - [30/Aug/2013:20:43:28 +0200] "GET /images/praxis2.jpg HTTP/1.1" 304 - "-" "Mozilla/5.0 (compatible; YandexImages/3.0; +http://yandex.com/bots)"
141.8.147.12 - - [30/Aug/2013:22:47:36 +0200] "GET /images/praxis2.jpg HTTP/1.1" 304 - "-" "Mozilla/5.0 (compatible; YandexImages/3.0; +http://yandex.com/bots)"
141.8.147.12 - - [30/Aug/2013:23:02:42 +0200] "GET /images/ein_service.jpg HTTP/1.1" 304 - "-" "Mozilla/5.0 (compatible; YandexImages/3.0; +http://yandex.com/bots)"
141.8.147.12 - - [30/Aug/2013:23:15:41 +0200] "GET /images/navi_dialyse_a.jpg HTTP/1.1" 304 - "-" "Mozilla/5.0 (compatible; YandexImages/3.0; +http://yandex.com/bots)"
66.249.78.121 - - [30/Aug/2013:23:42:27 +0200] "GET / HTTP/1.1" 200 4185 "-" "Mozilla/5.0 (iPhone; U; CPU iPhone OS 4_1 like Mac OS X; en-us) AppleWebKit/532.9 (KHTML, like Gecko) Version/4.0.5 Mobile/8B117 Safari/6531.22.7 (compatible; Googlebot-Mobile/2.1; +http://www.google.com/bot.html)"
141.8.147.12 - - [30/Aug/2013:23:51:04 +0200] "GET /robots.txt HTTP/1.1" 200 171 "-" "Mozilla/5.0 (compatible; YandexBot/3.0; +http://yandex.com/bots)"
141.8.147.12 - - [30/Aug/2013:23:51:07 +0200] "GET /images/navi_news_a.jpg HTTP/1.1" 304 - "-" "Mozilla/5.0 (compatible; YandexImages/3.0; +http://yandex.com/bots)"
141.8.147.12 - - [31/Aug/2013:00:29:45 +0200] "GET /images/navi_kontakt_a.jpg HTTP/1.1" 304 - "-" "Mozilla/5.0 (compatible; YandexImages/3.0; +http://yandex.com/bots)"
141.8.147.12 - - [31/Aug/2013:00:49:08 +0200] "GET /images/navi_leistungen_a.jpg HTTP/1.1" 304 - "-" "Mozilla/5.0 (compatible; YandexImages/3.0; +http://yandex.com/bots)"
141.8.147.12 - - [31/Aug/2013:02:02:55 +0200] "GET /images/navi_home_a.jpg HTTP/1.1" 304 - "-" "Mozilla/5.0 (compatible; YandexImages/3.0; +http://yandex.com/bots)"
141.8.147.12 - - [31/Aug/2013:02:50:10 +0200] "GET /images/frame_navi2.jpg HTTP/1.1" 304 - "-" "Mozilla/5.0 (compatible; YandexImages/3.0; +http://yandex.com/bots)"
141.8.147.12 - - [31/Aug/2013:03:02:13 +0200] "GET /images/praxis1.jpg HTTP/1.1" 304 - "-" "Mozilla/5.0 (compatible; YandexImages/3.0; +http://yandex.com/bots)"
141.8.147.12 - - [31/Aug/2013:03:03:35 +0200] "GET /images/navi_praxis_a.jpg HTTP/1.1" 304 - "-" "Mozilla/5.0 (compatible; YandexImages/3.0; +http://yandex.com/bots)"
141.8.147.12 - - [31/Aug/2013:03:19:34 +0200] "GET /images/leistungen1.jpg HTTP/1.1" 304 - "-" "Mozilla/5.0 (compatible; YandexImages/3.0; +http://yandex.com/bots)"
157.55.32.185 - - [31/Aug/2013:03:36:58 +0200] "GET /robots.txt HTTP/1.1" 200 171 "-" "Mozilla/5.0 (compatible; bingbot/2.0; +http://www.bing.com/bingbot.htm)"
91.207.9.226 - - [31/Aug/2013:03:37:17 +0200] "GET / HTTP/1.1" 200 4185 "http://mikaera.com/" "Mozilla/4.0 (compatible; MSIE 6.0; Windows NT 5.0)"
91.207.9.226 - - [31/Aug/2013:03:37:17 +0200] "GET / HTTP/1.1" 200 4185 "http://mikaera.com/" "Mozilla/4.0 (compatible; MSIE 6.0; Windows NT 5.0)"
91.207.9.226 - - [31/Aug/2013:03:37:18 +0200] "GET / HTTP/1.1" 200 4185 "http://mikaera.com/" "Mozilla/4.0 (compatible; MSIE 6.0; Windows NT 5.0)"
157.55.32.185 - - [31/Aug/2013:03:37:35 +0200] "GET /index.html HTTP/1.1" 200 4185 "-" "Mozilla/5.0 (compatible; bingbot/2.0; +http://www.bing.com/bingbot.htm)"
157.55.34.35 - - [31/Aug/2013:03:59:16 +0200] "GET /home.htm HTTP/1.1" 200 1194 "-" "Mozilla/5.0 (compatible; bingbot/2.0; +http://www.bing.com/bingbot.htm)"
199.30.16.19 - - [31/Aug/2013:04:02:36 +0200] "GET /robots.txt HTTP/1.1" 200 171 "-" "msnbot-media/1.1 (+http://search.msn.com/msnbot.htm)"
199.30.16.19 - - [31/Aug/2013:04:02:37 +0200] "GET /images/navi_news_a.jpg HTTP/1.1" 200 1809 "-" "msnbot-media/1.1 (+http://search.msn.com/msnbot.htm)"
141.8.147.12 - - [31/Aug/2013:04:17:32 +0200] "GET /images/frame_head2.jpg HTTP/1.1" 304 - "-" "Mozilla/5.0 (compatible; YandexImages/3.0; +http://yandex.com/bots)"
141.8.147.12 - - [31/Aug/2013:04:42:02 +0200] "GET /images/navi_links_a.jpg HTTP/1.1" 304 - "-" "Mozilla/5.0 (compatible; YandexImages/3.0; +http://yandex.com/bots)"
141.8.147.12 - - [31/Aug/2013:05:28:22 +0200] "GET /images/home.jpg HTTP/1.1" 304 - "-" "Mozilla/5.0 (compatible; YandexImages/3.0; +http://yandex.com/bots)"
141.8.147.12 - - [31/Aug/2013:05:56:11 +0200] "GET / HTTP/1.1" 200 4185 "-" "Mozilla/5.0 (compatible; YandexBot/3.0; +http://yandex.com/bots)"
141.8.147.12 - - [31/Aug/2013:05:56:13 +0200] "GET /leer.htm HTTP/1.1" 200 172 "-" "Mozilla/5.0 (compatible; YandexBot/3.0; +http://yandex.com/bots)"
141.8.147.12 - - [31/Aug/2013:05:56:15 +0200] "GET /images/willkommen.gif HTTP/1.1" 304 - "-" "Mozilla/5.0 (compatible; YandexImages/3.0; +http://yandex.com/bots)"
141.8.147.12 - - [31/Aug/2013:05:56:17 +0200] "GET /header.htm HTTP/1.1" 200 795 "-" "Mozilla/5.0 (compatible; YandexBot/3.0; +http://yandex.com/bots)"
141.8.147.12 - - [31/Aug/2013:07:23:00 +0200] "GET /images/navi_home_a.jpg HTTP/1.1" 304 - "-" "Mozilla/5.0 (compatible; YandexImages/3.0; +http://yandex.com/bots)"
141.8.147.12 - - [31/Aug/2013:07:42:20 +0200] "GET /images/navi_praxis_a.jpg HTTP/1.1" 304 - "-" "Mozilla/5.0 (compatible; YandexImages/3.0; +http://yandex.com/bots)"
141.8.147.12 - - [31/Aug/2013:08:22:22 +0200] "GET /images/navi_news_a.jpg HTTP/1.1" 304 - "-" "Mozilla/5.0 (compatible; YandexImages/3.0; +http://yandex.com/bots)"
141.8.147.12 - - [31/Aug/2013:08:32:02 +0200] "GET /images/navi_links_a.jpg HTTP/1.1" 304 - "-" "Mozilla/5.0 (compatible; YandexImages/3.0; +http://yandex.com/bots)"
141.8.147.12 - - [31/Aug/2013:08:43:01 +0200] "GET /images/ein_service.jpg HTTP/1.1" 304 - "-" "Mozilla/5.0 (compatible; YandexImages/3.0; +http://yandex.com/bots)"
141.8.147.12 - - [31/Aug/2013:09:21:34 +0200] "GET /images/leistungen1.jpg HTTP/1.1" 304 - "-" "Mozilla/5.0 (compatible; YandexImages/3.0; +http://yandex.com/bots)"
91.207.9.226 - - [31/Aug/2013:09:48:21 +0200] "GET / HTTP/1.1" 200 4185 "http://viktoria-center.ru/" "Mozilla/4.0 (compatible; MSIE 6.0; Windows NT 5.1)"
91.207.9.226 - - [31/Aug/2013:09:48:21 +0200] "GET / HTTP/1.1" 200 4185 "http://viktoria-center.ru/" "Mozilla/4.0 (compatible; MSIE 6.0; Windows NT 5.1)"
91.207.9.226 - - [31/Aug/2013:09:48:22 +0200] "GET / HTTP/1.1" 200 4185 "http://viktoria-center.ru/" "Mozilla/4.0 (compatible; MSIE 6.0; Windows NT 5.1)"
141.8.147.12 - - [31/Aug/2013:11:34:09 +0200] "GET /images/navi_dialyse_a.jpg HTTP/1.1" 304 - "-" "Mozilla/5.0 (compatible; YandexImages/3.0; +http://yandex.com/bots)"
144.76.42.76 - - [31/Aug/2013:11:38:38 +0200] "GET / HTTP/1.1" 200 4185 "-" "Mozilla/5.0 (Macintosh; Intel Mac OS X 10_8_2) AppleWebKit/537.17 (KHTML, like Gecko) Chrome/24.0.1312.52 Safari/537.17"
144.76.42.76 - - [31/Aug/2013:11:38:38 +0200] "GET /leer.htm HTTP/1.1" 200 172 "-" "Mozilla/5.0 (Macintosh; Intel Mac OS X 10_8_2) AppleWebKit/537.17 (KHTML, like Gecko) Chrome/24.0.1312.52 Safari/537.17"
141.8.147.12 - - [31/Aug/2013:12:05:15 +0200] "GET /robots.txt HTTP/1.1" 200 171 "-" "Mozilla/5.0 (compatible; YandexBot/3.0; +http://yandex.com/bots)"
141.8.147.12 - - [31/Aug/2013:12:05:17 +0200] "GET /images/praxis1.jpg HTTP/1.1" 304 - "-" "Mozilla/5.0 (compatible; YandexImages/3.0; +http://yandex.com/bots)"
193.106.136.59 - - [31/Aug/2013:12:05:33 +0200] "GET / HTTP/1.1" 200 4185 "http://koloid.ru/" "Mozilla/3.0 (x86 [en] Windows NT 5.1; Sun)"
193.106.136.59 - - [31/Aug/2013:12:05:34 +0200] "GET / HTTP/1.1" 200 4185 "http://koloid.ru/" "Mozilla/3.0 (x86 [en] Windows NT 5.1; Sun)"
193.106.136.59 - - [31/Aug/2013:12:05:34 +0200] "GET / HTTP/1.1" 200 4185 "http://koloid.ru/" "Mozilla/3.0 (x86 [en] Windows NT 5.1; Sun)"
141.8.147.12 - - [31/Aug/2013:12:10:43 +0200] "GET /images/home.jpg HTTP/1.1" 304 - "-" "Mozilla/5.0 (compatible; YandexImages/3.0; +http://yandex.com/bots)"
141.8.147.12 - - [31/Aug/2013:12:48:58 +0200] "GET /images/willkommen.gif HTTP/1.1" 304 - "-" "Mozilla/5.0 (compatible; YandexImages/3.0; +http://yandex.com/bots)"
141.8.147.12 - - [31/Aug/2013:13:12:37 +0200] "GET /images/navi_kontakt_a.jpg HTTP/1.1" 304 - "-" "Mozilla/5.0 (compatible; YandexImages/3.0; +http://yandex.com/bots)"
141.8.147.12 - - [31/Aug/2013:13:19:47 +0200] "GET /images/frame_navi2.jpg HTTP/1.1" 304 - "-" "Mozilla/5.0 (compatible; YandexImages/3.0; +http://yandex.com/bots)"
141.8.147.12 - - [31/Aug/2013:13:46:52 +0200] "GET /images/frame_head2.jpg HTTP/1.1" 304 - "-" "Mozilla/5.0 (compatible; YandexImages/3.0; +http://yandex.com/bots)"
141.8.147.12 - - [31/Aug/2013:13:56:46 +0200] "GET /images/praxis2.jpg HTTP/1.1" 304 - "-" "Mozilla/5.0 (compatible; YandexImages/3.0; +http://yandex.com/bots)"
65.55.52.117 - - [31/Aug/2013:14:02:00 +0200] "GET /robots.txt HTTP/1.1" 200 171 "-" "Mozilla/5.0 (compatible; bingbot/2.0; +http://www.bing.com/bingbot.htm)"
157.55.32.89 - - [31/Aug/2013:14:03:08 +0200] "GET /home.htm HTTP/1.1" 200 1194 "-" "Mozilla/5.0 (compatible; bingbot/2.0; +http://www.bing.com/bingbot.htm)"
141.8.147.12 - - [31/Aug/2013:14:03:45 +0200] "GET /images/navi_leistungen_a.jpg HTTP/1.1" 304 - "-" "Mozilla/5.0 (compatible; YandexImages/3.0; +http://yandex.com/bots)"
65.55.52.117 - - [31/Aug/2013:14:04:08 +0200] "GET / HTTP/1.1" 200 4185 "-" "Mozilla/5.0 (compatible; bingbot/2.0; +http://www.bing.com/bingbot.htm)"
65.55.52.117 - - [31/Aug/2013:14:04:19 +0200] "GET /leer.htm HTTP/1.1" 200 172 "-" "Mozilla/5.0 (compatible; bingbot/2.0; +http://www.bing.com/bingbot.htm)"
141.8.147.12 - - [31/Aug/2013:15:03:59 +0200] "GET /images/navi_kontakt_a.jpg HTTP/1.1" 304 - "-" "Mozilla/5.0 (compatible; YandexImages/3.0; +http://yandex.com/bots)"
178.255.215.66 - - [31/Aug/2013:15:36:01 +0200] "GET /robots.txt HTTP/1.1" 200 171 "-" "Mozilla/5.0 (compatible; Exabot/3.0; +http://www.exabot.com/go/robot)"
178.255.215.66 - - [31/Aug/2013:15:36:01 +0200] "GET / HTTP/1.1" 304 - "-" "Mozilla/5.0 (compatible; Exabot/3.0; +http://www.exabot.com/go/robot)"
141.8.147.12 - - [31/Aug/2013:16:56:12 +0200] "GET /images/ein_service.jpg HTTP/1.1" 304 - "-" "Mozilla/5.0 (compatible; YandexImages/3.0; +http://yandex.com/bots)"
37.115.112.142 - - [31/Aug/2013:17:23:22 +0200] "GET / HTTP/1.1" 200 4185 "http://dneprshop.com.ua/" "Mozilla/4.0 (compatible; MSIE 6.0; AOL 9.0; Windows NT 5.1)"
37.115.112.142 - - [31/Aug/2013:17:23:22 +0200] "GET / HTTP/1.1" 200 4185 "http://dneprshop.com.ua/" "Mozilla/4.0 (compatible; MSIE 6.0; AOL 9.0; Windows NT 5.1)"
37.115.112.142 - - [31/Aug/2013:17:23:23 +0200] "GET / HTTP/1.1" 200 4185 "http://dneprshop.com.ua/" "Mozilla/4.0 (compatible; MSIE 6.0; AOL 9.0; Windows NT 5.1)"
213.110.133.221 - - [31/Aug/2013:20:43:27 +0200] "GET / HTTP/1.1" 200 4185 "http://ralmeone.com/" "Mozilla/4.0 (compatible; Blog Search;)"
213.110.133.221 - - [31/Aug/2013:20:43:28 +0200] "GET / HTTP/1.1" 200 4185 "http://ralmeone.com/" "Mozilla/4.0 (compatible; Blog Search;)"
85.25.120.69 - - [31/Aug/2013:21:34:30 +0200] "GET /robots.txt HTTP/1.1" 200 171 "-" "Mozilla/5.0 (X11; U; Linux i686; de; rv:1.9.0.1; compatible; iCjobs Stellenangebote Jobs; http://www.icjobs.de) Gecko/20100401 iCjobs/3.2.3"
85.25.120.69 - - [31/Aug/2013:21:34:30 +0200] "GET / HTTP/1.1" 200 4185 "-" "Mozilla/5.0 (X11; U; Linux i686; de; rv:1.9.0.1; compatible; iCjobs Stellenangebote Jobs; http://www.icjobs.de) Gecko/20100401 iCjobs/3.2.3"
85.25.120.69 - - [31/Aug/2013:21:34:31 +0200] "GET / HTTP/1.1" 200 4185 "-" "Mozilla/5.0 (X11; U; Linux i686; de; rv:1.9.0.1; compatible; iCjobs Stellenangebote Jobs; http://www.icjobs.de) Gecko/20100401 iCjobs/3.2.3"
85.25.120.69 - - [31/Aug/2013:21:34:31 +0200] "GET /leer.htm HTTP/1.1" 200 172 "-" "Mozilla/5.0 (X11; U; Linux i686; de; rv:1.9.0.1; compatible; iCjobs Stellenangebote Jobs; http://www.icjobs.de) Gecko/20100401 iCjobs/3.2.3"
85.25.120.69 - - [31/Aug/2013:21:34:31 +0200] "GET /header.htm HTTP/1.1" 200 795 "-" "Mozilla/5.0 (X11; U; Linux i686; de; rv:1.9.0.1; compatible; iCjobs Stellenangebote Jobs; http://www.icjobs.de) Gecko/20100401 iCjobs/3.2.3"
85.25.120.69 - - [31/Aug/2013:21:34:32 +0200] "GET /navi.htm HTTP/1.1" 200 4594 "-" "Mozilla/5.0 (X11; U; Linux i686; de; rv:1.9.0.1; compatible; iCjobs Stellenangebote Jobs; http://www.icjobs.de) Gecko/20100401 iCjobs/3.2.3"
85.25.120.69 - - [31/Aug/2013:21:34:40 +0200] "GET /home.htm HTTP/1.1" 200 1194 "-" "Mozilla/5.0 (X11; U; Linux i686; de; rv:1.9.0.1; compatible; iCjobs Stellenangebote Jobs; http://www.icjobs.de) Gecko/20100401 iCjobs/3.2.3"
85.25.120.69 - - [31/Aug/2013:21:34:44 +0200] "GET /parent.frames[\\ HTTP/1.1" 404 1256 "-" "Mozilla/5.0 (X11; U; Linux i686; de; rv:1.9.0.1; compatible; iCjobs Stellenangebote Jobs; http://www.icjobs.de) Gecko/20100401 iCjobs/3.2.3"
85.25.120.69 - - [31/Aug/2013:21:34:44 +0200] "GET /news-extern.htm HTTP/1.1" 200 560 "-" "Mozilla/5.0 (X11; U; Linux i686; de; rv:1.9.0.1; compatible; iCjobs Stellenangebote Jobs; http://www.icjobs.de) Gecko/20100401 iCjobs/3.2.3"
85.25.120.69 - - [31/Aug/2013:21:34:46 +0200] "GET /praxis.htm HTTP/1.1" 200 2232 "-" "Mozilla/5.0 (X11; U; Linux i686; de; rv:1.9.0.1; compatible; iCjobs Stellenangebote Jobs; http://www.icjobs.de) Gecko/20100401 iCjobs/3.2.3"
85.25.120.69 - - [31/Aug/2013:21:34:49 +0200] "GET /leistungen.htm HTTP/1.1" 200 1228 "-" "Mozilla/5.0 (X11; U; Linux i686; de; rv:1.9.0.1; compatible; iCjobs Stellenangebote Jobs; http://www.icjobs.de) Gecko/20100401 iCjobs/3.2.3"
85.25.120.69 - - [31/Aug/2013:21:34:50 +0200] "GET /praxis2.htm HTTP/1.1" 200 4257 "-" "Mozilla/5.0 (X11; U; Linux i686; de; rv:1.9.0.1; compatible; iCjobs Stellenangebote Jobs; http://www.icjobs.de) Gecko/20100401 iCjobs/3.2.3"
46.119.118.152 - - [31/Aug/2013:22:20:23 +0200] "GET / HTTP/1.1" 200 4185 "http://narkozavisimosti-lechenie.ru/" "Mozilla/4.0 (compatible; MSIE 6.0; Windows NT 5.1; Maxthon; .NET CLR 1.1.4322)"
46.119.118.152 - - [31/Aug/2013:22:20:23 +0200] "GET / HTTP/1.1" 200 4185 "http://www.bravica.tw/ru/" "Mozilla/4.0 (compatible; MSIE 6.0; Windows NT 5.1; Maxthon; .NET CLR 1.1.4322)"
46.119.118.152 - - [31/Aug/2013:22:20:23 +0200] "GET / HTTP/1.1" 200 4185 "http://narkozavisimosti-lechenie.ru/" "Mozilla/4.0 (compatible; MSIE 6.0; Windows NT 5.1; Maxthon; .NET CLR 1.1.4322)"
46.119.118.152 - - [31/Aug/2013:22:20:23 +0200] "GET / HTTP/1.1" 200 4185 "http://www.bravica.tw/ru/" "Mozilla/4.0 (compatible; MSIE 6.0; Windows NT 5.1; Maxthon; .NET CLR 1.1.4322)"
46.119.118.152 - - [31/Aug/2013:22:20:23 +0200] "GET / HTTP/1.1" 200 4185 "http://narkozavisimosti-lechenie.ru/" "Mozilla/4.0 (compatible; MSIE 6.0; Windows NT 5.1; Maxthon; .NET CLR 1.1.4322)"
46.119.118.152 - - [31/Aug/2013:22:20:24 +0200] "GET / HTTP/1.1" 200 4185 "http://www.bravica.tw/ru/" "Mozilla/4.0 (compatible; MSIE 6.0; Windows NT 5.1; Maxthon; .NET CLR 1.1.4322)"