141.8.147.12 - - [25/Aug/2013:10:03:18 +0200] "GET /images/navi_links_a.jpg HTTP/1.1" 304 - "-" "Mozilla/5.0 (compatible; YandexImages/3.0; +http://yandex.com/bots)"
157.56.93.38 - - [25/Aug/2013:10:30:37 +0200] "GET /robots.txt HTTP/1.1" 200 171 "-" "Mozilla/5.0 (compatible; bingbot/2.0; +http://www.bing.com/bingbot.htm)"
141.8.147.12 - - [25/Aug/2013:10:31:17 +0200] "GET /images/navi_home_a.jpg HTTP/1.1" 304 - "-" "Mozilla/5.0 (compatible; YandexImages/3.0; +http://yandex.com/bots)"
157.56.93.38 - - [25/Aug/2013:10:31:25 +0200] "GET / HTTP/1.1" 200 4185 "-" "Mozilla/5.0 (compatible; bingbot/2.0; +http://www.bing.com/bingbot.htm)"
157.56.93.38 - - [25/Aug/2013:10:31:26 +0200] "GET /home.htm HTTP/1.1" 200 1194 "-" "Mozilla/5.0 (compatible; bingbot/2.0; +http://www.bing.com/bingbot.htm)"
157.55.35.87 - - [25/Aug/2013:10:32:18 +0200] "GET /navi.htm HTTP/1.1" 200 4594 "-" "Mozilla/5.0 (compatible; bingbot/2.0; +http://www.bing.com/bingbot.htm)"
157.55.35.87 - - [25/Aug/2013:10:43:18 +0200] "GET /navi.htm HTTP/1.1" 200 4594 "-" "Mozilla/5.0 (compatible; bingbot/2.0; +http://www.bing.com/bingbot.htm)"
208.115.111.73 - - [25/Aug/2013:11:06:12 +0200] "GET /robots.txt HTTP/1.1" 200 171 "-" "Mozilla/5.0 (compatible; Ezooms/1.0; ezooms.bot@gmail.com)"
157.55.34.171 - - [25/Aug/2013:11:29:01 +0200] "GET /robots.txt HTTP/1.1" 200 171 "-" "Mozilla/5.0 (compatible; bingbot/2.0; +http://www.bing.com/bingbot.htm)"
157.56.93.38 - - [25/Aug/2013:11:29:01 +0200] "GET /robots.txt HTTP/1.1" 200 171 "-" "Mozilla/5.0 (compatible; bingbot/2.0; +http://www.bing.com/bingbot.htm)"
157.56.93.38 - - [25/Aug/2013:11:30:03 +0200] "GET /home.htm HTTP/1.1" 200 1194 "-" "Mozilla/5.0 (compatible; bingbot/2.0; +http://www.bing.com/bingbot.htm)"
157.55.34.171 - - [25/Aug/2013:11:30:21 +0200] "GET / HTTP/1.1" 200 4185 "-" "Mozilla/5.0 (compatible; bingbot/2.0; +http://www.bing.com/bingbot.htm)"
208.115.111.73 - - [25/Aug/2013:12:44:42 +0200] "GET /praxis.htm HTTP/1.1" 200 2232 "-" "Mozilla/5.0 (compatible; Ezooms/1.0; ezooms.bot@gmail.com)"
65.55.24.237 - - [25/Aug/2013:13:39:24 +0200] "GET /robots.txt HTTP/1.1" 200 171 "-" "Mozilla/5.0 (compatible; bingbot/2.0; +http://www.bing.com/bingbot.htm)"
65.55.24.237 - - [25/Aug/2013:13:40:03 +0200] "GET / HTTP/1.1" 200 4185 "-" "Mozilla/5.0 (compatible; bingbot/2.0; +http://www.bing.com/bingbot.htm)"
141.8.147.12 - - [25/Aug/2013:14:27:49 +0200] "GET /images/home.jpg HTTP/1.1" 304 - "-" "Mozilla/5.0 (compatible; YandexImages/3.0; +http://yandex.com/bots)"
141.8.147.12 - - [25/Aug/2013:14:41:15 +0200] "GET /images/praxis1.jpg HTTP/1.1" 304 - "-" "Mozilla/5.0 (compatible; YandexImages/3.0; +http://yandex.com/bots)"
109.120.157.179 - - [25/Aug/2013:14:57:45 +0200] "GET / HTTP/1.1" 200 4185 "http://sovetogorod.ru/" "Mozilla/5.0 (compatible; Add Catalog/2.1;)"
109.120.157.179 - - [25/Aug/2013:14:57:46 +0200] "GET / HTTP/1.1" 200 4185 "http://sovetogorod.ru/" "Mozilla/5.0 (compatible; Add Catalog/2.1;)"
141.8.147.12 - - [25/Aug/2013:15:13:38 +0200] "GET /images/praxis2.jpg HTTP/1.1" 304 - "-" "Mozilla/5.0 (compatible; YandexImages/3.0; +http://yandex.com/bots)"
66.249.78.121 - - [25/Aug/2013:16:22:52 +0200] "GET /robots.txt HTTP/1.1" 200 171 "-" "Mozilla/5.0 (compatible; Googlebot/2.1; +http://www.google.com/bot.html)"
66.249.78.121 - - [25/Aug/2013:16:22:52 +0200] "GET / HTTP/1.1" 200 4185 "-" "Mozilla/5.0 (compatible; Googlebot/2.1; +http://www.google.com/bot.html)"
141.8.147.12 - - [25/Aug/2013:16:57:12 +0200] "GET /robots.txt HTTP/1.1" 200 171 "-" "Mozilla/5.0 (compatible; YandexBot/3.0; +http://yandex.com/bots)"
141.8.147.12 - - [25/Aug/2013:16:57:14 +0200] "GET /images/leistungen1.jpg HTTP/1.1" 304 - "-" "Mozilla/5.0 (compatible; YandexImages/3.0; +http://yandex.com/bots)"
141.8.147.12 - - [25/Aug/2013:17:14:16 +0200] "GET /images/willkommen.gif HTTP/1.1" 304 - "-" "Mozilla/5.0 (compatible; YandexImages/3.0; +http://yandex.com/bots)"
178.137.128.238 - - [25/Aug/2013:17:50:39 +0200] "GET / HTTP/1.1" 200 4185 "http://prikoly.ws/" "Mozilla/4.0 (compatible; MSIE 7.0b; Windows NT 6.0 ; .NET CLR 2.0.50215; SL Commerce Client v1.0; Tablet PC 2.0"
178.137.128.238 - - [25/Aug/2013:17:50:40 +0200] "GET / HTTP/1.1" 200 4185 "http://prikoly.ws/" "Mozilla/4.0 (compatible; MSIE 7.0b; Windows NT 6.0 ; .NET CLR 2.0.50215; SL Commerce Client v1.0; Tablet PC 2.0"
178.137.128.238 - - [25/Aug/2013:17:50:40 +0200] "GET / HTTP/1.1" 200 4185 "http://prikoly.ws/" "Mozilla/4.0 (compatible; MSIE 7.0b; Windows NT 6.0 ; .NET CLR 2.0.50215; SL Commerce Client v1.0; Tablet PC 2.0"
46.118.126.194 - - [25/Aug/2013:18:25:30 +0200] "GET / HTTP/1.1" 200 4185 "http://web-sektor.ru/" "Mozilla/4.0 (compatible; MSIE 6.0; Windows NT 5.1; Maxthon; .NET CLR 1.1.4322)"
46.118.126.194 - - [25/Aug/2013:18:25:30 +0200] "GET / HTTP/1.1" 200 4185 "http://web-sektor.ru/" "Mozilla/4.0 (compatible; MSIE 6.0; Windows NT 5.1; Maxthon; .NET CLR 1.1.4322)"
46.118.126.194 - - [25/Aug/2013:18:25:31 +0200] "GET / HTTP/1.1" 200 4185 "http://web-sektor.ru/" "Mozilla/4.0 (compatible; MSIE 6.0; Windows NT 5.1; Maxthon; .NET CLR 1.1.4322)"
141.8.147.12 - - [25/Aug/2013:18:33:25 +0200] "GET /images/leistungen1.jpg HTTP/1.1" 304 - "-" "Mozilla/5.0 (compatible; YandexImages/3.0; +http://yandex.com/bots)"
141.8.147.12 - - [25/Aug/2013:19:48:35 +0200] "GET /images/praxis2.jpg HTTP/1.1" 304 - "-" "Mozilla/5.0 (compatible; YandexImages/3.0; +http://yandex.com/bots)"
46.119.118.152 - - [25/Aug/2013:21:52:13 +0200] "GET / HTTP/1.1" 200 4185 "http://www.bravica.com/ru/" "Mozilla/4.0 (compatible; MSIE 6.0; Windows NT 5.1; Maxthon; .NET CLR 1.1.4322)"
46.119.118.152 - - [25/Aug/2013:21:52:13 +0200] "GET / HTTP/1.1" 200 4185 "http://narkologicheskaya-bolnica.ru/" "Mozilla/4.0 (compatible; MSIE 6.0; Windows NT 5.1; Maxthon; .NET CLR 1.1.4322)"
46.119.118.152 - - [25/Aug/2013:21:52:14 +0200] "GET / HTTP/1.1" 200 4185 "http://www.bravica.com/ru/" "Mozilla/4.0 (compatible; MSIE 6.0; Windows NT 5.1; Maxthon; .NET CLR 1.1.4322)"
46.119.118.152 - - [25/Aug/2013:21:52:14 +0200] "GET / HTTP/1.1" 200 4185 "http://narkologicheskaya-bolnica.ru/" "Mozilla/4.0 (compatible; MSIE 6.0; Windows NT 5.1; Maxthon; .NET CLR 1.1.4322)"
46.119.118.152 - - [25/Aug/2013:21:52:14 +0200] "GET / HTTP/1.1" 200 4185 "http://www.bravica.com/ru/" "Mozilla/4.0 (compatible; MSIE 6.0; Windows NT 5.1; Maxthon; .NET CLR 1.1.4322)"
46.119.118.152 - - [25/Aug/2013:21:52:14 +0200] "GET / HTTP/1.1" 200 4185 "http://narkologicheskaya-bolnica.ru/" "Mozilla/4.0 (compatible; MSIE 6.0; Windows NT 5.1; Maxthon; .NET CLR 1.1.4322)"
141.8.147.12 - - [25/Aug/2013:22:29:34 +0200] "GET /images/praxis1.jpg HTTP/1.1" 304 - "-" "Mozilla/5.0 (compatible; YandexImages/3.0; +http://yandex.com/bots)"
141.8.147.12 - - [25/Aug/2013:22:31:00 +0200] "GET /images/willkommen.gif HTTP/1.1" 304 - "-" "Mozilla/5.0 (compatible; YandexImages/3.0; +http://yandex.com/bots)"
141.8.147.12 - - [25/Aug/2013:23:00:35 +0200] "GET /images/home.jpg HTTP/1.1" 304 - "-" "Mozilla/5.0 (compatible; YandexImages/3.0; +http://yandex.com/bots)"
157.55.32.116 - - [26/Aug/2013:00:12:52 +0200] "GET /robots.txt HTTP/1.1" 200 171 "-" "Mozilla/5.0 (compatible; bingbot/2.0; +http://www.bing.com/bingbot.htm)"
65.55.24.237 - - [26/Aug/2013:00:13:32 +0200] "GET / HTTP/1.1" 200 4185 "-" "Mozilla/5.0 (compatible; bingbot/2.0; +http://www.bing.com/bingbot.htm)"
157.55.32.116 - - [26/Aug/2013:00:16:53 +0200] "GET /home.htm HTTP/1.1" 200 1194 "-" "Mozilla/5.0 (compatible; bingbot/2.0; +http://www.bing.com/bingbot.htm)"
65.55.24.237 - - [26/Aug/2013:01:01:01 +0200] "GET / HTTP/1.1" 200 4185 "-" "Mozilla/5.0 (compatible; bingbot/2.0; +http://www.bing.com/bingbot.htm)"
66.249.78.121 - - [26/Aug/2013:01:43:29 +0200] "GET / HTTP/1.1" 200 4185 "-" "Mozilla/5.0 (iPhone; U; CPU iPhone OS 4_1 like Mac OS X; en-us) AppleWebKit/532.9 (KHTML, like Gecko) Version/4.0.5 Mobile/8B117 Safari/6531.22.7 (compatible; Googlebot-Mobile/2.1; +http://www.google.com/bot.html)"
141.8.147.12 - - [26/Aug/2013:05:28:08 +0200] "GET /robots.txt HTTP/1.1" 200 171 "-" "Mozilla/5.0 (compatible; YandexBot/3.0; +http://yandex.com/bots)"
141.8.147.12 - - [26/Aug/2013:05:28:10 +0200] "GET /images/navi_kontakt_a.jpg HTTP/1.1" 304 - "-" "Mozilla/5.0 (compatible; YandexImages/3.0; +http://yandex.com/bots)"
213.110.133.221 - - [26/Aug/2013:05:28:14 +0200] "GET / HTTP/1.1" 200 4185 "http://berknedmol.ya.ru/replies.xml?item_no=61" "Mozilla/4.0 (compatible; Blog Search;)"
213.110.133.221 - - [26/Aug/2013:05:28:15 +0200] "GET / HTTP/1.1" 200 4185 "http://berknedmol.ya.ru/replies.xml?item_no=61" "Mozilla/4.0 (compatible; Blog Search;)"
79.221.168.145 - - [26/Aug/2013:07:34:40 +0200] "GET / HTTP/1.1" 200 4185 "http://www.google.de/url?sa=t&rct=j&q=&esrc=s&frm=1&source=web&cd=1&ved=0CDgQFjAA&url=http%3A%2F%2Fwww.dialyse-schoenebeck.de%2F&ei=hugaUqm3EMjRtQaNm4DQBg&usg=AFQjCNFqqiy5BnFbbbTXBriUiqZc0qhF6g&bvm=bv.51156542,d.Yms" "Mozilla/5.0 (compatible; MSIE 10.0; Windows NT 6.1; Trident/6.0)"
79.221.168.145 - - [26/Aug/2013:07:34:40 +0200] "GET /leer.htm HTTP/1.1" 200 172 "http://www.dialyse-schoenebeck.de/" "Mozilla/5.0 (compatible; MSIE 10.0; Windows NT 6.1; Trident/6.0)"
79.221.168.145 - - [26/Aug/2013:07:34:40 +0200] "GET /leer.htm HTTP/1.1" 200 172 "http://www.dialyse-schoenebeck.de/" "Mozilla/5.0 (compatible; MSIE 10.0; Windows NT 6.1; Trident/6.0)"
79.221.168.145 - - [26/Aug/2013:07:34:40 +0200] "GET /leer.htm HTTP/1.1" 200 172 "http://www.dialyse-schoenebeck.de/" "Mozilla/5.0 (compatible; MSIE 10.0; Windows NT 6.1; Trident/6.0)"
79.221.168.145 - - [26/Aug/2013:07:34:40 +0200] "GET /leer.htm HTTP/1.1" 200 172 "http://www.dialyse-schoenebeck.de/" "Mozilla/5.0 (compatible; MSIE 10.0; Windows NT 6.1; Trident/6.0)"
79.221.168.145 - - [26/Aug/2013:07:34:40 +0200] "GET /header.htm HTTP/1.1" 200 795 "http://www.dialyse-schoenebeck.de/" "Mozilla/5.0 (compatible; MSIE 10.0; Windows NT 6.1; Trident/6.0)"
79.221.168.145 - - [26/Aug/2013:07:34:40 +0200] "GET /leer.htm HTTP/1.1" 200 172 "http://www.dialyse-schoenebeck.de/" "Mozilla/5.0 (compatible; MSIE 10.0; Windows NT 6.1; Trident/6.0)"
79.221.168.145 - - [26/Aug/2013:07:34:40 +0200] "GET /leer.htm HTTP/1.1" 200 172 "http://www.dialyse-schoenebeck.de/" "Mozilla/5.0 (compatible; MSIE 10.0; Windows NT 6.1; Trident/6.0)"
79.221.168.145 - - [26/Aug/2013:07:34:40 +0200] "GET /navi.htm HTTP/1.1" 200 4594 "http://www.dialyse-schoenebeck.de/" "Mozilla/5.0 (compatible; MSIE 10.0; Windows NT 6.1; Trident/6.0)"
79.221.168.145 - - [26/Aug/2013:07:34:40 +0200] "GET /home.htm HTTP/1.1" 200 1194 "http://www.dialyse-schoenebeck.de/" "Mozilla/5.0 (compatible; MSIE 10.0; Windows NT 6.1; Trident/6.0)"
79.221.168.145 - - [26/Aug/2013:07:34:40 +0200] "GET /leer.htm HTTP/1.1" 200 172 "http://www.dialyse-schoenebeck.de/" "Mozilla/5.0 (compatible; MSIE 10.0; Windows NT 6.1; Trident/6.0)"
79.221.168.145 - - [26/Aug/2013:07:34:40 +0200] "GET /leer.htm HTTP/1.1" 200 172 "http://www.dialyse-schoenebeck.de/" "Mozilla/5.0 (compatible; MSIE 10.0; Windows NT 6.1; Trident/6.0)"
79.221.168.145 - - [26/Aug/2013:07:34:40 +0200] "GET /leer.htm HTTP/1.1" 200 172 "http://www.dialyse-schoenebeck.de/" "Mozilla/5.0 (compatible; MSIE 10.0; Windows NT 6.1; Trident/6.0)"
79.221.168.145 - - [26/Aug/2013:07:34:40 +0200] "GET /leer.htm HTTP/1.1" 200 172 "http://www.dialyse-schoenebeck.de/" "Mozilla/5.0 (compatible; MSIE 10.0; Windows NT 6.1; Trident/6.0)"
79.221.168.145 - - [26/Aug/2013:07:34:40 +0200] "GET /images/frame_head2.jpg HTTP/1.1" 200 16134 "http://www.dialyse-schoenebeck.de/header.htm" "Mozilla/5.0 (compatible; MSIE 10.0; Windows NT 6.1; Trident/6.0)"
79.221.168.145 - - [26/Aug/2013:07:34:40 +0200] "GET /images/frame_navi2.jpg HTTP/1.1" 200 2965 "http://www.dialyse-schoenebeck.de/navi.htm" "Mozilla/5.0 (compatible; MSIE 10.0; Windows NT 6.1; Trident/6.0)"
79.221.168.145 - - [26/Aug/2013:07:34:40 +0200] "GET /images/navi_news_a.jpg HTTP/1.1" 200 1809 "http://www.dialyse-schoenebeck.de/navi.htm" "Mozilla/5.0 (compatible; MSIE 10.0; Windows NT 6.1; Trident/6.0)"
79.221.168.145 - - [26/Aug/2013:07:34:40 +0200] "GET /images/navi_kontakt_a.jpg HTTP/1.1" 200 1826 "http://www.dialyse-schoenebeck.de/navi.htm" "Mozilla/5.0 (compatible; MSIE 10.0; Windows NT 6.1; Trident/6.0)"
79.221.168.145 - - [26/Aug/2013:07:34:40 +0200] "GET /images/navi_dialyse_a.jpg HTTP/1.1" 200 2373 "http://www.dialyse-schoenebeck.de/navi.htm" "Mozilla/5.0 (compatible; MSIE 10.0; Windows NT 6.1; Trident/6.0)"
79.221.168.145 - - [26/Aug/2013:07:34:40 +0200] "GET /images/navi_links_a.jpg HTTP/1.1" 200 2032 "http://www.dialyse-schoenebeck.de/navi.htm" "Mozilla/5.0 (compatible; MSIE 10.0; Windows NT 6.1; Trident/6.0)"
79.221.168.145 - - [26/Aug/2013:07:34:40 +0200] "GET /images/navi_praxis_a.jpg HTTP/1.1" 200 1905 "http://www.dialyse-schoenebeck.de/navi.htm" "Mozilla/5.0 (compatible; MSIE 10.0; Windows NT 6.1; Trident/6.0)"
79.221.168.145 - - [26/Aug/2013:07:34:40 +0200] "GET /images/navi_leistungen_a.jpg HTTP/1.1" 200 2088 "http://www.dialyse-schoenebeck.de/navi.htm" "Mozilla/5.0 (compatible; MSIE 10.0; Windows NT 6.1; Trident/6.0)"
79.221.168.145 - - [26/Aug/2013:07:34:40 +0200] "GET /images/navi_home_a.jpg HTTP/1.1" 200 2206 "http://www.dialyse-schoenebeck.de/navi.htm" "Mozilla/5.0 (compatible; MSIE 10.0; Windows NT 6.1; Trident/6.0)"
79.221.168.145 - - [26/Aug/2013:07:34:40 +0200] "GET /images/willkommen.gif HTTP/1.1" 200 1926 "http://www.dialyse-schoenebeck.de/home.htm" "Mozilla/5.0 (compatible; MSIE 10.0; Windows NT 6.1; Trident/6.0)"
79.221.168.145 - - [26/Aug/2013:07:34:40 +0200] "GET /images/home.jpg HTTP/1.1" 200 17467 "http://www.dialyse-schoenebeck.de/home.htm" "Mozilla/5.0 (compatible; MSIE 10.0; Windows NT 6.1; Trident/6.0)"
79.221.168.145 - - [26/Aug/2013:07:34:40 +0200] "GET /images/ein_service.jpg HTTP/1.1" 200 2356 "http://www.dialyse-schoenebeck.de/header.htm" "Mozilla/5.0 (compatible; MSIE 10.0; Windows NT 6.1; Trident/6.0)"
79.221.168.145 - - [26/Aug/2013:07:34:40 +0200] "GET /images/pixel.gif HTTP/1.1" 200 43 "http://www.dialyse-schoenebeck.de/home.htm" "Mozilla/5.0 (compatible; MSIE 10.0; Windows NT 6.1; Trident/6.0)"
79.221.168.145 - - [26/Aug/2013:07:34:40 +0200] "GET /images/navi_links_b.jpg HTTP/1.1" 200 2344 "http://www.dialyse-schoenebeck.de/navi.htm" "Mozilla/5.0 (compatible; MSIE 10.0; Windows NT 6.1; Trident/6.0)"
79.221.168.145 - - [26/Aug/2013:07:34:41 +0200] "GET /images/navi_praxis_b.jpg HTTP/1.1" 200 2241 "http://www.dialyse-schoenebeck.de/navi.htm" "Mozilla/5.0 (compatible; MSIE 10.0; Windows NT 6.1; Trident/6.0)"
79.221.168.145 - - [26/Aug/2013:07:34:41 +0200] "GET /images/navi_kontakt_b.jpg HTTP/1.1" 200 2094 "http://www.dialyse-schoenebeck.de/navi.htm" "Mozilla/5.0 (compatible; MSIE 10.0; Windows NT 6.1; Trident/6.0)"
79.221.168.145 - - [26/Aug/2013:07:34:41 +0200] "GET /images/navi_news_b.jpg HTTP/1.1" 200 2200 "http://www.dialyse-schoenebeck.de/navi.htm" "Mozilla/5.0 (compatible; MSIE 10.0; Windows NT 6.1; Trident/6.0)"
79.221.168.145 - - [26/Aug/2013:07:34:41 +0200] "GET /images/navi_home_b.jpg HTTP/1.1" 200 2478 "http://www.dialyse-schoenebeck.de/navi.htm" "Mozilla/5.0 (compatible; MSIE 10.0; Windows NT 6.1; Trident/6.0)"
79.221.168.145 - - [26/Aug/2013:07:34:41 +0200] "GET /images/navi_leistungen_b.jpg HTTP/1.1" 200 2343 "http://www.dialyse-schoenebeck.de/navi.htm" "Mozilla/5.0 (compatible; MSIE 10.0; Windows NT 6.1; Trident/6.0)"
79.221.168.145 - - [26/Aug/2013:07:34:41 +0200] "GET /images/navi_dialyse_b.jpg HTTP/1.1" 200 2745 "http://www.dialyse-schoenebeck.de/navi.htm" "Mozilla/5.0 (compatible; MSIE 10.0; Windows NT 6.1; Trident/6.0)"
79.221.168.145 - - [26/Aug/2013:07:34:42 +0200] "GET /favicon.ico HTTP/1.1" 404 1256 "-" "Mozilla/5.0 (compatible; MSIE 10.0; Windows NT 6.1; Trident/6.0)"
79.221.168.145 - - [26/Aug/2013:07:34:47 +0200] "GET /kontakt.htm HTTP/1.1" 200 3886 "http://www.dialyse-schoenebeck.de/navi.htm" "Mozilla/5.0 (compatible; MSIE 10.0; Windows NT 6.1; Trident/6.0)"
79.221.168.145 - - [26/Aug/2013:07:34:47 +0200] "GET /css/master_diapraxis_silber.css HTTP/1.1" 200 507 "http://www.dialyse-schoenebeck.de/kontakt.htm" "Mozilla/5.0 (compatible; MSIE 10.0; Windows NT 6.1; Trident/6.0)"
79.221.168.145 - - [26/Aug/2013:07:34:47 +0200] "GET /images/head_kontakt.gif HTTP/1.1" 200 533 "http://www.dialyse-schoenebeck.de/kontakt.htm" "Mozilla/5.0 (compatible; MSIE 10.0; Windows NT 6.1; Trident/6.0)"
79.221.168.145 - - [26/Aug/2013:07:34:48 +0200] "GET /images/zum_anmeldeformular.gif HTTP/1.1" 200 498 "http://www.dialyse-schoenebeck.de/kontakt.htm" "Mozilla/5.0 (compatible; MSIE 10.0; Windows NT 6.1; Trident/6.0)"
79.221.168.145 - - [26/Aug/2013:07:34:48 +0200] "GET /images/plan_magdeburg_mini.jpg HTTP/1.1" 200 6592 "http://www.dialyse-schoenebeck.de/kontakt.htm" "Mozilla/5.0 (compatible; MSIE 10.0; Windows NT 6.1; Trident/6.0)"
79.221.168.145 - - [26/Aug/2013:07:34:48 +0200] "GET /images/plan_schoenebeck_mini.jpg HTTP/1.1" 200 14406 "http://www.dialyse-schoenebeck.de/kontakt.htm" "Mozilla/5.0 (compatible; MSIE 10.0; Windows NT 6.1; Trident/6.0)"
65.55.24.246 - - [26/Aug/2013:07:46:59 +0200] "GET /robots.txt HTTP/1.1" 200 171 "-" "Mozilla/5.0 (compatible; bingbot/2.0; +http://www.bing.com/bingbot.htm)"
65.55.24.239 - - [26/Aug/2013:07:46:59 +0200] "GET /robots.txt HTTP/1.1" 200 171 "-" "Mozilla/5.0 (compatible; bingbot/2.0; +http://www.bing.com/bingbot.htm)"
65.55.24.239 - - [26/Aug/2013:07:47:25 +0200] "GET /home.htm HTTP/1.1" 200 1194 "-" "Mozilla/5.0 (compatible; bingbot/2.0; +http://www.bing.com/bingbot.htm)"
65.55.24.246 - - [26/Aug/2013:07:48:07 +0200] "GET / HTTP/1.1" 200 4185 "-" "Mozilla/5.0 (compatible; bingbot/2.0; +http://www.bing.com/bingbot.htm)"
141.8.147.12 - - [26/Aug/2013:08:14:50 +0200] "GET /images/navi_kontakt_a.jpg HTTP/1.1" 304 - "-" "Mozilla/5.0 (compatible; YandexImages/3.0; +http://yandex.com/bots)"
208.115.111.73 - - [26/Aug/2013:11:06:12 +0200] "GET /robots.txt HTTP/1.1" 200 171 "-" "Mozilla/5.0 (compatible; Ezooms/1.0; ezooms.bot@gmail.com)"
208.115.111.73 - - [26/Aug/2013:12:47:33 +0200] "GET /praxis2.htm HTTP/1.1" 200 4257 "-" "Mozilla/5.0 (compatible; Ezooms/1.0; ezooms.bot@gmail.com)"
157.55.34.35 - - [26/Aug/2013:13:02:29 +0200] "GET /robots.txt HTTP/1.1" 200 171 "-" "Mozilla/5.0 (compatible; bingbot/2.0; +http://www.bing.com/bingbot.htm)"
157.55.34.35 - - [26/Aug/2013:13:05:23 +0200] "GET / HTTP/1.1" 200 4185 "-" "Mozilla/5.0 (compatible; bingbot/2.0; +http://www.bing.com/bingbot.htm)"
66.249.78.121 - - [26/Aug/2013:14:12:33 +0200] "GET /apple-touch-icon-precomposed.png HTTP/1.1" 404 1256 "-" "Googlebot-Image/1.0"
141.8.147.12 - - [26/Aug/2013:14:36:42 +0200] "GET /images/leistungen1.jpg HTTP/1.1" 304 - "-" "Mozilla/5.0 (compatible; YandexImages/3.0; +http://yandex.com/bots)"
141.8.147.12 - - [26/Aug/2013:14:40:26 +0200] "GET /images/frame_head2.jpg HTTP/1.1" 304 - "-" "Mozilla/5.0 (compatible; YandexImages/3.0; +http://yandex.com/bots)"
141.8.147.12 - - [26/Aug/2013:14:44:43 +0200] "GET /images/navi_home_a.jpg HTTP/1.1" 304 - "-" "Mozilla/5.0 (compatible; YandexImages/3.0; +http://yandex.com/bots)"
141.8.147.12 - - [26/Aug/2013:15:19:38 +0200] "GET /images/navi_leistungen_a.jpg HTTP/1.1" 304 - "-" "Mozilla/5.0 (compatible; YandexImages/3.0; +http://yandex.com/bots)"
141.8.147.12 - - [26/Aug/2013:15:21:24 +0200] "GET /images/navi_news_a.jpg HTTP/1.1" 304 - "-" "Mozilla/5.0 (compatible; YandexImages/3.0; +http://yandex.com/bots)"
141.8.147.12 - - [26/Aug/2013:15:48:35 +0200] "GET /images/navi_kontakt_a.jpg HTTP/1.1" 304 - "-" "Mozilla/5.0 (compatible; YandexImages/3.0; +http://yandex.com/bots)"
141.8.147.12 - - [26/Aug/2013:15:52:41 +0200] "GET /images/home.jpg HTTP/1.1" 304 - "-" "Mozilla/5.0 (compatible; YandexImages/3.0; +http://yandex.com/bots)"
82.145.209.71 - - [26/Aug/2013:15:55:49 +0200] "GET / HTTP/1.1" 200 4185 "http://www.google.com/m?q=dialyse+sch%C3%B6nebeck&client=ms-opera-mini-iphone&channel=new" "Opera/9.80 (iPhone; Opera Mini/6.5.2/30.3745; U; de) Presto/2.8.119 Version/11.10"
82.145.209.71 - - [26/Aug/2013:15:55:49 +0200] "GET /leer.htm HTTP/1.1" 200 172 "http://www.dialyse-schoenebeck.de/" "Opera/9.80 (iPhone; Opera Mini/6.5.2/30.3745; U; de) Presto/2.8.119 Version/11.10"
82.145.209.71 - - [26/Aug/2013:15:55:49 +0200] "GET /navi.htm HTTP/1.1" 200 4594 "http://www.dialyse-schoenebeck.de/" "Opera/9.80 (iPhone; Opera Mini/6.5.2/30.3745; U; de) Presto/2.8.119 Version/11.10"
82.145.209.71 - - [26/Aug/2013:15:55:49 +0200] "GET /home.htm HTTP/1.1" 200 1194 "http://www.dialyse-schoenebeck.de/" "Opera/9.80 (iPhone; Opera Mini/6.5.2/30.3745; U; de) Presto/2.8.119 Version/11.10"
82.145.209.71 - - [26/Aug/2013:15:55:49 +0200] "GET /header.htm HTTP/1.1" 200 795 "http://www.dialyse-schoenebeck.de/" "Opera/9.80 (iPhone; Opera Mini/6.5.2/30.3745; U; de) Presto/2.8.119 Version/11.10"
82.145.209.71 - - [26/Aug/2013:15:55:49 +0200] "GET /favicon.ico HTTP/1.1" 404 1256 "http://www.dialyse-schoenebeck.de/" "Opera/9.80 (iPhone; Opera Mini/6.5.2/30.3745; U; de) Presto/2.8.119 Version/11.10"
82.145.209.71 - - [26/Aug/2013:15:55:49 +0200] "GET /images/frame_navi2.jpg HTTP/1.1" 200 2965 "http://www.dialyse-schoenebeck.de/navi.htm" "Opera/9.80 (iPhone; Opera Mini/6.5.2/30.3745; U; de) Presto/2.8.119 Version/11.10"
82.145.209.71 - - [26/Aug/2013:15:55:49 +0200] "GET /images/navi_praxis_a.jpg HTTP/1.1" 200 1905 "http://www.dialyse-schoenebeck.de/navi.htm" "Opera/9.80 (iPhone; Opera Mini/6.5.2/30.3745; U; de) Presto/2.8.119 Version/11.10"
82.145.209.71 - - [26/Aug/2013:15:55:49 +0200] "GET /images/willkommen.gif HTTP/1.1" 200 1926 "http://www.dialyse-schoenebeck.de/home.htm" "Opera/9.80 (iPhone; Opera Mini/6.5.2/30.3745; U; de) Presto/2.8.119 Version/11.10"
82.145.209.71 - - [26/Aug/2013:15:55:49 +0200] "GET /images/ein_service.jpg HTTP/1.1" 200 2356 "http://www.dialyse-schoenebeck.de/header.htm" "Opera/9.80 (iPhone; Opera Mini/6.5.2/30.3745; U; de) Presto/2.8.119 Version/11.10"
82.145.209.71 - - [26/Aug/2013:15:55:49 +0200] "GET /images/home.jpg HTTP/1.1" 200 17467 "http://www.dialyse-schoenebeck.de/home.htm" "Opera/9.80 (iPhone; Opera Mini/6.5.2/30.3745; U; de) Presto/2.8.119 Version/11.10"
82.145.209.71 - - [26/Aug/2013:15:55:49 +0200] "GET /images/pixel.gif HTTP/1.1" 200 43 "http://www.dialyse-schoenebeck.de/home.htm" "Opera/9.80 (iPhone; Opera Mini/6.5.2/30.3745; U; de) Presto/2.8.119 Version/11.10"
82.145.209.71 - - [26/Aug/2013:15:55:50 +0200] "GET /images/navi_news_a.jpg HTTP/1.1" 200 1809 "http://www.dialyse-schoenebeck.de/navi.htm" "Opera/9.80 (iPhone; Opera Mini/6.5.2/30.3745; U; de) Presto/2.8.119 Version/11.10"
82.145.209.71 - - [26/Aug/2013:15:55:50 +0200] "GET /images/frame_head2.jpg HTTP/1.1" 200 16134 "http://www.dialyse-schoenebeck.de/header.htm" "Opera/9.80 (iPhone; Opera Mini/6.5.2/30.3745; U; de) Presto/2.8.119 Version/11.10"
82.145.209.71 - - [26/Aug/2013:15:55:51 +0200] "GET /images/navi_leistungen_a.jpg HTTP/1.1" 200 2088 "http://www.dialyse-schoenebeck.de/navi.htm" "Opera/9.80 (iPhone; Opera Mini/6.5.2/30.3745; U; de) Presto/2.8.119 Version/11.10"
82.145.209.71 - - [26/Aug/2013:15:55:51 +0200] "GET /images/navi_dialyse_a.jpg HTTP/1.1" 200 2373 "http://www.dialyse-schoenebeck.de/navi.htm" "Opera/9.80 (iPhone; Opera Mini/6.5.2/30.3745; U; de) Presto/2.8.119 Version/11.10"
82.145.209.71 - - [26/Aug/2013:15:55:51 +0200] "GET /images/navi_links_a.jpg HTTP/1.1" 200 2032 "http://www.dialyse-schoenebeck.de/navi.htm" "Opera/9.80 (iPhone; Opera Mini/6.5.2/30.3745; U; de) Presto/2.8.119 Version/11.10"
82.145.209.71 - - [26/Aug/2013:15:55:51 +0200] "GET /images/navi_kontakt_a.jpg HTTP/1.1" 200 1826 "http://www.dialyse-schoenebeck.de/navi.htm" "Opera/9.80 (iPhone; Opera Mini/6.5.2/30.3745; U; de) Presto/2.8.119 Version/11.10"
82.145.209.71 - - [26/Aug/2013:15:55:52 +0200] "GET /images/navi_home_a.jpg HTTP/1.1" 200 2206 "http://www.dialyse-schoenebeck.de/navi.htm" "Opera/9.80 (iPhone; Opera Mini/6.5.2/30.3745; U; de) Presto/2.8.119 Version/11.10"
82.145.209.71 - - [26/Aug/2013:15:55:52 +0200] "GET /images/navi_praxis_b.jpg HTTP/1.1" 200 2241 "http://www.dialyse-schoenebeck.de/navi.htm" "Opera/9.80 (iPhone; Opera Mini/6.5.2/30.3745; U; de) Presto/2.8.119 Version/11.10"
82.145.209.71 - - [26/Aug/2013:15:55:52 +0200] "GET /images/navi_home_b.jpg HTTP/1.1" 200 2478 "http://www.dialyse-schoenebeck.de/navi.htm" "Opera/9.80 (iPhone; Opera Mini/6.5.2/30.3745; U; de) Presto/2.8.119 Version/11.10"
82.145.209.71 - - [26/Aug/2013:15:55:52 +0200] "GET /images/navi_leistungen_b.jpg HTTP/1.1" 200 2343 "http://www.dialyse-schoenebeck.de/navi.htm" "Opera/9.80 (iPhone; Opera Mini/6.5.2/30.3745; U; de) Presto/2.8.119 Version/11.10"
82.145.209.71 - - [26/Aug/2013:15:55:52 +0200] "GET /images/navi_kontakt_b.jpg HTTP/1.1" 200 2094 "http://www.dialyse-schoenebeck.de/navi.htm" "Opera/9.80 (iPhone; Opera Mini/6.5.2/30.3745; U; de) Presto/2.8.119 Version/11.10"
82.145.209.71 - - [26/Aug/2013:15:55:52 +0200] "GET /images/navi_dialyse_b.jpg HTTP/1.1" 200 2745 "http://www.dialyse-schoenebeck.de/navi.htm" "Opera/9.80 (iPhone; Opera Mini/6.5.2/30.3745; U; de) Presto/2.8.119 Version/11.10"
82.145.209.71 - - [26/Aug/2013:15:55:52 +0200] "GET /images/navi_links_b.jpg HTTP/1.1" 200 2344 "http://www.dialyse-schoenebeck.de/navi.htm" "Opera/9.80 (iPhone; Opera Mini/6.5.2/30.3745; U; de) Presto/2.8.119 Version/11.10"
82.145.209.71 - - [26/Aug/2013:15:55:52 +0200] "GET /images/navi_news_b.jpg HTTP/1.1" 200 2200 "http://www.dialyse-schoenebeck.de/navi.htm" "Opera/9.80 (iPhone; Opera Mini/6.5.2/30.3745; U; de) Presto/2.8.119 Version/11.10"
82.145.209.71 - - [26/Aug/2013:15:56:12 +0200] "GET /praxis.htm HTTP/1.1" 200 2232 "http://www.dialyse-schoenebeck.de/navi.htm" "Opera/9.80 (iPhone; Opera Mini/6.5.2/30.3745; U; de) Presto/2.8.119 Version/11.10"
82.145.209.71 - - [26/Aug/2013:15:56:12 +0200] "GET /images/head_praxis.gif HTTP/1.1" 200 487 "http://www.dialyse-schoenebeck.de/praxis.htm" "Opera/9.80 (iPhone; Opera Mini/6.5.2/30.3745; U; de) Presto/2.8.119 Version/11.10"
82.145.209.71 - - [26/Aug/2013:15:56:12 +0200] "GET /images/bildergalerie.gif HTTP/1.1" 200 553 "http://www.dialyse-schoenebeck.de/praxis.htm" "Opera/9.80 (iPhone; Opera Mini/6.5.2/30.3745; U; de) Presto/2.8.119 Version/11.10"
82.145.209.71 - - [26/Aug/2013:15:56:12 +0200] "GET /images/pixel.gif HTTP/1.1" 200 43 "http://www.dialyse-schoenebeck.de/praxis.htm" "Opera/9.80 (iPhone; Opera Mini/6.5.2/30.3745; U; de) Presto/2.8.119 Version/11.10"
82.145.209.71 - - [26/Aug/2013:15:56:12 +0200] "GET /images/pfeil_seite2.gif HTTP/1.1" 200 277 "http://www.dialyse-schoenebeck.de/praxis.htm" "Opera/9.80 (iPhone; Opera Mini/6.5.2/30.3745; U; de) Presto/2.8.119 Version/11.10"
82.145.209.71 - - [26/Aug/2013:15:56:12 +0200] "GET /images/praxis1.jpg HTTP/1.1" 200 19217 "http://www.dialyse-schoenebeck.de/praxis.htm" "Opera/9.80 (iPhone; Opera Mini/6.5.2/30.3745; U; de) Presto/2.8.119 Version/11.10"
193.106.136.37 - - [26/Aug/2013:15:57:36 +0200] "GET / HTTP/1.1" 200 4185 "http://timetorelax.biz/" "Mozilla/4.0 (compatible; MSIE 7.0b; Windows NT 6.0)"
193.106.136.37 - - [26/Aug/2013:15:57:36 +0200] "GET / HTTP/1.1" 200 4185 "http://timetorelax.biz/" "Mozilla/4.0 (compatible; MSIE 7.0b; Windows NT 6.0)"
193.106.136.37 - - [26/Aug/2013:15:57:37 +0200] "GET / HTTP/1.1" 200 4185 "http://timetorelax.biz/" "Mozilla/4.0 (compatible; MSIE 7.0b; Windows NT 6.0)"
141.8.147.12 - - [26/Aug/2013:16:00:10 +0200] "GET /images/navi_dialyse_a.jpg HTTP/1.1" 304 - "-" "Mozilla/5.0 (compatible; YandexImages/3.0; +http://yandex.com/bots)"
141.8.147.12 - - [26/Aug/2013:16:17:45 +0200] "GET /images/navi_praxis_a.jpg HTTP/1.1" 304 - "-" "Mozilla/5.0 (compatible; YandexImages/3.0; +http://yandex.com/bots)"
141.8.147.12 - - [26/Aug/2013:16:18:05 +0200] "GET /images/frame_navi2.jpg HTTP/1.1" 304 - "-" "Mozilla/5.0 (compatible; YandexImages/3.0; +http://yandex.com/bots)"
141.8.147.12 - - [26/Aug/2013:16:23:29 +0200] "GET /images/willkommen.gif HTTP/1.1" 304 - "-" "Mozilla/5.0 (compatible; YandexImages/3.0; +http://yandex.com/bots)"
91.207.9.226 - - [26/Aug/2013:16:29:16 +0200] "GET / HTTP/1.1" 200 4185 "http://zemlanin.info/" "Mozilla/3.0 (x86 [en] Windows NT 5.1; Sun)"
91.207.9.226 - - [26/Aug/2013:16:29:17 +0200] "GET / HTTP/1.1" 200 4185 "http://zemlanin.info/" "Mozilla/3.0 (x86 [en] Windows NT 5.1; Sun)"
91.207.9.226 - - [26/Aug/2013:16:29:17 +0200] "GET / HTTP/1.1" 200 4185 "http://zemlanin.info/" "Mozilla/3.0 (x86 [en] Windows NT 5.1; Sun)"
88.78.74.13 - - [26/Aug/2013:17:35:24 +0200] "GET / HTTP/1.1" 200 4185 "http://www.google.de/url?sa=t&rct=j&q=dyalise%20station%20sch%C3%B6nebeck&source=web&cd=1&ved=0CDEQFjAA&url=http%3A%2F%2Fwww.dialyse-schoenebeck.de%2F&ei=SHUbUt63A8XUswab6oDYDQ&usg=AFQjCNFqqiy5BnFbbbTXBriUiqZc0qhF6g&bvm=bv.51156542,d.Yms" "Mozilla/5.0 (Windows NT 6.1) AppleWebKit/534.57.2 (KHTML, like Gecko) Version/5.1.7 Safari/534.57.2"
88.78.74.13 - - [26/Aug/2013:17:35:25 +0200] "GET /leer.htm HTTP/1.1" 200 172 "http://www.dialyse-schoenebeck.de/" "Mozilla/5.0 (Windows NT 6.1) AppleWebKit/534.57.2 (KHTML, like Gecko) Version/5.1.7 Safari/534.57.2"
88.78.74.13 - - [26/Aug/2013:17:35:25 +0200] "GET /leer.htm HTTP/1.1" 200 172 "http://www.dialyse-schoenebeck.de/" "Mozilla/5.0 (Windows NT 6.1) AppleWebKit/534.57.2 (KHTML, like Gecko) Version/5.1.7 Safari/534.57.2"
88.78.74.13 - - [26/Aug/2013:17:35:25 +0200] "GET /leer.htm HTTP/1.1" 200 172 "http://www.dialyse-schoenebeck.de/" "Mozilla/5.0 (Windows NT 6.1) AppleWebKit/534.57.2 (KHTML, like Gecko) Version/5.1.7 Safari/534.57.2"
88.78.74.13 - - [26/Aug/2013:17:35:25 +0200] "GET /leer.htm HTTP/1.1" 200 172 "http://www.dialyse-schoenebeck.de/" "Mozilla/5.0 (Windows NT 6.1) AppleWebKit/534.57.2 (KHTML, like Gecko) Version/5.1.7 Safari/534.57.2"
88.78.74.13 - - [26/Aug/2013:17:35:25 +0200] "GET /header.htm HTTP/1.1" 200 795 "http://www.dialyse-schoenebeck.de/" "Mozilla/5.0 (Windows NT 6.1) AppleWebKit/534.57.2 (KHTML, like Gecko) Version/5.1.7 Safari/534.57.2"
88.78.74.13 - - [26/Aug/2013:17:35:25 +0200] "GET /leer.htm HTTP/1.1" 200 172 "http://www.dialyse-schoenebeck.de/" "Mozilla/5.0 (Windows NT 6.1) AppleWebKit/534.57.2 (KHTML, like Gecko) Version/5.1.7 Safari/534.57.2"
88.78.74.13 - - [26/Aug/2013:17:35:25 +0200] "GET /leer.htm HTTP/1.1" 200 172 "http://www.dialyse-schoenebeck.de/" "Mozilla/5.0 (Windows NT 6.1) AppleWebKit/534.57.2 (KHTML, like Gecko) Version/5.1.7 Safari/534.57.2"
88.78.74.13 - - [26/Aug/2013:17:35:25 +0200] "GET /navi.htm HTTP/1.1" 200 4594 "http://www.dialyse-schoenebeck.de/" "Mozilla/5.0 (Windows NT 6.1) AppleWebKit/534.57.2 (KHTML, like Gecko) Version/5.1.7 Safari/534.57.2"
88.78.74.13 - - [26/Aug/2013:17:35:25 +0200] "GET /home.htm HTTP/1.1" 200 1194 "http://www.dialyse-schoenebeck.de/" "Mozilla/5.0 (Windows NT 6.1) AppleWebKit/534.57.2 (KHTML, like Gecko) Version/5.1.7 Safari/534.57.2"
88.78.74.13 - - [26/Aug/2013:17:35:25 +0200] "GET /leer.htm HTTP/1.1" 200 172 "http://www.dialyse-schoenebeck.de/" "Mozilla/5.0 (Windows NT 6.1) AppleWebKit/534.57.2 (KHTML, like Gecko) Version/5.1.7 Safari/534.57.2"
88.78.74.13 - - [26/Aug/2013:17:35:25 +0200] "GET /leer.htm HTTP/1.1" 200 172 "http://www.dialyse-schoenebeck.de/" "Mozilla/5.0 (Windows NT 6.1) AppleWebKit/534.57.2 (KHTML, like Gecko) Version/5.1.7 Safari/534.57.2"
88.78.74.13 - - [26/Aug/2013:17:35:25 +0200] "GET /leer.htm HTTP/1.1" 200 172 "http://www.dialyse-schoenebeck.de/" "Mozilla/5.0 (Windows NT 6.1) AppleWebKit/534.57.2 (KHTML, like Gecko) Version/5.1.7 Safari/534.57.2"
88.78.74.13 - - [26/Aug/2013:17:35:25 +0200] "GET /leer.htm HTTP/1.1" 200 172 "http://www.dialyse-schoenebeck.de/" "Mozilla/5.0 (Windows NT 6.1) AppleWebKit/534.57.2 (KHTML, like Gecko) Version/5.1.7 Safari/534.57.2"
88.78.74.13 - - [26/Aug/2013:17:35:25 +0200] "GET /images/frame_head2.jpg HTTP/1.1" 200 16134 "http://www.dialyse-schoenebeck.de/header.htm" "Mozilla/5.0 (Windows NT 6.1) AppleWebKit/534.57.2 (KHTML, like Gecko) Version/5.1.7 Safari/534.57.2"
88.78.74.13 - - [26/Aug/2013:17:35:25 +0200] "GET /images/ein_service.jpg HTTP/1.1" 200 2356 "http://www.dialyse-schoenebeck.de/header.htm" "Mozilla/5.0 (Windows NT 6.1) AppleWebKit/534.57.2 (KHTML, like Gecko) Version/5.1.7 Safari/534.57.2"
88.78.74.13 - - [26/Aug/2013:17:35:25 +0200] "GET /images/willkommen.gif HTTP/1.1" 200 1926 "http://www.dialyse-schoenebeck.de/home.htm" "Mozilla/5.0 (Windows NT 6.1) AppleWebKit/534.57.2 (KHTML, like Gecko) Version/5.1.7 Safari/534.57.2"
88.78.74.13 - - [26/Aug/2013:17:35:25 +0200] "GET /images/home.jpg HTTP/1.1" 200 17467 "http://www.dialyse-schoenebeck.de/home.htm" "Mozilla/5.0 (Windows NT 6.1) AppleWebKit/534.57.2 (KHTML, like Gecko) Version/5.1.7 Safari/534.57.2"
88.78.74.13 - - [26/Aug/2013:17:35:25 +0200] "GET /images/pixel.gif HTTP/1.1" 200 43 "http://www.dialyse-schoenebeck.de/home.htm" "Mozilla/5.0 (Windows NT 6.1) AppleWebKit/534.57.2 (KHTML, like Gecko) Version/5.1.7 Safari/534.57.2"
88.78.74.13 - - [26/Aug/2013:17:35:25 +0200] "GET /images/frame_navi2.jpg HTTP/1.1" 200 2965 "http://www.dialyse-schoenebeck.de/navi.htm" "Mozilla/5.0 (Windows NT 6.1) AppleWebKit/534.57.2 (KHTML, like Gecko) Version/5.1.7 Safari/534.57.2"
88.78.74.13 - - [26/Aug/2013:17:35:25 +0200] "GET /images/navi_praxis_a.jpg HTTP/1.1" 200 1905 "http://www.dialyse-schoenebeck.de/navi.htm" "Mozilla/5.0 (Windows NT 6.1) AppleWebKit/534.57.2 (KHTML, like Gecko) Version/5.1.7 Safari/534.57.2"
88.78.74.13 - - [26/Aug/2013:17:35:25 +0200] "GET /images/navi_news_a.jpg HTTP/1.1" 200 1809 "http://www.dialyse-schoenebeck.de/navi.htm" "Mozilla/5.0 (Windows NT 6.1) AppleWebKit/534.57.2 (KHTML, like Gecko) Version/5.1.7 Safari/534.57.2"
88.78.74.13 - - [26/Aug/2013:17:35:25 +0200] "GET /images/navi_leistungen_a.jpg HTTP/1.1" 200 2088 "http://www.dialyse-schoenebeck.de/navi.htm" "Mozilla/5.0 (Windows NT 6.1) AppleWebKit/534.57.2 (KHTML, like Gecko) Version/5.1.7 Safari/534.57.2"
88.78.74.13 - - [26/Aug/2013:17:35:25 +0200] "GET /images/navi_dialyse_a.jpg HTTP/1.1" 200 2373 "http://www.dialyse-schoenebeck.de/navi.htm" "Mozilla/5.0 (Windows NT 6.1) AppleWebKit/534.57.2 (KHTML, like Gecko) Version/5.1.7 Safari/534.57.2"
88.78.74.13 - - [26/Aug/2013:17:35:25 +0200] "GET /images/navi_kontakt_a.jpg HTTP/1.1" 200 1826 "http://www.dialyse-schoenebeck.de/navi.htm" "Mozilla/5.0 (Windows NT 6.1) AppleWebKit/534.57.2 (KHTML, like Gecko) Version/5.1.7 Safari/534.57.2"
88.78.74.13 - - [26/Aug/2013:17:35:25 +0200] "GET /images/navi_links_a.jpg HTTP/1.1" 200 2032 "http://www.dialyse-schoenebeck.de/navi.htm" "Mozilla/5.0 (Windows NT 6.1) AppleWebKit/534.57.2 (KHTML, like Gecko) Version/5.1.7 Safari/534.57.2"
88.78.74.13 - - [26/Aug/2013:17:35:25 +0200] "GET /images/navi_home_a.jpg HTTP/1.1" 200 2206 "http://www.dialyse-schoenebeck.de/navi.htm" "Mozilla/5.0 (Windows NT 6.1) AppleWebKit/534.57.2 (KHTML, like Gecko) Version/5.1.7 Safari/534.57.2"
88.78.74.13 - - [26/Aug/2013:17:35:25 +0200] "GET /images/navi_praxis_b.jpg HTTP/1.1" 200 2241 "http://www.dialyse-schoenebeck.de/navi.htm" "Mozilla/5.0 (Windows NT 6.1) AppleWebKit/534.57.2 (KHTML, like Gecko) Version/5.1.7 Safari/534.57.2"
88.78.74.13 - - [26/Aug/2013:17:35:25 +0200] "GET /images/navi_leistungen_b.jpg HTTP/1.1" 200 2343 "http://www.dialyse-schoenebeck.de/navi.htm" "Mozilla/5.0 (Windows NT 6.1) AppleWebKit/534.57.2 (KHTML, like Gecko) Version/5.1.7 Safari/534.57.2"
88.78.74.13 - - [26/Aug/2013:17:35:25 +0200] "GET /images/navi_links_b.jpg HTTP/1.1" 200 2344 "http://www.dialyse-schoenebeck.de/navi.htm" "Mozilla/5.0 (Windows NT 6.1) AppleWebKit/534.57.2 (KHTML, like Gecko) Version/5.1.7 Safari/534.57.2"
88.78.74.13 - - [26/Aug/2013:17:35:25 +0200] "GET /images/navi_dialyse_b.jpg HTTP/1.1" 200 2745 "http://www.dialyse-schoenebeck.de/navi.htm" "Mozilla/5.0 (Windows NT 6.1) AppleWebKit/534.57.2 (KHTML, like Gecko) Version/5.1.7 Safari/534.57.2"
88.78.74.13 - - [26/Aug/2013:17:35:25 +0200] "GET /images/navi_home_b.jpg HTTP/1.1" 200 2478 "http://www.dialyse-schoenebeck.de/navi.htm" "Mozilla/5.0 (Windows NT 6.1) AppleWebKit/534.57.2 (KHTML, like Gecko) Version/5.1.7 Safari/534.57.2"
88.78.74.13 - - [26/Aug/2013:17:35:25 +0200] "GET /images/navi_kontakt_b.jpg HTTP/1.1" 200 2094 "http://www.dialyse-schoenebeck.de/navi.htm" "Mozilla/5.0 (Windows NT 6.1) AppleWebKit/534.57.2 (KHTML, like Gecko) Version/5.1.7 Safari/534.57.2"
88.78.74.13 - - [26/Aug/2013:17:35:25 +0200] "GET /images/navi_news_b.jpg HTTP/1.1" 200 2200 "http://www.dialyse-schoenebeck.de/navi.htm" "Mozilla/5.0 (Windows NT 6.1) AppleWebKit/534.57.2 (KHTML, like Gecko) Version/5.1.7 Safari/534.57.2"
88.78.74.13 - - [26/Aug/2013:17:35:25 +0200] "GET /favicon.ico HTTP/1.1" 404 1256 "http://www.dialyse-schoenebeck.de/" "Mozilla/5.0 (Windows NT 6.1) AppleWebKit/534.57.2 (KHTML, like Gecko) Version/5.1.7 Safari/534.57.2"
141.8.147.12 - - [26/Aug/2013:17:35:33 +0200] "GET /robots.txt HTTP/1.1" 200 171 "-" "Mozilla/5.0 (compatible; YandexBot/3.0; +http://yandex.com/bots)"
88.78.74.13 - - [26/Aug/2013:17:35:38 +0200] "GET /kontakt.htm HTTP/1.1" 200 3886 "http://www.dialyse-schoenebeck.de/navi.htm" "Mozilla/5.0 (Windows NT 6.1) AppleWebKit/534.57.2 (KHTML, like Gecko) Version/5.1.7 Safari/534.57.2"
88.78.74.13 - - [26/Aug/2013:17:35:38 +0200] "GET /css/master_diapraxis_silber.css HTTP/1.1" 200 507 "http://www.dialyse-schoenebeck.de/kontakt.htm" "Mozilla/5.0 (Windows NT 6.1) AppleWebKit/534.57.2 (KHTML, like Gecko) Version/5.1.7 Safari/534.57.2"
88.78.74.13 - - [26/Aug/2013:17:35:38 +0200] "GET /images/head_kontakt.gif HTTP/1.1" 200 533 "http://www.dialyse-schoenebeck.de/kontakt.htm" "Mozilla/5.0 (Windows NT 6.1) AppleWebKit/534.57.2 (KHTML, like Gecko) Version/5.1.7 Safari/534.57.2"
88.78.74.13 - - [26/Aug/2013:17:35:38 +0200] "GET /images/zum_anmeldeformular.gif HTTP/1.1" 200 498 "http://www.dialyse-schoenebeck.de/kontakt.htm" "Mozilla/5.0 (Windows NT 6.1) AppleWebKit/534.57.2 (KHTML, like Gecko) Version/5.1.7 Safari/534.57.2"
88.78.74.13 - - [26/Aug/2013:17:35:38 +0200] "GET /images/plan_magdeburg_mini.jpg HTTP/1.1" 200 6592 "http://www.dialyse-schoenebeck.de/kontakt.htm" "Mozilla/5.0 (Windows NT 6.1) AppleWebKit/534.57.2 (KHTML, like Gecko) Version/5.1.7 Safari/534.57.2"
88.78.74.13 - - [26/Aug/2013:17:35:38 +0200] "GET /images/plan_schoenebeck_mini.jpg HTTP/1.1" 200 14406 "http://www.dialyse-schoenebeck.de/kontakt.htm" "Mozilla/5.0 (Windows NT 6.1) AppleWebKit/534.57.2 (KHTML, like Gecko) Version/5.1.7 Safari/534.57.2"
141.8.147.12 - - [26/Aug/2013:17:42:04 +0200] "GET /images/navi_links_a.jpg HTTP/1.1" 304 - "-" "Mozilla/5.0 (compatible; YandexImages/3.0; +http://yandex.com/bots)"
141.8.147.12 - - [26/Aug/2013:17:43:21 +0200] "GET /images/ein_service.jpg HTTP/1.1" 304 - "-" "Mozilla/5.0 (compatible; YandexImages/3.0; +http://yandex.com/bots)"
66.249.78.121 - - [26/Aug/2013:17:48:58 +0200] "GET /robots.txt HTTP/1.1" 200 171 "-" "Mozilla/5.0 (compatible; Googlebot/2.1; +http://www.google.com/bot.html)"
66.249.78.121 - - [26/Aug/2013:17:48:58 +0200] "GET /favicon.ico HTTP/1.1" 404 1256 "-" "Googlebot-Image/1.0"
178.137.128.238 - - [26/Aug/2013:18:44:47 +0200] "GET / HTTP/1.1" 200 4185 "http://missigra.ru/" "Mozilla/4.0 (compatible; MSIE 6.0; Windows NT 5.0; APC; .NET CLR 1.0.3705; .NET CLR 1.1.4322; .NET CLR 2.0.50215; InfoPath.1)"
178.137.128.238 - - [26/Aug/2013:18:44:48 +0200] "GET / HTTP/1.1" 200 4185 "http://missigra.ru/" "Mozilla/4.0 (compatible; MSIE 6.0; Windows NT 5.0; APC; .NET CLR 1.0.3705; .NET CLR 1.1.4322; .NET CLR 2.0.50215; InfoPath.1)"
178.137.128.238 - - [26/Aug/2013:18:44:48 +0200] "GET / HTTP/1.1" 200 4185 "http://missigra.ru/" "Mozilla/4.0 (compatible; MSIE 6.0; Windows NT 5.0; APC; .NET CLR 1.0.3705; .NET CLR 1.1.4322; .NET CLR 2.0.50215; InfoPath.1)"
141.8.147.12 - - [26/Aug/2013:19:15:21 +0200] "GET /images/praxis1.jpg HTTP/1.1" 304 - "-" "Mozilla/5.0 (compatible; YandexImages/3.0; +http://yandex.com/bots)"
141.8.147.12 - - [26/Aug/2013:19:35:50 +0200] "GET /images/praxis2.jpg HTTP/1.1" 304 - "-" "Mozilla/5.0 (compatible; YandexImages/3.0; +http://yandex.com/bots)"
65.55.215.104 - - [26/Aug/2013:20:18:05 +0200] "GET /robots.txt HTTP/1.1" 200 171 "-" "msnbot-media/1.1 (+http://search.msn.com/msnbot.htm)"
65.55.215.104 - - [26/Aug/2013:20:18:05 +0200] "GET /images/navi_home_a.jpg HTTP/1.1" 200 2206 "-" "msnbot-media/1.1 (+http://search.msn.com/msnbot.htm)"
217.230.143.67 - - [26/Aug/2013:20:36:53 +0200] "GET / HTTP/1.1" 200 4185 "http://www.bigfinder.de/online-11.html" "Mozilla/4.0 (compatible; MSIE 8.0; Windows NT 5.1; Trident/4.0; FBSMTWB; ATC/1.0; .NET CLR 1.1.4322; ATC/1.0; .NET CLR 2.0.50727; .NET CLR 3.0.4506.2152; .NET CLR 3.5.30729)"
141.8.147.12 - - [26/Aug/2013:22:04:44 +0200] "GET /images/navi_dialyse_a.jpg HTTP/1.1" 304 - "-" "Mozilla/5.0 (compatible; YandexImages/3.0; +http://yandex.com/bots)"
141.8.147.12 - - [26/Aug/2013:22:11:16 +0200] "GET /images/navi_links_a.jpg HTTP/1.1" 304 - "-" "Mozilla/5.0 (compatible; YandexImages/3.0; +http://yandex.com/bots)"
141.8.147.12 - - [26/Aug/2013:22:26:14 +0200] "GET /images/navi_home_a.jpg HTTP/1.1" 304 - "-" "Mozilla/5.0 (compatible; YandexImages/3.0; +http://yandex.com/bots)"
141.8.147.12 - - [26/Aug/2013:23:02:21 +0200] "GET /images/frame_navi2.jpg HTTP/1.1" 304 - "-" "Mozilla/5.0 (compatible; YandexImages/3.0; +http://yandex.com/bots)"
141.8.147.12 - - [26/Aug/2013:23:14:04 +0200] "GET /images/ein_service.jpg HTTP/1.1" 304 - "-" "Mozilla/5.0 (compatible; YandexImages/3.0; +http://yandex.com/bots)"
141.8.147.12 - - [26/Aug/2013:23:22:54 +0200] "GET /images/praxis1.jpg HTTP/1.1" 304 - "-" "Mozilla/5.0 (compatible; YandexImages/3.0; +http://yandex.com/bots)"
141.8.147.12 - - [27/Aug/2013:00:00:12 +0200] "GET /images/praxis2.jpg HTTP/1.1" 304 - "-" "Mozilla/5.0 (compatible; YandexImages/3.0; +http://yandex.com/bots)"
46.119.118.152 - - [27/Aug/2013:00:31:25 +0200] "GET / HTTP/1.1" 200 4185 "http://kabinanadom.ru/" "Mozilla/4.0 (compatible; MSIE 6.0; Windows NT 5.2; WOW64; SV1; .NET CLR 2.0.50727)"
46.119.118.152 - - [27/Aug/2013:00:31:25 +0200] "GET / HTTP/1.1" 200 4185 "http://kabinanadom.ru/" "Mozilla/4.0 (compatible; MSIE 6.0; Windows NT 5.2; WOW64; SV1; .NET CLR 2.0.50727)"
46.119.118.152 - - [27/Aug/2013:00:31:26 +0200] "GET / HTTP/1.1" 200 4185 "http://kabinanadom.ru/" "Mozilla/4.0 (compatible; MSIE 6.0; Windows NT 5.2; WOW64; SV1; .NET CLR 2.0.50727)"
157.55.36.52 - - [27/Aug/2013:00:39:55 +0200] "GET /robots.txt HTTP/1.1" 200 171 "-" "Mozilla/5.0 (compatible; bingbot/2.0; +http://www.bing.com/bingbot.htm)"
157.55.36.52 - - [27/Aug/2013:00:40:28 +0200] "GET / HTTP/1.1" 200 4185 "-" "Mozilla/5.0 (compatible; bingbot/2.0; +http://www.bing.com/bingbot.htm)"
141.8.147.12 - - [27/Aug/2013:01:03:20 +0200] "GET /images/home.jpg HTTP/1.1" 304 - "-" "Mozilla/5.0 (compatible; YandexImages/3.0; +http://yandex.com/bots)"
141.8.147.12 - - [27/Aug/2013:01:27:26 +0200] "GET /images/leistungen1.jpg HTTP/1.1" 304 - "-" "Mozilla/5.0 (compatible; YandexImages/3.0; +http://yandex.com/bots)"
141.8.147.12 - - [27/Aug/2013:01:31:41 +0200] "GET /images/frame_head2.jpg HTTP/1.1" 304 - "-" "Mozilla/5.0 (compatible; YandexImages/3.0; +http://yandex.com/bots)"
46.119.118.152 - - [27/Aug/2013:01:40:28 +0200] "GET / HTTP/1.1" 200 4185 "http://xwatt.ru/" "Mozilla/4.0 (compatible; MSIE 6.0; AOL 9.0; Windows NT 5.1)"
46.119.118.152 - - [27/Aug/2013:01:40:28 +0200] "GET / HTTP/1.1" 200 4185 "http://xwatt.ru/" "Mozilla/4.0 (compatible; MSIE 6.0; AOL 9.0; Windows NT 5.1)"
46.119.118.152 - - [27/Aug/2013:01:40:29 +0200] "GET / HTTP/1.1" 200 4185 "http://xwatt.ru/" "Mozilla/4.0 (compatible; MSIE 6.0; AOL 9.0; Windows NT 5.1)"
141.8.147.12 - - [27/Aug/2013:01:52:26 +0200] "GET /images/willkommen.gif HTTP/1.1" 304 - "-" "Mozilla/5.0 (compatible; YandexImages/3.0; +http://yandex.com/bots)"
141.8.147.12 - - [27/Aug/2013:02:07:35 +0200] "GET /images/navi_leistungen_a.jpg HTTP/1.1" 304 - "-" "Mozilla/5.0 (compatible; YandexImages/3.0; +http://yandex.com/bots)"
141.8.147.12 - - [27/Aug/2013:02:16:37 +0200] "GET /images/navi_news_a.jpg HTTP/1.1" 304 - "-" "Mozilla/5.0 (compatible; YandexImages/3.0; +http://yandex.com/bots)"
141.8.147.12 - - [27/Aug/2013:02:41:23 +0200] "GET /images/navi_kontakt_a.jpg HTTP/1.1" 304 - "-" "Mozilla/5.0 (compatible; YandexImages/3.0; +http://yandex.com/bots)"
141.8.147.12 - - [27/Aug/2013:03:03:45 +0200] "GET /images/navi_praxis_a.jpg HTTP/1.1" 304 - "-" "Mozilla/5.0 (compatible; YandexImages/3.0; +http://yandex.com/bots)"
176.9.148.194 - - [27/Aug/2013:03:32:41 +0200] "GET /robots.txt HTTP/1.1" 200 171 "-" "Mozilla/5.0 (compatible; SISTRIX Crawler; http://crawler.sistrix.net/)"
176.9.148.194 - - [27/Aug/2013:03:32:41 +0200] "GET / HTTP/1.1" 206 4185 "-" "Mozilla/5.0 (compatible; SISTRIX Crawler; http://crawler.sistrix.net/)"
46.118.126.194 - - [27/Aug/2013:03:50:10 +0200] "GET / HTTP/1.1" 200 4185 "http://www.stazher.com/" "Mozilla/4.0 (compatible; MSIE 6.0; Windows NT 5.1; SV1; .NET CLR 1.0.3705; .NET CLR 1.1.4322; .NET CLR 2.0.40607)"
46.118.126.194 - - [27/Aug/2013:03:50:11 +0200] "GET / HTTP/1.1" 200 4185 "http://www.stazher.com/" "Mozilla/4.0 (compatible; MSIE 6.0; Windows NT 5.1; SV1; .NET CLR 1.0.3705; .NET CLR 1.1.4322; .NET CLR 2.0.40607)"
46.118.126.194 - - [27/Aug/2013:03:50:11 +0200] "GET / HTTP/1.1" 200 4185 "http://www.stazher.com/" "Mozilla/4.0 (compatible; MSIE 6.0; Windows NT 5.1; SV1; .NET CLR 1.0.3705; .NET CLR 1.1.4322; .NET CLR 2.0.40607)"
46.118.126.194 - - [27/Aug/2013:03:50:13 +0200] "GET / HTTP/1.1" 200 4185 "http://ilim-smk.ru/" "Mozilla/4.0 (compatible; MSIE 6.0; Windows NT 5.1; SV1; .NET CLR 1.0.3705; .NET CLR 1.1.4322; .NET CLR 2.0.40607)"
46.118.126.194 - - [27/Aug/2013:03:50:14 +0200] "GET / HTTP/1.1" 200 4185 "http://ilim-smk.ru/" "Mozilla/4.0 (compatible; MSIE 6.0; Windows NT 5.1; SV1; .NET CLR 1.0.3705; .NET CLR 1.1.4322; .NET CLR 2.0.40607)"
46.118.126.194 - - [27/Aug/2013:03:50:14 +0200] "GET / HTTP/1.1" 200 4185 "http://ilim-smk.ru/" "Mozilla/4.0 (compatible; MSIE 6.0; Windows NT 5.1; SV1; .NET CLR 1.0.3705; .NET CLR 1.1.4322; .NET CLR 2.0.40607)"
141.8.147.12 - - [27/Aug/2013:03:59:51 +0200] "GET /images/willkommen.gif HTTP/1.1" 304 - "-" "Mozilla/5.0 (compatible; YandexImages/3.0; +http://yandex.com/bots)"
141.8.147.12 - - [27/Aug/2013:04:01:30 +0200] "GET /images/navi_home_a.jpg HTTP/1.1" 304 - "-" "Mozilla/5.0 (compatible; YandexImages/3.0; +http://yandex.com/bots)"
157.56.93.41 - - [27/Aug/2013:04:28:49 +0200] "GET /robots.txt HTTP/1.1" 200 171 "-" "Mozilla/5.0 (compatible; bingbot/2.0; +http://www.bing.com/bingbot.htm)"
157.55.35.47 - - [27/Aug/2013:04:30:15 +0200] "GET /home.htm HTTP/1.1" 200 1194 "-" "Mozilla/5.0 (compatible; bingbot/2.0; +http://www.bing.com/bingbot.htm)"
157.56.93.41 - - [27/Aug/2013:04:30:34 +0200] "GET /navi.htm HTTP/1.1" 200 4594 "-" "Mozilla/5.0 (compatible; bingbot/2.0; +http://www.bing.com/bingbot.htm)"
157.55.36.37 - - [27/Aug/2013:04:31:14 +0200] "GET /index.html HTTP/1.1" 200 4185 "-" "Mozilla/5.0 (compatible; bingbot/2.0; +http://www.bing.com/bingbot.htm)"
141.8.147.12 - - [27/Aug/2013:04:56:21 +0200] "GET /images/frame_head2.jpg HTTP/1.1" 304 - "-" "Mozilla/5.0 (compatible; YandexImages/3.0; +http://yandex.com/bots)"
141.8.147.12 - - [27/Aug/2013:05:16:38 +0200] "GET /images/navi_leistungen_a.jpg HTTP/1.1" 304 - "-" "Mozilla/5.0 (compatible; YandexImages/3.0; +http://yandex.com/bots)"
65.55.215.104 - - [27/Aug/2013:05:20:02 +0200] "GET /robots.txt HTTP/1.1" 200 171 "-" "msnbot-media/1.1 (+http://search.msn.com/msnbot.htm)"
65.55.215.104 - - [27/Aug/2013:05:20:02 +0200] "GET /images/navi_home_a.jpg HTTP/1.1" 200 2206 "-" "msnbot-media/1.1 (+http://search.msn.com/msnbot.htm)"
37.139.52.23 - - [27/Aug/2013:05:28:47 +0200] "GET / HTTP/1.1" 200 4185 "http://timermet.ru/" "Mozilla/4.0 (compatible; MSIE 6.0; Windows NT 5.2; WOW64; SV1; .NET CLR 2.0.50727)"
37.139.52.23 - - [27/Aug/2013:05:28:47 +0200] "GET / HTTP/1.1" 200 4185 "http://timermet.ru/" "Mozilla/4.0 (compatible; MSIE 6.0; Windows NT 5.2; WOW64; SV1; .NET CLR 2.0.50727)"
157.55.36.37 - - [27/Aug/2013:05:32:00 +0200] "GET /robots.txt HTTP/1.1" 200 171 "-" "Mozilla/5.0 (compatible; bingbot/2.0; +http://www.bing.com/bingbot.htm)"
157.55.36.37 - - [27/Aug/2013:05:32:38 +0200] "GET /index.html HTTP/1.1" 200 4185 "-" "Mozilla/5.0 (compatible; bingbot/2.0; +http://www.bing.com/bingbot.htm)"
141.8.147.12 - - [27/Aug/2013:05:49:47 +0200] "GET /robots.txt HTTP/1.1" 200 171 "-" "Mozilla/5.0 (compatible; YandexBot/3.0; +http://yandex.com/bots)"
141.8.147.12 - - [27/Aug/2013:05:49:49 +0200] "GET /images/praxis1.jpg HTTP/1.1" 304 - "-" "Mozilla/5.0 (compatible; YandexImages/3.0; +http://yandex.com/bots)"
141.8.147.12 - - [27/Aug/2013:05:51:40 +0200] "GET /images/navi_links_a.jpg HTTP/1.1" 304 - "-" "Mozilla/5.0 (compatible; YandexImages/3.0; +http://yandex.com/bots)"
141.8.147.12 - - [27/Aug/2013:06:24:56 +0200] "GET /images/home.jpg HTTP/1.1" 304 - "-" "Mozilla/5.0 (compatible; YandexImages/3.0; +http://yandex.com/bots)"
157.55.36.37 - - [27/Aug/2013:06:33:19 +0200] "GET /robots.txt HTTP/1.1" 200 171 "-" "Mozilla/5.0 (compatible; bingbot/2.0; +http://www.bing.com/bingbot.htm)"
157.55.36.37 - - [27/Aug/2013:06:33:56 +0200] "GET /header.htm HTTP/1.1" 200 795 "-" "Mozilla/5.0 (compatible; bingbot/2.0; +http://www.bing.com/bingbot.htm)"
141.8.147.12 - - [27/Aug/2013:06:50:41 +0200] "GET /images/navi_news_a.jpg HTTP/1.1" 304 - "-" "Mozilla/5.0 (compatible; YandexImages/3.0; +http://yandex.com/bots)"
92.249.127.111 - - [27/Aug/2013:07:04:52 +0200] "GET / HTTP/1.1" 200 4185 "http://www.bravica.mobi/ru/" "Mozilla/5.0 (compatible; news bot /2.1)"
92.249.127.111 - - [27/Aug/2013:07:04:52 +0200] "GET / HTTP/1.1" 200 4185 "http://www.bravica.mobi/ru/" "Mozilla/5.0 (compatible; news bot /2.1)"
92.249.127.111 - - [27/Aug/2013:07:04:52 +0200] "GET / HTTP/1.1" 200 4185 "http://www.bravica.mobi/ru/" "Mozilla/5.0 (compatible; news bot /2.1)"
141.8.147.12 - - [27/Aug/2013:07:16:29 +0200] "GET /images/praxis2.jpg HTTP/1.1" 304 - "-" "Mozilla/5.0 (compatible; YandexImages/3.0; +http://yandex.com/bots)"
141.8.147.12 - - [27/Aug/2013:08:03:41 +0200] "GET /images/navi_praxis_a.jpg HTTP/1.1" 304 - "-" "Mozilla/5.0 (compatible; YandexImages/3.0; +http://yandex.com/bots)"
