87.189.66.209 - - [01/Aug/2013:16:00:48 +0200] "GET /galerie/bild_1.jpg HTTP/1.1" 200 50621 "http://www.dialyse-schoenebeck.de/galerie.htm" "Mozilla/4.0 (compatible; MSIE 8.0; Windows NT 5.1; Trident/4.0; GTB7.5; .NET CLR 1.1.4322; .NET CLR 2.0.50727; .NET CLR 3.0.4506.2152; .NET CLR 3.5.30729)"
87.189.66.209 - - [01/Aug/2013:16:01:07 +0200] "GET /galerie/bild_2.jpg HTTP/1.1" 200 46222 "http://www.dialyse-schoenebeck.de/galerie.htm" "Mozilla/4.0 (compatible; MSIE 8.0; Windows NT 5.1; Trident/4.0; GTB7.5; .NET CLR 1.1.4322; .NET CLR 2.0.50727; .NET CLR 3.0.4506.2152; .NET CLR 3.5.30729)"
87.189.66.209 - - [01/Aug/2013:16:01:10 +0200] "GET /galerie/bild_3.jpg HTTP/1.1" 200 49516 "http://www.dialyse-schoenebeck.de/galerie.htm" "Mozilla/4.0 (compatible; MSIE 8.0; Windows NT 5.1; Trident/4.0; GTB7.5; .NET CLR 1.1.4322; .NET CLR 2.0.50727; .NET CLR 3.0.4506.2152; .NET CLR 3.5.30729)"
87.189.66.209 - - [01/Aug/2013:16:01:12 +0200] "GET /galerie/bild_4.jpg HTTP/1.1" 200 44294 "http://www.dialyse-schoenebeck.de/galerie.htm" "Mozilla/4.0 (compatible; MSIE 8.0; Windows NT 5.1; Trident/4.0; GTB7.5; .NET CLR 1.1.4322; .NET CLR 2.0.50727; .NET CLR 3.0.4506.2152; .NET CLR 3.5.30729)"
87.189.66.209 - - [01/Aug/2013:16:01:13 +0200] "GET /galerie/bild_5.jpg HTTP/1.1" 200 27056 "http://www.dialyse-schoenebeck.de/galerie.htm" "Mozilla/4.0 (compatible; MSIE 8.0; Windows NT 5.1; Trident/4.0; GTB7.5; .NET CLR 1.1.4322; .NET CLR 2.0.50727; .NET CLR 3.0.4506.2152; .NET CLR 3.5.30729)"
87.189.66.209 - - [01/Aug/2013:16:01:14 +0200] "GET /galerie/bild_6.jpg HTTP/1.1" 200 23148 "http://www.dialyse-schoenebeck.de/galerie.htm" "Mozilla/4.0 (compatible; MSIE 8.0; Windows NT 5.1; Trident/4.0; GTB7.5; .NET CLR 1.1.4322; .NET CLR 2.0.50727; .NET CLR 3.0.4506.2152; .NET CLR 3.5.30729)"
87.189.66.209 - - [01/Aug/2013:16:01:16 +0200] "GET /galerie/bild_7.jpg HTTP/1.1" 200 22767 "http://www.dialyse-schoenebeck.de/galerie.htm" "Mozilla/4.0 (compatible; MSIE 8.0; Windows NT 5.1; Trident/4.0; GTB7.5; .NET CLR 1.1.4322; .NET CLR 2.0.50727; .NET CLR 3.0.4506.2152; .NET CLR 3.5.30729)"
87.189.66.209 - - [01/Aug/2013:16:01:20 +0200] "GET /galerie/bild_8.jpg HTTP/1.1" 200 22284 "http://www.dialyse-schoenebeck.de/galerie.htm" "Mozilla/4.0 (compatible; MSIE 8.0; Windows NT 5.1; Trident/4.0; GTB7.5; .NET CLR 1.1.4322; .NET CLR 2.0.50727; .NET CLR 3.0.4506.2152; .NET CLR 3.5.30729)"
87.189.66.209 - - [01/Aug/2013:16:01:24 +0200] "GET /galerie/bild_9.jpg HTTP/1.1" 200 51853 "http://www.dialyse-schoenebeck.de/galerie.htm" "Mozilla/4.0 (compatible; MSIE 8.0; Windows NT 5.1; Trident/4.0; GTB7.5; .NET CLR 1.1.4322; .NET CLR 2.0.50727; .NET CLR 3.0.4506.2152; .NET CLR 3.5.30729)"
87.189.66.209 - - [01/Aug/2013:16:01:25 +0200] "GET /galerie/bild_10.jpg HTTP/1.1" 200 27592 "http://www.dialyse-schoenebeck.de/galerie.htm" "Mozilla/4.0 (compatible; MSIE 8.0; Windows NT 5.1; Trident/4.0; GTB7.5; .NET CLR 1.1.4322; .NET CLR 2.0.50727; .NET CLR 3.0.4506.2152; .NET CLR 3.5.30729)"
87.189.66.209 - - [01/Aug/2013:16:01:30 +0200] "GET /galerie/bild_11.jpg HTTP/1.1" 200 36013 "http://www.dialyse-schoenebeck.de/galerie.htm" "Mozilla/4.0 (compatible; MSIE 8.0; Windows NT 5.1; Trident/4.0; GTB7.5; .NET CLR 1.1.4322; .NET CLR 2.0.50727; .NET CLR 3.0.4506.2152; .NET CLR 3.5.30729)"
87.189.66.209 - - [01/Aug/2013:16:01:35 +0200] "GET /galerie/bild_12.jpg HTTP/1.1" 200 33444 "http://www.dialyse-schoenebeck.de/galerie.htm" "Mozilla/4.0 (compatible; MSIE 8.0; Windows NT 5.1; Trident/4.0; GTB7.5; .NET CLR 1.1.4322; .NET CLR 2.0.50727; .NET CLR 3.0.4506.2152; .NET CLR 3.5.30729)"
87.189.66.209 - - [01/Aug/2013:16:01:35 +0200] "GET /galerie/bild_1.jpg HTTP/1.1" 304 - "http://www.dialyse-schoenebeck.de/galerie.htm" "Mozilla/4.0 (compatible; MSIE 8.0; Windows NT 5.1; Trident/4.0; GTB7.5; .NET CLR 1.1.4322; .NET CLR 2.0.50727; .NET CLR 3.0.4506.2152; .NET CLR 3.5.30729)"
87.189.66.209 - - [01/Aug/2013:16:01:36 +0200] "GET /galerie/bild_2.jpg HTTP/1.1" 304 - "http://www.dialyse-schoenebeck.de/galerie.htm" "Mozilla/4.0 (compatible; MSIE 8.0; Windows NT 5.1; Trident/4.0; GTB7.5; .NET CLR 1.1.4322; .NET CLR 2.0.50727; .NET CLR 3.0.4506.2152; .NET CLR 3.5.30729)"
92.249.127.111 - - [01/Aug/2013:16:04:17 +0200] "GET / HTTP/1.1" 200 4185 "http://rakedonel.com/" "Mozilla/5.0 (compatible; news bot /2.1)"
92.249.127.111 - - [01/Aug/2013:16:04:18 +0200] "GET / HTTP/1.1" 200 4185 "http://rakedonel.com/" "Mozilla/5.0 (compatible; news bot /2.1)"
37.115.113.47 - - [01/Aug/2013:16:38:54 +0200] "GET / HTTP/1.1" 200 4185 "http://www.uabuild.com/" "Mozilla/4.0 (compatible; MSIE 6.0; Windows NT 5.1; Q312461)"
37.115.113.47 - - [01/Aug/2013:16:38:54 +0200] "GET / HTTP/1.1" 200 4185 "http://www.uabuild.com/" "Mozilla/4.0 (compatible; MSIE 6.0; Windows NT 5.1; Q312461)"
37.115.113.47 - - [01/Aug/2013:16:38:55 +0200] "GET / HTTP/1.1" 200 4185 "http://www.uabuild.com/" "Mozilla/4.0 (compatible; MSIE 6.0; Windows NT 5.1; Q312461)"
141.8.147.12 - - [01/Aug/2013:18:32:50 +0200] "GET /images/head_leistungen.gif HTTP/1.1" 304 - "-" "Mozilla/5.0 (compatible; YandexImages/3.0; +http://yandex.com/bots)"
208.115.111.73 - - [01/Aug/2013:19:55:48 +0200] "GET /robots.txt HTTP/1.1" 200 171 "-" "Mozilla/5.0 (compatible; Ezooms/1.0; ezooms.bot@gmail.com)"
208.115.111.73 - - [01/Aug/2013:20:26:07 +0200] "GET / HTTP/1.1" 200 4185 "-" "Mozilla/5.0 (compatible; Ezooms/1.0; ezooms.bot@gmail.com)"
208.115.111.73 - - [01/Aug/2013:20:52:20 +0200] "GET /robots.txt HTTP/1.1" 200 171 "-" "Mozilla/5.0 (compatible; Ezooms/1.0; ezooms.bot@gmail.com)"
141.8.147.12 - - [01/Aug/2013:22:53:58 +0200] "GET /robots.txt HTTP/1.1" 200 171 "-" "Mozilla/5.0 (compatible; YandexBot/3.0; +http://yandex.com/bots)"
141.8.147.12 - - [01/Aug/2013:22:54:05 +0200] "GET /images/pixel.gif HTTP/1.1" 304 - "-" "Mozilla/5.0 (compatible; YandexImages/3.0; +http://yandex.com/bots)"
208.115.111.73 - - [01/Aug/2013:23:45:08 +0200] "GET / HTTP/1.1" 200 4185 "-" "Mozilla/5.0 (compatible; Ezooms/1.0; ezooms.bot@gmail.com)"
66.249.73.118 - - [02/Aug/2013:04:44:15 +0200] "GET /robots.txt HTTP/1.1" 200 171 "-" "Mozilla/5.0 (compatible; Googlebot/2.1; +http://www.google.com/bot.html)"
66.249.73.118 - - [02/Aug/2013:04:44:15 +0200] "GET / HTTP/1.1" 200 4185 "-" "Mozilla/5.0 (compatible; Googlebot/2.1; +http://www.google.com/bot.html)"
178.137.93.32 - - [02/Aug/2013:07:51:54 +0200] "GET / HTTP/1.1" 200 4185 "http://seoprodvig.ru/" "Mozilla/4.0 (compatible; MSIE 6.0; Windows NT 5.1; Maxthon; .NET CLR 1.1.4322)"
178.137.93.32 - - [02/Aug/2013:07:51:55 +0200] "GET / HTTP/1.1" 200 4185 "http://seoprodvig.ru/" "Mozilla/4.0 (compatible; MSIE 6.0; Windows NT 5.1; Maxthon; .NET CLR 1.1.4322)"
46.118.152.23 - - [02/Aug/2013:12:52:14 +0200] "GET / HTTP/1.1" 200 4185 "http://cleaning-uborka.ru/" "Mozilla/4.0 (compatible; MSIE 6.0; Windows NT 5.1; Maxthon; .NET CLR 1.1.4322)"
46.118.152.23 - - [02/Aug/2013:12:52:15 +0200] "GET / HTTP/1.1" 200 4185 "http://cleaning-uborka.ru/" "Mozilla/4.0 (compatible; MSIE 6.0; Windows NT 5.1; Maxthon; .NET CLR 1.1.4322)"
46.118.152.23 - - [02/Aug/2013:12:52:16 +0200] "GET / HTTP/1.1" 200 4185 "http://cleaning-uborka.ru/" "Mozilla/4.0 (compatible; MSIE 6.0; Windows NT 5.1; Maxthon; .NET CLR 1.1.4322)"
37.115.113.47 - - [02/Aug/2013:12:53:11 +0200] "GET / HTTP/1.1" 200 4185 "http://sitereviews.ru/" "Mozilla/4.0 (compatible; MSIE 6.0; Windows NT) ::ELNSB50::000061100320025802a00111000000000507000900000000"
37.115.113.47 - - [02/Aug/2013:12:53:12 +0200] "GET / HTTP/1.1" 200 4185 "http://sitereviews.ru/" "Mozilla/4.0 (compatible; MSIE 6.0; Windows NT) ::ELNSB50::000061100320025802a00111000000000507000900000000"
37.115.113.47 - - [02/Aug/2013:12:53:13 +0200] "GET / HTTP/1.1" 200 4185 "http://sitereviews.ru/" "Mozilla/4.0 (compatible; MSIE 6.0; Windows NT) ::ELNSB50::000061100320025802a00111000000000507000900000000"
108.59.8.70 - - [02/Aug/2013:14:44:58 +0200] "GET /robots.txt HTTP/1.0" 200 171 "-" "Mozilla/5.0 (compatible; MJ12bot/v1.4.3; http://www.majestic12.co.uk/bot.php?+)"
108.59.8.70 - - [02/Aug/2013:14:45:01 +0200] "GET /praxis2.htm HTTP/1.0" 200 4257 "-" "Mozilla/5.0 (compatible; MJ12bot/v1.4.3; http://www.majestic12.co.uk/bot.php?+)"
46.118.152.23 - - [02/Aug/2013:15:21:11 +0200] "GET / HTTP/1.1" 200 4185 "http://masecloud.net/" "Mozilla/4.0 (compatible; MSIE 6.0; Windows NT 5.1; Maxthon; .NET CLR 1.1.4322)"
46.118.152.23 - - [02/Aug/2013:15:21:12 +0200] "GET / HTTP/1.1" 200 4185 "http://masecloud.net/" "Mozilla/4.0 (compatible; MSIE 6.0; Windows NT 5.1; Maxthon; .NET CLR 1.1.4322)"
46.118.152.23 - - [02/Aug/2013:15:21:13 +0200] "GET / HTTP/1.1" 200 4185 "http://masecloud.net/" "Mozilla/4.0 (compatible; MSIE 6.0; Windows NT 5.1; Maxthon; .NET CLR 1.1.4322)"
141.8.147.12 - - [02/Aug/2013:15:55:56 +0200] "GET /robots.txt HTTP/1.1" 200 171 "-" "Mozilla/5.0 (compatible; YandexBot/3.0; +http://yandex.com/bots)"
141.8.147.12 - - [02/Aug/2013:15:57:02 +0200] "GET /images/pixel.gif HTTP/1.1" 304 - "-" "Mozilla/5.0 (compatible; YandexImages/3.0; +http://yandex.com/bots)"
66.249.75.88 - - [02/Aug/2013:19:41:51 +0200] "GET /robots.txt HTTP/1.1" 200 171 "-" "Mozilla/5.0 (compatible; Googlebot/2.1; +http://www.google.com/bot.html)"
66.249.75.88 - - [02/Aug/2013:19:41:51 +0200] "GET / HTTP/1.1" 200 4185 "-" "Mozilla/5.0 (iPhone; U; CPU iPhone OS 4_1 like Mac OS X; en-us) AppleWebKit/532.9 (KHTML, like Gecko) Version/4.0.5 Mobile/8B117 Safari/6531.22.7 (compatible; Googlebot-Mobile/2.1; +http://www.google.com/bot.html)"
141.8.147.12 - - [02/Aug/2013:20:54:23 +0200] "GET /images/pixel.gif HTTP/1.1" 304 - "-" "Mozilla/5.0 (compatible; YandexImages/3.0; +http://yandex.com/bots)"
144.76.42.76 - - [02/Aug/2013:21:20:44 +0200] "GET / HTTP/1.1" 200 4185 "-" "Mozilla/5.0 (Macintosh; Intel Mac OS X 10_8_2) AppleWebKit/537.17 (KHTML, like Gecko) Chrome/24.0.1312.52 Safari/537.17"
144.76.42.76 - - [02/Aug/2013:21:20:44 +0200] "GET /leer.htm HTTP/1.1" 200 172 "-" "Mozilla/5.0 (Macintosh; Intel Mac OS X 10_8_2) AppleWebKit/537.17 (KHTML, like Gecko) Chrome/24.0.1312.52 Safari/537.17"
141.8.147.12 - - [02/Aug/2013:23:44:45 +0200] "GET /images/head_leistungen.gif HTTP/1.1" 304 - "-" "Mozilla/5.0 (compatible; YandexImages/3.0; +http://yandex.com/bots)"
141.8.147.12 - - [02/Aug/2013:23:57:51 +0200] "GET /images/bildergalerie.gif HTTP/1.1" 304 - "-" "Mozilla/5.0 (compatible; YandexImages/3.0; +http://yandex.com/bots)"
141.8.147.12 - - [02/Aug/2013:23:57:59 +0200] "GET /images/pfeil_seite2.gif HTTP/1.1" 304 - "-" "Mozilla/5.0 (compatible; YandexImages/3.0; +http://yandex.com/bots)"
141.8.147.12 - - [03/Aug/2013:00:38:07 +0200] "GET /robots.txt HTTP/1.1" 200 171 "-" "Mozilla/5.0 (compatible; YandexBot/3.0; +http://yandex.com/bots)"
141.8.147.12 - - [03/Aug/2013:00:38:35 +0200] "GET /images/head_praxis.gif HTTP/1.1" 304 - "-" "Mozilla/5.0 (compatible; YandexImages/3.0; +http://yandex.com/bots)"
141.8.147.12 - - [03/Aug/2013:01:28:04 +0200] "GET /images/pfeil_seite1.gif HTTP/1.1" 304 - "-" "Mozilla/5.0 (compatible; YandexImages/3.0; +http://yandex.com/bots)"
64.246.178.34 - - [03/Aug/2013:01:29:56 +0200] "GET /robots.txt HTTP/1.0" 200 171 "-" "Mozilla/5.0 (Windows; U; Windows NT 5.1; en; rv:1.9.0.13) Gecko/2009073022 Firefox/3.5.2 (.NET CLR 3.5.30729) SurveyBot/2.3 (DomainTools)"
64.246.178.34 - - [03/Aug/2013:01:29:56 +0200] "GET / HTTP/1.1" 200 4185 "http://whois.domaintools.com/dialyse-schoenebeck.de" "Mozilla/5.0 (Windows; U; Windows NT 5.1; en; rv:1.9.0.13) Gecko/2009073022 Firefox/3.5.2 (.NET CLR 3.5.30729) SurveyBot/2.3 (DomainTools)"
91.207.9.226 - - [03/Aug/2013:01:35:25 +0200] "GET / HTTP/1.1" 200 4185 "http://www.socioforum.su/" "Mozilla/4.61 [en] (X11; U; ) - BrowseX (2.0.0 Windows)"
91.207.9.226 - - [03/Aug/2013:01:35:26 +0200] "GET / HTTP/1.1" 200 4185 "http://www.socioforum.su/" "Mozilla/4.61 [en] (X11; U; ) - BrowseX (2.0.0 Windows)"
91.207.9.226 - - [03/Aug/2013:01:35:27 +0200] "GET / HTTP/1.1" 200 4185 "http://www.socioforum.su/" "Mozilla/4.61 [en] (X11; U; ) - BrowseX (2.0.0 Windows)"
178.137.93.32 - - [03/Aug/2013:03:02:04 +0200] "GET / HTTP/1.1" 200 4185 "http://free-bet-max.info/" "Mozilla/4.0 (compatible; MSIE 6.0; Windows NT 5.1; Maxthon; .NET CLR 1.1.4322)"
178.137.93.32 - - [03/Aug/2013:03:02:05 +0200] "GET / HTTP/1.1" 200 4185 "http://free-bet-max.info/" "Mozilla/4.0 (compatible; MSIE 6.0; Windows NT 5.1; Maxthon; .NET CLR 1.1.4322)"
178.137.93.32 - - [03/Aug/2013:03:02:05 +0200] "GET / HTTP/1.1" 200 4185 "http://free-bet-max.info/" "Mozilla/4.0 (compatible; MSIE 6.0; Windows NT 5.1; Maxthon; .NET CLR 1.1.4322)"
5.10.83.53 - - [03/Aug/2013:03:08:15 +0200] "GET / HTTP/1.1" 200 4185 "-" "Mozilla/5.0 (compatible; AhrefsBot/5.0; +http://ahrefs.com/robot/)"
157.55.32.28 - - [03/Aug/2013:03:56:25 +0200] "GET /robots.txt HTTP/1.1" 200 171 "-" "Mozilla/5.0 (compatible; bingbot/2.0; +http://www.bing.com/bingbot.htm)"
157.56.93.61 - - [03/Aug/2013:03:57:22 +0200] "GET / HTTP/1.1" 200 4185 "-" "Mozilla/5.0 (compatible; bingbot/2.0; +http://www.bing.com/bingbot.htm)"
157.55.32.28 - - [03/Aug/2013:03:57:46 +0200] "GET /home.htm HTTP/1.1" 200 1194 "-" "Mozilla/5.0 (compatible; bingbot/2.0; +http://www.bing.com/bingbot.htm)"
141.8.147.12 - - [03/Aug/2013:06:47:19 +0200] "GET /images/pixel.gif HTTP/1.1" 304 - "-" "Mozilla/5.0 (compatible; YandexImages/3.0; +http://yandex.com/bots)"
141.8.147.12 - - [03/Aug/2013:06:54:55 +0200] "GET /images/pfeil_seite1.gif HTTP/1.1" 304 - "-" "Mozilla/5.0 (compatible; YandexImages/3.0; +http://yandex.com/bots)"
141.8.147.12 - - [03/Aug/2013:07:16:59 +0200] "GET /images/pfeil_seite2.gif HTTP/1.1" 304 - "-" "Mozilla/5.0 (compatible; YandexImages/3.0; +http://yandex.com/bots)"
141.8.147.12 - - [03/Aug/2013:08:17:09 +0200] "GET /images/bildergalerie.gif HTTP/1.1" 304 - "-" "Mozilla/5.0 (compatible; YandexImages/3.0; +http://yandex.com/bots)"
91.207.9.226 - - [03/Aug/2013:08:18:06 +0200] "GET / HTTP/1.1" 200 4185 "http://moregirls.org/" "Mozilla/4.61 [en] (X11; U; ) - BrowseX (2.0.0 Windows)"
91.207.9.226 - - [03/Aug/2013:08:18:07 +0200] "GET / HTTP/1.1" 200 4185 "http://moregirls.org/" "Mozilla/4.61 [en] (X11; U; ) - BrowseX (2.0.0 Windows)"
91.207.9.226 - - [03/Aug/2013:08:18:08 +0200] "GET / HTTP/1.1" 200 4185 "http://moregirls.org/" "Mozilla/4.61 [en] (X11; U; ) - BrowseX (2.0.0 Windows)"
141.8.147.12 - - [03/Aug/2013:08:30:07 +0200] "GET /images/head_praxis.gif HTTP/1.1" 304 - "-" "Mozilla/5.0 (compatible; YandexImages/3.0; +http://yandex.com/bots)"
141.8.147.12 - - [03/Aug/2013:10:58:15 +0200] "GET /images/head_leistungen.gif HTTP/1.1" 304 - "-" "Mozilla/5.0 (compatible; YandexImages/3.0; +http://yandex.com/bots)"
37.139.52.23 - - [03/Aug/2013:13:52:35 +0200] "GET / HTTP/1.1" 200 4185 "http://danelkon.net/" "Mozilla/4.0 (compatible; MSIE 6.0; Windows NT 5.1; Maxthon; .NET CLR 1.1.4322)"
37.139.52.23 - - [03/Aug/2013:13:52:35 +0200] "GET / HTTP/1.1" 200 4185 "http://danelkon.net/" "Mozilla/4.0 (compatible; MSIE 6.0; Windows NT 5.1; Maxthon; .NET CLR 1.1.4322)"
141.8.147.12 - - [03/Aug/2013:15:08:21 +0200] "GET /robots.txt HTTP/1.1" 200 171 "-" "Mozilla/5.0 (compatible; YandexBot/3.0; +http://yandex.com/bots)"
141.8.147.12 - - [03/Aug/2013:15:08:56 +0200] "GET /images/bildergalerie.gif HTTP/1.1" 304 - "-" "Mozilla/5.0 (compatible; YandexImages/3.0; +http://yandex.com/bots)"
141.8.147.12 - - [03/Aug/2013:15:28:14 +0200] "GET /images/pfeil_seite2.gif HTTP/1.1" 304 - "-" "Mozilla/5.0 (compatible; YandexImages/3.0; +http://yandex.com/bots)"
66.249.73.118 - - [03/Aug/2013:16:59:22 +0200] "GET /robots.txt HTTP/1.1" 200 171 "-" "Mozilla/5.0 (compatible; Googlebot/2.1; +http://www.google.com/bot.html)"
66.249.73.118 - - [03/Aug/2013:16:59:22 +0200] "GET / HTTP/1.1" 200 4185 "-" "SAMSUNG-SGH-E250/1.0 Profile/MIDP-2.0 Configuration/CLDC-1.1 UP.Browser/6.2.3.3.c.1.101 (GUI) MMP/2.0 (compatible; Googlebot-Mobile/2.1; +http://www.google.com/bot.html)"
141.8.147.12 - - [03/Aug/2013:17:13:46 +0200] "GET /images/pixel.gif HTTP/1.1" 304 - "-" "Mozilla/5.0 (compatible; YandexImages/3.0; +http://yandex.com/bots)"
141.8.147.12 - - [03/Aug/2013:17:24:25 +0200] "GET /images/pfeil_seite1.gif HTTP/1.1" 304 - "-" "Mozilla/5.0 (compatible; YandexImages/3.0; +http://yandex.com/bots)"
141.8.147.12 - - [03/Aug/2013:17:36:25 +0200] "GET /images/head_praxis.gif HTTP/1.1" 304 - "-" "Mozilla/5.0 (compatible; YandexImages/3.0; +http://yandex.com/bots)"
46.118.152.23 - - [03/Aug/2013:17:51:18 +0200] "GET / HTTP/1.1" 200 4185 "http://muznachas-service.ru/" "Mozilla/4.0 (compatible; MSIE 6.0; Windows NT 5.1; Maxthon; .NET CLR 1.1.4322)"
46.118.152.23 - - [03/Aug/2013:17:51:22 +0200] "GET / HTTP/1.1" 200 4185 "http://muznachas-service.ru/" "Mozilla/4.0 (compatible; MSIE 6.0; Windows NT 5.1; Maxthon; .NET CLR 1.1.4322)"
46.118.152.23 - - [03/Aug/2013:17:51:22 +0200] "GET / HTTP/1.1" 200 4185 "http://muznachas-service.ru/" "Mozilla/4.0 (compatible; MSIE 6.0; Windows NT 5.1; Maxthon; .NET CLR 1.1.4322)"
66.249.73.118 - - [03/Aug/2013:18:01:44 +0200] "GET /images/navi_home_a.jpg HTTP/1.1" 304 - "-" "Googlebot-Image/1.0"
141.8.147.12 - - [03/Aug/2013:19:21:36 +0200] "GET /images/head_leistungen.gif HTTP/1.1" 304 - "-" "Mozilla/5.0 (compatible; YandexImages/3.0; +http://yandex.com/bots)"
37.115.112.210 - - [03/Aug/2013:19:22:08 +0200] "GET / HTTP/1.1" 200 4185 "http://xn--80adj4atbj1eb.xn--p1ai/" "Mozilla/4.0 (compatible; MSIE 6.0; Windows NT 5.0; APC; .NET CLR 1.0.3705; .NET CLR 1.1.4322; .NET CLR 2.0.50215; InfoPath.1)"
37.115.112.210 - - [03/Aug/2013:19:22:09 +0200] "GET / HTTP/1.1" 200 4185 "http://xn--80adj4atbj1eb.xn--p1ai/" "Mozilla/4.0 (compatible; MSIE 6.0; Windows NT 5.0; APC; .NET CLR 1.0.3705; .NET CLR 1.1.4322; .NET CLR 2.0.50215; InfoPath.1)"
37.115.112.210 - - [03/Aug/2013:19:22:09 +0200] "GET / HTTP/1.1" 200 4185 "http://xn--80adj4atbj1eb.xn--p1ai/" "Mozilla/4.0 (compatible; MSIE 6.0; Windows NT 5.0; APC; .NET CLR 1.0.3705; .NET CLR 1.1.4322; .NET CLR 2.0.50215; InfoPath.1)"
84.38.65.176 - - [03/Aug/2013:22:13:38 +0200] "GET / HTTP/1.0" 200 4185 "http://www.backlink-webkatalog.de/" "T-Online Browser"
141.8.147.12 - - [03/Aug/2013:23:15:53 +0200] "GET /images/pfeil_seite2.gif HTTP/1.1" 304 - "-" "Mozilla/5.0 (compatible; YandexImages/3.0; +http://yandex.com/bots)"
141.8.147.12 - - [04/Aug/2013:00:42:33 +0200] "GET /images/pixel.gif HTTP/1.1" 304 - "-" "Mozilla/5.0 (compatible; YandexImages/3.0; +http://yandex.com/bots)"
141.8.147.12 - - [04/Aug/2013:00:55:10 +0200] "GET /images/head_praxis.gif HTTP/1.1" 304 - "-" "Mozilla/5.0 (compatible; YandexImages/3.0; +http://yandex.com/bots)"
91.207.9.226 - - [04/Aug/2013:01:05:19 +0200] "GET / HTTP/1.1" 200 4185 "http://degustar.ru/" "Mozilla/4.61 [en] (X11; U; ) - BrowseX (2.0.0 Windows)"
91.207.9.226 - - [04/Aug/2013:01:05:20 +0200] "GET / HTTP/1.1" 200 4185 "http://degustar.ru/" "Mozilla/4.61 [en] (X11; U; ) - BrowseX (2.0.0 Windows)"
91.207.9.226 - - [04/Aug/2013:01:05:20 +0200] "GET / HTTP/1.1" 200 4185 "http://degustar.ru/" "Mozilla/4.61 [en] (X11; U; ) - BrowseX (2.0.0 Windows)"
178.137.93.32 - - [04/Aug/2013:01:37:07 +0200] "GET / HTTP/1.1" 200 4185 "http://atkinx.com/" "Mozilla/4.0 (compatible; MSIE 6.0; Windows NT 5.1; Maxthon; .NET CLR 1.1.4322)"
178.137.93.32 - - [04/Aug/2013:01:37:07 +0200] "GET / HTTP/1.1" 200 4185 "http://azbuka-sro.ru/" "Mozilla/4.0 (compatible; MSIE 6.0; Windows NT 5.1; Maxthon; .NET CLR 1.1.4322)"
178.137.93.32 - - [04/Aug/2013:01:37:08 +0200] "GET / HTTP/1.1" 200 4185 "http://atkinx.com/" "Mozilla/4.0 (compatible; MSIE 6.0; Windows NT 5.1; Maxthon; .NET CLR 1.1.4322)"
178.137.93.32 - - [04/Aug/2013:01:37:08 +0200] "GET / HTTP/1.1" 200 4185 "http://atkinx.com/" "Mozilla/4.0 (compatible; MSIE 6.0; Windows NT 5.1; Maxthon; .NET CLR 1.1.4322)"
178.137.93.32 - - [04/Aug/2013:01:37:09 +0200] "GET / HTTP/1.1" 200 4185 "http://azbuka-sro.ru/" "Mozilla/4.0 (compatible; MSIE 6.0; Windows NT 5.1; Maxthon; .NET CLR 1.1.4322)"
178.137.93.32 - - [04/Aug/2013:01:37:09 +0200] "GET / HTTP/1.1" 200 4185 "http://azbuka-sro.ru/" "Mozilla/4.0 (compatible; MSIE 6.0; Windows NT 5.1; Maxthon; .NET CLR 1.1.4322)"
178.137.93.32 - - [04/Aug/2013:02:47:31 +0200] "GET / HTTP/1.1" 200 4185 "http://seoprodvig.ru/" "Mozilla/4.0 (compatible; MSIE 6.0; Windows NT 5.1; Maxthon; .NET CLR 1.1.4322)"
178.137.93.32 - - [04/Aug/2013:02:47:32 +0200] "GET / HTTP/1.1" 200 4185 "http://seoprodvig.ru/" "Mozilla/4.0 (compatible; MSIE 6.0; Windows NT 5.1; Maxthon; .NET CLR 1.1.4322)"
46.118.152.23 - - [04/Aug/2013:03:24:04 +0200] "GET / HTTP/1.1" 200 4185 "http://nalberan.com/" "Mozilla/4.0 (compatible; MSIE 6.0; Windows NT 5.1; Maxthon; .NET CLR 1.1.4322)"
46.118.152.23 - - [04/Aug/2013:03:24:04 +0200] "GET / HTTP/1.1" 200 4185 "http://nalberan.com/" "Mozilla/4.0 (compatible; MSIE 6.0; Windows NT 5.1; Maxthon; .NET CLR 1.1.4322)"
46.118.152.23 - - [04/Aug/2013:03:24:08 +0200] "GET / HTTP/1.1" 200 4185 "http://nalberan.com/" "Mozilla/4.0 (compatible; MSIE 6.0; Windows NT 5.1; Maxthon; .NET CLR 1.1.4322)"
141.8.147.12 - - [04/Aug/2013:04:09:54 +0200] "GET /robots.txt HTTP/1.1" 200 171 "-" "Mozilla/5.0 (compatible; YandexBot/3.0; +http://yandex.com/bots)"
141.8.147.12 - - [04/Aug/2013:04:09:56 +0200] "GET /images/bildergalerie.gif HTTP/1.1" 304 - "-" "Mozilla/5.0 (compatible; YandexImages/3.0; +http://yandex.com/bots)"
141.8.147.12 - - [04/Aug/2013:04:36:27 +0200] "GET /images/pfeil_seite1.gif HTTP/1.1" 304 - "-" "Mozilla/5.0 (compatible; YandexImages/3.0; +http://yandex.com/bots)"
208.115.113.89 - - [04/Aug/2013:05:17:46 +0200] "GET /robots.txt HTTP/1.1" 200 171 "-" "Mozilla/5.0 (compatible; Ezooms/1.0; ezooms.bot@gmail.com)"
141.8.147.12 - - [04/Aug/2013:06:20:42 +0200] "GET /images/head_leistungen.gif HTTP/1.1" 304 - "-" "Mozilla/5.0 (compatible; YandexImages/3.0; +http://yandex.com/bots)"
208.115.113.89 - - [04/Aug/2013:07:04:03 +0200] "GET /home.htm HTTP/1.1" 200 1194 "-" "Mozilla/5.0 (compatible; Ezooms/1.0; ezooms.bot@gmail.com)"
141.8.147.12 - - [04/Aug/2013:07:58:17 +0200] "GET /images/bildergalerie.gif HTTP/1.1" 304 - "-" "Mozilla/5.0 (compatible; YandexImages/3.0; +http://yandex.com/bots)"
141.8.147.12 - - [04/Aug/2013:09:11:13 +0200] "GET /images/head_praxis.gif HTTP/1.1" 304 - "-" "Mozilla/5.0 (compatible; YandexImages/3.0; +http://yandex.com/bots)"
141.8.147.12 - - [04/Aug/2013:10:39:00 +0200] "GET /images/pixel.gif HTTP/1.1" 304 - "-" "Mozilla/5.0 (compatible; YandexImages/3.0; +http://yandex.com/bots)"
141.8.147.12 - - [04/Aug/2013:11:39:09 +0200] "GET /images/pfeil_seite1.gif HTTP/1.1" 304 - "-" "Mozilla/5.0 (compatible; YandexImages/3.0; +http://yandex.com/bots)"
89.108.102.171 - - [04/Aug/2013:11:53:27 +0200] "GET / HTTP/1.1" 200 4185 "http://www.fotopostapp.com/" "Mozilla/4.0 (compatible; MSIE 7.0b; Windows NT 6.0)"
89.108.102.171 - - [04/Aug/2013:11:53:28 +0200] "GET / HTTP/1.1" 200 4185 "http://www.fotopostapp.com/" "Mozilla/4.0 (compatible; MSIE 7.0b; Windows NT 6.0)"
141.8.147.12 - - [04/Aug/2013:12:04:43 +0200] "GET /images/pfeil_seite2.gif HTTP/1.1" 304 - "-" "Mozilla/5.0 (compatible; YandexImages/3.0; +http://yandex.com/bots)"
94.222.24.204 - - [04/Aug/2013:12:42:02 +0200] "GET / HTTP/1.1" 200 4185 "https://www.google.de/" "Mozilla/5.0 (Windows NT 6.1; WOW64) AppleWebKit/537.36 (KHTML, like Gecko) Chrome/28.0.1500.95 Safari/537.36"
94.222.24.204 - - [04/Aug/2013:12:42:02 +0200] "GET /leer.htm HTTP/1.1" 200 172 "http://www.dialyse-schoenebeck.de/" "Mozilla/5.0 (Windows NT 6.1; WOW64) AppleWebKit/537.36 (KHTML, like Gecko) Chrome/28.0.1500.95 Safari/537.36"
94.222.24.204 - - [04/Aug/2013:12:42:02 +0200] "GET /header.htm HTTP/1.1" 200 795 "http://www.dialyse-schoenebeck.de/" "Mozilla/5.0 (Windows NT 6.1; WOW64) AppleWebKit/537.36 (KHTML, like Gecko) Chrome/28.0.1500.95 Safari/537.36"
94.222.24.204 - - [04/Aug/2013:12:42:03 +0200] "GET /home.htm HTTP/1.1" 200 1194 "http://www.dialyse-schoenebeck.de/" "Mozilla/5.0 (Windows NT 6.1; WOW64) AppleWebKit/537.36 (KHTML, like Gecko) Chrome/28.0.1500.95 Safari/537.36"
94.222.24.204 - - [04/Aug/2013:12:42:03 +0200] "GET /navi.htm HTTP/1.1" 200 4594 "http://www.dialyse-schoenebeck.de/" "Mozilla/5.0 (Windows NT 6.1; WOW64) AppleWebKit/537.36 (KHTML, like Gecko) Chrome/28.0.1500.95 Safari/537.36"
94.222.24.204 - - [04/Aug/2013:12:42:03 +0200] "GET /images/ein_service.jpg HTTP/1.1" 200 2356 "http://www.dialyse-schoenebeck.de/header.htm" "Mozilla/5.0 (Windows NT 6.1; WOW64) AppleWebKit/537.36 (KHTML, like Gecko) Chrome/28.0.1500.95 Safari/537.36"
94.222.24.204 - - [04/Aug/2013:12:42:03 +0200] "GET /images/frame_head2.jpg HTTP/1.1" 200 16134 "http://www.dialyse-schoenebeck.de/header.htm" "Mozilla/5.0 (Windows NT 6.1; WOW64) AppleWebKit/537.36 (KHTML, like Gecko) Chrome/28.0.1500.95 Safari/537.36"
94.222.24.204 - - [04/Aug/2013:12:42:03 +0200] "GET /images/navi_praxis_a.jpg HTTP/1.1" 200 1905 "http://www.dialyse-schoenebeck.de/navi.htm" "Mozilla/5.0 (Windows NT 6.1; WOW64) AppleWebKit/537.36 (KHTML, like Gecko) Chrome/28.0.1500.95 Safari/537.36"
94.222.24.204 - - [04/Aug/2013:12:42:03 +0200] "GET /images/frame_navi2.jpg HTTP/1.1" 200 2965 "http://www.dialyse-schoenebeck.de/navi.htm" "Mozilla/5.0 (Windows NT 6.1; WOW64) AppleWebKit/537.36 (KHTML, like Gecko) Chrome/28.0.1500.95 Safari/537.36"
94.222.24.204 - - [04/Aug/2013:12:42:03 +0200] "GET /images/willkommen.gif HTTP/1.1" 200 1926 "http://www.dialyse-schoenebeck.de/home.htm" "Mozilla/5.0 (Windows NT 6.1; WOW64) AppleWebKit/537.36 (KHTML, like Gecko) Chrome/28.0.1500.95 Safari/537.36"
94.222.24.204 - - [04/Aug/2013:12:42:03 +0200] "GET /images/home.jpg HTTP/1.1" 200 17467 "http://www.dialyse-schoenebeck.de/home.htm" "Mozilla/5.0 (Windows NT 6.1; WOW64) AppleWebKit/537.36 (KHTML, like Gecko) Chrome/28.0.1500.95 Safari/537.36"
94.222.24.204 - - [04/Aug/2013:12:42:03 +0200] "GET /images/pixel.gif HTTP/1.1" 200 43 "http://www.dialyse-schoenebeck.de/home.htm" "Mozilla/5.0 (Windows NT 6.1; WOW64) AppleWebKit/537.36 (KHTML, like Gecko) Chrome/28.0.1500.95 Safari/537.36"
94.222.24.204 - - [04/Aug/2013:12:42:03 +0200] "GET /images/navi_leistungen_a.jpg HTTP/1.1" 200 2088 "http://www.dialyse-schoenebeck.de/navi.htm" "Mozilla/5.0 (Windows NT 6.1; WOW64) AppleWebKit/537.36 (KHTML, like Gecko) Chrome/28.0.1500.95 Safari/537.36"
94.222.24.204 - - [04/Aug/2013:12:42:03 +0200] "GET /images/navi_news_a.jpg HTTP/1.1" 200 1809 "http://www.dialyse-schoenebeck.de/navi.htm" "Mozilla/5.0 (Windows NT 6.1; WOW64) AppleWebKit/537.36 (KHTML, like Gecko) Chrome/28.0.1500.95 Safari/537.36"
94.222.24.204 - - [04/Aug/2013:12:42:03 +0200] "GET /images/navi_dialyse_a.jpg HTTP/1.1" 200 2373 "http://www.dialyse-schoenebeck.de/navi.htm" "Mozilla/5.0 (Windows NT 6.1; WOW64) AppleWebKit/537.36 (KHTML, like Gecko) Chrome/28.0.1500.95 Safari/537.36"
94.222.24.204 - - [04/Aug/2013:12:42:03 +0200] "GET /images/navi_kontakt_a.jpg HTTP/1.1" 200 1826 "http://www.dialyse-schoenebeck.de/navi.htm" "Mozilla/5.0 (Windows NT 6.1; WOW64) AppleWebKit/537.36 (KHTML, like Gecko) Chrome/28.0.1500.95 Safari/537.36"
94.222.24.204 - - [04/Aug/2013:12:42:03 +0200] "GET /images/navi_links_a.jpg HTTP/1.1" 200 2032 "http://www.dialyse-schoenebeck.de/navi.htm" "Mozilla/5.0 (Windows NT 6.1; WOW64) AppleWebKit/537.36 (KHTML, like Gecko) Chrome/28.0.1500.95 Safari/537.36"
94.222.24.204 - - [04/Aug/2013:12:42:03 +0200] "GET /images/navi_home_a.jpg HTTP/1.1" 200 2206 "http://www.dialyse-schoenebeck.de/navi.htm" "Mozilla/5.0 (Windows NT 6.1; WOW64) AppleWebKit/537.36 (KHTML, like Gecko) Chrome/28.0.1500.95 Safari/537.36"
94.222.24.204 - - [04/Aug/2013:12:42:03 +0200] "GET /images/navi_praxis_b.jpg HTTP/1.1" 200 2241 "http://www.dialyse-schoenebeck.de/navi.htm" "Mozilla/5.0 (Windows NT 6.1; WOW64) AppleWebKit/537.36 (KHTML, like Gecko) Chrome/28.0.1500.95 Safari/537.36"
94.222.24.204 - - [04/Aug/2013:12:42:03 +0200] "GET /images/navi_leistungen_b.jpg HTTP/1.1" 200 2343 "http://www.dialyse-schoenebeck.de/navi.htm" "Mozilla/5.0 (Windows NT 6.1; WOW64) AppleWebKit/537.36 (KHTML, like Gecko) Chrome/28.0.1500.95 Safari/537.36"
94.222.24.204 - - [04/Aug/2013:12:42:03 +0200] "GET /images/navi_dialyse_b.jpg HTTP/1.1" 200 2745 "http://www.dialyse-schoenebeck.de/navi.htm" "Mozilla/5.0 (Windows NT 6.1; WOW64) AppleWebKit/537.36 (KHTML, like Gecko) Chrome/28.0.1500.95 Safari/537.36"
94.222.24.204 - - [04/Aug/2013:12:42:03 +0200] "GET /images/navi_links_b.jpg HTTP/1.1" 200 2344 "http://www.dialyse-schoenebeck.de/navi.htm" "Mozilla/5.0 (Windows NT 6.1; WOW64) AppleWebKit/537.36 (KHTML, like Gecko) Chrome/28.0.1500.95 Safari/537.36"
94.222.24.204 - - [04/Aug/2013:12:42:03 +0200] "GET /images/navi_home_b.jpg HTTP/1.1" 200 2478 "http://www.dialyse-schoenebeck.de/navi.htm" "Mozilla/5.0 (Windows NT 6.1; WOW64) AppleWebKit/537.36 (KHTML, like Gecko) Chrome/28.0.1500.95 Safari/537.36"
94.222.24.204 - - [04/Aug/2013:12:42:03 +0200] "GET /images/navi_kontakt_b.jpg HTTP/1.1" 200 2094 "http://www.dialyse-schoenebeck.de/navi.htm" "Mozilla/5.0 (Windows NT 6.1; WOW64) AppleWebKit/537.36 (KHTML, like Gecko) Chrome/28.0.1500.95 Safari/537.36"
94.222.24.204 - - [04/Aug/2013:12:42:03 +0200] "GET /images/navi_news_b.jpg HTTP/1.1" 200 2200 "http://www.dialyse-schoenebeck.de/navi.htm" "Mozilla/5.0 (Windows NT 6.1; WOW64) AppleWebKit/537.36 (KHTML, like Gecko) Chrome/28.0.1500.95 Safari/537.36"
94.222.24.204 - - [04/Aug/2013:12:42:03 +0200] "GET /favicon.ico HTTP/1.1" 404 1256 "-" "Mozilla/5.0 (Windows NT 6.1; WOW64) AppleWebKit/537.36 (KHTML, like Gecko) Chrome/28.0.1500.95 Safari/537.36"
94.222.24.204 - - [04/Aug/2013:12:42:07 +0200] "GET /kontakt.htm HTTP/1.1" 200 3886 "http://www.dialyse-schoenebeck.de/navi.htm" "Mozilla/5.0 (Windows NT 6.1; WOW64) AppleWebKit/537.36 (KHTML, like Gecko) Chrome/28.0.1500.95 Safari/537.36"
94.222.24.204 - - [04/Aug/2013:12:42:07 +0200] "GET /images/zum_anmeldeformular.gif HTTP/1.1" 200 498 "http://www.dialyse-schoenebeck.de/kontakt.htm" "Mozilla/5.0 (Windows NT 6.1; WOW64) AppleWebKit/537.36 (KHTML, like Gecko) Chrome/28.0.1500.95 Safari/537.36"
94.222.24.204 - - [04/Aug/2013:12:42:07 +0200] "GET /images/head_kontakt.gif HTTP/1.1" 200 533 "http://www.dialyse-schoenebeck.de/kontakt.htm" "Mozilla/5.0 (Windows NT 6.1; WOW64) AppleWebKit/537.36 (KHTML, like Gecko) Chrome/28.0.1500.95 Safari/537.36"
94.222.24.204 - - [04/Aug/2013:12:42:07 +0200] "GET /css/master_diapraxis_silber.css HTTP/1.1" 200 507 "http://www.dialyse-schoenebeck.de/kontakt.htm" "Mozilla/5.0 (Windows NT 6.1; WOW64) AppleWebKit/537.36 (KHTML, like Gecko) Chrome/28.0.1500.95 Safari/537.36"
94.222.24.204 - - [04/Aug/2013:12:42:07 +0200] "GET /images/plan_schoenebeck_mini.jpg HTTP/1.1" 200 14406 "http://www.dialyse-schoenebeck.de/kontakt.htm" "Mozilla/5.0 (Windows NT 6.1; WOW64) AppleWebKit/537.36 (KHTML, like Gecko) Chrome/28.0.1500.95 Safari/537.36"
94.222.24.204 - - [04/Aug/2013:12:42:07 +0200] "GET /images/plan_magdeburg_mini.jpg HTTP/1.1" 200 6592 "http://www.dialyse-schoenebeck.de/kontakt.htm" "Mozilla/5.0 (Windows NT 6.1; WOW64) AppleWebKit/537.36 (KHTML, like Gecko) Chrome/28.0.1500.95 Safari/537.36"
94.222.24.204 - - [04/Aug/2013:12:42:08 +0200] "GET /favicon.ico HTTP/1.1" 404 1256 "-" "Mozilla/5.0 (Windows NT 6.1; WOW64) AppleWebKit/537.36 (KHTML, like Gecko) Chrome/28.0.1500.95 Safari/537.36"
94.222.24.204 - - [04/Aug/2013:12:42:30 +0200] "GET /praxis.htm HTTP/1.1" 200 2232 "http://www.dialyse-schoenebeck.de/navi.htm" "Mozilla/5.0 (Windows NT 6.1; WOW64) AppleWebKit/537.36 (KHTML, like Gecko) Chrome/28.0.1500.95 Safari/537.36"
94.222.24.204 - - [04/Aug/2013:12:42:30 +0200] "GET /images/head_praxis.gif HTTP/1.1" 200 487 "http://www.dialyse-schoenebeck.de/praxis.htm" "Mozilla/5.0 (Windows NT 6.1; WOW64) AppleWebKit/537.36 (KHTML, like Gecko) Chrome/28.0.1500.95 Safari/537.36"
94.222.24.204 - - [04/Aug/2013:12:42:30 +0200] "GET /images/bildergalerie.gif HTTP/1.1" 200 553 "http://www.dialyse-schoenebeck.de/praxis.htm" "Mozilla/5.0 (Windows NT 6.1; WOW64) AppleWebKit/537.36 (KHTML, like Gecko) Chrome/28.0.1500.95 Safari/537.36"
94.222.24.204 - - [04/Aug/2013:12:42:30 +0200] "GET /images/praxis1.jpg HTTP/1.1" 200 19217 "http://www.dialyse-schoenebeck.de/praxis.htm" "Mozilla/5.0 (Windows NT 6.1; WOW64) AppleWebKit/537.36 (KHTML, like Gecko) Chrome/28.0.1500.95 Safari/537.36"
94.222.24.204 - - [04/Aug/2013:12:42:30 +0200] "GET /images/pfeil_seite2.gif HTTP/1.1" 200 277 "http://www.dialyse-schoenebeck.de/praxis.htm" "Mozilla/5.0 (Windows NT 6.1; WOW64) AppleWebKit/537.36 (KHTML, like Gecko) Chrome/28.0.1500.95 Safari/537.36"
94.222.24.204 - - [04/Aug/2013:12:42:30 +0200] "GET /favicon.ico HTTP/1.1" 404 1256 "-" "Mozilla/5.0 (Windows NT 6.1; WOW64) AppleWebKit/537.36 (KHTML, like Gecko) Chrome/28.0.1500.95 Safari/537.36"
94.222.24.204 - - [04/Aug/2013:12:42:33 +0200] "GET /news-extern.htm HTTP/1.1" 200 560 "http://www.dialyse-schoenebeck.de/navi.htm" "Mozilla/5.0 (Windows NT 6.1; WOW64) AppleWebKit/537.36 (KHTML, like Gecko) Chrome/28.0.1500.95 Safari/537.36"
94.222.24.204 - - [04/Aug/2013:12:42:33 +0200] "GET /favicon.ico HTTP/1.1" 404 1256 "-" "Mozilla/5.0 (Windows NT 6.1; WOW64) AppleWebKit/537.36 (KHTML, like Gecko) Chrome/28.0.1500.95 Safari/537.36"
94.222.24.204 - - [04/Aug/2013:12:42:33 +0200] "GET /favicon.ico HTTP/1.1" 404 1256 "-" "Mozilla/5.0 (Windows NT 6.1; WOW64) AppleWebKit/537.36 (KHTML, like Gecko) Chrome/28.0.1500.95 Safari/537.36"
94.222.24.204 - - [04/Aug/2013:12:42:36 +0200] "GET /favicon.ico HTTP/1.1" 404 1256 "-" "Mozilla/5.0 (Windows NT 6.1; WOW64) AppleWebKit/537.36 (KHTML, like Gecko) Chrome/28.0.1500.95 Safari/537.36"
94.222.24.204 - - [04/Aug/2013:12:42:49 +0200] "GET /favicon.ico HTTP/1.1" 404 1256 "-" "Mozilla/5.0 (Windows NT 6.1; WOW64) AppleWebKit/537.36 (KHTML, like Gecko) Chrome/28.0.1500.95 Safari/537.36"
94.222.24.204 - - [04/Aug/2013:12:42:51 +0200] "GET /links.htm HTTP/1.1" 200 1889 "http://www.dialyse-schoenebeck.de/navi.htm" "Mozilla/5.0 (Windows NT 6.1; WOW64) AppleWebKit/537.36 (KHTML, like Gecko) Chrome/28.0.1500.95 Safari/537.36"
94.222.24.204 - - [04/Aug/2013:12:42:51 +0200] "GET /images/head_links.gif HTTP/1.1" 200 417 "http://www.dialyse-schoenebeck.de/links.htm" "Mozilla/5.0 (Windows NT 6.1; WOW64) AppleWebKit/537.36 (KHTML, like Gecko) Chrome/28.0.1500.95 Safari/537.36"
94.222.24.204 - - [04/Aug/2013:12:42:51 +0200] "GET /images/links.jpg HTTP/1.1" 200 17217 "http://www.dialyse-schoenebeck.de/links.htm" "Mozilla/5.0 (Windows NT 6.1; WOW64) AppleWebKit/537.36 (KHTML, like Gecko) Chrome/28.0.1500.95 Safari/537.36"
94.222.24.204 - - [04/Aug/2013:12:42:51 +0200] "GET /favicon.ico HTTP/1.1" 404 1256 "-" "Mozilla/5.0 (Windows NT 6.1; WOW64) AppleWebKit/537.36 (KHTML, like Gecko) Chrome/28.0.1500.95 Safari/537.36"
94.222.24.204 - - [04/Aug/2013:12:43:05 +0200] "GET /favicon.ico HTTP/1.1" 404 1256 "-" "Mozilla/5.0 (Windows NT 6.1; WOW64) AppleWebKit/537.36 (KHTML, like Gecko) Chrome/28.0.1500.95 Safari/537.36"
94.222.24.204 - - [04/Aug/2013:12:43:08 +0200] "GET /favicon.ico HTTP/1.1" 404 1256 "-" "Mozilla/5.0 (Windows NT 6.1; WOW64) AppleWebKit/537.36 (KHTML, like Gecko) Chrome/28.0.1500.95 Safari/537.36"
94.222.24.204 - - [04/Aug/2013:12:43:43 +0200] "GET /favicon.ico HTTP/1.1" 404 1256 "-" "Mozilla/5.0 (Windows NT 6.1; WOW64) AppleWebKit/537.36 (KHTML, like Gecko) Chrome/28.0.1500.95 Safari/537.36"
94.222.24.204 - - [04/Aug/2013:12:43:45 +0200] "GET /favicon.ico HTTP/1.1" 404 1256 "-" "Mozilla/5.0 (Windows NT 6.1; WOW64) AppleWebKit/537.36 (KHTML, like Gecko) Chrome/28.0.1500.95 Safari/537.36"
94.222.24.204 - - [04/Aug/2013:12:43:47 +0200] "GET /favicon.ico HTTP/1.1" 404 1256 "-" "Mozilla/5.0 (Windows NT 6.1; WOW64) AppleWebKit/537.36 (KHTML, like Gecko) Chrome/28.0.1500.95 Safari/537.36"
94.222.24.204 - - [04/Aug/2013:12:43:47 +0200] "GET /favicon.ico HTTP/1.1" 404 1256 "-" "Mozilla/5.0 (Windows NT 6.1; WOW64) AppleWebKit/537.36 (KHTML, like Gecko) Chrome/28.0.1500.95 Safari/537.36"
92.249.127.111 - - [04/Aug/2013:13:49:50 +0200] "GET / HTTP/1.1" 200 4185 "http://rakedonel.com/" "Mozilla/5.0 (compatible; news bot /2.1)"
92.249.127.111 - - [04/Aug/2013:13:49:50 +0200] "GET / HTTP/1.1" 200 4185 "http://rakedonel.com/" "Mozilla/5.0 (compatible; news bot /2.1)"
92.249.127.111 - - [04/Aug/2013:13:49:50 +0200] "GET / HTTP/1.1" 200 4185 "http://rakedonel.com/" "Mozilla/5.0 (compatible; news bot /2.1)"
87.189.66.209 - - [04/Aug/2013:14:45:05 +0200] "GET / HTTP/1.1" 304 - "http://suche.aol.de/aol/search?s_it=topsearchbox.search&v_t=aolde-homePage50&s_chn=hp&q=dialyse+sch%C3%B6nebeck" "Mozilla/4.0 (compatible; MSIE 8.0; Windows NT 5.1; Trident/4.0; GTB7.5; .NET CLR 1.1.4322; .NET CLR 2.0.50727; .NET CLR 3.0.4506.2152; .NET CLR 3.5.30729)"
87.189.66.209 - - [04/Aug/2013:14:45:05 +0200] "GET /leer.htm HTTP/1.1" 304 - "http://www.dialyse-schoenebeck.de/" "Mozilla/4.0 (compatible; MSIE 8.0; Windows NT 5.1; Trident/4.0; GTB7.5; .NET CLR 1.1.4322; .NET CLR 2.0.50727; .NET CLR 3.0.4506.2152; .NET CLR 3.5.30729)"
87.189.66.209 - - [04/Aug/2013:14:45:05 +0200] "GET /leer.htm HTTP/1.1" 304 - "http://www.dialyse-schoenebeck.de/" "Mozilla/4.0 (compatible; MSIE 8.0; Windows NT 5.1; Trident/4.0; GTB7.5; .NET CLR 1.1.4322; .NET CLR 2.0.50727; .NET CLR 3.0.4506.2152; .NET CLR 3.5.30729)"
87.189.66.209 - - [04/Aug/2013:14:45:05 +0200] "GET /leer.htm HTTP/1.1" 304 - "http://www.dialyse-schoenebeck.de/" "Mozilla/4.0 (compatible; MSIE 8.0; Windows NT 5.1; Trident/4.0; GTB7.5; .NET CLR 1.1.4322; .NET CLR 2.0.50727; .NET CLR 3.0.4506.2152; .NET CLR 3.5.30729)"
87.189.66.209 - - [04/Aug/2013:14:45:05 +0200] "GET /header.htm HTTP/1.1" 304 - "http://www.dialyse-schoenebeck.de/" "Mozilla/4.0 (compatible; MSIE 8.0; Windows NT 5.1; Trident/4.0; GTB7.5; .NET CLR 1.1.4322; .NET CLR 2.0.50727; .NET CLR 3.0.4506.2152; .NET CLR 3.5.30729)"
87.189.66.209 - - [04/Aug/2013:14:45:05 +0200] "GET /leer.htm HTTP/1.1" 304 - "http://www.dialyse-schoenebeck.de/" "Mozilla/4.0 (compatible; MSIE 8.0; Windows NT 5.1; Trident/4.0; GTB7.5; .NET CLR 1.1.4322; .NET CLR 2.0.50727; .NET CLR 3.0.4506.2152; .NET CLR 3.5.30729)"
87.189.66.209 - - [04/Aug/2013:14:45:05 +0200] "GET /leer.htm HTTP/1.1" 304 - "http://www.dialyse-schoenebeck.de/" "Mozilla/4.0 (compatible; MSIE 8.0; Windows NT 5.1; Trident/4.0; GTB7.5; .NET CLR 1.1.4322; .NET CLR 2.0.50727; .NET CLR 3.0.4506.2152; .NET CLR 3.5.30729)"
87.189.66.209 - - [04/Aug/2013:14:45:05 +0200] "GET /leer.htm HTTP/1.1" 304 - "http://www.dialyse-schoenebeck.de/" "Mozilla/4.0 (compatible; MSIE 8.0; Windows NT 5.1; Trident/4.0; GTB7.5; .NET CLR 1.1.4322; .NET CLR 2.0.50727; .NET CLR 3.0.4506.2152; .NET CLR 3.5.30729)"
87.189.66.209 - - [04/Aug/2013:14:45:05 +0200] "GET /navi.htm HTTP/1.1" 304 - "http://www.dialyse-schoenebeck.de/" "Mozilla/4.0 (compatible; MSIE 8.0; Windows NT 5.1; Trident/4.0; GTB7.5; .NET CLR 1.1.4322; .NET CLR 2.0.50727; .NET CLR 3.0.4506.2152; .NET CLR 3.5.30729)"
87.189.66.209 - - [04/Aug/2013:14:45:05 +0200] "GET /home.htm HTTP/1.1" 304 - "http://www.dialyse-schoenebeck.de/" "Mozilla/4.0 (compatible; MSIE 8.0; Windows NT 5.1; Trident/4.0; GTB7.5; .NET CLR 1.1.4322; .NET CLR 2.0.50727; .NET CLR 3.0.4506.2152; .NET CLR 3.5.30729)"
87.189.66.209 - - [04/Aug/2013:14:45:05 +0200] "GET /leer.htm HTTP/1.1" 304 - "http://www.dialyse-schoenebeck.de/" "Mozilla/4.0 (compatible; MSIE 8.0; Windows NT 5.1; Trident/4.0; GTB7.5; .NET CLR 1.1.4322; .NET CLR 2.0.50727; .NET CLR 3.0.4506.2152; .NET CLR 3.5.30729)"
87.189.66.209 - - [04/Aug/2013:14:45:05 +0200] "GET /leer.htm HTTP/1.1" 304 - "http://www.dialyse-schoenebeck.de/" "Mozilla/4.0 (compatible; MSIE 8.0; Windows NT 5.1; Trident/4.0; GTB7.5; .NET CLR 1.1.4322; .NET CLR 2.0.50727; .NET CLR 3.0.4506.2152; .NET CLR 3.5.30729)"
87.189.66.209 - - [04/Aug/2013:14:45:05 +0200] "GET /leer.htm HTTP/1.1" 304 - "http://www.dialyse-schoenebeck.de/" "Mozilla/4.0 (compatible; MSIE 8.0; Windows NT 5.1; Trident/4.0; GTB7.5; .NET CLR 1.1.4322; .NET CLR 2.0.50727; .NET CLR 3.0.4506.2152; .NET CLR 3.5.30729)"
87.189.66.209 - - [04/Aug/2013:14:45:05 +0200] "GET /leer.htm HTTP/1.1" 304 - "http://www.dialyse-schoenebeck.de/" "Mozilla/4.0 (compatible; MSIE 8.0; Windows NT 5.1; Trident/4.0; GTB7.5; .NET CLR 1.1.4322; .NET CLR 2.0.50727; .NET CLR 3.0.4506.2152; .NET CLR 3.5.30729)"
87.189.66.209 - - [04/Aug/2013:14:45:05 +0200] "GET /images/willkommen.gif HTTP/1.1" 304 - "http://www.dialyse-schoenebeck.de/home.htm" "Mozilla/4.0 (compatible; MSIE 8.0; Windows NT 5.1; Trident/4.0; GTB7.5; .NET CLR 1.1.4322; .NET CLR 2.0.50727; .NET CLR 3.0.4506.2152; .NET CLR 3.5.30729)"
87.189.66.209 - - [04/Aug/2013:14:45:05 +0200] "GET /images/home.jpg HTTP/1.1" 304 - "http://www.dialyse-schoenebeck.de/home.htm" "Mozilla/4.0 (compatible; MSIE 8.0; Windows NT 5.1; Trident/4.0; GTB7.5; .NET CLR 1.1.4322; .NET CLR 2.0.50727; .NET CLR 3.0.4506.2152; .NET CLR 3.5.30729)"
87.189.66.209 - - [04/Aug/2013:14:45:05 +0200] "GET /images/pixel.gif HTTP/1.1" 304 - "http://www.dialyse-schoenebeck.de/home.htm" "Mozilla/4.0 (compatible; MSIE 8.0; Windows NT 5.1; Trident/4.0; GTB7.5; .NET CLR 1.1.4322; .NET CLR 2.0.50727; .NET CLR 3.0.4506.2152; .NET CLR 3.5.30729)"
87.189.66.209 - - [04/Aug/2013:14:45:05 +0200] "GET /images/ein_service.jpg HTTP/1.1" 304 - "http://www.dialyse-schoenebeck.de/header.htm" "Mozilla/4.0 (compatible; MSIE 8.0; Windows NT 5.1; Trident/4.0; GTB7.5; .NET CLR 1.1.4322; .NET CLR 2.0.50727; .NET CLR 3.0.4506.2152; .NET CLR 3.5.30729)"
87.189.66.209 - - [04/Aug/2013:14:45:05 +0200] "GET /images/frame_head2.jpg HTTP/1.1" 304 - "http://www.dialyse-schoenebeck.de/header.htm" "Mozilla/4.0 (compatible; MSIE 8.0; Windows NT 5.1; Trident/4.0; GTB7.5; .NET CLR 1.1.4322; .NET CLR 2.0.50727; .NET CLR 3.0.4506.2152; .NET CLR 3.5.30729)"
87.189.66.209 - - [04/Aug/2013:14:45:05 +0200] "GET /images/frame_navi2.jpg HTTP/1.1" 304 - "http://www.dialyse-schoenebeck.de/navi.htm" "Mozilla/4.0 (compatible; MSIE 8.0; Windows NT 5.1; Trident/4.0; GTB7.5; .NET CLR 1.1.4322; .NET CLR 2.0.50727; .NET CLR 3.0.4506.2152; .NET CLR 3.5.30729)"
87.189.66.209 - - [04/Aug/2013:14:45:05 +0200] "GET /images/navi_news_a.jpg HTTP/1.1" 304 - "http://www.dialyse-schoenebeck.de/navi.htm" "Mozilla/4.0 (compatible; MSIE 8.0; Windows NT 5.1; Trident/4.0; GTB7.5; .NET CLR 1.1.4322; .NET CLR 2.0.50727; .NET CLR 3.0.4506.2152; .NET CLR 3.5.30729)"
87.189.66.209 - - [04/Aug/2013:14:45:05 +0200] "GET /images/navi_praxis_a.jpg HTTP/1.1" 304 - "http://www.dialyse-schoenebeck.de/navi.htm" "Mozilla/4.0 (compatible; MSIE 8.0; Windows NT 5.1; Trident/4.0; GTB7.5; .NET CLR 1.1.4322; .NET CLR 2.0.50727; .NET CLR 3.0.4506.2152; .NET CLR 3.5.30729)"
87.189.66.209 - - [04/Aug/2013:14:45:05 +0200] "GET /images/navi_leistungen_a.jpg HTTP/1.1" 304 - "http://www.dialyse-schoenebeck.de/navi.htm" "Mozilla/4.0 (compatible; MSIE 8.0; Windows NT 5.1; Trident/4.0; GTB7.5; .NET CLR 1.1.4322; .NET CLR 2.0.50727; .NET CLR 3.0.4506.2152; .NET CLR 3.5.30729)"
87.189.66.209 - - [04/Aug/2013:14:45:05 +0200] "GET /images/navi_dialyse_a.jpg HTTP/1.1" 304 - "http://www.dialyse-schoenebeck.de/navi.htm" "Mozilla/4.0 (compatible; MSIE 8.0; Windows NT 5.1; Trident/4.0; GTB7.5; .NET CLR 1.1.4322; .NET CLR 2.0.50727; .NET CLR 3.0.4506.2152; .NET CLR 3.5.30729)"
87.189.66.209 - - [04/Aug/2013:14:45:05 +0200] "GET /images/navi_links_a.jpg HTTP/1.1" 304 - "http://www.dialyse-schoenebeck.de/navi.htm" "Mozilla/4.0 (compatible; MSIE 8.0; Windows NT 5.1; Trident/4.0; GTB7.5; .NET CLR 1.1.4322; .NET CLR 2.0.50727; .NET CLR 3.0.4506.2152; .NET CLR 3.5.30729)"
87.189.66.209 - - [04/Aug/2013:14:45:05 +0200] "GET /images/navi_kontakt_a.jpg HTTP/1.1" 304 - "http://www.dialyse-schoenebeck.de/navi.htm" "Mozilla/4.0 (compatible; MSIE 8.0; Windows NT 5.1; Trident/4.0; GTB7.5; .NET CLR 1.1.4322; .NET CLR 2.0.50727; .NET CLR 3.0.4506.2152; .NET CLR 3.5.30729)"
87.189.66.209 - - [04/Aug/2013:14:45:05 +0200] "GET /images/navi_home_a.jpg HTTP/1.1" 304 - "http://www.dialyse-schoenebeck.de/navi.htm" "Mozilla/4.0 (compatible; MSIE 8.0; Windows NT 5.1; Trident/4.0; GTB7.5; .NET CLR 1.1.4322; .NET CLR 2.0.50727; .NET CLR 3.0.4506.2152; .NET CLR 3.5.30729)"
87.189.66.209 - - [04/Aug/2013:14:45:05 +0200] "GET /images/navi_praxis_b.jpg HTTP/1.1" 304 - "http://www.dialyse-schoenebeck.de/navi.htm" "Mozilla/4.0 (compatible; MSIE 8.0; Windows NT 5.1; Trident/4.0; GTB7.5; .NET CLR 1.1.4322; .NET CLR 2.0.50727; .NET CLR 3.0.4506.2152; .NET CLR 3.5.30729)"
87.189.66.209 - - [04/Aug/2013:14:45:05 +0200] "GET /images/navi_leistungen_b.jpg HTTP/1.1" 304 - "http://www.dialyse-schoenebeck.de/navi.htm" "Mozilla/4.0 (compatible; MSIE 8.0; Windows NT 5.1; Trident/4.0; GTB7.5; .NET CLR 1.1.4322; .NET CLR 2.0.50727; .NET CLR 3.0.4506.2152; .NET CLR 3.5.30729)"
87.189.66.209 - - [04/Aug/2013:14:45:05 +0200] "GET /images/navi_dialyse_b.jpg HTTP/1.1" 304 - "http://www.dialyse-schoenebeck.de/navi.htm" "Mozilla/4.0 (compatible; MSIE 8.0; Windows NT 5.1; Trident/4.0; GTB7.5; .NET CLR 1.1.4322; .NET CLR 2.0.50727; .NET CLR 3.0.4506.2152; .NET CLR 3.5.30729)"
87.189.66.209 - - [04/Aug/2013:14:45:05 +0200] "GET /images/navi_home_b.jpg HTTP/1.1" 304 - "http://www.dialyse-schoenebeck.de/navi.htm" "Mozilla/4.0 (compatible; MSIE 8.0; Windows NT 5.1; Trident/4.0; GTB7.5; .NET CLR 1.1.4322; .NET CLR 2.0.50727; .NET CLR 3.0.4506.2152; .NET CLR 3.5.30729)"
87.189.66.209 - - [04/Aug/2013:14:45:05 +0200] "GET /images/navi_kontakt_b.jpg HTTP/1.1" 304 - "http://www.dialyse-schoenebeck.de/navi.htm" "Mozilla/4.0 (compatible; MSIE 8.0; Windows NT 5.1; Trident/4.0; GTB7.5; .NET CLR 1.1.4322; .NET CLR 2.0.50727; .NET CLR 3.0.4506.2152; .NET CLR 3.5.30729)"
87.189.66.209 - - [04/Aug/2013:14:45:05 +0200] "GET /images/navi_links_b.jpg HTTP/1.1" 304 - "http://www.dialyse-schoenebeck.de/navi.htm" "Mozilla/4.0 (compatible; MSIE 8.0; Windows NT 5.1; Trident/4.0; GTB7.5; .NET CLR 1.1.4322; .NET CLR 2.0.50727; .NET CLR 3.0.4506.2152; .NET CLR 3.5.30729)"
87.189.66.209 - - [04/Aug/2013:14:45:06 +0200] "GET /images/navi_news_b.jpg HTTP/1.1" 304 - "http://www.dialyse-schoenebeck.de/navi.htm" "Mozilla/4.0 (compatible; MSIE 8.0; Windows NT 5.1; Trident/4.0; GTB7.5; .NET CLR 1.1.4322; .NET CLR 2.0.50727; .NET CLR 3.0.4506.2152; .NET CLR 3.5.30729)"
87.189.66.209 - - [04/Aug/2013:14:45:13 +0200] "GET /images/navi_news_a.jpg HTTP/1.1" 304 - "http://www.dialyse-schoenebeck.de/navi.htm" "Mozilla/4.0 (compatible; MSIE 8.0; Windows NT 5.1; Trident/4.0; GTB7.5; .NET CLR 1.1.4322; .NET CLR 2.0.50727; .NET CLR 3.0.4506.2152; .NET CLR 3.5.30729)"
87.189.66.209 - - [04/Aug/2013:14:45:13 +0200] "GET /images/navi_news_a.jpg HTTP/1.1" 304 - "http://www.dialyse-schoenebeck.de/navi.htm" "Mozilla/4.0 (compatible; MSIE 8.0; Windows NT 5.1; Trident/4.0; GTB7.5; .NET CLR 1.1.4322; .NET CLR 2.0.50727; .NET CLR 3.0.4506.2152; .NET CLR 3.5.30729)"
87.189.66.209 - - [04/Aug/2013:14:45:13 +0200] "GET /images/navi_praxis_a.jpg HTTP/1.1" 304 - "http://www.dialyse-schoenebeck.de/navi.htm" "Mozilla/4.0 (compatible; MSIE 8.0; Windows NT 5.1; Trident/4.0; GTB7.5; .NET CLR 1.1.4322; .NET CLR 2.0.50727; .NET CLR 3.0.4506.2152; .NET CLR 3.5.30729)"
87.189.66.209 - - [04/Aug/2013:14:45:14 +0200] "GET /images/navi_news_a.jpg HTTP/1.1" 304 - "http://www.dialyse-schoenebeck.de/navi.htm" "Mozilla/4.0 (compatible; MSIE 8.0; Windows NT 5.1; Trident/4.0; GTB7.5; .NET CLR 1.1.4322; .NET CLR 2.0.50727; .NET CLR 3.0.4506.2152; .NET CLR 3.5.30729)"
87.189.66.209 - - [04/Aug/2013:14:45:15 +0200] "GET /images/navi_praxis_a.jpg HTTP/1.1" 304 - "http://www.dialyse-schoenebeck.de/navi.htm" "Mozilla/4.0 (compatible; MSIE 8.0; Windows NT 5.1; Trident/4.0; GTB7.5; .NET CLR 1.1.4322; .NET CLR 2.0.50727; .NET CLR 3.0.4506.2152; .NET CLR 3.5.30729)"
87.189.66.209 - - [04/Aug/2013:14:45:15 +0200] "GET /news-extern.htm HTTP/1.1" 304 - "http://www.dialyse-schoenebeck.de/navi.htm" "Mozilla/4.0 (compatible; MSIE 8.0; Windows NT 5.1; Trident/4.0; GTB7.5; .NET CLR 1.1.4322; .NET CLR 2.0.50727; .NET CLR 3.0.4506.2152; .NET CLR 3.5.30729)"
87.189.66.209 - - [04/Aug/2013:14:45:18 +0200] "GET /images/navi_news_a.jpg HTTP/1.1" 304 - "http://www.dialyse-schoenebeck.de/navi.htm" "Mozilla/4.0 (compatible; MSIE 8.0; Windows NT 5.1; Trident/4.0; GTB7.5; .NET CLR 1.1.4322; .NET CLR 2.0.50727; .NET CLR 3.0.4506.2152; .NET CLR 3.5.30729)"
87.189.66.209 - - [04/Aug/2013:14:45:19 +0200] "GET /leistungen.htm HTTP/1.1" 304 - "http://www.dialyse-schoenebeck.de/navi.htm" "Mozilla/4.0 (compatible; MSIE 8.0; Windows NT 5.1; Trident/4.0; GTB7.5; .NET CLR 1.1.4322; .NET CLR 2.0.50727; .NET CLR 3.0.4506.2152; .NET CLR 3.5.30729)"
87.189.66.209 - - [04/Aug/2013:14:45:19 +0200] "GET /images/pixel.gif HTTP/1.1" 304 - "http://www.dialyse-schoenebeck.de/leistungen.htm" "Mozilla/4.0 (compatible; MSIE 8.0; Windows NT 5.1; Trident/4.0; GTB7.5; .NET CLR 1.1.4322; .NET CLR 2.0.50727; .NET CLR 3.0.4506.2152; .NET CLR 3.5.30729)"
87.189.66.209 - - [04/Aug/2013:14:45:20 +0200] "GET /images/head_leistungen.gif HTTP/1.1" 304 - "http://www.dialyse-schoenebeck.de/leistungen.htm" "Mozilla/4.0 (compatible; MSIE 8.0; Windows NT 5.1; Trident/4.0; GTB7.5; .NET CLR 1.1.4322; .NET CLR 2.0.50727; .NET CLR 3.0.4506.2152; .NET CLR 3.5.30729)"
87.189.66.209 - - [04/Aug/2013:14:45:20 +0200] "GET /images/leistungen1.jpg HTTP/1.1" 304 - "http://www.dialyse-schoenebeck.de/leistungen.htm" "Mozilla/4.0 (compatible; MSIE 8.0; Windows NT 5.1; Trident/4.0; GTB7.5; .NET CLR 1.1.4322; .NET CLR 2.0.50727; .NET CLR 3.0.4506.2152; .NET CLR 3.5.30729)"
87.189.66.209 - - [04/Aug/2013:14:45:21 +0200] "GET /images/navi_leistungen_a.jpg HTTP/1.1" 304 - "http://www.dialyse-schoenebeck.de/navi.htm" "Mozilla/4.0 (compatible; MSIE 8.0; Windows NT 5.1; Trident/4.0; GTB7.5; .NET CLR 1.1.4322; .NET CLR 2.0.50727; .NET CLR 3.0.4506.2152; .NET CLR 3.5.30729)"
87.189.66.209 - - [04/Aug/2013:14:45:22 +0200] "GET /images/navi_leistungen_a.jpg HTTP/1.1" 304 - "http://www.dialyse-schoenebeck.de/navi.htm" "Mozilla/4.0 (compatible; MSIE 8.0; Windows NT 5.1; Trident/4.0; GTB7.5; .NET CLR 1.1.4322; .NET CLR 2.0.50727; .NET CLR 3.0.4506.2152; .NET CLR 3.5.30729)"
