87.189.66.209 - - [04/Aug/2013:14:45:24 +0200] "GET /dialyse.htm HTTP/1.1" 304 - "http://www.dialyse-schoenebeck.de/navi.htm" "Mozilla/4.0 (compatible; MSIE 8.0; Windows NT 5.1; Trident/4.0; GTB7.5; .NET CLR 1.1.4322; .NET CLR 2.0.50727; .NET CLR 3.0.4506.2152; .NET CLR 3.5.30729)"
87.189.66.209 - - [04/Aug/2013:14:45:25 +0200] "GET /css/master_diapraxis_silber.css HTTP/1.1" 304 - "http://www.dialyse-schoenebeck.de/dialyse.htm" "Mozilla/4.0 (compatible; MSIE 8.0; Windows NT 5.1; Trident/4.0; GTB7.5; .NET CLR 1.1.4322; .NET CLR 2.0.50727; .NET CLR 3.0.4506.2152; .NET CLR 3.5.30729)"
87.189.66.209 - - [04/Aug/2013:14:45:25 +0200] "GET /images/dialyse.jpg HTTP/1.1" 304 - "http://www.dialyse-schoenebeck.de/dialyse.htm" "Mozilla/4.0 (compatible; MSIE 8.0; Windows NT 5.1; Trident/4.0; GTB7.5; .NET CLR 1.1.4322; .NET CLR 2.0.50727; .NET CLR 3.0.4506.2152; .NET CLR 3.5.30729)"
87.189.66.209 - - [04/Aug/2013:14:45:25 +0200] "GET /images/pixel.gif HTTP/1.1" 304 - "http://www.dialyse-schoenebeck.de/dialyse.htm" "Mozilla/4.0 (compatible; MSIE 8.0; Windows NT 5.1; Trident/4.0; GTB7.5; .NET CLR 1.1.4322; .NET CLR 2.0.50727; .NET CLR 3.0.4506.2152; .NET CLR 3.5.30729)"
87.189.66.209 - - [04/Aug/2013:14:45:25 +0200] "GET /images/head_dialyse.gif HTTP/1.1" 304 - "http://www.dialyse-schoenebeck.de/dialyse.htm" "Mozilla/4.0 (compatible; MSIE 8.0; Windows NT 5.1; Trident/4.0; GTB7.5; .NET CLR 1.1.4322; .NET CLR 2.0.50727; .NET CLR 3.0.4506.2152; .NET CLR 3.5.30729)"
87.189.66.209 - - [04/Aug/2013:14:45:26 +0200] "GET /images/navi_dialyse_a.jpg HTTP/1.1" 304 - "http://www.dialyse-schoenebeck.de/navi.htm" "Mozilla/4.0 (compatible; MSIE 8.0; Windows NT 5.1; Trident/4.0; GTB7.5; .NET CLR 1.1.4322; .NET CLR 2.0.50727; .NET CLR 3.0.4506.2152; .NET CLR 3.5.30729)"
87.189.66.209 - - [04/Aug/2013:14:45:31 +0200] "GET /images/navi_leistungen_a.jpg HTTP/1.1" 304 - "http://www.dialyse-schoenebeck.de/navi.htm" "Mozilla/4.0 (compatible; MSIE 8.0; Windows NT 5.1; Trident/4.0; GTB7.5; .NET CLR 1.1.4322; .NET CLR 2.0.50727; .NET CLR 3.0.4506.2152; .NET CLR 3.5.30729)"
87.189.66.209 - - [04/Aug/2013:14:45:31 +0200] "GET /images/navi_dialyse_a.jpg HTTP/1.1" 304 - "http://www.dialyse-schoenebeck.de/navi.htm" "Mozilla/4.0 (compatible; MSIE 8.0; Windows NT 5.1; Trident/4.0; GTB7.5; .NET CLR 1.1.4322; .NET CLR 2.0.50727; .NET CLR 3.0.4506.2152; .NET CLR 3.5.30729)"
87.189.66.209 - - [04/Aug/2013:14:45:32 +0200] "GET /images/navi_kontakt_a.jpg HTTP/1.1" 304 - "http://www.dialyse-schoenebeck.de/navi.htm" "Mozilla/4.0 (compatible; MSIE 8.0; Windows NT 5.1; Trident/4.0; GTB7.5; .NET CLR 1.1.4322; .NET CLR 2.0.50727; .NET CLR 3.0.4506.2152; .NET CLR 3.5.30729)"
87.189.66.209 - - [04/Aug/2013:14:45:32 +0200] "GET /images/navi_dialyse_a.jpg HTTP/1.1" 304 - "http://www.dialyse-schoenebeck.de/navi.htm" "Mozilla/4.0 (compatible; MSIE 8.0; Windows NT 5.1; Trident/4.0; GTB7.5; .NET CLR 1.1.4322; .NET CLR 2.0.50727; .NET CLR 3.0.4506.2152; .NET CLR 3.5.30729)"
87.189.66.209 - - [04/Aug/2013:14:45:32 +0200] "GET /images/navi_news_a.jpg HTTP/1.1" 304 - "http://www.dialyse-schoenebeck.de/navi.htm" "Mozilla/4.0 (compatible; MSIE 8.0; Windows NT 5.1; Trident/4.0; GTB7.5; .NET CLR 1.1.4322; .NET CLR 2.0.50727; .NET CLR 3.0.4506.2152; .NET CLR 3.5.30729)"
87.189.66.209 - - [04/Aug/2013:14:45:33 +0200] "GET /praxis.htm HTTP/1.1" 304 - "http://www.dialyse-schoenebeck.de/navi.htm" "Mozilla/4.0 (compatible; MSIE 8.0; Windows NT 5.1; Trident/4.0; GTB7.5; .NET CLR 1.1.4322; .NET CLR 2.0.50727; .NET CLR 3.0.4506.2152; .NET CLR 3.5.30729)"
87.189.66.209 - - [04/Aug/2013:14:45:33 +0200] "GET /images/head_praxis.gif HTTP/1.1" 304 - "http://www.dialyse-schoenebeck.de/praxis.htm" "Mozilla/4.0 (compatible; MSIE 8.0; Windows NT 5.1; Trident/4.0; GTB7.5; .NET CLR 1.1.4322; .NET CLR 2.0.50727; .NET CLR 3.0.4506.2152; .NET CLR 3.5.30729)"
87.189.66.209 - - [04/Aug/2013:14:45:33 +0200] "GET /images/pixel.gif HTTP/1.1" 304 - "http://www.dialyse-schoenebeck.de/praxis.htm" "Mozilla/4.0 (compatible; MSIE 8.0; Windows NT 5.1; Trident/4.0; GTB7.5; .NET CLR 1.1.4322; .NET CLR 2.0.50727; .NET CLR 3.0.4506.2152; .NET CLR 3.5.30729)"
87.189.66.209 - - [04/Aug/2013:14:45:33 +0200] "GET /images/praxis1.jpg HTTP/1.1" 304 - "http://www.dialyse-schoenebeck.de/praxis.htm" "Mozilla/4.0 (compatible; MSIE 8.0; Windows NT 5.1; Trident/4.0; GTB7.5; .NET CLR 1.1.4322; .NET CLR 2.0.50727; .NET CLR 3.0.4506.2152; .NET CLR 3.5.30729)"
87.189.66.209 - - [04/Aug/2013:14:45:33 +0200] "GET /images/pfeil_seite2.gif HTTP/1.1" 304 - "http://www.dialyse-schoenebeck.de/praxis.htm" "Mozilla/4.0 (compatible; MSIE 8.0; Windows NT 5.1; Trident/4.0; GTB7.5; .NET CLR 1.1.4322; .NET CLR 2.0.50727; .NET CLR 3.0.4506.2152; .NET CLR 3.5.30729)"
87.189.66.209 - - [04/Aug/2013:14:45:33 +0200] "GET /images/bildergalerie.gif HTTP/1.1" 304 - "http://www.dialyse-schoenebeck.de/praxis.htm" "Mozilla/4.0 (compatible; MSIE 8.0; Windows NT 5.1; Trident/4.0; GTB7.5; .NET CLR 1.1.4322; .NET CLR 2.0.50727; .NET CLR 3.0.4506.2152; .NET CLR 3.5.30729)"
87.189.66.209 - - [04/Aug/2013:14:45:34 +0200] "GET /images/navi_praxis_a.jpg HTTP/1.1" 304 - "http://www.dialyse-schoenebeck.de/navi.htm" "Mozilla/4.0 (compatible; MSIE 8.0; Windows NT 5.1; Trident/4.0; GTB7.5; .NET CLR 1.1.4322; .NET CLR 2.0.50727; .NET CLR 3.0.4506.2152; .NET CLR 3.5.30729)"
87.189.66.209 - - [04/Aug/2013:14:45:38 +0200] "GET /galerie.htm HTTP/1.1" 304 - "-" "Mozilla/4.0 (compatible; MSIE 8.0; Windows NT 5.1; Trident/4.0; GTB7.5; .NET CLR 1.1.4322; .NET CLR 2.0.50727; .NET CLR 3.0.4506.2152; .NET CLR 3.5.30729)"
87.189.66.209 - - [04/Aug/2013:14:45:38 +0200] "GET /galerie.js HTTP/1.1" 304 - "http://www.dialyse-schoenebeck.de/galerie.htm" "Mozilla/4.0 (compatible; MSIE 8.0; Windows NT 5.1; Trident/4.0; GTB7.5; .NET CLR 1.1.4322; .NET CLR 2.0.50727; .NET CLR 3.0.4506.2152; .NET CLR 3.5.30729)"
87.189.66.209 - - [04/Aug/2013:14:45:38 +0200] "GET /images/pixel.gif HTTP/1.1" 304 - "http://www.dialyse-schoenebeck.de/galerie.htm" "Mozilla/4.0 (compatible; MSIE 8.0; Windows NT 5.1; Trident/4.0; GTB7.5; .NET CLR 1.1.4322; .NET CLR 2.0.50727; .NET CLR 3.0.4506.2152; .NET CLR 3.5.30729)"
87.189.66.209 - - [04/Aug/2013:14:45:38 +0200] "GET /galerie/pfeil_zurueck.gif HTTP/1.1" 304 - "http://www.dialyse-schoenebeck.de/galerie.htm" "Mozilla/4.0 (compatible; MSIE 8.0; Windows NT 5.1; Trident/4.0; GTB7.5; .NET CLR 1.1.4322; .NET CLR 2.0.50727; .NET CLR 3.0.4506.2152; .NET CLR 3.5.30729)"
87.189.66.209 - - [04/Aug/2013:14:45:38 +0200] "GET /galerie/pfeil_weiter.gif HTTP/1.1" 304 - "http://www.dialyse-schoenebeck.de/galerie.htm" "Mozilla/4.0 (compatible; MSIE 8.0; Windows NT 5.1; Trident/4.0; GTB7.5; .NET CLR 1.1.4322; .NET CLR 2.0.50727; .NET CLR 3.0.4506.2152; .NET CLR 3.5.30729)"
87.189.66.209 - - [04/Aug/2013:14:45:38 +0200] "GET /galerie/bild_1.jpg HTTP/1.1" 304 - "http://www.dialyse-schoenebeck.de/galerie.htm" "Mozilla/4.0 (compatible; MSIE 8.0; Windows NT 5.1; Trident/4.0; GTB7.5; .NET CLR 1.1.4322; .NET CLR 2.0.50727; .NET CLR 3.0.4506.2152; .NET CLR 3.5.30729)"
87.189.66.209 - - [04/Aug/2013:14:45:41 +0200] "GET /galerie/bild_2.jpg HTTP/1.1" 304 - "http://www.dialyse-schoenebeck.de/galerie.htm" "Mozilla/4.0 (compatible; MSIE 8.0; Windows NT 5.1; Trident/4.0; GTB7.5; .NET CLR 1.1.4322; .NET CLR 2.0.50727; .NET CLR 3.0.4506.2152; .NET CLR 3.5.30729)"
87.189.66.209 - - [04/Aug/2013:14:45:42 +0200] "GET /galerie/bild_3.jpg HTTP/1.1" 304 - "http://www.dialyse-schoenebeck.de/galerie.htm" "Mozilla/4.0 (compatible; MSIE 8.0; Windows NT 5.1; Trident/4.0; GTB7.5; .NET CLR 1.1.4322; .NET CLR 2.0.50727; .NET CLR 3.0.4506.2152; .NET CLR 3.5.30729)"
87.189.66.209 - - [04/Aug/2013:14:45:43 +0200] "GET /galerie/bild_4.jpg HTTP/1.1" 304 - "http://www.dialyse-schoenebeck.de/galerie.htm" "Mozilla/4.0 (compatible; MSIE 8.0; Windows NT 5.1; Trident/4.0; GTB7.5; .NET CLR 1.1.4322; .NET CLR 2.0.50727; .NET CLR 3.0.4506.2152; .NET CLR 3.5.30729)"
87.189.66.209 - - [04/Aug/2013:14:45:44 +0200] "GET /galerie/bild_5.jpg HTTP/1.1" 304 - "http://www.dialyse-schoenebeck.de/galerie.htm" "Mozilla/4.0 (compatible; MSIE 8.0; Windows NT 5.1; Trident/4.0; GTB7.5; .NET CLR 1.1.4322; .NET CLR 2.0.50727; .NET CLR 3.0.4506.2152; .NET CLR 3.5.30729)"
87.189.66.209 - - [04/Aug/2013:14:45:45 +0200] "GET /galerie/bild_6.jpg HTTP/1.1" 304 - "http://www.dialyse-schoenebeck.de/galerie.htm" "Mozilla/4.0 (compatible; MSIE 8.0; Windows NT 5.1; Trident/4.0; GTB7.5; .NET CLR 1.1.4322; .NET CLR 2.0.50727; .NET CLR 3.0.4506.2152; .NET CLR 3.5.30729)"
87.189.66.209 - - [04/Aug/2013:14:45:46 +0200] "GET /galerie/bild_7.jpg HTTP/1.1" 304 - "http://www.dialyse-schoenebeck.de/galerie.htm" "Mozilla/4.0 (compatible; MSIE 8.0; Windows NT 5.1; Trident/4.0; GTB7.5; .NET CLR 1.1.4322; .NET CLR 2.0.50727; .NET CLR 3.0.4506.2152; .NET CLR 3.5.30729)"
87.189.66.209 - - [04/Aug/2013:14:45:47 +0200] "GET /galerie/bild_8.jpg HTTP/1.1" 304 - "http://www.dialyse-schoenebeck.de/galerie.htm" "Mozilla/4.0 (compatible; MSIE 8.0; Windows NT 5.1; Trident/4.0; GTB7.5; .NET CLR 1.1.4322; .NET CLR 2.0.50727; .NET CLR 3.0.4506.2152; .NET CLR 3.5.30729)"
87.189.66.209 - - [04/Aug/2013:14:45:48 +0200] "GET /galerie/bild_9.jpg HTTP/1.1" 304 - "http://www.dialyse-schoenebeck.de/galerie.htm" "Mozilla/4.0 (compatible; MSIE 8.0; Windows NT 5.1; Trident/4.0; GTB7.5; .NET CLR 1.1.4322; .NET CLR 2.0.50727; .NET CLR 3.0.4506.2152; .NET CLR 3.5.30729)"
87.189.66.209 - - [04/Aug/2013:14:45:49 +0200] "GET /galerie/bild_10.jpg HTTP/1.1" 304 - "http://www.dialyse-schoenebeck.de/galerie.htm" "Mozilla/4.0 (compatible; MSIE 8.0; Windows NT 5.1; Trident/4.0; GTB7.5; .NET CLR 1.1.4322; .NET CLR 2.0.50727; .NET CLR 3.0.4506.2152; .NET CLR 3.5.30729)"
87.189.66.209 - - [04/Aug/2013:14:45:53 +0200] "GET /galerie/bild_11.jpg HTTP/1.1" 304 - "http://www.dialyse-schoenebeck.de/galerie.htm" "Mozilla/4.0 (compatible; MSIE 8.0; Windows NT 5.1; Trident/4.0; GTB7.5; .NET CLR 1.1.4322; .NET CLR 2.0.50727; .NET CLR 3.0.4506.2152; .NET CLR 3.5.30729)"
87.189.66.209 - - [04/Aug/2013:14:45:56 +0200] "GET /galerie/bild_12.jpg HTTP/1.1" 304 - "http://www.dialyse-schoenebeck.de/galerie.htm" "Mozilla/4.0 (compatible; MSIE 8.0; Windows NT 5.1; Trident/4.0; GTB7.5; .NET CLR 1.1.4322; .NET CLR 2.0.50727; .NET CLR 3.0.4506.2152; .NET CLR 3.5.30729)"
87.189.66.209 - - [04/Aug/2013:14:46:05 +0200] "GET /images/navi_dialyse_a.jpg HTTP/1.1" 304 - "http://www.dialyse-schoenebeck.de/navi.htm" "Mozilla/4.0 (compatible; MSIE 8.0; Windows NT 5.1; Trident/4.0; GTB7.5; .NET CLR 1.1.4322; .NET CLR 2.0.50727; .NET CLR 3.0.4506.2152; .NET CLR 3.5.30729)"
87.189.66.209 - - [04/Aug/2013:14:46:05 +0200] "GET /kontakt.htm HTTP/1.1" 304 - "http://www.dialyse-schoenebeck.de/navi.htm" "Mozilla/4.0 (compatible; MSIE 8.0; Windows NT 5.1; Trident/4.0; GTB7.5; .NET CLR 1.1.4322; .NET CLR 2.0.50727; .NET CLR 3.0.4506.2152; .NET CLR 3.5.30729)"
87.189.66.209 - - [04/Aug/2013:14:46:05 +0200] "GET /css/master_diapraxis_silber.css HTTP/1.1" 304 - "http://www.dialyse-schoenebeck.de/kontakt.htm" "Mozilla/4.0 (compatible; MSIE 8.0; Windows NT 5.1; Trident/4.0; GTB7.5; .NET CLR 1.1.4322; .NET CLR 2.0.50727; .NET CLR 3.0.4506.2152; .NET CLR 3.5.30729)"
87.189.66.209 - - [04/Aug/2013:14:46:06 +0200] "GET /images/zum_anmeldeformular.gif HTTP/1.1" 304 - "http://www.dialyse-schoenebeck.de/kontakt.htm" "Mozilla/4.0 (compatible; MSIE 8.0; Windows NT 5.1; Trident/4.0; GTB7.5; .NET CLR 1.1.4322; .NET CLR 2.0.50727; .NET CLR 3.0.4506.2152; .NET CLR 3.5.30729)"
87.189.66.209 - - [04/Aug/2013:14:46:06 +0200] "GET /images/head_kontakt.gif HTTP/1.1" 304 - "http://www.dialyse-schoenebeck.de/kontakt.htm" "Mozilla/4.0 (compatible; MSIE 8.0; Windows NT 5.1; Trident/4.0; GTB7.5; .NET CLR 1.1.4322; .NET CLR 2.0.50727; .NET CLR 3.0.4506.2152; .NET CLR 3.5.30729)"
87.189.66.209 - - [04/Aug/2013:14:46:06 +0200] "GET /images/plan_schoenebeck_mini.jpg HTTP/1.1" 304 - "http://www.dialyse-schoenebeck.de/kontakt.htm" "Mozilla/4.0 (compatible; MSIE 8.0; Windows NT 5.1; Trident/4.0; GTB7.5; .NET CLR 1.1.4322; .NET CLR 2.0.50727; .NET CLR 3.0.4506.2152; .NET CLR 3.5.30729)"
87.189.66.209 - - [04/Aug/2013:14:46:06 +0200] "GET /images/plan_magdeburg_mini.jpg HTTP/1.1" 304 - "http://www.dialyse-schoenebeck.de/kontakt.htm" "Mozilla/4.0 (compatible; MSIE 8.0; Windows NT 5.1; Trident/4.0; GTB7.5; .NET CLR 1.1.4322; .NET CLR 2.0.50727; .NET CLR 3.0.4506.2152; .NET CLR 3.5.30729)"
87.189.66.209 - - [04/Aug/2013:14:46:07 +0200] "GET /images/navi_kontakt_a.jpg HTTP/1.1" 304 - "http://www.dialyse-schoenebeck.de/navi.htm" "Mozilla/4.0 (compatible; MSIE 8.0; Windows NT 5.1; Trident/4.0; GTB7.5; .NET CLR 1.1.4322; .NET CLR 2.0.50727; .NET CLR 3.0.4506.2152; .NET CLR 3.5.30729)"
87.189.66.209 - - [04/Aug/2013:14:46:17 +0200] "GET /kontakt_umgebung.htm HTTP/1.1" 200 312 "-" "Mozilla/4.0 (compatible; MSIE 8.0; Windows NT 5.1; Trident/4.0; GTB7.5; .NET CLR 1.1.4322; .NET CLR 2.0.50727; .NET CLR 3.0.4506.2152; .NET CLR 3.5.30729)"
87.189.66.209 - - [04/Aug/2013:14:46:17 +0200] "GET /images/plan_magdeburg.jpg HTTP/1.1" 200 32220 "http://www.dialyse-schoenebeck.de/kontakt_umgebung.htm" "Mozilla/4.0 (compatible; MSIE 8.0; Windows NT 5.1; Trident/4.0; GTB7.5; .NET CLR 1.1.4322; .NET CLR 2.0.50727; .NET CLR 3.0.4506.2152; .NET CLR 3.5.30729)"
87.189.66.209 - - [04/Aug/2013:14:46:18 +0200] "GET /kontakt_umgebung.htm HTTP/1.1" 304 - "-" "Mozilla/4.0 (compatible; MSIE 8.0; Windows NT 5.1; Trident/4.0; GTB7.5; .NET CLR 1.1.4322; .NET CLR 2.0.50727; .NET CLR 3.0.4506.2152; .NET CLR 3.5.30729)"
87.189.66.209 - - [04/Aug/2013:14:46:18 +0200] "GET /images/plan_magdeburg.jpg HTTP/1.1" 304 - "http://www.dialyse-schoenebeck.de/kontakt_umgebung.htm" "Mozilla/4.0 (compatible; MSIE 8.0; Windows NT 5.1; Trident/4.0; GTB7.5; .NET CLR 1.1.4322; .NET CLR 2.0.50727; .NET CLR 3.0.4506.2152; .NET CLR 3.5.30729)"
87.189.66.209 - - [04/Aug/2013:14:46:37 +0200] "GET /images/navi_news_a.jpg HTTP/1.1" 304 - "http://www.dialyse-schoenebeck.de/navi.htm" "Mozilla/4.0 (compatible; MSIE 8.0; Windows NT 5.1; Trident/4.0; GTB7.5; .NET CLR 1.1.4322; .NET CLR 2.0.50727; .NET CLR 3.0.4506.2152; .NET CLR 3.5.30729)"
87.189.66.209 - - [04/Aug/2013:14:46:38 +0200] "GET /praxis.htm HTTP/1.1" 304 - "http://www.dialyse-schoenebeck.de/navi.htm" "Mozilla/4.0 (compatible; MSIE 8.0; Windows NT 5.1; Trident/4.0; GTB7.5; .NET CLR 1.1.4322; .NET CLR 2.0.50727; .NET CLR 3.0.4506.2152; .NET CLR 3.5.30729)"
87.189.66.209 - - [04/Aug/2013:14:46:39 +0200] "GET /images/head_praxis.gif HTTP/1.1" 304 - "http://www.dialyse-schoenebeck.de/praxis.htm" "Mozilla/4.0 (compatible; MSIE 8.0; Windows NT 5.1; Trident/4.0; GTB7.5; .NET CLR 1.1.4322; .NET CLR 2.0.50727; .NET CLR 3.0.4506.2152; .NET CLR 3.5.30729)"
87.189.66.209 - - [04/Aug/2013:14:46:39 +0200] "GET /images/bildergalerie.gif HTTP/1.1" 304 - "http://www.dialyse-schoenebeck.de/praxis.htm" "Mozilla/4.0 (compatible; MSIE 8.0; Windows NT 5.1; Trident/4.0; GTB7.5; .NET CLR 1.1.4322; .NET CLR 2.0.50727; .NET CLR 3.0.4506.2152; .NET CLR 3.5.30729)"
87.189.66.209 - - [04/Aug/2013:14:46:39 +0200] "GET /images/praxis1.jpg HTTP/1.1" 304 - "http://www.dialyse-schoenebeck.de/praxis.htm" "Mozilla/4.0 (compatible; MSIE 8.0; Windows NT 5.1; Trident/4.0; GTB7.5; .NET CLR 1.1.4322; .NET CLR 2.0.50727; .NET CLR 3.0.4506.2152; .NET CLR 3.5.30729)"
87.189.66.209 - - [04/Aug/2013:14:46:39 +0200] "GET /images/pfeil_seite2.gif HTTP/1.1" 304 - "http://www.dialyse-schoenebeck.de/praxis.htm" "Mozilla/4.0 (compatible; MSIE 8.0; Windows NT 5.1; Trident/4.0; GTB7.5; .NET CLR 1.1.4322; .NET CLR 2.0.50727; .NET CLR 3.0.4506.2152; .NET CLR 3.5.30729)"
87.189.66.209 - - [04/Aug/2013:14:46:39 +0200] "GET /images/pixel.gif HTTP/1.1" 304 - "http://www.dialyse-schoenebeck.de/praxis.htm" "Mozilla/4.0 (compatible; MSIE 8.0; Windows NT 5.1; Trident/4.0; GTB7.5; .NET CLR 1.1.4322; .NET CLR 2.0.50727; .NET CLR 3.0.4506.2152; .NET CLR 3.5.30729)"
87.189.66.209 - - [04/Aug/2013:14:46:39 +0200] "GET /images/navi_praxis_a.jpg HTTP/1.1" 304 - "http://www.dialyse-schoenebeck.de/navi.htm" "Mozilla/4.0 (compatible; MSIE 8.0; Windows NT 5.1; Trident/4.0; GTB7.5; .NET CLR 1.1.4322; .NET CLR 2.0.50727; .NET CLR 3.0.4506.2152; .NET CLR 3.5.30729)"
87.189.66.209 - - [04/Aug/2013:14:46:42 +0200] "GET /praxis2.htm HTTP/1.1" 200 4257 "http://www.dialyse-schoenebeck.de/praxis.htm" "Mozilla/4.0 (compatible; MSIE 8.0; Windows NT 5.1; Trident/4.0; GTB7.5; .NET CLR 1.1.4322; .NET CLR 2.0.50727; .NET CLR 3.0.4506.2152; .NET CLR 3.5.30729)"
87.189.66.209 - - [04/Aug/2013:14:46:42 +0200] "GET /css/master_diapraxis_silber.css HTTP/1.1" 304 - "http://www.dialyse-schoenebeck.de/praxis2.htm" "Mozilla/4.0 (compatible; MSIE 8.0; Windows NT 5.1; Trident/4.0; GTB7.5; .NET CLR 1.1.4322; .NET CLR 2.0.50727; .NET CLR 3.0.4506.2152; .NET CLR 3.5.30729)"
87.189.66.209 - - [04/Aug/2013:14:46:42 +0200] "GET /images/pixel.gif HTTP/1.1" 304 - "http://www.dialyse-schoenebeck.de/praxis2.htm" "Mozilla/4.0 (compatible; MSIE 8.0; Windows NT 5.1; Trident/4.0; GTB7.5; .NET CLR 1.1.4322; .NET CLR 2.0.50727; .NET CLR 3.0.4506.2152; .NET CLR 3.5.30729)"
87.189.66.209 - - [04/Aug/2013:14:46:42 +0200] "GET /images/head_praxis.gif HTTP/1.1" 304 - "http://www.dialyse-schoenebeck.de/praxis2.htm" "Mozilla/4.0 (compatible; MSIE 8.0; Windows NT 5.1; Trident/4.0; GTB7.5; .NET CLR 1.1.4322; .NET CLR 2.0.50727; .NET CLR 3.0.4506.2152; .NET CLR 3.5.30729)"
87.189.66.209 - - [04/Aug/2013:14:46:42 +0200] "GET /images/pfeil_seite1.gif HTTP/1.1" 200 274 "http://www.dialyse-schoenebeck.de/praxis2.htm" "Mozilla/4.0 (compatible; MSIE 8.0; Windows NT 5.1; Trident/4.0; GTB7.5; .NET CLR 1.1.4322; .NET CLR 2.0.50727; .NET CLR 3.0.4506.2152; .NET CLR 3.5.30729)"
87.189.66.209 - - [04/Aug/2013:14:46:42 +0200] "GET /images/praxis2.jpg HTTP/1.1" 200 20781 "http://www.dialyse-schoenebeck.de/praxis2.htm" "Mozilla/4.0 (compatible; MSIE 8.0; Windows NT 5.1; Trident/4.0; GTB7.5; .NET CLR 1.1.4322; .NET CLR 2.0.50727; .NET CLR 3.0.4506.2152; .NET CLR 3.5.30729)"
87.189.66.209 - - [04/Aug/2013:14:47:04 +0200] "GET /images/navi_dialyse_a.jpg HTTP/1.1" 304 - "http://www.dialyse-schoenebeck.de/navi.htm" "Mozilla/4.0 (compatible; MSIE 8.0; Windows NT 5.1; Trident/4.0; GTB7.5; .NET CLR 1.1.4322; .NET CLR 2.0.50727; .NET CLR 3.0.4506.2152; .NET CLR 3.5.30729)"
87.189.66.209 - - [04/Aug/2013:14:47:04 +0200] "GET /images/navi_leistungen_a.jpg HTTP/1.1" 304 - "http://www.dialyse-schoenebeck.de/navi.htm" "Mozilla/4.0 (compatible; MSIE 8.0; Windows NT 5.1; Trident/4.0; GTB7.5; .NET CLR 1.1.4322; .NET CLR 2.0.50727; .NET CLR 3.0.4506.2152; .NET CLR 3.5.30729)"
87.189.66.209 - - [04/Aug/2013:14:47:04 +0200] "GET /images/navi_news_a.jpg HTTP/1.1" 304 - "http://www.dialyse-schoenebeck.de/navi.htm" "Mozilla/4.0 (compatible; MSIE 8.0; Windows NT 5.1; Trident/4.0; GTB7.5; .NET CLR 1.1.4322; .NET CLR 2.0.50727; .NET CLR 3.0.4506.2152; .NET CLR 3.5.30729)"
90.186.0.56 - - [04/Aug/2013:15:24:42 +0200] "GET / HTTP/1.1" 200 4185 "https://www.google.de/" "Mozilla/5.0 (iPhone; CPU iPhone OS 6_1_3 like Mac OS X) AppleWebKit/536.26 (KHTML, like Gecko) Version/6.0 Mobile/10B329 Safari/8536.25"
90.186.0.56 - - [04/Aug/2013:15:25:08 +0200] "GET /leer.htm HTTP/1.1" 200 172 "http://www.dialyse-schoenebeck.de/" "Mozilla/5.0 (iPhone; CPU iPhone OS 6_1_3 like Mac OS X) AppleWebKit/536.26 (KHTML, like Gecko) Version/6.0 Mobile/10B329 Safari/8536.25"
90.186.0.56 - - [04/Aug/2013:15:25:09 +0200] "GET /header.htm HTTP/1.1" 200 795 "http://www.dialyse-schoenebeck.de/" "Mozilla/5.0 (iPhone; CPU iPhone OS 6_1_3 like Mac OS X) AppleWebKit/536.26 (KHTML, like Gecko) Version/6.0 Mobile/10B329 Safari/8536.25"
90.186.0.56 - - [04/Aug/2013:15:25:31 +0200] "GET /navi.htm HTTP/1.1" 200 4594 "http://www.dialyse-schoenebeck.de/" "Mozilla/5.0 (iPhone; CPU iPhone OS 6_1_3 like Mac OS X) AppleWebKit/536.26 (KHTML, like Gecko) Version/6.0 Mobile/10B329 Safari/8536.25"
90.186.0.56 - - [04/Aug/2013:15:25:31 +0200] "GET /home.htm HTTP/1.1" 200 1194 "http://www.dialyse-schoenebeck.de/" "Mozilla/5.0 (iPhone; CPU iPhone OS 6_1_3 like Mac OS X) AppleWebKit/536.26 (KHTML, like Gecko) Version/6.0 Mobile/10B329 Safari/8536.25"
141.8.147.12 - - [04/Aug/2013:15:35:32 +0200] "GET /images/head_leistungen.gif HTTP/1.1" 304 - "-" "Mozilla/5.0 (compatible; YandexImages/3.0; +http://yandex.com/bots)"
37.115.112.210 - - [04/Aug/2013:17:01:25 +0200] "GET / HTTP/1.1" 200 4185 "http://www.greenlampspb.ru/" "Opera/7.11 (Windows NT 5.1; U) [en]"
37.115.112.210 - - [04/Aug/2013:17:01:25 +0200] "GET / HTTP/1.1" 200 4185 "http://www.greenlampspb.ru/" "Opera/7.11 (Windows NT 5.1; U) [en]"
37.115.112.210 - - [04/Aug/2013:17:01:25 +0200] "GET / HTTP/1.1" 200 4185 "http://www.greenlampspb.ru/" "Opera/7.11 (Windows NT 5.1; U) [en]"
66.249.75.88 - - [04/Aug/2013:18:00:37 +0200] "GET /robots.txt HTTP/1.1" 200 171 "-" "Mozilla/5.0 (compatible; Googlebot/2.1; +http://www.google.com/bot.html)"
66.249.75.88 - - [04/Aug/2013:18:00:37 +0200] "GET / HTTP/1.1" 200 4185 "-" "Mozilla/5.0 (compatible; Googlebot/2.1; +http://www.google.com/bot.html)"
141.8.147.12 - - [04/Aug/2013:18:18:26 +0200] "GET /robots.txt HTTP/1.1" 200 171 "-" "Mozilla/5.0 (compatible; YandexBot/3.0; +http://yandex.com/bots)"
141.8.147.12 - - [04/Aug/2013:18:18:42 +0200] "GET /images/pfeil_seite2.gif HTTP/1.1" 304 - "-" "Mozilla/5.0 (compatible; YandexImages/3.0; +http://yandex.com/bots)"
213.110.133.221 - - [04/Aug/2013:19:55:26 +0200] "GET / HTTP/1.1" 200 4185 "http://seofan.info/" "Mozilla/4.0 (compatible; Blog Search;)"
213.110.133.221 - - [04/Aug/2013:19:55:27 +0200] "GET / HTTP/1.1" 200 4185 "http://seofan.info/" "Mozilla/4.0 (compatible; Blog Search;)"
141.8.147.12 - - [04/Aug/2013:20:03:35 +0200] "GET /images/head_praxis.gif HTTP/1.1" 304 - "-" "Mozilla/5.0 (compatible; YandexImages/3.0; +http://yandex.com/bots)"
141.8.147.12 - - [04/Aug/2013:21:55:16 +0200] "GET /images/pixel.gif HTTP/1.1" 304 - "-" "Mozilla/5.0 (compatible; YandexImages/3.0; +http://yandex.com/bots)"
141.8.147.12 - - [04/Aug/2013:22:08:33 +0200] "GET /images/head_leistungen.gif HTTP/1.1" 304 - "-" "Mozilla/5.0 (compatible; YandexImages/3.0; +http://yandex.com/bots)"
141.8.147.12 - - [04/Aug/2013:22:44:03 +0200] "GET /images/bildergalerie.gif HTTP/1.1" 304 - "-" "Mozilla/5.0 (compatible; YandexImages/3.0; +http://yandex.com/bots)"
141.8.147.12 - - [04/Aug/2013:23:38:38 +0200] "GET /images/pfeil_seite1.gif HTTP/1.1" 304 - "-" "Mozilla/5.0 (compatible; YandexImages/3.0; +http://yandex.com/bots)"
46.118.152.23 - - [05/Aug/2013:02:08:20 +0200] "GET / HTTP/1.1" 200 4185 "http://cleaning-uborka.ru/" "Mozilla/4.0 (compatible; MSIE 6.0; Windows NT 5.1; Maxthon; .NET CLR 1.1.4322)"
46.118.152.23 - - [05/Aug/2013:02:08:20 +0200] "GET / HTTP/1.1" 200 4185 "http://masecloud.net/" "Mozilla/4.0 (compatible; MSIE 6.0; Windows NT 5.1; Maxthon; .NET CLR 1.1.4322)"
46.118.152.23 - - [05/Aug/2013:02:08:20 +0200] "GET / HTTP/1.1" 200 4185 "http://cleaning-uborka.ru/" "Mozilla/4.0 (compatible; MSIE 6.0; Windows NT 5.1; Maxthon; .NET CLR 1.1.4322)"
46.118.152.23 - - [05/Aug/2013:02:08:21 +0200] "GET / HTTP/1.1" 200 4185 "http://masecloud.net/" "Mozilla/4.0 (compatible; MSIE 6.0; Windows NT 5.1; Maxthon; .NET CLR 1.1.4322)"
46.118.152.23 - - [05/Aug/2013:02:08:21 +0200] "GET / HTTP/1.1" 200 4185 "http://cleaning-uborka.ru/" "Mozilla/4.0 (compatible; MSIE 6.0; Windows NT 5.1; Maxthon; .NET CLR 1.1.4322)"
46.118.152.23 - - [05/Aug/2013:02:08:21 +0200] "GET / HTTP/1.1" 200 4185 "http://masecloud.net/" "Mozilla/4.0 (compatible; MSIE 6.0; Windows NT 5.1; Maxthon; .NET CLR 1.1.4322)"
141.8.147.12 - - [05/Aug/2013:02:32:45 +0200] "GET /images/pfeil_seite2.gif HTTP/1.1" 304 - "-" "Mozilla/5.0 (compatible; YandexImages/3.0; +http://yandex.com/bots)"
141.8.147.12 - - [05/Aug/2013:02:59:45 +0200] "GET /images/pfeil_seite1.gif HTTP/1.1" 304 - "-" "Mozilla/5.0 (compatible; YandexImages/3.0; +http://yandex.com/bots)"
141.8.147.12 - - [05/Aug/2013:03:08:31 +0200] "GET /images/head_praxis.gif HTTP/1.1" 304 - "-" "Mozilla/5.0 (compatible; YandexImages/3.0; +http://yandex.com/bots)"
141.8.147.12 - - [05/Aug/2013:03:13:00 +0200] "GET /images/bildergalerie.gif HTTP/1.1" 304 - "-" "Mozilla/5.0 (compatible; YandexImages/3.0; +http://yandex.com/bots)"
141.8.147.12 - - [05/Aug/2013:04:28:56 +0200] "GET /images/head_leistungen.gif HTTP/1.1" 304 - "-" "Mozilla/5.0 (compatible; YandexImages/3.0; +http://yandex.com/bots)"
195.242.218.133 - - [05/Aug/2013:04:31:59 +0200] "GET / HTTP/1.1" 200 4185 "http://piratik.at.ua/" "Mozilla/4.0 (compatible; MSIE 5.0; Windows 2000) Opera 6.0 [en]"
195.242.218.133 - - [05/Aug/2013:04:31:59 +0200] "GET / HTTP/1.1" 200 4185 "http://piratik.at.ua/" "Mozilla/4.0 (compatible; MSIE 5.0; Windows 2000) Opera 6.0 [en]"
66.249.75.88 - - [05/Aug/2013:07:20:36 +0200] "GET / HTTP/1.1" 200 4185 "-" "Mozilla/5.0 (iPhone; U; CPU iPhone OS 4_1 like Mac OS X; en-us) AppleWebKit/532.9 (KHTML, like Gecko) Version/4.0.5 Mobile/8B117 Safari/6531.22.7 (compatible; Googlebot-Mobile/2.1; +http://www.google.com/bot.html)"
92.249.127.111 - - [05/Aug/2013:08:08:21 +0200] "GET / HTTP/1.1" 200 4185 "http://housfine.net/" "Mozilla/5.0 (compatible; news bot /2.1)"
92.249.127.111 - - [05/Aug/2013:08:08:21 +0200] "GET / HTTP/1.1" 200 4185 "http://housfine.net/" "Mozilla/5.0 (compatible; news bot /2.1)"
92.249.127.111 - - [05/Aug/2013:08:08:22 +0200] "GET / HTTP/1.1" 200 4185 "http://housfine.net/" "Mozilla/5.0 (compatible; news bot /2.1)"
141.8.147.12 - - [05/Aug/2013:09:01:43 +0200] "GET /robots.txt HTTP/1.1" 200 171 "-" "Mozilla/5.0 (compatible; YandexBot/3.0; +http://yandex.com/bots)"
141.8.147.12 - - [05/Aug/2013:09:01:56 +0200] "GET /images/pixel.gif HTTP/1.1" 304 - "-" "Mozilla/5.0 (compatible; YandexImages/3.0; +http://yandex.com/bots)"
131.253.24.75 - - [05/Aug/2013:10:12:23 +0200] "GET /index.html HTTP/1.1" 200 4185 "-" "Mozilla/4.0 (compatible; MSIE 7.0; Windows NT 5.2; SLCC1; .NET CLR 1.1.4325; .NET CLR 2.0.50727; .NET CLR 3.0.30729; .NET CLR 3.5.30707; MS-RTC LM 8)"
131.253.24.75 - - [05/Aug/2013:10:12:23 +0200] "GET /leer.htm HTTP/1.1" 200 172 "http://www.dialyse-schoenebeck.de/index.html" "Mozilla/4.0 (compatible; MSIE 7.0; Windows NT 5.2; SLCC1; .NET CLR 1.1.4325; .NET CLR 2.0.50727; .NET CLR 3.0.30729; .NET CLR 3.5.30707; MS-RTC LM 8)"
131.253.24.75 - - [05/Aug/2013:10:12:23 +0200] "GET /leer.htm HTTP/1.1" 200 172 "http://www.dialyse-schoenebeck.de/index.html" "Mozilla/4.0 (compatible; MSIE 7.0; Windows NT 5.2; SLCC1; .NET CLR 1.1.4325; .NET CLR 2.0.50727; .NET CLR 3.0.30729; .NET CLR 3.5.30707; MS-RTC LM 8)"
131.253.24.75 - - [05/Aug/2013:10:12:24 +0200] "GET /leer.htm HTTP/1.1" 200 172 "http://www.dialyse-schoenebeck.de/index.html" "Mozilla/4.0 (compatible; MSIE 7.0; Windows NT 5.2; SLCC1; .NET CLR 1.1.4325; .NET CLR 2.0.50727; .NET CLR 3.0.30729; .NET CLR 3.5.30707; MS-RTC LM 8)"
131.253.24.75 - - [05/Aug/2013:10:12:24 +0200] "GET /leer.htm HTTP/1.1" 200 172 "http://www.dialyse-schoenebeck.de/index.html" "Mozilla/4.0 (compatible; MSIE 7.0; Windows NT 5.2; SLCC1; .NET CLR 1.1.4325; .NET CLR 2.0.50727; .NET CLR 3.0.30729; .NET CLR 3.5.30707; MS-RTC LM 8)"
131.253.24.75 - - [05/Aug/2013:10:12:24 +0200] "GET /header.htm HTTP/1.1" 200 795 "http://www.dialyse-schoenebeck.de/index.html" "Mozilla/4.0 (compatible; MSIE 7.0; Windows NT 5.2; SLCC1; .NET CLR 1.1.4325; .NET CLR 2.0.50727; .NET CLR 3.0.30729; .NET CLR 3.5.30707; MS-RTC LM 8)"
131.253.24.75 - - [05/Aug/2013:10:12:24 +0200] "GET /leer.htm HTTP/1.1" 200 172 "http://www.dialyse-schoenebeck.de/index.html" "Mozilla/4.0 (compatible; MSIE 7.0; Windows NT 5.2; SLCC1; .NET CLR 1.1.4325; .NET CLR 2.0.50727; .NET CLR 3.0.30729; .NET CLR 3.5.30707; MS-RTC LM 8)"
131.253.24.75 - - [05/Aug/2013:10:12:24 +0200] "GET /leer.htm HTTP/1.1" 200 172 "http://www.dialyse-schoenebeck.de/index.html" "Mozilla/4.0 (compatible; MSIE 7.0; Windows NT 5.2; SLCC1; .NET CLR 1.1.4325; .NET CLR 2.0.50727; .NET CLR 3.0.30729; .NET CLR 3.5.30707; MS-RTC LM 8)"
131.253.24.75 - - [05/Aug/2013:10:12:24 +0200] "GET /navi.htm HTTP/1.1" 200 4594 "http://www.dialyse-schoenebeck.de/index.html" "Mozilla/4.0 (compatible; MSIE 7.0; Windows NT 5.2; SLCC1; .NET CLR 1.1.4325; .NET CLR 2.0.50727; .NET CLR 3.0.30729; .NET CLR 3.5.30707; MS-RTC LM 8)"
131.253.24.75 - - [05/Aug/2013:10:12:25 +0200] "GET /home.htm HTTP/1.1" 200 1194 "http://www.dialyse-schoenebeck.de/index.html" "Mozilla/4.0 (compatible; MSIE 7.0; Windows NT 5.2; SLCC1; .NET CLR 1.1.4325; .NET CLR 2.0.50727; .NET CLR 3.0.30729; .NET CLR 3.5.30707; MS-RTC LM 8)"
131.253.24.75 - - [05/Aug/2013:10:12:25 +0200] "GET /leer.htm HTTP/1.1" 304 - "http://www.dialyse-schoenebeck.de/index.html" "Mozilla/4.0 (compatible; MSIE 7.0; Windows NT 5.2; SLCC1; .NET CLR 1.1.4325; .NET CLR 2.0.50727; .NET CLR 3.0.30729; .NET CLR 3.5.30707; MS-RTC LM 8)"
131.253.24.75 - - [05/Aug/2013:10:12:25 +0200] "GET /leer.htm HTTP/1.1" 304 - "http://www.dialyse-schoenebeck.de/index.html" "Mozilla/4.0 (compatible; MSIE 7.0; Windows NT 5.2; SLCC1; .NET CLR 1.1.4325; .NET CLR 2.0.50727; .NET CLR 3.0.30729; .NET CLR 3.5.30707; MS-RTC LM 8)"
131.253.24.75 - - [05/Aug/2013:10:12:26 +0200] "GET /leer.htm HTTP/1.1" 304 - "http://www.dialyse-schoenebeck.de/index.html" "Mozilla/4.0 (compatible; MSIE 7.0; Windows NT 5.2; SLCC1; .NET CLR 1.1.4325; .NET CLR 2.0.50727; .NET CLR 3.0.30729; .NET CLR 3.5.30707; MS-RTC LM 8)"
131.253.24.75 - - [05/Aug/2013:10:12:26 +0200] "GET /leer.htm HTTP/1.1" 304 - "http://www.dialyse-schoenebeck.de/index.html" "Mozilla/4.0 (compatible; MSIE 7.0; Windows NT 5.2; SLCC1; .NET CLR 1.1.4325; .NET CLR 2.0.50727; .NET CLR 3.0.30729; .NET CLR 3.5.30707; MS-RTC LM 8)"
141.8.147.12 - - [05/Aug/2013:10:22:09 +0200] "GET / HTTP/1.1" 200 4185 "-" "Mozilla/5.0 (compatible; YandexBot/3.0; +http://yandex.com/bots)"
141.8.147.12 - - [05/Aug/2013:10:22:31 +0200] "GET /images/head_praxis.gif HTTP/1.1" 304 - "-" "Mozilla/5.0 (compatible; YandexImages/3.0; +http://yandex.com/bots)"
141.8.147.12 - - [05/Aug/2013:10:26:12 +0200] "GET /leer.htm HTTP/1.1" 200 172 "-" "Mozilla/5.0 (compatible; YandexBot/3.0; +http://yandex.com/bots)"
141.8.147.12 - - [05/Aug/2013:10:26:35 +0200] "GET /header.htm HTTP/1.1" 200 795 "-" "Mozilla/5.0 (compatible; YandexBot/3.0; +http://yandex.com/bots)"
62.217.61.22 - - [05/Aug/2013:11:59:18 +0200] "GET / HTTP/1.1" 200 4185 "-" "Mozilla/5.0 (Windows; U; Windows NT 5.1; en-US; rv:1.8.1.1) Gecko/20061204 Firefox/2.0.0.1"
141.8.147.12 - - [05/Aug/2013:12:13:37 +0200] "GET /images/pfeil_seite1.gif HTTP/1.1" 304 - "-" "Mozilla/5.0 (compatible; YandexImages/3.0; +http://yandex.com/bots)"
141.8.147.12 - - [05/Aug/2013:13:01:47 +0200] "GET /images/pixel.gif HTTP/1.1" 304 - "-" "Mozilla/5.0 (compatible; YandexImages/3.0; +http://yandex.com/bots)"
178.137.93.32 - - [05/Aug/2013:13:32:00 +0200] "GET / HTTP/1.1" 200 4185 "http://free-bet-max.info/" "Mozilla/4.0 (compatible; MSIE 6.0; Windows NT 5.1; Maxthon; .NET CLR 1.1.4322)"
178.137.93.32 - - [05/Aug/2013:13:32:00 +0200] "GET / HTTP/1.1" 200 4185 "http://free-bet-max.info/" "Mozilla/4.0 (compatible; MSIE 6.0; Windows NT 5.1; Maxthon; .NET CLR 1.1.4322)"
178.137.93.32 - - [05/Aug/2013:13:32:00 +0200] "GET / HTTP/1.1" 200 4185 "http://free-bet-max.info/" "Mozilla/4.0 (compatible; MSIE 6.0; Windows NT 5.1; Maxthon; .NET CLR 1.1.4322)"
141.8.147.12 - - [05/Aug/2013:14:09:40 +0200] "GET /images/bildergalerie.gif HTTP/1.1" 304 - "-" "Mozilla/5.0 (compatible; YandexImages/3.0; +http://yandex.com/bots)"
109.120.157.179 - - [05/Aug/2013:15:22:49 +0200] "GET / HTTP/1.1" 200 4185 "http://ledekole.com/" "Mozilla/5.0 (compatible; Add Catalog/2.1;)"
109.120.157.179 - - [05/Aug/2013:15:22:49 +0200] "GET / HTTP/1.1" 200 4185 "http://ledekole.com/" "Mozilla/5.0 (compatible; Add Catalog/2.1;)"
141.8.147.12 - - [05/Aug/2013:15:59:05 +0200] "GET /images/pfeil_seite2.gif HTTP/1.1" 304 - "-" "Mozilla/5.0 (compatible; YandexImages/3.0; +http://yandex.com/bots)"
141.8.147.12 - - [05/Aug/2013:18:38:51 +0200] "GET /images/head_leistungen.gif HTTP/1.1" 304 - "-" "Mozilla/5.0 (compatible; YandexImages/3.0; +http://yandex.com/bots)"
178.137.93.32 - - [05/Aug/2013:18:39:03 +0200] "GET / HTTP/1.1" 200 4185 "http://seoprodvig.ru/" "Mozilla/4.0 (compatible; MSIE 6.0; Windows NT 5.1; Maxthon; .NET CLR 1.1.4322)"
178.137.93.32 - - [05/Aug/2013:18:39:03 +0200] "GET / HTTP/1.1" 200 4185 "http://seoprodvig.ru/" "Mozilla/4.0 (compatible; MSIE 6.0; Windows NT 5.1; Maxthon; .NET CLR 1.1.4322)"
141.8.147.12 - - [05/Aug/2013:19:53:05 +0200] "GET /images/head_praxis.gif HTTP/1.1" 304 - "-" "Mozilla/5.0 (compatible; YandexImages/3.0; +http://yandex.com/bots)"
141.8.147.12 - - [05/Aug/2013:20:51:38 +0200] "GET /images/bildergalerie.gif HTTP/1.1" 304 - "-" "Mozilla/5.0 (compatible; YandexImages/3.0; +http://yandex.com/bots)"
87.189.66.209 - - [05/Aug/2013:22:07:36 +0200] "GET / HTTP/1.1" 200 4185 "http://www.dnev.de/view.php?id=125dfbd5345a876b2dd41c1dd52bab2d&plz=&land=Sachsen-Anhalt&p=3" "Mozilla/4.0 (compatible; MSIE 8.0; Windows NT 5.1; Trident/4.0; GTB7.5; .NET CLR 1.1.4322; .NET CLR 2.0.50727; .NET CLR 3.0.4506.2152; .NET CLR 3.5.30729)"
87.189.66.209 - - [05/Aug/2013:22:07:36 +0200] "GET /leer.htm HTTP/1.1" 200 172 "http://www.dialyse-schoenebeck.de/" "Mozilla/4.0 (compatible; MSIE 8.0; Windows NT 5.1; Trident/4.0; GTB7.5; .NET CLR 1.1.4322; .NET CLR 2.0.50727; .NET CLR 3.0.4506.2152; .NET CLR 3.5.30729)"
87.189.66.209 - - [05/Aug/2013:22:07:36 +0200] "GET /leer.htm HTTP/1.1" 200 172 "http://www.dialyse-schoenebeck.de/" "Mozilla/4.0 (compatible; MSIE 8.0; Windows NT 5.1; Trident/4.0; GTB7.5; .NET CLR 1.1.4322; .NET CLR 2.0.50727; .NET CLR 3.0.4506.2152; .NET CLR 3.5.30729)"
87.189.66.209 - - [05/Aug/2013:22:07:36 +0200] "GET /leer.htm HTTP/1.1" 200 172 "http://www.dialyse-schoenebeck.de/" "Mozilla/4.0 (compatible; MSIE 8.0; Windows NT 5.1; Trident/4.0; GTB7.5; .NET CLR 1.1.4322; .NET CLR 2.0.50727; .NET CLR 3.0.4506.2152; .NET CLR 3.5.30729)"
87.189.66.209 - - [05/Aug/2013:22:07:36 +0200] "GET /header.htm HTTP/1.1" 200 795 "http://www.dialyse-schoenebeck.de/" "Mozilla/4.0 (compatible; MSIE 8.0; Windows NT 5.1; Trident/4.0; GTB7.5; .NET CLR 1.1.4322; .NET CLR 2.0.50727; .NET CLR 3.0.4506.2152; .NET CLR 3.5.30729)"
87.189.66.209 - - [05/Aug/2013:22:07:36 +0200] "GET /leer.htm HTTP/1.1" 200 172 "http://www.dialyse-schoenebeck.de/" "Mozilla/4.0 (compatible; MSIE 8.0; Windows NT 5.1; Trident/4.0; GTB7.5; .NET CLR 1.1.4322; .NET CLR 2.0.50727; .NET CLR 3.0.4506.2152; .NET CLR 3.5.30729)"
87.189.66.209 - - [05/Aug/2013:22:07:36 +0200] "GET /leer.htm HTTP/1.1" 200 172 "http://www.dialyse-schoenebeck.de/" "Mozilla/4.0 (compatible; MSIE 8.0; Windows NT 5.1; Trident/4.0; GTB7.5; .NET CLR 1.1.4322; .NET CLR 2.0.50727; .NET CLR 3.0.4506.2152; .NET CLR 3.5.30729)"
87.189.66.209 - - [05/Aug/2013:22:07:36 +0200] "GET /navi.htm HTTP/1.1" 200 4594 "http://www.dialyse-schoenebeck.de/" "Mozilla/4.0 (compatible; MSIE 8.0; Windows NT 5.1; Trident/4.0; GTB7.5; .NET CLR 1.1.4322; .NET CLR 2.0.50727; .NET CLR 3.0.4506.2152; .NET CLR 3.5.30729)"
87.189.66.209 - - [05/Aug/2013:22:07:36 +0200] "GET /home.htm HTTP/1.1" 200 1194 "http://www.dialyse-schoenebeck.de/" "Mozilla/4.0 (compatible; MSIE 8.0; Windows NT 5.1; Trident/4.0; GTB7.5; .NET CLR 1.1.4322; .NET CLR 2.0.50727; .NET CLR 3.0.4506.2152; .NET CLR 3.5.30729)"
87.189.66.209 - - [05/Aug/2013:22:07:36 +0200] "GET /leer.htm HTTP/1.1" 200 172 "http://www.dialyse-schoenebeck.de/" "Mozilla/4.0 (compatible; MSIE 8.0; Windows NT 5.1; Trident/4.0; GTB7.5; .NET CLR 1.1.4322; .NET CLR 2.0.50727; .NET CLR 3.0.4506.2152; .NET CLR 3.5.30729)"
87.189.66.209 - - [05/Aug/2013:22:07:36 +0200] "GET /leer.htm HTTP/1.1" 200 172 "http://www.dialyse-schoenebeck.de/" "Mozilla/4.0 (compatible; MSIE 8.0; Windows NT 5.1; Trident/4.0; GTB7.5; .NET CLR 1.1.4322; .NET CLR 2.0.50727; .NET CLR 3.0.4506.2152; .NET CLR 3.5.30729)"
87.189.66.209 - - [05/Aug/2013:22:07:36 +0200] "GET /leer.htm HTTP/1.1" 200 172 "http://www.dialyse-schoenebeck.de/" "Mozilla/4.0 (compatible; MSIE 8.0; Windows NT 5.1; Trident/4.0; GTB7.5; .NET CLR 1.1.4322; .NET CLR 2.0.50727; .NET CLR 3.0.4506.2152; .NET CLR 3.5.30729)"
87.189.66.209 - - [05/Aug/2013:22:07:36 +0200] "GET /leer.htm HTTP/1.1" 200 172 "http://www.dialyse-schoenebeck.de/" "Mozilla/4.0 (compatible; MSIE 8.0; Windows NT 5.1; Trident/4.0; GTB7.5; .NET CLR 1.1.4322; .NET CLR 2.0.50727; .NET CLR 3.0.4506.2152; .NET CLR 3.5.30729)"
87.189.66.209 - - [05/Aug/2013:22:07:36 +0200] "GET /leer.htm HTTP/1.1" 200 172 "http://www.dialyse-schoenebeck.de/" "Mozilla/4.0 (compatible; MSIE 8.0; Windows NT 5.1; Trident/4.0; GTB7.5; .NET CLR 1.1.4322; .NET CLR 2.0.50727; .NET CLR 3.0.4506.2152; .NET CLR 3.5.30729)"
87.189.66.209 - - [05/Aug/2013:22:07:36 +0200] "GET /images/frame_head2.jpg HTTP/1.1" 200 16134 "http://www.dialyse-schoenebeck.de/header.htm" "Mozilla/4.0 (compatible; MSIE 8.0; Windows NT 5.1; Trident/4.0; GTB7.5; .NET CLR 1.1.4322; .NET CLR 2.0.50727; .NET CLR 3.0.4506.2152; .NET CLR 3.5.30729)"
87.189.66.209 - - [05/Aug/2013:22:07:36 +0200] "GET /images/ein_service.jpg HTTP/1.1" 200 2356 "http://www.dialyse-schoenebeck.de/header.htm" "Mozilla/4.0 (compatible; MSIE 8.0; Windows NT 5.1; Trident/4.0; GTB7.5; .NET CLR 1.1.4322; .NET CLR 2.0.50727; .NET CLR 3.0.4506.2152; .NET CLR 3.5.30729)"
87.189.66.209 - - [05/Aug/2013:22:07:36 +0200] "GET /images/home.jpg HTTP/1.1" 200 17467 "http://www.dialyse-schoenebeck.de/home.htm" "Mozilla/4.0 (compatible; MSIE 8.0; Windows NT 5.1; Trident/4.0; GTB7.5; .NET CLR 1.1.4322; .NET CLR 2.0.50727; .NET CLR 3.0.4506.2152; .NET CLR 3.5.30729)"
87.189.66.209 - - [05/Aug/2013:22:07:36 +0200] "GET /images/willkommen.gif HTTP/1.1" 200 1926 "http://www.dialyse-schoenebeck.de/home.htm" "Mozilla/4.0 (compatible; MSIE 8.0; Windows NT 5.1; Trident/4.0; GTB7.5; .NET CLR 1.1.4322; .NET CLR 2.0.50727; .NET CLR 3.0.4506.2152; .NET CLR 3.5.30729)"
87.189.66.209 - - [05/Aug/2013:22:07:36 +0200] "GET /images/pixel.gif HTTP/1.1" 200 43 "http://www.dialyse-schoenebeck.de/home.htm" "Mozilla/4.0 (compatible; MSIE 8.0; Windows NT 5.1; Trident/4.0; GTB7.5; .NET CLR 1.1.4322; .NET CLR 2.0.50727; .NET CLR 3.0.4506.2152; .NET CLR 3.5.30729)"
87.189.66.209 - - [05/Aug/2013:22:07:36 +0200] "GET /images/frame_navi2.jpg HTTP/1.1" 200 2965 "http://www.dialyse-schoenebeck.de/navi.htm" "Mozilla/4.0 (compatible; MSIE 8.0; Windows NT 5.1; Trident/4.0; GTB7.5; .NET CLR 1.1.4322; .NET CLR 2.0.50727; .NET CLR 3.0.4506.2152; .NET CLR 3.5.30729)"
87.189.66.209 - - [05/Aug/2013:22:07:37 +0200] "GET /images/navi_leistungen_a.jpg HTTP/1.1" 200 2088 "http://www.dialyse-schoenebeck.de/navi.htm" "Mozilla/4.0 (compatible; MSIE 8.0; Windows NT 5.1; Trident/4.0; GTB7.5; .NET CLR 1.1.4322; .NET CLR 2.0.50727; .NET CLR 3.0.4506.2152; .NET CLR 3.5.30729)"
87.189.66.209 - - [05/Aug/2013:22:07:37 +0200] "GET /images/navi_news_a.jpg HTTP/1.1" 200 1809 "http://www.dialyse-schoenebeck.de/navi.htm" "Mozilla/4.0 (compatible; MSIE 8.0; Windows NT 5.1; Trident/4.0; GTB7.5; .NET CLR 1.1.4322; .NET CLR 2.0.50727; .NET CLR 3.0.4506.2152; .NET CLR 3.5.30729)"
87.189.66.209 - - [05/Aug/2013:22:07:37 +0200] "GET /images/navi_praxis_a.jpg HTTP/1.1" 200 1905 "http://www.dialyse-schoenebeck.de/navi.htm" "Mozilla/4.0 (compatible; MSIE 8.0; Windows NT 5.1; Trident/4.0; GTB7.5; .NET CLR 1.1.4322; .NET CLR 2.0.50727; .NET CLR 3.0.4506.2152; .NET CLR 3.5.30729)"
87.189.66.209 - - [05/Aug/2013:22:07:37 +0200] "GET /images/navi_kontakt_a.jpg HTTP/1.1" 200 1826 "http://www.dialyse-schoenebeck.de/navi.htm" "Mozilla/4.0 (compatible; MSIE 8.0; Windows NT 5.1; Trident/4.0; GTB7.5; .NET CLR 1.1.4322; .NET CLR 2.0.50727; .NET CLR 3.0.4506.2152; .NET CLR 3.5.30729)"
87.189.66.209 - - [05/Aug/2013:22:07:37 +0200] "GET /images/navi_dialyse_a.jpg HTTP/1.1" 200 2373 "http://www.dialyse-schoenebeck.de/navi.htm" "Mozilla/4.0 (compatible; MSIE 8.0; Windows NT 5.1; Trident/4.0; GTB7.5; .NET CLR 1.1.4322; .NET CLR 2.0.50727; .NET CLR 3.0.4506.2152; .NET CLR 3.5.30729)"
87.189.66.209 - - [05/Aug/2013:22:07:37 +0200] "GET /images/navi_home_a.jpg HTTP/1.1" 200 2206 "http://www.dialyse-schoenebeck.de/navi.htm" "Mozilla/4.0 (compatible; MSIE 8.0; Windows NT 5.1; Trident/4.0; GTB7.5; .NET CLR 1.1.4322; .NET CLR 2.0.50727; .NET CLR 3.0.4506.2152; .NET CLR 3.5.30729)"
87.189.66.209 - - [05/Aug/2013:22:07:37 +0200] "GET /images/navi_links_a.jpg HTTP/1.1" 200 2032 "http://www.dialyse-schoenebeck.de/navi.htm" "Mozilla/4.0 (compatible; MSIE 8.0; Windows NT 5.1; Trident/4.0; GTB7.5; .NET CLR 1.1.4322; .NET CLR 2.0.50727; .NET CLR 3.0.4506.2152; .NET CLR 3.5.30729)"
87.189.66.209 - - [05/Aug/2013:22:07:37 +0200] "GET /images/navi_praxis_b.jpg HTTP/1.1" 200 2241 "http://www.dialyse-schoenebeck.de/navi.htm" "Mozilla/4.0 (compatible; MSIE 8.0; Windows NT 5.1; Trident/4.0; GTB7.5; .NET CLR 1.1.4322; .NET CLR 2.0.50727; .NET CLR 3.0.4506.2152; .NET CLR 3.5.30729)"
87.189.66.209 - - [05/Aug/2013:22:07:37 +0200] "GET /images/navi_leistungen_b.jpg HTTP/1.1" 200 2343 "http://www.dialyse-schoenebeck.de/navi.htm" "Mozilla/4.0 (compatible; MSIE 8.0; Windows NT 5.1; Trident/4.0; GTB7.5; .NET CLR 1.1.4322; .NET CLR 2.0.50727; .NET CLR 3.0.4506.2152; .NET CLR 3.5.30729)"
87.189.66.209 - - [05/Aug/2013:22:07:37 +0200] "GET /images/navi_links_b.jpg HTTP/1.1" 200 2344 "http://www.dialyse-schoenebeck.de/navi.htm" "Mozilla/4.0 (compatible; MSIE 8.0; Windows NT 5.1; Trident/4.0; GTB7.5; .NET CLR 1.1.4322; .NET CLR 2.0.50727; .NET CLR 3.0.4506.2152; .NET CLR 3.5.30729)"
87.189.66.209 - - [05/Aug/2013:22:07:37 +0200] "GET /images/navi_dialyse_b.jpg HTTP/1.1" 200 2745 "http://www.dialyse-schoenebeck.de/navi.htm" "Mozilla/4.0 (compatible; MSIE 8.0; Windows NT 5.1; Trident/4.0; GTB7.5; .NET CLR 1.1.4322; .NET CLR 2.0.50727; .NET CLR 3.0.4506.2152; .NET CLR 3.5.30729)"
87.189.66.209 - - [05/Aug/2013:22:07:37 +0200] "GET /images/navi_home_b.jpg HTTP/1.1" 200 2478 "http://www.dialyse-schoenebeck.de/navi.htm" "Mozilla/4.0 (compatible; MSIE 8.0; Windows NT 5.1; Trident/4.0; GTB7.5; .NET CLR 1.1.4322; .NET CLR 2.0.50727; .NET CLR 3.0.4506.2152; .NET CLR 3.5.30729)"
87.189.66.209 - - [05/Aug/2013:22:07:37 +0200] "GET /images/navi_kontakt_b.jpg HTTP/1.1" 200 2094 "http://www.dialyse-schoenebeck.de/navi.htm" "Mozilla/4.0 (compatible; MSIE 8.0; Windows NT 5.1; Trident/4.0; GTB7.5; .NET CLR 1.1.4322; .NET CLR 2.0.50727; .NET CLR 3.0.4506.2152; .NET CLR 3.5.30729)"
87.189.66.209 - - [05/Aug/2013:22:07:37 +0200] "GET /images/navi_news_b.jpg HTTP/1.1" 200 2200 "http://www.dialyse-schoenebeck.de/navi.htm" "Mozilla/4.0 (compatible; MSIE 8.0; Windows NT 5.1; Trident/4.0; GTB7.5; .NET CLR 1.1.4322; .NET CLR 2.0.50727; .NET CLR 3.0.4506.2152; .NET CLR 3.5.30729)"
87.189.66.209 - - [05/Aug/2013:22:07:38 +0200] "GET /favicon.ico HTTP/1.1" 404 1256 "-" "Mozilla/4.0 (compatible; MSIE 8.0; Windows NT 5.1; Trident/4.0; GTB7.5; .NET CLR 1.1.4322; .NET CLR 2.0.50727; .NET CLR 3.0.4506.2152; .NET CLR 3.5.30729)"
141.8.147.12 - - [05/Aug/2013:22:08:33 +0200] "GET /robots.txt HTTP/1.1" 200 171 "-" "Mozilla/5.0 (compatible; YandexBot/3.0; +http://yandex.com/bots)"
141.8.147.12 - - [05/Aug/2013:22:08:39 +0200] "GET /images/pfeil_seite1.gif HTTP/1.1" 304 - "-" "Mozilla/5.0 (compatible; YandexImages/3.0; +http://yandex.com/bots)"
65.55.215.72 - - [05/Aug/2013:22:36:07 +0200] "GET /robots.txt HTTP/1.1" 200 171 "-" "msnbot-media/1.1 (+http://search.msn.com/msnbot.htm)"
65.55.215.72 - - [05/Aug/2013:22:36:08 +0200] "GET /images/pixel.gif HTTP/1.1" 200 43 "-" "msnbot-media/1.1 (+http://search.msn.com/msnbot.htm)"
141.8.147.12 - - [06/Aug/2013:02:18:36 +0200] "GET /images/pfeil_seite2.gif HTTP/1.1" 304 - "-" "Mozilla/5.0 (compatible; YandexImages/3.0; +http://yandex.com/bots)"
141.8.147.12 - - [06/Aug/2013:02:57:36 +0200] "GET /images/head_leistungen.gif HTTP/1.1" 304 - "-" "Mozilla/5.0 (compatible; YandexImages/3.0; +http://yandex.com/bots)"
176.9.148.194 - - [06/Aug/2013:03:29:43 +0200] "GET /robots.txt HTTP/1.1" 200 171 "-" "Mozilla/5.0 (compatible; SISTRIX Crawler; http://crawler.sistrix.net/)"
176.9.148.194 - - [06/Aug/2013:03:29:44 +0200] "GET / HTTP/1.1" 206 4185 "-" "Mozilla/5.0 (compatible; SISTRIX Crawler; http://crawler.sistrix.net/)"
141.8.147.12 - - [06/Aug/2013:03:38:26 +0200] "GET /images/pixel.gif HTTP/1.1" 304 - "-" "Mozilla/5.0 (compatible; YandexImages/3.0; +http://yandex.com/bots)"
46.118.152.23 - - [06/Aug/2013:03:46:41 +0200] "GET / HTTP/1.1" 200 4185 "http://murbook.com/" "Mozilla/4.0 (compatible; MSIE 6.0; Windows NT 5.1; Maxthon; .NET CLR 1.1.4322)"
46.118.152.23 - - [06/Aug/2013:03:46:41 +0200] "GET / HTTP/1.1" 200 4185 "http://murbook.com/" "Mozilla/4.0 (compatible; MSIE 6.0; Windows NT 5.1; Maxthon; .NET CLR 1.1.4322)"
46.118.152.23 - - [06/Aug/2013:03:46:42 +0200] "GET / HTTP/1.1" 200 4185 "http://murbook.com/" "Mozilla/4.0 (compatible; MSIE 6.0; Windows NT 5.1; Maxthon; .NET CLR 1.1.4322)"
37.115.112.210 - - [06/Aug/2013:03:59:00 +0200] "GET / HTTP/1.1" 200 4185 "http://xn--80adj4atbj1eb.xn--p1ai/" "Mozilla/4.0 (compatible; MSIE 6.0; Windows NT 5.0; APC; .NET CLR 1.0.3705; .NET CLR 1.1.4322; .NET CLR 2.0.50215; InfoPath.1)"
37.115.112.210 - - [06/Aug/2013:03:59:00 +0200] "GET / HTTP/1.1" 200 4185 "http://xn--80adj4atbj1eb.xn--p1ai/" "Mozilla/4.0 (compatible; MSIE 6.0; Windows NT 5.0; APC; .NET CLR 1.0.3705; .NET CLR 1.1.4322; .NET CLR 2.0.50215; InfoPath.1)"
141.8.147.12 - - [06/Aug/2013:04:34:22 +0200] "GET /images/pfeil_seite1.gif HTTP/1.1" 304 - "-" "Mozilla/5.0 (compatible; YandexImages/3.0; +http://yandex.com/bots)"
141.8.147.12 - - [06/Aug/2013:05:30:33 +0200] "GET /images/pixel.gif HTTP/1.1" 304 - "-" "Mozilla/5.0 (compatible; YandexImages/3.0; +http://yandex.com/bots)"
91.207.9.226 - - [06/Aug/2013:06:49:06 +0200] "GET / HTTP/1.1" 200 4185 "http://www.socioforum.su/" "Mozilla/4.61 [en] (X11; U; ) - BrowseX (2.0.0 Windows)"
91.207.9.226 - - [06/Aug/2013:06:49:07 +0200] "GET / HTTP/1.1" 200 4185 "http://www.socioforum.su/" "Mozilla/4.61 [en] (X11; U; ) - BrowseX (2.0.0 Windows)"
91.207.9.226 - - [06/Aug/2013:06:49:08 +0200] "GET / HTTP/1.1" 200 4185 "http://www.socioforum.su/" "Mozilla/4.61 [en] (X11; U; ) - BrowseX (2.0.0 Windows)"
141.8.147.12 - - [06/Aug/2013:08:34:26 +0200] "GET /images/bildergalerie.gif HTTP/1.1" 304 - "-" "Mozilla/5.0 (compatible; YandexImages/3.0; +http://yandex.com/bots)"
157.56.93.61 - - [06/Aug/2013:09:05:55 +0200] "GET /robots.txt HTTP/1.1" 200 171 "-" "Mozilla/5.0 (compatible; bingbot/2.0; +http://www.bing.com/bingbot.htm)"
157.55.32.28 - - [06/Aug/2013:09:06:42 +0200] "GET /home.htm HTTP/1.1" 200 1194 "-" "Mozilla/5.0 (compatible; bingbot/2.0; +http://www.bing.com/bingbot.htm)"
157.56.93.61 - - [06/Aug/2013:09:07:12 +0200] "GET / HTTP/1.1" 200 4185 "-" "Mozilla/5.0 (compatible; bingbot/2.0; +http://www.bing.com/bingbot.htm)"
157.56.93.61 - - [06/Aug/2013:09:07:19 +0200] "GET /leer.htm HTTP/1.1" 200 172 "-" "Mozilla/5.0 (compatible; bingbot/2.0; +http://www.bing.com/bingbot.htm)"
157.55.35.114 - - [06/Aug/2013:09:08:12 +0200] "GET /header.htm HTTP/1.1" 200 795 "-" "Mozilla/5.0 (compatible; bingbot/2.0; +http://www.bing.com/bingbot.htm)"
157.56.93.40 - - [06/Aug/2013:09:08:42 +0200] "GET /navi.htm HTTP/1.1" 200 4594 "-" "Mozilla/5.0 (compatible; bingbot/2.0; +http://www.bing.com/bingbot.htm)"
157.55.32.28 - - [06/Aug/2013:09:15:42 +0200] "GET /home.htm HTTP/1.1" 200 1194 "-" "Mozilla/5.0 (compatible; bingbot/2.0; +http://www.bing.com/bingbot.htm)"
141.8.147.12 - - [06/Aug/2013:09:40:41 +0200] "GET /images/head_leistungen.gif HTTP/1.1" 304 - "-" "Mozilla/5.0 (compatible; YandexImages/3.0; +http://yandex.com/bots)"
178.137.93.32 - - [06/Aug/2013:11:56:44 +0200] "GET / HTTP/1.1" 200 4185 "http://azbuka-sro.ru/" "Mozilla/4.0 (compatible; MSIE 6.0; Windows NT 5.1; Maxthon; .NET CLR 1.1.4322)"
178.137.93.32 - - [06/Aug/2013:11:56:44 +0200] "GET / HTTP/1.1" 200 4185 "http://azbuka-sro.ru/" "Mozilla/4.0 (compatible; MSIE 6.0; Windows NT 5.1; Maxthon; .NET CLR 1.1.4322)"
178.137.93.32 - - [06/Aug/2013:11:56:44 +0200] "GET / HTTP/1.1" 200 4185 "http://azbuka-sro.ru/" "Mozilla/4.0 (compatible; MSIE 6.0; Windows NT 5.1; Maxthon; .NET CLR 1.1.4322)"
178.137.93.32 - - [06/Aug/2013:11:56:47 +0200] "GET / HTTP/1.1" 200 4185 "http://atkinx.com/" "Mozilla/4.0 (compatible; MSIE 6.0; Windows NT 5.1; Maxthon; .NET CLR 1.1.4322)"
178.137.93.32 - - [06/Aug/2013:11:56:47 +0200] "GET / HTTP/1.1" 200 4185 "http://atkinx.com/" "Mozilla/4.0 (compatible; MSIE 6.0; Windows NT 5.1; Maxthon; .NET CLR 1.1.4322)"
178.137.93.32 - - [06/Aug/2013:11:56:47 +0200] "GET / HTTP/1.1" 200 4185 "http://atkinx.com/" "Mozilla/4.0 (compatible; MSIE 6.0; Windows NT 5.1; Maxthon; .NET CLR 1.1.4322)"
141.8.147.12 - - [06/Aug/2013:12:13:26 +0200] "GET /robots.txt HTTP/1.1" 200 171 "-" "Mozilla/5.0 (compatible; YandexBot/3.0; +http://yandex.com/bots)"
141.8.147.12 - - [06/Aug/2013:12:13:39 +0200] "GET /images/pfeil_seite2.gif HTTP/1.1" 304 - "-" "Mozilla/5.0 (compatible; YandexImages/3.0; +http://yandex.com/bots)"
141.8.147.12 - - [06/Aug/2013:12:42:11 +0200] "GET /images/head_praxis.gif HTTP/1.1" 304 - "-" "Mozilla/5.0 (compatible; YandexImages/3.0; +http://yandex.com/bots)"
91.207.9.226 - - [06/Aug/2013:13:26:38 +0200] "GET / HTTP/1.1" 200 4185 "http://moregirls.org/" "Mozilla/4.61 [en] (X11; U; ) - BrowseX (2.0.0 Windows)"
91.207.9.226 - - [06/Aug/2013:13:26:39 +0200] "GET / HTTP/1.1" 200 4185 "http://moregirls.org/" "Mozilla/4.61 [en] (X11; U; ) - BrowseX (2.0.0 Windows)"
91.207.9.226 - - [06/Aug/2013:13:26:42 +0200] "GET / HTTP/1.1" 200 4185 "http://moregirls.org/" "Mozilla/4.61 [en] (X11; U; ) - BrowseX (2.0.0 Windows)"
87.189.66.209 - - [06/Aug/2013:13:38:47 +0200] "GET / HTTP/1.1" 304 - "http://suche.aol.de/aol/search?s_chn=hp&enabled_terms=&s_it=aolde-homePage50&q=Dialysepraxis+sch%C3%B6nebeck" "Mozilla/4.0 (compatible; MSIE 8.0; Windows NT 5.1; Trident/4.0; GTB7.5; .NET CLR 1.1.4322; .NET CLR 2.0.50727; .NET CLR 3.0.4506.2152; .NET CLR 3.5.30729)"
87.189.66.209 - - [06/Aug/2013:13:38:47 +0200] "GET /leer.htm HTTP/1.1" 304 - "http://www.dialyse-schoenebeck.de/" "Mozilla/4.0 (compatible; MSIE 8.0; Windows NT 5.1; Trident/4.0; GTB7.5; .NET CLR 1.1.4322; .NET CLR 2.0.50727; .NET CLR 3.0.4506.2152; .NET CLR 3.5.30729)"
