5.9.58.176 - - [26/Mar/2013:09:30:13 +0100] "GET /leer.htm HTTP/1.1" 200 172 "-" "Mozilla/5.0 (Windows NT 6.1; rv:8.0) Gecko/20100101 Firefox/8.0"
5.9.58.176 - - [26/Mar/2013:09:30:13 +0100] "GET /leer.htm HTTP/1.1" 200 172 "-" "Mozilla/5.0 (Windows NT 6.1; rv:8.0) Gecko/20100101 Firefox/8.0"
5.9.58.176 - - [26/Mar/2013:09:30:13 +0100] "GET /leer.htm HTTP/1.1" 200 172 "-" "Mozilla/5.0 (Windows NT 6.1; rv:8.0) Gecko/20100101 Firefox/8.0"
5.9.58.176 - - [26/Mar/2013:09:30:13 +0100] "GET /leer.htm HTTP/1.1" 200 172 "-" "Mozilla/5.0 (Windows NT 6.1; rv:8.0) Gecko/20100101 Firefox/8.0"
5.9.58.176 - - [26/Mar/2013:09:30:13 +0100] "GET /leer.htm HTTP/1.1" 200 172 "-" "Mozilla/5.0 (Windows NT 6.1; rv:8.0) Gecko/20100101 Firefox/8.0"
5.9.58.176 - - [26/Mar/2013:09:30:13 +0100] "GET /leer.htm HTTP/1.1" 200 172 "-" "Mozilla/5.0 (Windows NT 6.1; rv:8.0) Gecko/20100101 Firefox/8.0"
5.9.58.176 - - [26/Mar/2013:09:30:13 +0100] "GET /leer.htm HTTP/1.1" 200 172 "-" "Mozilla/5.0 (Windows NT 6.1; rv:8.0) Gecko/20100101 Firefox/8.0"
5.9.58.176 - - [26/Mar/2013:09:30:13 +0100] "GET /leer.htm HTTP/1.1" 200 172 "-" "Mozilla/5.0 (Windows NT 6.1; rv:8.0) Gecko/20100101 Firefox/8.0"
5.9.58.176 - - [26/Mar/2013:09:30:13 +0100] "GET /navi.htm HTTP/1.1" 200 4594 "-" "Mozilla/5.0 (Windows NT 6.1; rv:8.0) Gecko/20100101 Firefox/8.0"
5.9.58.176 - - [26/Mar/2013:09:30:13 +0100] "GET /leer.htm HTTP/1.1" 200 172 "-" "Mozilla/5.0 (Windows NT 6.1; rv:8.0) Gecko/20100101 Firefox/8.0"
5.9.58.176 - - [26/Mar/2013:09:30:13 +0100] "GET /leer.htm HTTP/1.1" 200 172 "-" "Mozilla/5.0 (Windows NT 6.1; rv:8.0) Gecko/20100101 Firefox/8.0"
5.9.58.176 - - [26/Mar/2013:09:30:13 +0100] "GET /home.htm HTTP/1.1" 200 1194 "-" "Mozilla/5.0 (Windows NT 6.1; rv:8.0) Gecko/20100101 Firefox/8.0"
5.9.58.176 - - [26/Mar/2013:09:30:13 +0100] "GET /leer.htm HTTP/1.1" 200 172 "-" "Mozilla/5.0 (Windows NT 6.1; rv:8.0) Gecko/20100101 Firefox/8.0"
5.9.58.176 - - [26/Mar/2013:09:30:13 +0100] "GET /leer.htm HTTP/1.1" 200 172 "-" "Mozilla/5.0 (Windows NT 6.1; rv:8.0) Gecko/20100101 Firefox/8.0"
5.9.58.176 - - [26/Mar/2013:09:30:13 +0100] "GET /header.htm HTTP/1.1" 200 795 "-" "Mozilla/5.0 (Windows NT 6.1; rv:8.0) Gecko/20100101 Firefox/8.0"
5.9.58.176 - - [26/Mar/2013:09:30:13 +0100] "GET /home.htm HTTP/1.1" 200 1194 "-" "Mozilla/5.0 (Windows NT 6.1; rv:8.0) Gecko/20100101 Firefox/8.0"
5.9.58.176 - - [26/Mar/2013:09:30:13 +0100] "GET /leer.htm HTTP/1.1" 200 172 "-" "Mozilla/5.0 (Windows NT 6.1; rv:8.0) Gecko/20100101 Firefox/8.0"
5.9.58.176 - - [26/Mar/2013:09:30:13 +0100] "GET /header.htm HTTP/1.1" 200 795 "-" "Mozilla/5.0 (Windows NT 6.1; rv:8.0) Gecko/20100101 Firefox/8.0"
5.9.58.176 - - [26/Mar/2013:09:30:13 +0100] "GET /leer.htm HTTP/1.1" 200 172 "-" "Mozilla/5.0 (Windows NT 6.1; rv:8.0) Gecko/20100101 Firefox/8.0"
5.9.58.176 - - [26/Mar/2013:09:30:13 +0100] "GET /leer.htm HTTP/1.1" 200 172 "-" "Mozilla/5.0 (Windows NT 6.1; rv:8.0) Gecko/20100101 Firefox/8.0"
5.9.58.176 - - [26/Mar/2013:09:30:13 +0100] "GET /leer.htm HTTP/1.1" 200 172 "-" "Mozilla/5.0 (Windows NT 6.1; rv:8.0) Gecko/20100101 Firefox/8.0"
5.9.58.176 - - [26/Mar/2013:09:30:13 +0100] "GET /leer.htm HTTP/1.1" 200 172 "-" "Mozilla/5.0 (Windows NT 6.1; rv:8.0) Gecko/20100101 Firefox/8.0"
5.9.58.176 - - [26/Mar/2013:09:30:13 +0100] "GET /leer.htm HTTP/1.1" 200 172 "-" "Mozilla/5.0 (Windows NT 6.1; rv:8.0) Gecko/20100101 Firefox/8.0"
5.9.58.176 - - [26/Mar/2013:09:30:13 +0100] "GET /leer.htm HTTP/1.1" 200 172 "-" "Mozilla/5.0 (Windows NT 6.1; rv:8.0) Gecko/20100101 Firefox/8.0"
5.9.58.176 - - [26/Mar/2013:09:30:13 +0100] "GET /leer.htm HTTP/1.1" 200 172 "-" "Mozilla/5.0 (Windows NT 6.1; rv:8.0) Gecko/20100101 Firefox/8.0"
5.9.58.176 - - [26/Mar/2013:09:30:13 +0100] "GET /navi.htm HTTP/1.1" 200 4594 "-" "Mozilla/5.0 (Windows NT 6.1; rv:8.0) Gecko/20100101 Firefox/8.0"
157.56.92.155 - - [26/Mar/2013:09:57:31 +0100] "GET /robots.txt HTTP/1.1" 200 171 "-" "Mozilla/5.0 (compatible; bingbot/2.0; +http://www.bing.com/bingbot.htm)"
5.9.42.111 - - [26/Mar/2013:09:58:12 +0100] "GET / HTTP/1.1" 200 4185 "-" "Mozilla/5.0 (X11; Ubuntu; Linux x86_64; rv:15.0) Gecko/20100101 Firefox/15.0.1"
157.56.92.155 - - [26/Mar/2013:09:59:18 +0100] "GET / HTTP/1.1" 200 4185 "-" "Mozilla/5.0 (compatible; bingbot/2.0; +http://www.bing.com/bingbot.htm)"
202.46.48.15 - - [26/Mar/2013:10:03:09 +0100] "GET / HTTP/1.1" 200 4185 "-" "Mozilla/4.0 (compatible; MSIE 7.0; Windows NT 6.0)"
119.63.193.132 - - [26/Mar/2013:10:04:05 +0100] "GET / HTTP/1.1" 200 4185 "-" "Mozilla/4.0 (compatible; MSIE 7.0; Windows NT 6.0)"
23.22.131.19 - - [26/Mar/2013:11:05:36 +0100] "GET / HTTP/1.0" 200 4185 "http://www.go-profitclicking.com" "Mozilla/5.0 (compatible; MSIE 9.0; Windows NT 6.1; Trident/5.0)"
91.207.4.186 - - [26/Mar/2013:11:50:26 +0100] "GET / HTTP/1.1" 200 4185 "http://finaneinvest.net/news.php?readmore=4" "Mozilla/5.0 (Windows NT 5.1; U; en) Opera 8.00"
91.207.4.186 - - [26/Mar/2013:11:50:26 +0100] "GET / HTTP/1.1" 200 4185 "http://finaneinvest.net/news.php?readmore=4" "Mozilla/5.0 (Windows NT 5.1; U; en) Opera 8.00"
91.207.4.186 - - [26/Mar/2013:11:50:27 +0100] "GET / HTTP/1.1" 200 4185 "http://finaneinvest.net/news.php?readmore=4" "Mozilla/5.0 (Windows NT 5.1; U; en) Opera 8.00"
157.55.32.143 - - [26/Mar/2013:11:52:33 +0100] "GET /robots.txt HTTP/1.1" 200 171 "-" "Mozilla/5.0 (compatible; bingbot/2.0; +http://www.bing.com/bingbot.htm)"
157.55.32.143 - - [26/Mar/2013:11:54:21 +0100] "GET /leer.htm HTTP/1.1" 304 - "-" "Mozilla/5.0 (compatible; bingbot/2.0; +http://www.bing.com/bingbot.htm)"
91.207.9.226 - - [26/Mar/2013:12:16:12 +0100] "GET / HTTP/1.1" 200 4185 "http://google-play-soft.ru/" "Mozilla/5.0 (Windows NT 5.1; U; en) Opera 8.00"
91.207.9.226 - - [26/Mar/2013:12:16:13 +0100] "GET / HTTP/1.1" 200 4185 "http://google-play-soft.ru/" "Mozilla/5.0 (Windows NT 5.1; U; en) Opera 8.00"
91.207.9.226 - - [26/Mar/2013:12:16:14 +0100] "GET / HTTP/1.1" 200 4185 "http://google-play-soft.ru/" "Mozilla/5.0 (Windows NT 5.1; U; en) Opera 8.00"
46.118.117.249 - - [26/Mar/2013:12:18:02 +0100] "GET / HTTP/1.1" 200 4185 "http://vzlom-vk.ru/" "Mozilla/4.0 (compatible; MSIE 6.0; Windows NT 5.1)"
46.118.117.249 - - [26/Mar/2013:12:18:02 +0100] "GET / HTTP/1.1" 200 4185 "http://www.russia-off.ru/" "Mozilla/4.0 (compatible; MSIE 6.0; Windows NT 5.1)"
46.118.117.249 - - [26/Mar/2013:12:18:02 +0100] "GET / HTTP/1.1" 200 4185 "http://vzlom-vk.ru/" "Mozilla/4.0 (compatible; MSIE 6.0; Windows NT 5.1)"
46.118.117.249 - - [26/Mar/2013:12:18:03 +0100] "GET / HTTP/1.1" 200 4185 "http://www.russia-off.ru/" "Mozilla/4.0 (compatible; MSIE 6.0; Windows NT 5.1)"
46.118.117.249 - - [26/Mar/2013:12:18:03 +0100] "GET / HTTP/1.1" 200 4185 "http://vzlom-vk.ru/" "Mozilla/4.0 (compatible; MSIE 6.0; Windows NT 5.1)"
46.118.117.249 - - [26/Mar/2013:12:18:03 +0100] "GET / HTTP/1.1" 200 4185 "http://www.russia-off.ru/" "Mozilla/4.0 (compatible; MSIE 6.0; Windows NT 5.1)"
91.207.6.34 - - [26/Mar/2013:12:40:47 +0100] "GET / HTTP/1.1" 200 4185 "http://www.prostitutki-kiev.org/" "Mozilla/4.0 (compatible; MSIE 6.0; Windows NT 5.1; Maxthon; .NET CLR 1.1.4322)"
91.207.6.34 - - [26/Mar/2013:12:40:47 +0100] "GET / HTTP/1.1" 200 4185 "http://www.prostitutki-kiev.org/" "Mozilla/4.0 (compatible; MSIE 6.0; Windows NT 5.1; Maxthon; .NET CLR 1.1.4322)"
91.207.6.34 - - [26/Mar/2013:12:40:48 +0100] "GET / HTTP/1.1" 200 4185 "http://www.prostitutki-kiev.org/" "Mozilla/4.0 (compatible; MSIE 6.0; Windows NT 5.1; Maxthon; .NET CLR 1.1.4322)"
193.106.136.37 - - [26/Mar/2013:13:15:14 +0100] "GET / HTTP/1.1" 200 4185 "http://x-freelance.com/" "Mozilla/4.0 (compatible; MSIE 6.0; Windows NT 5.1; .NET CLR 1.1.4322; FDM)"
193.106.136.37 - - [26/Mar/2013:13:15:15 +0100] "GET / HTTP/1.1" 200 4185 "http://x-freelance.com/" "Mozilla/4.0 (compatible; MSIE 6.0; Windows NT 5.1; .NET CLR 1.1.4322; FDM)"
199.30.16.54 - - [26/Mar/2013:14:36:57 +0100] "GET /robots.txt HTTP/1.1" 200 171 "-" "msnbot-media/1.1 (+http://search.msn.com/msnbot.htm)"
199.30.16.54 - - [26/Mar/2013:14:36:57 +0100] "GET /images/pfeil_seite2.gif HTTP/1.1" 200 277 "-" "msnbot-media/1.1 (+http://search.msn.com/msnbot.htm)"
176.9.50.103 - - [26/Mar/2013:14:57:03 +0100] "GET /robots.txt HTTP/1.1" 200 171 "-" "Mozilla/5.0 (compatible; SISTRIX Crawler; http://crawler.sistrix.net/)"
176.9.50.103 - - [26/Mar/2013:14:57:03 +0100] "GET / HTTP/1.1" 200 4185 "-" "Mozilla/5.0 (compatible; SISTRIX Crawler; http://crawler.sistrix.net/)"
202.46.48.26 - - [26/Mar/2013:16:01:12 +0100] "GET / HTTP/1.1" 200 4185 "-" "Mozilla/4.0 (compatible; MSIE 7.0; Windows NT 6.0)"
119.63.193.194 - - [26/Mar/2013:16:02:02 +0100] "GET / HTTP/1.1" 200 4185 "-" "Mozilla/4.0 (compatible; MSIE 7.0; Windows NT 6.0)"
193.106.136.37 - - [26/Mar/2013:16:28:19 +0100] "GET / HTTP/1.1" 200 4185 "http://nayra.ru/" "Mozilla/4.0 (compatible; MSIE 6.0; Windows NT 5.1; FREE; .NET CLR 1.1.4322)"
193.106.136.37 - - [26/Mar/2013:16:28:19 +0100] "GET / HTTP/1.1" 200 4185 "http://nayra.ru/" "Mozilla/4.0 (compatible; MSIE 6.0; Windows NT 5.1; FREE; .NET CLR 1.1.4322)"
66.249.76.88 - - [26/Mar/2013:16:36:35 +0100] "GET /robots.txt HTTP/1.1" 200 171 "-" "Mozilla/5.0 (compatible; Googlebot/2.1; +http://www.google.com/bot.html)"
66.249.76.88 - - [26/Mar/2013:16:36:36 +0100] "GET / HTTP/1.1" 200 4185 "-" "Mozilla/5.0 (iPhone; U; CPU iPhone OS 4_1 like Mac OS X; en-us) AppleWebKit/532.9 (KHTML, like Gecko) Version/4.0.5 Mobile/8B117 Safari/6531.22.7 (compatible; Googlebot-Mobile/2.1; +http://www.google.com/bot.html)"
157.55.35.32 - - [26/Mar/2013:17:30:12 +0100] "GET /robots.txt HTTP/1.1" 200 171 "-" "Mozilla/5.0 (compatible; bingbot/2.0; +http://www.bing.com/bingbot.htm)"
157.55.32.223 - - [26/Mar/2013:17:31:54 +0100] "GET /home.htm HTTP/1.1" 200 1194 "-" "Mozilla/5.0 (compatible; bingbot/2.0; +http://www.bing.com/bingbot.htm)"
157.55.35.32 - - [26/Mar/2013:17:31:55 +0100] "GET /header.htm HTTP/1.1" 200 795 "-" "Mozilla/5.0 (compatible; bingbot/2.0; +http://www.bing.com/bingbot.htm)"
65.55.208.140 - - [26/Mar/2013:17:32:19 +0100] "GET /header.htm HTTP/1.1" 200 795 "-" "Mozilla/5.0 (Windows NT 6.1; WOW64) AppleWebKit/534+ (KHTML, like Gecko) BingPreview/1.0b"
65.55.208.140 - - [26/Mar/2013:17:32:20 +0100] "GET /index.html HTTP/1.1" 200 4185 "http://www.dialyse-schoenebeck.de/header.htm" "Mozilla/5.0 (Windows NT 6.1; WOW64) AppleWebKit/534+ (KHTML, like Gecko) BingPreview/1.0b"
65.55.208.140 - - [26/Mar/2013:17:32:21 +0100] "GET /leer.htm HTTP/1.1" 200 172 "http://www.dialyse-schoenebeck.de/index.html" "Mozilla/5.0 (Windows NT 6.1; WOW64) AppleWebKit/534+ (KHTML, like Gecko) BingPreview/1.0b"
65.55.208.140 - - [26/Mar/2013:17:32:21 +0100] "GET /leer.htm HTTP/1.1" 200 172 "http://www.dialyse-schoenebeck.de/index.html" "Mozilla/5.0 (Windows NT 6.1; WOW64) AppleWebKit/534+ (KHTML, like Gecko) BingPreview/1.0b"
65.55.208.140 - - [26/Mar/2013:17:32:21 +0100] "GET /leer.htm HTTP/1.1" 200 172 "http://www.dialyse-schoenebeck.de/index.html" "Mozilla/5.0 (Windows NT 6.1; WOW64) AppleWebKit/534+ (KHTML, like Gecko) BingPreview/1.0b"
65.55.208.140 - - [26/Mar/2013:17:32:21 +0100] "GET /leer.htm HTTP/1.1" 200 172 "http://www.dialyse-schoenebeck.de/index.html" "Mozilla/5.0 (Windows NT 6.1; WOW64) AppleWebKit/534+ (KHTML, like Gecko) BingPreview/1.0b"
65.55.208.140 - - [26/Mar/2013:17:32:21 +0100] "GET /leer.htm HTTP/1.1" 200 172 "http://www.dialyse-schoenebeck.de/index.html" "Mozilla/5.0 (Windows NT 6.1; WOW64) AppleWebKit/534+ (KHTML, like Gecko) BingPreview/1.0b"
65.55.208.140 - - [26/Mar/2013:17:32:22 +0100] "GET /navi.htm HTTP/1.1" 200 4594 "http://www.dialyse-schoenebeck.de/index.html" "Mozilla/5.0 (Windows NT 6.1; WOW64) AppleWebKit/534+ (KHTML, like Gecko) BingPreview/1.0b"
65.55.208.140 - - [26/Mar/2013:17:32:22 +0100] "GET /home.htm HTTP/1.1" 200 1194 "http://www.dialyse-schoenebeck.de/index.html" "Mozilla/5.0 (Windows NT 6.1; WOW64) AppleWebKit/534+ (KHTML, like Gecko) BingPreview/1.0b"
213.110.133.221 - - [26/Mar/2013:18:21:52 +0100] "GET / HTTP/1.1" 200 4185 "http://pronekut.com/news.php?readmore=50" "Mozilla/4.0 (compatible; Blog Search;)"
213.110.133.221 - - [26/Mar/2013:18:21:52 +0100] "GET / HTTP/1.1" 200 4185 "http://pronekut.com/news.php?readmore=50" "Mozilla/4.0 (compatible; Blog Search;)"
202.46.62.32 - - [26/Mar/2013:22:03:49 +0100] "GET / HTTP/1.1" 200 4185 "-" "Mozilla/4.0 (compatible; MSIE 7.0; Windows NT 6.0)"
119.63.193.131 - - [26/Mar/2013:22:04:48 +0100] "GET / HTTP/1.1" 200 4185 "-" "Mozilla/4.0 (compatible; MSIE 7.0; Windows NT 6.0)"
66.249.76.88 - - [26/Mar/2013:22:37:11 +0100] "GET / HTTP/1.1" 200 4185 "-" "Mozilla/5.0 (compatible; Googlebot/2.1; +http://www.google.com/bot.html)"
202.46.62.20 - - [27/Mar/2013:00:07:40 +0100] "GET / HTTP/1.1" 200 4185 "-" "Mozilla/4.0 (compatible; MSIE 7.0; Windows NT 6.0)"
119.63.193.195 - - [27/Mar/2013:00:08:48 +0100] "GET / HTTP/1.1" 200 4185 "-" "Mozilla/4.0 (compatible; MSIE 7.0; Windows NT 6.0)"
91.207.6.34 - - [27/Mar/2013:01:54:43 +0100] "GET / HTTP/1.1" 200 4185 "http://www.prostitutki-omska.org/" "Opera/9.00 (Windows NT 4.0; U; en)"
91.207.6.34 - - [27/Mar/2013:01:54:44 +0100] "GET / HTTP/1.1" 200 4185 "http://www.prostitutki-omska.org/" "Opera/9.00 (Windows NT 4.0; U; en)"
91.207.6.34 - - [27/Mar/2013:01:54:44 +0100] "GET / HTTP/1.1" 200 4185 "http://www.prostitutki-omska.org/" "Opera/9.00 (Windows NT 4.0; U; en)"
141.8.147.12 - - [27/Mar/2013:02:16:29 +0100] "GET /robots.txt HTTP/1.1" 200 171 "-" "Mozilla/5.0 (compatible; YandexBot/3.0; +http://yandex.com/bots)"
178.137.5.62 - - [27/Mar/2013:02:39:30 +0100] "GET / HTTP/1.1" 200 4185 "http://www.ydivis.ru/" "Mozilla/4.0 (compatible; MSIE 6.0; Windows NT 5.1; en) Opera 8.00"
178.137.5.62 - - [27/Mar/2013:02:39:30 +0100] "GET / HTTP/1.1" 200 4185 "http://www.ydivis.ru/" "Mozilla/4.0 (compatible; MSIE 6.0; Windows NT 5.1; en) Opera 8.00"
178.137.5.62 - - [27/Mar/2013:02:39:31 +0100] "GET / HTTP/1.1" 200 4185 "http://www.ydivis.ru/" "Mozilla/4.0 (compatible; MSIE 6.0; Windows NT 5.1; en) Opera 8.00"
178.137.5.62 - - [27/Mar/2013:02:40:14 +0100] "GET / HTTP/1.1" 200 4185 "http://en.mylandsgame.info/" "Mozilla/4.0 (compatible; MSIE 6.0; Windows NT 5.1; Q312461)"
178.137.5.62 - - [27/Mar/2013:02:40:14 +0100] "GET / HTTP/1.1" 200 4185 "http://en.mylandsgame.info/" "Mozilla/4.0 (compatible; MSIE 6.0; Windows NT 5.1; Q312461)"
178.137.5.62 - - [27/Mar/2013:02:40:15 +0100] "GET / HTTP/1.1" 200 4185 "http://en.mylandsgame.info/" "Mozilla/4.0 (compatible; MSIE 6.0; Windows NT 5.1; Q312461)"
202.46.49.13 - - [27/Mar/2013:04:02:06 +0100] "GET / HTTP/1.1" 200 4185 "-" "Mozilla/4.0 (compatible; MSIE 7.0; Windows NT 6.0)"
119.63.193.195 - - [27/Mar/2013:04:03:00 +0100] "GET / HTTP/1.1" 200 4185 "-" "Mozilla/4.0 (compatible; MSIE 7.0; Windows NT 6.0)"
141.8.147.12 - - [27/Mar/2013:04:57:13 +0100] "GET /praxis.htm HTTP/1.1" 200 2232 "-" "Mozilla/5.0 (compatible; YandexBot/3.0; +http://yandex.com/bots)"
141.8.147.12 - - [27/Mar/2013:05:14:39 +0100] "GET / HTTP/1.1" 200 4185 "-" "Mozilla/5.0 (compatible; YandexBot/3.0; +http://yandex.com/bots)"
141.8.147.12 - - [27/Mar/2013:05:15:45 +0100] "GET /leer.htm HTTP/1.1" 200 172 "-" "Mozilla/5.0 (compatible; YandexBot/3.0; +http://yandex.com/bots)"
141.8.147.12 - - [27/Mar/2013:05:15:47 +0100] "GET /header.htm HTTP/1.1" 200 795 "-" "Mozilla/5.0 (compatible; YandexBot/3.0; +http://yandex.com/bots)"
202.46.63.70 - - [27/Mar/2013:10:03:47 +0100] "GET / HTTP/1.1" 200 4185 "-" "Mozilla/4.0 (compatible; MSIE 7.0; Windows NT 6.0)"
119.63.193.131 - - [27/Mar/2013:10:04:43 +0100] "GET / HTTP/1.1" 200 4185 "-" "Mozilla/4.0 (compatible; MSIE 7.0; Windows NT 6.0)"
46.118.117.249 - - [27/Mar/2013:12:49:59 +0100] "GET / HTTP/1.1" 200 4185 "http://www.sexhdtube.net/" "Opera/7.54 (Windows NT 5.1; U) [pl]"
46.118.117.249 - - [27/Mar/2013:12:50:00 +0100] "GET / HTTP/1.1" 200 4185 "http://www.sexhdtube.net/" "Opera/7.54 (Windows NT 5.1; U) [pl]"
46.118.117.249 - - [27/Mar/2013:12:50:00 +0100] "GET / HTTP/1.1" 200 4185 "http://www.sexhdtube.net/" "Opera/7.54 (Windows NT 5.1; U) [pl]"
202.46.57.60 - - [27/Mar/2013:16:01:21 +0100] "GET / HTTP/1.1" 200 4185 "-" "Mozilla/4.0 (compatible; MSIE 7.0; Windows NT 6.0)"
119.63.193.195 - - [27/Mar/2013:16:02:14 +0100] "GET / HTTP/1.1" 200 4185 "-" "Mozilla/4.0 (compatible; MSIE 7.0; Windows NT 6.0)"
37.139.52.23 - - [27/Mar/2013:17:38:53 +0100] "GET / HTTP/1.1" 200 4185 "http://dalirans.net/news.php?readmore=38" "Mozilla/2.0 (compatible; MSIE 3.02; Windows CE; 240x320)"
37.139.52.23 - - [27/Mar/2013:17:38:54 +0100] "GET / HTTP/1.1" 200 4185 "http://dalirans.net/news.php?readmore=38" "Mozilla/2.0 (compatible; MSIE 3.02; Windows CE; 240x320)"
91.207.4.186 - - [27/Mar/2013:17:55:14 +0100] "GET / HTTP/1.1" 200 4185 "http://ranselem.net/news.php?readmore=36" "Mozilla/5.0 (Windows NT 5.1; U; en) Opera 8.00"
91.207.4.186 - - [27/Mar/2013:17:55:14 +0100] "GET / HTTP/1.1" 200 4185 "http://ranselem.net/news.php?readmore=36" "Mozilla/5.0 (Windows NT 5.1; U; en) Opera 8.00"
91.207.4.186 - - [27/Mar/2013:17:55:15 +0100] "GET / HTTP/1.1" 200 4185 "http://ranselem.net/news.php?readmore=36" "Mozilla/5.0 (Windows NT 5.1; U; en) Opera 8.00"
91.207.4.186 - - [27/Mar/2013:20:22:08 +0100] "GET / HTTP/1.1" 200 4185 "http://gameksika.onaruto.ru" "Mozilla/4.0 (compatible; MSIE 6.0; Windows NT 5.2; Win64; AMD64)"
91.207.4.186 - - [27/Mar/2013:20:22:09 +0100] "GET / HTTP/1.1" 200 4185 "http://gameksika.onaruto.ru" "Mozilla/4.0 (compatible; MSIE 6.0; Windows NT 5.2; Win64; AMD64)"
91.207.4.186 - - [27/Mar/2013:20:22:09 +0100] "GET / HTTP/1.1" 200 4185 "http://gameksika.onaruto.ru" "Mozilla/4.0 (compatible; MSIE 6.0; Windows NT 5.2; Win64; AMD64)"
46.118.117.249 - - [27/Mar/2013:20:25:16 +0100] "GET / HTTP/1.1" 200 4185 "http://uslugi-buhgalter.ru/" "Mozilla/4.0 (compatible; MSIE 6.0; Windows NT 5.1; ru) Opera 8.01"
46.118.117.249 - - [27/Mar/2013:20:25:16 +0100] "GET / HTTP/1.1" 200 4185 "http://uslugi-buhgalter.ru/" "Mozilla/4.0 (compatible; MSIE 6.0; Windows NT 5.1; ru) Opera 8.01"
46.118.117.249 - - [27/Mar/2013:20:25:17 +0100] "GET / HTTP/1.1" 200 4185 "http://uslugi-buhgalter.ru/" "Mozilla/4.0 (compatible; MSIE 6.0; Windows NT 5.1; ru) Opera 8.01"
193.106.136.45 - - [27/Mar/2013:20:49:08 +0100] "GET / HTTP/1.1" 200 4185 "http://saldoconsult.ru/" "Opera/8.00 (Windows NT 5.1; U; en)"
193.106.136.45 - - [27/Mar/2013:20:49:09 +0100] "GET / HTTP/1.1" 200 4185 "http://saldoconsult.ru/" "Opera/8.00 (Windows NT 5.1; U; en)"
141.8.147.12 - - [27/Mar/2013:21:04:55 +0100] "GET /robots.txt HTTP/1.1" 200 171 "-" "Mozilla/5.0 (compatible; YandexBot/3.0; +http://yandex.com/bots)"
141.8.147.12 - - [27/Mar/2013:21:59:09 +0100] "GET / HTTP/1.1" 200 4185 "-" "Mozilla/5.0 (compatible; YandexBot/3.0; +http://yandex.com/bots)"
141.8.147.12 - - [27/Mar/2013:21:59:44 +0100] "GET /leer.htm HTTP/1.1" 200 172 "-" "Mozilla/5.0 (compatible; YandexBot/3.0; +http://yandex.com/bots)"
141.8.147.12 - - [27/Mar/2013:21:59:46 +0100] "GET /header.htm HTTP/1.1" 200 795 "-" "Mozilla/5.0 (compatible; YandexBot/3.0; +http://yandex.com/bots)"
202.46.54.110 - - [27/Mar/2013:22:04:48 +0100] "GET / HTTP/1.1" 200 4185 "-" "Mozilla/4.0 (compatible; MSIE 7.0; Windows NT 6.0)"
119.63.193.131 - - [27/Mar/2013:22:05:48 +0100] "GET / HTTP/1.1" 200 4185 "-" "Mozilla/4.0 (compatible; MSIE 7.0; Windows NT 6.0)"
91.207.9.226 - - [28/Mar/2013:00:02:39 +0100] "GET / HTTP/1.1" 200 4185 "http://runetkicom.ru/" "Mozilla/5.0 (Windows NT 5.1; U; en) Opera 8.00"
91.207.9.226 - - [28/Mar/2013:00:02:40 +0100] "GET / HTTP/1.1" 200 4185 "http://dorklin.ru/" "Mozilla/5.0 (Windows NT 5.1; U; en) Opera 8.00"
91.207.9.226 - - [28/Mar/2013:00:02:40 +0100] "GET / HTTP/1.1" 200 4185 "http://runetkicom.ru/" "Mozilla/5.0 (Windows NT 5.1; U; en) Opera 8.00"
91.207.9.226 - - [28/Mar/2013:00:02:40 +0100] "GET / HTTP/1.1" 200 4185 "http://dorklin.ru/" "Mozilla/5.0 (Windows NT 5.1; U; en) Opera 8.00"
91.207.9.226 - - [28/Mar/2013:00:02:40 +0100] "GET / HTTP/1.1" 200 4185 "http://runetkicom.ru/" "Mozilla/5.0 (Windows NT 5.1; U; en) Opera 8.00"
91.207.9.226 - - [28/Mar/2013:00:02:40 +0100] "GET / HTTP/1.1" 200 4185 "http://dorklin.ru/" "Mozilla/5.0 (Windows NT 5.1; U; en) Opera 8.00"
85.186.103.66 - - [28/Mar/2013:00:22:47 +0100] "GET / HTTP/1.1" 200 4185 "-" "Mozilla/5.0 (Windows; U; Windows NT 5.1; en-US; rv:1.8.1.1) Gecko/20061204 Firefox/2.0.0.1"
202.46.62.13 - - [28/Mar/2013:04:00:54 +0100] "GET / HTTP/1.1" 200 4185 "-" "Mozilla/4.0 (compatible; MSIE 7.0; Windows NT 6.0)"
119.63.193.131 - - [28/Mar/2013:04:01:45 +0100] "GET / HTTP/1.1" 200 4185 "-" "Mozilla/4.0 (compatible; MSIE 7.0; Windows NT 6.0)"
141.8.147.12 - - [28/Mar/2013:09:21:36 +0100] "GET /robots.txt HTTP/1.1" 200 171 "-" "Mozilla/5.0 (compatible; YandexBot/3.0; +http://yandex.com/bots)"
202.46.53.61 - - [28/Mar/2013:10:04:35 +0100] "GET / HTTP/1.1" 200 4185 "-" "Mozilla/4.0 (compatible; MSIE 7.0; Windows NT 6.0)"
119.63.193.196 - - [28/Mar/2013:10:05:35 +0100] "GET / HTTP/1.1" 200 4185 "-" "Mozilla/4.0 (compatible; MSIE 7.0; Windows NT 6.0)"
199.30.16.29 - - [28/Mar/2013:10:36:21 +0100] "GET /robots.txt HTTP/1.1" 200 171 "-" "msnbot-media/1.1 (+http://search.msn.com/msnbot.htm)"
199.30.16.29 - - [28/Mar/2013:10:36:21 +0100] "GET /images/praxis2.jpg HTTP/1.1" 200 20781 "-" "msnbot-media/1.1 (+http://search.msn.com/msnbot.htm)"
141.8.147.12 - - [28/Mar/2013:12:05:35 +0100] "GET /praxis2.htm HTTP/1.1" 200 4257 "-" "Mozilla/5.0 (compatible; YandexBot/3.0; +http://yandex.com/bots)"
66.249.76.88 - - [28/Mar/2013:14:44:03 +0100] "GET /robots.txt HTTP/1.1" 200 171 "-" "Mozilla/5.0 (compatible; Googlebot/2.1; +http://www.google.com/bot.html)"
66.249.76.88 - - [28/Mar/2013:14:44:03 +0100] "GET / HTTP/1.1" 200 4185 "-" "Mozilla/5.0 (iPhone; U; CPU iPhone OS 4_1 like Mac OS X; en-us) AppleWebKit/532.9 (KHTML, like Gecko) Version/4.0.5 Mobile/8B117 Safari/6531.22.7 (compatible; Googlebot-Mobile/2.1; +http://www.google.com/bot.html)"
109.120.157.179 - - [28/Mar/2013:15:06:17 +0100] "GET / HTTP/1.1" 200 4185 "http://www.konsalter.ru/" "Mozilla/5.0 (compatible; Add Catalog/2.1;)"
109.120.157.179 - - [28/Mar/2013:15:06:18 +0100] "GET / HTTP/1.1" 200 4185 "http://www.konsalter.ru/" "Mozilla/5.0 (compatible; Add Catalog/2.1;)"
79.221.188.44 - - [28/Mar/2013:15:14:47 +0100] "GET / HTTP/1.1" 200 4185 "http://www.google.de/url?sa=t&rct=j&q=&esrc=s&source=web&cd=1&ved=0CDUQFjAA&url=http%3A%2F%2Fwww.dialyse-schoenebeck.de%2F&ei=g01UUZe6HIOGswau5YGoDQ&usg=AFQjCNFqqiy5BnFbbbTXBriUiqZc0qhF6g&sig2=RGbZiiJGGZJtMubxAOmZCQ&bvm=bv.44342787,d.Yms" "Mozilla/5.0 (Windows NT 6.1; WOW64; rv:16.0) Gecko/20100101 Firefox/16.0"
79.221.188.44 - - [28/Mar/2013:15:14:47 +0100] "GET /leer.htm HTTP/1.1" 200 172 "http://www.dialyse-schoenebeck.de/" "Mozilla/5.0 (Windows NT 6.1; WOW64; rv:16.0) Gecko/20100101 Firefox/16.0"
79.221.188.44 - - [28/Mar/2013:15:14:47 +0100] "GET /navi.htm HTTP/1.1" 200 4594 "http://www.dialyse-schoenebeck.de/" "Mozilla/5.0 (Windows NT 6.1; WOW64; rv:16.0) Gecko/20100101 Firefox/16.0"
79.221.188.44 - - [28/Mar/2013:15:14:47 +0100] "GET /home.htm HTTP/1.1" 200 1194 "http://www.dialyse-schoenebeck.de/" "Mozilla/5.0 (Windows NT 6.1; WOW64; rv:16.0) Gecko/20100101 Firefox/16.0"
79.221.188.44 - - [28/Mar/2013:15:14:47 +0100] "GET /header.htm HTTP/1.1" 200 795 "http://www.dialyse-schoenebeck.de/" "Mozilla/5.0 (Windows NT 6.1; WOW64; rv:16.0) Gecko/20100101 Firefox/16.0"
79.221.188.44 - - [28/Mar/2013:15:14:48 +0100] "GET /images/home.jpg HTTP/1.1" 200 17467 "http://www.dialyse-schoenebeck.de/home.htm" "Mozilla/5.0 (Windows NT 6.1; WOW64; rv:16.0) Gecko/20100101 Firefox/16.0"
79.221.188.44 - - [28/Mar/2013:15:14:48 +0100] "GET /images/willkommen.gif HTTP/1.1" 200 1926 "http://www.dialyse-schoenebeck.de/home.htm" "Mozilla/5.0 (Windows NT 6.1; WOW64; rv:16.0) Gecko/20100101 Firefox/16.0"
79.221.188.44 - - [28/Mar/2013:15:14:48 +0100] "GET /images/pixel.gif HTTP/1.1" 200 43 "http://www.dialyse-schoenebeck.de/home.htm" "Mozilla/5.0 (Windows NT 6.1; WOW64; rv:16.0) Gecko/20100101 Firefox/16.0"
79.221.188.44 - - [28/Mar/2013:15:14:48 +0100] "GET /images/frame_navi2.jpg HTTP/1.1" 200 2965 "http://www.dialyse-schoenebeck.de/navi.htm" "Mozilla/5.0 (Windows NT 6.1; WOW64; rv:16.0) Gecko/20100101 Firefox/16.0"
79.221.188.44 - - [28/Mar/2013:15:14:48 +0100] "GET /images/ein_service.jpg HTTP/1.1" 200 2356 "http://www.dialyse-schoenebeck.de/header.htm" "Mozilla/5.0 (Windows NT 6.1; WOW64; rv:16.0) Gecko/20100101 Firefox/16.0"
79.221.188.44 - - [28/Mar/2013:15:14:48 +0100] "GET /images/frame_head2.jpg HTTP/1.1" 200 16134 "http://www.dialyse-schoenebeck.de/header.htm" "Mozilla/5.0 (Windows NT 6.1; WOW64; rv:16.0) Gecko/20100101 Firefox/16.0"
79.221.188.44 - - [28/Mar/2013:15:14:48 +0100] "GET /images/navi_praxis_a.jpg HTTP/1.1" 200 1905 "http://www.dialyse-schoenebeck.de/navi.htm" "Mozilla/5.0 (Windows NT 6.1; WOW64; rv:16.0) Gecko/20100101 Firefox/16.0"
79.221.188.44 - - [28/Mar/2013:15:14:48 +0100] "GET /images/navi_leistungen_a.jpg HTTP/1.1" 200 2088 "http://www.dialyse-schoenebeck.de/navi.htm" "Mozilla/5.0 (Windows NT 6.1; WOW64; rv:16.0) Gecko/20100101 Firefox/16.0"
79.221.188.44 - - [28/Mar/2013:15:14:48 +0100] "GET /images/navi_news_a.jpg HTTP/1.1" 200 1809 "http://www.dialyse-schoenebeck.de/navi.htm" "Mozilla/5.0 (Windows NT 6.1; WOW64; rv:16.0) Gecko/20100101 Firefox/16.0"
79.221.188.44 - - [28/Mar/2013:15:14:48 +0100] "GET /images/navi_dialyse_a.jpg HTTP/1.1" 200 2373 "http://www.dialyse-schoenebeck.de/navi.htm" "Mozilla/5.0 (Windows NT 6.1; WOW64; rv:16.0) Gecko/20100101 Firefox/16.0"
79.221.188.44 - - [28/Mar/2013:15:14:48 +0100] "GET /images/navi_kontakt_a.jpg HTTP/1.1" 200 1826 "http://www.dialyse-schoenebeck.de/navi.htm" "Mozilla/5.0 (Windows NT 6.1; WOW64; rv:16.0) Gecko/20100101 Firefox/16.0"
79.221.188.44 - - [28/Mar/2013:15:14:48 +0100] "GET /images/navi_links_a.jpg HTTP/1.1" 200 2032 "http://www.dialyse-schoenebeck.de/navi.htm" "Mozilla/5.0 (Windows NT 6.1; WOW64; rv:16.0) Gecko/20100101 Firefox/16.0"
79.221.188.44 - - [28/Mar/2013:15:14:48 +0100] "GET /images/navi_home_a.jpg HTTP/1.1" 200 2206 "http://www.dialyse-schoenebeck.de/navi.htm" "Mozilla/5.0 (Windows NT 6.1; WOW64; rv:16.0) Gecko/20100101 Firefox/16.0"
79.221.188.44 - - [28/Mar/2013:15:14:48 +0100] "GET /images/navi_dialyse_b.jpg HTTP/1.1" 200 2745 "http://www.dialyse-schoenebeck.de/navi.htm" "Mozilla/5.0 (Windows NT 6.1; WOW64; rv:16.0) Gecko/20100101 Firefox/16.0"
79.221.188.44 - - [28/Mar/2013:15:14:48 +0100] "GET /images/navi_praxis_b.jpg HTTP/1.1" 200 2241 "http://www.dialyse-schoenebeck.de/navi.htm" "Mozilla/5.0 (Windows NT 6.1; WOW64; rv:16.0) Gecko/20100101 Firefox/16.0"
79.221.188.44 - - [28/Mar/2013:15:14:48 +0100] "GET /images/navi_home_b.jpg HTTP/1.1" 200 2478 "http://www.dialyse-schoenebeck.de/navi.htm" "Mozilla/5.0 (Windows NT 6.1; WOW64; rv:16.0) Gecko/20100101 Firefox/16.0"
79.221.188.44 - - [28/Mar/2013:15:14:49 +0100] "GET /images/navi_leistungen_b.jpg HTTP/1.1" 200 2343 "http://www.dialyse-schoenebeck.de/navi.htm" "Mozilla/5.0 (Windows NT 6.1; WOW64; rv:16.0) Gecko/20100101 Firefox/16.0"
79.221.188.44 - - [28/Mar/2013:15:14:49 +0100] "GET /images/navi_links_b.jpg HTTP/1.1" 200 2344 "http://www.dialyse-schoenebeck.de/navi.htm" "Mozilla/5.0 (Windows NT 6.1; WOW64; rv:16.0) Gecko/20100101 Firefox/16.0"
79.221.188.44 - - [28/Mar/2013:15:14:49 +0100] "GET /images/navi_kontakt_b.jpg HTTP/1.1" 200 2094 "http://www.dialyse-schoenebeck.de/navi.htm" "Mozilla/5.0 (Windows NT 6.1; WOW64; rv:16.0) Gecko/20100101 Firefox/16.0"
79.221.188.44 - - [28/Mar/2013:15:14:49 +0100] "GET /images/navi_news_b.jpg HTTP/1.1" 200 2200 "http://www.dialyse-schoenebeck.de/navi.htm" "Mozilla/5.0 (Windows NT 6.1; WOW64; rv:16.0) Gecko/20100101 Firefox/16.0"
79.221.188.44 - - [28/Mar/2013:15:14:49 +0100] "GET /favicon.ico HTTP/1.1" 404 1256 "-" "Mozilla/5.0 (Windows NT 6.1; WOW64; rv:16.0) Gecko/20100101 Firefox/16.0"
79.221.188.44 - - [28/Mar/2013:15:14:51 +0100] "GET /praxis.htm HTTP/1.1" 200 2232 "http://www.dialyse-schoenebeck.de/navi.htm" "Mozilla/5.0 (Windows NT 6.1; WOW64; rv:16.0) Gecko/20100101 Firefox/16.0"
79.221.188.44 - - [28/Mar/2013:15:14:52 +0100] "GET /images/bildergalerie.gif HTTP/1.1" 200 553 "http://www.dialyse-schoenebeck.de/praxis.htm" "Mozilla/5.0 (Windows NT 6.1; WOW64; rv:16.0) Gecko/20100101 Firefox/16.0"
79.221.188.44 - - [28/Mar/2013:15:14:52 +0100] "GET /images/head_praxis.gif HTTP/1.1" 200 487 "http://www.dialyse-schoenebeck.de/praxis.htm" "Mozilla/5.0 (Windows NT 6.1; WOW64; rv:16.0) Gecko/20100101 Firefox/16.0"
79.221.188.44 - - [28/Mar/2013:15:14:52 +0100] "GET /images/praxis1.jpg HTTP/1.1" 200 19217 "http://www.dialyse-schoenebeck.de/praxis.htm" "Mozilla/5.0 (Windows NT 6.1; WOW64; rv:16.0) Gecko/20100101 Firefox/16.0"
79.221.188.44 - - [28/Mar/2013:15:14:52 +0100] "GET /images/pfeil_seite2.gif HTTP/1.1" 200 277 "http://www.dialyse-schoenebeck.de/praxis.htm" "Mozilla/5.0 (Windows NT 6.1; WOW64; rv:16.0) Gecko/20100101 Firefox/16.0"
79.221.188.44 - - [28/Mar/2013:15:15:01 +0100] "GET /dialyse.htm HTTP/1.1" 200 1531 "http://www.dialyse-schoenebeck.de/navi.htm" "Mozilla/5.0 (Windows NT 6.1; WOW64; rv:16.0) Gecko/20100101 Firefox/16.0"
79.221.188.44 - - [28/Mar/2013:15:15:01 +0100] "GET /images/dialyse.jpg HTTP/1.1" 200 13163 "http://www.dialyse-schoenebeck.de/dialyse.htm" "Mozilla/5.0 (Windows NT 6.1; WOW64; rv:16.0) Gecko/20100101 Firefox/16.0"
79.221.188.44 - - [28/Mar/2013:15:15:01 +0100] "GET /images/head_dialyse.gif HTTP/1.1" 200 495 "http://www.dialyse-schoenebeck.de/dialyse.htm" "Mozilla/5.0 (Windows NT 6.1; WOW64; rv:16.0) Gecko/20100101 Firefox/16.0"
79.221.188.44 - - [28/Mar/2013:15:15:01 +0100] "GET /css/master_diapraxis_silber.css HTTP/1.1" 200 507 "http://www.dialyse-schoenebeck.de/dialyse.htm" "Mozilla/5.0 (Windows NT 6.1; WOW64; rv:16.0) Gecko/20100101 Firefox/16.0"
79.221.188.44 - - [28/Mar/2013:15:15:04 +0100] "GET /leistungen.htm HTTP/1.1" 200 1228 "http://www.dialyse-schoenebeck.de/navi.htm" "Mozilla/5.0 (Windows NT 6.1; WOW64; rv:16.0) Gecko/20100101 Firefox/16.0"
79.221.188.44 - - [28/Mar/2013:15:15:04 +0100] "GET /images/leistungen1.jpg HTTP/1.1" 200 15303 "http://www.dialyse-schoenebeck.de/leistungen.htm" "Mozilla/5.0 (Windows NT 6.1; WOW64; rv:16.0) Gecko/20100101 Firefox/16.0"
79.221.188.44 - - [28/Mar/2013:15:15:04 +0100] "GET /images/head_leistungen.gif HTTP/1.1" 200 605 "http://www.dialyse-schoenebeck.de/leistungen.htm" "Mozilla/5.0 (Windows NT 6.1; WOW64; rv:16.0) Gecko/20100101 Firefox/16.0"
79.221.188.44 - - [28/Mar/2013:15:15:06 +0100] "GET /news-extern.htm HTTP/1.1" 200 560 "http://www.dialyse-schoenebeck.de/navi.htm" "Mozilla/5.0 (Windows NT 6.1; WOW64; rv:16.0) Gecko/20100101 Firefox/16.0"
79.221.188.44 - - [28/Mar/2013:15:15:13 +0100] "GET /praxis2.htm HTTP/1.1" 200 4257 "http://www.dialyse-schoenebeck.de/praxis.htm" "Mozilla/5.0 (Windows NT 6.1; WOW64; rv:16.0) Gecko/20100101 Firefox/16.0"
79.221.188.44 - - [28/Mar/2013:15:15:13 +0100] "GET /images/pfeil_seite1.gif HTTP/1.1" 200 274 "http://www.dialyse-schoenebeck.de/praxis2.htm" "Mozilla/5.0 (Windows NT 6.1; WOW64; rv:16.0) Gecko/20100101 Firefox/16.0"
79.221.188.44 - - [28/Mar/2013:15:15:13 +0100] "GET /images/praxis2.jpg HTTP/1.1" 200 20781 "http://www.dialyse-schoenebeck.de/praxis2.htm" "Mozilla/5.0 (Windows NT 6.1; WOW64; rv:16.0) Gecko/20100101 Firefox/16.0"
79.221.188.44 - - [28/Mar/2013:15:15:33 +0100] "GET /links.htm HTTP/1.1" 200 1889 "http://www.dialyse-schoenebeck.de/navi.htm" "Mozilla/5.0 (Windows NT 6.1; WOW64; rv:16.0) Gecko/20100101 Firefox/16.0"
79.221.188.44 - - [28/Mar/2013:15:15:33 +0100] "GET /images/head_links.gif HTTP/1.1" 200 417 "http://www.dialyse-schoenebeck.de/links.htm" "Mozilla/5.0 (Windows NT 6.1; WOW64; rv:16.0) Gecko/20100101 Firefox/16.0"
79.221.188.44 - - [28/Mar/2013:15:15:33 +0100] "GET /images/links.jpg HTTP/1.1" 200 17217 "http://www.dialyse-schoenebeck.de/links.htm" "Mozilla/5.0 (Windows NT 6.1; WOW64; rv:16.0) Gecko/20100101 Firefox/16.0"
157.55.35.32 - - [28/Mar/2013:15:16:17 +0100] "GET /robots.txt HTTP/1.1" 200 171 "-" "Mozilla/5.0 (compatible; bingbot/2.0; +http://www.bing.com/bingbot.htm)"
157.55.35.32 - - [28/Mar/2013:15:18:07 +0100] "GET / HTTP/1.1" 200 4185 "-" "Mozilla/5.0 (compatible; bingbot/2.0; +http://www.bing.com/bingbot.htm)"
199.30.25.59 - - [28/Mar/2013:15:18:10 +0100] "GET / HTTP/1.1" 200 4185 "-" "Mozilla/5.0 (Windows NT 6.1; WOW64) AppleWebKit/534+ (KHTML, like Gecko) BingPreview/1.0b"
199.30.25.59 - - [28/Mar/2013:15:18:10 +0100] "GET /leer.htm HTTP/1.1" 200 172 "http://www.dialyse-schoenebeck.de/" "Mozilla/5.0 (Windows NT 6.1; WOW64) AppleWebKit/534+ (KHTML, like Gecko) BingPreview/1.0b"
199.30.25.59 - - [28/Mar/2013:15:18:10 +0100] "GET /leer.htm HTTP/1.1" 200 172 "http://www.dialyse-schoenebeck.de/" "Mozilla/5.0 (Windows NT 6.1; WOW64) AppleWebKit/534+ (KHTML, like Gecko) BingPreview/1.0b"
199.30.25.59 - - [28/Mar/2013:15:18:10 +0100] "GET /leer.htm HTTP/1.1" 200 172 "http://www.dialyse-schoenebeck.de/" "Mozilla/5.0 (Windows NT 6.1; WOW64) AppleWebKit/534+ (KHTML, like Gecko) BingPreview/1.0b"
199.30.25.59 - - [28/Mar/2013:15:18:10 +0100] "GET /leer.htm HTTP/1.1" 200 172 "http://www.dialyse-schoenebeck.de/" "Mozilla/5.0 (Windows NT 6.1; WOW64) AppleWebKit/534+ (KHTML, like Gecko) BingPreview/1.0b"
199.30.25.59 - - [28/Mar/2013:15:18:11 +0100] "GET /navi.htm HTTP/1.1" 200 4594 "http://www.dialyse-schoenebeck.de/" "Mozilla/5.0 (Windows NT 6.1; WOW64) AppleWebKit/534+ (KHTML, like Gecko) BingPreview/1.0b"
199.30.25.59 - - [28/Mar/2013:15:18:11 +0100] "GET /header.htm HTTP/1.1" 200 795 "http://www.dialyse-schoenebeck.de/" "Mozilla/5.0 (Windows NT 6.1; WOW64) AppleWebKit/534+ (KHTML, like Gecko) BingPreview/1.0b"
199.30.25.59 - - [28/Mar/2013:15:18:11 +0100] "GET /home.htm HTTP/1.1" 200 1194 "http://www.dialyse-schoenebeck.de/" "Mozilla/5.0 (Windows NT 6.1; WOW64) AppleWebKit/534+ (KHTML, like Gecko) BingPreview/1.0b"
157.55.32.223 - - [28/Mar/2013:15:49:09 +0100] "GET /home.htm HTTP/1.1" 200 1194 "-" "Mozilla/5.0 (compatible; bingbot/2.0; +http://www.bing.com/bingbot.htm)"
202.46.51.40 - - [28/Mar/2013:16:01:36 +0100] "GET / HTTP/1.1" 200 4185 "-" "Mozilla/4.0 (compatible; MSIE 7.0; Windows NT 6.0)"
119.63.193.195 - - [28/Mar/2013:16:02:28 +0100] "GET / HTTP/1.1" 200 4185 "-" "Mozilla/4.0 (compatible; MSIE 7.0; Windows NT 6.0)"
91.207.4.186 - - [28/Mar/2013:17:14:25 +0100] "GET / HTTP/1.1" 200 4185 "http://sovetogorod.ru/" "Mozilla/4.0 (compatible; MSIE 6.0; Windows NT 5.1; FREE; .NET CLR 1.1.4322)"
91.207.4.186 - - [28/Mar/2013:17:14:25 +0100] "GET / HTTP/1.1" 200 4185 "http://sovetogorod.ru/" "Mozilla/4.0 (compatible; MSIE 6.0; Windows NT 5.1; FREE; .NET CLR 1.1.4322)"
91.207.6.34 - - [28/Mar/2013:18:42:10 +0100] "GET / HTTP/1.1" 200 4185 "http://www.prostitutki-krasnoyarska.org/" "Mozilla/4.0 (compatible; MSIE 6.0; Windows NT 5.1; SV1; Media Center PC"
91.207.6.34 - - [28/Mar/2013:18:42:11 +0100] "GET / HTTP/1.1" 200 4185 "http://www.prostitutki-krasnoyarska.org/" "Mozilla/4.0 (compatible; MSIE 6.0; Windows NT 5.1; SV1; Media Center PC"
91.207.6.34 - - [28/Mar/2013:18:42:11 +0100] "GET / HTTP/1.1" 200 4185 "http://www.prostitutki-krasnoyarska.org/" "Mozilla/4.0 (compatible; MSIE 6.0; Windows NT 5.1; SV1; Media Center PC"
92.249.127.111 - - [28/Mar/2013:21:52:08 +0100] "GET / HTTP/1.1" 200 4185 "http://www.chipmarket.kz/" "Mozilla/5.0 (compatible; news bot /2.1)"
92.249.127.111 - - [28/Mar/2013:21:52:09 +0100] "GET / HTTP/1.1" 200 4185 "http://www.chipmarket.kz/" "Mozilla/5.0 (compatible; news bot /2.1)"
92.249.127.111 - - [28/Mar/2013:21:52:09 +0100] "GET / HTTP/1.1" 200 4185 "http://www.chipmarket.kz/" "Mozilla/5.0 (compatible; news bot /2.1)"
202.46.53.39 - - [28/Mar/2013:22:05:10 +0100] "GET / HTTP/1.1" 200 4185 "-" "Mozilla/4.0 (compatible; MSIE 7.0; Windows NT 6.0)"
119.63.193.130 - - [28/Mar/2013:22:06:09 +0100] "GET / HTTP/1.1" 200 4185 "-" "Mozilla/4.0 (compatible; MSIE 7.0; Windows NT 6.0)"
46.118.117.249 - - [28/Mar/2013:23:00:18 +0100] "GET / HTTP/1.1" 200 4185 "http://www.russia-off.ru/" "Mozilla/4.0 (compatible; MSIE 6.0; Windows NT 5.1)"
46.118.117.249 - - [28/Mar/2013:23:00:19 +0100] "GET / HTTP/1.1" 200 4185 "http://vzlom-vk.ru/" "Mozilla/4.0 (compatible; MSIE 6.0; Windows NT 5.1)"
46.118.117.249 - - [28/Mar/2013:23:00:19 +0100] "GET / HTTP/1.1" 200 4185 "http://www.russia-off.ru/" "Mozilla/4.0 (compatible; MSIE 6.0; Windows NT 5.1)"
46.118.117.249 - - [28/Mar/2013:23:00:19 +0100] "GET / HTTP/1.1" 200 4185 "http://vzlom-vk.ru/" "Mozilla/4.0 (compatible; MSIE 6.0; Windows NT 5.1)"
46.118.117.249 - - [28/Mar/2013:23:00:19 +0100] "GET / HTTP/1.1" 200 4185 "http://www.russia-off.ru/" "Mozilla/4.0 (compatible; MSIE 6.0; Windows NT 5.1)"
46.118.117.249 - - [28/Mar/2013:23:00:20 +0100] "GET / HTTP/1.1" 200 4185 "http://vzlom-vk.ru/" "Mozilla/4.0 (compatible; MSIE 6.0; Windows NT 5.1)"
89.108.102.171 - - [29/Mar/2013:00:19:02 +0100] "GET / HTTP/1.1" 200 4185 "http://www.ooo-v-samare.ru/" "Mozilla/4.0 (compatible; MSIE 7.0b; Windows NT 6.0)"
89.108.102.171 - - [29/Mar/2013:00:19:03 +0100] "GET / HTTP/1.1" 200 4185 "http://www.ooo-v-samare.ru/" "Mozilla/4.0 (compatible; MSIE 7.0b; Windows NT 6.0)"
92.249.127.111 - - [29/Mar/2013:00:32:42 +0100] "GET / HTTP/1.1" 200 4185 "http://ranklendem.ya.ru/replies.xml?item_no=33" "Mozilla/5.0 (compatible; news bot /2.1)"
92.249.127.111 - - [29/Mar/2013:00:32:43 +0100] "GET / HTTP/1.1" 200 4185 "http://ranklendem.ya.ru/replies.xml?item_no=33" "Mozilla/5.0 (compatible; news bot /2.1)"
94.153.65.47 - - [29/Mar/2013:01:07:48 +0100] "GET / HTTP/1.1" 200 4185 "http://vsignale.ru/" "Mozilla/4.0 (compatible; MSIE 5.5; Windows NT 5.0; T312461)"
94.153.65.47 - - [29/Mar/2013:01:07:48 +0100] "GET / HTTP/1.1" 200 4185 "http://www.world-mmo.com/" "Mozilla/4.0 (compatible; MSIE 6.0; Windows NT) ::ELNSB50::000061100320025802a00111000000000507000900000000"
94.153.65.47 - - [29/Mar/2013:01:07:48 +0100] "GET / HTTP/1.1" 200 4185 "http://www.world-mmo.com/" "Mozilla/4.0 (compatible; MSIE 6.0; Windows NT) ::ELNSB50::000061100320025802a00111000000000507000900000000"
94.153.65.47 - - [29/Mar/2013:01:07:48 +0100] "GET / HTTP/1.1" 200 4185 "http://vsignale.ru/" "Mozilla/4.0 (compatible; MSIE 5.5; Windows NT 5.0; T312461)"
94.153.65.47 - - [29/Mar/2013:01:07:49 +0100] "GET / HTTP/1.1" 200 4185 "http://www.world-mmo.com/" "Mozilla/4.0 (compatible; MSIE 6.0; Windows NT) ::ELNSB50::000061100320025802a00111000000000507000900000000"
94.153.65.47 - - [29/Mar/2013:01:07:49 +0100] "GET / HTTP/1.1" 200 4185 "http://vsignale.ru/" "Mozilla/4.0 (compatible; MSIE 5.5; Windows NT 5.0; T312461)"
193.106.136.45 - - [29/Mar/2013:01:59:22 +0100] "GET / HTTP/1.1" 200 4185 "http://saldoconsult.ru/" "Mozilla/4.0 (compatible; MSIE 6.0; Windows NT 5.0; T312461)"
193.106.136.45 - - [29/Mar/2013:01:59:23 +0100] "GET / HTTP/1.1" 200 4185 "http://saldoconsult.ru/" "Mozilla/4.0 (compatible; MSIE 6.0; Windows NT 5.0; T312461)"
213.110.133.221 - - [29/Mar/2013:02:54:37 +0100] "GET / HTTP/1.1" 200 4185 "http://pronekut.com/" "Mozilla/4.0 (compatible; Blog Search;)"
213.110.133.221 - - [29/Mar/2013:02:54:37 +0100] "GET / HTTP/1.1" 200 4185 "http://pronekut.com/" "Mozilla/4.0 (compatible; Blog Search;)"
91.207.6.34 - - [29/Mar/2013:03:19:21 +0100] "GET / HTTP/1.1" 200 4185 "http://www.prostitutki-minska.org/" "Mozilla/4.0 (compatible- MSIE 6.0- Windows NT 5.1- SV1- .NET CLR 1.1.4322"
91.207.6.34 - - [29/Mar/2013:03:19:22 +0100] "GET / HTTP/1.1" 200 4185 "http://www.prostitutki-minska.org/" "Mozilla/4.0 (compatible- MSIE 6.0- Windows NT 5.1- SV1- .NET CLR 1.1.4322"
91.207.6.34 - - [29/Mar/2013:03:19:22 +0100] "GET / HTTP/1.1" 200 4185 "http://www.prostitutki-minska.org/" "Mozilla/4.0 (compatible- MSIE 6.0- Windows NT 5.1- SV1- .NET CLR 1.1.4322"
202.46.55.31 - - [29/Mar/2013:04:02:29 +0100] "GET / HTTP/1.1" 200 4185 "-" "Mozilla/4.0 (compatible; MSIE 7.0; Windows NT 6.0)"
119.63.193.132 - - [29/Mar/2013:04:03:23 +0100] "GET / HTTP/1.1" 200 4185 "-" "Mozilla/4.0 (compatible; MSIE 7.0; Windows NT 6.0)"
202.46.52.33 - - [29/Mar/2013:10:04:20 +0100] "GET / HTTP/1.1" 200 4185 "-" "Mozilla/4.0 (compatible; MSIE 7.0; Windows NT 6.0)"
119.63.193.132 - - [29/Mar/2013:10:05:19 +0100] "GET / HTTP/1.1" 200 4185 "-" "Mozilla/4.0 (compatible; MSIE 7.0; Windows NT 6.0)"
141.8.147.12 - - [29/Mar/2013:10:20:23 +0100] "GET /robots.txt HTTP/1.1" 200 171 "-" "Mozilla/5.0 (compatible; YandexBot/3.0; +http://yandex.com/bots)"
91.207.4.186 - - [29/Mar/2013:11:42:42 +0100] "GET / HTTP/1.1" 200 4185 "http://lentover.net/news.php?readmore=70" "Mozilla/4.0 (compatible; MSIE 6.0; Update a; AOL 6.0; Windows 98)"
91.207.4.186 - - [29/Mar/2013:11:42:43 +0100] "GET / HTTP/1.1" 200 4185 "http://lentover.net/news.php?readmore=70" "Mozilla/4.0 (compatible; MSIE 6.0; Update a; AOL 6.0; Windows 98)"
157.55.35.52 - - [29/Mar/2013:12:08:06 +0100] "GET /robots.txt HTTP/1.1" 200 171 "-" "Mozilla/5.0 (compatible; bingbot/2.0; +http://www.bing.com/bingbot.htm)"
157.55.35.52 - - [29/Mar/2013:12:09:51 +0100] "GET /navi.htm HTTP/1.1" 200 4594 "-" "Mozilla/5.0 (compatible; bingbot/2.0; +http://www.bing.com/bingbot.htm)"
157.56.93.42 - - [29/Mar/2013:12:11:51 +0100] "GET /index.html HTTP/1.1" 200 4185 "-" "Mozilla/5.0 (compatible; bingbot/2.0; +http://www.bing.com/bingbot.htm)"
65.55.52.116 - - [29/Mar/2013:12:42:51 +0100] "GET /home.htm HTTP/1.1" 200 1194 "-" "Mozilla/5.0 (compatible; bingbot/2.0; +http://www.bing.com/bingbot.htm)"
141.8.147.12 - - [29/Mar/2013:13:01:28 +0100] "GET / HTTP/1.1" 200 4185 "-" "Mozilla/5.0 (compatible; YandexBot/3.0; +http://yandex.com/bots)"
141.8.147.12 - - [29/Mar/2013:13:02:14 +0100] "GET /leer.htm HTTP/1.1" 200 172 "-" "Mozilla/5.0 (compatible; YandexBot/3.0; +http://yandex.com/bots)"
141.8.147.12 - - [29/Mar/2013:13:02:16 +0100] "GET /header.htm HTTP/1.1" 200 795 "-" "Mozilla/5.0 (compatible; YandexBot/3.0; +http://yandex.com/bots)"
157.55.35.52 - - [29/Mar/2013:13:12:52 +0100] "GET /navi.htm HTTP/1.1" 200 4594 "-" "Mozilla/5.0 (compatible; bingbot/2.0; +http://www.bing.com/bingbot.htm)"
157.55.32.143 - - [29/Mar/2013:13:13:22 +0100] "GET /leer.htm HTTP/1.1" 200 172 "-" "Mozilla/5.0 (compatible; bingbot/2.0; +http://www.bing.com/bingbot.htm)"
91.207.6.34 - - [29/Mar/2013:13:30:27 +0100] "GET / HTTP/1.1" 200 4185 "http://www.vse-prostitutki.org/" "Opera/9.00 (Windows NT 4.0; U; en)"
91.207.6.34 - - [29/Mar/2013:13:30:28 +0100] "GET / HTTP/1.1" 200 4185 "http://www.vse-prostitutki.org/" "Opera/9.00 (Windows NT 4.0; U; en)"
91.207.6.34 - - [29/Mar/2013:13:30:28 +0100] "GET / HTTP/1.1" 200 4185 "http://www.vse-prostitutki.org/" "Opera/9.00 (Windows NT 4.0; U; en)"
195.242.218.133 - - [29/Mar/2013:15:45:25 +0100] "GET / HTTP/1.1" 200 4185 "http://pc.su/" "Opera/8.00 (Windows NT 5.1; U; en)"
195.242.218.133 - - [29/Mar/2013:15:45:26 +0100] "GET / HTTP/1.1" 200 4185 "http://pc.su/" "Opera/8.00 (Windows NT 5.1; U; en)"
195.242.218.133 - - [29/Mar/2013:15:45:27 +0100] "GET / HTTP/1.1" 200 4185 "http://pc.su/" "Opera/8.00 (Windows NT 5.1; U; en)"
202.46.59.76 - - [29/Mar/2013:16:00:57 +0100] "GET / HTTP/1.1" 200 4185 "-" "Mozilla/4.0 (compatible; MSIE 7.0; Windows NT 6.0)"
119.63.193.194 - - [29/Mar/2013:16:01:46 +0100] "GET / HTTP/1.1" 200 4185 "-" "Mozilla/4.0 (compatible; MSIE 7.0; Windows NT 6.0)"
91.207.4.186 - - [29/Mar/2013:18:14:21 +0100] "GET / HTTP/1.1" 200 4185 "http://nayra.ru/" "Mozilla/4.0 (compatible; MSIE 6.0; Windows NT 5.1; SV1; FunWebProducts; .NET CLR 1.1.4322; PeoplePal 6.2)"
91.207.4.186 - - [29/Mar/2013:18:14:21 +0100] "GET / HTTP/1.1" 200 4185 "http://nayra.ru/" "Mozilla/4.0 (compatible; MSIE 6.0; Windows NT 5.1; SV1; FunWebProducts; .NET CLR 1.1.4322; PeoplePal 6.2)"
91.207.4.186 - - [29/Mar/2013:18:14:21 +0100] "GET / HTTP/1.1" 200 4185 "http://nayra.ru/" "Mozilla/4.0 (compatible; MSIE 6.0; Windows NT 5.1; SV1; FunWebProducts; .NET CLR 1.1.4322; PeoplePal 6.2)"
91.207.6.34 - - [29/Mar/2013:19:56:56 +0100] "GET / HTTP/1.1" 200 4185 "http://www.prostitutki-omska.org/" "Opera/9.00 (Windows NT 4.0; U; en)"
91.207.6.34 - - [29/Mar/2013:19:56:56 +0100] "GET / HTTP/1.1" 200 4185 "http://www.prostitutki-omska.org/" "Opera/9.00 (Windows NT 4.0; U; en)"
91.207.6.34 - - [29/Mar/2013:19:56:57 +0100] "GET / HTTP/1.1" 200 4185 "http://www.prostitutki-omska.org/" "Opera/9.00 (Windows NT 4.0; U; en)"
46.118.117.249 - - [29/Mar/2013:23:33:42 +0100] "GET / HTTP/1.1" 200 4185 "http://ilounge.com.ua/" "Mozilla/4.0 (compatible; MSIE 6.0; Windows NT 5.1)"
46.118.117.249 - - [29/Mar/2013:23:33:42 +0100] "GET / HTTP/1.1" 200 4185 "http://ilounge.com.ua/" "Mozilla/4.0 (compatible; MSIE 6.0; Windows NT 5.1)"
46.118.117.249 - - [29/Mar/2013:23:33:42 +0100] "GET / HTTP/1.1" 200 4185 "http://ilounge.com.ua/" "Mozilla/4.0 (compatible; MSIE 6.0; Windows NT 5.1)"
91.207.4.186 - - [30/Mar/2013:01:13:55 +0100] "GET / HTTP/1.1" 200 4185 "http://renkele.net/news.php?readmore=74" "Mozilla/3.0 (compatible; WebCapture 2.0; Auto; Windows)"
91.207.4.186 - - [30/Mar/2013:01:13:56 +0100] "GET / HTTP/1.1" 200 4185 "http://renkele.net/news.php?readmore=74" "Mozilla/3.0 (compatible; WebCapture 2.0; Auto; Windows)"
202.46.63.46 - - [30/Mar/2013:04:02:26 +0100] "GET / HTTP/1.1" 200 4185 "-" "Mozilla/4.0 (compatible; MSIE 7.0; Windows NT 6.0)"
119.63.193.131 - - [30/Mar/2013:04:03:18 +0100] "GET / HTTP/1.1" 200 4185 "-" "Mozilla/4.0 (compatible; MSIE 7.0; Windows NT 6.0)"
141.8.147.12 - - [30/Mar/2013:05:17:08 +0100] "GET /robots.txt HTTP/1.1" 200 171 "-" "Mozilla/5.0 (compatible; YandexBot/3.0; +http://yandex.com/bots)"
46.118.117.249 - - [30/Mar/2013:06:13:12 +0100] "GET / HTTP/1.1" 200 4185 "http://vk.com/music_vk_ios" "Mozilla/4.0 (compatible; MSIE 6.0; Windows NT 5.1)"
46.118.117.249 - - [30/Mar/2013:06:13:13 +0100] "GET / HTTP/1.1" 200 4185 "http://vk.com/music_vk_ios" "Mozilla/4.0 (compatible; MSIE 6.0; Windows NT 5.1)"
46.118.117.249 - - [30/Mar/2013:06:13:13 +0100] "GET / HTTP/1.1" 200 4185 "http://vk.com/music_vk_ios" "Mozilla/4.0 (compatible; MSIE 6.0; Windows NT 5.1)"
66.249.75.88 - - [30/Mar/2013:09:58:49 +0100] "GET /robots.txt HTTP/1.1" 200 171 "-" "Mozilla/5.0 (compatible; Googlebot/2.1; +http://www.google.com/bot.html)"
66.249.75.88 - - [30/Mar/2013:09:58:49 +0100] "GET / HTTP/1.1" 200 4185 "-" "Mozilla/5.0 (compatible; Googlebot/2.1; +http://www.google.com/bot.html)"
202.46.54.56 - - [30/Mar/2013:10:05:12 +0100] "GET / HTTP/1.1" 200 4185 "-" "Mozilla/4.0 (compatible; MSIE 7.0; Windows NT 6.0)"
119.63.193.131 - - [30/Mar/2013:10:06:09 +0100] "GET / HTTP/1.1" 200 4185 "-" "Mozilla/4.0 (compatible; MSIE 7.0; Windows NT 6.0)"
65.55.52.116 - - [30/Mar/2013:10:41:37 +0100] "GET /robots.txt HTTP/1.1" 200 171 "-" "Mozilla/5.0 (compatible; bingbot/2.0; +http://www.bing.com/bingbot.htm)"
65.55.52.116 - - [30/Mar/2013:10:43:37 +0100] "GET /home.htm HTTP/1.1" 200 1194 "-" "Mozilla/5.0 (compatible; bingbot/2.0; +http://www.bing.com/bingbot.htm)"
65.55.52.116 - - [30/Mar/2013:10:43:37 +0100] "GET /praxis.htm HTTP/1.1" 200 2232 "-" "Mozilla/5.0 (compatible; bingbot/2.0; +http://www.bing.com/bingbot.htm)"
157.56.93.42 - - [30/Mar/2013:10:46:36 +0100] "GET /index.html HTTP/1.1" 200 4185 "-" "Mozilla/5.0 (compatible; bingbot/2.0; +http://www.bing.com/bingbot.htm)"
65.55.52.116 - - [30/Mar/2013:11:45:10 +0100] "GET /robots.txt HTTP/1.1" 200 171 "-" "Mozilla/5.0 (compatible; bingbot/2.0; +http://www.bing.com/bingbot.htm)"
65.55.52.116 - - [30/Mar/2013:11:46:38 +0100] "GET /home.htm HTTP/1.1" 200 1194 "-" "Mozilla/5.0 (compatible; bingbot/2.0; +http://www.bing.com/bingbot.htm)"
157.55.35.52 - - [30/Mar/2013:11:47:08 +0100] "GET /navi.htm HTTP/1.1" 200 4594 "-" "Mozilla/5.0 (compatible; bingbot/2.0; +http://www.bing.com/bingbot.htm)"
91.207.9.226 - - [30/Mar/2013:11:56:30 +0100] "GET / HTTP/1.1" 200 4185 "http://google-play-soft.ru/" "Mozilla/4.0 (compatible; MSIE 7.0; Windows NT 5.1; SV1; .NET CLR 2.0.50727)"
91.207.9.226 - - [30/Mar/2013:11:56:31 +0100] "GET / HTTP/1.1" 200 4185 "http://google-play-soft.ru/" "Mozilla/4.0 (compatible; MSIE 7.0; Windows NT 5.1; SV1; .NET CLR 2.0.50727)"
91.207.9.226 - - [30/Mar/2013:11:56:31 +0100] "GET / HTTP/1.1" 200 4185 "http://google-play-soft.ru/" "Mozilla/4.0 (compatible; MSIE 7.0; Windows NT 5.1; SV1; .NET CLR 2.0.50727)"
204.12.208.162 - - [30/Mar/2013:12:20:30 +0100] "GET /robots.txt HTTP/1.0" 200 171 "-" "Mozilla/5.0 (compatible; MJ12bot/v1.4.3; http://www.majestic12.co.uk/bot.php?+)"
204.12.208.162 - - [30/Mar/2013:12:20:33 +0100] "GET / HTTP/1.0" 200 4185 "-" "Mozilla/5.0 (compatible; MJ12bot/v1.4.3; http://www.majestic12.co.uk/bot.php?+)"
141.8.147.12 - - [30/Mar/2013:12:31:51 +0100] "GET / HTTP/1.1" 200 4185 "-" "Mozilla/5.0 (compatible; YandexBot/3.0; +http://yandex.com/bots)"
141.8.147.12 - - [30/Mar/2013:12:32:46 +0100] "GET /leer.htm HTTP/1.1" 200 172 "-" "Mozilla/5.0 (compatible; YandexBot/3.0; +http://yandex.com/bots)"
141.8.147.12 - - [30/Mar/2013:12:32:49 +0100] "GET /header.htm HTTP/1.1" 200 795 "-" "Mozilla/5.0 (compatible; YandexBot/3.0; +http://yandex.com/bots)"
66.249.76.88 - - [30/Mar/2013:14:26:09 +0100] "GET /robots.txt HTTP/1.1" 200 171 "-" "Mozilla/5.0 (compatible; Googlebot/2.1; +http://www.google.com/bot.html)"
66.249.76.88 - - [30/Mar/2013:14:26:09 +0100] "GET / HTTP/1.1" 200 4185 "-" "Mozilla/5.0 (iPhone; U; CPU iPhone OS 4_1 like Mac OS X; en-us) AppleWebKit/532.9 (KHTML, like Gecko) Version/4.0.5 Mobile/8B117 Safari/6531.22.7 (compatible; Googlebot-Mobile/2.1; +http://www.google.com/bot.html)"
193.106.136.42 - - [30/Mar/2013:15:31:20 +0100] "GET / HTTP/1.1" 200 4185 "http://ublaze.ru/" "Mozilla/4.0 (compatible; MSIE 5.5; Windows 95)"
193.106.136.42 - - [30/Mar/2013:15:31:21 +0100] "GET / HTTP/1.1" 200 4185 "http://ublaze.ru/" "Mozilla/4.0 (compatible; MSIE 5.5; Windows 95)"
202.46.51.51 - - [30/Mar/2013:16:01:36 +0100] "GET / HTTP/1.1" 200 4185 "-" "Mozilla/4.0 (compatible; MSIE 7.0; Windows NT 6.0)"
119.63.193.132 - - [30/Mar/2013:16:02:28 +0100] "GET / HTTP/1.1" 200 4185 "-" "Mozilla/4.0 (compatible; MSIE 7.0; Windows NT 6.0)"
65.55.52.116 - - [30/Mar/2013:16:06:15 +0100] "GET /robots.txt HTTP/1.1" 200 171 "-" "Mozilla/5.0 (compatible; bingbot/2.0; +http://www.bing.com/bingbot.htm)"
