217.86.252.239 - - [14/Mar/2013:07:40:13 +0100] "GET /images/navi_kontakt_a.jpg HTTP/1.1" 200 1826 "http://www.dialyse-schoenebeck.de/navi.htm" "Mozilla/5.0 (Windows NT 5.1) AppleWebKit/537.22 (KHTML, like Gecko) Chrome/25.0.1364.152 Safari/537.22"
217.86.252.239 - - [14/Mar/2013:07:40:13 +0100] "GET /images/navi_dialyse_a.jpg HTTP/1.1" 200 2373 "http://www.dialyse-schoenebeck.de/navi.htm" "Mozilla/5.0 (Windows NT 5.1) AppleWebKit/537.22 (KHTML, like Gecko) Chrome/25.0.1364.152 Safari/537.22"
217.86.252.239 - - [14/Mar/2013:07:40:13 +0100] "GET /images/navi_links_a.jpg HTTP/1.1" 200 2032 "http://www.dialyse-schoenebeck.de/navi.htm" "Mozilla/5.0 (Windows NT 5.1) AppleWebKit/537.22 (KHTML, like Gecko) Chrome/25.0.1364.152 Safari/537.22"
217.86.252.239 - - [14/Mar/2013:07:40:13 +0100] "GET /images/navi_home_a.jpg HTTP/1.1" 200 2206 "http://www.dialyse-schoenebeck.de/navi.htm" "Mozilla/5.0 (Windows NT 5.1) AppleWebKit/537.22 (KHTML, like Gecko) Chrome/25.0.1364.152 Safari/537.22"
217.86.252.239 - - [14/Mar/2013:07:40:13 +0100] "GET /images/navi_praxis_b.jpg HTTP/1.1" 200 2241 "http://www.dialyse-schoenebeck.de/navi.htm" "Mozilla/5.0 (Windows NT 5.1) AppleWebKit/537.22 (KHTML, like Gecko) Chrome/25.0.1364.152 Safari/537.22"
217.86.252.239 - - [14/Mar/2013:07:40:13 +0100] "GET /images/navi_leistungen_b.jpg HTTP/1.1" 200 2343 "http://www.dialyse-schoenebeck.de/navi.htm" "Mozilla/5.0 (Windows NT 5.1) AppleWebKit/537.22 (KHTML, like Gecko) Chrome/25.0.1364.152 Safari/537.22"
217.86.252.239 - - [14/Mar/2013:07:40:13 +0100] "GET /images/navi_dialyse_b.jpg HTTP/1.1" 200 2745 "http://www.dialyse-schoenebeck.de/navi.htm" "Mozilla/5.0 (Windows NT 5.1) AppleWebKit/537.22 (KHTML, like Gecko) Chrome/25.0.1364.152 Safari/537.22"
217.86.252.239 - - [14/Mar/2013:07:40:13 +0100] "GET /images/navi_links_b.jpg HTTP/1.1" 200 2344 "http://www.dialyse-schoenebeck.de/navi.htm" "Mozilla/5.0 (Windows NT 5.1) AppleWebKit/537.22 (KHTML, like Gecko) Chrome/25.0.1364.152 Safari/537.22"
217.86.252.239 - - [14/Mar/2013:07:40:13 +0100] "GET /images/navi_home_b.jpg HTTP/1.1" 200 2478 "http://www.dialyse-schoenebeck.de/navi.htm" "Mozilla/5.0 (Windows NT 5.1) AppleWebKit/537.22 (KHTML, like Gecko) Chrome/25.0.1364.152 Safari/537.22"
217.86.252.239 - - [14/Mar/2013:07:40:13 +0100] "GET /images/navi_kontakt_b.jpg HTTP/1.1" 200 2094 "http://www.dialyse-schoenebeck.de/navi.htm" "Mozilla/5.0 (Windows NT 5.1) AppleWebKit/537.22 (KHTML, like Gecko) Chrome/25.0.1364.152 Safari/537.22"
217.86.252.239 - - [14/Mar/2013:07:40:13 +0100] "GET /images/navi_news_b.jpg HTTP/1.1" 200 2200 "http://www.dialyse-schoenebeck.de/navi.htm" "Mozilla/5.0 (Windows NT 5.1) AppleWebKit/537.22 (KHTML, like Gecko) Chrome/25.0.1364.152 Safari/537.22"
217.86.252.239 - - [14/Mar/2013:07:40:14 +0100] "GET /favicon.ico HTTP/1.1" 404 1256 "-" "Mozilla/5.0 (Windows NT 5.1) AppleWebKit/537.22 (KHTML, like Gecko) Chrome/25.0.1364.152 Safari/537.22"
217.86.252.239 - - [14/Mar/2013:07:40:16 +0100] "GET /praxis.htm HTTP/1.1" 200 2232 "http://www.dialyse-schoenebeck.de/navi.htm" "Mozilla/5.0 (Windows NT 5.1) AppleWebKit/537.22 (KHTML, like Gecko) Chrome/25.0.1364.152 Safari/537.22"
217.86.252.239 - - [14/Mar/2013:07:40:16 +0100] "GET /images/bildergalerie.gif HTTP/1.1" 200 553 "http://www.dialyse-schoenebeck.de/praxis.htm" "Mozilla/5.0 (Windows NT 5.1) AppleWebKit/537.22 (KHTML, like Gecko) Chrome/25.0.1364.152 Safari/537.22"
217.86.252.239 - - [14/Mar/2013:07:40:16 +0100] "GET /images/praxis1.jpg HTTP/1.1" 200 19217 "http://www.dialyse-schoenebeck.de/praxis.htm" "Mozilla/5.0 (Windows NT 5.1) AppleWebKit/537.22 (KHTML, like Gecko) Chrome/25.0.1364.152 Safari/537.22"
217.86.252.239 - - [14/Mar/2013:07:40:16 +0100] "GET /images/pfeil_seite2.gif HTTP/1.1" 200 277 "http://www.dialyse-schoenebeck.de/praxis.htm" "Mozilla/5.0 (Windows NT 5.1) AppleWebKit/537.22 (KHTML, like Gecko) Chrome/25.0.1364.152 Safari/537.22"
217.86.252.239 - - [14/Mar/2013:07:40:16 +0100] "GET /images/head_praxis.gif HTTP/1.1" 200 487 "http://www.dialyse-schoenebeck.de/praxis.htm" "Mozilla/5.0 (Windows NT 5.1) AppleWebKit/537.22 (KHTML, like Gecko) Chrome/25.0.1364.152 Safari/537.22"
217.86.252.239 - - [14/Mar/2013:07:40:16 +0100] "GET /favicon.ico HTTP/1.1" 404 1256 "-" "Mozilla/5.0 (Windows NT 5.1) AppleWebKit/537.22 (KHTML, like Gecko) Chrome/25.0.1364.152 Safari/537.22"
217.86.252.239 - - [14/Mar/2013:07:40:22 +0100] "GET /news-extern.htm HTTP/1.1" 200 560 "http://www.dialyse-schoenebeck.de/navi.htm" "Mozilla/5.0 (Windows NT 5.1) AppleWebKit/537.22 (KHTML, like Gecko) Chrome/25.0.1364.152 Safari/537.22"
217.86.252.239 - - [14/Mar/2013:07:40:22 +0100] "GET /favicon.ico HTTP/1.1" 404 1256 "-" "Mozilla/5.0 (Windows NT 5.1) AppleWebKit/537.22 (KHTML, like Gecko) Chrome/25.0.1364.152 Safari/537.22"
217.86.252.239 - - [14/Mar/2013:07:40:22 +0100] "GET /favicon.ico HTTP/1.1" 404 1256 "-" "Mozilla/5.0 (Windows NT 5.1) AppleWebKit/537.22 (KHTML, like Gecko) Chrome/25.0.1364.152 Safari/537.22"
217.86.252.239 - - [14/Mar/2013:07:40:24 +0100] "GET /favicon.ico HTTP/1.1" 404 1256 "-" "Mozilla/5.0 (Windows NT 5.1) AppleWebKit/537.22 (KHTML, like Gecko) Chrome/25.0.1364.152 Safari/537.22"
217.86.252.239 - - [14/Mar/2013:07:40:26 +0100] "GET /praxis2.htm HTTP/1.1" 200 4257 "http://www.dialyse-schoenebeck.de/praxis.htm" "Mozilla/5.0 (Windows NT 5.1) AppleWebKit/537.22 (KHTML, like Gecko) Chrome/25.0.1364.152 Safari/537.22"
217.86.252.239 - - [14/Mar/2013:07:40:26 +0100] "GET /css/master_diapraxis_silber.css HTTP/1.1" 200 507 "http://www.dialyse-schoenebeck.de/praxis2.htm" "Mozilla/5.0 (Windows NT 5.1) AppleWebKit/537.22 (KHTML, like Gecko) Chrome/25.0.1364.152 Safari/537.22"
217.86.252.239 - - [14/Mar/2013:07:40:26 +0100] "GET /images/pfeil_seite1.gif HTTP/1.1" 200 274 "http://www.dialyse-schoenebeck.de/praxis2.htm" "Mozilla/5.0 (Windows NT 5.1) AppleWebKit/537.22 (KHTML, like Gecko) Chrome/25.0.1364.152 Safari/537.22"
217.86.252.239 - - [14/Mar/2013:07:40:26 +0100] "GET /images/praxis2.jpg HTTP/1.1" 200 20781 "http://www.dialyse-schoenebeck.de/praxis2.htm" "Mozilla/5.0 (Windows NT 5.1) AppleWebKit/537.22 (KHTML, like Gecko) Chrome/25.0.1364.152 Safari/537.22"
217.86.252.239 - - [14/Mar/2013:07:40:26 +0100] "GET /favicon.ico HTTP/1.1" 404 1256 "-" "Mozilla/5.0 (Windows NT 5.1) AppleWebKit/537.22 (KHTML, like Gecko) Chrome/25.0.1364.152 Safari/537.22"
217.86.252.239 - - [14/Mar/2013:07:40:44 +0100] "GET /dialyse.htm HTTP/1.1" 200 1531 "http://www.dialyse-schoenebeck.de/navi.htm" "Mozilla/5.0 (Windows NT 5.1) AppleWebKit/537.22 (KHTML, like Gecko) Chrome/25.0.1364.152 Safari/537.22"
217.86.252.239 - - [14/Mar/2013:07:40:45 +0100] "GET /images/head_dialyse.gif HTTP/1.1" 200 495 "http://www.dialyse-schoenebeck.de/dialyse.htm" "Mozilla/5.0 (Windows NT 5.1) AppleWebKit/537.22 (KHTML, like Gecko) Chrome/25.0.1364.152 Safari/537.22"
217.86.252.239 - - [14/Mar/2013:07:40:45 +0100] "GET /images/dialyse.jpg HTTP/1.1" 200 13163 "http://www.dialyse-schoenebeck.de/dialyse.htm" "Mozilla/5.0 (Windows NT 5.1) AppleWebKit/537.22 (KHTML, like Gecko) Chrome/25.0.1364.152 Safari/537.22"
217.86.252.239 - - [14/Mar/2013:07:40:45 +0100] "GET /favicon.ico HTTP/1.1" 404 1256 "-" "Mozilla/5.0 (Windows NT 5.1) AppleWebKit/537.22 (KHTML, like Gecko) Chrome/25.0.1364.152 Safari/537.22"
217.86.252.239 - - [14/Mar/2013:07:40:47 +0100] "GET /kontakt.htm HTTP/1.1" 200 3886 "http://www.dialyse-schoenebeck.de/navi.htm" "Mozilla/5.0 (Windows NT 5.1) AppleWebKit/537.22 (KHTML, like Gecko) Chrome/25.0.1364.152 Safari/537.22"
217.86.252.239 - - [14/Mar/2013:07:40:47 +0100] "GET /images/head_kontakt.gif HTTP/1.1" 200 533 "http://www.dialyse-schoenebeck.de/kontakt.htm" "Mozilla/5.0 (Windows NT 5.1) AppleWebKit/537.22 (KHTML, like Gecko) Chrome/25.0.1364.152 Safari/537.22"
217.86.252.239 - - [14/Mar/2013:07:40:47 +0100] "GET /images/zum_anmeldeformular.gif HTTP/1.1" 200 498 "http://www.dialyse-schoenebeck.de/kontakt.htm" "Mozilla/5.0 (Windows NT 5.1) AppleWebKit/537.22 (KHTML, like Gecko) Chrome/25.0.1364.152 Safari/537.22"
217.86.252.239 - - [14/Mar/2013:07:40:47 +0100] "GET /images/plan_schoenebeck_mini.jpg HTTP/1.1" 200 14406 "http://www.dialyse-schoenebeck.de/kontakt.htm" "Mozilla/5.0 (Windows NT 5.1) AppleWebKit/537.22 (KHTML, like Gecko) Chrome/25.0.1364.152 Safari/537.22"
217.86.252.239 - - [14/Mar/2013:07:40:47 +0100] "GET /images/plan_magdeburg_mini.jpg HTTP/1.1" 200 6592 "http://www.dialyse-schoenebeck.de/kontakt.htm" "Mozilla/5.0 (Windows NT 5.1) AppleWebKit/537.22 (KHTML, like Gecko) Chrome/25.0.1364.152 Safari/537.22"
217.86.252.239 - - [14/Mar/2013:07:40:47 +0100] "GET /favicon.ico HTTP/1.1" 404 1256 "-" "Mozilla/5.0 (Windows NT 5.1) AppleWebKit/537.22 (KHTML, like Gecko) Chrome/25.0.1364.152 Safari/537.22"
217.86.252.239 - - [14/Mar/2013:07:40:53 +0100] "GET /mail/contact.html HTTP/1.1" 200 2041 "http://www.dialyse-schoenebeck.de/kontakt.htm" "Mozilla/5.0 (Windows NT 5.1) AppleWebKit/537.22 (KHTML, like Gecko) Chrome/25.0.1364.152 Safari/537.22"
217.86.252.239 - - [14/Mar/2013:07:40:53 +0100] "GET /mail/style.css HTTP/1.1" 200 838 "http://www.dialyse-schoenebeck.de/mail/contact.html" "Mozilla/5.0 (Windows NT 5.1) AppleWebKit/537.22 (KHTML, like Gecko) Chrome/25.0.1364.152 Safari/537.22"
217.86.252.239 - - [14/Mar/2013:07:40:53 +0100] "GET /favicon.ico HTTP/1.1" 404 1256 "-" "Mozilla/5.0 (Windows NT 5.1) AppleWebKit/537.22 (KHTML, like Gecko) Chrome/25.0.1364.152 Safari/537.22"
217.86.252.239 - - [14/Mar/2013:07:41:02 +0100] "GET /links.htm HTTP/1.1" 200 1889 "http://www.dialyse-schoenebeck.de/navi.htm" "Mozilla/5.0 (Windows NT 5.1) AppleWebKit/537.22 (KHTML, like Gecko) Chrome/25.0.1364.152 Safari/537.22"
217.86.252.239 - - [14/Mar/2013:07:41:02 +0100] "GET /images/head_links.gif HTTP/1.1" 200 417 "http://www.dialyse-schoenebeck.de/links.htm" "Mozilla/5.0 (Windows NT 5.1) AppleWebKit/537.22 (KHTML, like Gecko) Chrome/25.0.1364.152 Safari/537.22"
217.86.252.239 - - [14/Mar/2013:07:41:02 +0100] "GET /images/links.jpg HTTP/1.1" 200 17217 "http://www.dialyse-schoenebeck.de/links.htm" "Mozilla/5.0 (Windows NT 5.1) AppleWebKit/537.22 (KHTML, like Gecko) Chrome/25.0.1364.152 Safari/537.22"
217.86.252.239 - - [14/Mar/2013:07:41:03 +0100] "GET /favicon.ico HTTP/1.1" 404 1256 "-" "Mozilla/5.0 (Windows NT 5.1) AppleWebKit/537.22 (KHTML, like Gecko) Chrome/25.0.1364.152 Safari/537.22"
217.86.252.239 - - [14/Mar/2013:07:41:04 +0100] "GET /favicon.ico HTTP/1.1" 404 1256 "-" "Mozilla/5.0 (Windows NT 5.1) AppleWebKit/537.22 (KHTML, like Gecko) Chrome/25.0.1364.152 Safari/537.22"
46.119.122.97 - - [14/Mar/2013:08:52:20 +0100] "GET / HTTP/1.1" 200 4185 "http://www.informator.com.ua/" "Mozilla/4.0 (compatible; MSIE 6.0; Windows NT 5.2; SV1; .NET CLR 1.1.4322; .NET CLR 2.0.50727)"
46.119.122.97 - - [14/Mar/2013:08:52:20 +0100] "GET / HTTP/1.1" 200 4185 "http://www.informator.com.ua/" "Mozilla/4.0 (compatible; MSIE 6.0; Windows NT 5.2; SV1; .NET CLR 1.1.4322; .NET CLR 2.0.50727)"
46.119.122.97 - - [14/Mar/2013:08:52:21 +0100] "GET / HTTP/1.1" 200 4185 "http://www.informator.com.ua/" "Mozilla/4.0 (compatible; MSIE 6.0; Windows NT 5.2; SV1; .NET CLR 1.1.4322; .NET CLR 2.0.50727)"
212.116.125.170 - - [14/Mar/2013:10:38:22 +0100] "GET /robots.txt HTTP/1.1" 200 171 "-" "Mozilla/5.0 (compatible; 008/0.83; http://www.80legs.com/webcrawler.html;) Gecko/2008032620"
212.116.125.170 - - [14/Mar/2013:10:38:22 +0100] "GET / HTTP/1.1" 200 4185 "-" "Mozilla/5.0 (compatible; 008/0.85; http://www.80legs.com/webcrawler.html) Gecko/2008032620"
37.140.141.34 - - [14/Mar/2013:11:20:32 +0100] "GET /robots.txt HTTP/1.1" 200 171 "-" "Mozilla/5.0 (compatible; YandexImages/3.0; +http://yandex.com/bots)"
193.106.136.63 - - [14/Mar/2013:11:55:30 +0100] "GET / HTTP/1.1" 200 4185 "http://www.odeialo.ru/" "Mozilla/5.0 (Windows NT 5.1; U; en) Opera 8.00"
193.106.136.63 - - [14/Mar/2013:11:55:31 +0100] "GET / HTTP/1.1" 200 4185 "http://www.odeialo.ru/" "Mozilla/5.0 (Windows NT 5.1; U; en) Opera 8.00"
195.242.218.133 - - [14/Mar/2013:12:25:58 +0100] "GET / HTTP/1.1" 200 4185 "http://www.allkomplekt.by/" "Mozilla/4.0 (compatible; MSIE 6.0; Windows NT 5.1; ru) Opera 8.01"
195.242.218.133 - - [14/Mar/2013:12:25:59 +0100] "GET / HTTP/1.1" 200 4185 "http://www.allkomplekt.by/" "Mozilla/4.0 (compatible; MSIE 6.0; Windows NT 5.1; ru) Opera 8.01"
195.242.218.133 - - [14/Mar/2013:12:26:00 +0100] "GET / HTTP/1.1" 200 4185 "http://www.allkomplekt.by/" "Mozilla/4.0 (compatible; MSIE 6.0; Windows NT 5.1; ru) Opera 8.01"
65.55.215.102 - - [14/Mar/2013:13:50:39 +0100] "GET /robots.txt HTTP/1.1" 200 171 "-" "msnbot-media/1.1 (+http://search.msn.com/msnbot.htm)"
65.55.215.102 - - [14/Mar/2013:13:50:39 +0100] "GET /images/pixel.gif HTTP/1.1" 200 43 "-" "msnbot-media/1.1 (+http://search.msn.com/msnbot.htm)"
46.119.122.97 - - [14/Mar/2013:14:07:49 +0100] "GET / HTTP/1.1" 200 4185 "http://imsu-dnipropetrovsk.com/" "Mozilla/4.0 (compatible; MSIE 6.0; Windows NT 5.1)"
46.119.122.97 - - [14/Mar/2013:14:07:50 +0100] "GET / HTTP/1.1" 200 4185 "http://imsu-dnipropetrovsk.com/" "Mozilla/4.0 (compatible; MSIE 6.0; Windows NT 5.1)"
46.119.122.97 - - [14/Mar/2013:14:07:51 +0100] "GET / HTTP/1.1" 200 4185 "http://imsu-dnipropetrovsk.com/" "Mozilla/4.0 (compatible; MSIE 6.0; Windows NT 5.1)"
92.249.127.111 - - [14/Mar/2013:14:37:39 +0100] "GET / HTTP/1.1" 200 4185 "http://magnetfox.com/" "Mozilla/5.0 (compatible; news bot /2.1)"
92.249.127.111 - - [14/Mar/2013:14:37:39 +0100] "GET / HTTP/1.1" 200 4185 "http://magnetfox.com/" "Mozilla/5.0 (compatible; news bot /2.1)"
64.125.222.16 - - [14/Mar/2013:14:39:33 +0100] "GET /robots.txt HTTP/1.1" 200 171 "-" "Mozilla/5.0 (compatible; 008/0.83; http://www.80legs.com/webcrawler.html;) Gecko/2008032620"
85.26.231.28 - - [14/Mar/2013:14:40:25 +0100] "GET /leer.htm HTTP/1.1" 200 172 "-" "Mozilla/5.0 (compatible; 008/0.85; http://www.80legs.com/webcrawler.html) Gecko/2008032620"
109.174.112.163 - - [14/Mar/2013:14:40:48 +0100] "GET /home.htm HTTP/1.1" 200 1194 "-" "Mozilla/5.0 (compatible; 008/0.85; http://www.80legs.com/webcrawler.html) Gecko/2008032620"
178.204.30.24 - - [14/Mar/2013:14:41:04 +0100] "GET /leer.htm HTTP/1.1" 200 172 "-" "Mozilla/5.0 (compatible; 008/0.85; http://www.80legs.com/webcrawler.html) Gecko/2008032620"
46.166.69.87 - - [14/Mar/2013:14:41:06 +0100] "GET /home.htm HTTP/1.1" 200 1194 "-" "Mozilla/5.0 (compatible; 008/0.85; http://www.80legs.com/webcrawler.html) Gecko/2008032620"
199.30.16.13 - - [14/Mar/2013:14:42:57 +0100] "GET /robots.txt HTTP/1.1" 200 171 "-" "msnbot-media/1.1 (+http://search.msn.com/msnbot.htm)"
199.30.16.13 - - [14/Mar/2013:14:42:57 +0100] "GET /images/praxis1.jpg HTTP/1.1" 200 19217 "-" "msnbot-media/1.1 (+http://search.msn.com/msnbot.htm)"
37.112.29.201 - - [14/Mar/2013:14:54:49 +0100] "GET /leistungen.htm HTTP/1.1" 200 1228 "-" "Mozilla/5.0 (compatible; 008/0.85; http://www.80legs.com/webcrawler.html) Gecko/2008032620"
37.112.29.201 - - [14/Mar/2013:14:54:51 +0100] "GET /praxis.htm HTTP/1.1" 200 2232 "-" "Mozilla/5.0 (compatible; 008/0.85; http://www.80legs.com/webcrawler.html) Gecko/2008032620"
46.119.122.97 - - [14/Mar/2013:15:48:44 +0100] "GET / HTTP/1.1" 200 4185 "http://www.modx.cc/" "Mozilla/4.0 (compatible; MSIE 6.0; Windows NT 5.1)"
46.119.122.97 - - [14/Mar/2013:15:48:45 +0100] "GET / HTTP/1.1" 200 4185 "http://www.modx.cc/" "Mozilla/4.0 (compatible; MSIE 6.0; Windows NT 5.1)"
46.119.122.97 - - [14/Mar/2013:15:48:45 +0100] "GET / HTTP/1.1" 200 4185 "http://www.modx.cc/" "Mozilla/4.0 (compatible; MSIE 6.0; Windows NT 5.1)"
202.46.62.12 - - [14/Mar/2013:16:01:39 +0100] "GET / HTTP/1.1" 200 4185 "-" "Mozilla/4.0 (compatible; MSIE 7.0; Windows NT 6.0)"
119.63.193.132 - - [14/Mar/2013:16:02:32 +0100] "GET / HTTP/1.1" 200 4185 "-" "Mozilla/4.0 (compatible; MSIE 7.0; Windows NT 6.0)"
194.146.180.50 - - [14/Mar/2013:16:10:52 +0100] "GET /praxis2.htm HTTP/1.1" 200 4257 "-" "Mozilla/5.0 (compatible; 008/0.85; http://www.80legs.com/webcrawler.html) Gecko/2008032620"
65.55.24.217 - - [14/Mar/2013:17:15:10 +0100] "GET /robots.txt HTTP/1.1" 200 171 "-" "Mozilla/5.0 (compatible; bingbot/2.0; +http://www.bing.com/bingbot.htm)"
65.55.24.217 - - [14/Mar/2013:17:17:31 +0100] "GET /home.htm HTTP/1.1" 200 1194 "-" "Mozilla/5.0 (compatible; bingbot/2.0; +http://www.bing.com/bingbot.htm)"
157.55.32.143 - - [14/Mar/2013:17:34:26 +0100] "GET /leer.htm HTTP/1.1" 200 172 "-" "Mozilla/5.0 (compatible; bingbot/2.0; +http://www.bing.com/bingbot.htm)"
157.56.92.149 - - [14/Mar/2013:17:39:57 +0100] "GET /praxis2.htm HTTP/1.1" 200 4257 "-" "Mozilla/5.0 (compatible; bingbot/2.0; +http://www.bing.com/bingbot.htm)"
23.22.131.19 - - [14/Mar/2013:17:43:29 +0100] "GET / HTTP/1.0" 200 4185 "http://www.go-profitclicking.com" "-"
64.125.222.16 - - [14/Mar/2013:17:44:49 +0100] "GET /robots.txt HTTP/1.1" 200 171 "-" "Mozilla/5.0 (compatible; 008/0.83; http://www.80legs.com/webcrawler.html;) Gecko/2008032620"
94.41.124.51 - - [14/Mar/2013:17:52:02 +0100] "GET /index.html HTTP/1.1" 200 4185 "-" "Mozilla/5.0 (compatible; 008/0.85; http://www.80legs.com/webcrawler.html) Gecko/2008032620"
178.216.184.67 - - [14/Mar/2013:17:52:14 +0100] "GET /index.html HTTP/1.0" 200 4185 "-" "Mozilla/5.0 (compatible; 008/0.85; http://www.80legs.com/webcrawler.html) Gecko/2008032620"
65.55.52.111 - - [14/Mar/2013:18:03:26 +0100] "GET /index.html HTTP/1.1" 200 4185 "-" "Mozilla/5.0 (compatible; bingbot/2.0; +http://www.bing.com/bingbot.htm)"
66.249.75.88 - - [14/Mar/2013:18:29:03 +0100] "GET /robots.txt HTTP/1.1" 200 171 "-" "Mozilla/5.0 (compatible; Googlebot/2.1; +http://www.google.com/bot.html)"
66.249.75.88 - - [14/Mar/2013:18:29:03 +0100] "GET / HTTP/1.1" 200 4185 "-" "Mozilla/5.0 (iPhone; U; CPU iPhone OS 4_1 like Mac OS X; en-us) AppleWebKit/532.9 (KHTML, like Gecko) Version/4.0.5 Mobile/8B117 Safari/6531.22.7 (compatible; Googlebot-Mobile/2.1; +http://www.google.com/bot.html)"
37.140.141.34 - - [14/Mar/2013:18:46:45 +0100] "GET /images/praxis2.jpg HTTP/1.1" 304 - "-" "Mozilla/5.0 (compatible; YandexImages/3.0; +http://yandex.com/bots)"
89.108.102.171 - - [14/Mar/2013:20:56:59 +0100] "GET / HTTP/1.1" 200 4185 "http://www.ooo-v-samare.ru/" "Mozilla/4.0 (compatible; MSIE 7.0b; Windows NT 6.0)"
89.108.102.171 - - [14/Mar/2013:20:57:00 +0100] "GET / HTTP/1.1" 200 4185 "http://www.ooo-v-samare.ru/" "Mozilla/4.0 (compatible; MSIE 7.0b; Windows NT 6.0)"
202.46.63.49 - - [14/Mar/2013:22:04:22 +0100] "GET / HTTP/1.1" 200 4185 "-" "Mozilla/4.0 (compatible; MSIE 7.0; Windows NT 6.0)"
119.63.193.132 - - [14/Mar/2013:22:05:21 +0100] "GET / HTTP/1.1" 200 4185 "-" "Mozilla/4.0 (compatible; MSIE 7.0; Windows NT 6.0)"
65.55.215.68 - - [15/Mar/2013:00:27:21 +0100] "GET /robots.txt HTTP/1.1" 200 171 "-" "msnbot-media/1.1 (+http://search.msn.com/msnbot.htm)"
65.55.215.68 - - [15/Mar/2013:00:27:21 +0100] "GET /images/navi_leistungen_a.jpg HTTP/1.1" 200 2088 "-" "msnbot-media/1.1 (+http://search.msn.com/msnbot.htm)"
91.207.9.226 - - [15/Mar/2013:01:19:27 +0100] "GET / HTTP/1.1" 200 4185 "http://runetkicom.ru/" "Mozilla/5.0 (Windows NT 5.1; U; en) Opera 8.00"
91.207.9.226 - - [15/Mar/2013:01:19:28 +0100] "GET / HTTP/1.1" 200 4185 "http://runetkicom.ru/" "Mozilla/5.0 (Windows NT 5.1; U; en) Opera 8.00"
91.207.9.226 - - [15/Mar/2013:01:19:28 +0100] "GET / HTTP/1.1" 200 4185 "http://runetkicom.ru/" "Mozilla/5.0 (Windows NT 5.1; U; en) Opera 8.00"
91.207.4.186 - - [15/Mar/2013:01:23:20 +0100] "GET / HTTP/1.1" 200 4185 "http://top-diets.ru/" "Mozilla/5.0 (Windows NT 5.1; U; en) Opera 8.00"
91.207.4.186 - - [15/Mar/2013:01:23:20 +0100] "GET / HTTP/1.1" 200 4185 "http://top-diets.ru/" "Mozilla/5.0 (Windows NT 5.1; U; en) Opera 8.00"
91.207.4.186 - - [15/Mar/2013:01:23:21 +0100] "GET / HTTP/1.1" 200 4185 "http://top-diets.ru/" "Mozilla/5.0 (Windows NT 5.1; U; en) Opera 8.00"
157.55.32.58 - - [15/Mar/2013:01:54:21 +0100] "GET /robots.txt HTTP/1.1" 200 171 "-" "Mozilla/5.0 (compatible; bingbot/2.0; +http://www.bing.com/bingbot.htm)"
157.55.32.58 - - [15/Mar/2013:01:56:11 +0100] "GET /home.htm HTTP/1.1" 200 1194 "-" "Mozilla/5.0 (compatible; bingbot/2.0; +http://www.bing.com/bingbot.htm)"
65.55.215.92 - - [15/Mar/2013:02:37:58 +0100] "GET /robots.txt HTTP/1.1" 200 171 "-" "msnbot-media/1.1 (+http://search.msn.com/msnbot.htm)"
65.55.215.92 - - [15/Mar/2013:02:37:58 +0100] "GET /images/ein_service.jpg HTTP/1.1" 200 2356 "-" "msnbot-media/1.1 (+http://search.msn.com/msnbot.htm)"
157.56.92.149 - - [15/Mar/2013:02:53:30 +0100] "GET /robots.txt HTTP/1.1" 200 171 "-" "Mozilla/5.0 (compatible; bingbot/2.0; +http://www.bing.com/bingbot.htm)"
157.56.92.149 - - [15/Mar/2013:02:55:02 +0100] "GET /praxis2.htm HTTP/1.1" 200 4257 "-" "Mozilla/5.0 (compatible; bingbot/2.0; +http://www.bing.com/bingbot.htm)"
65.55.210.215 - - [15/Mar/2013:02:55:04 +0100] "GET /praxis2.htm HTTP/1.1" 200 4257 "-" "Mozilla/5.0 (Windows NT 6.1; WOW64) AppleWebKit/534+ (KHTML, like Gecko) BingPreview/1.0b"
65.55.210.215 - - [15/Mar/2013:02:55:05 +0100] "GET /index.html HTTP/1.1" 200 4185 "http://www.dialyse-schoenebeck.de/praxis2.htm" "Mozilla/5.0 (Windows NT 6.1; WOW64) AppleWebKit/534+ (KHTML, like Gecko) BingPreview/1.0b"
65.55.210.215 - - [15/Mar/2013:02:55:05 +0100] "GET /leer.htm HTTP/1.1" 200 172 "http://www.dialyse-schoenebeck.de/index.html" "Mozilla/5.0 (Windows NT 6.1; WOW64) AppleWebKit/534+ (KHTML, like Gecko) BingPreview/1.0b"
65.55.210.215 - - [15/Mar/2013:02:55:06 +0100] "GET /leer.htm HTTP/1.1" 200 172 "http://www.dialyse-schoenebeck.de/index.html" "Mozilla/5.0 (Windows NT 6.1; WOW64) AppleWebKit/534+ (KHTML, like Gecko) BingPreview/1.0b"
65.55.210.215 - - [15/Mar/2013:02:55:06 +0100] "GET /leer.htm HTTP/1.1" 200 172 "http://www.dialyse-schoenebeck.de/index.html" "Mozilla/5.0 (Windows NT 6.1; WOW64) AppleWebKit/534+ (KHTML, like Gecko) BingPreview/1.0b"
65.55.210.215 - - [15/Mar/2013:02:55:06 +0100] "GET /leer.htm HTTP/1.1" 200 172 "http://www.dialyse-schoenebeck.de/index.html" "Mozilla/5.0 (Windows NT 6.1; WOW64) AppleWebKit/534+ (KHTML, like Gecko) BingPreview/1.0b"
65.55.210.215 - - [15/Mar/2013:02:55:06 +0100] "GET /header.htm HTTP/1.1" 200 795 "http://www.dialyse-schoenebeck.de/index.html" "Mozilla/5.0 (Windows NT 6.1; WOW64) AppleWebKit/534+ (KHTML, like Gecko) BingPreview/1.0b"
65.55.210.215 - - [15/Mar/2013:02:55:06 +0100] "GET /navi.htm HTTP/1.1" 200 4594 "http://www.dialyse-schoenebeck.de/index.html" "Mozilla/5.0 (Windows NT 6.1; WOW64) AppleWebKit/534+ (KHTML, like Gecko) BingPreview/1.0b"
65.55.210.215 - - [15/Mar/2013:02:55:07 +0100] "GET /home.htm HTTP/1.1" 200 1194 "http://www.dialyse-schoenebeck.de/index.html" "Mozilla/5.0 (Windows NT 6.1; WOW64) AppleWebKit/534+ (KHTML, like Gecko) BingPreview/1.0b"
66.249.75.88 - - [15/Mar/2013:03:45:28 +0100] "GET / HTTP/1.1" 200 4185 "-" "Mozilla/5.0 (compatible; Googlebot/2.1; +http://www.google.com/bot.html)"
202.46.48.16 - - [15/Mar/2013:04:02:06 +0100] "GET / HTTP/1.1" 200 4185 "-" "Mozilla/4.0 (compatible; MSIE 7.0; Windows NT 6.0)"
119.63.193.194 - - [15/Mar/2013:04:02:58 +0100] "GET / HTTP/1.1" 200 4185 "-" "Mozilla/4.0 (compatible; MSIE 7.0; Windows NT 6.0)"
91.207.9.226 - - [15/Mar/2013:05:18:51 +0100] "GET / HTTP/1.1" 200 4185 "http://google-play-soft.ru/" "Mozilla/5.0 (Windows NT 5.1; U; en) Opera 8.00"
91.207.9.226 - - [15/Mar/2013:05:18:52 +0100] "GET / HTTP/1.1" 200 4185 "http://google-play-soft.ru/" "Mozilla/5.0 (Windows NT 5.1; U; en) Opera 8.00"
91.207.9.226 - - [15/Mar/2013:05:18:52 +0100] "GET / HTTP/1.1" 200 4185 "http://google-play-soft.ru/" "Mozilla/5.0 (Windows NT 5.1; U; en) Opera 8.00"
202.46.62.30 - - [15/Mar/2013:06:07:10 +0100] "GET / HTTP/1.1" 200 4185 "-" "Mozilla/4.0 (compatible; MSIE 7.0; Windows NT 6.0)"
119.63.193.130 - - [15/Mar/2013:06:08:15 +0100] "GET / HTTP/1.1" 200 4185 "-" "Mozilla/4.0 (compatible; MSIE 7.0; Windows NT 6.0)"
65.55.215.54 - - [15/Mar/2013:06:45:02 +0100] "GET /robots.txt HTTP/1.1" 200 171 "-" "msnbot-media/1.1 (+http://search.msn.com/msnbot.htm)"
65.55.215.54 - - [15/Mar/2013:06:45:02 +0100] "GET /images/navi_news_a.jpg HTTP/1.1" 200 1809 "-" "msnbot-media/1.1 (+http://search.msn.com/msnbot.htm)"
94.153.65.60 - - [15/Mar/2013:08:08:46 +0100] "GET / HTTP/1.1" 200 4185 "http://www.offshorewealth.info/" "Opera/7.54 (Windows NT 5.1; U) [pl]"
94.153.65.60 - - [15/Mar/2013:08:08:46 +0100] "GET / HTTP/1.1" 200 4185 "http://mirskidok.ru/" "Mozilla/4.76 [en] (Windows NT 5.0; U)"
94.153.65.60 - - [15/Mar/2013:08:08:46 +0100] "GET / HTTP/1.1" 200 4185 "http://www.russia-on.ru/" "Mozilla/4.76 [en] (Windows NT 5.0; U)"
94.153.65.60 - - [15/Mar/2013:08:08:46 +0100] "GET / HTTP/1.1" 200 4185 "http://mirskidok.ru/" "Mozilla/4.76 [en] (Windows NT 5.0; U)"
94.153.65.60 - - [15/Mar/2013:08:08:46 +0100] "GET / HTTP/1.1" 200 4185 "http://www.offshorewealth.info/" "Opera/7.54 (Windows NT 5.1; U) [pl]"
94.153.65.60 - - [15/Mar/2013:08:08:47 +0100] "GET / HTTP/1.1" 200 4185 "http://www.russia-on.ru/" "Mozilla/4.76 [en] (Windows NT 5.0; U)"
94.153.65.60 - - [15/Mar/2013:08:08:47 +0100] "GET / HTTP/1.1" 200 4185 "http://www.offshorewealth.info/" "Opera/7.54 (Windows NT 5.1; U) [pl]"
94.153.65.60 - - [15/Mar/2013:08:08:47 +0100] "GET / HTTP/1.1" 200 4185 "http://mirskidok.ru/" "Mozilla/4.76 [en] (Windows NT 5.0; U)"
94.153.65.60 - - [15/Mar/2013:08:08:48 +0100] "GET / HTTP/1.1" 200 4185 "http://www.russia-on.ru/" "Mozilla/4.76 [en] (Windows NT 5.0; U)"
91.207.4.186 - - [15/Mar/2013:08:19:09 +0100] "GET / HTTP/1.1" 200 4185 "http://5forex.ru/" "Mozilla/5.0 (Windows NT 5.1; U; en) Opera 8.00"
91.207.4.186 - - [15/Mar/2013:08:19:09 +0100] "GET / HTTP/1.1" 200 4185 "http://5forex.ru/" "Mozilla/5.0 (Windows NT 5.1; U; en) Opera 8.00"
91.207.4.186 - - [15/Mar/2013:08:19:10 +0100] "GET / HTTP/1.1" 200 4185 "http://5forex.ru/" "Mozilla/5.0 (Windows NT 5.1; U; en) Opera 8.00"
202.46.49.13 - - [15/Mar/2013:10:04:57 +0100] "GET / HTTP/1.1" 200 4185 "-" "Mozilla/4.0 (compatible; MSIE 7.0; Windows NT 6.0)"
119.63.193.196 - - [15/Mar/2013:10:05:56 +0100] "GET / HTTP/1.1" 200 4185 "-" "Mozilla/4.0 (compatible; MSIE 7.0; Windows NT 6.0)"
91.207.9.226 - - [15/Mar/2013:10:37:48 +0100] "GET / HTTP/1.1" 200 4185 "http://remont-ustanovka-tehniki.ru/" "Mozilla/4.0 (compatible; MSIE 6.0; Windows NT 5.1; en) Opera 8.00"
91.207.9.226 - - [15/Mar/2013:10:37:48 +0100] "GET / HTTP/1.1" 200 4185 "http://remont-ustanovka-tehniki.ru/" "Mozilla/4.0 (compatible; MSIE 6.0; Windows NT 5.1; en) Opera 8.00"
91.207.9.226 - - [15/Mar/2013:10:37:48 +0100] "GET / HTTP/1.1" 200 4185 "http://remont-ustanovka-tehniki.ru/" "Mozilla/4.0 (compatible; MSIE 6.0; Windows NT 5.1; en) Opera 8.00"
157.56.92.155 - - [15/Mar/2013:13:11:34 +0100] "GET /robots.txt HTTP/1.1" 200 171 "-" "Mozilla/5.0 (compatible; bingbot/2.0; +http://www.bing.com/bingbot.htm)"
157.56.92.155 - - [15/Mar/2013:13:13:07 +0100] "GET / HTTP/1.1" 200 4185 "-" "Mozilla/5.0 (compatible; bingbot/2.0; +http://www.bing.com/bingbot.htm)"
23.22.131.19 - - [15/Mar/2013:13:31:01 +0100] "GET / HTTP/1.0" 200 4185 "http://www.go-profitclicking.com" "-"
157.55.35.90 - - [15/Mar/2013:13:39:07 +0100] "GET /home.htm HTTP/1.1" 200 1194 "-" "Mozilla/5.0 (compatible; bingbot/2.0; +http://www.bing.com/bingbot.htm)"
46.119.122.97 - - [15/Mar/2013:14:02:13 +0100] "GET / HTTP/1.1" 200 4185 "http://www.sexhdtube.net/" "Mozilla/4.0 (compatible; MSIE 6.0; Windows NT 5.1)"
46.119.122.97 - - [15/Mar/2013:14:02:13 +0100] "GET / HTTP/1.1" 200 4185 "http://www.sexhdtube.net/" "Mozilla/4.0 (compatible; MSIE 6.0; Windows NT 5.1)"
46.119.122.97 - - [15/Mar/2013:14:02:14 +0100] "GET / HTTP/1.1" 200 4185 "http://www.sexhdtube.net/" "Mozilla/4.0 (compatible; MSIE 6.0; Windows NT 5.1)"
91.207.4.186 - - [15/Mar/2013:14:39:40 +0100] "GET / HTTP/1.1" 200 4185 "http://www.uasexphone.com/" "Mozilla/5.0 (Windows NT 5.1; U; en) Opera 8.00"
91.207.4.186 - - [15/Mar/2013:14:39:41 +0100] "GET / HTTP/1.1" 200 4185 "http://www.uasexphone.com/" "Mozilla/5.0 (Windows NT 5.1; U; en) Opera 8.00"
91.207.4.186 - - [15/Mar/2013:14:39:41 +0100] "GET / HTTP/1.1" 200 4185 "http://www.uasexphone.com/" "Mozilla/5.0 (Windows NT 5.1; U; en) Opera 8.00"
65.55.215.79 - - [15/Mar/2013:15:01:15 +0100] "GET /robots.txt HTTP/1.1" 200 171 "-" "msnbot-media/1.1 (+http://search.msn.com/msnbot.htm)"
65.55.215.79 - - [15/Mar/2013:15:01:15 +0100] "GET /images/navi_praxis_a.jpg HTTP/1.1" 200 1905 "-" "msnbot-media/1.1 (+http://search.msn.com/msnbot.htm)"
141.8.147.12 - - [15/Mar/2013:15:13:01 +0100] "GET /robots.txt HTTP/1.1" 200 171 "-" "Mozilla/5.0 (compatible; YandexBot/3.0; +http://yandex.com/bots)"
202.46.58.29 - - [15/Mar/2013:16:00:56 +0100] "GET / HTTP/1.1" 200 4185 "-" "Mozilla/4.0 (compatible; MSIE 7.0; Windows NT 6.0)"
119.63.193.132 - - [15/Mar/2013:16:01:46 +0100] "GET / HTTP/1.1" 200 4185 "-" "Mozilla/4.0 (compatible; MSIE 7.0; Windows NT 6.0)"
193.106.136.35 - - [15/Mar/2013:17:15:39 +0100] "GET / HTTP/1.1" 200 4185 "http://adtimes.ru/" "Mozilla/4.0 (compatible; MSIE 6.0; Windows NT 5.2; Win64; AMD64)"
193.106.136.35 - - [15/Mar/2013:17:15:40 +0100] "GET / HTTP/1.1" 200 4185 "http://adtimes.ru/" "Mozilla/4.0 (compatible; MSIE 6.0; Windows NT 5.2; Win64; AMD64)"
141.8.147.12 - - [15/Mar/2013:18:19:53 +0100] "GET /praxis2.htm HTTP/1.1" 200 4257 "-" "Mozilla/5.0 (compatible; YandexBot/3.0; +http://yandex.com/bots)"
141.8.147.12 - - [15/Mar/2013:18:19:55 +0100] "GET /images/praxis2.jpg HTTP/1.1" 304 - "-" "Mozilla/5.0 (compatible; YandexImages/3.0; +http://yandex.com/bots)"
199.30.16.54 - - [15/Mar/2013:18:53:43 +0100] "GET /robots.txt HTTP/1.1" 200 171 "-" "msnbot-media/1.1 (+http://search.msn.com/msnbot.htm)"
199.30.16.54 - - [15/Mar/2013:18:53:43 +0100] "GET /images/navi_links_a.jpg HTTP/1.1" 200 2032 "-" "msnbot-media/1.1 (+http://search.msn.com/msnbot.htm)"
91.207.6.34 - - [15/Mar/2013:19:11:34 +0100] "GET / HTTP/1.1" 200 4185 "http://www.prostitutki-odessa.org/" "Mozilla/4.0 (compatible; MSIE 6.0; Windows NT 5.1; ru) Opera 8.01"
91.207.6.34 - - [15/Mar/2013:19:11:34 +0100] "GET / HTTP/1.1" 200 4185 "http://www.prostitutki-odessa.org/" "Mozilla/4.0 (compatible; MSIE 6.0; Windows NT 5.1; ru) Opera 8.01"
91.207.6.34 - - [15/Mar/2013:19:11:34 +0100] "GET / HTTP/1.1" 200 4185 "http://www.prostitutki-odessa.org/" "Mozilla/4.0 (compatible; MSIE 6.0; Windows NT 5.1; ru) Opera 8.01"
92.249.127.111 - - [15/Mar/2013:21:07:46 +0100] "GET / HTTP/1.1" 200 4185 "http://elita-lady.ru/" "Mozilla/5.0 (compatible; news bot /2.1)"
92.249.127.111 - - [15/Mar/2013:21:07:47 +0100] "GET / HTTP/1.1" 200 4185 "http://elita-lady.ru/" "Mozilla/5.0 (compatible; news bot /2.1)"
92.249.127.111 - - [15/Mar/2013:21:07:47 +0100] "GET / HTTP/1.1" 200 4185 "http://elita-lady.ru/" "Mozilla/5.0 (compatible; news bot /2.1)"
91.207.4.186 - - [15/Mar/2013:22:00:39 +0100] "GET / HTTP/1.1" 200 4185 "http://saascenter.ru/" "Mozilla/5.0 (Windows NT 5.1; U; en) Opera 8.00"
91.207.4.186 - - [15/Mar/2013:22:00:40 +0100] "GET / HTTP/1.1" 200 4185 "http://saascenter.ru/" "Mozilla/5.0 (Windows NT 5.1; U; en) Opera 8.00"
91.207.4.186 - - [15/Mar/2013:22:00:40 +0100] "GET / HTTP/1.1" 200 4185 "http://saascenter.ru/" "Mozilla/5.0 (Windows NT 5.1; U; en) Opera 8.00"
65.55.52.111 - - [15/Mar/2013:23:26:58 +0100] "GET /robots.txt HTTP/1.1" 200 171 "-" "Mozilla/5.0 (compatible; bingbot/2.0; +http://www.bing.com/bingbot.htm)"
65.55.52.111 - - [15/Mar/2013:23:28:43 +0100] "GET /index.html HTTP/1.1" 200 4185 "-" "Mozilla/5.0 (compatible; bingbot/2.0; +http://www.bing.com/bingbot.htm)"
157.55.33.22 - - [15/Mar/2013:23:30:12 +0100] "GET /header.htm HTTP/1.1" 200 795 "-" "Mozilla/5.0 (compatible; bingbot/2.0; +http://www.bing.com/bingbot.htm)"
37.140.141.34 - - [15/Mar/2013:23:34:27 +0100] "GET /robots.txt HTTP/1.1" 200 171 "-" "Mozilla/5.0 (compatible; YandexImages/3.0; +http://yandex.com/bots)"
157.55.35.90 - - [16/Mar/2013:00:02:16 +0100] "GET /home.htm HTTP/1.1" 200 1194 "-" "Mozilla/5.0 (compatible; bingbot/2.0; +http://www.bing.com/bingbot.htm)"
46.19.36.40 - - [16/Mar/2013:03:00:30 +0100] "GET / HTTP/1.1" 200 4185 "-" "libwww-perl/6.05"
46.19.36.40 - - [16/Mar/2013:03:00:31 +0100] "GET / HTTP/1.1" 200 4185 "-" "URI::Fetch/0.09"
46.19.36.40 - - [16/Mar/2013:03:00:31 +0100] "HEAD /sitemap.xml HTTP/1.1" 404 - "-" "LWP::Simple/6.00 libwww-perl/6.05"
202.46.53.60 - - [16/Mar/2013:04:02:28 +0100] "GET / HTTP/1.1" 200 4185 "-" "Mozilla/4.0 (compatible; MSIE 7.0; Windows NT 6.0)"
119.63.193.196 - - [16/Mar/2013:04:03:23 +0100] "GET / HTTP/1.1" 200 4185 "-" "Mozilla/4.0 (compatible; MSIE 7.0; Windows NT 6.0)"
109.120.157.179 - - [16/Mar/2013:05:08:55 +0100] "GET / HTTP/1.1" 200 4185 "http://bizlog.ru/" "Mozilla/5.0 (compatible; Add Catalog/2.1;)"
109.120.157.179 - - [16/Mar/2013:05:08:56 +0100] "GET / HTTP/1.1" 200 4185 "http://bizlog.ru/" "Mozilla/5.0 (compatible; Add Catalog/2.1;)"
213.110.133.221 - - [16/Mar/2013:05:32:32 +0100] "GET / HTTP/1.1" 200 4185 "http://lendemrel.sims2rpg.ru/" "Mozilla/4.0 (compatible; Blog Search;)"
213.110.133.221 - - [16/Mar/2013:05:32:33 +0100] "GET / HTTP/1.1" 200 4185 "http://lendemrel.sims2rpg.ru/" "Mozilla/4.0 (compatible; Blog Search;)"
65.55.215.103 - - [16/Mar/2013:05:33:04 +0100] "GET /robots.txt HTTP/1.1" 200 171 "-" "msnbot-media/1.1 (+http://search.msn.com/msnbot.htm)"
65.55.215.103 - - [16/Mar/2013:05:33:05 +0100] "GET /images/home.jpg HTTP/1.1" 200 17467 "-" "msnbot-media/1.1 (+http://search.msn.com/msnbot.htm)"
91.207.6.34 - - [16/Mar/2013:07:08:27 +0100] "GET / HTTP/1.1" 200 4185 "http://www.vse-prostitutki.org/" "Opera/9.00 (Windows NT 4.0; U; en)"
91.207.6.34 - - [16/Mar/2013:07:08:28 +0100] "GET / HTTP/1.1" 200 4185 "http://www.prostitutki-tolyatti.org/" "Opera/9.00 (Windows NT 4.0; U; en)"
91.207.6.34 - - [16/Mar/2013:07:08:28 +0100] "GET / HTTP/1.1" 200 4185 "http://www.vse-prostitutki.org/" "Opera/9.00 (Windows NT 4.0; U; en)"
91.207.6.34 - - [16/Mar/2013:07:08:28 +0100] "GET / HTTP/1.1" 200 4185 "http://www.prostitutki-tolyatti.org/" "Opera/9.00 (Windows NT 4.0; U; en)"
91.207.6.34 - - [16/Mar/2013:07:08:28 +0100] "GET / HTTP/1.1" 200 4185 "http://www.prostitutki-tolyatti.org/" "Opera/9.00 (Windows NT 4.0; U; en)"
91.207.6.34 - - [16/Mar/2013:07:08:28 +0100] "GET / HTTP/1.1" 200 4185 "http://www.vse-prostitutki.org/" "Opera/9.00 (Windows NT 4.0; U; en)"
178.255.215.66 - - [16/Mar/2013:08:31:16 +0100] "GET /robots.txt HTTP/1.1" 200 171 "-" "Mozilla/5.0 (compatible; Exabot/3.0; +http://www.exabot.com/go/robot)"
178.255.215.66 - - [16/Mar/2013:08:31:16 +0100] "GET / HTTP/1.1" 304 - "-" "Mozilla/5.0 (compatible; Exabot/3.0; +http://www.exabot.com/go/robot)"
23.22.131.19 - - [16/Mar/2013:09:55:39 +0100] "GET / HTTP/1.0" 200 4185 "http://www.go-profitclicking.com" "Mozilla/5.0 (compatible; MSIE 9.0; Windows NT 6.1; Trident/5.0)"
202.46.62.23 - - [16/Mar/2013:10:04:49 +0100] "GET / HTTP/1.1" 200 4185 "-" "Mozilla/4.0 (compatible; MSIE 7.0; Windows NT 6.0)"
119.63.193.195 - - [16/Mar/2013:10:05:47 +0100] "GET / HTTP/1.1" 200 4185 "-" "Mozilla/4.0 (compatible; MSIE 7.0; Windows NT 6.0)"
157.55.32.114 - - [16/Mar/2013:11:09:50 +0100] "GET /robots.txt HTTP/1.1" 200 171 "-" "Mozilla/5.0 (compatible; bingbot/2.0; +http://www.bing.com/bingbot.htm)"
157.55.32.114 - - [16/Mar/2013:11:11:25 +0100] "GET /home.htm HTTP/1.1" 200 1194 "-" "Mozilla/5.0 (compatible; bingbot/2.0; +http://www.bing.com/bingbot.htm)"
157.56.92.155 - - [16/Mar/2013:11:33:55 +0100] "GET / HTTP/1.1" 200 4185 "-" "Mozilla/5.0 (compatible; bingbot/2.0; +http://www.bing.com/bingbot.htm)"
69.30.238.18 - - [16/Mar/2013:11:48:02 +0100] "GET /robots.txt HTTP/1.0" 200 171 "-" "Mozilla/5.0 (compatible; MJ12bot/v1.4.3; http://www.majestic12.co.uk/bot.php?+)"
69.30.238.18 - - [16/Mar/2013:11:48:05 +0100] "GET / HTTP/1.0" 200 4185 "-" "Mozilla/5.0 (compatible; MJ12bot/v1.4.3; http://www.majestic12.co.uk/bot.php?+)"
37.140.141.34 - - [16/Mar/2013:12:11:17 +0100] "GET /images/praxis2.jpg HTTP/1.1" 304 - "-" "Mozilla/5.0 (compatible; YandexImages/3.0; +http://yandex.com/bots)"
65.55.215.103 - - [16/Mar/2013:12:30:02 +0100] "GET /robots.txt HTTP/1.1" 200 171 "-" "msnbot-media/1.1 (+http://search.msn.com/msnbot.htm)"
65.55.215.103 - - [16/Mar/2013:12:30:03 +0100] "GET /images/home.jpg HTTP/1.1" 200 17467 "-" "msnbot-media/1.1 (+http://search.msn.com/msnbot.htm)"
46.119.122.97 - - [16/Mar/2013:13:42:20 +0100] "GET / HTTP/1.1" 200 4185 "http://www.kanstovar.ru/" "Mozilla/4.0 (compatible; MSIE 6.0; Windows NT 5.1)"
46.119.122.97 - - [16/Mar/2013:13:42:21 +0100] "GET / HTTP/1.1" 200 4185 "http://www.kanstovar.ru/" "Mozilla/4.0 (compatible; MSIE 6.0; Windows NT 5.1)"
46.119.122.97 - - [16/Mar/2013:13:42:22 +0100] "GET / HTTP/1.1" 200 4185 "http://www.kanstovar.ru/" "Mozilla/4.0 (compatible; MSIE 6.0; Windows NT 5.1)"
157.55.32.114 - - [16/Mar/2013:15:00:03 +0100] "GET /robots.txt HTTP/1.1" 200 171 "-" "Mozilla/5.0 (compatible; bingbot/2.0; +http://www.bing.com/bingbot.htm)"
157.55.32.114 - - [16/Mar/2013:15:02:01 +0100] "GET /home.htm HTTP/1.1" 200 1194 "-" "Mozilla/5.0 (compatible; bingbot/2.0; +http://www.bing.com/bingbot.htm)"
157.56.92.155 - - [16/Mar/2013:15:09:00 +0100] "GET / HTTP/1.1" 200 4185 "-" "Mozilla/5.0 (compatible; bingbot/2.0; +http://www.bing.com/bingbot.htm)"
157.55.32.114 - - [16/Mar/2013:15:11:00 +0100] "GET /home.htm HTTP/1.1" 200 1194 "-" "Mozilla/5.0 (compatible; bingbot/2.0; +http://www.bing.com/bingbot.htm)"
157.55.32.114 - - [16/Mar/2013:15:11:00 +0100] "GET /home.htm HTTP/1.1" 200 1194 "-" "Mozilla/5.0 (compatible; bingbot/2.0; +http://www.bing.com/bingbot.htm)"
157.55.33.22 - - [16/Mar/2013:15:11:00 +0100] "GET /header.htm HTTP/1.1" 200 795 "-" "Mozilla/5.0 (compatible; bingbot/2.0; +http://www.bing.com/bingbot.htm)"
157.55.33.22 - - [16/Mar/2013:15:11:00 +0100] "GET /header.htm HTTP/1.1" 200 795 "-" "Mozilla/5.0 (compatible; bingbot/2.0; +http://www.bing.com/bingbot.htm)"
202.46.55.22 - - [16/Mar/2013:16:01:38 +0100] "GET / HTTP/1.1" 200 4185 "-" "Mozilla/4.0 (compatible; MSIE 7.0; Windows NT 6.0)"
119.63.193.130 - - [16/Mar/2013:16:02:29 +0100] "GET / HTTP/1.1" 200 4185 "-" "Mozilla/4.0 (compatible; MSIE 7.0; Windows NT 6.0)"
66.249.78.121 - - [16/Mar/2013:16:57:06 +0100] "GET /robots.txt HTTP/1.1" 200 171 "-" "Mozilla/5.0 (compatible; Googlebot/2.1; +http://www.google.com/bot.html)"
66.249.78.121 - - [16/Mar/2013:16:57:06 +0100] "GET / HTTP/1.1" 200 4185 "-" "Mozilla/5.0 (iPhone; U; CPU iPhone OS 4_1 like Mac OS X; en-us) AppleWebKit/532.9 (KHTML, like Gecko) Version/4.0.5 Mobile/8B117 Safari/6531.22.7 (compatible; Googlebot-Mobile/2.1; +http://www.google.com/bot.html)"
46.119.122.97 - - [16/Mar/2013:18:11:49 +0100] "GET / HTTP/1.1" 200 4185 "http://imsu-vinnycja.com/" "Mozilla/2.0 (compatible; MSIE 3.02; Windows CE; 240x320)"
46.119.122.97 - - [16/Mar/2013:18:11:50 +0100] "GET / HTTP/1.1" 200 4185 "http://imsu-vinnycja.com/" "Mozilla/2.0 (compatible; MSIE 3.02; Windows CE; 240x320)"
46.119.122.97 - - [16/Mar/2013:18:11:50 +0100] "GET / HTTP/1.1" 200 4185 "http://imsu-vinnycja.com/" "Mozilla/2.0 (compatible; MSIE 3.02; Windows CE; 240x320)"
46.119.122.97 - - [16/Mar/2013:18:59:16 +0100] "GET / HTTP/1.1" 200 4185 "http://www.traders-co.ru/" "Mozilla/4.0 (compatible; MSIE 6.0; Windows NT 5.1)"
46.119.122.97 - - [16/Mar/2013:18:59:16 +0100] "GET / HTTP/1.1" 200 4185 "http://www.traders-co.ru/" "Mozilla/4.0 (compatible; MSIE 6.0; Windows NT 5.1)"
46.119.122.97 - - [16/Mar/2013:18:59:20 +0100] "GET / HTTP/1.1" 200 4185 "http://www.traders-co.ru/" "Mozilla/4.0 (compatible; MSIE 6.0; Windows NT 5.1)"
193.106.136.53 - - [16/Mar/2013:21:41:29 +0100] "GET / HTTP/1.1" 200 4185 "http://www.odeialo.ru/" "Mozilla/5.0 (Windows NT 5.1; U; en) Opera 8.00"
193.106.136.53 - - [16/Mar/2013:21:41:29 +0100] "GET / HTTP/1.1" 200 4185 "http://www.odeialo.ru/" "Mozilla/5.0 (Windows NT 5.1; U; en) Opera 8.00"
202.46.62.93 - - [16/Mar/2013:22:03:48 +0100] "GET / HTTP/1.1" 200 4185 "-" "Mozilla/4.0 (compatible; MSIE 7.0; Windows NT 6.0)"
119.63.193.132 - - [16/Mar/2013:22:04:45 +0100] "GET / HTTP/1.1" 200 4185 "-" "Mozilla/4.0 (compatible; MSIE 7.0; Windows NT 6.0)"
91.207.6.34 - - [16/Mar/2013:23:19:28 +0100] "GET / HTTP/1.1" 200 4185 "http://www.prostitutki-rostova.org/" "Mozilla/4.0 (compatible; MSIE 6.0; Windows NT 5.1; SV1; FunWebProducts; MRA 4.6 (build 01425); .NET CLR 1.1.4322; .NET CLR 2.0.50727)"
91.207.6.34 - - [16/Mar/2013:23:19:29 +0100] "GET / HTTP/1.1" 200 4185 "http://www.prostitutki-rostova.org/" "Mozilla/4.0 (compatible; MSIE 6.0; Windows NT 5.1; SV1; FunWebProducts; MRA 4.6 (build 01425); .NET CLR 1.1.4322; .NET CLR 2.0.50727)"
91.207.6.34 - - [16/Mar/2013:23:19:29 +0100] "GET / HTTP/1.1" 200 4185 "http://www.prostitutki-rostova.org/" "Mozilla/4.0 (compatible; MSIE 6.0; Windows NT 5.1; SV1; FunWebProducts; MRA 4.6 (build 01425); .NET CLR 1.1.4322; .NET CLR 2.0.50727)"
91.207.9.226 - - [16/Mar/2013:23:57:21 +0100] "GET / HTTP/1.1" 200 4185 "http://moscow-clining.ru/" "Mozilla/4.0 (compatible; MSIE 6.0; Windows NT 5.0; APC; .NET CLR 1.0.3705; .NET CLR 1.1.4322; .NET CLR 2.0.50215; InfoPath.1)"
91.207.9.226 - - [16/Mar/2013:23:57:22 +0100] "GET / HTTP/1.1" 200 4185 "http://moscow-clining.ru/" "Mozilla/4.0 (compatible; MSIE 6.0; Windows NT 5.0; APC; .NET CLR 1.0.3705; .NET CLR 1.1.4322; .NET CLR 2.0.50215; InfoPath.1)"
91.207.9.226 - - [16/Mar/2013:23:57:22 +0100] "GET / HTTP/1.1" 200 4185 "http://moscow-clining.ru/" "Mozilla/4.0 (compatible; MSIE 6.0; Windows NT 5.0; APC; .NET CLR 1.0.3705; .NET CLR 1.1.4322; .NET CLR 2.0.50215; InfoPath.1)"
202.46.54.178 - - [17/Mar/2013:04:02:09 +0100] "GET / HTTP/1.1" 200 4185 "-" "Mozilla/4.0 (compatible; MSIE 7.0; Windows NT 6.0)"
119.63.193.194 - - [17/Mar/2013:04:03:01 +0100] "GET / HTTP/1.1" 200 4185 "-" "Mozilla/4.0 (compatible; MSIE 7.0; Windows NT 6.0)"
66.249.78.121 - - [17/Mar/2013:09:02:13 +0100] "GET /robots.txt HTTP/1.1" 200 171 "-" "Mozilla/5.0 (compatible; Googlebot/2.1; +http://www.google.com/bot.html)"
66.249.78.121 - - [17/Mar/2013:09:02:13 +0100] "GET / HTTP/1.1" 200 4185 "-" "Mozilla/5.0 (compatible; Googlebot/2.1; +http://www.google.com/bot.html)"
202.46.54.48 - - [17/Mar/2013:10:05:30 +0100] "GET / HTTP/1.1" 200 4185 "-" "Mozilla/4.0 (compatible; MSIE 7.0; Windows NT 6.0)"
119.63.193.132 - - [17/Mar/2013:10:06:27 +0100] "GET / HTTP/1.1" 200 4185 "-" "Mozilla/4.0 (compatible; MSIE 7.0; Windows NT 6.0)"
141.8.147.12 - - [17/Mar/2013:11:14:29 +0100] "GET /robots.txt HTTP/1.1" 200 171 "-" "Mozilla/5.0 (compatible; YandexBot/3.0; +http://yandex.com/bots)"
91.207.9.226 - - [17/Mar/2013:12:27:55 +0100] "GET / HTTP/1.1" 200 4185 "http://android-xxl.com/" "Mozilla/4.0 (compatible; MSIE 6.0; Windows NT 5.2; WOW64; SV1; .NET CLR 2.0.50727)"
91.207.9.226 - - [17/Mar/2013:12:27:55 +0100] "GET / HTTP/1.1" 200 4185 "http://android-xxl.com/" "Mozilla/4.0 (compatible; MSIE 6.0; Windows NT 5.2; WOW64; SV1; .NET CLR 2.0.50727)"
91.207.9.226 - - [17/Mar/2013:12:27:56 +0100] "GET / HTTP/1.1" 200 4185 "http://android-xxl.com/" "Mozilla/4.0 (compatible; MSIE 6.0; Windows NT 5.2; WOW64; SV1; .NET CLR 2.0.50727)"
91.207.4.186 - - [17/Mar/2013:14:29:30 +0100] "GET / HTTP/1.1" 200 4185 "http://top-diets.ru/" "Mozilla/5.0 (Windows NT 5.1; U; en) Opera 8.00"
91.207.4.186 - - [17/Mar/2013:14:29:31 +0100] "GET / HTTP/1.1" 200 4185 "http://top-diets.ru/" "Mozilla/5.0 (Windows NT 5.1; U; en) Opera 8.00"
91.207.4.186 - - [17/Mar/2013:14:29:31 +0100] "GET / HTTP/1.1" 200 4185 "http://top-diets.ru/" "Mozilla/5.0 (Windows NT 5.1; U; en) Opera 8.00"
157.55.32.114 - - [17/Mar/2013:15:29:51 +0100] "GET /robots.txt HTTP/1.1" 200 171 "-" "Mozilla/5.0 (compatible; bingbot/2.0; +http://www.bing.com/bingbot.htm)"
157.55.32.114 - - [17/Mar/2013:15:31:46 +0100] "GET /home.htm HTTP/1.1" 200 1194 "-" "Mozilla/5.0 (compatible; bingbot/2.0; +http://www.bing.com/bingbot.htm)"
157.56.92.155 - - [17/Mar/2013:15:36:17 +0100] "GET / HTTP/1.1" 200 4185 "-" "Mozilla/5.0 (compatible; bingbot/2.0; +http://www.bing.com/bingbot.htm)"
202.46.55.24 - - [17/Mar/2013:16:01:50 +0100] "GET / HTTP/1.1" 200 4185 "-" "Mozilla/4.0 (compatible; MSIE 7.0; Windows NT 6.0)"
119.63.193.196 - - [17/Mar/2013:16:02:41 +0100] "GET / HTTP/1.1" 200 4185 "-" "Mozilla/4.0 (compatible; MSIE 7.0; Windows NT 6.0)"
46.119.122.97 - - [17/Mar/2013:18:29:44 +0100] "GET / HTTP/1.1" 200 4185 "http://mylandsgame.info/" "Mozilla/4.0 (compatible; MSIE 6.0; Windows NT 5.1)"
46.119.122.97 - - [17/Mar/2013:18:29:45 +0100] "GET / HTTP/1.1" 200 4185 "http://mylandsgame.info/" "Mozilla/4.0 (compatible; MSIE 6.0; Windows NT 5.1)"
46.119.122.97 - - [17/Mar/2013:18:29:45 +0100] "GET / HTTP/1.1" 200 4185 "http://mylandsgame.info/" "Mozilla/4.0 (compatible; MSIE 6.0; Windows NT 5.1)"
141.8.147.12 - - [17/Mar/2013:18:54:12 +0100] "GET / HTTP/1.1" 200 4185 "-" "Mozilla/5.0 (compatible; YandexBot/3.0; +http://yandex.com/bots)"
141.8.147.12 - - [17/Mar/2013:18:54:30 +0100] "GET /leer.htm HTTP/1.1" 200 172 "-" "Mozilla/5.0 (compatible; YandexBot/3.0; +http://yandex.com/bots)"
141.8.147.12 - - [17/Mar/2013:18:54:32 +0100] "GET /header.htm HTTP/1.1" 200 795 "-" "Mozilla/5.0 (compatible; YandexBot/3.0; +http://yandex.com/bots)"
91.207.9.226 - - [17/Mar/2013:21:49:19 +0100] "GET / HTTP/1.1" 200 4185 "http://master-muznachas.ru/" "Mozilla/4.0 (compatible; MSIE 4.01; Digital AlphaServer 1000A 4/233; Windows NT; Powered By 64-Bit Alpha Processor)"
91.207.9.226 - - [17/Mar/2013:21:49:20 +0100] "GET / HTTP/1.1" 200 4185 "http://master-muznachas.ru/" "Mozilla/4.0 (compatible; MSIE 4.01; Digital AlphaServer 1000A 4/233; Windows NT; Powered By 64-Bit Alpha Processor)"
91.207.9.226 - - [17/Mar/2013:21:49:20 +0100] "GET / HTTP/1.1" 200 4185 "http://master-muznachas.ru/" "Mozilla/4.0 (compatible; MSIE 4.01; Digital AlphaServer 1000A 4/233; Windows NT; Powered By 64-Bit Alpha Processor)"
91.207.4.186 - - [17/Mar/2013:22:04:14 +0100] "GET / HTTP/1.1" 200 4185 "http://5forex.ru/" "Mozilla/5.0 (Windows NT 5.1; U; en) Opera 8.00"
91.207.4.186 - - [17/Mar/2013:22:04:14 +0100] "GET / HTTP/1.1" 200 4185 "http://5forex.ru/" "Mozilla/5.0 (Windows NT 5.1; U; en) Opera 8.00"
91.207.4.186 - - [17/Mar/2013:22:04:15 +0100] "GET / HTTP/1.1" 200 4185 "http://5forex.ru/" "Mozilla/5.0 (Windows NT 5.1; U; en) Opera 8.00"
202.46.50.16 - - [17/Mar/2013:22:04:53 +0100] "GET / HTTP/1.1" 200 4185 "-" "Mozilla/4.0 (compatible; MSIE 7.0; Windows NT 6.0)"
119.63.193.130 - - [17/Mar/2013:22:05:52 +0100] "GET / HTTP/1.1" 200 4185 "-" "Mozilla/4.0 (compatible; MSIE 7.0; Windows NT 6.0)"
193.106.136.56 - - [18/Mar/2013:02:29:03 +0100] "GET / HTTP/1.1" 200 4185 "http://www.mydoctor-ufa.ru/" "Mozilla/5.0 (Windows NT 5.1; U; en) Opera 8.00"
193.106.136.56 - - [18/Mar/2013:02:29:03 +0100] "GET / HTTP/1.1" 200 4185 "http://www.mydoctor-ufa.ru/" "Mozilla/5.0 (Windows NT 5.1; U; en) Opera 8.00"
91.207.4.186 - - [18/Mar/2013:03:48:14 +0100] "GET / HTTP/1.1" 200 4185 "http://www.uasexphone.com/" "Mozilla/5.0 (Windows NT 5.1; U; en) Opera 8.00"
91.207.4.186 - - [18/Mar/2013:03:48:14 +0100] "GET / HTTP/1.1" 200 4185 "http://www.uasexphone.com/" "Mozilla/5.0 (Windows NT 5.1; U; en) Opera 8.00"
91.207.4.186 - - [18/Mar/2013:03:48:15 +0100] "GET / HTTP/1.1" 200 4185 "http://www.uasexphone.com/" "Mozilla/5.0 (Windows NT 5.1; U; en) Opera 8.00"
193.106.136.56 - - [18/Mar/2013:03:53:28 +0100] "GET / HTTP/1.1" 200 4185 "http://adtimes.ru/" "Opera/7.60 (Windows NT 5.2; U) [en] (IBM EVV/3.0/EAK01AG9/LE)"
193.106.136.56 - - [18/Mar/2013:03:53:28 +0100] "GET / HTTP/1.1" 200 4185 "http://adtimes.ru/" "Opera/7.60 (Windows NT 5.2; U) [en] (IBM EVV/3.0/EAK01AG9/LE)"
92.249.127.111 - - [18/Mar/2013:09:19:38 +0100] "GET / HTTP/1.1" 200 4185 "http://www.chipmarket.kz/" "Mozilla/5.0 (compatible; news bot /2.1)"
92.249.127.111 - - [18/Mar/2013:09:19:39 +0100] "GET / HTTP/1.1" 200 4185 "http://www.chipmarket.kz/" "Mozilla/5.0 (compatible; news bot /2.1)"
92.249.127.111 - - [18/Mar/2013:09:19:39 +0100] "GET / HTTP/1.1" 200 4185 "http://www.chipmarket.kz/" "Mozilla/5.0 (compatible; news bot /2.1)"
91.207.6.34 - - [18/Mar/2013:10:01:44 +0100] "GET / HTTP/1.1" 200 4185 "http://www.prostitutki-kharkova.org/" "Opera/9.00 (Windows NT 4.0; U; en)"
91.207.6.34 - - [18/Mar/2013:10:01:44 +0100] "GET / HTTP/1.1" 200 4185 "http://www.prostitutki-kharkova.org/" "Opera/9.00 (Windows NT 4.0; U; en)"
91.207.6.34 - - [18/Mar/2013:10:01:45 +0100] "GET / HTTP/1.1" 200 4185 "http://www.prostitutki-kharkova.org/" "Opera/9.00 (Windows NT 4.0; U; en)"
202.46.52.32 - - [18/Mar/2013:10:04:01 +0100] "GET / HTTP/1.1" 200 4185 "-" "Mozilla/4.0 (compatible; MSIE 7.0; Windows NT 6.0)"
119.63.193.195 - - [18/Mar/2013:10:04:56 +0100] "GET / HTTP/1.1" 200 4185 "-" "Mozilla/4.0 (compatible; MSIE 7.0; Windows NT 6.0)"
217.225.179.3 - - [18/Mar/2013:11:25:47 +0100] "GET / HTTP/1.1" 200 4185 "http://www.bigfinder.de/online-11.html" "Mozilla/5.0 (Macintosh; U; Intel Mac OS X 10.6; de-DE; rv:1.9.2.8) Gecko/20100722 Firefox/3.6.8"
91.207.4.186 - - [18/Mar/2013:12:33:07 +0100] "GET / HTTP/1.1" 200 4185 "http://saascenter.ru/" "Mozilla/5.0 (Windows NT 5.1; U; en) Opera 8.00"
91.207.4.186 - - [18/Mar/2013:12:33:08 +0100] "GET / HTTP/1.1" 200 4185 "http://saascenter.ru/" "Mozilla/5.0 (Windows NT 5.1; U; en) Opera 8.00"
91.207.4.186 - - [18/Mar/2013:12:33:08 +0100] "GET / HTTP/1.1" 200 4185 "http://saascenter.ru/" "Mozilla/5.0 (Windows NT 5.1; U; en) Opera 8.00"
80.149.137.242 - - [18/Mar/2013:13:43:00 +0100] "GET / HTTP/1.1" 200 4185 "http://www.google.de/url?sa=t&rct=j&q=dialyse%20sch%C3%B6nebeck&source=web&cd=1&ved=0CDMQFjAA&url=http%3A%2F%2Fwww.dialyse-schoenebeck.de%2F&ei=ZQtHUdquJqSA4gTrxoGQCg&usg=AFQjCNFqqiy5BnFbbbTXBriUiqZc0qhF6g&bvm=bv.43828540,d.bGE" "Mozilla/4.0 (compatible; MSIE 8.0; Windows NT 5.1; Trident/4.0; COMPUTER=KLXPW430; USER=zeltn001; COMPUTER=KLXPW679; COMPUTER=KLXPW357; .NET CLR 2.0.50727; .NET CLR 3.0.4506.2152; .NET CLR 3.5.30729; .NET CLR 1.1.4322; .NET4.0C; .NET4.0E)"
80.149.137.242 - - [18/Mar/2013:13:43:01 +0100] "GET /leer.htm HTTP/1.1" 200 172 "http://www.dialyse-schoenebeck.de/" "Mozilla/4.0 (compatible; MSIE 8.0; Windows NT 5.1; Trident/4.0; COMPUTER=KLXPW430; USER=zeltn001; COMPUTER=KLXPW679; COMPUTER=KLXPW357; .NET CLR 2.0.50727; .NET CLR 3.0.4506.2152; .NET CLR 3.5.30729; .NET CLR 1.1.4322; .NET4.0C; .NET4.0E)"
