131.253.24.36 - - [20/Mar/2013:16:57:24 +0100] "GET /leer.htm HTTP/1.1" 200 172 "http://www.dialyse-schoenebeck.de/index.html" "Mozilla/4.0 (compatible; MSIE 7.0; Windows NT 5.1; SLCC1; .NET CLR 1.1.4322; .NET CLR 2.0.40607; .NET CLR 3.0.04506.648)"
131.253.24.36 - - [20/Mar/2013:16:57:25 +0100] "GET /leer.htm HTTP/1.1" 200 172 "http://www.dialyse-schoenebeck.de/index.html" "Mozilla/4.0 (compatible; MSIE 7.0; Windows NT 5.1; SLCC1; .NET CLR 1.1.4322; .NET CLR 2.0.40607; .NET CLR 3.0.04506.648)"
91.207.4.186 - - [20/Mar/2013:19:00:45 +0100] "GET / HTTP/1.1" 200 4185 "http://lineage2club.ru/" "Opera/7.54 (Windows NT 5.1; U) [pl]"
91.207.4.186 - - [20/Mar/2013:19:00:49 +0100] "GET / HTTP/1.1" 200 4185 "http://lineage2club.ru/" "Opera/7.54 (Windows NT 5.1; U) [pl]"
91.207.4.186 - - [20/Mar/2013:19:00:50 +0100] "GET / HTTP/1.1" 200 4185 "http://lineage2club.ru/" "Opera/7.54 (Windows NT 5.1; U) [pl]"
91.207.4.186 - - [20/Mar/2013:19:01:12 +0100] "GET / HTTP/1.1" 200 4185 "http://web-betting.ru/" "Opera/7.54 (Windows NT 5.1; U) [pl]"
91.207.4.186 - - [20/Mar/2013:19:01:13 +0100] "GET / HTTP/1.1" 200 4185 "http://web-betting.ru/" "Opera/7.54 (Windows NT 5.1; U) [pl]"
91.207.4.186 - - [20/Mar/2013:19:01:13 +0100] "GET / HTTP/1.1" 200 4185 "http://web-betting.ru/" "Opera/7.54 (Windows NT 5.1; U) [pl]"
5.9.6.231 - - [20/Mar/2013:21:49:25 +0100] "GET / HTTP/1.1" 200 4185 "-" "Mozilla/5.0 (Windows NT 6.1; rv:8.0) Gecko/20100101 Firefox/8.0"
5.9.6.231 - - [20/Mar/2013:21:49:26 +0100] "GET / HTTP/1.1" 200 4185 "-" "Mozilla/5.0 (iPhone; U; CPU iPhone OS 3_0 like Mac OS X; en-us) AppleWebKit/528.18 (KHTML, like Gecko) Version/4.0 Mobile/7A341 Safari/528.16"
5.9.6.231 - - [20/Mar/2013:21:49:26 +0100] "GET / HTTP/1.1" 200 4185 "-" "Mozilla/5.0 (Windows NT 6.1; rv:8.0) Gecko/20100101 Firefox/8.0"
217.225.190.137 - - [20/Mar/2013:21:51:55 +0100] "GET / HTTP/1.1" 200 4185 "http://www.domain-reputation.de/www.dialyse-schoenebeck.de" "Mozilla/5.0 (Windows; U; Windows NT 5.1; de; rv:1.9.0.12) Gecko/2009070611 Firefox/3.0.12 GTB7.1 (.NET CLR 3.5.30729)"
202.46.56.41 - - [20/Mar/2013:22:03:45 +0100] "GET / HTTP/1.1" 200 4185 "-" "Mozilla/4.0 (compatible; MSIE 7.0; Windows NT 6.0)"
119.63.193.130 - - [20/Mar/2013:22:04:41 +0100] "GET / HTTP/1.1" 200 4185 "-" "Mozilla/4.0 (compatible; MSIE 7.0; Windows NT 6.0)"
92.249.127.111 - - [20/Mar/2013:22:18:03 +0100] "GET / HTTP/1.1" 200 4185 "http://www.chipmarket.kz/" "Mozilla/5.0 (compatible; news bot /2.1)"
92.249.127.111 - - [20/Mar/2013:22:18:03 +0100] "GET / HTTP/1.1" 200 4185 "http://www.chipmarket.kz/" "Mozilla/5.0 (compatible; news bot /2.1)"
92.249.127.111 - - [20/Mar/2013:22:18:04 +0100] "GET / HTTP/1.1" 200 4185 "http://www.chipmarket.kz/" "Mozilla/5.0 (compatible; news bot /2.1)"
157.56.92.155 - - [20/Mar/2013:23:52:12 +0100] "GET /robots.txt HTTP/1.1" 200 171 "-" "Mozilla/5.0 (compatible; bingbot/2.0; +http://www.bing.com/bingbot.htm)"
157.56.92.155 - - [20/Mar/2013:23:53:57 +0100] "GET / HTTP/1.1" 200 4185 "-" "Mozilla/5.0 (compatible; bingbot/2.0; +http://www.bing.com/bingbot.htm)"
157.56.92.155 - - [20/Mar/2013:23:58:58 +0100] "GET / HTTP/1.1" 200 4185 "-" "Mozilla/5.0 (compatible; bingbot/2.0; +http://www.bing.com/bingbot.htm)"
46.119.122.97 - - [20/Mar/2013:23:59:58 +0100] "GET / HTTP/1.1" 200 4185 "http://mskinweb.ru/" "Mozilla/4.0 (compatible; MSIE 6.0; Windows NT 5.1)"
46.119.122.97 - - [20/Mar/2013:23:59:59 +0100] "GET / HTTP/1.1" 200 4185 "http://mskinweb.ru/" "Mozilla/4.0 (compatible; MSIE 6.0; Windows NT 5.1)"
46.119.122.97 - - [20/Mar/2013:23:59:59 +0100] "GET / HTTP/1.1" 200 4185 "http://mskinweb.ru/" "Mozilla/4.0 (compatible; MSIE 6.0; Windows NT 5.1)"
91.207.6.34 - - [21/Mar/2013:00:57:25 +0100] "GET / HTTP/1.1" 200 4185 "http://www.prostitutki-odessa.org/" "Opera/9.0 (Windows NT 5.1; U; en)"
91.207.6.34 - - [21/Mar/2013:00:57:26 +0100] "GET / HTTP/1.1" 200 4185 "http://www.prostitutki-odessa.org/" "Opera/9.0 (Windows NT 5.1; U; en)"
91.207.6.34 - - [21/Mar/2013:00:57:26 +0100] "GET / HTTP/1.1" 200 4185 "http://www.prostitutki-odessa.org/" "Opera/9.0 (Windows NT 5.1; U; en)"
46.119.122.97 - - [21/Mar/2013:02:48:36 +0100] "GET / HTTP/1.1" 200 4185 "http://forexjobs.biz/" "Mozilla/4.0 (compatible; MSIE 6.0; Windows NT 5.1; SV1; .NET CLR 1.1.4322; .NET CLR 2.0.50727)"
46.119.122.97 - - [21/Mar/2013:02:48:36 +0100] "GET / HTTP/1.1" 200 4185 "http://3gp-xxx.net/" "Mozilla/4.0 (compatible; MSIE 6.0; Windows NT 5.1; SV1; .NET CLR 1.1.4322; .NET CLR 2.0.50727)"
46.119.122.97 - - [21/Mar/2013:02:48:36 +0100] "GET / HTTP/1.1" 200 4185 "http://forexjobs.biz/" "Mozilla/4.0 (compatible; MSIE 6.0; Windows NT 5.1; SV1; .NET CLR 1.1.4322; .NET CLR 2.0.50727)"
46.119.122.97 - - [21/Mar/2013:02:48:37 +0100] "GET / HTTP/1.1" 200 4185 "http://forexjobs.biz/" "Mozilla/4.0 (compatible; MSIE 6.0; Windows NT 5.1; SV1; .NET CLR 1.1.4322; .NET CLR 2.0.50727)"
46.119.122.97 - - [21/Mar/2013:02:48:39 +0100] "GET / HTTP/1.1" 200 4185 "http://3gp-xxx.net/" "Mozilla/4.0 (compatible; MSIE 6.0; Windows NT 5.1; SV1; .NET CLR 1.1.4322; .NET CLR 2.0.50727)"
46.119.122.97 - - [21/Mar/2013:02:48:40 +0100] "GET / HTTP/1.1" 200 4185 "http://3gp-xxx.net/" "Mozilla/4.0 (compatible; MSIE 6.0; Windows NT 5.1; SV1; .NET CLR 1.1.4322; .NET CLR 2.0.50727)"
91.207.9.226 - - [21/Mar/2013:03:07:07 +0100] "GET / HTTP/1.1" 200 4185 "http://android-calendar.ru/" "Opera/7.60 (Windows NT 5.2; U) [en] (IBM EVV/3.0/EAK01AG9/LE)"
91.207.9.226 - - [21/Mar/2013:03:07:08 +0100] "GET / HTTP/1.1" 200 4185 "http://android-calendar.ru/" "Opera/7.60 (Windows NT 5.2; U) [en] (IBM EVV/3.0/EAK01AG9/LE)"
91.207.9.226 - - [21/Mar/2013:03:07:08 +0100] "GET / HTTP/1.1" 200 4185 "http://android-calendar.ru/" "Opera/7.60 (Windows NT 5.2; U) [en] (IBM EVV/3.0/EAK01AG9/LE)"
66.249.76.88 - - [21/Mar/2013:03:55:48 +0100] "GET /robots.txt HTTP/1.1" 200 171 "-" "Mozilla/5.0 (compatible; Googlebot/2.1; +http://www.google.com/bot.html)"
66.249.76.88 - - [21/Mar/2013:03:55:49 +0100] "GET / HTTP/1.1" 200 4185 "-" "Mozilla/5.0 (compatible; Googlebot/2.1; +http://www.google.com/bot.html)"
202.46.62.32 - - [21/Mar/2013:04:01:41 +0100] "GET / HTTP/1.1" 200 4185 "-" "Mozilla/4.0 (compatible; MSIE 7.0; Windows NT 6.0)"
119.63.193.130 - - [21/Mar/2013:04:02:32 +0100] "GET / HTTP/1.1" 200 4185 "-" "Mozilla/4.0 (compatible; MSIE 7.0; Windows NT 6.0)"
94.153.64.159 - - [21/Mar/2013:04:05:10 +0100] "GET / HTTP/1.1" 200 4185 "http://mirskidok.ru/" "Mozilla/4.76 [en] (Windows NT 5.0; U)"
94.153.64.159 - - [21/Mar/2013:04:05:10 +0100] "GET / HTTP/1.1" 200 4185 "http://okleykaplenkoy.ru/" "Mozilla/3.0 (x86 [en] Windows NT 5.1; Sun)"
94.153.64.159 - - [21/Mar/2013:04:05:10 +0100] "GET / HTTP/1.1" 200 4185 "http://www.ydivis.ru/" "Mozilla/4.0 (compatible; MSIE 6.0; Windows NT 5.0; KTXN)"
94.153.64.159 - - [21/Mar/2013:04:05:11 +0100] "GET / HTTP/1.1" 200 4185 "http://mirskidok.ru/" "Mozilla/4.76 [en] (Windows NT 5.0; U)"
94.153.64.159 - - [21/Mar/2013:04:05:11 +0100] "GET / HTTP/1.1" 200 4185 "http://www.ydivis.ru/" "Mozilla/4.0 (compatible; MSIE 6.0; Windows NT 5.0; KTXN)"
94.153.64.159 - - [21/Mar/2013:04:05:11 +0100] "GET / HTTP/1.1" 200 4185 "http://okleykaplenkoy.ru/" "Mozilla/3.0 (x86 [en] Windows NT 5.1; Sun)"
65.55.215.103 - - [21/Mar/2013:04:29:35 +0100] "GET /robots.txt HTTP/1.1" 200 171 "-" "msnbot-media/1.1 (+http://search.msn.com/msnbot.htm)"
65.55.215.103 - - [21/Mar/2013:04:29:36 +0100] "GET /images/home.jpg HTTP/1.1" 200 17467 "-" "msnbot-media/1.1 (+http://search.msn.com/msnbot.htm)"
65.55.215.103 - - [21/Mar/2013:09:08:52 +0100] "GET /robots.txt HTTP/1.1" 200 171 "-" "msnbot-media/1.1 (+http://search.msn.com/msnbot.htm)"
65.55.215.103 - - [21/Mar/2013:09:08:52 +0100] "GET /images/home.jpg HTTP/1.1" 200 17467 "-" "msnbot-media/1.1 (+http://search.msn.com/msnbot.htm)"
91.207.4.186 - - [21/Mar/2013:09:15:16 +0100] "GET / HTTP/1.1" 200 4185 "http://call-sex.ru/" "Mozilla/4.0 (compatible; MSIE 6.0; Windows ME) Opera 7.11 [en]"
91.207.4.186 - - [21/Mar/2013:09:15:16 +0100] "GET / HTTP/1.1" 200 4185 "http://call-sex.ru/" "Mozilla/4.0 (compatible; MSIE 6.0; Windows ME) Opera 7.11 [en]"
91.207.4.186 - - [21/Mar/2013:09:15:20 +0100] "GET / HTTP/1.1" 200 4185 "http://call-sex.ru/" "Mozilla/4.0 (compatible; MSIE 6.0; Windows ME) Opera 7.11 [en]"
37.139.52.23 - - [21/Mar/2013:09:32:30 +0100] "GET / HTTP/1.1" 200 4185 "http://masecloud.net/news.php?readmore=8" "Mozilla/1.22 (compatible; MSIE 2.0; Windows 95)"
37.139.52.23 - - [21/Mar/2013:09:32:31 +0100] "GET / HTTP/1.1" 200 4185 "http://masecloud.net/news.php?readmore=8" "Mozilla/1.22 (compatible; MSIE 2.0; Windows 95)"
141.8.147.12 - - [21/Mar/2013:09:37:30 +0100] "GET /robots.txt HTTP/1.1" 200 171 "-" "Mozilla/5.0 (compatible; YandexBot/3.0; +http://yandex.com/bots)"
202.46.63.72 - - [21/Mar/2013:10:04:27 +0100] "GET / HTTP/1.1" 200 4185 "-" "Mozilla/4.0 (compatible; MSIE 7.0; Windows NT 6.0)"
119.63.193.132 - - [21/Mar/2013:10:05:23 +0100] "GET / HTTP/1.1" 200 4185 "-" "Mozilla/4.0 (compatible; MSIE 7.0; Windows NT 6.0)"
157.56.92.155 - - [21/Mar/2013:12:33:11 +0100] "GET /robots.txt HTTP/1.1" 200 171 "-" "Mozilla/5.0 (compatible; bingbot/2.0; +http://www.bing.com/bingbot.htm)"
157.56.92.155 - - [21/Mar/2013:12:35:03 +0100] "GET / HTTP/1.1" 200 4185 "-" "Mozilla/5.0 (compatible; bingbot/2.0; +http://www.bing.com/bingbot.htm)"
141.8.147.12 - - [21/Mar/2013:13:16:01 +0100] "GET /home.htm HTTP/1.1" 200 1194 "-" "Mozilla/5.0 (compatible; YandexBot/3.0; +http://yandex.com/bots)"
91.207.6.34 - - [21/Mar/2013:14:17:30 +0100] "GET / HTTP/1.1" 200 4185 "http://www.prostitutki-izhevska.org/" "Opera/9.00 (Windows NT 5.1; U; en)"
91.207.6.34 - - [21/Mar/2013:14:17:31 +0100] "GET / HTTP/1.1" 200 4185 "http://www.prostitutki-izhevska.org/" "Opera/9.00 (Windows NT 5.1; U; en)"
91.207.6.34 - - [21/Mar/2013:14:17:31 +0100] "GET / HTTP/1.1" 200 4185 "http://www.prostitutki-izhevska.org/" "Opera/9.00 (Windows NT 5.1; U; en)"
202.46.61.22 - - [21/Mar/2013:16:02:19 +0100] "GET / HTTP/1.1" 200 4185 "-" "Mozilla/4.0 (compatible; MSIE 7.0; Windows NT 6.0)"
119.63.193.194 - - [21/Mar/2013:16:03:12 +0100] "GET / HTTP/1.1" 200 4185 "-" "Mozilla/4.0 (compatible; MSIE 7.0; Windows NT 6.0)"
193.106.136.60 - - [21/Mar/2013:18:17:34 +0100] "GET / HTTP/1.1" 200 4185 "http://www.odeialo.ru/" "Mozilla/5.0 (Windows NT 5.1; U; en) Opera 8.00"
193.106.136.60 - - [21/Mar/2013:18:17:35 +0100] "GET / HTTP/1.1" 200 4185 "http://www.odeialo.ru/" "Mozilla/5.0 (Windows NT 5.1; U; en) Opera 8.00"
157.56.92.155 - - [21/Mar/2013:20:19:17 +0100] "GET /robots.txt HTTP/1.1" 200 171 "-" "Mozilla/5.0 (compatible; bingbot/2.0; +http://www.bing.com/bingbot.htm)"
157.56.92.155 - - [21/Mar/2013:20:20:38 +0100] "GET / HTTP/1.1" 200 4185 "-" "Mozilla/5.0 (compatible; bingbot/2.0; +http://www.bing.com/bingbot.htm)"
157.55.32.111 - - [21/Mar/2013:20:31:09 +0100] "GET /home.htm HTTP/1.1" 200 1194 "-" "Mozilla/5.0 (compatible; bingbot/2.0; +http://www.bing.com/bingbot.htm)"
65.55.215.103 - - [21/Mar/2013:21:10:02 +0100] "GET /robots.txt HTTP/1.1" 200 171 "-" "msnbot-media/1.1 (+http://search.msn.com/msnbot.htm)"
65.55.215.103 - - [21/Mar/2013:21:10:02 +0100] "GET /images/home.jpg HTTP/1.1" 200 17467 "-" "msnbot-media/1.1 (+http://search.msn.com/msnbot.htm)"
157.55.33.22 - - [21/Mar/2013:21:22:08 +0100] "GET /robots.txt HTTP/1.1" 200 171 "-" "Mozilla/5.0 (compatible; bingbot/2.0; +http://www.bing.com/bingbot.htm)"
157.55.33.22 - - [21/Mar/2013:21:24:39 +0100] "GET /header.htm HTTP/1.1" 200 795 "-" "Mozilla/5.0 (compatible; bingbot/2.0; +http://www.bing.com/bingbot.htm)"
141.8.147.12 - - [21/Mar/2013:22:00:41 +0100] "GET /robots.txt HTTP/1.1" 200 171 "-" "Mozilla/5.0 (compatible; YandexBot/3.0; +http://yandex.com/bots)"
202.46.54.40 - - [21/Mar/2013:22:04:34 +0100] "GET / HTTP/1.1" 200 4185 "-" "Mozilla/4.0 (compatible; MSIE 7.0; Windows NT 6.0)"
119.63.193.130 - - [21/Mar/2013:22:05:33 +0100] "GET / HTTP/1.1" 200 4185 "-" "Mozilla/4.0 (compatible; MSIE 7.0; Windows NT 6.0)"
5.9.6.231 - - [21/Mar/2013:23:48:28 +0100] "GET / HTTP/1.1" 200 4185 "-" "Mozilla/5.0 (Windows NT 6.1; rv:8.0) Gecko/20100101 Firefox/8.0"
5.9.6.231 - - [21/Mar/2013:23:48:29 +0100] "GET / HTTP/1.1" 200 4185 "-" "Mozilla/5.0 (iPhone; U; CPU iPhone OS 3_0 like Mac OS X; en-us) AppleWebKit/528.18 (KHTML, like Gecko) Version/4.0 Mobile/7A341 Safari/528.16"
5.9.6.231 - - [21/Mar/2013:23:48:29 +0100] "GET / HTTP/1.1" 200 4185 "-" "Mozilla/5.0 (Windows NT 6.1; rv:8.0) Gecko/20100101 Firefox/8.0"
202.46.51.40 - - [22/Mar/2013:00:09:04 +0100] "GET / HTTP/1.1" 200 4185 "-" "Mozilla/4.0 (compatible; MSIE 7.0; Windows NT 6.0)"
119.63.193.194 - - [22/Mar/2013:00:10:10 +0100] "GET / HTTP/1.1" 200 4185 "-" "Mozilla/4.0 (compatible; MSIE 7.0; Windows NT 6.0)"
157.56.92.155 - - [22/Mar/2013:00:26:26 +0100] "GET /robots.txt HTTP/1.1" 200 171 "-" "Mozilla/5.0 (compatible; bingbot/2.0; +http://www.bing.com/bingbot.htm)"
157.56.92.155 - - [22/Mar/2013:00:28:13 +0100] "GET / HTTP/1.1" 200 4185 "-" "Mozilla/5.0 (compatible; bingbot/2.0; +http://www.bing.com/bingbot.htm)"
157.56.92.155 - - [22/Mar/2013:00:28:13 +0100] "GET / HTTP/1.1" 200 4185 "-" "Mozilla/5.0 (compatible; bingbot/2.0; +http://www.bing.com/bingbot.htm)"
141.8.147.12 - - [22/Mar/2013:02:11:52 +0100] "GET / HTTP/1.1" 200 4185 "-" "Mozilla/5.0 (compatible; YandexBot/3.0; +http://yandex.com/bots)"
141.8.147.12 - - [22/Mar/2013:02:13:27 +0100] "GET /header.htm HTTP/1.1" 200 795 "-" "Mozilla/5.0 (compatible; YandexBot/3.0; +http://yandex.com/bots)"
141.8.147.12 - - [22/Mar/2013:02:13:29 +0100] "GET /leer.htm HTTP/1.1" 200 172 "-" "Mozilla/5.0 (compatible; YandexBot/3.0; +http://yandex.com/bots)"
91.207.6.34 - - [22/Mar/2013:02:50:05 +0100] "GET / HTTP/1.1" 200 4185 "http://www.vse-prostitutki.org/" "Opera/9.00 (Windows NT 4.0; U; en)"
91.207.6.34 - - [22/Mar/2013:02:50:05 +0100] "GET / HTTP/1.1" 200 4185 "http://www.vse-prostitutki.org/" "Opera/9.00 (Windows NT 4.0; U; en)"
91.207.6.34 - - [22/Mar/2013:02:50:06 +0100] "GET / HTTP/1.1" 200 4185 "http://www.vse-prostitutki.org/" "Opera/9.00 (Windows NT 4.0; U; en)"
202.46.48.12 - - [22/Mar/2013:04:02:08 +0100] "GET / HTTP/1.1" 200 4185 "-" "Mozilla/4.0 (compatible; MSIE 7.0; Windows NT 6.0)"
119.63.193.194 - - [22/Mar/2013:04:02:59 +0100] "GET / HTTP/1.1" 200 4185 "-" "Mozilla/4.0 (compatible; MSIE 7.0; Windows NT 6.0)"
141.8.147.12 - - [22/Mar/2013:08:51:23 +0100] "GET /leer.htm HTTP/1.1" 200 172 "-" "Mozilla/5.0 (compatible; YandexBot/3.0; +http://yandex.com/bots)"
141.8.147.12 - - [22/Mar/2013:08:51:25 +0100] "GET /header.htm HTTP/1.1" 200 795 "-" "Mozilla/5.0 (compatible; YandexBot/3.0; +http://yandex.com/bots)"
202.46.61.34 - - [22/Mar/2013:10:04:37 +0100] "GET / HTTP/1.1" 200 4185 "-" "Mozilla/4.0 (compatible; MSIE 7.0; Windows NT 6.0)"
119.63.193.130 - - [22/Mar/2013:10:05:35 +0100] "GET / HTTP/1.1" 200 4185 "-" "Mozilla/4.0 (compatible; MSIE 7.0; Windows NT 6.0)"
91.207.6.34 - - [22/Mar/2013:14:59:08 +0100] "GET / HTTP/1.1" 200 4185 "http://www.prostitutki-omska.org/" "Opera/9.00 (Windows NT 4.0; U; en)"
91.207.6.34 - - [22/Mar/2013:14:59:09 +0100] "GET / HTTP/1.1" 200 4185 "http://www.prostitutki-omska.org/" "Opera/9.00 (Windows NT 4.0; U; en)"
91.207.6.34 - - [22/Mar/2013:14:59:09 +0100] "GET / HTTP/1.1" 200 4185 "http://www.prostitutki-omska.org/" "Opera/9.00 (Windows NT 4.0; U; en)"
95.31.44.170 - - [22/Mar/2013:15:16:09 +0100] "GET /robots.txt HTTP/1.1" 200 171 "-" "Mozilla/5.0 (compatible; 008/0.83; http://www.80legs.com/webcrawler.html;) Gecko/2008032620"
95.31.44.170 - - [22/Mar/2013:15:16:09 +0100] "GET / HTTP/1.1" 200 4185 "-" "Mozilla/5.0 (compatible; 008/0.85; http://www.80legs.com/webcrawler.html) Gecko/2008032620"
188.134.34.110 - - [22/Mar/2013:15:17:15 +0100] "GET /robots.txt HTTP/1.1" 200 171 "-" "Mozilla/5.0 (compatible; 008/0.83; http://www.80legs.com/webcrawler.html;) Gecko/2008032620"
188.134.34.110 - - [22/Mar/2013:15:17:15 +0100] "GET / HTTP/1.1" 200 4185 "-" "Mozilla/5.0 (compatible; 008/0.85; http://www.80legs.com/webcrawler.html) Gecko/2008032620"
178.216.184.67 - - [22/Mar/2013:15:22:59 +0100] "GET /robots.txt HTTP/1.0" 200 171 "-" "Mozilla/5.0 (compatible; 008/0.83; http://www.80legs.com/webcrawler.html;) Gecko/2008032620"
178.216.184.67 - - [22/Mar/2013:15:22:59 +0100] "GET / HTTP/1.0" 200 4185 "-" "Mozilla/5.0 (compatible; 008/0.85; http://www.80legs.com/webcrawler.html) Gecko/2008032620"
66.249.73.115 - - [22/Mar/2013:15:29:35 +0100] "GET /robots.txt HTTP/1.1" 200 171 "-" "Mozilla/5.0 (compatible; Googlebot/2.1; +http://www.google.com/bot.html)"
66.249.73.115 - - [22/Mar/2013:15:29:35 +0100] "GET / HTTP/1.1" 200 4185 "-" "Mozilla/5.0 (iPhone; U; CPU iPhone OS 4_1 like Mac OS X; en-us) AppleWebKit/532.9 (KHTML, like Gecko) Version/4.0.5 Mobile/8B117 Safari/6531.22.7 (compatible; Googlebot-Mobile/2.1; +http://www.google.com/bot.html)"
202.46.50.12 - - [22/Mar/2013:16:01:24 +0100] "GET / HTTP/1.1" 200 4185 "-" "Mozilla/4.0 (compatible; MSIE 7.0; Windows NT 6.0)"
119.63.193.194 - - [22/Mar/2013:16:02:13 +0100] "GET / HTTP/1.1" 200 4185 "-" "Mozilla/4.0 (compatible; MSIE 7.0; Windows NT 6.0)"
91.207.9.226 - - [22/Mar/2013:16:06:10 +0100] "GET / HTTP/1.1" 200 4185 "http://remont-ustanovka-tehniki.ru/" "Mozilla/4.0 (compatible; MSIE 6.0; Windows NT 5.1; en) Opera 8.00"
91.207.9.226 - - [22/Mar/2013:16:06:10 +0100] "GET / HTTP/1.1" 200 4185 "http://remont-ustanovka-tehniki.ru/" "Mozilla/4.0 (compatible; MSIE 6.0; Windows NT 5.1; en) Opera 8.00"
91.207.9.226 - - [22/Mar/2013:16:06:11 +0100] "GET / HTTP/1.1" 200 4185 "http://remont-ustanovka-tehniki.ru/" "Mozilla/4.0 (compatible; MSIE 6.0; Windows NT 5.1; en) Opera 8.00"
64.125.222.16 - - [22/Mar/2013:17:57:02 +0100] "GET /robots.txt HTTP/1.1" 200 171 "-" "Mozilla/5.0 (compatible; 008/0.83; http://www.80legs.com/webcrawler.html;) Gecko/2008032620"
94.140.228.114 - - [22/Mar/2013:18:20:01 +0100] "GET /praxis.htm HTTP/1.1" 200 2232 "-" "Mozilla/5.0 (compatible; 008/0.85; http://www.80legs.com/webcrawler.html) Gecko/2008032620"
93.92.200.247 - - [22/Mar/2013:18:20:55 +0100] "GET /home.htm HTTP/1.1" 200 1194 "-" "Mozilla/5.0 (compatible; 008/0.85; http://www.80legs.com/webcrawler.html) Gecko/2008032620"
87.224.161.168 - - [22/Mar/2013:18:20:55 +0100] "GET /leistungen.htm HTTP/1.1" 200 1228 "-" "Mozilla/5.0 (compatible; 008/0.85; http://www.80legs.com/webcrawler.html) Gecko/2008032620"
95.24.197.181 - - [22/Mar/2013:18:22:01 +0100] "GET /leer.htm HTTP/1.1" 200 172 "-" "Mozilla/5.0 (compatible; 008/0.85; http://www.80legs.com/webcrawler.html) Gecko/2008032620"
91.207.9.226 - - [22/Mar/2013:18:51:32 +0100] "GET / HTTP/1.1" 200 4185 "http://runetkicom.ru/" "Mozilla/5.0 (Windows NT 5.1; U; en) Opera 8.00"
91.207.9.226 - - [22/Mar/2013:18:51:32 +0100] "GET / HTTP/1.1" 200 4185 "http://runetkicom.ru/" "Mozilla/5.0 (Windows NT 5.1; U; en) Opera 8.00"
91.207.9.226 - - [22/Mar/2013:18:51:33 +0100] "GET / HTTP/1.1" 200 4185 "http://runetkicom.ru/" "Mozilla/5.0 (Windows NT 5.1; U; en) Opera 8.00"
195.88.112.250 - - [22/Mar/2013:19:07:38 +0100] "GET /index.html HTTP/1.1" 200 4185 "-" "Mozilla/5.0 (compatible; 008/0.85; http://www.80legs.com/webcrawler.html) Gecko/2008032620"
178.61.86.171 - - [22/Mar/2013:19:22:47 +0100] "GET /robots.txt HTTP/1.1" 200 171 "-" "Mozilla/5.0 (compatible; 008/0.83; http://www.80legs.com/webcrawler.html;) Gecko/2008032620"
178.61.86.171 - - [22/Mar/2013:19:22:48 +0100] "GET /praxis2.htm HTTP/1.1" 200 4257 "-" "Mozilla/5.0 (compatible; 008/0.85; http://www.80legs.com/webcrawler.html) Gecko/2008032620"
194.8.156.83 - - [22/Mar/2013:19:24:03 +0100] "GET /robots.txt HTTP/1.1" 200 171 "-" "Mozilla/5.0 (compatible; 008/0.83; http://www.80legs.com/webcrawler.html;) Gecko/2008032620"
194.8.156.83 - - [22/Mar/2013:19:24:04 +0100] "GET /praxis2.htm HTTP/1.1" 200 4257 "-" "Mozilla/5.0 (compatible; 008/0.85; http://www.80legs.com/webcrawler.html) Gecko/2008032620"
109.205.248.246 - - [22/Mar/2013:19:27:15 +0100] "GET /robots.txt HTTP/1.1" 200 171 "-" "Mozilla/5.0 (compatible; 008/0.83; http://www.80legs.com/webcrawler.html;) Gecko/2008032620"
109.205.248.246 - - [22/Mar/2013:19:27:15 +0100] "GET /praxis2.htm HTTP/1.1" 200 4257 "-" "Mozilla/5.0 (compatible; 008/0.85; http://www.80legs.com/webcrawler.html) Gecko/2008032620"
188.134.37.100 - - [22/Mar/2013:19:27:25 +0100] "GET /robots.txt HTTP/1.1" 200 171 "-" "Mozilla/5.0 (compatible; 008/0.83; http://www.80legs.com/webcrawler.html;) Gecko/2008032620"
188.134.37.100 - - [22/Mar/2013:19:27:25 +0100] "GET /praxis2.htm HTTP/1.1" 200 4257 "-" "Mozilla/5.0 (compatible; 008/0.85; http://www.80legs.com/webcrawler.html) Gecko/2008032620"
188.244.44.146 - - [22/Mar/2013:19:27:30 +0100] "GET /robots.txt HTTP/1.1" 200 171 "-" "Mozilla/5.0 (compatible; 008/0.83; http://www.80legs.com/webcrawler.html;) Gecko/2008032620"
188.244.44.146 - - [22/Mar/2013:19:27:30 +0100] "GET /praxis2.htm HTTP/1.1" 200 4257 "-" "Mozilla/5.0 (compatible; 008/0.85; http://www.80legs.com/webcrawler.html) Gecko/2008032620"
178.125.161.74 - - [22/Mar/2013:19:27:31 +0100] "GET /robots.txt HTTP/1.1" 200 171 "-" "Mozilla/5.0 (compatible; 008/0.83; http://www.80legs.com/webcrawler.html;) Gecko/2008032620"
178.125.161.74 - - [22/Mar/2013:19:27:32 +0100] "GET /praxis2.htm HTTP/1.1" 200 4257 "-" "Mozilla/5.0 (compatible; 008/0.85; http://www.80legs.com/webcrawler.html) Gecko/2008032620"
176.96.74.77 - - [22/Mar/2013:19:27:33 +0100] "GET /robots.txt HTTP/1.1" 200 171 "-" "Mozilla/5.0 (compatible; 008/0.83; http://www.80legs.com/webcrawler.html;) Gecko/2008032620"
176.96.74.77 - - [22/Mar/2013:19:27:33 +0100] "GET /praxis2.htm HTTP/1.1" 200 4257 "-" "Mozilla/5.0 (compatible; 008/0.85; http://www.80legs.com/webcrawler.html) Gecko/2008032620"
94.180.156.62 - - [22/Mar/2013:19:27:42 +0100] "GET /robots.txt HTTP/1.1" 200 171 "-" "Mozilla/5.0 (compatible; 008/0.83; http://www.80legs.com/webcrawler.html;) Gecko/2008032620"
94.180.156.62 - - [22/Mar/2013:19:27:42 +0100] "GET /praxis2.htm HTTP/1.1" 200 4257 "-" "Mozilla/5.0 (compatible; 008/0.85; http://www.80legs.com/webcrawler.html) Gecko/2008032620"
95.55.31.236 - - [22/Mar/2013:19:27:46 +0100] "GET /robots.txt HTTP/1.1" 200 171 "-" "Mozilla/5.0 (compatible; 008/0.83; http://www.80legs.com/webcrawler.html;) Gecko/2008032620"
95.55.31.236 - - [22/Mar/2013:19:27:46 +0100] "GET /praxis2.htm HTTP/1.1" 200 4257 "-" "Mozilla/5.0 (compatible; 008/0.85; http://www.80legs.com/webcrawler.html) Gecko/2008032620"
217.118.78.83 - - [22/Mar/2013:19:27:46 +0100] "GET /robots.txt HTTP/1.1" 200 171 "-" "Mozilla/5.0 (compatible; 008/0.83; http://www.80legs.com/webcrawler.html;) Gecko/2008032620"
217.118.78.83 - - [22/Mar/2013:19:27:47 +0100] "GET /praxis2.htm HTTP/1.1" 200 4257 "-" "Mozilla/5.0 (compatible; 008/0.85; http://www.80legs.com/webcrawler.html) Gecko/2008032620"
89.189.170.83 - - [22/Mar/2013:19:27:50 +0100] "GET /robots.txt HTTP/1.1" 200 171 "-" "Mozilla/5.0 (compatible; 008/0.83; http://www.80legs.com/webcrawler.html;) Gecko/2008032620"
89.189.170.83 - - [22/Mar/2013:19:27:50 +0100] "GET /praxis2.htm HTTP/1.1" 200 4257 "-" "Mozilla/5.0 (compatible; 008/0.85; http://www.80legs.com/webcrawler.html) Gecko/2008032620"
77.79.143.104 - - [22/Mar/2013:19:27:51 +0100] "GET /robots.txt HTTP/1.1" 200 171 "-" "Mozilla/5.0 (compatible; 008/0.83; http://www.80legs.com/webcrawler.html;) Gecko/2008032620"
77.79.143.104 - - [22/Mar/2013:19:27:51 +0100] "GET /praxis2.htm HTTP/1.1" 200 4257 "-" "Mozilla/5.0 (compatible; 008/0.85; http://www.80legs.com/webcrawler.html) Gecko/2008032620"
188.43.100.6 - - [22/Mar/2013:19:28:24 +0100] "GET /robots.txt HTTP/1.1" 200 171 "-" "Mozilla/5.0 (compatible; 008/0.83; http://www.80legs.com/webcrawler.html;) Gecko/2008032620"
188.43.100.6 - - [22/Mar/2013:19:28:24 +0100] "GET /praxis2.htm HTTP/1.1" 200 4257 "-" "Mozilla/5.0 (compatible; 008/0.85; http://www.80legs.com/webcrawler.html) Gecko/2008032620"
213.110.133.221 - - [22/Mar/2013:21:12:20 +0100] "GET / HTTP/1.1" 200 4185 "http://izvestia.topbb.ru/" "Mozilla/4.0 (compatible; Blog Search;)"
213.110.133.221 - - [22/Mar/2013:21:12:21 +0100] "GET / HTTP/1.1" 200 4185 "http://izvestia.topbb.ru/" "Mozilla/4.0 (compatible; Blog Search;)"
46.118.117.249 - - [22/Mar/2013:21:28:41 +0100] "GET / HTTP/1.1" 200 4185 "http://www.sexhdtube.net/" "Mozilla/4.0 (compatible; MSIE 6.0; Windows NT 5.0)"
46.118.117.249 - - [22/Mar/2013:21:28:41 +0100] "GET / HTTP/1.1" 200 4185 "http://www.sexhdtube.net/" "Mozilla/4.0 (compatible; MSIE 6.0; Windows NT 5.0)"
46.118.117.249 - - [22/Mar/2013:21:28:42 +0100] "GET / HTTP/1.1" 200 4185 "http://www.sexhdtube.net/" "Mozilla/4.0 (compatible; MSIE 6.0; Windows NT 5.0)"
81.209.177.168 - - [22/Mar/2013:22:01:37 +0100] "GET /robots.txt HTTP/1.1" 200 171 "-" "iBusiness Shopcrawler"
81.209.177.168 - - [22/Mar/2013:22:01:37 +0100] "GET / HTTP/1.1" 200 4185 "-" "iBusiness Shopcrawler"
81.209.177.168 - - [22/Mar/2013:22:01:37 +0100] "GET /header.htm HTTP/1.1" 200 795 "-" "iBusiness Shopcrawler"
81.209.177.168 - - [22/Mar/2013:22:01:37 +0100] "GET /home.htm HTTP/1.1" 200 1194 "-" "iBusiness Shopcrawler"
81.209.177.168 - - [22/Mar/2013:22:01:37 +0100] "GET /leer.htm HTTP/1.1" 200 172 "-" "iBusiness Shopcrawler"
81.209.177.168 - - [22/Mar/2013:22:01:37 +0100] "GET /navi.htm HTTP/1.1" 200 4594 "-" "iBusiness Shopcrawler"
202.46.52.24 - - [22/Mar/2013:22:05:20 +0100] "GET / HTTP/1.1" 200 4185 "-" "Mozilla/4.0 (compatible; MSIE 7.0; Windows NT 6.0)"
119.63.193.132 - - [22/Mar/2013:22:06:17 +0100] "GET / HTTP/1.1" 200 4185 "-" "Mozilla/4.0 (compatible; MSIE 7.0; Windows NT 6.0)"
193.106.136.60 - - [22/Mar/2013:22:06:37 +0100] "GET / HTTP/1.1" 200 4185 "http://sitetourism.com/" "Mozilla/4.0 (compatible; MSIE 6.0; Windows NT 5.1; SV1; MRA 4.6 (build 01425); MRSPUTNIK 1, 5, 0, 19 SW)"
193.106.136.60 - - [22/Mar/2013:22:06:38 +0100] "GET / HTTP/1.1" 200 4185 "http://sitetourism.com/" "Mozilla/4.0 (compatible; MSIE 6.0; Windows NT 5.1; SV1; MRA 4.6 (build 01425); MRSPUTNIK 1, 5, 0, 19 SW)"
92.249.127.111 - - [22/Mar/2013:23:49:37 +0100] "GET / HTTP/1.1" 200 4185 "http://unlekinod.ya.ru/replies.xml?item_no=10" "Mozilla/5.0 (compatible; news bot /2.1)"
92.249.127.111 - - [22/Mar/2013:23:49:38 +0100] "GET / HTTP/1.1" 200 4185 "http://unlekinod.ya.ru/replies.xml?item_no=10" "Mozilla/5.0 (compatible; news bot /2.1)"
178.137.5.62 - - [23/Mar/2013:01:31:35 +0100] "GET / HTTP/1.1" 200 4185 "http://mirskidok.ru/" "Mozilla/4.76 [en] (Windows NT 5.0; U)"
178.137.5.62 - - [23/Mar/2013:01:31:35 +0100] "GET / HTTP/1.1" 200 4185 "http://google-break.ru/" "Mozilla/4.76 [en] (Windows NT 5.0; U)"
178.137.5.62 - - [23/Mar/2013:01:31:35 +0100] "GET / HTTP/1.1" 200 4185 "http://mirskidok.ru/" "Mozilla/4.76 [en] (Windows NT 5.0; U)"
178.137.5.62 - - [23/Mar/2013:01:31:35 +0100] "GET / HTTP/1.1" 200 4185 "http://www.offshorewealth.info/" "Opera/7.54 (Windows NT 5.1; U) [pl]"
178.137.5.62 - - [23/Mar/2013:01:31:35 +0100] "GET / HTTP/1.1" 200 4185 "http://google-break.ru/" "Mozilla/4.76 [en] (Windows NT 5.0; U)"
178.137.5.62 - - [23/Mar/2013:01:31:35 +0100] "GET / HTTP/1.1" 200 4185 "http://mirskidok.ru/" "Mozilla/4.76 [en] (Windows NT 5.0; U)"
178.137.5.62 - - [23/Mar/2013:01:31:36 +0100] "GET / HTTP/1.1" 200 4185 "http://www.offshorewealth.info/" "Opera/7.54 (Windows NT 5.1; U) [pl]"
178.137.5.62 - - [23/Mar/2013:01:31:36 +0100] "GET / HTTP/1.1" 200 4185 "http://google-break.ru/" "Mozilla/4.76 [en] (Windows NT 5.0; U)"
178.137.5.62 - - [23/Mar/2013:01:31:36 +0100] "GET / HTTP/1.1" 200 4185 "http://www.offshorewealth.info/" "Opera/7.54 (Windows NT 5.1; U) [pl]"
178.151.143.163 - - [23/Mar/2013:03:05:46 +0100] "GET /robots.txt HTTP/1.0" 200 171 "-" "Mozilla/5.0 (compatible; MJ12bot/v1.4.3; http://www.majestic12.co.uk/bot.php?+)"
178.151.143.163 - - [23/Mar/2013:03:05:47 +0100] "GET /header.htm HTTP/1.1" 200 795 "-" "Mozilla/5.0 (compatible; MJ12bot/v1.4.3; http://www.majestic12.co.uk/bot.php?+)"
202.46.62.11 - - [23/Mar/2013:04:02:41 +0100] "GET / HTTP/1.1" 200 4185 "-" "Mozilla/4.0 (compatible; MSIE 7.0; Windows NT 6.0)"
119.63.193.194 - - [23/Mar/2013:04:03:36 +0100] "GET / HTTP/1.1" 200 4185 "-" "Mozilla/4.0 (compatible; MSIE 7.0; Windows NT 6.0)"
217.212.224.183 - - [23/Mar/2013:05:22:27 +0100] "GET /robots.txt HTTP/1.0" 200 171 "-" "psbot/0.1 (+http://www.picsearch.com/bot.html)"
217.212.224.181 - - [23/Mar/2013:05:22:27 +0100] "GET /leistungen.htm HTTP/1.0" 304 - "-" "psbot/0.1 (+http://www.picsearch.com/bot.html)"
46.118.117.249 - - [23/Mar/2013:05:41:39 +0100] "GET / HTTP/1.1" 200 4185 "http://uslugi-buhgalter.ru/" "Mozilla/4.0 (compatible; MSIE 6.0; Windows NT 5.1)"
46.118.117.249 - - [23/Mar/2013:05:41:39 +0100] "GET / HTTP/1.1" 200 4185 "http://uslugi-buhgalter.ru/" "Mozilla/4.0 (compatible; MSIE 6.0; Windows NT 5.1)"
46.118.117.249 - - [23/Mar/2013:05:41:39 +0100] "GET / HTTP/1.1" 200 4185 "http://uslugi-buhgalter.ru/" "Mozilla/4.0 (compatible; MSIE 6.0; Windows NT 5.1)"
91.207.9.226 - - [23/Mar/2013:08:30:41 +0100] "GET / HTTP/1.1" 200 4185 "http://muznachas-service.ru/" "Mozilla/5.0 (Windows NT 5.1; U; en) Opera 8.00"
91.207.9.226 - - [23/Mar/2013:08:30:42 +0100] "GET / HTTP/1.1" 200 4185 "http://muznachas-service.ru/" "Mozilla/5.0 (Windows NT 5.1; U; en) Opera 8.00"
91.207.9.226 - - [23/Mar/2013:08:30:42 +0100] "GET / HTTP/1.1" 200 4185 "http://muznachas-service.ru/" "Mozilla/5.0 (Windows NT 5.1; U; en) Opera 8.00"
202.46.62.23 - - [23/Mar/2013:10:04:58 +0100] "GET / HTTP/1.1" 200 4185 "-" "Mozilla/4.0 (compatible; MSIE 7.0; Windows NT 6.0)"
119.63.193.196 - - [23/Mar/2013:10:05:56 +0100] "GET / HTTP/1.1" 200 4185 "-" "Mozilla/4.0 (compatible; MSIE 7.0; Windows NT 6.0)"
157.56.92.155 - - [23/Mar/2013:11:11:13 +0100] "GET /robots.txt HTTP/1.1" 200 171 "-" "Mozilla/5.0 (compatible; bingbot/2.0; +http://www.bing.com/bingbot.htm)"
157.55.33.22 - - [23/Mar/2013:11:13:00 +0100] "GET /leistungen.htm HTTP/1.1" 200 1228 "-" "Mozilla/5.0 (compatible; bingbot/2.0; +http://www.bing.com/bingbot.htm)"
157.55.33.22 - - [23/Mar/2013:11:13:00 +0100] "GET /header.htm HTTP/1.1" 200 795 "-" "Mozilla/5.0 (compatible; bingbot/2.0; +http://www.bing.com/bingbot.htm)"
157.56.92.155 - - [23/Mar/2013:11:13:01 +0100] "GET / HTTP/1.1" 200 4185 "-" "Mozilla/5.0 (compatible; bingbot/2.0; +http://www.bing.com/bingbot.htm)"
157.55.35.52 - - [23/Mar/2013:11:13:31 +0100] "GET /navi.htm HTTP/1.1" 200 4594 "-" "Mozilla/5.0 (compatible; bingbot/2.0; +http://www.bing.com/bingbot.htm)"
157.55.32.143 - - [23/Mar/2013:11:13:31 +0100] "GET /leer.htm HTTP/1.1" 200 172 "-" "Mozilla/5.0 (compatible; bingbot/2.0; +http://www.bing.com/bingbot.htm)"
157.55.32.223 - - [23/Mar/2013:11:58:07 +0100] "GET /robots.txt HTTP/1.1" 200 171 "-" "Mozilla/5.0 (compatible; bingbot/2.0; +http://www.bing.com/bingbot.htm)"
157.55.32.223 - - [23/Mar/2013:12:00:01 +0100] "GET /home.htm HTTP/1.1" 200 1194 "-" "Mozilla/5.0 (compatible; bingbot/2.0; +http://www.bing.com/bingbot.htm)"
157.55.32.223 - - [23/Mar/2013:12:00:01 +0100] "GET /praxis.htm HTTP/1.1" 200 2232 "-" "Mozilla/5.0 (compatible; bingbot/2.0; +http://www.bing.com/bingbot.htm)"
173.208.165.178 - - [23/Mar/2013:12:01:24 +0100] "GET /robots.txt HTTP/1.0" 200 171 "-" "Mozilla/5.0 (compatible; MJ12bot/v1.4.3; http://www.majestic12.co.uk/bot.php?+)"
173.208.165.178 - - [23/Mar/2013:12:01:26 +0100] "GET / HTTP/1.0" 200 4185 "-" "Mozilla/5.0 (compatible; MJ12bot/v1.4.3; http://www.majestic12.co.uk/bot.php?+)"
92.249.127.111 - - [23/Mar/2013:12:34:07 +0100] "GET / HTTP/1.1" 200 4185 "http://www.chipmarket.kz/" "Mozilla/5.0 (compatible; news bot /2.1)"
92.249.127.111 - - [23/Mar/2013:12:34:07 +0100] "GET / HTTP/1.1" 200 4185 "http://www.chipmarket.kz/" "Mozilla/5.0 (compatible; news bot /2.1)"
92.249.127.111 - - [23/Mar/2013:12:34:08 +0100] "GET / HTTP/1.1" 200 4185 "http://www.chipmarket.kz/" "Mozilla/5.0 (compatible; news bot /2.1)"
89.108.102.171 - - [23/Mar/2013:13:46:08 +0100] "GET / HTTP/1.1" 200 4185 "http://tovray.ru/" "Mozilla/4.0 (compatible; MSIE 7.0b; Windows NT 6.0)"
89.108.102.171 - - [23/Mar/2013:13:46:09 +0100] "GET / HTTP/1.1" 200 4185 "http://tovray.ru/" "Mozilla/4.0 (compatible; MSIE 7.0b; Windows NT 6.0)"
91.207.4.186 - - [23/Mar/2013:15:44:03 +0100] "GET / HTTP/1.1" 200 4185 "http://top-diets.ru/" "Mozilla/5.0 (Windows NT 5.1; U; en) Opera 8.00"
91.207.4.186 - - [23/Mar/2013:15:44:03 +0100] "GET / HTTP/1.1" 200 4185 "http://top-diets.ru/" "Mozilla/5.0 (Windows NT 5.1; U; en) Opera 8.00"
91.207.4.186 - - [23/Mar/2013:15:44:04 +0100] "GET / HTTP/1.1" 200 4185 "http://top-diets.ru/" "Mozilla/5.0 (Windows NT 5.1; U; en) Opera 8.00"
202.46.55.20 - - [23/Mar/2013:16:02:27 +0100] "GET / HTTP/1.1" 200 4185 "-" "Mozilla/4.0 (compatible; MSIE 7.0; Windows NT 6.0)"
119.63.193.196 - - [23/Mar/2013:16:03:18 +0100] "GET / HTTP/1.1" 200 4185 "-" "Mozilla/4.0 (compatible; MSIE 7.0; Windows NT 6.0)"
91.207.6.34 - - [23/Mar/2013:16:10:27 +0100] "GET / HTTP/1.1" 200 4185 "http://www.prostitutki-kharkova.org/" "Opera/9.00 (Windows NT 4.0; U; en)"
91.207.6.34 - - [23/Mar/2013:16:10:27 +0100] "GET / HTTP/1.1" 200 4185 "http://www.prostitutki-kharkova.org/" "Opera/9.00 (Windows NT 4.0; U; en)"
91.207.6.34 - - [23/Mar/2013:16:10:28 +0100] "GET / HTTP/1.1" 200 4185 "http://www.prostitutki-kharkova.org/" "Opera/9.00 (Windows NT 4.0; U; en)"
66.249.76.88 - - [23/Mar/2013:20:11:55 +0100] "GET /robots.txt HTTP/1.1" 200 171 "-" "Mozilla/5.0 (compatible; Googlebot/2.1; +http://www.google.com/bot.html)"
66.249.76.88 - - [23/Mar/2013:20:11:55 +0100] "GET / HTTP/1.1" 200 4185 "-" "Mozilla/5.0 (compatible; Googlebot/2.1; +http://www.google.com/bot.html)"
91.207.4.186 - - [23/Mar/2013:20:17:13 +0100] "GET / HTTP/1.1" 200 4185 "http://5forex.ru/" "Mozilla/5.0 (Windows NT 5.1; U; en) Opera 8.00"
91.207.4.186 - - [23/Mar/2013:20:17:13 +0100] "GET / HTTP/1.1" 200 4185 "http://5forex.ru/" "Mozilla/5.0 (Windows NT 5.1; U; en) Opera 8.00"
91.207.4.186 - - [23/Mar/2013:20:17:13 +0100] "GET / HTTP/1.1" 200 4185 "http://5forex.ru/" "Mozilla/5.0 (Windows NT 5.1; U; en) Opera 8.00"
202.46.54.122 - - [23/Mar/2013:22:03:54 +0100] "GET / HTTP/1.1" 200 4185 "-" "Mozilla/4.0 (compatible; MSIE 7.0; Windows NT 6.0)"
119.63.193.194 - - [23/Mar/2013:22:04:50 +0100] "GET / HTTP/1.1" 200 4185 "-" "Mozilla/4.0 (compatible; MSIE 7.0; Windows NT 6.0)"
91.207.9.226 - - [23/Mar/2013:23:03:52 +0100] "GET / HTTP/1.1" 200 4185 "http://google-play-soft.ru/" "Mozilla/5.0 (Windows NT 5.1; U; en) Opera 8.00"
91.207.9.226 - - [23/Mar/2013:23:03:52 +0100] "GET / HTTP/1.1" 200 4185 "http://google-play-soft.ru/" "Mozilla/5.0 (Windows NT 5.1; U; en) Opera 8.00"
91.207.9.226 - - [23/Mar/2013:23:03:53 +0100] "GET / HTTP/1.1" 200 4185 "http://google-play-soft.ru/" "Mozilla/5.0 (Windows NT 5.1; U; en) Opera 8.00"
141.8.147.12 - - [23/Mar/2013:23:08:03 +0100] "GET /robots.txt HTTP/1.1" 200 171 "-" "Mozilla/5.0 (compatible; YandexBot/3.0; +http://yandex.com/bots)"
193.106.136.40 - - [24/Mar/2013:01:46:58 +0100] "GET / HTTP/1.1" 200 4185 "http://www.tostead.ru/" "Mozilla/4.0 (compatible- MSIE 6.0- Windows NT 5.1- SV1- .NET CLR 1.1.4322"
193.106.136.40 - - [24/Mar/2013:01:46:58 +0100] "GET / HTTP/1.1" 200 4185 "http://www.tostead.ru/" "Mozilla/4.0 (compatible- MSIE 6.0- Windows NT 5.1- SV1- .NET CLR 1.1.4322"
46.118.117.249 - - [24/Mar/2013:03:30:38 +0100] "GET / HTTP/1.1" 200 4185 "http://www.spatex.ru/" "Mozilla/4.0 (compatible; MSIE 6.0; Windows NT 5.1)"
46.118.117.249 - - [24/Mar/2013:03:30:38 +0100] "GET / HTTP/1.1" 200 4185 "http://www.spatex.ru/" "Mozilla/4.0 (compatible; MSIE 6.0; Windows NT 5.1)"
46.118.117.249 - - [24/Mar/2013:03:30:39 +0100] "GET / HTTP/1.1" 200 4185 "http://www.spatex.ru/" "Mozilla/4.0 (compatible; MSIE 6.0; Windows NT 5.1)"
202.46.54.57 - - [24/Mar/2013:04:02:36 +0100] "GET / HTTP/1.1" 200 4185 "-" "Mozilla/4.0 (compatible; MSIE 7.0; Windows NT 6.0)"
119.63.193.132 - - [24/Mar/2013:04:03:30 +0100] "GET / HTTP/1.1" 200 4185 "-" "Mozilla/4.0 (compatible; MSIE 7.0; Windows NT 6.0)"
46.118.117.249 - - [24/Mar/2013:04:22:49 +0100] "GET / HTTP/1.1" 200 4185 "http://vzlom-vk.ru/" "Mozilla/4.0 (compatible; MSIE 5.5; Windows NT 5.0)"
46.118.117.249 - - [24/Mar/2013:04:22:50 +0100] "GET / HTTP/1.1" 200 4185 "http://vzlom-vk.ru/" "Mozilla/4.0 (compatible; MSIE 5.5; Windows NT 5.0)"
46.118.117.249 - - [24/Mar/2013:04:22:50 +0100] "GET / HTTP/1.1" 200 4185 "http://vzlom-vk.ru/" "Mozilla/4.0 (compatible; MSIE 5.5; Windows NT 5.0)"
141.8.147.12 - - [24/Mar/2013:05:17:11 +0100] "GET / HTTP/1.1" 200 4185 "-" "Mozilla/5.0 (compatible; YandexBot/3.0; +http://yandex.com/bots)"
141.8.147.12 - - [24/Mar/2013:05:17:56 +0100] "GET /leer.htm HTTP/1.1" 200 172 "-" "Mozilla/5.0 (compatible; YandexBot/3.0; +http://yandex.com/bots)"
141.8.147.12 - - [24/Mar/2013:05:17:58 +0100] "GET /praxis.htm HTTP/1.1" 200 2232 "-" "Mozilla/5.0 (compatible; YandexBot/3.0; +http://yandex.com/bots)"
141.8.147.12 - - [24/Mar/2013:05:18:00 +0100] "GET /header.htm HTTP/1.1" 200 795 "-" "Mozilla/5.0 (compatible; YandexBot/3.0; +http://yandex.com/bots)"
91.207.6.34 - - [24/Mar/2013:07:12:57 +0100] "GET / HTTP/1.1" 200 4185 "http://www.prostitutki-tolyatti.org/" "Opera/9.00 (Windows NT 4.0; U; en)"
91.207.6.34 - - [24/Mar/2013:07:12:58 +0100] "GET / HTTP/1.1" 200 4185 "http://www.prostitutki-tolyatti.org/" "Opera/9.00 (Windows NT 4.0; U; en)"
91.207.6.34 - - [24/Mar/2013:07:12:58 +0100] "GET / HTTP/1.1" 200 4185 "http://www.prostitutki-tolyatti.org/" "Opera/9.00 (Windows NT 4.0; U; en)"
83.133.125.202 - - [24/Mar/2013:08:40:04 +0100] "GET / HTTP/1.0" 200 4185 "-" "-"
202.46.60.60 - - [24/Mar/2013:10:04:43 +0100] "GET / HTTP/1.1" 200 4185 "-" "Mozilla/4.0 (compatible; MSIE 7.0; Windows NT 6.0)"
119.63.193.194 - - [24/Mar/2013:10:05:39 +0100] "GET / HTTP/1.1" 200 4185 "-" "Mozilla/4.0 (compatible; MSIE 7.0; Windows NT 6.0)"
195.242.218.133 - - [24/Mar/2013:10:06:31 +0100] "GET / HTTP/1.1" 200 4185 "http://pc.su/" "Mozilla/4.0 (compatible; MSIE 5.5; Windows NT 5.0; .NET CLR 1.1.4322)"
195.242.218.133 - - [24/Mar/2013:10:06:32 +0100] "GET / HTTP/1.1" 200 4185 "http://pc.su/" "Mozilla/4.0 (compatible; MSIE 5.5; Windows NT 5.0; .NET CLR 1.1.4322)"
195.242.218.133 - - [24/Mar/2013:10:06:33 +0100] "GET / HTTP/1.1" 200 4185 "http://pc.su/" "Mozilla/4.0 (compatible; MSIE 5.5; Windows NT 5.0; .NET CLR 1.1.4322)"
64.246.161.190 - - [24/Mar/2013:11:41:05 +0100] "GET /robots.txt HTTP/1.0" 200 171 "-" "Mozilla/5.0 (Windows; U; Windows NT 5.1; en; rv:1.9.0.13) Gecko/2009073022 Firefox/3.5.2 (.NET CLR 3.5.30729) SurveyBot/2.3 (DomainTools)"
64.246.161.190 - - [24/Mar/2013:11:41:06 +0100] "GET / HTTP/1.1" 200 4185 "http://whois.domaintools.com/dialyse-schoenebeck.de" "Mozilla/5.0 (Windows; U; Windows NT 5.1; en; rv:1.9.0.13) Gecko/2009073022 Firefox/3.5.2 (.NET CLR 3.5.30729) SurveyBot/2.3 (DomainTools)"
91.207.4.186 - - [24/Mar/2013:11:57:44 +0100] "GET / HTTP/1.1" 200 4185 "http://govorim-tomno.ru/" "Mozilla/4.0 (compatible; MSIE 6.0; Windows NT 5.0; T312461)"
91.207.4.186 - - [24/Mar/2013:11:57:44 +0100] "GET / HTTP/1.1" 200 4185 "http://govorim-tomno.ru/" "Mozilla/4.0 (compatible; MSIE 6.0; Windows NT 5.0; T312461)"
91.207.4.186 - - [24/Mar/2013:11:57:44 +0100] "GET / HTTP/1.1" 200 4185 "http://govorim-tomno.ru/" "Mozilla/4.0 (compatible; MSIE 6.0; Windows NT 5.0; T312461)"
109.120.157.179 - - [24/Mar/2013:12:05:59 +0100] "GET / HTTP/1.1" 200 4185 "http://interservis.info/" "Mozilla/5.0 (compatible; Add Catalog/2.1;)"
109.120.157.179 - - [24/Mar/2013:12:05:59 +0100] "GET / HTTP/1.1" 200 4185 "http://interservis.info/" "Mozilla/5.0 (compatible; Add Catalog/2.1;)"
37.139.52.23 - - [24/Mar/2013:13:07:17 +0100] "GET / HTTP/1.1" 200 4185 "http://redsined.net/news.php?readmore=48" "Mozilla/4.0 (compatible; MSIE 5.5; Windows 95; BCD2000)"
37.139.52.23 - - [24/Mar/2013:13:07:19 +0100] "GET / HTTP/1.1" 200 4185 "http://redsined.net/news.php?readmore=48" "Mozilla/4.0 (compatible; MSIE 5.5; Windows 95; BCD2000)"
202.46.60.60 - - [24/Mar/2013:16:02:47 +0100] "GET / HTTP/1.1" 200 4185 "-" "Mozilla/4.0 (compatible; MSIE 7.0; Windows NT 6.0)"
119.63.193.196 - - [24/Mar/2013:16:03:40 +0100] "GET / HTTP/1.1" 200 4185 "-" "Mozilla/4.0 (compatible; MSIE 7.0; Windows NT 6.0)"
213.110.133.221 - - [24/Mar/2013:16:55:56 +0100] "GET / HTTP/1.1" 200 4185 "http://lenteday.goodbb.ru" "Mozilla/4.0 (compatible; Blog Search;)"
213.110.133.221 - - [24/Mar/2013:16:55:57 +0100] "GET / HTTP/1.1" 200 4185 "http://lenteday.goodbb.ru" "Mozilla/4.0 (compatible; Blog Search;)"
66.249.76.88 - - [24/Mar/2013:17:53:04 +0100] "GET /robots.txt HTTP/1.1" 200 171 "-" "Mozilla/5.0 (compatible; Googlebot/2.1; +http://www.google.com/bot.html)"
66.249.76.88 - - [24/Mar/2013:17:53:05 +0100] "GET / HTTP/1.1" 200 4185 "-" "Mozilla/5.0 (iPhone; U; CPU iPhone OS 4_1 like Mac OS X; en-us) AppleWebKit/532.9 (KHTML, like Gecko) Version/4.0.5 Mobile/8B117 Safari/6531.22.7 (compatible; Googlebot-Mobile/2.1; +http://www.google.com/bot.html)"
23.22.131.19 - - [24/Mar/2013:18:51:17 +0100] "GET / HTTP/1.0" 200 4185 "http://www.go-profitclicking.com" "-"
91.207.6.34 - - [24/Mar/2013:20:28:03 +0100] "GET / HTTP/1.1" 200 4185 "http://www.vse-prostitutki.org/" "Opera/9.00 (Windows NT 4.0; U; en)"
91.207.6.34 - - [24/Mar/2013:20:28:03 +0100] "GET / HTTP/1.1" 200 4185 "http://www.vse-prostitutki.org/" "Opera/9.00 (Windows NT 4.0; U; en)"
91.207.6.34 - - [24/Mar/2013:20:28:04 +0100] "GET / HTTP/1.1" 200 4185 "http://www.vse-prostitutki.org/" "Opera/9.00 (Windows NT 4.0; U; en)"
193.106.136.40 - - [24/Mar/2013:21:16:12 +0100] "GET / HTTP/1.1" 200 4185 "http://nayra.ru/" "Mozilla/4.0 (compatible; MSIE 6.0; Windows NT 5.1) Opera 7.54 [en]"
193.106.136.40 - - [24/Mar/2013:21:16:12 +0100] "GET / HTTP/1.1" 200 4185 "http://nayra.ru/" "Mozilla/4.0 (compatible; MSIE 6.0; Windows NT 5.1) Opera 7.54 [en]"
202.46.52.32 - - [24/Mar/2013:22:04:50 +0100] "GET / HTTP/1.1" 200 4185 "-" "Mozilla/4.0 (compatible; MSIE 7.0; Windows NT 6.0)"
119.63.193.194 - - [24/Mar/2013:22:05:49 +0100] "GET / HTTP/1.1" 200 4185 "-" "Mozilla/4.0 (compatible; MSIE 7.0; Windows NT 6.0)"
23.22.131.19 - - [25/Mar/2013:01:11:13 +0100] "GET / HTTP/1.0" 200 4185 "http://www.go-profitclicking.com" "Mozilla/5.0 (compatible; MSIE 9.0; Windows NT 6.1; Trident/5.0)"
91.207.4.186 - - [25/Mar/2013:01:33:17 +0100] "GET / HTTP/1.1" 200 4185 "http://saascenter.ru/" "Mozilla/5.0 (Windows NT 5.1; U; en) Opera 8.00"
91.207.4.186 - - [25/Mar/2013:01:33:18 +0100] "GET / HTTP/1.1" 200 4185 "http://saascenter.ru/" "Mozilla/5.0 (Windows NT 5.1; U; en) Opera 8.00"
91.207.4.186 - - [25/Mar/2013:01:33:18 +0100] "GET / HTTP/1.1" 200 4185 "http://saascenter.ru/" "Mozilla/5.0 (Windows NT 5.1; U; en) Opera 8.00"
178.137.5.62 - - [25/Mar/2013:01:56:36 +0100] "GET / HTTP/1.1" 200 4185 "http://www.spbtalk.ru/" "Mozilla/2.0 (compatible; MSIE 3.02; Windows CE; 240x320)"
178.137.5.62 - - [25/Mar/2013:01:56:37 +0100] "GET / HTTP/1.1" 200 4185 "http://www.world-mmo.com/" "Mozilla/1.22 (compatible; MSIE 2.0d; Windows NT)"
178.137.5.62 - - [25/Mar/2013:01:56:37 +0100] "GET / HTTP/1.1" 200 4185 "http://www.world-mmo.com/" "Mozilla/1.22 (compatible; MSIE 2.0d; Windows NT)"
178.137.5.62 - - [25/Mar/2013:01:56:37 +0100] "GET / HTTP/1.1" 200 4185 "http://www.spbtalk.ru/" "Mozilla/2.0 (compatible; MSIE 3.02; Windows CE; 240x320)"
178.137.5.62 - - [25/Mar/2013:01:56:38 +0100] "GET / HTTP/1.1" 200 4185 "http://www.spbtalk.ru/" "Mozilla/2.0 (compatible; MSIE 3.02; Windows CE; 240x320)"
178.137.5.62 - - [25/Mar/2013:01:56:38 +0100] "GET / HTTP/1.1" 200 4185 "http://www.world-mmo.com/" "Mozilla/1.22 (compatible; MSIE 2.0d; Windows NT)"
119.63.193.196 - - [25/Mar/2013:04:04:02 +0100] "GET / HTTP/1.1" 200 4185 "-" "Mozilla/4.0 (compatible; MSIE 7.0; Windows NT 6.0)"
91.207.9.226 - - [25/Mar/2013:07:27:59 +0100] "GET / HTTP/1.1" 200 4185 "http://remont-komputerov-notebook.ru/" "Opera/7.60 (Windows NT 5.2; U) [en] (IBM EVV/3.0/EAK01AG9/LE)"
91.207.9.226 - - [25/Mar/2013:07:27:59 +0100] "GET / HTTP/1.1" 200 4185 "http://remont-komputerov-notebook.ru/" "Opera/7.60 (Windows NT 5.2; U) [en] (IBM EVV/3.0/EAK01AG9/LE)"
91.207.9.226 - - [25/Mar/2013:07:28:00 +0100] "GET / HTTP/1.1" 200 4185 "http://remont-komputerov-notebook.ru/" "Opera/7.60 (Windows NT 5.2; U) [en] (IBM EVV/3.0/EAK01AG9/LE)"
193.106.136.40 - - [25/Mar/2013:07:40:16 +0100] "GET / HTTP/1.1" 200 4185 "http://www.odeialo.ru/" "Mozilla/5.0 (Windows NT 5.1; U; en) Opera 8.00"
193.106.136.40 - - [25/Mar/2013:07:40:16 +0100] "GET / HTTP/1.1" 200 4185 "http://www.odeialo.ru/" "Mozilla/5.0 (Windows NT 5.1; U; en) Opera 8.00"
65.55.215.102 - - [25/Mar/2013:07:40:52 +0100] "GET /robots.txt HTTP/1.1" 200 171 "-" "msnbot-media/1.1 (+http://search.msn.com/msnbot.htm)"
65.55.215.102 - - [25/Mar/2013:07:40:52 +0100] "GET /images/pixel.gif HTTP/1.1" 200 43 "-" "msnbot-media/1.1 (+http://search.msn.com/msnbot.htm)"
65.55.215.96 - - [25/Mar/2013:07:52:31 +0100] "GET /robots.txt HTTP/1.1" 200 171 "-" "msnbot-media/1.1 (+http://search.msn.com/msnbot.htm)"
65.55.215.96 - - [25/Mar/2013:07:52:31 +0100] "GET /images/navi_kontakt_a.jpg HTTP/1.1" 200 1826 "-" "msnbot-media/1.1 (+http://search.msn.com/msnbot.htm)"
91.207.9.226 - - [25/Mar/2013:08:03:34 +0100] "GET / HTTP/1.1" 200 4185 "http://runetkicom.ru/" "Mozilla/5.0 (Windows NT 5.1; U; en) Opera 8.00"
91.207.9.226 - - [25/Mar/2013:08:03:35 +0100] "GET / HTTP/1.1" 200 4185 "http://runetkicom.ru/" "Mozilla/5.0 (Windows NT 5.1; U; en) Opera 8.00"
91.207.9.226 - - [25/Mar/2013:08:03:35 +0100] "GET / HTTP/1.1" 200 4185 "http://runetkicom.ru/" "Mozilla/5.0 (Windows NT 5.1; U; en) Opera 8.00"
91.207.6.34 - - [25/Mar/2013:08:13:17 +0100] "GET / HTTP/1.1" 200 4185 "http://www.prostitutki-omska.org/" "Opera/9.00 (Windows NT 4.0; U; en)"
91.207.6.34 - - [25/Mar/2013:08:13:17 +0100] "GET / HTTP/1.1" 200 4185 "http://www.prostitutki-omska.org/" "Opera/9.00 (Windows NT 4.0; U; en)"
91.207.6.34 - - [25/Mar/2013:08:13:18 +0100] "GET / HTTP/1.1" 200 4185 "http://www.prostitutki-omska.org/" "Opera/9.00 (Windows NT 4.0; U; en)"
65.55.215.91 - - [25/Mar/2013:09:33:37 +0100] "GET /robots.txt HTTP/1.1" 200 171 "-" "msnbot-media/1.1 (+http://search.msn.com/msnbot.htm)"
65.55.215.91 - - [25/Mar/2013:09:33:37 +0100] "GET /images/ein_service.jpg HTTP/1.1" 200 2356 "-" "msnbot-media/1.1 (+http://search.msn.com/msnbot.htm)"
202.46.51.42 - - [25/Mar/2013:10:04:34 +0100] "GET / HTTP/1.1" 200 4185 "-" "Mozilla/4.0 (compatible; MSIE 7.0; Windows NT 6.0)"
119.63.193.130 - - [25/Mar/2013:10:05:30 +0100] "GET / HTTP/1.1" 200 4185 "-" "Mozilla/4.0 (compatible; MSIE 7.0; Windows NT 6.0)"
46.118.117.249 - - [25/Mar/2013:11:37:17 +0100] "GET / HTTP/1.1" 200 4185 "http://uslugi-buhgalter.ru/" "Mozilla/4.0 (compatible; MSIE 6.0; Windows NT 5.1)"
46.118.117.249 - - [25/Mar/2013:11:37:17 +0100] "GET / HTTP/1.1" 200 4185 "http://uslugi-buhgalter.ru/" "Mozilla/4.0 (compatible; MSIE 6.0; Windows NT 5.1)"
46.118.117.249 - - [25/Mar/2013:11:37:18 +0100] "GET / HTTP/1.1" 200 4185 "http://uslugi-buhgalter.ru/" "Mozilla/4.0 (compatible; MSIE 6.0; Windows NT 5.1)"
199.30.20.123 - - [25/Mar/2013:11:39:34 +0100] "GET /robots.txt HTTP/1.1" 200 171 "-" "msnbot-media/1.1 (+http://search.msn.com/msnbot.htm)"
199.30.20.123 - - [25/Mar/2013:11:39:34 +0100] "GET /images/navi_links_a.jpg HTTP/1.1" 200 2032 "-" "msnbot-media/1.1 (+http://search.msn.com/msnbot.htm)"
141.8.147.12 - - [25/Mar/2013:12:56:57 +0100] "GET /robots.txt HTTP/1.1" 200 171 "-" "Mozilla/5.0 (compatible; YandexBot/3.0; +http://yandex.com/bots)"
199.30.16.38 - - [25/Mar/2013:15:08:47 +0100] "GET /robots.txt HTTP/1.1" 200 171 "-" "msnbot-media/1.1 (+http://search.msn.com/msnbot.htm)"
199.30.16.38 - - [25/Mar/2013:15:08:48 +0100] "GET /images/pfeil_seite1.gif HTTP/1.1" 200 274 "-" "msnbot-media/1.1 (+http://search.msn.com/msnbot.htm)"
65.55.215.79 - - [25/Mar/2013:15:17:37 +0100] "GET /robots.txt HTTP/1.1" 200 171 "-" "msnbot-media/1.1 (+http://search.msn.com/msnbot.htm)"
65.55.215.79 - - [25/Mar/2013:15:17:37 +0100] "GET /images/navi_praxis_a.jpg HTTP/1.1" 200 1905 "-" "msnbot-media/1.1 (+http://search.msn.com/msnbot.htm)"
65.55.215.49 - - [25/Mar/2013:15:33:19 +0100] "GET /robots.txt HTTP/1.1" 200 171 "-" "msnbot-media/1.1 (+http://search.msn.com/msnbot.htm)"
65.55.215.49 - - [25/Mar/2013:15:33:19 +0100] "GET /images/navi_news_a.jpg HTTP/1.1" 200 1809 "-" "msnbot-media/1.1 (+http://search.msn.com/msnbot.htm)"
202.46.63.44 - - [25/Mar/2013:16:02:41 +0100] "GET / HTTP/1.1" 200 4185 "-" "Mozilla/4.0 (compatible; MSIE 7.0; Windows NT 6.0)"
119.63.193.131 - - [25/Mar/2013:16:03:32 +0100] "GET / HTTP/1.1" 200 4185 "-" "Mozilla/4.0 (compatible; MSIE 7.0; Windows NT 6.0)"
80.134.95.77 - - [25/Mar/2013:17:03:00 +0100] "GET / HTTP/1.1" 200 4185 "http://www.google.de/url?sa=t&rct=j&q=dialyse%20sch%C3%B6nebeck&source=web&cd=1&sqi=2&ved=0CDAQFjAA&url=http%3A%2F%2Fwww.dialyse-schoenebeck.de%2F&ei=u3RQUcWmEauN4gTRm4CgBg&usg=AFQjCNFqqiy5BnFbbbTXBriUiqZc0qhF6g&bvm=bv.44158598,d.Yms" "Mozilla/5.0 (Windows NT 5.1; rv:17.0) Gecko/20100101 Firefox/17.0"
80.134.95.77 - - [25/Mar/2013:17:03:00 +0100] "GET / HTTP/1.1" 200 4185 "http://www.google.de/url?sa=t&rct=j&q=dialyse%20sch%C3%B6nebeck&source=web&cd=1&sqi=2&ved=0CDAQFjAA&url=http%3A%2F%2Fwww.dialyse-schoenebeck.de%2F&ei=u3RQUcWmEauN4gTRm4CgBg&usg=AFQjCNFqqiy5BnFbbbTXBriUiqZc0qhF6g&bvm=bv.44158598,d.Yms" "Mozilla/5.0 (Windows NT 5.1; rv:17.0) Gecko/20100101 Firefox/17.0"
80.134.95.77 - - [25/Mar/2013:17:03:01 +0100] "GET /leer.htm HTTP/1.1" 200 172 "http://www.dialyse-schoenebeck.de/" "Mozilla/5.0 (Windows NT 5.1; rv:17.0) Gecko/20100101 Firefox/17.0"
80.134.95.77 - - [25/Mar/2013:17:03:01 +0100] "GET /header.htm HTTP/1.1" 200 795 "http://www.dialyse-schoenebeck.de/" "Mozilla/5.0 (Windows NT 5.1; rv:17.0) Gecko/20100101 Firefox/17.0"
80.134.95.77 - - [25/Mar/2013:17:03:01 +0100] "GET /navi.htm HTTP/1.1" 200 4594 "http://www.dialyse-schoenebeck.de/" "Mozilla/5.0 (Windows NT 5.1; rv:17.0) Gecko/20100101 Firefox/17.0"
80.134.95.77 - - [25/Mar/2013:17:03:01 +0100] "GET /home.htm HTTP/1.1" 200 1194 "http://www.dialyse-schoenebeck.de/" "Mozilla/5.0 (Windows NT 5.1; rv:17.0) Gecko/20100101 Firefox/17.0"
