79.242.184.65 - - [03/May/2015:21:54:02 +0200] "GET /Galerie/thumbs/017.jpg HTTP/1.1" 200 3300 "http://www.skingraphix.de/Galerie/svcore/swf/simpleviewer_icc.swf" "Mozilla/5.0 (Windows NT 6.0; rv:37.0) Gecko/20100101 Firefox/37.0 DT-Browser/DTB7.37.0.3_01"
79.242.184.65 - - [03/May/2015:21:54:02 +0200] "GET /Galerie/thumbs/045.jpg HTTP/1.1" 200 2988 "http://www.skingraphix.de/Galerie/svcore/swf/simpleviewer_icc.swf" "Mozilla/5.0 (Windows NT 6.0; rv:37.0) Gecko/20100101 Firefox/37.0 DT-Browser/DTB7.37.0.3_01"
79.242.184.65 - - [03/May/2015:21:54:02 +0200] "GET /Galerie/thumbs/089.jpg HTTP/1.1" 200 3980 "http://www.skingraphix.de/Galerie/svcore/swf/simpleviewer_icc.swf" "Mozilla/5.0 (Windows NT 6.0; rv:37.0) Gecko/20100101 Firefox/37.0 DT-Browser/DTB7.37.0.3_01"
79.242.184.65 - - [03/May/2015:21:54:02 +0200] "GET /Galerie/images/037.jpg HTTP/1.1" 200 266330 "http://www.skingraphix.de/Galerie/svcore/swf/simpleviewer_icc.swf" "Mozilla/5.0 (Windows NT 6.0; rv:37.0) Gecko/20100101 Firefox/37.0 DT-Browser/DTB7.37.0.3_01"
79.242.184.65 - - [03/May/2015:21:54:02 +0200] "GET /Galerie/thumbs/088.jpg HTTP/1.1" 200 2621 "http://www.skingraphix.de/Galerie/svcore/swf/simpleviewer_icc.swf" "Mozilla/5.0 (Windows NT 6.0; rv:37.0) Gecko/20100101 Firefox/37.0 DT-Browser/DTB7.37.0.3_01"
79.242.184.65 - - [03/May/2015:21:54:03 +0200] "GET /Galerie/thumbs/080.jpg HTTP/1.1" 200 2366 "http://www.skingraphix.de/Galerie/svcore/swf/simpleviewer_icc.swf" "Mozilla/5.0 (Windows NT 6.0; rv:37.0) Gecko/20100101 Firefox/37.0 DT-Browser/DTB7.37.0.3_01"
79.242.184.65 - - [03/May/2015:21:54:03 +0200] "GET /Galerie/thumbs/081.jpg HTTP/1.1" 200 2946 "http://www.skingraphix.de/Galerie/svcore/swf/simpleviewer_icc.swf" "Mozilla/5.0 (Windows NT 6.0; rv:37.0) Gecko/20100101 Firefox/37.0 DT-Browser/DTB7.37.0.3_01"
79.242.184.65 - - [03/May/2015:21:54:03 +0200] "GET /Galerie/thumbs/085.jpg HTTP/1.1" 200 3157 "http://www.skingraphix.de/Galerie/svcore/swf/simpleviewer_icc.swf" "Mozilla/5.0 (Windows NT 6.0; rv:37.0) Gecko/20100101 Firefox/37.0 DT-Browser/DTB7.37.0.3_01"
79.242.184.65 - - [03/May/2015:21:54:03 +0200] "GET /Galerie/thumbs/079.jpg HTTP/1.1" 200 3368 "http://www.skingraphix.de/Galerie/svcore/swf/simpleviewer_icc.swf" "Mozilla/5.0 (Windows NT 6.0; rv:37.0) Gecko/20100101 Firefox/37.0 DT-Browser/DTB7.37.0.3_01"
79.242.184.65 - - [03/May/2015:21:54:03 +0200] "GET /Galerie/thumbs/077.jpg HTTP/1.1" 200 3900 "http://www.skingraphix.de/Galerie/svcore/swf/simpleviewer_icc.swf" "Mozilla/5.0 (Windows NT 6.0; rv:37.0) Gecko/20100101 Firefox/37.0 DT-Browser/DTB7.37.0.3_01"
88.74.193.153 - - [03/May/2015:21:54:03 +0200] "GET / HTTP/1.1" 200 2243 "-" "Mozilla/5.0 (Windows NT 6.3; WOW64; Trident/7.0; rv:11.0) like Gecko"
79.242.184.65 - - [03/May/2015:21:54:03 +0200] "GET /Galerie/thumbs/086.jpg HTTP/1.1" 200 3601 "http://www.skingraphix.de/Galerie/svcore/swf/simpleviewer_icc.swf" "Mozilla/5.0 (Windows NT 6.0; rv:37.0) Gecko/20100101 Firefox/37.0 DT-Browser/DTB7.37.0.3_01"
88.74.193.153 - - [03/May/2015:21:54:03 +0200] "GET /images/logo.jpg HTTP/1.1" 200 48304 "http://www.skingraphix.de/" "Mozilla/5.0 (Windows NT 6.3; WOW64; Trident/7.0; rv:11.0) like Gecko"
79.242.184.65 - - [03/May/2015:21:54:03 +0200] "GET /Galerie/thumbs/087.jpg HTTP/1.1" 200 3623 "http://www.skingraphix.de/Galerie/svcore/swf/simpleviewer_icc.swf" "Mozilla/5.0 (Windows NT 6.0; rv:37.0) Gecko/20100101 Firefox/37.0 DT-Browser/DTB7.37.0.3_01"
79.242.184.65 - - [03/May/2015:21:54:03 +0200] "GET /Galerie/thumbs/083.jpg HTTP/1.1" 200 3258 "http://www.skingraphix.de/Galerie/svcore/swf/simpleviewer_icc.swf" "Mozilla/5.0 (Windows NT 6.0; rv:37.0) Gecko/20100101 Firefox/37.0 DT-Browser/DTB7.37.0.3_01"
79.242.184.65 - - [03/May/2015:21:54:03 +0200] "GET /Galerie/thumbs/084.jpg HTTP/1.1" 200 2433 "http://www.skingraphix.de/Galerie/svcore/swf/simpleviewer_icc.swf" "Mozilla/5.0 (Windows NT 6.0; rv:37.0) Gecko/20100101 Firefox/37.0 DT-Browser/DTB7.37.0.3_01"
79.242.184.65 - - [03/May/2015:21:54:03 +0200] "GET /Galerie/thumbs/082.jpg HTTP/1.1" 200 2727 "http://www.skingraphix.de/Galerie/svcore/swf/simpleviewer_icc.swf" "Mozilla/5.0 (Windows NT 6.0; rv:37.0) Gecko/20100101 Firefox/37.0 DT-Browser/DTB7.37.0.3_01"
79.242.184.65 - - [03/May/2015:21:54:03 +0200] "GET /Galerie/thumbs/076.jpg HTTP/1.1" 200 3353 "http://www.skingraphix.de/Galerie/svcore/swf/simpleviewer_icc.swf" "Mozilla/5.0 (Windows NT 6.0; rv:37.0) Gecko/20100101 Firefox/37.0 DT-Browser/DTB7.37.0.3_01"
79.242.184.65 - - [03/May/2015:21:54:03 +0200] "GET /Galerie/thumbs/075.jpg HTTP/1.1" 200 3931 "http://www.skingraphix.de/Galerie/svcore/swf/simpleviewer_icc.swf" "Mozilla/5.0 (Windows NT 6.0; rv:37.0) Gecko/20100101 Firefox/37.0 DT-Browser/DTB7.37.0.3_01"
79.242.184.65 - - [03/May/2015:21:54:03 +0200] "GET /Galerie/images/034.jpg HTTP/1.1" 200 467077 "http://www.skingraphix.de/Galerie/svcore/swf/simpleviewer_icc.swf" "Mozilla/5.0 (Windows NT 6.0; rv:37.0) Gecko/20100101 Firefox/37.0 DT-Browser/DTB7.37.0.3_01"
79.242.184.65 - - [03/May/2015:21:54:03 +0200] "GET /Galerie/thumbs/072.jpg HTTP/1.1" 200 3166 "http://www.skingraphix.de/Galerie/svcore/swf/simpleviewer_icc.swf" "Mozilla/5.0 (Windows NT 6.0; rv:37.0) Gecko/20100101 Firefox/37.0 DT-Browser/DTB7.37.0.3_01"
88.74.193.153 - - [03/May/2015:21:54:03 +0200] "GET /favicon.ico HTTP/1.1" 200 3525 "-" "Mozilla/5.0 (Windows NT 6.3; Win64; x64; Trident/7.0; rv:11.0) like Gecko"
79.242.184.65 - - [03/May/2015:21:54:04 +0200] "GET /Galerie/images/017.jpg HTTP/1.1" 200 255938 "http://www.skingraphix.de/Galerie/svcore/swf/simpleviewer_icc.swf" "Mozilla/5.0 (Windows NT 6.0; rv:37.0) Gecko/20100101 Firefox/37.0 DT-Browser/DTB7.37.0.3_01"
79.242.184.65 - - [03/May/2015:21:54:04 +0200] "GET /Galerie/images/045.jpg HTTP/1.1" 200 341023 "http://www.skingraphix.de/Galerie/svcore/swf/simpleviewer_icc.swf" "Mozilla/5.0 (Windows NT 6.0; rv:37.0) Gecko/20100101 Firefox/37.0 DT-Browser/DTB7.37.0.3_01"
79.242.184.65 - - [03/May/2015:21:54:04 +0200] "GET /Galerie/images/089.jpg HTTP/1.1" 200 388353 "http://www.skingraphix.de/Galerie/svcore/swf/simpleviewer_icc.swf" "Mozilla/5.0 (Windows NT 6.0; rv:37.0) Gecko/20100101 Firefox/37.0 DT-Browser/DTB7.37.0.3_01"
79.242.184.65 - - [03/May/2015:21:54:05 +0200] "GET /Galerie/images/088.jpg HTTP/1.1" 200 223591 "http://www.skingraphix.de/Galerie/svcore/swf/simpleviewer_icc.swf" "Mozilla/5.0 (Windows NT 6.0; rv:37.0) Gecko/20100101 Firefox/37.0 DT-Browser/DTB7.37.0.3_01"
79.242.184.65 - - [03/May/2015:21:54:05 +0200] "GET /Galerie/images/080.jpg HTTP/1.1" 200 321979 "http://www.skingraphix.de/Galerie/svcore/swf/simpleviewer_icc.swf" "Mozilla/5.0 (Windows NT 6.0; rv:37.0) Gecko/20100101 Firefox/37.0 DT-Browser/DTB7.37.0.3_01"
79.242.184.65 - - [03/May/2015:21:54:05 +0200] "GET /Galerie/images/081.jpg HTTP/1.1" 200 46082 "http://www.skingraphix.de/Galerie/svcore/swf/simpleviewer_icc.swf" "Mozilla/5.0 (Windows NT 6.0; rv:37.0) Gecko/20100101 Firefox/37.0 DT-Browser/DTB7.37.0.3_01"
79.242.184.65 - - [03/May/2015:21:54:05 +0200] "GET /Galerie/images/085.jpg HTTP/1.1" 200 282355 "http://www.skingraphix.de/Galerie/svcore/swf/simpleviewer_icc.swf" "Mozilla/5.0 (Windows NT 6.0; rv:37.0) Gecko/20100101 Firefox/37.0 DT-Browser/DTB7.37.0.3_01"
79.242.184.65 - - [03/May/2015:21:54:06 +0200] "GET /Galerie/images/079.jpg HTTP/1.1" 200 317131 "http://www.skingraphix.de/Galerie/svcore/swf/simpleviewer_icc.swf" "Mozilla/5.0 (Windows NT 6.0; rv:37.0) Gecko/20100101 Firefox/37.0 DT-Browser/DTB7.37.0.3_01"
79.242.184.65 - - [03/May/2015:21:54:06 +0200] "GET /Galerie/images/077.jpg HTTP/1.1" 200 617172 "http://www.skingraphix.de/Galerie/svcore/swf/simpleviewer_icc.swf" "Mozilla/5.0 (Windows NT 6.0; rv:37.0) Gecko/20100101 Firefox/37.0 DT-Browser/DTB7.37.0.3_01"
79.242.184.65 - - [03/May/2015:21:54:07 +0200] "GET /Galerie/images/086.jpg HTTP/1.1" 200 404339 "http://www.skingraphix.de/Galerie/svcore/swf/simpleviewer_icc.swf" "Mozilla/5.0 (Windows NT 6.0; rv:37.0) Gecko/20100101 Firefox/37.0 DT-Browser/DTB7.37.0.3_01"
79.242.184.65 - - [03/May/2015:21:54:07 +0200] "GET /Galerie/images/087.jpg HTTP/1.1" 200 375720 "http://www.skingraphix.de/Galerie/svcore/swf/simpleviewer_icc.swf" "Mozilla/5.0 (Windows NT 6.0; rv:37.0) Gecko/20100101 Firefox/37.0 DT-Browser/DTB7.37.0.3_01"
79.242.184.65 - - [03/May/2015:21:54:07 +0200] "GET /Galerie/images/083.jpg HTTP/1.1" 200 435948 "http://www.skingraphix.de/Galerie/svcore/swf/simpleviewer_icc.swf" "Mozilla/5.0 (Windows NT 6.0; rv:37.0) Gecko/20100101 Firefox/37.0 DT-Browser/DTB7.37.0.3_01"
79.242.184.65 - - [03/May/2015:21:54:08 +0200] "GET /Galerie/images/084.jpg HTTP/1.1" 200 238482 "http://www.skingraphix.de/Galerie/svcore/swf/simpleviewer_icc.swf" "Mozilla/5.0 (Windows NT 6.0; rv:37.0) Gecko/20100101 Firefox/37.0 DT-Browser/DTB7.37.0.3_01"
79.242.184.65 - - [03/May/2015:21:54:08 +0200] "GET /Galerie/images/082.jpg HTTP/1.1" 200 356047 "http://www.skingraphix.de/Galerie/svcore/swf/simpleviewer_icc.swf" "Mozilla/5.0 (Windows NT 6.0; rv:37.0) Gecko/20100101 Firefox/37.0 DT-Browser/DTB7.37.0.3_01"
79.242.184.65 - - [03/May/2015:21:54:08 +0200] "GET /Galerie/images/076.jpg HTTP/1.1" 200 329429 "http://www.skingraphix.de/Galerie/svcore/swf/simpleviewer_icc.swf" "Mozilla/5.0 (Windows NT 6.0; rv:37.0) Gecko/20100101 Firefox/37.0 DT-Browser/DTB7.37.0.3_01"
88.74.193.153 - - [03/May/2015:21:54:09 +0200] "GET /home.html HTTP/1.1" 200 5229 "http://www.skingraphix.de/" "Mozilla/5.0 (Windows NT 6.3; WOW64; Trident/7.0; rv:11.0) like Gecko"
88.74.193.153 - - [03/May/2015:21:54:09 +0200] "GET /css/style.css HTTP/1.1" 200 6865 "http://www.skingraphix.de/home.html" "Mozilla/5.0 (Windows NT 6.3; WOW64; Trident/7.0; rv:11.0) like Gecko"
79.242.184.65 - - [03/May/2015:21:54:09 +0200] "GET /Galerie/images/075.jpg HTTP/1.1" 200 446858 "http://www.skingraphix.de/Galerie/svcore/swf/simpleviewer_icc.swf" "Mozilla/5.0 (Windows NT 6.0; rv:37.0) Gecko/20100101 Firefox/37.0 DT-Browser/DTB7.37.0.3_01"
88.74.193.153 - - [03/May/2015:21:54:09 +0200] "GET /images/border_unten.jpg HTTP/1.1" 200 39329 "http://www.skingraphix.de/home.html" "Mozilla/5.0 (Windows NT 6.3; WOW64; Trident/7.0; rv:11.0) like Gecko"
88.74.193.153 - - [03/May/2015:21:54:09 +0200] "GET /images/border_oben.jpg HTTP/1.1" 200 74111 "http://www.skingraphix.de/home.html" "Mozilla/5.0 (Windows NT 6.3; WOW64; Trident/7.0; rv:11.0) like Gecko"
79.242.184.65 - - [03/May/2015:21:54:09 +0200] "GET /Galerie/images/072.jpg HTTP/1.1" 200 308057 "http://www.skingraphix.de/Galerie/svcore/swf/simpleviewer_icc.swf" "Mozilla/5.0 (Windows NT 6.0; rv:37.0) Gecko/20100101 Firefox/37.0 DT-Browser/DTB7.37.0.3_01"
88.74.193.153 - - [03/May/2015:21:54:09 +0200] "GET /images/fb.png HTTP/1.1" 200 3636 "http://www.skingraphix.de/home.html" "Mozilla/5.0 (Windows NT 6.3; WOW64; Trident/7.0; rv:11.0) like Gecko"
88.74.193.153 - - [03/May/2015:21:54:09 +0200] "GET /st_1.jpg HTTP/1.1" 200 152516 "http://www.skingraphix.de/home.html" "Mozilla/5.0 (Windows NT 6.3; WOW64; Trident/7.0; rv:11.0) like Gecko"
88.74.193.153 - - [03/May/2015:21:54:09 +0200] "GET /images/1899483_603111953109178_1188816933_o.jpg HTTP/1.1" 200 554368 "http://www.skingraphix.de/home.html" "Mozilla/5.0 (Windows NT 6.3; WOW64; Trident/7.0; rv:11.0) like Gecko"
79.242.184.65 - - [03/May/2015:21:54:12 +0200] "GET /Galerie/thumbs/070.jpg HTTP/1.1" 200 2664 "http://www.skingraphix.de/Galerie/svcore/swf/simpleviewer_icc.swf" "Mozilla/5.0 (Windows NT 6.0; rv:37.0) Gecko/20100101 Firefox/37.0 DT-Browser/DTB7.37.0.3_01"
79.242.184.65 - - [03/May/2015:21:54:12 +0200] "GET /Galerie/thumbs/069.jpg HTTP/1.1" 200 3327 "http://www.skingraphix.de/Galerie/svcore/swf/simpleviewer_icc.swf" "Mozilla/5.0 (Windows NT 6.0; rv:37.0) Gecko/20100101 Firefox/37.0 DT-Browser/DTB7.37.0.3_01"
79.242.184.65 - - [03/May/2015:21:54:12 +0200] "GET /Galerie/thumbs/067.jpg HTTP/1.1" 200 2841 "http://www.skingraphix.de/Galerie/svcore/swf/simpleviewer_icc.swf" "Mozilla/5.0 (Windows NT 6.0; rv:37.0) Gecko/20100101 Firefox/37.0 DT-Browser/DTB7.37.0.3_01"
79.242.184.65 - - [03/May/2015:21:54:12 +0200] "GET /Galerie/thumbs/068.jpg HTTP/1.1" 200 3160 "http://www.skingraphix.de/Galerie/svcore/swf/simpleviewer_icc.swf" "Mozilla/5.0 (Windows NT 6.0; rv:37.0) Gecko/20100101 Firefox/37.0 DT-Browser/DTB7.37.0.3_01"
79.242.184.65 - - [03/May/2015:21:54:13 +0200] "GET /Galerie/thumbs/066.jpg HTTP/1.1" 200 2803 "http://www.skingraphix.de/Galerie/svcore/swf/simpleviewer_icc.swf" "Mozilla/5.0 (Windows NT 6.0; rv:37.0) Gecko/20100101 Firefox/37.0 DT-Browser/DTB7.37.0.3_01"
79.242.184.65 - - [03/May/2015:21:54:13 +0200] "GET /Galerie/thumbs/065.jpg HTTP/1.1" 200 3002 "http://www.skingraphix.de/Galerie/svcore/swf/simpleviewer_icc.swf" "Mozilla/5.0 (Windows NT 6.0; rv:37.0) Gecko/20100101 Firefox/37.0 DT-Browser/DTB7.37.0.3_01"
79.242.184.65 - - [03/May/2015:21:54:13 +0200] "GET /Galerie/thumbs/063.jpg HTTP/1.1" 200 2209 "http://www.skingraphix.de/Galerie/svcore/swf/simpleviewer_icc.swf" "Mozilla/5.0 (Windows NT 6.0; rv:37.0) Gecko/20100101 Firefox/37.0 DT-Browser/DTB7.37.0.3_01"
79.242.184.65 - - [03/May/2015:21:54:12 +0200] "GET /Galerie/images/070.jpg HTTP/1.1" 200 357174 "http://www.skingraphix.de/Galerie/svcore/swf/simpleviewer_icc.swf" "Mozilla/5.0 (Windows NT 6.0; rv:37.0) Gecko/20100101 Firefox/37.0 DT-Browser/DTB7.37.0.3_01"
79.242.184.65 - - [03/May/2015:21:54:13 +0200] "GET /Galerie/thumbs/064.jpg HTTP/1.1" 200 2821 "http://www.skingraphix.de/Galerie/svcore/swf/simpleviewer_icc.swf" "Mozilla/5.0 (Windows NT 6.0; rv:37.0) Gecko/20100101 Firefox/37.0 DT-Browser/DTB7.37.0.3_01"
79.242.184.65 - - [03/May/2015:21:54:13 +0200] "GET /Galerie/thumbs/062.jpg HTTP/1.1" 200 3759 "http://www.skingraphix.de/Galerie/svcore/swf/simpleviewer_icc.swf" "Mozilla/5.0 (Windows NT 6.0; rv:37.0) Gecko/20100101 Firefox/37.0 DT-Browser/DTB7.37.0.3_01"
79.242.184.65 - - [03/May/2015:21:54:13 +0200] "GET /Galerie/thumbs/061.jpg HTTP/1.1" 200 3138 "http://www.skingraphix.de/Galerie/svcore/swf/simpleviewer_icc.swf" "Mozilla/5.0 (Windows NT 6.0; rv:37.0) Gecko/20100101 Firefox/37.0 DT-Browser/DTB7.37.0.3_01"
79.242.184.65 - - [03/May/2015:21:54:13 +0200] "GET /Galerie/images/069.jpg HTTP/1.1" 200 299092 "http://www.skingraphix.de/Galerie/svcore/swf/simpleviewer_icc.swf" "Mozilla/5.0 (Windows NT 6.0; rv:37.0) Gecko/20100101 Firefox/37.0 DT-Browser/DTB7.37.0.3_01"
79.242.184.65 - - [03/May/2015:21:54:13 +0200] "GET /Galerie/thumbs/060.jpg HTTP/1.1" 200 3328 "http://www.skingraphix.de/Galerie/svcore/swf/simpleviewer_icc.swf" "Mozilla/5.0 (Windows NT 6.0; rv:37.0) Gecko/20100101 Firefox/37.0 DT-Browser/DTB7.37.0.3_01"
79.242.184.65 - - [03/May/2015:21:54:13 +0200] "GET /Galerie/thumbs/059.jpg HTTP/1.1" 200 3006 "http://www.skingraphix.de/Galerie/svcore/swf/simpleviewer_icc.swf" "Mozilla/5.0 (Windows NT 6.0; rv:37.0) Gecko/20100101 Firefox/37.0 DT-Browser/DTB7.37.0.3_01"
79.242.184.65 - - [03/May/2015:21:54:13 +0200] "GET /Galerie/thumbs/058.jpg HTTP/1.1" 200 2972 "http://www.skingraphix.de/Galerie/svcore/swf/simpleviewer_icc.swf" "Mozilla/5.0 (Windows NT 6.0; rv:37.0) Gecko/20100101 Firefox/37.0 DT-Browser/DTB7.37.0.3_01"
79.242.184.65 - - [03/May/2015:21:54:13 +0200] "GET /Galerie/images/067.jpg HTTP/1.1" 200 200559 "http://www.skingraphix.de/Galerie/svcore/swf/simpleviewer_icc.swf" "Mozilla/5.0 (Windows NT 6.0; rv:37.0) Gecko/20100101 Firefox/37.0 DT-Browser/DTB7.37.0.3_01"
79.242.184.65 - - [03/May/2015:21:54:13 +0200] "GET /Galerie/thumbs/057.jpg HTTP/1.1" 200 2641 "http://www.skingraphix.de/Galerie/svcore/swf/simpleviewer_icc.swf" "Mozilla/5.0 (Windows NT 6.0; rv:37.0) Gecko/20100101 Firefox/37.0 DT-Browser/DTB7.37.0.3_01"
79.242.184.65 - - [03/May/2015:21:54:13 +0200] "GET /Galerie/thumbs/055.jpg HTTP/1.1" 200 2268 "http://www.skingraphix.de/Galerie/svcore/swf/simpleviewer_icc.swf" "Mozilla/5.0 (Windows NT 6.0; rv:37.0) Gecko/20100101 Firefox/37.0 DT-Browser/DTB7.37.0.3_01"
79.242.184.65 - - [03/May/2015:21:54:13 +0200] "GET /Galerie/thumbs/056.jpg HTTP/1.1" 200 2786 "http://www.skingraphix.de/Galerie/svcore/swf/simpleviewer_icc.swf" "Mozilla/5.0 (Windows NT 6.0; rv:37.0) Gecko/20100101 Firefox/37.0 DT-Browser/DTB7.37.0.3_01"
79.242.184.65 - - [03/May/2015:21:54:13 +0200] "GET /Galerie/thumbs/054.jpg HTTP/1.1" 200 2334 "http://www.skingraphix.de/Galerie/svcore/swf/simpleviewer_icc.swf" "Mozilla/5.0 (Windows NT 6.0; rv:37.0) Gecko/20100101 Firefox/37.0 DT-Browser/DTB7.37.0.3_01"
79.242.184.65 - - [03/May/2015:21:54:13 +0200] "GET /Galerie/thumbs/052.jpg HTTP/1.1" 200 3237 "http://www.skingraphix.de/Galerie/svcore/swf/simpleviewer_icc.swf" "Mozilla/5.0 (Windows NT 6.0; rv:37.0) Gecko/20100101 Firefox/37.0 DT-Browser/DTB7.37.0.3_01"
79.242.184.65 - - [03/May/2015:21:54:14 +0200] "GET /Galerie/thumbs/053.jpg HTTP/1.1" 200 2829 "http://www.skingraphix.de/Galerie/svcore/swf/simpleviewer_icc.swf" "Mozilla/5.0 (Windows NT 6.0; rv:37.0) Gecko/20100101 Firefox/37.0 DT-Browser/DTB7.37.0.3_01"
79.242.184.65 - - [03/May/2015:21:54:14 +0200] "GET /Galerie/thumbs/051.jpg HTTP/1.1" 200 2533 "http://www.skingraphix.de/Galerie/svcore/swf/simpleviewer_icc.swf" "Mozilla/5.0 (Windows NT 6.0; rv:37.0) Gecko/20100101 Firefox/37.0 DT-Browser/DTB7.37.0.3_01"
79.242.184.65 - - [03/May/2015:21:54:14 +0200] "GET /Galerie/images/068.jpg HTTP/1.1" 200 358829 "http://www.skingraphix.de/Galerie/svcore/swf/simpleviewer_icc.swf" "Mozilla/5.0 (Windows NT 6.0; rv:37.0) Gecko/20100101 Firefox/37.0 DT-Browser/DTB7.37.0.3_01"
79.242.184.65 - - [03/May/2015:21:54:14 +0200] "GET /Galerie/images/066.jpg HTTP/1.1" 200 305628 "http://www.skingraphix.de/Galerie/svcore/swf/simpleviewer_icc.swf" "Mozilla/5.0 (Windows NT 6.0; rv:37.0) Gecko/20100101 Firefox/37.0 DT-Browser/DTB7.37.0.3_01"
79.242.184.65 - - [03/May/2015:21:54:14 +0200] "GET /Galerie/images/065.jpg HTTP/1.1" 200 258591 "http://www.skingraphix.de/Galerie/svcore/swf/simpleviewer_icc.swf" "Mozilla/5.0 (Windows NT 6.0; rv:37.0) Gecko/20100101 Firefox/37.0 DT-Browser/DTB7.37.0.3_01"
79.242.184.65 - - [03/May/2015:21:54:15 +0200] "GET /Galerie/images/063.jpg HTTP/1.1" 200 185011 "http://www.skingraphix.de/Galerie/svcore/swf/simpleviewer_icc.swf" "Mozilla/5.0 (Windows NT 6.0; rv:37.0) Gecko/20100101 Firefox/37.0 DT-Browser/DTB7.37.0.3_01"
79.242.184.65 - - [03/May/2015:21:54:15 +0200] "GET /Galerie/images/064.jpg HTTP/1.1" 200 298106 "http://www.skingraphix.de/Galerie/svcore/swf/simpleviewer_icc.swf" "Mozilla/5.0 (Windows NT 6.0; rv:37.0) Gecko/20100101 Firefox/37.0 DT-Browser/DTB7.37.0.3_01"
79.242.184.65 - - [03/May/2015:21:54:15 +0200] "GET /Galerie/images/062.jpg HTTP/1.1" 200 480346 "http://www.skingraphix.de/Galerie/svcore/swf/simpleviewer_icc.swf" "Mozilla/5.0 (Windows NT 6.0; rv:37.0) Gecko/20100101 Firefox/37.0 DT-Browser/DTB7.37.0.3_01"
79.242.184.65 - - [03/May/2015:21:54:16 +0200] "GET /Galerie/images/061.jpg HTTP/1.1" 200 255857 "http://www.skingraphix.de/Galerie/svcore/swf/simpleviewer_icc.swf" "Mozilla/5.0 (Windows NT 6.0; rv:37.0) Gecko/20100101 Firefox/37.0 DT-Browser/DTB7.37.0.3_01"
79.242.184.65 - - [03/May/2015:21:54:16 +0200] "GET /Galerie/images/060.jpg HTTP/1.1" 200 276657 "http://www.skingraphix.de/Galerie/svcore/swf/simpleviewer_icc.swf" "Mozilla/5.0 (Windows NT 6.0; rv:37.0) Gecko/20100101 Firefox/37.0 DT-Browser/DTB7.37.0.3_01"
79.242.184.65 - - [03/May/2015:21:54:17 +0200] "GET /Galerie/images/059.jpg HTTP/1.1" 200 293064 "http://www.skingraphix.de/Galerie/svcore/swf/simpleviewer_icc.swf" "Mozilla/5.0 (Windows NT 6.0; rv:37.0) Gecko/20100101 Firefox/37.0 DT-Browser/DTB7.37.0.3_01"
79.242.184.65 - - [03/May/2015:21:54:17 +0200] "GET /Galerie/images/058.jpg HTTP/1.1" 200 333410 "http://www.skingraphix.de/Galerie/svcore/swf/simpleviewer_icc.swf" "Mozilla/5.0 (Windows NT 6.0; rv:37.0) Gecko/20100101 Firefox/37.0 DT-Browser/DTB7.37.0.3_01"
79.242.184.65 - - [03/May/2015:21:54:17 +0200] "GET /Galerie/images/057.jpg HTTP/1.1" 200 281286 "http://www.skingraphix.de/Galerie/svcore/swf/simpleviewer_icc.swf" "Mozilla/5.0 (Windows NT 6.0; rv:37.0) Gecko/20100101 Firefox/37.0 DT-Browser/DTB7.37.0.3_01"
79.242.184.65 - - [03/May/2015:21:54:17 +0200] "GET /Galerie/images/055.jpg HTTP/1.1" 200 227602 "http://www.skingraphix.de/Galerie/svcore/swf/simpleviewer_icc.swf" "Mozilla/5.0 (Windows NT 6.0; rv:37.0) Gecko/20100101 Firefox/37.0 DT-Browser/DTB7.37.0.3_01"
79.242.184.65 - - [03/May/2015:21:54:18 +0200] "GET /Galerie/images/056.jpg HTTP/1.1" 200 619698 "http://www.skingraphix.de/Galerie/svcore/swf/simpleviewer_icc.swf" "Mozilla/5.0 (Windows NT 6.0; rv:37.0) Gecko/20100101 Firefox/37.0 DT-Browser/DTB7.37.0.3_01"
79.242.184.65 - - [03/May/2015:21:54:18 +0200] "GET /Galerie/images/054.jpg HTTP/1.1" 200 272062 "http://www.skingraphix.de/Galerie/svcore/swf/simpleviewer_icc.swf" "Mozilla/5.0 (Windows NT 6.0; rv:37.0) Gecko/20100101 Firefox/37.0 DT-Browser/DTB7.37.0.3_01"
79.242.184.65 - - [03/May/2015:21:54:19 +0200] "GET /Galerie/images/052.jpg HTTP/1.1" 200 294675 "http://www.skingraphix.de/Galerie/svcore/swf/simpleviewer_icc.swf" "Mozilla/5.0 (Windows NT 6.0; rv:37.0) Gecko/20100101 Firefox/37.0 DT-Browser/DTB7.37.0.3_01"
79.242.184.65 - - [03/May/2015:21:54:19 +0200] "GET /Galerie/images/053.jpg HTTP/1.1" 200 267845 "http://www.skingraphix.de/Galerie/svcore/swf/simpleviewer_icc.swf" "Mozilla/5.0 (Windows NT 6.0; rv:37.0) Gecko/20100101 Firefox/37.0 DT-Browser/DTB7.37.0.3_01"
79.242.184.65 - - [03/May/2015:21:54:19 +0200] "GET /Galerie/images/051.jpg HTTP/1.1" 200 265539 "http://www.skingraphix.de/Galerie/svcore/swf/simpleviewer_icc.swf" "Mozilla/5.0 (Windows NT 6.0; rv:37.0) Gecko/20100101 Firefox/37.0 DT-Browser/DTB7.37.0.3_01"
88.74.193.153 - - [03/May/2015:21:54:28 +0200] "GET /tattoos.html HTTP/1.1" 200 4808 "http://www.skingraphix.de/home.html" "Mozilla/5.0 (Windows NT 6.3; WOW64; Trident/7.0; rv:11.0) like Gecko"
88.74.193.153 - - [03/May/2015:21:54:28 +0200] "GET /Galerie/index.html HTTP/1.1" 200 567 "http://www.skingraphix.de/tattoos.html" "Mozilla/5.0 (Windows NT 6.3; WOW64; Trident/7.0; rv:11.0) like Gecko"
88.74.193.153 - - [03/May/2015:21:54:28 +0200] "GET /Galerie/svcore/js/simpleviewer.js HTTP/1.1" 200 109788 "http://www.skingraphix.de/Galerie/index.html" "Mozilla/5.0 (Windows NT 6.3; WOW64; Trident/7.0; rv:11.0) like Gecko"
88.74.193.153 - - [03/May/2015:21:54:29 +0200] "GET /Galerie/svcore/js/swfobject.js HTTP/1.1" 200 10220 "http://www.skingraphix.de/Galerie/index.html" "Mozilla/5.0 (Windows NT 6.3; WOW64; Trident/7.0; rv:11.0) like Gecko"
88.74.193.153 - - [03/May/2015:21:54:29 +0200] "GET /Galerie/svcore/css/simpleviewer.css HTTP/1.1" 200 6492 "http://www.skingraphix.de/Galerie/index.html" "Mozilla/5.0 (Windows NT 6.3; WOW64; Trident/7.0; rv:11.0) like Gecko"
88.74.193.153 - - [03/May/2015:21:54:30 +0200] "GET /Galerie/svcore/swf/simpleviewer_icc.swf HTTP/1.1" 200 79473 "http://www.skingraphix.de/Galerie/index.html" "Mozilla/5.0 (Windows NT 6.3; WOW64; Trident/7.0; rv:11.0) like Gecko"
79.242.184.65 - - [03/May/2015:21:54:30 +0200] "GET /Galerie/thumbs/050.jpg HTTP/1.1" 200 2969 "http://www.skingraphix.de/Galerie/svcore/swf/simpleviewer_icc.swf" "Mozilla/5.0 (Windows NT 6.0; rv:37.0) Gecko/20100101 Firefox/37.0 DT-Browser/DTB7.37.0.3_01"
79.242.184.65 - - [03/May/2015:21:54:30 +0200] "GET /Galerie/thumbs/048.jpg HTTP/1.1" 200 3094 "http://www.skingraphix.de/Galerie/svcore/swf/simpleviewer_icc.swf" "Mozilla/5.0 (Windows NT 6.0; rv:37.0) Gecko/20100101 Firefox/37.0 DT-Browser/DTB7.37.0.3_01"
79.242.184.65 - - [03/May/2015:21:54:30 +0200] "GET /Galerie/thumbs/047.jpg HTTP/1.1" 200 3141 "http://www.skingraphix.de/Galerie/svcore/swf/simpleviewer_icc.swf" "Mozilla/5.0 (Windows NT 6.0; rv:37.0) Gecko/20100101 Firefox/37.0 DT-Browser/DTB7.37.0.3_01"
79.242.184.65 - - [03/May/2015:21:54:30 +0200] "GET /Galerie/thumbs/046.jpg HTTP/1.1" 200 2829 "http://www.skingraphix.de/Galerie/svcore/swf/simpleviewer_icc.swf" "Mozilla/5.0 (Windows NT 6.0; rv:37.0) Gecko/20100101 Firefox/37.0 DT-Browser/DTB7.37.0.3_01"
79.242.184.65 - - [03/May/2015:21:54:31 +0200] "GET /Galerie/thumbs/044.jpg HTTP/1.1" 200 2780 "http://www.skingraphix.de/Galerie/svcore/swf/simpleviewer_icc.swf" "Mozilla/5.0 (Windows NT 6.0; rv:37.0) Gecko/20100101 Firefox/37.0 DT-Browser/DTB7.37.0.3_01"
79.242.184.65 - - [03/May/2015:21:54:31 +0200] "GET /Galerie/thumbs/043.jpg HTTP/1.1" 200 3425 "http://www.skingraphix.de/Galerie/svcore/swf/simpleviewer_icc.swf" "Mozilla/5.0 (Windows NT 6.0; rv:37.0) Gecko/20100101 Firefox/37.0 DT-Browser/DTB7.37.0.3_01"
79.242.184.65 - - [03/May/2015:21:54:30 +0200] "GET /Galerie/images/050.jpg HTTP/1.1" 200 284509 "http://www.skingraphix.de/Galerie/svcore/swf/simpleviewer_icc.swf" "Mozilla/5.0 (Windows NT 6.0; rv:37.0) Gecko/20100101 Firefox/37.0 DT-Browser/DTB7.37.0.3_01"
79.242.184.65 - - [03/May/2015:21:54:31 +0200] "GET /Galerie/thumbs/039.jpg HTTP/1.1" 200 2835 "http://www.skingraphix.de/Galerie/svcore/swf/simpleviewer_icc.swf" "Mozilla/5.0 (Windows NT 6.0; rv:37.0) Gecko/20100101 Firefox/37.0 DT-Browser/DTB7.37.0.3_01"
79.242.184.65 - - [03/May/2015:21:54:31 +0200] "GET /Galerie/thumbs/040.jpg HTTP/1.1" 200 2941 "http://www.skingraphix.de/Galerie/svcore/swf/simpleviewer_icc.swf" "Mozilla/5.0 (Windows NT 6.0; rv:37.0) Gecko/20100101 Firefox/37.0 DT-Browser/DTB7.37.0.3_01"
79.242.184.65 - - [03/May/2015:21:54:31 +0200] "GET /Galerie/thumbs/038.jpg HTTP/1.1" 200 3035 "http://www.skingraphix.de/Galerie/svcore/swf/simpleviewer_icc.swf" "Mozilla/5.0 (Windows NT 6.0; rv:37.0) Gecko/20100101 Firefox/37.0 DT-Browser/DTB7.37.0.3_01"
88.74.193.153 - - [03/May/2015:21:54:31 +0200] "GET /Galerie/gallery.xml HTTP/1.1" 200 14174 "http://www.skingraphix.de/Galerie/svcore/swf/simpleviewer_icc.swf" "Mozilla/5.0 (Windows NT 6.3; WOW64; Trident/7.0; rv:11.0) like Gecko"
79.242.184.65 - - [03/May/2015:21:54:31 +0200] "GET /Galerie/images/048.jpg HTTP/1.1" 200 283855 "http://www.skingraphix.de/Galerie/svcore/swf/simpleviewer_icc.swf" "Mozilla/5.0 (Windows NT 6.0; rv:37.0) Gecko/20100101 Firefox/37.0 DT-Browser/DTB7.37.0.3_01"
79.242.184.65 - - [03/May/2015:21:54:31 +0200] "GET /Galerie/thumbs/035.jpg HTTP/1.1" 200 3360 "http://www.skingraphix.de/Galerie/svcore/swf/simpleviewer_icc.swf" "Mozilla/5.0 (Windows NT 6.0; rv:37.0) Gecko/20100101 Firefox/37.0 DT-Browser/DTB7.37.0.3_01"
79.242.184.65 - - [03/May/2015:21:54:31 +0200] "GET /Galerie/thumbs/036.jpg HTTP/1.1" 200 2936 "http://www.skingraphix.de/Galerie/svcore/swf/simpleviewer_icc.swf" "Mozilla/5.0 (Windows NT 6.0; rv:37.0) Gecko/20100101 Firefox/37.0 DT-Browser/DTB7.37.0.3_01"
79.242.184.65 - - [03/May/2015:21:54:31 +0200] "GET /Galerie/thumbs/032.jpg HTTP/1.1" 200 4025 "http://www.skingraphix.de/Galerie/svcore/swf/simpleviewer_icc.swf" "Mozilla/5.0 (Windows NT 6.0; rv:37.0) Gecko/20100101 Firefox/37.0 DT-Browser/DTB7.37.0.3_01"
79.242.184.65 - - [03/May/2015:21:54:31 +0200] "GET /Galerie/thumbs/033.jpg HTTP/1.1" 200 2798 "http://www.skingraphix.de/Galerie/svcore/swf/simpleviewer_icc.swf" "Mozilla/5.0 (Windows NT 6.0; rv:37.0) Gecko/20100101 Firefox/37.0 DT-Browser/DTB7.37.0.3_01"
79.242.184.65 - - [03/May/2015:21:54:31 +0200] "GET /Galerie/thumbs/031.jpg HTTP/1.1" 200 2722 "http://www.skingraphix.de/Galerie/svcore/swf/simpleviewer_icc.swf" "Mozilla/5.0 (Windows NT 6.0; rv:37.0) Gecko/20100101 Firefox/37.0 DT-Browser/DTB7.37.0.3_01"
79.242.184.65 - - [03/May/2015:21:54:31 +0200] "GET /Galerie/thumbs/030.jpg HTTP/1.1" 200 2823 "http://www.skingraphix.de/Galerie/svcore/swf/simpleviewer_icc.swf" "Mozilla/5.0 (Windows NT 6.0; rv:37.0) Gecko/20100101 Firefox/37.0 DT-Browser/DTB7.37.0.3_01"
79.242.184.65 - - [03/May/2015:21:54:31 +0200] "GET /Galerie/thumbs/028.jpg HTTP/1.1" 200 2964 "http://www.skingraphix.de/Galerie/svcore/swf/simpleviewer_icc.swf" "Mozilla/5.0 (Windows NT 6.0; rv:37.0) Gecko/20100101 Firefox/37.0 DT-Browser/DTB7.37.0.3_01"
79.242.184.65 - - [03/May/2015:21:54:31 +0200] "GET /Galerie/thumbs/027.jpg HTTP/1.1" 200 3069 "http://www.skingraphix.de/Galerie/svcore/swf/simpleviewer_icc.swf" "Mozilla/5.0 (Windows NT 6.0; rv:37.0) Gecko/20100101 Firefox/37.0 DT-Browser/DTB7.37.0.3_01"
79.242.184.65 - - [03/May/2015:21:54:31 +0200] "GET /Galerie/thumbs/029.jpg HTTP/1.1" 200 3295 "http://www.skingraphix.de/Galerie/svcore/swf/simpleviewer_icc.swf" "Mozilla/5.0 (Windows NT 6.0; rv:37.0) Gecko/20100101 Firefox/37.0 DT-Browser/DTB7.37.0.3_01"
88.74.193.153 - - [03/May/2015:21:54:32 +0200] "GET /Galerie/thumbs/1.jpg HTTP/1.1" 200 3570 "http://www.skingraphix.de/Galerie/svcore/swf/simpleviewer_icc.swf" "Mozilla/5.0 (Windows NT 6.3; WOW64; Trident/7.0; rv:11.0) like Gecko"
79.242.184.65 - - [03/May/2015:21:54:32 +0200] "GET /Galerie/thumbs/026.jpg HTTP/1.1" 200 3548 "http://www.skingraphix.de/Galerie/svcore/swf/simpleviewer_icc.swf" "Mozilla/5.0 (Windows NT 6.0; rv:37.0) Gecko/20100101 Firefox/37.0 DT-Browser/DTB7.37.0.3_01"
88.74.193.153 - - [03/May/2015:21:54:32 +0200] "GET /Galerie/images/2.jpg HTTP/1.1" 200 31975 "http://www.skingraphix.de/Galerie/svcore/swf/simpleviewer_icc.swf" "Mozilla/5.0 (Windows NT 6.3; WOW64; Trident/7.0; rv:11.0) like Gecko"
79.242.184.65 - - [03/May/2015:21:54:32 +0200] "GET /Galerie/thumbs/024.jpg HTTP/1.1" 200 2884 "http://www.skingraphix.de/Galerie/svcore/swf/simpleviewer_icc.swf" "Mozilla/5.0 (Windows NT 6.0; rv:37.0) Gecko/20100101 Firefox/37.0 DT-Browser/DTB7.37.0.3_01"
88.74.193.153 - - [03/May/2015:21:54:32 +0200] "GET /Galerie/thumbs/2.jpg HTTP/1.1" 200 2674 "http://www.skingraphix.de/Galerie/svcore/swf/simpleviewer_icc.swf" "Mozilla/5.0 (Windows NT 6.3; WOW64; Trident/7.0; rv:11.0) like Gecko"
79.242.184.65 - - [03/May/2015:21:54:31 +0200] "GET /Galerie/images/047.jpg HTTP/1.1" 200 561957 "http://www.skingraphix.de/Galerie/svcore/swf/simpleviewer_icc.swf" "Mozilla/5.0 (Windows NT 6.0; rv:37.0) Gecko/20100101 Firefox/37.0 DT-Browser/DTB7.37.0.3_01"
88.74.193.153 - - [03/May/2015:21:54:32 +0200] "GET /Galerie/images/1.jpg HTTP/1.1" 200 250817 "http://www.skingraphix.de/Galerie/svcore/swf/simpleviewer_icc.swf" "Mozilla/5.0 (Windows NT 6.3; WOW64; Trident/7.0; rv:11.0) like Gecko"
79.242.184.65 - - [03/May/2015:21:54:32 +0200] "GET /Galerie/images/046.jpg HTTP/1.1" 200 437195 "http://www.skingraphix.de/Galerie/svcore/swf/simpleviewer_icc.swf" "Mozilla/5.0 (Windows NT 6.0; rv:37.0) Gecko/20100101 Firefox/37.0 DT-Browser/DTB7.37.0.3_01"
88.74.193.153 - - [03/May/2015:21:54:32 +0200] "GET /Galerie/thumbs/3.jpg HTTP/1.1" 200 3136 "http://www.skingraphix.de/Galerie/svcore/swf/simpleviewer_icc.swf" "Mozilla/5.0 (Windows NT 6.3; WOW64; Trident/7.0; rv:11.0) like Gecko"
79.242.184.65 - - [03/May/2015:21:54:33 +0200] "GET /Galerie/images/044.jpg HTTP/1.1" 200 324754 "http://www.skingraphix.de/Galerie/svcore/swf/simpleviewer_icc.swf" "Mozilla/5.0 (Windows NT 6.0; rv:37.0) Gecko/20100101 Firefox/37.0 DT-Browser/DTB7.37.0.3_01"
88.74.193.153 - - [03/May/2015:21:54:33 +0200] "GET /Galerie/thumbs/4.jpg HTTP/1.1" 200 2845 "http://www.skingraphix.de/Galerie/svcore/swf/simpleviewer_icc.swf" "Mozilla/5.0 (Windows NT 6.3; WOW64; Trident/7.0; rv:11.0) like Gecko"
88.74.193.153 - - [03/May/2015:21:54:32 +0200] "GET /Galerie/images/3.jpg HTTP/1.1" 200 219186 "http://www.skingraphix.de/Galerie/svcore/swf/simpleviewer_icc.swf" "Mozilla/5.0 (Windows NT 6.3; WOW64; Trident/7.0; rv:11.0) like Gecko"
88.74.193.153 - - [03/May/2015:21:54:34 +0200] "GET /Galerie/thumbs/5.jpg HTTP/1.1" 200 3049 "http://www.skingraphix.de/Galerie/svcore/swf/simpleviewer_icc.swf" "Mozilla/5.0 (Windows NT 6.3; WOW64; Trident/7.0; rv:11.0) like Gecko"
88.74.193.153 - - [03/May/2015:21:54:34 +0200] "GET /Galerie/images/4.jpg HTTP/1.1" 200 40713 "http://www.skingraphix.de/Galerie/svcore/swf/simpleviewer_icc.swf" "Mozilla/5.0 (Windows NT 6.3; WOW64; Trident/7.0; rv:11.0) like Gecko"
88.74.193.153 - - [03/May/2015:21:54:34 +0200] "GET /Galerie/thumbs/6.jpg HTTP/1.1" 200 3941 "http://www.skingraphix.de/Galerie/svcore/swf/simpleviewer_icc.swf" "Mozilla/5.0 (Windows NT 6.3; WOW64; Trident/7.0; rv:11.0) like Gecko"
88.74.193.153 - - [03/May/2015:21:54:34 +0200] "GET /Galerie/images/5.jpg HTTP/1.1" 200 63919 "http://www.skingraphix.de/Galerie/svcore/swf/simpleviewer_icc.swf" "Mozilla/5.0 (Windows NT 6.3; WOW64; Trident/7.0; rv:11.0) like Gecko"
88.74.193.153 - - [03/May/2015:21:54:34 +0200] "GET /Galerie/thumbs/7.jpg HTTP/1.1" 200 3024 "http://www.skingraphix.de/Galerie/svcore/swf/simpleviewer_icc.swf" "Mozilla/5.0 (Windows NT 6.3; WOW64; Trident/7.0; rv:11.0) like Gecko"
79.242.184.65 - - [03/May/2015:21:54:34 +0200] "GET /Galerie/images/043.jpg HTTP/1.1" 200 580582 "http://www.skingraphix.de/Galerie/svcore/swf/simpleviewer_icc.swf" "Mozilla/5.0 (Windows NT 6.0; rv:37.0) Gecko/20100101 Firefox/37.0 DT-Browser/DTB7.37.0.3_01"
88.74.193.153 - - [03/May/2015:21:54:34 +0200] "GET /Galerie/thumbs/8.jpg HTTP/1.1" 200 3020 "http://www.skingraphix.de/Galerie/svcore/swf/simpleviewer_icc.swf" "Mozilla/5.0 (Windows NT 6.3; WOW64; Trident/7.0; rv:11.0) like Gecko"
88.74.193.153 - - [03/May/2015:21:54:34 +0200] "GET /Galerie/thumbs/9.jpg HTTP/1.1" 200 3173 "http://www.skingraphix.de/Galerie/svcore/swf/simpleviewer_icc.swf" "Mozilla/5.0 (Windows NT 6.3; WOW64; Trident/7.0; rv:11.0) like Gecko"
88.74.193.153 - - [03/May/2015:21:54:35 +0200] "GET /Galerie/thumbs/10.jpg HTTP/1.1" 200 2699 "http://www.skingraphix.de/Galerie/svcore/swf/simpleviewer_icc.swf" "Mozilla/5.0 (Windows NT 6.3; WOW64; Trident/7.0; rv:11.0) like Gecko"
88.74.193.153 - - [03/May/2015:21:54:35 +0200] "GET /Galerie/thumbs/11.jpg HTTP/1.1" 200 2529 "http://www.skingraphix.de/Galerie/svcore/swf/simpleviewer_icc.swf" "Mozilla/5.0 (Windows NT 6.3; WOW64; Trident/7.0; rv:11.0) like Gecko"
79.242.184.65 - - [03/May/2015:21:54:35 +0200] "GET /Galerie/images/039.jpg HTTP/1.1" 200 122049 "http://www.skingraphix.de/Galerie/svcore/swf/simpleviewer_icc.swf" "Mozilla/5.0 (Windows NT 6.0; rv:37.0) Gecko/20100101 Firefox/37.0 DT-Browser/DTB7.37.0.3_01"
79.242.184.65 - - [03/May/2015:21:54:35 +0200] "GET /Galerie/images/040.jpg HTTP/1.1" 200 352818 "http://www.skingraphix.de/Galerie/svcore/swf/simpleviewer_icc.swf" "Mozilla/5.0 (Windows NT 6.0; rv:37.0) Gecko/20100101 Firefox/37.0 DT-Browser/DTB7.37.0.3_01"
88.74.193.153 - - [03/May/2015:21:54:36 +0200] "GET /Galerie/thumbs/12.jpg HTTP/1.1" 200 2829 "http://www.skingraphix.de/Galerie/svcore/swf/simpleviewer_icc.swf" "Mozilla/5.0 (Windows NT 6.3; WOW64; Trident/7.0; rv:11.0) like Gecko"
88.74.193.153 - - [03/May/2015:21:54:35 +0200] "GET /Galerie/images/7.jpg HTTP/1.1" 200 391752 "http://www.skingraphix.de/Galerie/svcore/swf/simpleviewer_icc.swf" "Mozilla/5.0 (Windows NT 6.3; WOW64; Trident/7.0; rv:11.0) like Gecko"
79.242.184.65 - - [03/May/2015:21:54:36 +0200] "GET /Galerie/images/038.jpg HTTP/1.1" 200 310059 "http://www.skingraphix.de/Galerie/svcore/swf/simpleviewer_icc.swf" "Mozilla/5.0 (Windows NT 6.0; rv:37.0) Gecko/20100101 Firefox/37.0 DT-Browser/DTB7.37.0.3_01"
88.74.193.153 - - [03/May/2015:21:54:36 +0200] "GET /Galerie/thumbs/13.jpg HTTP/1.1" 200 2885 "http://www.skingraphix.de/Galerie/svcore/swf/simpleviewer_icc.swf" "Mozilla/5.0 (Windows NT 6.3; WOW64; Trident/7.0; rv:11.0) like Gecko"
88.74.193.153 - - [03/May/2015:21:54:36 +0200] "GET /Galerie/thumbs/14.jpg HTTP/1.1" 200 3926 "http://www.skingraphix.de/Galerie/svcore/swf/simpleviewer_icc.swf" "Mozilla/5.0 (Windows NT 6.3; WOW64; Trident/7.0; rv:11.0) like Gecko"
88.74.193.153 - - [03/May/2015:21:54:37 +0200] "GET /Galerie/images/8.jpg HTTP/1.1" 200 44419 "http://www.skingraphix.de/Galerie/svcore/swf/simpleviewer_icc.swf" "Mozilla/5.0 (Windows NT 6.3; WOW64; Trident/7.0; rv:11.0) like Gecko"
88.74.193.153 - - [03/May/2015:21:54:37 +0200] "GET /Galerie/thumbs/073.jpg HTTP/1.1" 200 3099 "http://www.skingraphix.de/Galerie/svcore/swf/simpleviewer_icc.swf" "Mozilla/5.0 (Windows NT 6.3; WOW64; Trident/7.0; rv:11.0) like Gecko"
79.242.184.65 - - [03/May/2015:21:54:36 +0200] "GET /Galerie/images/035.jpg HTTP/1.1" 200 628611 "http://www.skingraphix.de/Galerie/svcore/swf/simpleviewer_icc.swf" "Mozilla/5.0 (Windows NT 6.0; rv:37.0) Gecko/20100101 Firefox/37.0 DT-Browser/DTB7.37.0.3_01"
88.74.193.153 - - [03/May/2015:21:54:34 +0200] "GET /Galerie/images/6.jpg HTTP/1.1" 200 99670 "http://www.skingraphix.de/Galerie/svcore/swf/simpleviewer_icc.swf" "Mozilla/5.0 (Windows NT 6.3; WOW64; Trident/7.0; rv:11.0) like Gecko"
88.74.193.153 - - [03/May/2015:21:54:37 +0200] "GET /Galerie/thumbs/071.jpg HTTP/1.1" 200 3911 "http://www.skingraphix.de/Galerie/svcore/swf/simpleviewer_icc.swf" "Mozilla/5.0 (Windows NT 6.3; WOW64; Trident/7.0; rv:11.0) like Gecko"
88.74.193.153 - - [03/May/2015:21:54:37 +0200] "GET /Galerie/thumbs/078.jpg HTTP/1.1" 200 3438 "http://www.skingraphix.de/Galerie/svcore/swf/simpleviewer_icc.swf" "Mozilla/5.0 (Windows NT 6.3; WOW64; Trident/7.0; rv:11.0) like Gecko"
79.242.184.65 - - [03/May/2015:21:54:37 +0200] "GET /Galerie/images/036.jpg HTTP/1.1" 200 372088 "http://www.skingraphix.de/Galerie/svcore/swf/simpleviewer_icc.swf" "Mozilla/5.0 (Windows NT 6.0; rv:37.0) Gecko/20100101 Firefox/37.0 DT-Browser/DTB7.37.0.3_01"
88.74.193.153 - - [03/May/2015:21:54:37 +0200] "GET /Galerie/images/9.jpg HTTP/1.1" 200 42098 "http://www.skingraphix.de/Galerie/svcore/swf/simpleviewer_icc.swf" "Mozilla/5.0 (Windows NT 6.3; WOW64; Trident/7.0; rv:11.0) like Gecko"
88.74.193.153 - - [03/May/2015:21:54:37 +0200] "GET /Galerie/thumbs/074.jpg HTTP/1.1" 200 3198 "http://www.skingraphix.de/Galerie/svcore/swf/simpleviewer_icc.swf" "Mozilla/5.0 (Windows NT 6.3; WOW64; Trident/7.0; rv:11.0) like Gecko"
88.74.193.153 - - [03/May/2015:21:54:37 +0200] "GET /Galerie/images/10.jpg HTTP/1.1" 200 43910 "http://www.skingraphix.de/Galerie/svcore/swf/simpleviewer_icc.swf" "Mozilla/5.0 (Windows NT 6.3; WOW64; Trident/7.0; rv:11.0) like Gecko"
79.242.184.65 - - [03/May/2015:21:54:37 +0200] "GET /Galerie/thumbs/023.jpg HTTP/1.1" 200 3365 "http://www.skingraphix.de/Galerie/svcore/swf/simpleviewer_icc.swf" "Mozilla/5.0 (Windows NT 6.0; rv:37.0) Gecko/20100101 Firefox/37.0 DT-Browser/DTB7.37.0.3_01"
79.242.184.65 - - [03/May/2015:21:54:37 +0200] "GET /Galerie/thumbs/025.jpg HTTP/1.1" 200 3067 "http://www.skingraphix.de/Galerie/svcore/swf/simpleviewer_icc.swf" "Mozilla/5.0 (Windows NT 6.0; rv:37.0) Gecko/20100101 Firefox/37.0 DT-Browser/DTB7.37.0.3_01"
79.242.184.65 - - [03/May/2015:21:54:37 +0200] "GET /Galerie/thumbs/022.jpg HTTP/1.1" 200 2798 "http://www.skingraphix.de/Galerie/svcore/swf/simpleviewer_icc.swf" "Mozilla/5.0 (Windows NT 6.0; rv:37.0) Gecko/20100101 Firefox/37.0 DT-Browser/DTB7.37.0.3_01"
88.74.193.153 - - [03/May/2015:21:54:37 +0200] "GET /Galerie/images/11.jpg HTTP/1.1" 200 29586 "http://www.skingraphix.de/Galerie/svcore/swf/simpleviewer_icc.swf" "Mozilla/5.0 (Windows NT 6.3; WOW64; Trident/7.0; rv:11.0) like Gecko"
79.242.184.65 - - [03/May/2015:21:54:37 +0200] "GET /Galerie/thumbs/021.jpg HTTP/1.1" 200 2709 "http://www.skingraphix.de/Galerie/svcore/swf/simpleviewer_icc.swf" "Mozilla/5.0 (Windows NT 6.0; rv:37.0) Gecko/20100101 Firefox/37.0 DT-Browser/DTB7.37.0.3_01"
88.74.193.153 - - [03/May/2015:21:54:37 +0200] "GET /Galerie/thumbs/049.jpg HTTP/1.1" 200 3101 "http://www.skingraphix.de/Galerie/svcore/swf/simpleviewer_icc.swf" "Mozilla/5.0 (Windows NT 6.3; WOW64; Trident/7.0; rv:11.0) like Gecko"
79.242.184.65 - - [03/May/2015:21:54:37 +0200] "GET /Galerie/thumbs/020.jpg HTTP/1.1" 200 3353 "http://www.skingraphix.de/Galerie/svcore/swf/simpleviewer_icc.swf" "Mozilla/5.0 (Windows NT 6.0; rv:37.0) Gecko/20100101 Firefox/37.0 DT-Browser/DTB7.37.0.3_01"
79.242.184.65 - - [03/May/2015:21:54:37 +0200] "GET /Galerie/thumbs/019.jpg HTTP/1.1" 200 2693 "http://www.skingraphix.de/Galerie/svcore/swf/simpleviewer_icc.swf" "Mozilla/5.0 (Windows NT 6.0; rv:37.0) Gecko/20100101 Firefox/37.0 DT-Browser/DTB7.37.0.3_01"
88.74.193.153 - - [03/May/2015:21:54:37 +0200] "GET /Galerie/thumbs/042.jpg HTTP/1.1" 200 3197 "http://www.skingraphix.de/Galerie/svcore/swf/simpleviewer_icc.swf" "Mozilla/5.0 (Windows NT 6.3; WOW64; Trident/7.0; rv:11.0) like Gecko"
79.242.184.65 - - [03/May/2015:21:54:38 +0200] "GET /Galerie/thumbs/018.jpg HTTP/1.1" 200 2486 "http://www.skingraphix.de/Galerie/svcore/swf/simpleviewer_icc.swf" "Mozilla/5.0 (Windows NT 6.0; rv:37.0) Gecko/20100101 Firefox/37.0 DT-Browser/DTB7.37.0.3_01"
79.242.184.65 - - [03/May/2015:21:54:37 +0200] "GET /Galerie/images/023.jpg HTTP/1.1" 200 303242 "http://www.skingraphix.de/Galerie/svcore/swf/simpleviewer_icc.swf" "Mozilla/5.0 (Windows NT 6.0; rv:37.0) Gecko/20100101 Firefox/37.0 DT-Browser/DTB7.37.0.3_01"
88.74.193.153 - - [03/May/2015:21:54:38 +0200] "GET /Galerie/images/13.jpg HTTP/1.1" 200 121326 "http://www.skingraphix.de/Galerie/svcore/swf/simpleviewer_icc.swf" "Mozilla/5.0 (Windows NT 6.3; WOW64; Trident/7.0; rv:11.0) like Gecko"
88.74.193.153 - - [03/May/2015:21:54:38 +0200] "GET /Galerie/images/12.jpg HTTP/1.1" 200 127089 "http://www.skingraphix.de/Galerie/svcore/swf/simpleviewer_icc.swf" "Mozilla/5.0 (Windows NT 6.3; WOW64; Trident/7.0; rv:11.0) like Gecko"
79.242.184.65 - - [03/May/2015:21:54:38 +0200] "GET /Galerie/images/025.jpg HTTP/1.1" 200 308932 "http://www.skingraphix.de/Galerie/svcore/swf/simpleviewer_icc.swf" "Mozilla/5.0 (Windows NT 6.0; rv:37.0) Gecko/20100101 Firefox/37.0 DT-Browser/DTB7.37.0.3_01"
79.242.184.65 - - [03/May/2015:21:54:38 +0200] "GET /Galerie/images/022.jpg HTTP/1.1" 200 239947 "http://www.skingraphix.de/Galerie/svcore/swf/simpleviewer_icc.swf" "Mozilla/5.0 (Windows NT 6.0; rv:37.0) Gecko/20100101 Firefox/37.0 DT-Browser/DTB7.37.0.3_01"
79.242.184.65 - - [03/May/2015:21:54:39 +0200] "GET /Galerie/images/021.jpg HTTP/1.1" 200 243434 "http://www.skingraphix.de/Galerie/svcore/swf/simpleviewer_icc.swf" "Mozilla/5.0 (Windows NT 6.0; rv:37.0) Gecko/20100101 Firefox/37.0 DT-Browser/DTB7.37.0.3_01"
79.242.184.65 - - [03/May/2015:21:54:39 +0200] "GET /Galerie/images/020.jpg HTTP/1.1" 200 329707 "http://www.skingraphix.de/Galerie/svcore/swf/simpleviewer_icc.swf" "Mozilla/5.0 (Windows NT 6.0; rv:37.0) Gecko/20100101 Firefox/37.0 DT-Browser/DTB7.37.0.3_01"
79.242.184.65 - - [03/May/2015:21:54:39 +0200] "GET /Galerie/images/019.jpg HTTP/1.1" 200 339062 "http://www.skingraphix.de/Galerie/svcore/swf/simpleviewer_icc.swf" "Mozilla/5.0 (Windows NT 6.0; rv:37.0) Gecko/20100101 Firefox/37.0 DT-Browser/DTB7.37.0.3_01"
79.242.184.65 - - [03/May/2015:21:54:39 +0200] "GET /Galerie/images/018.jpg HTTP/1.1" 200 239543 "http://www.skingraphix.de/Galerie/svcore/swf/simpleviewer_icc.swf" "Mozilla/5.0 (Windows NT 6.0; rv:37.0) Gecko/20100101 Firefox/37.0 DT-Browser/DTB7.37.0.3_01"
88.74.193.153 - - [03/May/2015:21:54:39 +0200] "GET /Galerie/images/073.jpg HTTP/1.1" 200 337636 "http://www.skingraphix.de/Galerie/svcore/swf/simpleviewer_icc.swf" "Mozilla/5.0 (Windows NT 6.3; WOW64; Trident/7.0; rv:11.0) like Gecko"
88.74.193.153 - - [03/May/2015:21:54:38 +0200] "GET /Galerie/images/14.jpg HTTP/1.1" 200 466142 "http://www.skingraphix.de/Galerie/svcore/swf/simpleviewer_icc.swf" "Mozilla/5.0 (Windows NT 6.3; WOW64; Trident/7.0; rv:11.0) like Gecko"
88.74.193.153 - - [03/May/2015:21:54:42 +0200] "GET /Galerie/images/071.jpg HTTP/1.1" 200 351498 "http://www.skingraphix.de/Galerie/svcore/swf/simpleviewer_icc.swf" "Mozilla/5.0 (Windows NT 6.3; WOW64; Trident/7.0; rv:11.0) like Gecko"
88.74.193.153 - - [03/May/2015:21:54:43 +0200] "GET /Galerie/thumbs/041.jpg HTTP/1.1" 200 3012 "http://www.skingraphix.de/Galerie/svcore/swf/simpleviewer_icc.swf" "Mozilla/5.0 (Windows NT 6.3; WOW64; Trident/7.0; rv:11.0) like Gecko"
88.74.193.153 - - [03/May/2015:21:54:44 +0200] "GET /Galerie/thumbs/037.jpg HTTP/1.1" 200 3071 "http://www.skingraphix.de/Galerie/svcore/swf/simpleviewer_icc.swf" "Mozilla/5.0 (Windows NT 6.3; WOW64; Trident/7.0; rv:11.0) like Gecko"
88.74.193.153 - - [03/May/2015:21:54:44 +0200] "GET /Galerie/thumbs/034.jpg HTTP/1.1" 200 3562 "http://www.skingraphix.de/Galerie/svcore/swf/simpleviewer_icc.swf" "Mozilla/5.0 (Windows NT 6.3; WOW64; Trident/7.0; rv:11.0) like Gecko"
88.74.193.153 - - [03/May/2015:21:54:44 +0200] "GET /Galerie/thumbs/017.jpg HTTP/1.1" 200 3300 "http://www.skingraphix.de/Galerie/svcore/swf/simpleviewer_icc.swf" "Mozilla/5.0 (Windows NT 6.3; WOW64; Trident/7.0; rv:11.0) like Gecko"
88.74.193.153 - - [03/May/2015:21:54:42 +0200] "GET /Galerie/images/078.jpg HTTP/1.1" 200 315752 "http://www.skingraphix.de/Galerie/svcore/swf/simpleviewer_icc.swf" "Mozilla/5.0 (Windows NT 6.3; WOW64; Trident/7.0; rv:11.0) like Gecko"
88.74.193.153 - - [03/May/2015:21:54:44 +0200] "GET /Galerie/images/041.jpg HTTP/1.1" 200 248697 "http://www.skingraphix.de/Galerie/svcore/swf/simpleviewer_icc.swf" "Mozilla/5.0 (Windows NT 6.3; WOW64; Trident/7.0; rv:11.0) like Gecko"
88.74.193.153 - - [03/May/2015:21:54:45 +0200] "GET /Galerie/thumbs/045.jpg HTTP/1.1" 200 2988 "http://www.skingraphix.de/Galerie/svcore/swf/simpleviewer_icc.swf" "Mozilla/5.0 (Windows NT 6.3; WOW64; Trident/7.0; rv:11.0) like Gecko"
88.74.193.153 - - [03/May/2015:21:54:45 +0200] "GET /Galerie/thumbs/089.jpg HTTP/1.1" 200 3980 "http://www.skingraphix.de/Galerie/svcore/swf/simpleviewer_icc.swf" "Mozilla/5.0 (Windows NT 6.3; WOW64; Trident/7.0; rv:11.0) like Gecko"
88.74.193.153 - - [03/May/2015:21:54:45 +0200] "GET /Galerie/thumbs/088.jpg HTTP/1.1" 200 2621 "http://www.skingraphix.de/Galerie/svcore/swf/simpleviewer_icc.swf" "Mozilla/5.0 (Windows NT 6.3; WOW64; Trident/7.0; rv:11.0) like Gecko"
88.74.193.153 - - [03/May/2015:21:54:46 +0200] "GET /Galerie/thumbs/080.jpg HTTP/1.1" 200 2366 "http://www.skingraphix.de/Galerie/svcore/swf/simpleviewer_icc.swf" "Mozilla/5.0 (Windows NT 6.3; WOW64; Trident/7.0; rv:11.0) like Gecko"
88.74.193.153 - - [03/May/2015:21:54:46 +0200] "GET /Galerie/thumbs/081.jpg HTTP/1.1" 200 2946 "http://www.skingraphix.de/Galerie/svcore/swf/simpleviewer_icc.swf" "Mozilla/5.0 (Windows NT 6.3; WOW64; Trident/7.0; rv:11.0) like Gecko"
88.74.193.153 - - [03/May/2015:21:54:46 +0200] "GET /Galerie/thumbs/085.jpg HTTP/1.1" 200 3157 "http://www.skingraphix.de/Galerie/svcore/swf/simpleviewer_icc.swf" "Mozilla/5.0 (Windows NT 6.3; WOW64; Trident/7.0; rv:11.0) like Gecko"
88.74.193.153 - - [03/May/2015:21:54:46 +0200] "GET /Galerie/thumbs/079.jpg HTTP/1.1" 200 3368 "http://www.skingraphix.de/Galerie/svcore/swf/simpleviewer_icc.swf" "Mozilla/5.0 (Windows NT 6.3; WOW64; Trident/7.0; rv:11.0) like Gecko"
88.74.193.153 - - [03/May/2015:21:54:46 +0200] "GET /Galerie/thumbs/077.jpg HTTP/1.1" 200 3900 "http://www.skingraphix.de/Galerie/svcore/swf/simpleviewer_icc.swf" "Mozilla/5.0 (Windows NT 6.3; WOW64; Trident/7.0; rv:11.0) like Gecko"
88.74.193.153 - - [03/May/2015:21:54:47 +0200] "GET /Galerie/thumbs/086.jpg HTTP/1.1" 200 3601 "http://www.skingraphix.de/Galerie/svcore/swf/simpleviewer_icc.swf" "Mozilla/5.0 (Windows NT 6.3; WOW64; Trident/7.0; rv:11.0) like Gecko"
88.74.193.153 - - [03/May/2015:21:54:46 +0200] "GET /Galerie/images/037.jpg HTTP/1.1" 200 266330 "http://www.skingraphix.de/Galerie/svcore/swf/simpleviewer_icc.swf" "Mozilla/5.0 (Windows NT 6.3; WOW64; Trident/7.0; rv:11.0) like Gecko"
88.74.193.153 - - [03/May/2015:21:54:47 +0200] "GET /Galerie/thumbs/087.jpg HTTP/1.1" 200 3623 "http://www.skingraphix.de/Galerie/svcore/swf/simpleviewer_icc.swf" "Mozilla/5.0 (Windows NT 6.3; WOW64; Trident/7.0; rv:11.0) like Gecko"
88.74.193.153 - - [03/May/2015:21:54:47 +0200] "GET /Galerie/thumbs/083.jpg HTTP/1.1" 200 3258 "http://www.skingraphix.de/Galerie/svcore/swf/simpleviewer_icc.swf" "Mozilla/5.0 (Windows NT 6.3; WOW64; Trident/7.0; rv:11.0) like Gecko"
88.74.193.153 - - [03/May/2015:21:54:47 +0200] "GET /Galerie/thumbs/084.jpg HTTP/1.1" 200 2433 "http://www.skingraphix.de/Galerie/svcore/swf/simpleviewer_icc.swf" "Mozilla/5.0 (Windows NT 6.3; WOW64; Trident/7.0; rv:11.0) like Gecko"
88.74.193.153 - - [03/May/2015:21:54:48 +0200] "GET /Galerie/thumbs/082.jpg HTTP/1.1" 200 2727 "http://www.skingraphix.de/Galerie/svcore/swf/simpleviewer_icc.swf" "Mozilla/5.0 (Windows NT 6.3; WOW64; Trident/7.0; rv:11.0) like Gecko"
88.74.193.153 - - [03/May/2015:21:54:48 +0200] "GET /Galerie/thumbs/076.jpg HTTP/1.1" 200 3353 "http://www.skingraphix.de/Galerie/svcore/swf/simpleviewer_icc.swf" "Mozilla/5.0 (Windows NT 6.3; WOW64; Trident/7.0; rv:11.0) like Gecko"
88.74.193.153 - - [03/May/2015:21:54:47 +0200] "GET /Galerie/images/034.jpg HTTP/1.1" 200 467077 "http://www.skingraphix.de/Galerie/svcore/swf/simpleviewer_icc.swf" "Mozilla/5.0 (Windows NT 6.3; WOW64; Trident/7.0; rv:11.0) like Gecko"
88.74.193.153 - - [03/May/2015:21:54:49 +0200] "GET /Galerie/thumbs/075.jpg HTTP/1.1" 200 3931 "http://www.skingraphix.de/Galerie/svcore/swf/simpleviewer_icc.swf" "Mozilla/5.0 (Windows NT 6.3; WOW64; Trident/7.0; rv:11.0) like Gecko"
88.74.193.153 - - [03/May/2015:21:54:49 +0200] "GET /Galerie/images/017.jpg HTTP/1.1" 200 255938 "http://www.skingraphix.de/Galerie/svcore/swf/simpleviewer_icc.swf" "Mozilla/5.0 (Windows NT 6.3; WOW64; Trident/7.0; rv:11.0) like Gecko"
88.74.193.153 - - [03/May/2015:21:54:49 +0200] "GET /Galerie/thumbs/072.jpg HTTP/1.1" 200 3166 "http://www.skingraphix.de/Galerie/svcore/swf/simpleviewer_icc.swf" "Mozilla/5.0 (Windows NT 6.3; WOW64; Trident/7.0; rv:11.0) like Gecko"
88.74.193.153 - - [03/May/2015:21:54:51 +0200] "GET /Galerie/images/078.jpg HTTP/1.1" 206 315048 "http://www.skingraphix.de/Galerie/svcore/swf/simpleviewer_icc.swf" "Mozilla/5.0 (Windows NT 6.3; WOW64; Trident/7.0; rv:11.0) like Gecko"
88.74.193.153 - - [03/May/2015:21:54:51 +0200] "GET /Galerie/images/071.jpg HTTP/1.1" 206 350794 "http://www.skingraphix.de/Galerie/svcore/swf/simpleviewer_icc.swf" "Mozilla/5.0 (Windows NT 6.3; WOW64; Trident/7.0; rv:11.0) like Gecko"
88.74.193.153 - - [03/May/2015:21:54:54 +0200] "GET /Galerie/images/049.jpg HTTP/1.1" 200 240398 "http://www.skingraphix.de/Galerie/svcore/swf/simpleviewer_icc.swf" "Mozilla/5.0 (Windows NT 6.3; WOW64; Trident/7.0; rv:11.0) like Gecko"
88.74.193.153 - - [03/May/2015:21:54:53 +0200] "GET /Galerie/images/074.jpg HTTP/1.1" 200 312795 "http://www.skingraphix.de/Galerie/svcore/swf/simpleviewer_icc.swf" "Mozilla/5.0 (Windows NT 6.3; WOW64; Trident/7.0; rv:11.0) like Gecko"
