62.138.2.214 - - [16/May/2021:07:48:51 +0200] "GET / HTTP/1.1" 200 569 "-" "Mozilla/5.0 (X11; Linux x86_64; rv:81.0) Gecko/20100101 Firefox/81.0"
62.138.2.214 - - [16/May/2021:07:50:23 +0200] "GET / HTTP/1.1" 200 569 "-" "Mozilla/5.0 (X11; Linux x86_64; rv:81.0) Gecko/20100101 Firefox/81.0"
62.138.2.214 - - [16/May/2021:07:55:27 +0200] "GET / HTTP/1.1" 200 569 "-" "Mozilla/5.0 (X11; Linux x86_64; rv:81.0) Gecko/20100101 Firefox/81.0"
62.138.2.214 - - [16/May/2021:10:15:24 +0200] "GET /robots.txt HTTP/1.1" 404 1256 "-" "Mozilla/5.0 (X11; Linux x86_64; rv:81.0) Gecko/20100101 Firefox/81.0"
62.138.2.214 - - [16/May/2021:10:15:24 +0200] "GET / HTTP/1.1" 200 569 "-" "Mozilla/5.0 (X11; Linux x86_64; rv:81.0) Gecko/20100101 Firefox/81.0"
62.138.2.214 - - [16/May/2021:10:15:55 +0200] "GET / HTTP/1.1" 200 569 "-" "Mozilla/5.0 (X11; Linux x86_64; rv:81.0) Gecko/20100101 Firefox/81.0"
62.138.2.214 - - [16/May/2021:13:28:37 +0200] "GET /robots.txt HTTP/1.1" 404 1256 "-" "Mozilla/5.0 (X11; Linux x86_64; rv:81.0) Gecko/20100101 Firefox/81.0"
62.138.2.214 - - [16/May/2021:13:28:37 +0200] "GET / HTTP/1.1" 200 569 "-" "Mozilla/5.0 (X11; Linux x86_64; rv:81.0) Gecko/20100101 Firefox/81.0"
62.138.2.214 - - [16/May/2021:15:48:11 +0200] "GET /robots.txt HTTP/1.1" 404 1256 "-" "Mozilla/5.0 (X11; Linux x86_64; rv:81.0) Gecko/20100101 Firefox/81.0"
62.138.2.214 - - [16/May/2021:15:48:11 +0200] "GET / HTTP/1.1" 200 569 "-" "Mozilla/5.0 (X11; Linux x86_64; rv:81.0) Gecko/20100101 Firefox/81.0"
62.138.2.214 - - [16/May/2021:17:51:33 +0200] "GET /robots.txt HTTP/1.1" 404 1256 "-" "Mozilla/5.0 (X11; Linux x86_64; rv:81.0) Gecko/20100101 Firefox/81.0"
62.138.2.214 - - [16/May/2021:17:51:33 +0200] "GET / HTTP/1.1" 200 569 "-" "Mozilla/5.0 (X11; Linux x86_64; rv:81.0) Gecko/20100101 Firefox/81.0"
42.236.10.90 - - [16/May/2021:19:52:31 +0200] "GET / HTTP/1.1" 200 569 "http://www.die-fabians.de/" "Mozilla/5.0 (Windows NT 6.1; WOW64) AppleWebKit/537.36 (KHTML, like Gecko) Chrome/50.4.2661.102 Safari/537.36; 360Spider"
144.91.79.8 - - [16/May/2021:20:10:35 +0200] "GET /.env HTTP/1.1" 404 1256 "-" "Mozilla/5.0 (Macintosh; Intel Mac OS X 10.15; rv:77.0) Gecko/20100101 Firefox/77.0"
54.36.148.174 - - [16/May/2021:23:29:54 +0200] "GET / HTTP/1.1" 200 569 "-" "Mozilla/5.0 (compatible; AhrefsBot/7.0; +http://ahrefs.com/robot/)"
62.138.2.214 - - [17/May/2021:01:35:34 +0200] "GET /robots.txt HTTP/1.1" 404 1256 "-" "Mozilla/5.0 (X11; Linux x86_64; rv:81.0) Gecko/20100101 Firefox/81.0"
62.138.2.214 - - [17/May/2021:01:35:34 +0200] "GET / HTTP/1.1" 200 569 "-" "Mozilla/5.0 (X11; Linux x86_64; rv:81.0) Gecko/20100101 Firefox/81.0"
62.138.2.214 - - [17/May/2021:04:35:26 +0200] "GET /robots.txt HTTP/1.1" 404 1256 "-" "Mozilla/5.0 (X11; Linux x86_64; rv:81.0) Gecko/20100101 Firefox/81.0"
62.138.2.214 - - [17/May/2021:04:35:26 +0200] "GET / HTTP/1.1" 200 569 "-" "Mozilla/5.0 (X11; Linux x86_64; rv:81.0) Gecko/20100101 Firefox/81.0"
62.210.78.76 - - [17/May/2021:04:41:19 +0200] "GET /robots.txt HTTP/1.1" 404 1256 "-" "Mozilla/5.0 (compatible; Barkrowler/0.9; +https://babbar.tech/crawler)"
62.210.78.76 - - [17/May/2021:04:41:34 +0200] "GET / HTTP/1.1" 304 - "-" "Mozilla/5.0 (compatible; Barkrowler/0.9; +https://babbar.tech/crawler)"
95.216.96.244 - - [17/May/2021:05:56:40 +0200] "GET /robots.txt HTTP/1.1" 404 1256 "-" "Mozilla/5.0 (compatible; SEOkicks; +https://www.seokicks.de/robot.html)"
95.216.96.244 - - [17/May/2021:05:56:41 +0200] "GET / HTTP/1.1" 200 569 "-" "Mozilla/5.0 (compatible; SEOkicks; +https://www.seokicks.de/robot.html)"
62.138.2.214 - - [17/May/2021:07:20:45 +0200] "GET /robots.txt HTTP/1.1" 404 1256 "-" "Mozilla/5.0 (X11; Linux x86_64; rv:81.0) Gecko/20100101 Firefox/81.0"
62.138.2.214 - - [17/May/2021:07:20:45 +0200] "GET / HTTP/1.1" 200 569 "-" "Mozilla/5.0 (X11; Linux x86_64; rv:81.0) Gecko/20100101 Firefox/81.0"
62.138.2.214 - - [17/May/2021:07:20:51 +0200] "GET / HTTP/1.1" 200 569 "-" "Mozilla/5.0 (X11; Linux x86_64; rv:81.0) Gecko/20100101 Firefox/81.0"
54.36.148.178 - - [17/May/2021:14:27:48 +0200] "GET /robots.txt HTTP/1.1" 404 1256 "-" "Mozilla/5.0 (compatible; AhrefsBot/7.0; +http://ahrefs.com/robot/)"
54.36.148.78 - - [17/May/2021:14:27:49 +0200] "GET / HTTP/1.1" 200 569 "-" "Mozilla/5.0 (compatible; AhrefsBot/7.0; +http://ahrefs.com/robot/)"
62.138.2.214 - - [17/May/2021:15:36:06 +0200] "GET /robots.txt HTTP/1.1" 404 1256 "-" "Mozilla/5.0 (X11; Linux x86_64; rv:81.0) Gecko/20100101 Firefox/81.0"
62.138.2.214 - - [17/May/2021:15:36:06 +0200] "GET / HTTP/1.1" 200 569 "-" "Mozilla/5.0 (X11; Linux x86_64; rv:81.0) Gecko/20100101 Firefox/81.0"
62.138.2.214 - - [17/May/2021:22:34:17 +0200] "GET /robots.txt HTTP/1.1" 404 1256 "-" "Mozilla/5.0 (X11; Linux x86_64; rv:81.0) Gecko/20100101 Firefox/81.0"
62.138.2.214 - - [17/May/2021:22:34:17 +0200] "GET / HTTP/1.1" 200 569 "-" "Mozilla/5.0 (X11; Linux x86_64; rv:81.0) Gecko/20100101 Firefox/81.0"
62.138.2.214 - - [17/May/2021:22:34:51 +0200] "GET / HTTP/1.1" 200 569 "-" "Mozilla/5.0 (X11; Linux x86_64; rv:81.0) Gecko/20100101 Firefox/81.0"
62.138.2.214 - - [17/May/2021:22:35:11 +0200] "GET / HTTP/1.1" 200 569 "-" "Mozilla/5.0 (X11; Linux x86_64; rv:81.0) Gecko/20100101 Firefox/81.0"
62.138.2.214 - - [17/May/2021:22:35:24 +0200] "GET / HTTP/1.1" 200 569 "-" "Mozilla/5.0 (X11; Linux x86_64; rv:81.0) Gecko/20100101 Firefox/81.0"
62.138.2.214 - - [17/May/2021:22:36:09 +0200] "GET / HTTP/1.1" 200 569 "-" "Mozilla/5.0 (X11; Linux x86_64; rv:81.0) Gecko/20100101 Firefox/81.0"
62.138.2.214 - - [18/May/2021:00:41:11 +0200] "GET /robots.txt HTTP/1.1" 404 1256 "-" "Mozilla/5.0 (X11; Linux x86_64; rv:81.0) Gecko/20100101 Firefox/81.0"
62.138.2.214 - - [18/May/2021:00:41:11 +0200] "GET / HTTP/1.1" 200 569 "-" "Mozilla/5.0 (X11; Linux x86_64; rv:81.0) Gecko/20100101 Firefox/81.0"
62.138.2.214 - - [18/May/2021:00:41:15 +0200] "GET / HTTP/1.1" 200 569 "-" "Mozilla/5.0 (X11; Linux x86_64; rv:81.0) Gecko/20100101 Firefox/81.0"
62.138.2.214 - - [18/May/2021:03:04:13 +0200] "GET /robots.txt HTTP/1.1" 404 1256 "-" "Mozilla/5.0 (X11; Linux x86_64; rv:81.0) Gecko/20100101 Firefox/81.0"
62.138.2.214 - - [18/May/2021:03:04:14 +0200] "GET / HTTP/1.1" 200 569 "-" "Mozilla/5.0 (X11; Linux x86_64; rv:81.0) Gecko/20100101 Firefox/81.0"
54.36.148.144 - - [18/May/2021:05:54:21 +0200] "GET / HTTP/1.1" 200 569 "-" "Mozilla/5.0 (compatible; AhrefsBot/7.0; +http://ahrefs.com/robot/)"
62.138.2.214 - - [18/May/2021:07:02:49 +0200] "GET /robots.txt HTTP/1.1" 404 1256 "-" "Mozilla/5.0 (X11; Linux x86_64; rv:81.0) Gecko/20100101 Firefox/81.0"
62.138.2.214 - - [18/May/2021:07:02:49 +0200] "GET / HTTP/1.1" 200 569 "-" "Mozilla/5.0 (X11; Linux x86_64; rv:81.0) Gecko/20100101 Firefox/81.0"
62.138.2.214 - - [18/May/2021:07:03:05 +0200] "GET / HTTP/1.1" 200 569 "-" "Mozilla/5.0 (X11; Linux x86_64; rv:81.0) Gecko/20100101 Firefox/81.0"
62.138.2.214 - - [18/May/2021:09:20:23 +0200] "GET /robots.txt HTTP/1.1" 404 1256 "-" "Mozilla/5.0 (X11; Linux x86_64; rv:81.0) Gecko/20100101 Firefox/81.0"
62.138.2.214 - - [18/May/2021:09:20:23 +0200] "GET / HTTP/1.1" 200 569 "-" "Mozilla/5.0 (X11; Linux x86_64; rv:81.0) Gecko/20100101 Firefox/81.0"
62.138.2.214 - - [18/May/2021:09:20:45 +0200] "GET / HTTP/1.1" 200 569 "-" "Mozilla/5.0 (X11; Linux x86_64; rv:81.0) Gecko/20100101 Firefox/81.0"
62.138.2.214 - - [18/May/2021:11:55:29 +0200] "GET /robots.txt HTTP/1.1" 404 1256 "-" "Mozilla/5.0 (X11; Linux x86_64; rv:81.0) Gecko/20100101 Firefox/81.0"
62.138.2.214 - - [18/May/2021:11:55:29 +0200] "GET / HTTP/1.1" 200 569 "-" "Mozilla/5.0 (X11; Linux x86_64; rv:81.0) Gecko/20100101 Firefox/81.0"
62.138.2.214 - - [18/May/2021:14:18:50 +0200] "GET /robots.txt HTTP/1.1" 404 1256 "-" "Mozilla/5.0 (X11; Linux x86_64; rv:81.0) Gecko/20100101 Firefox/81.0"
62.138.2.214 - - [18/May/2021:14:18:50 +0200] "GET / HTTP/1.1" 200 569 "-" "Mozilla/5.0 (X11; Linux x86_64; rv:81.0) Gecko/20100101 Firefox/81.0"
62.138.2.214 - - [18/May/2021:14:18:55 +0200] "GET / HTTP/1.1" 200 569 "-" "Mozilla/5.0 (X11; Linux x86_64; rv:81.0) Gecko/20100101 Firefox/81.0"
62.138.2.214 - - [18/May/2021:16:43:48 +0200] "GET /robots.txt HTTP/1.1" 404 1256 "-" "Mozilla/5.0 (X11; Linux x86_64; rv:81.0) Gecko/20100101 Firefox/81.0"
62.138.2.214 - - [18/May/2021:16:43:48 +0200] "GET / HTTP/1.1" 200 569 "-" "Mozilla/5.0 (X11; Linux x86_64; rv:81.0) Gecko/20100101 Firefox/81.0"
42.236.10.76 - - [18/May/2021:17:57:58 +0200] "GET / HTTP/1.1" 200 569 "http://www.die-fabians.de/" "Mozilla/5.0 (Windows NT 6.1; WOW64) AppleWebKit/537.36 (KHTML, like Gecko) Chrome/50.4.2661.102 Safari/537.36; 360Spider"
62.138.2.214 - - [18/May/2021:18:52:46 +0200] "GET /robots.txt HTTP/1.1" 404 1256 "-" "Mozilla/5.0 (X11; Linux x86_64; rv:81.0) Gecko/20100101 Firefox/81.0"
62.138.2.214 - - [18/May/2021:18:52:46 +0200] "GET / HTTP/1.1" 200 569 "-" "Mozilla/5.0 (X11; Linux x86_64; rv:81.0) Gecko/20100101 Firefox/81.0"
62.138.2.214 - - [18/May/2021:21:12:09 +0200] "GET /robots.txt HTTP/1.1" 404 1256 "-" "Mozilla/5.0 (X11; Linux x86_64; rv:81.0) Gecko/20100101 Firefox/81.0"
62.138.2.214 - - [18/May/2021:21:12:09 +0200] "GET / HTTP/1.1" 200 569 "-" "Mozilla/5.0 (X11; Linux x86_64; rv:81.0) Gecko/20100101 Firefox/81.0"
54.36.148.132 - - [18/May/2021:22:05:30 +0200] "GET /robots.txt HTTP/1.1" 404 1256 "-" "Mozilla/5.0 (compatible; AhrefsBot/7.0; +http://ahrefs.com/robot/)"
54.36.148.220 - - [18/May/2021:22:05:31 +0200] "GET / HTTP/1.1" 200 569 "-" "Mozilla/5.0 (compatible; AhrefsBot/7.0; +http://ahrefs.com/robot/)"
62.138.2.214 - - [18/May/2021:23:35:40 +0200] "GET /robots.txt HTTP/1.1" 404 1256 "-" "Mozilla/5.0 (X11; Linux x86_64; rv:81.0) Gecko/20100101 Firefox/81.0"
62.138.2.214 - - [18/May/2021:23:35:40 +0200] "GET / HTTP/1.1" 200 569 "-" "Mozilla/5.0 (X11; Linux x86_64; rv:81.0) Gecko/20100101 Firefox/81.0"
62.138.2.214 - - [18/May/2021:23:36:30 +0200] "GET / HTTP/1.1" 200 569 "-" "Mozilla/5.0 (X11; Linux x86_64; rv:81.0) Gecko/20100101 Firefox/81.0"
62.138.2.214 - - [19/May/2021:01:50:26 +0200] "GET /robots.txt HTTP/1.1" 404 1256 "-" "Mozilla/5.0 (X11; Linux x86_64; rv:81.0) Gecko/20100101 Firefox/81.0"
62.138.2.214 - - [19/May/2021:01:50:26 +0200] "GET / HTTP/1.1" 200 569 "-" "Mozilla/5.0 (X11; Linux x86_64; rv:81.0) Gecko/20100101 Firefox/81.0"
62.138.2.214 - - [19/May/2021:01:52:51 +0200] "GET / HTTP/1.1" 200 569 "-" "Mozilla/5.0 (X11; Linux x86_64; rv:81.0) Gecko/20100101 Firefox/81.0"
62.138.2.214 - - [19/May/2021:04:21:52 +0200] "GET /robots.txt HTTP/1.1" 404 1256 "-" "Mozilla/5.0 (X11; Linux x86_64; rv:81.0) Gecko/20100101 Firefox/81.0"
62.138.2.214 - - [19/May/2021:04:21:53 +0200] "GET / HTTP/1.1" 200 569 "-" "Mozilla/5.0 (X11; Linux x86_64; rv:81.0) Gecko/20100101 Firefox/81.0"
62.138.2.214 - - [19/May/2021:04:23:14 +0200] "GET / HTTP/1.1" 200 569 "-" "Mozilla/5.0 (X11; Linux x86_64; rv:81.0) Gecko/20100101 Firefox/81.0"
62.138.2.214 - - [19/May/2021:04:25:18 +0200] "GET / HTTP/1.1" 200 569 "-" "Mozilla/5.0 (X11; Linux x86_64; rv:81.0) Gecko/20100101 Firefox/81.0"
62.138.2.214 - - [19/May/2021:04:25:27 +0200] "GET / HTTP/1.1" 200 569 "-" "Mozilla/5.0 (X11; Linux x86_64; rv:81.0) Gecko/20100101 Firefox/81.0"
62.138.2.214 - - [19/May/2021:09:00:25 +0200] "GET /robots.txt HTTP/1.1" 404 1256 "-" "Mozilla/5.0 (X11; Linux x86_64; rv:81.0) Gecko/20100101 Firefox/81.0"
62.138.2.214 - - [19/May/2021:09:00:25 +0200] "GET / HTTP/1.1" 200 569 "-" "Mozilla/5.0 (X11; Linux x86_64; rv:81.0) Gecko/20100101 Firefox/81.0"
62.138.2.214 - - [19/May/2021:11:50:27 +0200] "GET /robots.txt HTTP/1.1" 404 1256 "-" "Mozilla/5.0 (X11; Linux x86_64; rv:81.0) Gecko/20100101 Firefox/81.0"
62.138.2.214 - - [19/May/2021:11:50:27 +0200] "GET / HTTP/1.1" 200 569 "-" "Mozilla/5.0 (X11; Linux x86_64; rv:81.0) Gecko/20100101 Firefox/81.0"
62.138.2.214 - - [19/May/2021:11:50:55 +0200] "GET / HTTP/1.1" 200 569 "-" "Mozilla/5.0 (X11; Linux x86_64; rv:81.0) Gecko/20100101 Firefox/81.0"
62.138.2.214 - - [19/May/2021:14:50:32 +0200] "GET /robots.txt HTTP/1.1" 404 1256 "-" "Mozilla/5.0 (X11; Linux x86_64; rv:81.0) Gecko/20100101 Firefox/81.0"
62.138.2.214 - - [19/May/2021:14:50:32 +0200] "GET / HTTP/1.1" 200 569 "-" "Mozilla/5.0 (X11; Linux x86_64; rv:81.0) Gecko/20100101 Firefox/81.0"
62.138.2.214 - - [19/May/2021:14:51:17 +0200] "GET / HTTP/1.1" 200 569 "-" "Mozilla/5.0 (X11; Linux x86_64; rv:81.0) Gecko/20100101 Firefox/81.0"
54.172.191.186 - - [19/May/2021:17:37:12 +0200] "GET / HTTP/1.1" 200 569 "-" "Go-http-client/1.1"
62.138.2.214 - - [19/May/2021:17:45:25 +0200] "GET /robots.txt HTTP/1.1" 404 1256 "-" "Mozilla/5.0 (X11; Linux x86_64; rv:81.0) Gecko/20100101 Firefox/81.0"
62.138.2.214 - - [19/May/2021:17:45:25 +0200] "GET / HTTP/1.1" 200 569 "-" "Mozilla/5.0 (X11; Linux x86_64; rv:81.0) Gecko/20100101 Firefox/81.0"
62.138.2.214 - - [19/May/2021:17:45:37 +0200] "GET / HTTP/1.1" 200 569 "-" "Mozilla/5.0 (X11; Linux x86_64; rv:81.0) Gecko/20100101 Firefox/81.0"
62.138.2.214 - - [19/May/2021:17:48:08 +0200] "GET / HTTP/1.1" 200 569 "-" "Mozilla/5.0 (X11; Linux x86_64; rv:81.0) Gecko/20100101 Firefox/81.0"
124.126.78.190 - - [19/May/2021:20:23:37 +0200] "GET / HTTP/1.1" 200 569 "-" "Mozilla/5.0 (Linux; Android 9; RMX1971 Build/PKQ1.190101.001; wv) AppleWebKit/537.36 (KHTML, like Gecko) Version/4.0 Chrome/76.0.3809.89 Mobile Safari/537.36 T7/11.19 SP-engine/2.15.0 baiduboxapp/11.19.5.10 (Baidu; P1 9)"
62.138.2.214 - - [19/May/2021:20:43:40 +0200] "GET /robots.txt HTTP/1.1" 404 1256 "-" "Mozilla/5.0 (X11; Linux x86_64; rv:81.0) Gecko/20100101 Firefox/81.0"
62.138.2.214 - - [19/May/2021:20:43:40 +0200] "GET / HTTP/1.1" 200 569 "-" "Mozilla/5.0 (X11; Linux x86_64; rv:81.0) Gecko/20100101 Firefox/81.0"
54.36.148.184 - - [19/May/2021:22:56:47 +0200] "GET /robots.txt HTTP/1.1" 404 1256 "-" "Mozilla/5.0 (compatible; AhrefsBot/7.0; +http://ahrefs.com/robot/)"
54.36.148.78 - - [19/May/2021:22:56:48 +0200] "GET / HTTP/1.1" 200 569 "-" "Mozilla/5.0 (compatible; AhrefsBot/7.0; +http://ahrefs.com/robot/)"
62.138.2.214 - - [19/May/2021:23:11:32 +0200] "GET /robots.txt HTTP/1.1" 404 1256 "-" "Mozilla/5.0 (X11; Linux x86_64; rv:81.0) Gecko/20100101 Firefox/81.0"
62.138.2.214 - - [19/May/2021:23:11:32 +0200] "GET / HTTP/1.1" 200 569 "-" "Mozilla/5.0 (X11; Linux x86_64; rv:81.0) Gecko/20100101 Firefox/81.0"
62.138.2.214 - - [19/May/2021:23:13:25 +0200] "GET / HTTP/1.1" 200 569 "-" "Mozilla/5.0 (X11; Linux x86_64; rv:81.0) Gecko/20100101 Firefox/81.0"
62.138.2.214 - - [19/May/2021:23:15:24 +0200] "GET / HTTP/1.1" 200 569 "-" "Mozilla/5.0 (X11; Linux x86_64; rv:81.0) Gecko/20100101 Firefox/81.0"
62.138.2.214 - - [19/May/2021:23:16:04 +0200] "GET / HTTP/1.1" 200 569 "-" "Mozilla/5.0 (X11; Linux x86_64; rv:81.0) Gecko/20100101 Firefox/81.0"
62.138.2.214 - - [20/May/2021:01:24:58 +0200] "GET /robots.txt HTTP/1.1" 404 1256 "-" "Mozilla/5.0 (X11; Linux x86_64; rv:81.0) Gecko/20100101 Firefox/81.0"
62.138.2.214 - - [20/May/2021:01:24:58 +0200] "GET / HTTP/1.1" 200 569 "-" "Mozilla/5.0 (X11; Linux x86_64; rv:81.0) Gecko/20100101 Firefox/81.0"
143.178.156.15 - - [20/May/2021:03:23:25 +0200] "GET / HTTP/1.1" 200 569 "-" "Java/1.8.0_241"
143.178.156.15 - - [20/May/2021:03:23:25 +0200] "GET /picture/img001.png HTTP/1.1" 200 643437 "-" "Java/1.8.0_241"
62.138.2.214 - - [20/May/2021:03:27:49 +0200] "GET /robots.txt HTTP/1.1" 404 1256 "-" "Mozilla/5.0 (X11; Linux x86_64; rv:81.0) Gecko/20100101 Firefox/81.0"
62.138.2.214 - - [20/May/2021:03:27:49 +0200] "GET / HTTP/1.1" 200 569 "-" "Mozilla/5.0 (X11; Linux x86_64; rv:81.0) Gecko/20100101 Firefox/81.0"
42.236.10.112 - - [20/May/2021:03:41:14 +0200] "GET / HTTP/1.1" 200 569 "http://www.die-fabians.de/" "Mozilla/5.0 (Windows NT 6.1; WOW64) AppleWebKit/537.36 (KHTML, like Gecko) Chrome/50.4.2661.102 Safari/537.36; 360Spider"
62.138.2.214 - - [20/May/2021:05:28:28 +0200] "GET /robots.txt HTTP/1.1" 404 1256 "-" "Mozilla/5.0 (X11; Linux x86_64; rv:81.0) Gecko/20100101 Firefox/81.0"
62.138.2.214 - - [20/May/2021:05:28:28 +0200] "GET / HTTP/1.1" 200 569 "-" "Mozilla/5.0 (X11; Linux x86_64; rv:81.0) Gecko/20100101 Firefox/81.0"
62.138.2.214 - - [20/May/2021:07:30:10 +0200] "GET /robots.txt HTTP/1.1" 404 1256 "-" "Mozilla/5.0 (X11; Linux x86_64; rv:81.0) Gecko/20100101 Firefox/81.0"
62.138.2.214 - - [20/May/2021:07:30:10 +0200] "GET / HTTP/1.1" 200 569 "-" "Mozilla/5.0 (X11; Linux x86_64; rv:81.0) Gecko/20100101 Firefox/81.0"
62.138.2.214 - - [20/May/2021:07:30:15 +0200] "GET / HTTP/1.1" 200 569 "-" "Mozilla/5.0 (X11; Linux x86_64; rv:81.0) Gecko/20100101 Firefox/81.0"
62.138.2.214 - - [20/May/2021:09:27:37 +0200] "GET /robots.txt HTTP/1.1" 404 1256 "-" "Mozilla/5.0 (X11; Linux x86_64; rv:81.0) Gecko/20100101 Firefox/81.0"
62.138.2.214 - - [20/May/2021:09:27:37 +0200] "GET / HTTP/1.1" 200 569 "-" "Mozilla/5.0 (X11; Linux x86_64; rv:81.0) Gecko/20100101 Firefox/81.0"
62.138.2.214 - - [20/May/2021:12:21:01 +0200] "GET /robots.txt HTTP/1.1" 404 1256 "-" "Mozilla/5.0 (X11; Linux x86_64; rv:81.0) Gecko/20100101 Firefox/81.0"
62.138.2.214 - - [20/May/2021:12:21:01 +0200] "GET / HTTP/1.1" 200 569 "-" "Mozilla/5.0 (X11; Linux x86_64; rv:81.0) Gecko/20100101 Firefox/81.0"
62.138.2.214 - - [20/May/2021:12:21:16 +0200] "GET / HTTP/1.1" 200 569 "-" "Mozilla/5.0 (X11; Linux x86_64; rv:81.0) Gecko/20100101 Firefox/81.0"
62.138.2.214 - - [20/May/2021:12:21:36 +0200] "GET / HTTP/1.1" 200 569 "-" "Mozilla/5.0 (X11; Linux x86_64; rv:81.0) Gecko/20100101 Firefox/81.0"
62.138.2.214 - - [20/May/2021:12:21:54 +0200] "GET / HTTP/1.1" 200 569 "-" "Mozilla/5.0 (X11; Linux x86_64; rv:81.0) Gecko/20100101 Firefox/81.0"
62.138.2.214 - - [20/May/2021:12:22:27 +0200] "GET / HTTP/1.1" 200 569 "-" "Mozilla/5.0 (X11; Linux x86_64; rv:81.0) Gecko/20100101 Firefox/81.0"
62.138.2.214 - - [20/May/2021:12:22:57 +0200] "GET / HTTP/1.1" 200 569 "-" "Mozilla/5.0 (X11; Linux x86_64; rv:81.0) Gecko/20100101 Firefox/81.0"
54.36.148.78 - - [20/May/2021:13:40:32 +0200] "GET / HTTP/1.1" 200 569 "-" "Mozilla/5.0 (compatible; AhrefsBot/7.0; +http://ahrefs.com/robot/)"
54.36.148.87 - - [20/May/2021:23:10:21 +0200] "GET /robots.txt HTTP/1.1" 404 1256 "-" "Mozilla/5.0 (compatible; AhrefsBot/7.0; +http://ahrefs.com/robot/)"
62.138.2.214 - - [21/May/2021:05:41:18 +0200] "GET /robots.txt HTTP/1.1" 404 1256 "-" "Mozilla/5.0 (X11; Linux x86_64; rv:81.0) Gecko/20100101 Firefox/81.0"
62.138.2.214 - - [21/May/2021:05:41:18 +0200] "GET / HTTP/1.1" 200 569 "-" "Mozilla/5.0 (X11; Linux x86_64; rv:81.0) Gecko/20100101 Firefox/81.0"
62.138.2.214 - - [21/May/2021:05:46:19 +0200] "GET / HTTP/1.1" 200 569 "-" "Mozilla/5.0 (X11; Linux x86_64; rv:81.0) Gecko/20100101 Firefox/81.0"
54.36.148.122 - - [21/May/2021:06:19:29 +0200] "GET / HTTP/1.1" 200 569 "-" "Mozilla/5.0 (compatible; AhrefsBot/7.0; +http://ahrefs.com/robot/)"
95.216.96.243 - - [21/May/2021:07:54:40 +0200] "GET /robots.txt HTTP/1.1" 404 1256 "-" "Mozilla/5.0 (compatible; SEOkicks; +https://www.seokicks.de/robot.html)"
95.216.96.243 - - [21/May/2021:07:54:41 +0200] "GET / HTTP/1.1" 200 569 "-" "Mozilla/5.0 (compatible; SEOkicks; +https://www.seokicks.de/robot.html)"
61.135.15.197 - - [21/May/2021:21:09:48 +0200] "GET / HTTP/1.1" 200 569 "-" "Mozilla/5.0 (Linux; Android 9; RMX1971 Build/PKQ1.190101.001; wv) AppleWebKit/537.36 (KHTML, like Gecko) Version/4.0 Chrome/76.0.3809.89 Mobile Safari/537.36 T7/11.19 SP-engine/2.15.0 baiduboxapp/11.19.5.10 (Baidu; P1 9)"
54.36.148.144 - - [21/May/2021:23:12:17 +0200] "GET /robots.txt HTTP/1.1" 404 1256 "-" "Mozilla/5.0 (compatible; AhrefsBot/7.0; +http://ahrefs.com/robot/)"
54.36.148.71 - - [21/May/2021:23:12:18 +0200] "GET / HTTP/1.1" 200 569 "-" "Mozilla/5.0 (compatible; AhrefsBot/7.0; +http://ahrefs.com/robot/)"
144.217.135.179 - - [21/May/2021:23:54:44 +0200] "GET / HTTP/1.1" 200 569 "-" "Mozilla/5.0 (compatible; Dataprovider.com)"
144.217.135.179 - - [21/May/2021:23:54:46 +0200] "GET /robots.txt HTTP/1.1" 404 1256 "-" "Mozilla/5.0 (compatible; Dataprovider.com)"
144.217.135.179 - - [21/May/2021:23:54:47 +0200] "GET /sitemap.xml HTTP/1.1" 404 1256 "-" "Mozilla/5.0 (compatible; Dataprovider.com)"
144.217.135.179 - - [21/May/2021:23:54:47 +0200] "GET / HTTP/1.1" 200 569 "-" "Mozilla/5.0 (compatible; Dataprovider.com)"
144.217.135.179 - - [21/May/2021:23:54:48 +0200] "GET /ads.txt HTTP/1.1" 404 1256 "-" "Mozilla/5.0 (compatible; Dataprovider.com)"
144.217.135.179 - - [21/May/2021:23:54:48 +0200] "GET / HTTP/1.1" 200 569 "-" "Mozilla/5.0 (Linux; Android 5.1.1; SM-G925F Build/LMY47X) AppleWebKit/537.36 (KHTML, like Gecko) Chrome/45.0.2454.94 Mobile Safari/537.36"
51.77.128.205 - - [21/May/2021:23:58:24 +0200] "GET / HTTP/1.1" 200 569 "-" "Mozilla/5.0 (compatible; Dataprovider.com)"
51.77.128.205 - - [21/May/2021:23:58:24 +0200] "GET /picture/img001.png HTTP/1.1" 200 643437 "http://www.die-fabians.de/" "Mozilla/5.0 (compatible; Dataprovider.com)"
54.36.148.52 - - [22/May/2021:14:31:38 +0200] "GET / HTTP/1.1" 200 569 "-" "Mozilla/5.0 (compatible; AhrefsBot/7.0; +http://ahrefs.com/robot/)"
62.138.2.214 - - [22/May/2021:20:43:21 +0200] "GET /robots.txt HTTP/1.1" 404 1256 "-" "Mozilla/5.0 (X11; Linux x86_64; rv:81.0) Gecko/20100101 Firefox/81.0"
62.138.2.214 - - [22/May/2021:20:43:21 +0200] "GET / HTTP/1.1" 200 569 "-" "Mozilla/5.0 (X11; Linux x86_64; rv:81.0) Gecko/20100101 Firefox/81.0"
62.138.2.214 - - [22/May/2021:20:46:40 +0200] "GET / HTTP/1.1" 200 569 "-" "Mozilla/5.0 (X11; Linux x86_64; rv:81.0) Gecko/20100101 Firefox/81.0"
54.36.148.204 - - [23/May/2021:04:01:34 +0200] "GET /robots.txt HTTP/1.1" 404 1256 "-" "Mozilla/5.0 (compatible; AhrefsBot/7.0; +http://ahrefs.com/robot/)"
54.36.148.215 - - [23/May/2021:04:01:35 +0200] "GET / HTTP/1.1" 200 569 "-" "Mozilla/5.0 (compatible; AhrefsBot/7.0; +http://ahrefs.com/robot/)"
62.138.2.214 - - [23/May/2021:05:08:30 +0200] "GET /robots.txt HTTP/1.1" 404 1256 "-" "Mozilla/5.0 (X11; Linux x86_64; rv:81.0) Gecko/20100101 Firefox/81.0"
62.138.2.214 - - [23/May/2021:05:08:30 +0200] "GET / HTTP/1.1" 200 569 "-" "Mozilla/5.0 (X11; Linux x86_64; rv:81.0) Gecko/20100101 Firefox/81.0"
62.138.2.214 - - [23/May/2021:05:09:22 +0200] "GET / HTTP/1.1" 200 569 "-" "Mozilla/5.0 (X11; Linux x86_64; rv:81.0) Gecko/20100101 Firefox/81.0"
3.138.181.133 - - [23/May/2021:07:17:20 +0200] "GET / HTTP/1.1" 200 569 "-" "Java/1.6.0_04"
3.138.181.133 - - [23/May/2021:07:17:21 +0200] "GET /picture/img001.png HTTP/1.1" 200 643437 "-" "Java/1.6.0_04"
17.121.112.84 - - [23/May/2021:15:47:33 +0200] "GET /robots.txt HTTP/1.1" 404 1256 "-" "Mozilla/5.0 (Macintosh; Intel Mac OS X 10_15_5) AppleWebKit/605.1.15 (KHTML, like Gecko) Version/13.1.1 Safari/605.1.15 (Applebot/0.1; +http://www.apple.com/go/applebot)"
17.121.115.37 - - [23/May/2021:15:47:34 +0200] "GET / HTTP/1.1" 200 569 "-" "Mozilla/5.0 (Macintosh; Intel Mac OS X 10_15_5) AppleWebKit/605.1.15 (KHTML, like Gecko) Version/13.1.1 Safari/605.1.15 (Applebot/0.1; +http://www.apple.com/go/applebot)"
54.36.148.25 - - [23/May/2021:18:12:49 +0200] "GET / HTTP/1.1" 200 569 "-" "Mozilla/5.0 (compatible; AhrefsBot/7.0; +http://ahrefs.com/robot/)"
42.236.10.73 - - [23/May/2021:18:59:04 +0200] "GET / HTTP/1.1" 200 569 "http://www.die-fabians.de/" "Mozilla/5.0 (Windows NT 6.1; WOW64) AppleWebKit/537.36 (KHTML, like Gecko) Chrome/50.4.2661.102 Safari/537.36; 360Spider"
54.36.149.55 - - [24/May/2021:05:32:55 +0200] "GET /robots.txt HTTP/1.1" 404 1256 "-" "Mozilla/5.0 (compatible; AhrefsBot/7.0; +http://ahrefs.com/robot/)"
54.36.148.183 - - [24/May/2021:05:32:56 +0200] "GET / HTTP/1.1" 200 569 "-" "Mozilla/5.0 (compatible; AhrefsBot/7.0; +http://ahrefs.com/robot/)"
62.138.2.214 - - [24/May/2021:06:23:21 +0200] "GET /robots.txt HTTP/1.1" 404 1256 "-" "Mozilla/5.0 (X11; Linux x86_64; rv:81.0) Gecko/20100101 Firefox/81.0"
62.138.2.214 - - [24/May/2021:06:23:21 +0200] "GET / HTTP/1.1" 200 569 "-" "Mozilla/5.0 (X11; Linux x86_64; rv:81.0) Gecko/20100101 Firefox/81.0"
62.138.2.214 - - [24/May/2021:06:23:26 +0200] "GET / HTTP/1.1" 200 569 "-" "Mozilla/5.0 (X11; Linux x86_64; rv:81.0) Gecko/20100101 Firefox/81.0"
54.36.148.78 - - [24/May/2021:18:14:16 +0200] "GET / HTTP/1.1" 200 569 "-" "Mozilla/5.0 (compatible; AhrefsBot/7.0; +http://ahrefs.com/robot/)"
100.27.13.82 - - [25/May/2021:00:44:51 +0200] "GET /robots.txt HTTP/1.1" 404 1256 "-" "MauiBot (crawler.feedback+wc@gmail.com)"
100.27.13.82 - - [25/May/2021:00:44:51 +0200] "GET / HTTP/1.1" 200 569 "-" "MauiBot (crawler.feedback+wc@gmail.com)"
54.36.149.66 - - [25/May/2021:05:57:38 +0200] "GET /robots.txt HTTP/1.1" 404 1256 "-" "Mozilla/5.0 (compatible; AhrefsBot/7.0; +http://ahrefs.com/robot/)"
54.36.148.154 - - [25/May/2021:05:57:39 +0200] "GET / HTTP/1.1" 200 569 "-" "Mozilla/5.0 (compatible; AhrefsBot/7.0; +http://ahrefs.com/robot/)"
62.138.2.214 - - [25/May/2021:08:25:56 +0200] "GET /robots.txt HTTP/1.1" 404 1256 "-" "Mozilla/5.0 (X11; Linux x86_64; rv:81.0) Gecko/20100101 Firefox/81.0"
62.138.2.214 - - [25/May/2021:08:25:56 +0200] "GET / HTTP/1.1" 200 569 "-" "Mozilla/5.0 (X11; Linux x86_64; rv:81.0) Gecko/20100101 Firefox/81.0"
62.138.2.214 - - [25/May/2021:11:08:17 +0200] "GET /robots.txt HTTP/1.1" 404 1256 "-" "Mozilla/5.0 (X11; Linux x86_64; rv:81.0) Gecko/20100101 Firefox/81.0"
62.138.2.214 - - [25/May/2021:11:08:17 +0200] "GET / HTTP/1.1" 200 569 "-" "Mozilla/5.0 (X11; Linux x86_64; rv:81.0) Gecko/20100101 Firefox/81.0"
62.138.2.214 - - [25/May/2021:12:34:40 +0200] "GET /robots.txt HTTP/1.1" 404 1256 "-" "Mozilla/5.0 (X11; Linux x86_64; rv:81.0) Gecko/20100101 Firefox/81.0"
62.138.2.214 - - [25/May/2021:12:34:41 +0200] "GET / HTTP/1.1" 200 569 "-" "Mozilla/5.0 (X11; Linux x86_64; rv:81.0) Gecko/20100101 Firefox/81.0"
62.138.2.214 - - [25/May/2021:13:52:22 +0200] "GET /robots.txt HTTP/1.1" 404 1256 "-" "Mozilla/5.0 (X11; Linux x86_64; rv:81.0) Gecko/20100101 Firefox/81.0"
62.138.2.214 - - [25/May/2021:13:52:22 +0200] "GET / HTTP/1.1" 200 569 "-" "Mozilla/5.0 (X11; Linux x86_64; rv:81.0) Gecko/20100101 Firefox/81.0"
34.66.214.30 - - [25/May/2021:14:36:53 +0200] "GET / HTTP/1.1" 200 569 "-" "Mozilla/5.0 (Windows NT 6.1; rv:57.0) Gecko/20100101 Firefox/57.0"
54.36.148.13 - - [25/May/2021:21:41:51 +0200] "GET / HTTP/1.1" 200 569 "-" "Mozilla/5.0 (compatible; AhrefsBot/7.0; +http://ahrefs.com/robot/)"
62.138.2.214 - - [25/May/2021:22:09:02 +0200] "GET /robots.txt HTTP/1.1" 404 1256 "-" "Mozilla/5.0 (X11; Linux x86_64; rv:81.0) Gecko/20100101 Firefox/81.0"
62.138.2.214 - - [25/May/2021:22:09:02 +0200] "GET / HTTP/1.1" 200 569 "-" "Mozilla/5.0 (X11; Linux x86_64; rv:81.0) Gecko/20100101 Firefox/81.0"
62.138.2.214 - - [25/May/2021:22:13:53 +0200] "GET / HTTP/1.1" 200 569 "-" "Mozilla/5.0 (X11; Linux x86_64; rv:81.0) Gecko/20100101 Firefox/81.0"
62.138.2.214 - - [25/May/2021:22:13:56 +0200] "GET / HTTP/1.1" 200 569 "-" "Mozilla/5.0 (X11; Linux x86_64; rv:81.0) Gecko/20100101 Firefox/81.0"
62.138.2.214 - - [25/May/2021:22:19:09 +0200] "GET / HTTP/1.1" 200 569 "-" "Mozilla/5.0 (X11; Linux x86_64; rv:81.0) Gecko/20100101 Firefox/81.0"
62.138.2.214 - - [25/May/2021:22:23:53 +0200] "GET / HTTP/1.1" 200 569 "-" "Mozilla/5.0 (X11; Linux x86_64; rv:81.0) Gecko/20100101 Firefox/81.0"
62.138.2.214 - - [25/May/2021:22:23:58 +0200] "GET / HTTP/1.1" 200 569 "-" "Mozilla/5.0 (X11; Linux x86_64; rv:81.0) Gecko/20100101 Firefox/81.0"
62.138.2.214 - - [25/May/2021:22:29:02 +0200] "GET / HTTP/1.1" 200 569 "-" "Mozilla/5.0 (X11; Linux x86_64; rv:81.0) Gecko/20100101 Firefox/81.0"
62.138.2.214 - - [25/May/2021:22:33:53 +0200] "GET / HTTP/1.1" 200 569 "-" "Mozilla/5.0 (X11; Linux x86_64; rv:81.0) Gecko/20100101 Firefox/81.0"
62.138.2.214 - - [25/May/2021:22:38:56 +0200] "GET / HTTP/1.1" 200 569 "-" "Mozilla/5.0 (X11; Linux x86_64; rv:81.0) Gecko/20100101 Firefox/81.0"
62.138.2.214 - - [25/May/2021:22:39:02 +0200] "GET / HTTP/1.1" 200 569 "-" "Mozilla/5.0 (X11; Linux x86_64; rv:81.0) Gecko/20100101 Firefox/81.0"
62.138.2.214 - - [25/May/2021:22:43:54 +0200] "GET / HTTP/1.1" 200 569 "-" "Mozilla/5.0 (X11; Linux x86_64; rv:81.0) Gecko/20100101 Firefox/81.0"
34.66.214.30 - - [25/May/2021:22:47:15 +0200] "GET / HTTP/1.1" 200 569 "-" "Mozilla/5.0 (Linux; Android 5.1.1; SM-J111F) AppleWebKit/537.36 (KHTML, like Gecko) Chrome/73.0.3683.90 Mobile Safari/537.36"
34.66.214.30 - - [25/May/2021:22:47:15 +0200] "GET /blog/ HTTP/1.1" 404 1256 "-" "Mozilla/5.0 (Linux; Android 5.1.1; SM-J111F) AppleWebKit/537.36 (KHTML, like Gecko) Chrome/73.0.3683.90 Mobile Safari/537.36"
34.66.214.30 - - [25/May/2021:22:47:15 +0200] "GET /wp/ HTTP/1.1" 404 1256 "-" "Mozilla/5.0 (Linux; Android 5.1.1; SM-J111F) AppleWebKit/537.36 (KHTML, like Gecko) Chrome/73.0.3683.90 Mobile Safari/537.36"
34.66.214.30 - - [25/May/2021:22:47:16 +0200] "GET /wordpress/ HTTP/1.1" 404 1256 "-" "Mozilla/5.0 (Linux; Android 5.1.1; SM-J111F) AppleWebKit/537.36 (KHTML, like Gecko) Chrome/73.0.3683.90 Mobile Safari/537.36"
34.66.214.30 - - [25/May/2021:22:47:16 +0200] "GET /new/ HTTP/1.1" 404 1256 "-" "Mozilla/5.0 (Linux; Android 5.1.1; SM-J111F) AppleWebKit/537.36 (KHTML, like Gecko) Chrome/73.0.3683.90 Mobile Safari/537.36"
34.66.214.30 - - [25/May/2021:22:47:16 +0200] "GET /old/ HTTP/1.1" 404 1256 "-" "Mozilla/5.0 (Linux; Android 5.1.1; SM-J111F) AppleWebKit/537.36 (KHTML, like Gecko) Chrome/73.0.3683.90 Mobile Safari/537.36"
34.66.214.30 - - [25/May/2021:22:47:16 +0200] "GET /test/ HTTP/1.1" 404 1256 "-" "Mozilla/5.0 (Linux; Android 5.1.1; SM-J111F) AppleWebKit/537.36 (KHTML, like Gecko) Chrome/73.0.3683.90 Mobile Safari/537.36"
34.66.214.30 - - [25/May/2021:22:47:17 +0200] "GET /main/ HTTP/1.1" 404 1256 "-" "Mozilla/5.0 (Linux; Android 5.1.1; SM-J111F) AppleWebKit/537.36 (KHTML, like Gecko) Chrome/73.0.3683.90 Mobile Safari/537.36"
34.66.214.30 - - [25/May/2021:22:47:17 +0200] "GET /site/ HTTP/1.1" 404 1256 "-" "Mozilla/5.0 (Linux; Android 5.1.1; SM-J111F) AppleWebKit/537.36 (KHTML, like Gecko) Chrome/73.0.3683.90 Mobile Safari/537.36"
34.66.214.30 - - [25/May/2021:22:47:17 +0200] "GET /backup/ HTTP/1.1" 404 1256 "-" "Mozilla/5.0 (Linux; Android 5.1.1; SM-J111F) AppleWebKit/537.36 (KHTML, like Gecko) Chrome/73.0.3683.90 Mobile Safari/537.36"
34.66.214.30 - - [25/May/2021:22:47:17 +0200] "GET /demo/ HTTP/1.1" 404 1256 "-" "Mozilla/5.0 (Linux; Android 5.1.1; SM-J111F) AppleWebKit/537.36 (KHTML, like Gecko) Chrome/73.0.3683.90 Mobile Safari/537.36"
34.66.214.30 - - [25/May/2021:22:47:18 +0200] "GET /home/ HTTP/1.1" 404 1256 "-" "Mozilla/5.0 (Linux; Android 5.1.1; SM-J111F) AppleWebKit/537.36 (KHTML, like Gecko) Chrome/73.0.3683.90 Mobile Safari/537.36"
34.66.214.30 - - [25/May/2021:22:47:18 +0200] "GET /tmp/ HTTP/1.1" 404 1256 "-" "Mozilla/5.0 (Linux; Android 5.1.1; SM-J111F) AppleWebKit/537.36 (KHTML, like Gecko) Chrome/73.0.3683.90 Mobile Safari/537.36"
34.66.214.30 - - [25/May/2021:22:47:18 +0200] "GET /cms/ HTTP/1.1" 404 1256 "-" "Mozilla/5.0 (Linux; Android 5.1.1; SM-J111F) AppleWebKit/537.36 (KHTML, like Gecko) Chrome/73.0.3683.90 Mobile Safari/537.36"
34.66.214.30 - - [25/May/2021:22:47:18 +0200] "GET /dev/ HTTP/1.1" 404 1256 "-" "Mozilla/5.0 (Linux; Android 5.1.1; SM-J111F) AppleWebKit/537.36 (KHTML, like Gecko) Chrome/73.0.3683.90 Mobile Safari/537.36"
34.66.214.30 - - [25/May/2021:22:47:19 +0200] "GET /old-wp/ HTTP/1.1" 404 1256 "-" "Mozilla/5.0 (Linux; Android 5.1.1; SM-J111F) AppleWebKit/537.36 (KHTML, like Gecko) Chrome/73.0.3683.90 Mobile Safari/537.36"
34.66.214.30 - - [25/May/2021:22:47:19 +0200] "GET /web/ HTTP/1.1" 404 1256 "-" "Mozilla/5.0 (Linux; Android 5.1.1; SM-J111F) AppleWebKit/537.36 (KHTML, like Gecko) Chrome/73.0.3683.90 Mobile Safari/537.36"
34.66.214.30 - - [25/May/2021:22:47:19 +0200] "GET /old-site/ HTTP/1.1" 404 1256 "-" "Mozilla/5.0 (Linux; Android 5.1.1; SM-J111F) AppleWebKit/537.36 (KHTML, like Gecko) Chrome/73.0.3683.90 Mobile Safari/537.36"
34.66.214.30 - - [25/May/2021:22:47:19 +0200] "GET /temp/ HTTP/1.1" 404 1256 "-" "Mozilla/5.0 (Linux; Android 5.1.1; SM-J111F) AppleWebKit/537.36 (KHTML, like Gecko) Chrome/73.0.3683.90 Mobile Safari/537.36"
34.66.214.30 - - [25/May/2021:22:47:20 +0200] "GET /2018/ HTTP/1.1" 404 1256 "-" "Mozilla/5.0 (Linux; Android 5.1.1; SM-J111F) AppleWebKit/537.36 (KHTML, like Gecko) Chrome/73.0.3683.90 Mobile Safari/537.36"
34.66.214.30 - - [25/May/2021:22:47:20 +0200] "GET /2019/ HTTP/1.1" 404 1256 "-" "Mozilla/5.0 (Linux; Android 5.1.1; SM-J111F) AppleWebKit/537.36 (KHTML, like Gecko) Chrome/73.0.3683.90 Mobile Safari/537.36"
34.66.214.30 - - [25/May/2021:22:47:20 +0200] "GET /bk/ HTTP/1.1" 404 1256 "-" "Mozilla/5.0 (Linux; Android 5.1.1; SM-J111F) AppleWebKit/537.36 (KHTML, like Gecko) Chrome/73.0.3683.90 Mobile Safari/537.36"
34.66.214.30 - - [25/May/2021:22:47:20 +0200] "GET /wp1/ HTTP/1.1" 404 1256 "-" "Mozilla/5.0 (Linux; Android 5.1.1; SM-J111F) AppleWebKit/537.36 (KHTML, like Gecko) Chrome/73.0.3683.90 Mobile Safari/537.36"
34.66.214.30 - - [25/May/2021:22:47:21 +0200] "GET /wp2/ HTTP/1.1" 404 1256 "-" "Mozilla/5.0 (Linux; Android 5.1.1; SM-J111F) AppleWebKit/537.36 (KHTML, like Gecko) Chrome/73.0.3683.90 Mobile Safari/537.36"
34.66.214.30 - - [25/May/2021:22:47:21 +0200] "GET /v1/ HTTP/1.1" 404 1256 "-" "Mozilla/5.0 (Linux; Android 5.1.1; SM-J111F) AppleWebKit/537.36 (KHTML, like Gecko) Chrome/73.0.3683.90 Mobile Safari/537.36"
34.66.214.30 - - [25/May/2021:22:47:21 +0200] "GET /v2/ HTTP/1.1" 404 1256 "-" "Mozilla/5.0 (Linux; Android 5.1.1; SM-J111F) AppleWebKit/537.36 (KHTML, like Gecko) Chrome/73.0.3683.90 Mobile Safari/537.36"
34.66.214.30 - - [25/May/2021:22:47:21 +0200] "GET /bak/ HTTP/1.1" 404 1256 "-" "Mozilla/5.0 (Linux; Android 5.1.1; SM-J111F) AppleWebKit/537.36 (KHTML, like Gecko) Chrome/73.0.3683.90 Mobile Safari/537.36"
34.66.214.30 - - [25/May/2021:22:47:22 +0200] "GET /install/ HTTP/1.1" 404 1256 "-" "Mozilla/5.0 (Linux; Android 5.1.1; SM-J111F) AppleWebKit/537.36 (KHTML, like Gecko) Chrome/73.0.3683.90 Mobile Safari/537.36"
34.66.214.30 - - [25/May/2021:22:47:22 +0200] "GET /2020/ HTTP/1.1" 404 1256 "-" "Mozilla/5.0 (Linux; Android 5.1.1; SM-J111F) AppleWebKit/537.36 (KHTML, like Gecko) Chrome/73.0.3683.90 Mobile Safari/537.36"
34.66.214.30 - - [25/May/2021:22:47:22 +0200] "GET /new-site/ HTTP/1.1" 404 1256 "-" "Mozilla/5.0 (Linux; Android 5.1.1; SM-J111F) AppleWebKit/537.36 (KHTML, like Gecko) Chrome/73.0.3683.90 Mobile Safari/537.36"
62.138.2.214 - - [25/May/2021:22:48:54 +0200] "GET / HTTP/1.1" 200 569 "-" "Mozilla/5.0 (X11; Linux x86_64; rv:81.0) Gecko/20100101 Firefox/81.0"
217.7.192.192 - - [25/May/2021:22:52:00 +0200] "GET /data/nextcloud.log HTTP/1.1" 404 1256 "-" "Mozilla/5.0 (Windows NT 6.1) AppleWebKit/537.36 (KHTML, like Gecko) Chrome/41.0.2228.0 Safari/537.36 Lynt.cz"
217.7.192.192 - - [25/May/2021:22:52:00 +0200] "GET /data/owncloud.log HTTP/1.1" 404 1256 "-" "Mozilla/5.0 (Windows NT 6.1) AppleWebKit/537.36 (KHTML, like Gecko) Chrome/41.0.2228.0 Safari/537.36 Lynt.cz"
217.7.192.192 - - [25/May/2021:22:52:04 +0200] "GET /nextcloud/data/nextcloud.log HTTP/1.1" 404 1256 "-" "Mozilla/5.0 (Windows NT 6.1) AppleWebKit/537.36 (KHTML, like Gecko) Chrome/41.0.2228.0 Safari/537.36 Lynt.cz"
217.7.192.192 - - [25/May/2021:22:52:04 +0200] "GET /owncloud/data/owncloud.log HTTP/1.1" 404 1256 "-" "Mozilla/5.0 (Windows NT 6.1) AppleWebKit/537.36 (KHTML, like Gecko) Chrome/41.0.2228.0 Safari/537.36 Lynt.cz"
62.138.2.214 - - [26/May/2021:01:28:58 +0200] "GET /robots.txt HTTP/1.1" 404 1256 "-" "Mozilla/5.0 (X11; Linux x86_64; rv:81.0) Gecko/20100101 Firefox/81.0"
62.138.2.214 - - [26/May/2021:01:28:58 +0200] "GET / HTTP/1.1" 200 569 "-" "Mozilla/5.0 (X11; Linux x86_64; rv:81.0) Gecko/20100101 Firefox/81.0"
62.138.2.214 - - [26/May/2021:03:58:59 +0200] "GET /robots.txt HTTP/1.1" 404 1256 "-" "Mozilla/5.0 (X11; Linux x86_64; rv:81.0) Gecko/20100101 Firefox/81.0"
62.138.2.214 - - [26/May/2021:03:58:59 +0200] "GET / HTTP/1.1" 200 569 "-" "Mozilla/5.0 (X11; Linux x86_64; rv:81.0) Gecko/20100101 Firefox/81.0"
62.138.2.214 - - [26/May/2021:03:59:38 +0200] "GET / HTTP/1.1" 200 569 "-" "Mozilla/5.0 (X11; Linux x86_64; rv:81.0) Gecko/20100101 Firefox/81.0"
62.138.2.214 - - [26/May/2021:06:34:07 +0200] "GET /robots.txt HTTP/1.1" 404 1256 "-" "Mozilla/5.0 (X11; Linux x86_64; rv:81.0) Gecko/20100101 Firefox/81.0"
62.138.2.214 - - [26/May/2021:06:34:07 +0200] "GET / HTTP/1.1" 200 569 "-" "Mozilla/5.0 (X11; Linux x86_64; rv:81.0) Gecko/20100101 Firefox/81.0"
95.216.96.242 - - [26/May/2021:07:30:45 +0200] "GET /robots.txt HTTP/1.1" 404 1256 "-" "Mozilla/5.0 (compatible; SEOkicks; +https://www.seokicks.de/robot.html)"
95.216.96.242 - - [26/May/2021:07:30:46 +0200] "GET / HTTP/1.1" 200 569 "-" "Mozilla/5.0 (compatible; SEOkicks; +https://www.seokicks.de/robot.html)"
62.138.2.214 - - [26/May/2021:09:10:01 +0200] "GET /robots.txt HTTP/1.1" 404 1256 "-" "Mozilla/5.0 (X11; Linux x86_64; rv:81.0) Gecko/20100101 Firefox/81.0"
62.138.2.214 - - [26/May/2021:09:10:01 +0200] "GET / HTTP/1.1" 200 569 "-" "Mozilla/5.0 (X11; Linux x86_64; rv:81.0) Gecko/20100101 Firefox/81.0"
62.138.2.214 - - [26/May/2021:09:10:56 +0200] "GET / HTTP/1.1" 200 569 "-" "Mozilla/5.0 (X11; Linux x86_64; rv:81.0) Gecko/20100101 Firefox/81.0"
216.145.11.94 - - [26/May/2021:10:16:43 +0200] "GET /robots.txt HTTP/1.0" 404 1256 "-" "Mozilla/5.0 (Macintosh; Intel Mac OS X 10.10; rv:59.0) Gecko/20100101 Firefox/59.0"
216.145.11.94 - - [26/May/2021:10:16:44 +0200] "GET / HTTP/1.1" 200 569 "-" "Mozilla/5.0 (Macintosh; Intel Mac OS X 10.10; rv:59.0) Gecko/20100101 Firefox/59.0"
54.36.148.255 - - [26/May/2021:11:13:43 +0200] "GET /robots.txt HTTP/1.1" 404 1256 "-" "Mozilla/5.0 (compatible; AhrefsBot/7.0; +http://ahrefs.com/robot/)"
54.36.148.78 - - [26/May/2021:11:13:43 +0200] "GET / HTTP/1.1" 200 569 "-" "Mozilla/5.0 (compatible; AhrefsBot/7.0; +http://ahrefs.com/robot/)"
62.138.2.214 - - [26/May/2021:11:53:55 +0200] "GET /robots.txt HTTP/1.1" 404 1256 "-" "Mozilla/5.0 (X11; Linux x86_64; rv:81.0) Gecko/20100101 Firefox/81.0"
62.138.2.214 - - [26/May/2021:11:53:55 +0200] "GET / HTTP/1.1" 200 569 "-" "Mozilla/5.0 (X11; Linux x86_64; rv:81.0) Gecko/20100101 Firefox/81.0"
62.138.2.214 - - [26/May/2021:11:54:05 +0200] "GET / HTTP/1.1" 200 569 "-" "Mozilla/5.0 (X11; Linux x86_64; rv:81.0) Gecko/20100101 Firefox/81.0"
62.138.2.214 - - [26/May/2021:14:23:57 +0200] "GET /robots.txt HTTP/1.1" 404 1256 "-" "Mozilla/5.0 (X11; Linux x86_64; rv:81.0) Gecko/20100101 Firefox/81.0"
62.138.2.214 - - [26/May/2021:14:23:57 +0200] "GET / HTTP/1.1" 200 569 "-" "Mozilla/5.0 (X11; Linux x86_64; rv:81.0) Gecko/20100101 Firefox/81.0"
62.138.2.214 - - [26/May/2021:14:24:14 +0200] "GET / HTTP/1.1" 200 569 "-" "Mozilla/5.0 (X11; Linux x86_64; rv:81.0) Gecko/20100101 Firefox/81.0"
62.138.2.214 - - [26/May/2021:16:58:54 +0200] "GET /robots.txt HTTP/1.1" 404 1256 "-" "Mozilla/5.0 (X11; Linux x86_64; rv:81.0) Gecko/20100101 Firefox/81.0"
62.138.2.214 - - [26/May/2021:16:58:54 +0200] "GET / HTTP/1.1" 200 569 "-" "Mozilla/5.0 (X11; Linux x86_64; rv:81.0) Gecko/20100101 Firefox/81.0"
62.138.2.214 - - [26/May/2021:16:59:00 +0200] "GET / HTTP/1.1" 200 569 "-" "Mozilla/5.0 (X11; Linux x86_64; rv:81.0) Gecko/20100101 Firefox/81.0"
62.138.2.214 - - [26/May/2021:19:48:56 +0200] "GET /robots.txt HTTP/1.1" 404 1256 "-" "Mozilla/5.0 (X11; Linux x86_64; rv:81.0) Gecko/20100101 Firefox/81.0"
62.138.2.214 - - [26/May/2021:19:48:56 +0200] "GET / HTTP/1.1" 200 569 "-" "Mozilla/5.0 (X11; Linux x86_64; rv:81.0) Gecko/20100101 Firefox/81.0"
62.138.2.214 - - [26/May/2021:23:04:16 +0200] "GET /robots.txt HTTP/1.1" 404 1256 "-" "Mozilla/5.0 (X11; Linux x86_64; rv:81.0) Gecko/20100101 Firefox/81.0"
62.138.2.214 - - [26/May/2021:23:04:16 +0200] "GET / HTTP/1.1" 200 569 "-" "Mozilla/5.0 (X11; Linux x86_64; rv:81.0) Gecko/20100101 Firefox/81.0"
54.36.148.255 - - [27/May/2021:01:07:32 +0200] "GET / HTTP/1.1" 200 569 "-" "Mozilla/5.0 (compatible; AhrefsBot/7.0; +http://ahrefs.com/robot/)"
62.138.2.214 - - [27/May/2021:02:18:54 +0200] "GET /robots.txt HTTP/1.1" 404 1256 "-" "Mozilla/5.0 (X11; Linux x86_64; rv:81.0) Gecko/20100101 Firefox/81.0"
62.138.2.214 - - [27/May/2021:02:18:54 +0200] "GET / HTTP/1.1" 200 569 "-" "Mozilla/5.0 (X11; Linux x86_64; rv:81.0) Gecko/20100101 Firefox/81.0"
62.138.2.214 - - [27/May/2021:02:23:53 +0200] "GET / HTTP/1.1" 200 569 "-" "Mozilla/5.0 (X11; Linux x86_64; rv:81.0) Gecko/20100101 Firefox/81.0"
77.88.9.134 - - [27/May/2021:02:49:09 +0200] "GET /robots.txt HTTP/1.1" 404 1256 "-" "Mozilla/5.0 (compatible; YandexBot/3.0; +http://yandex.com/bots)"
77.88.9.134 - - [27/May/2021:02:49:13 +0200] "GET / HTTP/1.1" 200 569 "-" "Mozilla/5.0 (compatible; YandexBot/3.0; +http://yandex.com/bots)"
144.76.60.98 - - [27/May/2021:03:24:41 +0200] "GET / HTTP/1.1" 200 569 "-" "Mozilla/5.0 (compatible; MegaIndex.ru/2.0; +http://megaindex.com/crawler)"
185.138.241.85 - - [27/May/2021:04:16:14 +0200] "GET /robots.txt HTTP/1.1" 404 1256 "-" "Mozilla/5.0 (Windows NT 6.1; WOW64; rv:54.0) Gecko/20100101 Firefox/73.0"
185.138.241.85 - - [27/May/2021:04:16:24 +0200] "GET / HTTP/1.1" 200 569 "-" "Mozilla/5.0 (Windows NT 6.1; WOW64; rv:54.0) Gecko/20100101 Firefox/73.0"
185.138.241.85 - - [27/May/2021:04:16:40 +0200] "GET /sitemap.xml HTTP/1.1" 404 1256 "-" "Mozilla/5.0 (Windows NT 6.1; WOW64; rv:54.0) Gecko/20100101 Firefox/73.0"
185.138.241.85 - - [27/May/2021:04:17:00 +0200] "GET /sitemap_index.xml HTTP/1.1" 404 1256 "-" "Mozilla/5.0 (Windows NT 6.1; WOW64; rv:54.0) Gecko/20100101 Firefox/73.0"
185.138.241.85 - - [27/May/2021:04:17:15 +0200] "GET / HTTP/1.1" 200 569 "-" "Mozilla/5.0 (Windows NT 6.1; WOW64; rv:54.0) Gecko/20100101 Firefox/73.0"
47.243.87.221 - - [27/May/2021:10:54:10 +0200] "GET / HTTP/1.1" 200 569 "-" "colly - https://github.com/gocolly/colly"
62.138.2.214 - - [27/May/2021:11:39:56 +0200] "GET /robots.txt HTTP/1.1" 404 1256 "-" "Mozilla/5.0 (X11; Linux x86_64; rv:81.0) Gecko/20100101 Firefox/81.0"
62.138.2.214 - - [27/May/2021:11:39:56 +0200] "GET / HTTP/1.1" 200 569 "-" "Mozilla/5.0 (X11; Linux x86_64; rv:81.0) Gecko/20100101 Firefox/81.0"
62.138.2.214 - - [27/May/2021:11:39:59 +0200] "GET / HTTP/1.1" 200 569 "-" "Mozilla/5.0 (X11; Linux x86_64; rv:81.0) Gecko/20100101 Firefox/81.0"
42.236.10.73 - - [27/May/2021:12:07:37 +0200] "GET / HTTP/1.1" 200 569 "http://www.die-fabians.de/" "Mozilla/5.0 (Windows NT 6.1; WOW64) AppleWebKit/537.36 (KHTML, like Gecko) Chrome/50.4.2661.102 Safari/537.36; 360Spider"
46.4.10.166 - - [27/May/2021:12:22:38 +0200] "GET /robots.txt HTTP/1.1" 404 1256 "-" "Mozilla/5.0 (compatible; SEOkicks; +https://www.seokicks.de/robot.html)"
46.4.10.166 - - [27/May/2021:12:22:39 +0200] "GET / HTTP/1.1" 200 569 "-" "Mozilla/5.0 (compatible; SEOkicks; +https://www.seokicks.de/robot.html)"
46.4.10.166 - - [27/May/2021:12:22:40 +0200] "GET /sitemap.xml HTTP/1.1" 404 1256 "-" "Mozilla/5.0 (compatible; SEOkicks; +https://www.seokicks.de/robot.html)"
62.138.2.214 - - [27/May/2021:14:04:56 +0200] "GET /robots.txt HTTP/1.1" 404 1256 "-" "Mozilla/5.0 (X11; Linux x86_64; rv:81.0) Gecko/20100101 Firefox/81.0"
62.138.2.214 - - [27/May/2021:14:04:56 +0200] "GET / HTTP/1.1" 200 569 "-" "Mozilla/5.0 (X11; Linux x86_64; rv:81.0) Gecko/20100101 Firefox/81.0"
54.36.148.242 - - [27/May/2021:15:32:08 +0200] "GET /robots.txt HTTP/1.1" 404 1256 "-" "Mozilla/5.0 (compatible; AhrefsBot/7.0; +http://ahrefs.com/robot/)"
54.36.148.13 - - [27/May/2021:15:32:09 +0200] "GET / HTTP/1.1" 200 569 "-" "Mozilla/5.0 (compatible; AhrefsBot/7.0; +http://ahrefs.com/robot/)"
62.138.2.214 - - [27/May/2021:16:19:55 +0200] "GET /robots.txt HTTP/1.1" 404 1256 "-" "Mozilla/5.0 (X11; Linux x86_64; rv:81.0) Gecko/20100101 Firefox/81.0"
62.138.2.214 - - [27/May/2021:16:19:55 +0200] "GET / HTTP/1.1" 200 569 "-" "Mozilla/5.0 (X11; Linux x86_64; rv:81.0) Gecko/20100101 Firefox/81.0"
62.138.2.214 - - [27/May/2021:16:19:56 +0200] "GET / HTTP/1.1" 200 569 "-" "Mozilla/5.0 (X11; Linux x86_64; rv:81.0) Gecko/20100101 Firefox/81.0"
62.138.2.214 - - [27/May/2021:18:39:55 +0200] "GET /robots.txt HTTP/1.1" 404 1256 "-" "Mozilla/5.0 (X11; Linux x86_64; rv:81.0) Gecko/20100101 Firefox/81.0"
62.138.2.214 - - [27/May/2021:18:39:55 +0200] "GET / HTTP/1.1" 200 569 "-" "Mozilla/5.0 (X11; Linux x86_64; rv:81.0) Gecko/20100101 Firefox/81.0"
62.138.2.214 - - [27/May/2021:18:39:56 +0200] "GET / HTTP/1.1" 200 569 "-" "Mozilla/5.0 (X11; Linux x86_64; rv:81.0) Gecko/20100101 Firefox/81.0"
62.138.2.214 - - [27/May/2021:20:55:12 +0200] "GET /robots.txt HTTP/1.1" 404 1256 "-" "Mozilla/5.0 (X11; Linux x86_64; rv:81.0) Gecko/20100101 Firefox/81.0"
62.138.2.214 - - [27/May/2021:20:55:12 +0200] "GET / HTTP/1.1" 200 569 "-" "Mozilla/5.0 (X11; Linux x86_64; rv:81.0) Gecko/20100101 Firefox/81.0"
191.101.217.19 - - [27/May/2021:22:15:40 +0200] "GET / HTTP/1.1" 200 569 "-" "Mozilla/5.0 (Macintosh; Intel Mac OS X 10_12_5) AppleWebKit/537.36 (KHTML, like Gecko) Chrome/66.0.3359.117 Safari/537.36"
62.138.2.214 - - [27/May/2021:23:14:58 +0200] "GET /robots.txt HTTP/1.1" 404 1256 "-" "Mozilla/5.0 (X11; Linux x86_64; rv:81.0) Gecko/20100101 Firefox/81.0"
62.138.2.214 - - [27/May/2021:23:14:58 +0200] "GET / HTTP/1.1" 200 569 "-" "Mozilla/5.0 (X11; Linux x86_64; rv:81.0) Gecko/20100101 Firefox/81.0"
62.138.2.214 - - [28/May/2021:01:30:33 +0200] "GET /robots.txt HTTP/1.1" 404 1256 "-" "Mozilla/5.0 (X11; Linux x86_64; rv:81.0) Gecko/20100101 Firefox/81.0"
62.138.2.214 - - [28/May/2021:01:30:33 +0200] "GET / HTTP/1.1" 200 569 "-" "Mozilla/5.0 (X11; Linux x86_64; rv:81.0) Gecko/20100101 Firefox/81.0"
62.138.2.214 - - [28/May/2021:01:31:20 +0200] "GET / HTTP/1.1" 200 569 "-" "Mozilla/5.0 (X11; Linux x86_64; rv:81.0) Gecko/20100101 Firefox/81.0"
62.138.2.214 - - [28/May/2021:03:49:55 +0200] "GET /robots.txt HTTP/1.1" 404 1256 "-" "Mozilla/5.0 (X11; Linux x86_64; rv:81.0) Gecko/20100101 Firefox/81.0"
62.138.2.214 - - [28/May/2021:03:49:55 +0200] "GET / HTTP/1.1" 200 569 "-" "Mozilla/5.0 (X11; Linux x86_64; rv:81.0) Gecko/20100101 Firefox/81.0"
62.138.2.214 - - [28/May/2021:03:49:56 +0200] "GET / HTTP/1.1" 200 569 "-" "Mozilla/5.0 (X11; Linux x86_64; rv:81.0) Gecko/20100101 Firefox/81.0"
62.138.2.214 - - [28/May/2021:06:00:28 +0200] "GET /robots.txt HTTP/1.1" 404 1256 "-" "Mozilla/5.0 (X11; Linux x86_64; rv:81.0) Gecko/20100101 Firefox/81.0"
62.138.2.214 - - [28/May/2021:06:00:28 +0200] "GET / HTTP/1.1" 200 569 "-" "Mozilla/5.0 (X11; Linux x86_64; rv:81.0) Gecko/20100101 Firefox/81.0"
62.138.2.214 - - [28/May/2021:06:01:41 +0200] "GET / HTTP/1.1" 200 569 "-" "Mozilla/5.0 (X11; Linux x86_64; rv:81.0) Gecko/20100101 Firefox/81.0"
42.236.10.69 - - [28/May/2021:06:57:05 +0200] "GET / HTTP/1.1" 200 569 "http://www.die-fabians.de/" "Mozilla/5.0 (Windows NT 6.1; WOW64) AppleWebKit/537.36 (KHTML, like Gecko) Chrome/50.4.2661.102 Safari/537.36; 360Spider"
62.138.2.214 - - [28/May/2021:08:10:24 +0200] "GET /robots.txt HTTP/1.1" 404 1256 "-" "Mozilla/5.0 (X11; Linux x86_64; rv:81.0) Gecko/20100101 Firefox/81.0"
62.138.2.214 - - [28/May/2021:08:10:24 +0200] "GET / HTTP/1.1" 200 569 "-" "Mozilla/5.0 (X11; Linux x86_64; rv:81.0) Gecko/20100101 Firefox/81.0"
62.138.2.214 - - [28/May/2021:08:11:48 +0200] "GET / HTTP/1.1" 200 569 "-" "Mozilla/5.0 (X11; Linux x86_64; rv:81.0) Gecko/20100101 Firefox/81.0"
54.36.148.249 - - [28/May/2021:08:46:31 +0200] "GET / HTTP/1.1" 200 569 "-" "Mozilla/5.0 (compatible; AhrefsBot/7.0; +http://ahrefs.com/robot/)"
62.138.2.214 - - [28/May/2021:10:11:47 +0200] "GET /robots.txt HTTP/1.1" 404 1256 "-" "Mozilla/5.0 (X11; Linux x86_64; rv:81.0) Gecko/20100101 Firefox/81.0"
62.138.2.214 - - [28/May/2021:10:11:48 +0200] "GET / HTTP/1.1" 200 569 "-" "Mozilla/5.0 (X11; Linux x86_64; rv:81.0) Gecko/20100101 Firefox/81.0"
62.138.2.214 - - [28/May/2021:14:53:51 +0200] "GET /robots.txt HTTP/1.1" 404 1256 "-" "Mozilla/5.0 (X11; Linux x86_64; rv:81.0) Gecko/20100101 Firefox/81.0"
62.138.2.214 - - [28/May/2021:14:53:51 +0200] "GET / HTTP/1.1" 200 569 "-" "Mozilla/5.0 (X11; Linux x86_64; rv:81.0) Gecko/20100101 Firefox/81.0"
62.138.2.214 - - [28/May/2021:14:53:54 +0200] "GET / HTTP/1.1" 200 569 "-" "Mozilla/5.0 (X11; Linux x86_64; rv:81.0) Gecko/20100101 Firefox/81.0"
62.138.2.214 - - [28/May/2021:14:58:53 +0200] "GET /robots.txt HTTP/1.1" 404 1256 "-" "Mozilla/5.0 (X11; Linux x86_64; rv:81.0) Gecko/20100101 Firefox/81.0"
62.138.2.214 - - [28/May/2021:14:58:53 +0200] "GET / HTTP/1.1" 200 569 "-" "Mozilla/5.0 (X11; Linux x86_64; rv:81.0) Gecko/20100101 Firefox/81.0"
62.138.2.214 - - [28/May/2021:15:03:52 +0200] "GET /robots.txt HTTP/1.1" 404 1256 "-" "Mozilla/5.0 (X11; Linux x86_64; rv:81.0) Gecko/20100101 Firefox/81.0"
62.138.2.214 - - [28/May/2021:15:03:52 +0200] "GET / HTTP/1.1" 200 569 "-" "Mozilla/5.0 (X11; Linux x86_64; rv:81.0) Gecko/20100101 Firefox/81.0"
62.138.2.214 - - [28/May/2021:15:03:59 +0200] "GET / HTTP/1.1" 200 569 "-" "Mozilla/5.0 (X11; Linux x86_64; rv:81.0) Gecko/20100101 Firefox/81.0"
35.246.188.191 - - [28/May/2021:17:49:22 +0200] "GET /data/nextcloud.log HTTP/1.1" 404 1256 "-" "Mozilla/5.0 (Windows NT 6.1) AppleWebKit/537.36 (KHTML, like Gecko) Chrome/41.0.2228.0 Safari/537.36 Lynt.cz"
35.246.188.191 - - [28/May/2021:17:49:26 +0200] "GET /data/owncloud.log HTTP/1.1" 404 1256 "-" "Mozilla/5.0 (Windows NT 6.1) AppleWebKit/537.36 (KHTML, like Gecko) Chrome/41.0.2228.0 Safari/537.36 Lynt.cz"
35.246.188.191 - - [28/May/2021:17:49:28 +0200] "GET /nextcloud/data/nextcloud.log HTTP/1.1" 404 1256 "-" "Mozilla/5.0 (Windows NT 6.1) AppleWebKit/537.36 (KHTML, like Gecko) Chrome/41.0.2228.0 Safari/537.36 Lynt.cz"
35.246.188.191 - - [28/May/2021:17:49:28 +0200] "GET /owncloud/data/owncloud.log HTTP/1.1" 404 1256 "-" "Mozilla/5.0 (Windows NT 6.1) AppleWebKit/537.36 (KHTML, like Gecko) Chrome/41.0.2228.0 Safari/537.36 Lynt.cz"
54.36.148.65 - - [28/May/2021:22:21:20 +0200] "GET /robots.txt HTTP/1.1" 404 1256 "-" "Mozilla/5.0 (compatible; AhrefsBot/7.0; +http://ahrefs.com/robot/)"
54.36.148.10 - - [28/May/2021:22:21:21 +0200] "GET / HTTP/1.1" 200 569 "-" "Mozilla/5.0 (compatible; AhrefsBot/7.0; +http://ahrefs.com/robot/)"
62.138.2.214 - - [29/May/2021:04:04:01 +0200] "GET /robots.txt HTTP/1.1" 404 1256 "-" "Mozilla/5.0 (X11; Linux x86_64; rv:81.0) Gecko/20100101 Firefox/81.0"
62.138.2.214 - - [29/May/2021:04:04:01 +0200] "GET / HTTP/1.1" 200 569 "-" "Mozilla/5.0 (X11; Linux x86_64; rv:81.0) Gecko/20100101 Firefox/81.0"
