83.84.84.104 - - [01/Aug/2016:00:47:18 +0200] "GET / HTTP/1.1" 200 569 "-" "Java/1.6.0_04"
83.84.84.104 - - [01/Aug/2016:00:47:18 +0200] "GET /picture/img001.png HTTP/1.1" 200 643437 "-" "Java/1.6.0_04"
212.47.231.31 - - [01/Aug/2016:06:42:59 +0200] "GET /robots.txt HTTP/1.0" 404 1256 "-" "Mozilla/5.0 (compatible; MJ12bot/v1.4.5; http://www.majestic12.co.uk/bot.php?+)"
212.47.231.31 - - [01/Aug/2016:06:43:00 +0200] "GET / HTTP/1.0" 200 569 "-" "Mozilla/5.0 (compatible; MJ12bot/v1.4.5; http://www.majestic12.co.uk/bot.php?+)"
138.201.59.34 - - [01/Aug/2016:20:17:07 +0200] "GET /robots.txt HTTP/1.0" 404 1256 "-" "Mozilla/5.0 (compatible; SEOkicks-Robot; +http://www.seokicks.de/robot.html)"
138.201.59.34 - - [01/Aug/2016:20:17:09 +0200] "GET / HTTP/1.0" 200 569 "-" "Mozilla/5.0 (compatible; SEOkicks-Robot; +http://www.seokicks.de/robot.html)"
46.229.164.102 - - [02/Aug/2016:08:57:11 +0200] "GET /robots.txt HTTP/1.1" 404 1256 "-" "Mozilla/5.0 (compatible; SemrushBot/1.1~bl; +http://www.semrush.com/bot.html)"
86.123.241.77 - - [02/Aug/2016:14:42:39 +0200] "GET / HTTP/1.1" 200 569 "-" "Java/1.6.0_04"
86.123.241.77 - - [02/Aug/2016:14:42:39 +0200] "GET /picture/img001.png HTTP/1.1" 200 643437 "-" "Java/1.6.0_04"
46.161.9.35 - - [02/Aug/2016:17:27:50 +0200] "GET / HTTP/1.1" 200 569 "-" "Mozilla/5.0 (Windows NT 6.1; rv:34.0) Gecko/20100101 Firefox/34.0"
46.161.9.35 - - [02/Aug/2016:17:27:54 +0200] "GET /wp-admin/admin-ajax.php?action=revslider_show_image&img=../wp-config.php HTTP/1.1" 404 1256 "-" "Mozilla/5.0 (Windows NT 6.1; rv:34.0) Gecko/20100101 Firefox/34.0"
46.161.9.35 - - [02/Aug/2016:17:28:29 +0200] "GET /wp-admin/admin-ajax.php?action=getfile&/../../wp-config.php HTTP/1.1" 404 1256 "-" "Mozilla/5.0 (Windows NT 6.1; rv:34.0) Gecko/20100101 Firefox/34.0"
46.161.9.35 - - [02/Aug/2016:17:28:35 +0200] "GET /wp-admin/admin-ajax.php?action=kbslider_show_image&img=../wp-config.php HTTP/1.1" 404 1256 "-" "Mozilla/5.0 (Windows NT 6.1; rv:34.0) Gecko/20100101 Firefox/34.0"
46.161.9.35 - - [02/Aug/2016:17:28:41 +0200] "GET /wp-content/force-download.php?file=../wp-config.php HTTP/1.1" 404 1256 "-" "Mozilla/5.0 (Windows NT 6.1; rv:34.0) Gecko/20100101 Firefox/34.0"
46.161.9.35 - - [02/Aug/2016:17:28:47 +0200] "GET /wp-content/plugins/ajax-store-locator-wordpress_0/sl_file_download.php?download_file=../../../wp-config.php HTTP/1.1" 404 1256 "-" "Mozilla/5.0 (Windows NT 6.1; rv:34.0) Gecko/20100101 Firefox/34.0"
46.161.9.35 - - [02/Aug/2016:17:28:53 +0200] "GET /wp-content/plugins/db-backup/download.php?file=../../../wp-config.php HTTP/1.1" 404 1256 "-" "Mozilla/5.0 (Windows NT 6.1; rv:34.0) Gecko/20100101 Firefox/34.0"
46.161.9.35 - - [02/Aug/2016:17:28:59 +0200] "GET /wp-content/plugins/dukapress/lib/dp_image.php?src=../../../../wp-config.php HTTP/1.1" 404 1256 "-" "Mozilla/5.0 (Windows NT 6.1; rv:34.0) Gecko/20100101 Firefox/34.0"
46.161.9.35 - - [02/Aug/2016:17:29:05 +0200] "GET /wp-content/plugins/filedownload/download.php/?path=../../../wp-config.php HTTP/1.1" 404 1256 "-" "Mozilla/5.0 (Windows NT 6.1; rv:34.0) Gecko/20100101 Firefox/34.0"
46.161.9.35 - - [02/Aug/2016:17:29:10 +0200] "GET /wp-content/plugins/google-mp3-audio-player/direct_download.php?file=../../../wp-config.php HTTP/1.1" 404 1256 "-" "Mozilla/5.0 (Windows NT 6.1; rv:34.0) Gecko/20100101 Firefox/34.0"
46.161.9.35 - - [02/Aug/2016:17:29:16 +0200] "GET /wp-content/plugins/pica-photo-gallery/picadownload.php?imgname=../../../wp-config.php HTTP/1.1" 404 1256 "-" "Mozilla/5.0 (Windows NT 6.1; rv:34.0) Gecko/20100101 Firefox/34.0"
46.161.9.35 - - [02/Aug/2016:17:29:22 +0200] "GET /wp-content/plugins/plugin-newsletter/preview.php?data=../../../../wp-config.php HTTP/1.1" 404 1256 "-" "Mozilla/5.0 (Windows NT 6.1; rv:34.0) Gecko/20100101 Firefox/34.0"
46.161.9.35 - - [02/Aug/2016:17:29:27 +0200] "GET /wp-content/plugins/simple-download-button-shortcode/simple-download-button_dl.php?file=../../../../wp-config.php HTTP/1.1" 404 1256 "-" "Mozilla/5.0 (Windows NT 6.1; rv:34.0) Gecko/20100101 Firefox/34.0"
46.161.9.35 - - [02/Aug/2016:17:29:34 +0200] "GET /wp-content/plugins/tinymce-thumbnail-gallery/php/download-image.php?href=../../../../wp-config.php HTTP/1.1" 404 1256 "-" "Mozilla/5.0 (Windows NT 6.1; rv:34.0) Gecko/20100101 Firefox/34.0"
46.161.9.35 - - [02/Aug/2016:17:29:40 +0200] "GET /wp-content/plugins/wp-filemanager/incl/libfile.php?&path=../../&filename=wp-config.php&action=download HTTP/1.1" 404 1256 "-" "Mozilla/5.0 (Windows NT 6.1; rv:34.0) Gecko/20100101 Firefox/34.0"
46.161.9.35 - - [02/Aug/2016:17:29:46 +0200] "GET /wp-content/themes/FR0_theme/down.php?path=../../../wp-config.php HTTP/1.1" 404 1256 "-" "Mozilla/5.0 (Windows NT 6.1; rv:34.0) Gecko/20100101 Firefox/34.0"
46.161.9.35 - - [02/Aug/2016:17:29:51 +0200] "GET /wp-content/themes/MichaelCanthony/download.php?file=../../../wp-config.php HTTP/1.1" 404 1256 "-" "Mozilla/5.0 (Windows NT 6.1; rv:34.0) Gecko/20100101 Firefox/34.0"
46.161.9.35 - - [02/Aug/2016:17:29:57 +0200] "GET /wp-content/themes/NativeChurch/download/download.php?file=../../../../wp-config.php HTTP/1.1" 404 1256 "-" "Mozilla/5.0 (Windows NT 6.1; rv:34.0) Gecko/20100101 Firefox/34.0"
46.161.9.35 - - [02/Aug/2016:17:30:03 +0200] "GET /wp-content/themes/Newspapertimes_1/download.php?filename=../../../wp-config.php HTTP/1.1" 404 1256 "-" "Mozilla/5.0 (Windows NT 6.1; rv:34.0) Gecko/20100101 Firefox/34.0"
46.161.9.35 - - [02/Aug/2016:17:30:10 +0200] "GET /wp-content/themes/SMWF/inc/download.php?file=../../../../wp-config.php HTTP/1.1" 404 1256 "-" "Mozilla/5.0 (Windows NT 6.1; rv:34.0) Gecko/20100101 Firefox/34.0"
46.161.9.35 - - [02/Aug/2016:17:30:16 +0200] "GET /wp-content/themes/TheLoft/download.php?file=../../../wp-config.php HTTP/1.1" 404 1256 "-" "Mozilla/5.0 (Windows NT 6.1; rv:34.0) Gecko/20100101 Firefox/34.0"
46.161.9.35 - - [02/Aug/2016:17:30:21 +0200] "GET /wp-content/themes/acento/includes/view-pdf.php?download=1&file=../../../../wp-config.php HTTP/1.1" 404 1256 "-" "Mozilla/5.0 (Windows NT 6.1; rv:34.0) Gecko/20100101 Firefox/34.0"
46.161.9.35 - - [02/Aug/2016:17:30:27 +0200] "GET /wp-content/themes/antioch/lib/scripts/download.php?file=../../../../../wp-config.php HTTP/1.1" 404 1256 "-" "Mozilla/5.0 (Windows NT 6.1; rv:34.0) Gecko/20100101 Firefox/34.0"
46.161.9.35 - - [02/Aug/2016:17:30:34 +0200] "GET /wp-content/themes/authentic/includes/download.php?file=../../../../wp-config.php HTTP/1.1" 404 1256 "-" "Mozilla/5.0 (Windows NT 6.1; rv:34.0) Gecko/20100101 Firefox/34.0"
46.161.9.35 - - [02/Aug/2016:17:30:41 +0200] "GET /wp-content/themes/churchope/lib/downloadlink.php?file=../../../../wp-config.php HTTP/1.1" 404 1256 "-" "Mozilla/5.0 (Windows NT 6.1; rv:34.0) Gecko/20100101 Firefox/34.0"
46.161.9.35 - - [02/Aug/2016:17:30:47 +0200] "GET /wp-content/themes/corporate_works/downloader.php?file_download=../../../wp-config.php HTTP/1.1" 404 1256 "-" "Mozilla/5.0 (Windows NT 6.1; rv:34.0) Gecko/20100101 Firefox/34.0"
46.161.9.35 - - [02/Aug/2016:17:30:54 +0200] "GET /wp-content/themes/epic/includes/download.php?file=../../../../wp-config.php HTTP/1.1" 404 1256 "-" "Mozilla/5.0 (Windows NT 6.1; rv:34.0) Gecko/20100101 Firefox/34.0"
46.161.9.35 - - [02/Aug/2016:17:31:00 +0200] "GET /wp-content/themes/felis/download.php?file=../../../wp-config.php HTTP/1.1" 404 1256 "-" "Mozilla/5.0 (Windows NT 6.1; rv:34.0) Gecko/20100101 Firefox/34.0"
46.161.9.35 - - [02/Aug/2016:17:31:06 +0200] "GET /wp-content/themes/jarida/download.php?uri=../../../wp-config.php HTTP/1.1" 404 1256 "-" "Mozilla/5.0 (Windows NT 6.1; rv:34.0) Gecko/20100101 Firefox/34.0"
46.161.9.35 - - [02/Aug/2016:17:31:12 +0200] "GET /wp-content/themes/linenity/functions/download.php?imgurl=../../../../wp-config.php HTTP/1.1" 404 1256 "-" "Mozilla/5.0 (Windows NT 6.1; rv:34.0) Gecko/20100101 Firefox/34.0"
46.161.9.35 - - [02/Aug/2016:17:31:47 +0200] "GET /wp-content/themes/lote27/download.php?download=../../../wp-config.php HTTP/1.1" 404 1256 "-" "Mozilla/5.0 (Windows NT 6.1; rv:34.0) Gecko/20100101 Firefox/34.0"
46.161.9.35 - - [02/Aug/2016:17:31:53 +0200] "GET /wp-content/themes/markant/download.php?file=../../../wp-config.php HTTP/1.1" 404 1256 "-" "Mozilla/5.0 (Windows NT 6.1; rv:34.0) Gecko/20100101 Firefox/34.0"
46.161.9.35 - - [02/Aug/2016:17:32:00 +0200] "GET /wp-content/themes/parallelus-mingle/framework/utilities/download/getfile.php?file=../../../../../../wp-config.php HTTP/1.1" 404 1256 "-" "Mozilla/5.0 (Windows NT 6.1; rv:34.0) Gecko/20100101 Firefox/34.0"
46.161.9.35 - - [02/Aug/2016:17:32:10 +0200] "GET /wp-content/themes/parallelus-salutation/framework/utilities/download/getfile.php?file=../../../../../../wp-config.php HTTP/1.1" 404 1256 "-" "Mozilla/5.0 (Windows NT 6.1; rv:34.0) Gecko/20100101 Firefox/34.0"
46.161.9.35 - - [02/Aug/2016:17:32:19 +0200] "GET /wp-content/themes/tess/download.php?file=../../../wp-config.php HTTP/1.1" 404 1256 "-" "Mozilla/5.0 (Windows NT 6.1; rv:34.0) Gecko/20100101 Firefox/34.0"
46.161.9.35 - - [02/Aug/2016:17:32:32 +0200] "GET /wp-content/themes/trinity/lib/scripts/download.php?file=../../../../../wp-config.php HTTP/1.1" 404 1256 "-" "Mozilla/5.0 (Windows NT 6.1; rv:34.0) Gecko/20100101 Firefox/34.0"
46.161.9.35 - - [02/Aug/2016:17:32:46 +0200] "GET /wp-content/themes/urbancity/lib/scripts/download.php?file=../../../../../wp-config.php HTTP/1.1" 404 1256 "-" "Mozilla/5.0 (Windows NT 6.1; rv:34.0) Gecko/20100101 Firefox/34.0"
46.161.9.35 - - [02/Aug/2016:17:32:56 +0200] "GET /wp-content/themes/yakimabait/download.php?file=../../../wp-config.php HTTP/1.1" 404 1256 "-" "Mozilla/5.0 (Windows NT 6.1; rv:34.0) Gecko/20100101 Firefox/34.0"
46.161.9.35 - - [02/Aug/2016:17:33:05 +0200] "GET /wp-content/themes/ypo-theme/download.php?download=../../../wp-config.php HTTP/1.1" 404 1256 "-" "Mozilla/5.0 (Windows NT 6.1; rv:34.0) Gecko/20100101 Firefox/34.0"
46.161.9.35 - - [02/Aug/2016:17:33:13 +0200] "POST /wp-content/themes/infocus/lib/scripts/dl-skin.php HTTP/1.1" 404 1256 "-" "Mozilla/5.0 (Windows NT 6.1; rv:34.0) Gecko/20100101 Firefox/34.0"
46.161.9.35 - - [02/Aug/2016:17:33:20 +0200] "POST /wp-content/themes/infocus2/lib/scripts/dl-skin.php HTTP/1.1" 404 1256 "-" "Mozilla/5.0 (Windows NT 6.1; rv:34.0) Gecko/20100101 Firefox/34.0"
46.161.9.35 - - [02/Aug/2016:17:33:29 +0200] "POST /wp-content/themes/echelon/lib/scripts/dl-skin.php HTTP/1.1" 404 1256 "-" "Mozilla/5.0 (Windows NT 6.1; rv:34.0) Gecko/20100101 Firefox/34.0"
46.161.9.35 - - [02/Aug/2016:17:33:35 +0200] "POST /wp-content/themes/persuasion/lib/scripts/dl-skin.php HTTP/1.1" 404 1256 "-" "Mozilla/5.0 (Windows NT 6.1; rv:34.0) Gecko/20100101 Firefox/34.0"
46.161.9.35 - - [02/Aug/2016:17:33:42 +0200] "POST /wp-content/themes/awake/lib/scripts/dl-skin.php HTTP/1.1" 404 1256 "-" "Mozilla/5.0 (Windows NT 6.1; rv:34.0) Gecko/20100101 Firefox/34.0"
46.161.9.35 - - [02/Aug/2016:17:33:49 +0200] "POST /wp-content/themes/modular/lib/scripts/dl-skin.php HTTP/1.1" 404 1256 "-" "Mozilla/5.0 (Windows NT 6.1; rv:34.0) Gecko/20100101 Firefox/34.0"
46.161.9.35 - - [02/Aug/2016:17:33:55 +0200] "POST /wp-content/themes/fusion/lib/scripts/dl-skin.php HTTP/1.1" 404 1256 "-" "Mozilla/5.0 (Windows NT 6.1; rv:34.0) Gecko/20100101 Firefox/34.0"
46.161.9.35 - - [02/Aug/2016:17:34:00 +0200] "POST /wp-content/themes/elegance/lib/scripts/dl-skin.php HTTP/1.1" 404 1256 "-" "Mozilla/5.0 (Windows NT 6.1; rv:34.0) Gecko/20100101 Firefox/34.0"
46.161.9.35 - - [02/Aug/2016:17:34:06 +0200] "POST /wp-content/themes/method/lib/scripts/dl-skin.php HTTP/1.1" 404 1256 "-" "Mozilla/5.0 (Windows NT 6.1; rv:34.0) Gecko/20100101 Firefox/34.0"
46.161.9.35 - - [02/Aug/2016:17:34:13 +0200] "POST /wp-content/themes/myriad/lib/scripts/dl-skin.php HTTP/1.1" 404 1256 "-" "Mozilla/5.0 (Windows NT 6.1; rv:34.0) Gecko/20100101 Firefox/34.0"
46.161.9.35 - - [02/Aug/2016:17:34:18 +0200] "POST /wp-content/themes/dejavu/lib/scripts/dl-skin.php HTTP/1.1" 404 1256 "-" "Mozilla/5.0 (Windows NT 6.1; rv:34.0) Gecko/20100101 Firefox/34.0"
46.161.9.35 - - [02/Aug/2016:17:34:24 +0200] "POST /wp-content/themes/construct/lib/scripts/dl-skin.php HTTP/1.1" 404 1256 "-" "Mozilla/5.0 (Windows NT 6.1; rv:34.0) Gecko/20100101 Firefox/34.0"
62.210.162.209 - - [02/Aug/2016:18:33:07 +0200] "GET /modules/productpageadverts/uploadimage.php HTTP/1.1" 404 1256 "http://www.die-fabians.de/modules/productpageadverts/uploadimage.php" "Mozilla/5.0 (Windows NT 6.1; WOW64) AppleWebKit/537.36 (KHTML, like Gecko) Chrome/42.0.2311.152 Safari/537.36"
208.43.225.85 - - [02/Aug/2016:19:22:44 +0200] "GET /robots.txt HTTP/1.1" 404 1256 "-" "Mozilla/5.0 (compatible; SiteExplorer/1.0b; +http://siteexplorer.info/)"
208.43.225.85 - - [02/Aug/2016:19:22:49 +0200] "GET / HTTP/1.1" 200 569 "-" "Mozilla/5.0 (compatible; SiteExplorer/1.0b; +http://siteexplorer.info/)"
62.152.189.53 - - [03/Aug/2016:02:16:54 +0200] "GET / HTTP/1.1" 200 569 "-" "Java/1.6.0_04"
62.152.189.53 - - [03/Aug/2016:02:16:54 +0200] "GET /picture/img001.png HTTP/1.1" 200 643437 "-" "Java/1.6.0_04"
62.210.148.87 - - [03/Aug/2016:05:08:35 +0200] "HEAD /admin/Editor/assetmanager/assetmanager.asp HTTP/1.1" 404 - "-" "-"
62.210.148.87 - - [03/Aug/2016:05:08:35 +0200] "HEAD /admin/Editor/assetmanager/assetmanager.aspx HTTP/1.1" 404 - "-" "-"
62.210.148.87 - - [03/Aug/2016:05:08:35 +0200] "HEAD /administrator/Editor/assetmanager/assetmanager.asp HTTP/1.1" 404 - "-" "-"
62.210.148.87 - - [03/Aug/2016:05:08:35 +0200] "HEAD /admin/assetmanager/default.asp HTTP/1.1" 404 - "-" "-"
62.210.148.87 - - [03/Aug/2016:05:08:35 +0200] "HEAD /administrator/SiteEngineManager/components/Editor/assetmanager/assetmanager.asp HTTP/1.1" 404 - "-" "-"
62.210.148.87 - - [03/Aug/2016:05:08:35 +0200] "HEAD /ofrzeditor/assetmanager/assetmanager.asp HTTP/1.1" 404 - "-" "-"
62.210.148.87 - - [03/Aug/2016:05:08:35 +0200] "HEAD /scripts/assetmanager/assetmanager.asp HTTP/1.1" 404 - "-" "-"
62.210.148.87 - - [03/Aug/2016:05:08:35 +0200] "HEAD /edit/default_image.asp HTTP/1.1" 404 - "-" "-"
62.210.148.87 - - [03/Aug/2016:05:08:35 +0200] "HEAD /admin/assetmanager/assetmanager.aspx HTTP/1.1" 404 - "-" "-"
62.210.148.87 - - [03/Aug/2016:05:08:35 +0200] "HEAD /edit/default_image.aspx HTTP/1.1" 404 - "-" "-"
62.210.148.87 - - [03/Aug/2016:05:08:35 +0200] "HEAD /admin/edit/default_image.asp HTTP/1.1" 404 - "-" "-"
62.210.148.87 - - [03/Aug/2016:05:08:35 +0200] "HEAD /admin/editor/default_Image.aspx HTTP/1.1" 404 - "-" "-"
62.210.148.87 - - [03/Aug/2016:05:08:35 +0200] "HEAD /admin/assetmanager/assetmanager.asp HTTP/1.1" 404 - "-" "-"
62.210.148.87 - - [03/Aug/2016:05:08:35 +0200] "HEAD /Editor/assetmanager/assetmanager.aspx HTTP/1.1" 404 - "-" "-"
62.210.148.87 - - [03/Aug/2016:05:08:35 +0200] "HEAD /admin/SiteEngineManager/components/Editor/assetmanager/assetmanager.asp HTTP/1.1" 404 - "-" "-"
62.210.148.87 - - [03/Aug/2016:05:08:35 +0200] "HEAD /assetmanager/assetmanager.asp HTTP/1.1" 404 - "-" "-"
62.210.148.87 - - [03/Aug/2016:05:08:35 +0200] "HEAD /common/assetmanager/assetmanager.asp HTTP/1.1" 404 - "-" "-"
62.210.148.87 - - [03/Aug/2016:05:08:35 +0200] "HEAD /include/assetmanager/assetmanager.asp HTTP/1.1" 404 - "-" "-"
62.210.148.87 - - [03/Aug/2016:05:08:35 +0200] "HEAD /siteAdmin/assetmanager/assetmanager.asp HTTP/1.1" 404 - "-" "-"
62.210.148.87 - - [03/Aug/2016:05:08:35 +0200] "HEAD /admin/default_image.aspx HTTP/1.1" 404 - "-" "-"
62.210.148.87 - - [03/Aug/2016:05:08:35 +0200] "HEAD /cp/assetmanager/assetmanager.asp HTTP/1.1" 404 - "-" "-"
62.210.148.87 - - [03/Aug/2016:05:08:35 +0200] "HEAD /admin/default_image.asp HTTP/1.1" 404 - "-" "-"
62.210.148.87 - - [03/Aug/2016:05:08:35 +0200] "HEAD /SiteEngineManager/components/Editor/assetmanager/assetmanager.php HTTP/1.1" 404 - "-" "-"
62.210.148.87 - - [03/Aug/2016:05:08:35 +0200] "HEAD /SiteEngineManager/components/Editor/assetmanager/assetmanager.asp HTTP/1.1" 404 - "-" "-"
62.210.148.87 - - [03/Aug/2016:05:08:35 +0200] "HEAD /SiteEngineManager/components/Editor/assetmanager/assetmanager.aspx HTTP/1.1" 404 - "-" "-"
62.210.148.87 - - [03/Aug/2016:05:08:35 +0200] "HEAD /Editor/assetmanager/assetmanager.asp HTTP/1.1" 404 - "-" "-"
62.210.148.87 - - [03/Aug/2016:05:08:35 +0200] "HEAD /admin/scripts/assetmanager/assetmanager.asp HTTP/1.1" 404 - "-" "-"
62.210.148.87 - - [03/Aug/2016:05:08:35 +0200] "HEAD /admin/common/assetmanager/assetmanager.asp HTTP/1.1" 404 - "-" "-"
62.210.148.87 - - [03/Aug/2016:05:08:35 +0200] "HEAD /admin/editor/default_Image.asp HTTP/1.1" 404 - "-" "-"
62.210.148.87 - - [03/Aug/2016:05:08:35 +0200] "HEAD /assetmanager/assetmanager.aspx HTTP/1.1" 404 - "-" "-"
62.210.148.87 - - [03/Aug/2016:05:08:35 +0200] "HEAD /admin/edit/default_image.aspx HTTP/1.1" 404 - "-" "-"
62.210.148.87 - - [03/Aug/2016:05:08:35 +0200] "HEAD /admin/SiteEngineManager/components/Editor/assetmanager/assetmanager.aspx HTTP/1.1" 404 - "-" "-"
62.210.148.87 - - [03/Aug/2016:05:08:35 +0200] "HEAD /admin/common/scripts/assetmanager/assetmanager.asp HTTP/1.1" 404 - "-" "-"
62.210.148.87 - - [03/Aug/2016:05:08:35 +0200] "HEAD /control/assetmanager/assetmanager.asp HTTP/1.1" 404 - "-" "-"
62.210.148.87 - - [03/Aug/2016:05:08:35 +0200] "HEAD /cpanel/assetmanager/assetmanager.asp HTTP/1.1" 404 - "-" "-"
62.210.148.87 - - [03/Aug/2016:05:08:35 +0200] "HEAD /cms/admin/asp/assetmanager/assetmanager.asp HTTP/1.1" 404 - "-" "-"
62.210.148.87 - - [03/Aug/2016:05:08:35 +0200] "HEAD /cms/asp/assetmanager/assetmanager.asp HTTP/1.1" 404 - "-" "-"
62.210.148.87 - - [03/Aug/2016:05:08:35 +0200] "HEAD /demo/assetmanager/assetmanager.asp HTTP/1.1" 404 - "-" "-"
62.210.148.87 - - [03/Aug/2016:05:08:35 +0200] "HEAD /InnovEditor/assetmanager/assetmanager.asp HTTP/1.1" 404 - "-" "-"
62.210.148.87 - - [03/Aug/2016:05:08:35 +0200] "HEAD /admin/EditorScripts/assetmanager/assetmanager.asp HTTP/1.1" 404 - "-" "-"
62.210.148.87 - - [03/Aug/2016:05:08:35 +0200] "HEAD /Control/editor/assetmanager/assetmanager.asp HTTP/1.1" 404 - "-" "-"
62.210.148.87 - - [03/Aug/2016:05:08:35 +0200] "HEAD /shared/editor/assetmanager/assetmanager.asp HTTP/1.1" 404 - "-" "-"
62.210.148.87 - - [03/Aug/2016:05:08:35 +0200] "HEAD /moz/assetmanager/assetmanager.asp HTTP/1.1" 404 - "-" "-"
62.210.148.87 - - [03/Aug/2016:05:08:35 +0200] "HEAD /scripts/moz/assetmanager/assetmanager.asp HTTP/1.1" 404 - "-" "-"
68.180.228.89 - - [03/Aug/2016:11:49:15 +0200] "GET /robots.txt HTTP/1.1" 404 1256 "-" "Mozilla/5.0 (compatible; Yahoo! Slurp; http://help.yahoo.com/help/us/ysearch/slurp)"
68.180.228.89 - - [03/Aug/2016:11:49:16 +0200] "GET / HTTP/1.1" 200 569 "-" "Mozilla/5.0 (compatible; Yahoo! Slurp; http://help.yahoo.com/help/us/ysearch/slurp)"
64.71.74.27 - - [03/Aug/2016:15:05:12 +0200] "GET / HTTP/1.1" 200 569 "-" "Java/1.6.0_04"
64.71.74.27 - - [03/Aug/2016:15:05:15 +0200] "GET /picture/img001.png HTTP/1.1" 200 643437 "-" "Java/1.6.0_04"
66.249.76.33 - - [03/Aug/2016:17:01:48 +0200] "GET /robots.txt HTTP/1.1" 404 1256 "-" "Mozilla/5.0 (compatible; Googlebot/2.1; +http://www.google.com/bot.html)"
66.249.76.33 - - [03/Aug/2016:17:01:48 +0200] "GET / HTTP/1.1" 200 569 "-" "Mozilla/5.0 (compatible; Googlebot/2.1; +http://www.google.com/bot.html)"
136.243.16.208 - - [03/Aug/2016:18:47:24 +0200] "HEAD / HTTP/1.1" 200 - "-" "Mozilla/5.0 (Windows NT 6.1) AppleWebKit/537.36 (KHTML, like Gecko) Chrome/41.0.2228.0 Safari/537.36Mozilla/5.0 (Macintosh; Intel Mac OS X 10.8; rv:24.0) Gecko/20100101 Firefox/24.0"
46.229.164.102 - - [03/Aug/2016:21:44:42 +0200] "GET /robots.txt HTTP/1.1" 404 1256 "-" "Mozilla/5.0 (compatible; SemrushBot/1.1~bl; +http://www.semrush.com/bot.html)"
136.243.147.168 - - [04/Aug/2016:00:05:38 +0200] "GET /robots.txt HTTP/1.0" 404 1256 "-" "Mozilla/5.0 (compatible; SEOkicks-Robot; +http://www.seokicks.de/robot.html)"
136.243.147.168 - - [04/Aug/2016:00:05:39 +0200] "GET / HTTP/1.0" 200 569 "-" "Mozilla/5.0 (compatible; SEOkicks-Robot; +http://www.seokicks.de/robot.html)"
51.254.103.60 - - [04/Aug/2016:04:27:49 +0200] "GET /robots.txt HTTP/1.0" 404 1256 "-" "Mozilla/5.0 (compatible; MJ12bot/v1.4.5; http://www.majestic12.co.uk/bot.php?+)"
51.254.103.60 - - [04/Aug/2016:04:27:51 +0200] "GET / HTTP/1.0" 200 569 "-" "Mozilla/5.0 (compatible; MJ12bot/v1.4.5; http://www.majestic12.co.uk/bot.php?+)"
138.201.30.66 - - [04/Aug/2016:11:21:16 +0200] "GET /robots.txt HTTP/1.0" 404 1256 "-" "Mozilla/5.0 (compatible; SEOkicks-Robot; +http://www.seokicks.de/robot.html)"
138.201.30.66 - - [04/Aug/2016:11:21:17 +0200] "GET / HTTP/1.0" 200 569 "-" "Mozilla/5.0 (compatible; SEOkicks-Robot; +http://www.seokicks.de/robot.html)"
5.255.251.7 - - [04/Aug/2016:12:45:23 +0200] "GET /robots.txt HTTP/1.1" 404 1256 "-" "Mozilla/5.0 (compatible; YandexBot/3.0; +http://yandex.com/bots)"
193.110.114.156 - - [04/Aug/2016:19:57:26 +0200] "GET /robots.txt HTTP/1.0" 404 1256 "-" "Mozilla/5.0 (compatible; MJ12bot/v1.4.5; http://www.majestic12.co.uk/bot.php?+)"
193.110.114.156 - - [04/Aug/2016:19:57:29 +0200] "GET / HTTP/1.1" 200 569 "-" "Mozilla/5.0 (compatible; MJ12bot/v1.4.5; http://www.majestic12.co.uk/bot.php?+)"
46.229.164.102 - - [05/Aug/2016:09:09:14 +0200] "GET /robots.txt HTTP/1.1" 404 1256 "-" "Mozilla/5.0 (compatible; SemrushBot/1.1~bl; +http://www.semrush.com/bot.html)"
104.236.212.212 - - [06/Aug/2016:01:16:34 +0200] "GET /robots.txt HTTP/1.1" 404 1256 "-" "Mozilla/5.0 (compatible; spbot/5.0.2; +http://OpenLinkProfiler.org/bot )"
104.236.212.212 - - [06/Aug/2016:01:16:40 +0200] "GET / HTTP/1.1" 200 569 "-" "Mozilla/5.0 (compatible; spbot/5.0.2; +http://OpenLinkProfiler.org/bot )"
5.255.251.7 - - [06/Aug/2016:04:46:20 +0200] "GET /robots.txt HTTP/1.1" 404 1256 "-" "Mozilla/5.0 (compatible; YandexBot/3.0; +http://yandex.com/bots)"
138.201.59.34 - - [06/Aug/2016:05:46:04 +0200] "GET /robots.txt HTTP/1.0" 404 1256 "-" "Mozilla/5.0 (compatible; SEOkicks-Robot; +http://www.seokicks.de/robot.html)"
138.201.59.34 - - [06/Aug/2016:05:46:05 +0200] "GET / HTTP/1.0" 200 569 "-" "Mozilla/5.0 (compatible; SEOkicks-Robot; +http://www.seokicks.de/robot.html)"
46.229.164.102 - - [06/Aug/2016:06:56:58 +0200] "GET /robots.txt HTTP/1.1" 404 1256 "-" "Mozilla/5.0 (compatible; SemrushBot/1.1~bl; +http://www.semrush.com/bot.html)"
192.243.55.138 - - [06/Aug/2016:13:59:11 +0200] "GET / HTTP/1.1" 200 569 "-" "Mozilla/5.0 (compatible; SemrushBot/1.1~bl; +http://www.semrush.com/bot.html)"
46.229.164.102 - - [06/Aug/2016:22:23:32 +0200] "GET /robots.txt HTTP/1.1" 404 1256 "-" "Mozilla/5.0 (compatible; SemrushBot/1.1~bl; +http://www.semrush.com/bot.html)"
162.210.196.98 - - [07/Aug/2016:00:24:32 +0200] "GET /robots.txt HTTP/1.0" 404 1256 "-" "Mozilla/5.0 (compatible; MJ12bot/v1.4.5; http://www.majestic12.co.uk/bot.php?+)"
162.210.196.98 - - [07/Aug/2016:00:24:33 +0200] "GET / HTTP/1.0" 200 569 "-" "Mozilla/5.0 (compatible; MJ12bot/v1.4.5; http://www.majestic12.co.uk/bot.php?+)"
46.229.164.102 - - [07/Aug/2016:12:40:31 +0200] "GET /robots.txt HTTP/1.1" 404 1256 "-" "Mozilla/5.0 (compatible; SemrushBot/1.1~bl; +http://www.semrush.com/bot.html)"
50.193.247.194 - - [07/Aug/2016:22:17:00 +0200] "GET / HTTP/1.1" 200 569 "-" "Java/1.6.0_04"
46.229.164.102 - - [08/Aug/2016:02:08:12 +0200] "GET /robots.txt HTTP/1.1" 404 1256 "-" "Mozilla/5.0 (compatible; SemrushBot/1.1~bl; +http://www.semrush.com/bot.html)"
66.249.76.33 - - [08/Aug/2016:06:12:32 +0200] "GET /robots.txt HTTP/1.1" 404 1256 "-" "Mozilla/5.0 (compatible; Googlebot/2.1; +http://www.google.com/bot.html)"
66.249.76.37 - - [08/Aug/2016:06:12:32 +0200] "GET / HTTP/1.1" 200 569 "-" "Mozilla/5.0 (compatible; Googlebot/2.1; +http://www.google.com/bot.html)"
62.235.120.169 - - [08/Aug/2016:11:26:40 +0200] "GET / HTTP/1.1" 200 569 "-" "Java/1.8.0_101"
62.235.120.169 - - [08/Aug/2016:11:26:40 +0200] "GET /picture/img001.png HTTP/1.1" 200 643437 "-" "Java/1.8.0_101"
62.210.148.91 - - [08/Aug/2016:11:58:43 +0200] "GET /license.php HTTP/1.1" 404 1256 "http://www.die-fabians.de/license.php" "Mozilla/5.0 (Windows NT 6.1; WOW64) AppleWebKit/537.36 (KHTML, like Gecko) Chrome/42.0.2311.152 Safari/537.36"
46.229.164.102 - - [08/Aug/2016:14:54:07 +0200] "GET /robots.txt HTTP/1.1" 404 1256 "-" "Mozilla/5.0 (compatible; SemrushBot/1.1~bl; +http://www.semrush.com/bot.html)"
178.63.86.11 - - [08/Aug/2016:22:44:39 +0200] "GET /robots.txt HTTP/1.0" 404 1256 "-" "Mozilla/5.0 (compatible; MJ12bot/v1.4.5; http://www.majestic12.co.uk/bot.php?+)"
178.63.86.11 - - [08/Aug/2016:22:44:41 +0200] "GET / HTTP/1.0" 200 569 "-" "Mozilla/5.0 (compatible; MJ12bot/v1.4.5; http://www.majestic12.co.uk/bot.php?+)"
151.80.31.183 - - [09/Aug/2016:03:55:04 +0200] "GET /robots.txt HTTP/1.1" 404 1256 "-" "Mozilla/5.0 (compatible; AhrefsBot/5.1; +http://ahrefs.com/robot/)"
88.198.230.79 - - [09/Aug/2016:04:49:14 +0200] "GET /robots.txt HTTP/1.0" 404 1256 "-" "Mozilla/5.0 (compatible; MJ12bot/v1.4.5; http://www.majestic12.co.uk/bot.php?+)"
88.198.230.79 - - [09/Aug/2016:04:49:16 +0200] "GET / HTTP/1.0" 200 569 "-" "Mozilla/5.0 (compatible; MJ12bot/v1.4.5; http://www.majestic12.co.uk/bot.php?+)"
46.229.164.98 - - [09/Aug/2016:06:22:21 +0200] "GET /robots.txt HTTP/1.1" 404 1256 "-" "Mozilla/5.0 (compatible; SemrushBot/1.1~bl; +http://www.semrush.com/bot.html)"
138.201.59.34 - - [09/Aug/2016:10:07:01 +0200] "GET /robots.txt HTTP/1.0" 404 1256 "-" "Mozilla/5.0 (compatible; SEOkicks-Robot; +http://www.seokicks.de/robot.html)"
138.201.59.34 - - [09/Aug/2016:10:07:03 +0200] "GET / HTTP/1.0" 200 569 "-" "Mozilla/5.0 (compatible; SEOkicks-Robot; +http://www.seokicks.de/robot.html)"
164.132.161.83 - - [09/Aug/2016:21:53:58 +0200] "GET / HTTP/1.1" 200 569 "-" "Mozilla/5.0 (compatible; AhrefsBot/5.1; +http://ahrefs.com/robot/)"
46.229.164.98 - - [09/Aug/2016:22:09:08 +0200] "GET /robots.txt HTTP/1.1" 404 1256 "-" "Mozilla/5.0 (compatible; SemrushBot/1.1~bl; +http://www.semrush.com/bot.html)"
66.249.65.159 - - [10/Aug/2016:01:23:36 +0200] "GET /robots.txt HTTP/1.1" 404 1256 "-" "Mozilla/5.0 (compatible; Googlebot/2.1; +http://www.google.com/bot.html)"
66.249.73.242 - - [10/Aug/2016:01:23:37 +0200] "GET / HTTP/1.1" 200 569 "-" "Mozilla/5.0 (compatible; Googlebot/2.1; +http://www.google.com/bot.html)"
149.202.7.202 - - [10/Aug/2016:03:01:39 +0200] "GET / HTTP/1.1" 200 569 "-" "Java/1.4.1_04"
149.202.7.202 - - [10/Aug/2016:03:01:39 +0200] "GET /picture/img001.png HTTP/1.1" 200 643437 "-" "Java/1.4.1_04"
66.249.65.159 - - [10/Aug/2016:03:08:36 +0200] "GET / HTTP/1.1" 200 569 "-" "Mozilla/5.0 (compatible; Googlebot/2.1; +http://www.google.com/bot.html)"
66.249.65.159 - - [10/Aug/2016:03:21:39 +0200] "GET / HTTP/1.1" 200 569 "-" "Mozilla/5.0 (Linux; Android 6.0.1; Nexus 5X Build/MMB29P) AppleWebKit/537.36 (KHTML, like Gecko) Chrome/41.0.2272.96 Mobile Safari/537.36 (compatible; Googlebot/2.1; +http://www.google.com/bot.html)"
85.14.244.113 - - [10/Aug/2016:11:21:17 +0200] "GET /robots.txt HTTP/1.0" 404 1256 "-" "Mozilla/5.0 (compatible; MJ12bot/v1.4.5; http://www.majestic12.co.uk/bot.php?+)"
85.14.244.113 - - [10/Aug/2016:11:21:19 +0200] "GET / HTTP/1.0" 200 569 "-" "Mozilla/5.0 (compatible; MJ12bot/v1.4.5; http://www.majestic12.co.uk/bot.php?+)"
46.229.164.98 - - [10/Aug/2016:13:17:29 +0200] "GET /robots.txt HTTP/1.1" 404 1256 "-" "Mozilla/5.0 (compatible; SemrushBot/1.1~bl; +http://www.semrush.com/bot.html)"
138.201.30.66 - - [10/Aug/2016:20:37:41 +0200] "GET /robots.txt HTTP/1.0" 404 1256 "-" "Mozilla/5.0 (compatible; SEOkicks-Robot; +http://www.seokicks.de/robot.html)"
138.201.30.66 - - [10/Aug/2016:20:37:43 +0200] "GET / HTTP/1.0" 200 569 "-" "Mozilla/5.0 (compatible; SEOkicks-Robot; +http://www.seokicks.de/robot.html)"
208.43.225.85 - - [10/Aug/2016:21:11:58 +0200] "GET /robots.txt HTTP/1.1" 404 1256 "-" "Mozilla/5.0 (compatible; SiteExplorer/1.0b; +http://siteexplorer.info/)"
208.43.225.85 - - [10/Aug/2016:21:12:03 +0200] "GET / HTTP/1.1" 200 569 "-" "Mozilla/5.0 (compatible; SiteExplorer/1.0b; +http://siteexplorer.info/)"
46.229.164.98 - - [11/Aug/2016:03:37:09 +0200] "GET /robots.txt HTTP/1.1" 404 1256 "-" "Mozilla/5.0 (compatible; SemrushBot/1.1~bl; +http://www.semrush.com/bot.html)"
69.197.163.195 - - [11/Aug/2016:06:50:28 +0200] "GET /robots.txt HTTP/1.0" 404 1256 "-" "Mozilla/5.0 (compatible; MJ12bot/v1.4.5; http://www.majestic12.co.uk/bot.php?+)"
69.197.163.195 - - [11/Aug/2016:06:50:30 +0200] "GET / HTTP/1.0" 200 569 "-" "Mozilla/5.0 (compatible; MJ12bot/v1.4.5; http://www.majestic12.co.uk/bot.php?+)"
46.229.164.98 - - [11/Aug/2016:17:42:31 +0200] "GET /robots.txt HTTP/1.1" 404 1256 "-" "Mozilla/5.0 (compatible; SemrushBot/1.1~bl; +http://www.semrush.com/bot.html)"
64.246.165.10 - - [12/Aug/2016:02:32:31 +0200] "GET /robots.txt HTTP/1.0" 404 1256 "-" "Mozilla/5.0 (Windows; U; Windows NT 5.1; en; rv:1.9.0.13) Gecko/2009073022 Firefox/3.5.2 (.NET CLR 3.5.30729) SurveyBot/2.3 (DomainTools)"
64.246.165.10 - - [12/Aug/2016:02:32:31 +0200] "GET / HTTP/1.1" 200 569 "http://whois.domaintools.com/die-fabians.de" "Mozilla/5.0 (Windows; U; Windows NT 5.1; en; rv:1.9.0.13) Gecko/2009073022 Firefox/3.5.2 (.NET CLR 3.5.30729) SurveyBot/2.3 (DomainTools)"
46.229.164.101 - - [12/Aug/2016:09:30:31 +0200] "GET /robots.txt HTTP/1.1" 404 1256 "-" "Mozilla/5.0 (compatible; SemrushBot/1.1~bl; +http://www.semrush.com/bot.html)"
176.9.10.227 - - [12/Aug/2016:11:41:46 +0200] "GET /robots.txt HTTP/1.0" 404 1256 "-" "Mozilla/5.0 (compatible; MJ12bot/v1.4.5; http://www.majestic12.co.uk/bot.php?+)"
176.9.10.227 - - [12/Aug/2016:11:41:48 +0200] "GET / HTTP/1.0" 200 569 "-" "Mozilla/5.0 (compatible; MJ12bot/v1.4.5; http://www.majestic12.co.uk/bot.php?+)"
46.229.164.101 - - [13/Aug/2016:02:24:27 +0200] "GET /robots.txt HTTP/1.1" 404 1256 "-" "Mozilla/5.0 (compatible; SemrushBot/1.1~bl; +http://www.semrush.com/bot.html)"
62.210.152.84 - - [13/Aug/2016:10:04:52 +0200] "HEAD /editor/editor/ HTTP/1.1" 404 - "-" "-"
62.210.152.84 - - [13/Aug/2016:10:04:52 +0200] "HEAD /sysadmin/fckeditor/editor/ HTTP/1.1" 404 - "-" "-"
62.210.152.84 - - [13/Aug/2016:10:04:52 +0200] "HEAD /fckeditor/editor/ HTTP/1.1" 404 - "-" "-"
62.210.152.84 - - [13/Aug/2016:10:04:52 +0200] "HEAD /admin/fckeditor/editor/ HTTP/1.1" 404 - "-" "-"
62.210.152.84 - - [13/Aug/2016:10:04:52 +0200] "HEAD /js/fckeditor/editor/ HTTP/1.1" 404 - "-" "-"
62.210.152.84 - - [13/Aug/2016:10:04:52 +0200] "HEAD /manage/fckeditor/editor/ HTTP/1.1" 404 - "-" "-"
62.210.152.84 - - [13/Aug/2016:10:04:52 +0200] "HEAD /common/fckeditor/editor/ HTTP/1.1" 404 - "-" "-"
62.210.152.84 - - [13/Aug/2016:10:04:52 +0200] "HEAD /scripts/fckeditor/editor/ HTTP/1.1" 404 - "-" "-"
62.210.152.84 - - [13/Aug/2016:10:04:52 +0200] "HEAD /includes/fckeditor/editor/ HTTP/1.1" 404 - "-" "-"
62.210.152.84 - - [13/Aug/2016:10:04:52 +0200] "HEAD /include/fckeditor/editor/ HTTP/1.1" 404 - "-" "-"
62.210.152.84 - - [13/Aug/2016:10:04:52 +0200] "HEAD /system/fckeditor/editor/ HTTP/1.1" 404 - "-" "-"
62.210.152.84 - - [13/Aug/2016:10:04:52 +0200] "HEAD /inc/fckeditor/editor/ HTTP/1.1" 404 - "-" "-"
62.210.152.84 - - [13/Aug/2016:10:04:52 +0200] "HEAD /editor/fckeditor/editor/ HTTP/1.1" 404 - "-" "-"
62.210.152.84 - - [13/Aug/2016:10:04:52 +0200] "HEAD /ckeditor/editor/ HTTP/1.1" 404 - "-" "-"
62.210.152.84 - - [13/Aug/2016:10:04:52 +0200] "HEAD /editorold/editor/ HTTP/1.1" 404 - "-" "-"
62.210.152.84 - - [13/Aug/2016:10:04:52 +0200] "HEAD /fck/editor/ HTTP/1.1" 404 - "-" "-"
62.210.152.84 - - [13/Aug/2016:10:04:52 +0200] "HEAD /editor1/editor/ HTTP/1.1" 404 - "-" "-"
93.224.91.7 - - [13/Aug/2016:10:54:40 +0200] "GET / HTTP/1.1" 200 569 "http://www.bigfinder.de/?c=ws&q=shop&v=1" "Mozilla/5.0 (Windows NT 6.1; WOW64; rv:19.0) Gecko/20100101 Firefox/41.0"
138.201.30.66 - - [13/Aug/2016:15:43:34 +0200] "GET /robots.txt HTTP/1.0" 404 1256 "-" "Mozilla/5.0 (compatible; SEOkicks-Robot; +http://www.seokicks.de/robot.html)"
138.201.30.66 - - [13/Aug/2016:15:43:35 +0200] "GET / HTTP/1.0" 200 569 "-" "Mozilla/5.0 (compatible; SEOkicks-Robot; +http://www.seokicks.de/robot.html)"
46.229.164.101 - - [13/Aug/2016:17:40:39 +0200] "GET /robots.txt HTTP/1.1" 404 1256 "-" "Mozilla/5.0 (compatible; SemrushBot/1.1~bl; +http://www.semrush.com/bot.html)"
5.9.88.103 - - [13/Aug/2016:19:13:22 +0200] "GET /robots.txt HTTP/1.0" 404 1256 "-" "Mozilla/5.0 (compatible; MJ12bot/v1.4.5; http://www.majestic12.co.uk/bot.php?+)"
5.9.88.103 - - [13/Aug/2016:19:13:23 +0200] "GET / HTTP/1.0" 200 569 "-" "Mozilla/5.0 (compatible; MJ12bot/v1.4.5; http://www.majestic12.co.uk/bot.php?+)"
68.180.228.89 - - [13/Aug/2016:21:54:45 +0200] "GET /robots.txt HTTP/1.1" 404 1256 "-" "Mozilla/5.0 (compatible; Yahoo! Slurp; http://help.yahoo.com/help/us/ysearch/slurp)"
68.180.228.89 - - [13/Aug/2016:21:54:46 +0200] "GET / HTTP/1.1" 304 - "-" "Mozilla/5.0 (compatible; Yahoo! Slurp; http://help.yahoo.com/help/us/ysearch/slurp)"
46.229.164.101 - - [14/Aug/2016:08:07:19 +0200] "GET /robots.txt HTTP/1.1" 404 1256 "-" "Mozilla/5.0 (compatible; SemrushBot/1.1~bl; +http://www.semrush.com/bot.html)"
69.197.177.26 - - [14/Aug/2016:21:27:08 +0200] "GET /robots.txt HTTP/1.0" 404 1256 "-" "Mozilla/5.0 (compatible; MJ12bot/v1.4.5; http://www.majestic12.co.uk/bot.php?+)"
69.197.177.26 - - [14/Aug/2016:21:27:09 +0200] "GET / HTTP/1.0" 200 569 "-" "Mozilla/5.0 (compatible; MJ12bot/v1.4.5; http://www.majestic12.co.uk/bot.php?+)"
79.116.28.51 - - [14/Aug/2016:22:21:16 +0200] "GET / HTTP/1.1" 200 569 "-" "Java/1.6.0_04"
79.116.28.51 - - [14/Aug/2016:22:21:16 +0200] "GET /picture/img001.png HTTP/1.1" 200 643437 "-" "Java/1.6.0_04"
46.229.164.101 - - [14/Aug/2016:22:40:18 +0200] "GET /robots.txt HTTP/1.1" 404 1256 "-" "Mozilla/5.0 (compatible; SemrushBot/1.1~bl; +http://www.semrush.com/bot.html)"
138.201.59.34 - - [15/Aug/2016:11:34:36 +0200] "GET /robots.txt HTTP/1.0" 404 1256 "-" "Mozilla/5.0 (compatible; SEOkicks-Robot; +http://www.seokicks.de/robot.html)"
138.201.59.34 - - [15/Aug/2016:11:34:37 +0200] "GET / HTTP/1.0" 200 569 "-" "Mozilla/5.0 (compatible; SEOkicks-Robot; +http://www.seokicks.de/robot.html)"
79.116.28.51 - - [15/Aug/2016:11:59:13 +0200] "GET / HTTP/1.1" 200 569 "-" "Java/1.6.0_04"
79.116.28.51 - - [15/Aug/2016:11:59:13 +0200] "GET /picture/img001.png HTTP/1.1" 200 643437 "-" "Java/1.6.0_04"
46.229.164.99 - - [15/Aug/2016:15:36:20 +0200] "GET /robots.txt HTTP/1.1" 404 1256 "-" "Mozilla/5.0 (compatible; SemrushBot/1.1~bl; +http://www.semrush.com/bot.html)"
195.154.181.168 - - [15/Aug/2016:18:15:47 +0200] "GET /license.php HTTP/1.1" 404 1256 "http://www.die-fabians.de/license.php" "Mozilla/5.0 (Windows NT 6.1; WOW64) AppleWebKit/537.36 (KHTML, like Gecko) Chrome/42.0.2311.152 Safari/537.36"
162.243.25.240 - - [16/Aug/2016:03:22:40 +0200] "GET /robots.txt HTTP/1.1" 404 1256 "-" "Mozilla/5.0 (compatible; spbot/5.0.2; +http://OpenLinkProfiler.org/bot )"
162.243.25.240 - - [16/Aug/2016:03:22:45 +0200] "GET / HTTP/1.1" 200 569 "-" "Mozilla/5.0 (compatible; spbot/5.0.2; +http://OpenLinkProfiler.org/bot )"
89.163.148.22 - - [16/Aug/2016:06:14:22 +0200] "GET /robots.txt HTTP/1.0" 404 1256 "-" "Mozilla/5.0 (compatible; MJ12bot/v1.4.5; http://www.majestic12.co.uk/bot.php?+)"
89.163.148.22 - - [16/Aug/2016:06:14:23 +0200] "GET / HTTP/1.0" 200 569 "-" "Mozilla/5.0 (compatible; MJ12bot/v1.4.5; http://www.majestic12.co.uk/bot.php?+)"
46.229.164.102 - - [16/Aug/2016:07:37:13 +0200] "GET /robots.txt HTTP/1.1" 404 1256 "-" "Mozilla/5.0 (compatible; SemrushBot/1.1~bl; +http://www.semrush.com/bot.html)"
46.229.164.101 - - [16/Aug/2016:23:29:26 +0200] "GET /robots.txt HTTP/1.1" 404 1256 "-" "Mozilla/5.0 (compatible; SemrushBot/1.1~bl; +http://www.semrush.com/bot.html)"
94.199.151.22 - - [16/Aug/2016:23:31:46 +0200] "GET /robots.txt HTTP/1.1" 404 1256 "-" "Wotbox/2.01 (+http://www.wotbox.com/bot/)"
94.199.151.22 - - [16/Aug/2016:23:32:00 +0200] "GET / HTTP/1.1" 200 569 "-" "Wotbox/2.01 (+http://www.wotbox.com/bot/)"
62.138.2.243 - - [17/Aug/2016:07:33:37 +0200] "GET /robots.txt HTTP/1.0" 404 1256 "-" "Mozilla/5.0 (compatible; MJ12bot/v1.4.5; http://www.majestic12.co.uk/bot.php?+)"
62.138.2.243 - - [17/Aug/2016:07:33:38 +0200] "GET / HTTP/1.0" 200 569 "-" "Mozilla/5.0 (compatible; MJ12bot/v1.4.5; http://www.majestic12.co.uk/bot.php?+)"
5.255.251.7 - - [17/Aug/2016:11:22:30 +0200] "GET /robots.txt HTTP/1.1" 404 1256 "-" "Mozilla/5.0 (compatible; YandexBot/3.0; +http://yandex.com/bots)"
46.229.164.101 - - [17/Aug/2016:15:47:19 +0200] "GET /robots.txt HTTP/1.1" 404 1256 "-" "Mozilla/5.0 (compatible; SemrushBot/1.1~bl; +http://www.semrush.com/bot.html)"
192.243.55.131 - - [17/Aug/2016:23:46:43 +0200] "GET / HTTP/1.1" 200 569 "-" "Mozilla/5.0 (compatible; SemrushBot/1.1~bl; +http://www.semrush.com/bot.html)"
81.11.242.202 - - [18/Aug/2016:05:07:52 +0200] "GET / HTTP/1.1" 200 569 "-" "Java/1.4.1_04"
81.11.242.202 - - [18/Aug/2016:05:07:52 +0200] "GET /picture/img001.png HTTP/1.1" 200 643437 "-" "Java/1.4.1_04"
46.229.164.101 - - [18/Aug/2016:07:27:01 +0200] "GET /robots.txt HTTP/1.1" 404 1256 "-" "Mozilla/5.0 (compatible; SemrushBot/1.1~bl; +http://www.semrush.com/bot.html)"
195.154.199.103 - - [18/Aug/2016:09:03:52 +0200] "GET / HTTP/1.0" 200 569 "-" "Mozilla/5.0 (Windows NT 6.1) AppleWebKit/537.36 (KHTML, like Gecko) Chrome/41.0.2228.0 Safari/537.36"
195.154.199.103 - - [18/Aug/2016:09:03:52 +0200] "GET / HTTP/1.0" 200 569 "-" "Mozilla/5.0 (Windows NT 6.1) AppleWebKit/537.36 (KHTML, like Gecko) Chrome/41.0.2228.0 Safari/537.36"
151.80.31.183 - - [18/Aug/2016:10:07:07 +0200] "GET /robots.txt HTTP/1.1" 404 1256 "-" "Mozilla/5.0 (compatible; AhrefsBot/5.1; +http://ahrefs.com/robot/)"
51.255.65.24 - - [18/Aug/2016:10:07:07 +0200] "GET / HTTP/1.1" 200 569 "-" "Mozilla/5.0 (compatible; AhrefsBot/5.1; +http://ahrefs.com/robot/)"
5.255.251.7 - - [18/Aug/2016:10:22:04 +0200] "GET /robots.txt HTTP/1.1" 404 1256 "-" "Mozilla/5.0 (compatible; YandexBot/3.0; +http://yandex.com/bots)"
209.58.178.145 - - [18/Aug/2016:12:35:08 +0200] "GET /robots.txt HTTP/1.0" 404 1256 "-" "Mozilla/5.0 (compatible; MJ12bot/v1.4.5; http://www.majestic12.co.uk/bot.php?+)"
209.58.178.145 - - [18/Aug/2016:12:35:10 +0200] "GET / HTTP/1.0" 200 569 "-" "Mozilla/5.0 (compatible; MJ12bot/v1.4.5; http://www.majestic12.co.uk/bot.php?+)"
138.201.59.34 - - [18/Aug/2016:15:30:13 +0200] "GET /robots.txt HTTP/1.0" 404 1256 "-" "Mozilla/5.0 (compatible; SEOkicks-Robot; +http://www.seokicks.de/robot.html)"
138.201.59.34 - - [18/Aug/2016:15:30:15 +0200] "GET / HTTP/1.0" 200 569 "-" "Mozilla/5.0 (compatible; SEOkicks-Robot; +http://www.seokicks.de/robot.html)"
78.46.50.246 - - [18/Aug/2016:20:26:49 +0200] "GET /robots.txt HTTP/1.0" 404 1256 "-" "Mozilla/5.0 (compatible; MJ12bot/v1.4.5; http://www.majestic12.co.uk/bot.php?+)"
78.46.50.246 - - [18/Aug/2016:20:26:51 +0200] "GET / HTTP/1.0" 200 569 "-" "Mozilla/5.0 (compatible; MJ12bot/v1.4.5; http://www.majestic12.co.uk/bot.php?+)"
46.229.164.101 - - [18/Aug/2016:22:30:52 +0200] "GET /robots.txt HTTP/1.1" 404 1256 "-" "Mozilla/5.0 (compatible; SemrushBot/1.1~bl; +http://www.semrush.com/bot.html)"
195.154.199.103 - - [18/Aug/2016:23:03:55 +0200] "GET / HTTP/1.0" 200 569 "-" "Mozilla/5.0 (Windows NT 6.1) AppleWebKit/537.36 (KHTML, like Gecko) Chrome/41.0.2228.0 Safari/537.36"
46.229.164.101 - - [19/Aug/2016:13:16:47 +0200] "GET /robots.txt HTTP/1.1" 404 1256 "-" "Mozilla/5.0 (compatible; SemrushBot/1.1~bl; +http://www.semrush.com/bot.html)"
5.154.82.214 - - [19/Aug/2016:13:57:53 +0200] "GET / HTTP/1.1" 200 569 "-" "Java/1.6.0_04"
5.154.82.214 - - [19/Aug/2016:13:57:54 +0200] "GET /picture/img001.png HTTP/1.1" 200 643437 "-" "Java/1.6.0_04"
138.201.30.66 - - [20/Aug/2016:02:23:48 +0200] "GET /robots.txt HTTP/1.0" 404 1256 "-" "Mozilla/5.0 (compatible; SEOkicks-Robot; +http://www.seokicks.de/robot.html)"
138.201.30.66 - - [20/Aug/2016:02:23:50 +0200] "GET / HTTP/1.0" 200 569 "-" "Mozilla/5.0 (compatible; SEOkicks-Robot; +http://www.seokicks.de/robot.html)"
46.229.164.98 - - [20/Aug/2016:05:11:09 +0200] "GET /robots.txt HTTP/1.1" 404 1256 "-" "Mozilla/5.0 (compatible; SemrushBot/1.1~bl; +http://www.semrush.com/bot.html)"
46.229.164.98 - - [20/Aug/2016:21:13:08 +0200] "GET /robots.txt HTTP/1.1" 404 1256 "-" "Mozilla/5.0 (compatible; SemrushBot/1.1~bl; +http://www.semrush.com/bot.html)"
91.121.109.55 - - [20/Aug/2016:22:37:33 +0200] "GET /robots.txt HTTP/1.0" 404 1256 "-" "Mozilla/5.0 (compatible; MJ12bot/v1.4.5; http://www.majestic12.co.uk/bot.php?+)"
91.121.109.55 - - [20/Aug/2016:22:37:35 +0200] "GET / HTTP/1.0" 200 569 "-" "Mozilla/5.0 (compatible; MJ12bot/v1.4.5; http://www.majestic12.co.uk/bot.php?+)"
195.154.181.168 - - [21/Aug/2016:11:44:05 +0200] "GET /license.php HTTP/1.1" 404 1256 "http://www.die-fabians.de/license.php" "Mozilla/5.0 (Windows NT 6.1; WOW64) AppleWebKit/537.36 (KHTML, like Gecko) Chrome/42.0.2311.152 Safari/537.36"
46.229.164.98 - - [21/Aug/2016:12:51:12 +0200] "GET /robots.txt HTTP/1.1" 404 1256 "-" "Mozilla/5.0 (compatible; SemrushBot/1.1~bl; +http://www.semrush.com/bot.html)"
66.249.75.44 - - [21/Aug/2016:12:57:02 +0200] "GET /robots.txt HTTP/1.1" 404 1256 "-" "Mozilla/5.0 (compatible; Googlebot/2.1; +http://www.google.com/bot.html)"
66.249.75.44 - - [21/Aug/2016:12:57:02 +0200] "GET / HTTP/1.1" 200 569 "-" "Mozilla/5.0 (Linux; Android 6.0.1; Nexus 5X Build/MMB29P) AppleWebKit/537.36 (KHTML, like Gecko) Chrome/41.0.2272.96 Mobile Safari/537.36 (compatible; Googlebot/2.1; +http://www.google.com/bot.html)"
69.30.213.202 - - [21/Aug/2016:23:53:15 +0200] "GET /robots.txt HTTP/1.0" 404 1256 "-" "Mozilla/5.0 (compatible; MJ12bot/v1.4.5; http://www.majestic12.co.uk/bot.php?+)"
69.30.213.202 - - [21/Aug/2016:23:53:16 +0200] "GET / HTTP/1.0" 200 569 "-" "Mozilla/5.0 (compatible; MJ12bot/v1.4.5; http://www.majestic12.co.uk/bot.php?+)"
193.252.149.16 - - [22/Aug/2016:00:36:18 +0200] "GET /robots.txt HTTP/1.1" 404 1256 "-" "Mozilla/5.0 (compatible; OrangeBot/2.0; support.orangebot@orange.com)"
193.252.149.16 - - [22/Aug/2016:00:36:24 +0200] "GET / HTTP/1.1" 200 569 "-" "Mozilla/5.0 (compatible; OrangeBot/2.0; support.orangebot@orange.com)"
46.229.164.98 - - [22/Aug/2016:03:53:09 +0200] "GET /robots.txt HTTP/1.1" 404 1256 "-" "Mozilla/5.0 (compatible; SemrushBot/1.1~bl; +http://www.semrush.com/bot.html)"
138.201.30.66 - - [22/Aug/2016:18:42:18 +0200] "GET /robots.txt HTTP/1.0" 404 1256 "-" "Mozilla/5.0 (compatible; SEOkicks-Robot; +http://www.seokicks.de/robot.html)"
138.201.30.66 - - [22/Aug/2016:18:42:19 +0200] "GET / HTTP/1.0" 200 569 "-" "Mozilla/5.0 (compatible; SEOkicks-Robot; +http://www.seokicks.de/robot.html)"
46.229.164.98 - - [22/Aug/2016:19:05:16 +0200] "GET /robots.txt HTTP/1.1" 404 1256 "-" "Mozilla/5.0 (compatible; SemrushBot/1.1~bl; +http://www.semrush.com/bot.html)"
62.210.148.91 - - [23/Aug/2016:05:05:31 +0200] "GET /configuration.php~ HTTP/1.1" 404 1256 "http://www.die-fabians.de/configuration.php~" "Mozilla/5.0 (Windows NT 6.1; WOW64) AppleWebKit/537.36 (KHTML, like Gecko) Chrome/42.0.2311.152 Safari/537.36"
46.229.164.99 - - [23/Aug/2016:11:08:49 +0200] "GET /robots.txt HTTP/1.1" 404 1256 "-" "Mozilla/5.0 (compatible; SemrushBot/1.1~bl; +http://www.semrush.com/bot.html)"
178.255.215.83 - - [23/Aug/2016:17:19:30 +0200] "GET /robots.txt HTTP/1.1" 404 1256 "-" "Mozilla/5.0 (compatible; Exabot/3.0; +http://www.exabot.com/go/robot)"
178.255.215.83 - - [23/Aug/2016:17:19:30 +0200] "GET / HTTP/1.1" 304 - "-" "Mozilla/5.0 (compatible; Exabot/3.0; +http://www.exabot.com/go/robot)"
51.255.162.167 - - [23/Aug/2016:17:19:58 +0200] "GET /robots.txt HTTP/1.0" 404 1256 "-" "Mozilla/5.0 (compatible; MJ12bot/v1.4.5; http://www.majestic12.co.uk/bot.php?+)"
51.255.162.167 - - [23/Aug/2016:17:20:00 +0200] "GET / HTTP/1.0" 200 569 "-" "Mozilla/5.0 (compatible; MJ12bot/v1.4.5; http://www.majestic12.co.uk/bot.php?+)"
46.229.164.99 - - [24/Aug/2016:04:28:06 +0200] "GET /robots.txt HTTP/1.1" 404 1256 "-" "Mozilla/5.0 (compatible; SemrushBot/1.1~bl; +http://www.semrush.com/bot.html)"
192.243.55.137 - - [24/Aug/2016:04:41:49 +0200] "GET / HTTP/1.1" 200 569 "-" "Mozilla/5.0 (compatible; SemrushBot/1.1~bl; +http://www.semrush.com/bot.html)"
141.8.141.149 - - [24/Aug/2016:06:36:24 +0200] "GET /robots.txt HTTP/1.1" 404 1256 "-" "Mozilla/5.0 (compatible; YandexBot/3.0; +http://yandex.com/bots)"
66.249.75.52 - - [24/Aug/2016:12:57:55 +0200] "GET /robots.txt HTTP/1.1" 404 1256 "-" "Mozilla/5.0 (compatible; Googlebot/2.1; +http://www.google.com/bot.html)"
66.249.75.52 - - [24/Aug/2016:12:57:55 +0200] "GET / HTTP/1.1" 200 569 "-" "Mozilla/5.0 (compatible; Googlebot/2.1; +http://www.google.com/bot.html)"
91.209.51.22 - - [24/Aug/2016:14:25:40 +0200] "GET /robots.txt HTTP/1.0" 404 1256 "-" "Mozilla/5.0 (compatible; MJ12bot/v1.4.5; http://www.majestic12.co.uk/bot.php?+)"
91.209.51.22 - - [24/Aug/2016:14:25:41 +0200] "GET / HTTP/1.1" 200 569 "-" "Mozilla/5.0 (compatible; MJ12bot/v1.4.5; http://www.majestic12.co.uk/bot.php?+)"
138.201.30.66 - - [24/Aug/2016:14:26:05 +0200] "GET /robots.txt HTTP/1.0" 404 1256 "-" "Mozilla/5.0 (compatible; SEOkicks-Robot; +http://www.seokicks.de/robot.html)"
138.201.30.66 - - [24/Aug/2016:14:26:07 +0200] "GET / HTTP/1.0" 200 569 "-" "Mozilla/5.0 (compatible; SEOkicks-Robot; +http://www.seokicks.de/robot.html)"
195.154.181.168 - - [24/Aug/2016:19:42:46 +0200] "GET /license.php HTTP/1.1" 404 1256 "http://www.die-fabians.de/license.php" "Mozilla/5.0 (Windows NT 6.1; WOW64) AppleWebKit/537.36 (KHTML, like Gecko) Chrome/42.0.2311.152 Safari/537.36"
46.229.164.99 - - [24/Aug/2016:20:50:38 +0200] "GET /robots.txt HTTP/1.1" 404 1256 "-" "Mozilla/5.0 (compatible; SemrushBot/1.1~bl; +http://www.semrush.com/bot.html)"
85.25.202.18 - - [25/Aug/2016:00:58:24 +0200] "GET / HTTP/1.0" 200 569 "-" "-"
85.25.202.18 - - [25/Aug/2016:00:58:24 +0200] "GET / HTTP/1.0" 200 569 "-" "Mozilla/5.0 (Windows NT 6.1; WOW64; rv:19.0) Gecko/20100101 Firefox/19.0"
23.20.215.116 - - [25/Aug/2016:01:07:38 +0200] "GET /robots.txt HTTP/1.0" 404 1256 "-" "CCBot/2.0 (http://commoncrawl.org/faq/)"
23.20.215.116 - - [25/Aug/2016:01:07:39 +0200] "GET / HTTP/1.0" 200 569 "-" "CCBot/2.0 (http://commoncrawl.org/faq/)"
46.229.164.99 - - [25/Aug/2016:12:35:13 +0200] "GET /robots.txt HTTP/1.1" 404 1256 "-" "Mozilla/5.0 (compatible; SemrushBot/1.1~bl; +http://www.semrush.com/bot.html)"
92.52.238.246 - - [25/Aug/2016:14:52:17 +0200] "GET / HTTP/1.1" 200 569 "-" "Mozilla/5.0 (X11; Linux x86_64) AppleWebKit/537.36 (KHTML, like Gecko) Chrome/28.0.1500.71 Safari/537.36"
92.52.238.246 - - [25/Aug/2016:14:52:17 +0200] "GET / HTTP/1.1" 200 569 "-" "curl/7.35.0"
151.80.31.183 - - [25/Aug/2016:20:27:00 +0200] "GET /robots.txt HTTP/1.1" 404 1256 "-" "Mozilla/5.0 (compatible; AhrefsBot/5.1; +http://ahrefs.com/robot/)"
164.132.161.28 - - [25/Aug/2016:20:27:02 +0200] "GET / HTTP/1.1" 200 569 "-" "Mozilla/5.0 (compatible; AhrefsBot/5.1; +http://ahrefs.com/robot/)"
173.0.63.77 - - [25/Aug/2016:21:52:35 +0200] "GET /robots.txt HTTP/1.0" 404 1256 "-" "Mozilla/5.0 (compatible; MJ12bot/v1.4.5; http://www.majestic12.co.uk/bot.php?+)"
173.0.63.77 - - [25/Aug/2016:21:52:37 +0200] "GET / HTTP/1.0" 200 569 "-" "Mozilla/5.0 (compatible; MJ12bot/v1.4.5; http://www.majestic12.co.uk/bot.php?+)"
51.255.51.7 - - [25/Aug/2016:23:07:38 +0200] "GET /robots.txt HTTP/1.0" 404 1256 "-" "Mozilla/5.0 (compatible; MJ12bot/v1.4.5; http://www.majestic12.co.uk/bot.php?+)"
51.255.51.7 - - [25/Aug/2016:23:07:39 +0200] "GET / HTTP/1.0" 200 569 "-" "Mozilla/5.0 (compatible; MJ12bot/v1.4.5; http://www.majestic12.co.uk/bot.php?+)"
45.55.249.236 - - [26/Aug/2016:04:01:48 +0200] "GET /robots.txt HTTP/1.1" 404 1256 "-" "Mozilla/5.0 (compatible; spbot/5.0.2; +http://OpenLinkProfiler.org/bot )"
45.55.249.236 - - [26/Aug/2016:04:01:54 +0200] "GET / HTTP/1.1" 200 569 "-" "Mozilla/5.0 (compatible; spbot/5.0.2; +http://OpenLinkProfiler.org/bot )"
46.229.164.99 - - [26/Aug/2016:04:12:23 +0200] "GET /robots.txt HTTP/1.1" 404 1256 "-" "Mozilla/5.0 (compatible; SemrushBot/1.1~bl; +http://www.semrush.com/bot.html)"
46.229.164.99 - - [26/Aug/2016:19:59:02 +0200] "GET /robots.txt HTTP/1.1" 404 1256 "-" "Mozilla/5.0 (compatible; SemrushBot/1.1~bl; +http://www.semrush.com/bot.html)"
138.201.30.66 - - [27/Aug/2016:03:34:55 +0200] "GET /robots.txt HTTP/1.0" 404 1256 "-" "Mozilla/5.0 (compatible; SEOkicks-Robot; +http://www.seokicks.de/robot.html)"
138.201.30.66 - - [27/Aug/2016:03:34:57 +0200] "GET / HTTP/1.0" 200 569 "-" "Mozilla/5.0 (compatible; SEOkicks-Robot; +http://www.seokicks.de/robot.html)"
46.229.164.99 - - [27/Aug/2016:12:29:40 +0200] "GET /robots.txt HTTP/1.1" 404 1256 "-" "Mozilla/5.0 (compatible; SemrushBot/1.1~bl; +http://www.semrush.com/bot.html)"
178.255.215.83 - - [27/Aug/2016:16:55:21 +0200] "GET /robots.txt HTTP/1.1" 404 1256 "-" "Mozilla/5.0 (compatible; Exabot/3.0; +http://www.exabot.com/go/robot)"
178.255.215.83 - - [27/Aug/2016:16:55:21 +0200] "GET / HTTP/1.1" 304 - "-" "Mozilla/5.0 (compatible; Exabot/3.0; +http://www.exabot.com/go/robot)"
216.145.17.190 - - [28/Aug/2016:02:59:15 +0200] "GET /robots.txt HTTP/1.0" 404 1256 "-" "Mozilla/5.0 (Windows; U; Windows NT 5.1; en; rv:1.9.0.13) Gecko/2009073022 Firefox/3.5.2 (.NET CLR 3.5.30729) SurveyBot/2.3 (DomainTools)"
216.145.17.190 - - [28/Aug/2016:02:59:16 +0200] "GET / HTTP/1.1" 200 569 "http://whois.domaintools.com/die-fabians.de" "Mozilla/5.0 (Windows; U; Windows NT 5.1; en; rv:1.9.0.13) Gecko/2009073022 Firefox/3.5.2 (.NET CLR 3.5.30729) SurveyBot/2.3 (DomainTools)"
46.229.164.99 - - [28/Aug/2016:04:27:03 +0200] "GET /robots.txt HTTP/1.1" 404 1256 "-" "Mozilla/5.0 (compatible; SemrushBot/1.1~bl; +http://www.semrush.com/bot.html)"
178.63.86.11 - - [28/Aug/2016:07:13:37 +0200] "GET /robots.txt HTTP/1.0" 404 1256 "-" "Mozilla/5.0 (compatible; MJ12bot/v1.4.5; http://www.majestic12.co.uk/bot.php?+)"
178.63.86.11 - - [28/Aug/2016:07:13:38 +0200] "GET / HTTP/1.0" 200 569 "-" "Mozilla/5.0 (compatible; MJ12bot/v1.4.5; http://www.majestic12.co.uk/bot.php?+)"
95.91.46.216 - - [28/Aug/2016:07:46:30 +0200] "GET /robots.txt HTTP/1.0" 404 1256 "-" "Mozilla/5.0 (compatible; MJ12bot/v1.4.5; http://www.majestic12.co.uk/bot.php?+)"
95.91.46.216 - - [28/Aug/2016:07:46:32 +0200] "GET / HTTP/1.0" 200 569 "-" "Mozilla/5.0 (compatible; MJ12bot/v1.4.5; http://www.majestic12.co.uk/bot.php?+)"
