173.208.150.250 - - [01/Jul/2013:01:00:21 +0200] "GET /robots.txt HTTP/1.0" 404 1256 "-" "Mozilla/5.0 (compatible; MJ12bot/v1.4.3; http://www.majestic12.co.uk/bot.php?+)"
173.208.150.250 - - [01/Jul/2013:01:00:23 +0200] "GET / HTTP/1.0" 200 569 "-" "Mozilla/5.0 (compatible; MJ12bot/v1.4.3; http://www.majestic12.co.uk/bot.php?+)"
193.252.149.15 - - [01/Jul/2013:03:38:55 +0200] "GET /robots.txt HTTP/1.1" 404 1256 "-" "Mozilla/5.0 (Windows; U; Windows NT 5.1; fr; rv:1.8.1) VoilaBot BETA 1.2 (support.voilabot@orange-ftgroup.com)"
193.252.149.15 - - [01/Jul/2013:03:38:57 +0200] "GET / HTTP/1.1" 200 569 "-" "Mozilla/5.0 (Windows; U; Windows NT 5.1; fr; rv:1.8.1) VoilaBot BETA 1.2 (support.voilabot@orange-ftgroup.com)"
122.161.109.29 - - [01/Jul/2013:07:20:05 +0200] "GET / HTTP/1.1" 200 569 "-" "-"
208.115.113.88 - - [02/Jul/2013:00:59:17 +0200] "GET /robots.txt HTTP/1.1" 404 1256 "-" "Mozilla/5.0 (compatible; Ezooms/1.0; ezooms.bot@gmail.com)"
208.115.113.88 - - [02/Jul/2013:02:48:42 +0200] "GET / HTTP/1.1" 200 569 "-" "Mozilla/5.0 (compatible; Ezooms/1.0; ezooms.bot@gmail.com)"
141.8.147.12 - - [02/Jul/2013:02:57:49 +0200] "GET /robots.txt HTTP/1.1" 404 1256 "-" "Mozilla/5.0 (compatible; YandexBot/3.0; +http://yandex.com/bots)"
141.8.147.12 - - [02/Jul/2013:07:05:26 +0200] "GET / HTTP/1.1" 200 569 "-" "Mozilla/5.0 (compatible; YandexBot/3.0; +http://yandex.com/bots)"
66.249.78.208 - - [02/Jul/2013:11:00:01 +0200] "GET /robots.txt HTTP/1.1" 404 1256 "-" "Mozilla/5.0 (compatible; Googlebot/2.1; +http://www.google.com/bot.html)"
66.249.78.208 - - [02/Jul/2013:11:00:01 +0200] "GET / HTTP/1.1" 200 569 "-" "Mozilla/5.0 (compatible; Googlebot/2.1; +http://www.google.com/bot.html)"
139.18.2.209 - - [02/Jul/2013:22:04:09 +0200] "GET /robots.txt HTTP/1.1" 404 1256 "-" "findlinks/2.6 (+http://wortschatz.uni-leipzig.de/findlinks/)"
208.115.113.84 - - [03/Jul/2013:04:11:33 +0200] "GET /robots.txt HTTP/1.1" 404 1256 "-" "Mozilla/5.0 (compatible; Ezooms/1.0; ezooms.bot@gmail.com)"
141.8.147.12 - - [03/Jul/2013:04:48:37 +0200] "GET /robots.txt HTTP/1.1" 404 1256 "-" "Mozilla/5.0 (compatible; YandexBot/3.0; +http://yandex.com/bots)"
208.115.113.84 - - [03/Jul/2013:06:19:37 +0200] "GET / HTTP/1.1" 200 569 "-" "Mozilla/5.0 (compatible; Ezooms/1.0; ezooms.bot@gmail.com)"
66.249.78.208 - - [03/Jul/2013:12:12:53 +0200] "GET /robots.txt HTTP/1.1" 404 1256 "-" "Mozilla/5.0 (compatible; Googlebot/2.1; +http://www.google.com/bot.html)"
66.249.78.208 - - [03/Jul/2013:12:12:53 +0200] "GET /picture/img001.png HTTP/1.1" 304 - "-" "Googlebot-Image/1.0"
141.8.147.12 - - [03/Jul/2013:13:52:04 +0200] "GET / HTTP/1.1" 200 569 "-" "Mozilla/5.0 (compatible; YandexBot/3.0; +http://yandex.com/bots)"
141.8.147.12 - - [03/Jul/2013:23:47:51 +0200] "GET /robots.txt HTTP/1.1" 404 1256 "-" "Mozilla/5.0 (compatible; YandexBot/3.0; +http://yandex.com/bots)"
139.18.2.209 - - [04/Jul/2013:04:43:06 +0200] "GET / HTTP/1.1" 200 569 "-" "findlinks/2.6 (+http://wortschatz.uni-leipzig.de/findlinks/)"
173.199.115.171 - - [04/Jul/2013:07:07:07 +0200] "GET / HTTP/1.1" 200 569 "-" "Mozilla/5.0 (compatible; AhrefsBot/4.0; +http://ahrefs.com/robot/)"
141.8.147.12 - - [05/Jul/2013:00:18:32 +0200] "GET /robots.txt HTTP/1.1" 404 1256 "-" "Mozilla/5.0 (compatible; YandexBot/3.0; +http://yandex.com/bots)"
65.55.52.115 - - [05/Jul/2013:00:52:53 +0200] "GET /robots.txt HTTP/1.1" 404 1256 "-" "Mozilla/5.0 (compatible; bingbot/2.0; +http://www.bing.com/bingbot.htm)"
65.55.52.115 - - [05/Jul/2013:01:09:32 +0200] "GET /reise/billig_fligen_nach_antalya.html HTTP/1.1" 404 1256 "-" "Mozilla/5.0 (compatible; bingbot/2.0; +http://www.bing.com/bingbot.htm)"
193.252.149.15 - - [05/Jul/2013:04:38:47 +0200] "GET / HTTP/1.1" 200 569 "-" "Mozilla/5.0 (Windows; U; Windows NT 5.1; fr; rv:1.8.1) VoilaBot BETA 1.2 (support.voilabot@orange-ftgroup.com)"
141.8.147.12 - - [05/Jul/2013:08:14:44 +0200] "GET / HTTP/1.1" 200 569 "-" "Mozilla/5.0 (compatible; YandexBot/3.0; +http://yandex.com/bots)"
141.8.147.12 - - [06/Jul/2013:20:21:14 +0200] "GET /robots.txt HTTP/1.1" 404 1256 "-" "Mozilla/5.0 (compatible; YandexBot/3.0; +http://yandex.com/bots)"
141.8.147.12 - - [07/Jul/2013:02:44:07 +0200] "GET / HTTP/1.1" 200 569 "-" "Mozilla/5.0 (compatible; YandexBot/3.0; +http://yandex.com/bots)"
85.114.142.245 - - [08/Jul/2013:08:56:55 +0200] "GET / HTTP/1.1" 200 569 "-" "findlinks/2.6 (+http://wortschatz.uni-leipzig.de/findlinks/)"
64.246.165.160 - - [09/Jul/2013:00:16:16 +0200] "GET /robots.txt HTTP/1.0" 404 1256 "-" "Mozilla/5.0 (Windows; U; Windows NT 5.1; en; rv:1.9.0.13) Gecko/2009073022 Firefox/3.5.2 (.NET CLR 3.5.30729) SurveyBot/2.3 (DomainTools)"
64.246.165.160 - - [09/Jul/2013:00:16:16 +0200] "GET / HTTP/1.1" 200 569 "http://whois.domaintools.com/die-fabians.de" "Mozilla/5.0 (Windows; U; Windows NT 5.1; en; rv:1.9.0.13) Gecko/2009073022 Firefox/3.5.2 (.NET CLR 3.5.30729) SurveyBot/2.3 (DomainTools)"
193.252.149.15 - - [09/Jul/2013:02:33:02 +0200] "GET /robots.txt HTTP/1.1" 404 1256 "-" "Mozilla/5.0 (Windows; U; Windows NT 5.1; fr; rv:1.8.1) VoilaBot BETA 1.2 (support.voilabot@orange-ftgroup.com)"
193.252.149.15 - - [09/Jul/2013:02:33:40 +0200] "GET / HTTP/1.1" 200 569 "-" "Mozilla/5.0 (Windows; U; Windows NT 5.1; fr; rv:1.8.1) VoilaBot BETA 1.2 (support.voilabot@orange-ftgroup.com)"
139.18.2.209 - - [09/Jul/2013:03:20:20 +0200] "GET /robots.txt HTTP/1.1" 404 1256 "-" "findlinks/2.6 (+http://wortschatz.uni-leipzig.de/findlinks/)"
141.8.147.12 - - [10/Jul/2013:03:23:56 +0200] "GET /robots.txt HTTP/1.1" 404 1256 "-" "Mozilla/5.0 (compatible; YandexBot/3.0; +http://yandex.com/bots)"
141.8.147.12 - - [10/Jul/2013:08:50:32 +0200] "GET / HTTP/1.1" 200 569 "-" "Mozilla/5.0 (compatible; YandexBot/3.0; +http://yandex.com/bots)"
173.192.235.226 - - [10/Jul/2013:11:04:47 +0200] "GET /robots.txt HTTP/1.1" 404 1256 "-" "Mozilla/5.0 (compatible; SiteExplorer/1.0b; +http://siteexplorer.info/)"
173.192.235.226 - - [10/Jul/2013:11:04:51 +0200] "GET / HTTP/1.1" 200 569 "-" "Mozilla/5.0 (compatible; SiteExplorer/1.0b; +http://siteexplorer.info/)"
85.114.142.245 - - [11/Jul/2013:22:27:53 +0200] "GET / HTTP/1.1" 200 569 "-" "findlinks/2.6 (+http://wortschatz.uni-leipzig.de/findlinks/)"
66.249.78.208 - - [12/Jul/2013:13:17:04 +0200] "GET /robots.txt HTTP/1.1" 404 1256 "-" "Mozilla/5.0 (compatible; Googlebot/2.1; +http://www.google.com/bot.html)"
66.249.78.208 - - [12/Jul/2013:13:17:04 +0200] "GET / HTTP/1.1" 304 - "-" "Mozilla/5.0 (compatible; Googlebot/2.1; +http://www.google.com/bot.html)"
141.8.147.12 - - [12/Jul/2013:16:39:10 +0200] "GET /robots.txt HTTP/1.1" 404 1256 "-" "Mozilla/5.0 (compatible; YandexBot/3.0; +http://yandex.com/bots)"
141.8.147.12 - - [12/Jul/2013:16:39:12 +0200] "GET / HTTP/1.1" 200 569 "-" "Mozilla/5.0 (compatible; YandexBot/3.0; +http://yandex.com/bots)"
85.25.154.14 - - [12/Jul/2013:18:44:58 +0200] "GET / HTTP/1.1" 200 569 "-" "Mozilla/4.0 (compatible; MSIE 6.0; Windows 98; Win 9x4.90)"
193.252.149.15 - - [13/Jul/2013:02:24:52 +0200] "GET / HTTP/1.1" 200 569 "-" "Mozilla/5.0 (Windows; U; Windows NT 5.1; fr; rv:1.8.1) VoilaBot BETA 1.2 (support.voilabot@orange-ftgroup.com)"
5.199.136.130 - - [13/Jul/2013:03:14:45 +0200] "GET /robots.txt HTTP/1.1" 404 1256 "-" "Mozilla/5.0 (compatible; Spiderlytics/1.0; +spider@spiderlytics.com)"
5.199.136.130 - - [13/Jul/2013:03:14:45 +0200] "GET / HTTP/1.1" 200 569 "-" "Mozilla/5.0 (compatible; Spiderlytics/1.0; +spider@spiderlytics.com)"
217.225.190.109 - - [13/Jul/2013:05:56:57 +0200] "GET / HTTP/1.1" 200 569 "http://www.bigfinder.de/online-11.html" "Mozilla/5.0 (Windows; U; Windows NT 6.0; en-US) AppleWebKit/533.4 (KHTML, like Gecko) Chrome/5.0.375.126 Safari/533.4"
157.55.34.93 - - [13/Jul/2013:10:50:24 +0200] "GET /robots.txt HTTP/1.1" 404 1256 "-" "Mozilla/5.0 (compatible; bingbot/2.0; +http://www.bing.com/bingbot.htm)"
157.55.34.93 - - [13/Jul/2013:11:06:01 +0200] "GET /urlaub_italien.html HTTP/1.1" 404 1256 "-" "Mozilla/5.0 (compatible; bingbot/2.0; +http://www.bing.com/bingbot.htm)"
5.10.83.9 - - [13/Jul/2013:16:37:51 +0200] "GET / HTTP/1.1" 200 569 "-" "Mozilla/5.0 (compatible; AhrefsBot/5.0; +http://ahrefs.com/robot/)"
84.38.65.176 - - [13/Jul/2013:19:03:36 +0200] "GET / HTTP/1.0" 200 569 "http://www.domain-reputation.de/www.die-fabians.de" "Mozilla/4.0 (compatible; MSIE 7.0; Windows NT 6.0; GTB6; SLCC1; .NET CLR 2.0.50727; Media Center PC 5.0; eSobiSubscriber 2.0.4.16; .NET CLR 3.5.30729; .NET CLR 3.0.30729; .NET4.0C)"
5.10.83.9 - - [15/Jul/2013:08:32:25 +0200] "GET / HTTP/1.1" 200 569 "-" "Mozilla/5.0 (compatible; AhrefsBot/5.0; +http://ahrefs.com/robot/)"
5.10.83.79 - - [15/Jul/2013:13:51:28 +0200] "GET / HTTP/1.1" 200 569 "-" "Mozilla/5.0 (compatible; AhrefsBot/5.0; +http://ahrefs.com/robot/)"
5.137.57.137 - - [15/Jul/2013:16:04:29 +0200] "GET /robots.txt HTTP/1.1" 404 1256 "-" "Mozilla/5.0 (compatible; 008/0.83; http://www.80legs.com/webcrawler.html;) Gecko/2008032620"
5.137.57.137 - - [15/Jul/2013:16:04:29 +0200] "GET / HTTP/1.1" 200 569 "-" "Mozilla/5.0 (compatible; 008/0.85; http://www.80legs.com/webcrawler.html) Gecko/2008032620"
130.83.167.153 - - [15/Jul/2013:21:36:12 +0200] "GET /robots.txt HTTP/1.1" 404 1256 "-" "findlinks/2.6 (+http://wortschatz.uni-leipzig.de/findlinks/)"
5.10.83.8 - - [16/Jul/2013:11:27:55 +0200] "GET / HTTP/1.1" 200 569 "-" "Mozilla/5.0 (compatible; AhrefsBot/5.0; +http://ahrefs.com/robot/)"
139.18.2.209 - - [16/Jul/2013:19:34:55 +0200] "GET / HTTP/1.1" 200 569 "-" "findlinks/2.6 (+http://wortschatz.uni-leipzig.de/findlinks/)"
123.151.39.43 - - [17/Jul/2013:00:13:41 +0200] "GET / HTTP/1.1" 200 569 "-" "Mozilla/5.0 (Windows NT 6.1; WOW64) AppleWebKit/537.36 (KHTML, like Gecko) Chrome/27.0.1453.116 Safari/537.36"
208.115.113.88 - - [17/Jul/2013:05:05:40 +0200] "GET /robots.txt HTTP/1.1" 404 1256 "-" "Mozilla/5.0 (compatible; Ezooms/1.0; ezooms.bot@gmail.com)"
193.252.149.15 - - [17/Jul/2013:06:03:55 +0200] "GET /robots.txt HTTP/1.1" 404 1256 "-" "Mozilla/5.0 (Windows; U; Windows NT 5.1; fr; rv:1.8.1) VoilaBot BETA 1.2 (support.voilabot@orange-ftgroup.com)"
193.252.149.15 - - [17/Jul/2013:06:04:09 +0200] "GET / HTTP/1.1" 200 569 "-" "Mozilla/5.0 (Windows; U; Windows NT 5.1; fr; rv:1.8.1) VoilaBot BETA 1.2 (support.voilabot@orange-ftgroup.com)"
208.115.113.88 - - [17/Jul/2013:07:09:45 +0200] "GET / HTTP/1.1" 200 569 "-" "Mozilla/5.0 (compatible; Ezooms/1.0; ezooms.bot@gmail.com)"
144.76.95.232 - - [17/Jul/2013:07:55:05 +0200] "GET /robots.txt HTTP/1.0" 404 1256 "-" "Mozilla/5.0 (compatible; MJ12bot/v1.4.3; http://www.majestic12.co.uk/bot.php?+)"
144.76.95.232 - - [17/Jul/2013:07:55:07 +0200] "GET /ferien/billigflug_nach_Muenchen.html HTTP/1.0" 404 1256 "-" "Mozilla/5.0 (compatible; MJ12bot/v1.4.3; http://www.majestic12.co.uk/bot.php?+)"
144.76.95.232 - - [17/Jul/2013:07:55:10 +0200] "GET /ferien/disneyland_paris_reise.htm HTTP/1.0" 404 1256 "-" "Mozilla/5.0 (compatible; MJ12bot/v1.4.3; http://www.majestic12.co.uk/bot.php?+)"
144.76.95.232 - - [17/Jul/2013:07:55:14 +0200] "GET /ferien/hotels_kleinwalsertal.html HTTP/1.0" 404 1256 "-" "Mozilla/5.0 (compatible; MJ12bot/v1.4.3; http://www.majestic12.co.uk/bot.php?+)"
144.76.95.232 - - [17/Jul/2013:07:55:17 +0200] "GET /ferien/lastminute_fuerteventura.html HTTP/1.0" 404 1256 "-" "Mozilla/5.0 (compatible; MJ12bot/v1.4.3; http://www.majestic12.co.uk/bot.php?+)"
139.18.2.247 - - [17/Jul/2013:10:10:35 +0200] "GET /robots.txt HTTP/1.0" 404 1256 "-" "Mozilla/5.0 (compatible; heritrix/3.1.1 +https://asv.informatik.uni-leipzig.de/)"
139.18.2.247 - - [17/Jul/2013:10:10:39 +0200] "GET / HTTP/1.0" 200 569 "-" "Mozilla/5.0 (compatible; heritrix/3.1.1 +https://asv.informatik.uni-leipzig.de/)"
141.8.147.12 - - [17/Jul/2013:14:26:05 +0200] "GET /robots.txt HTTP/1.1" 404 1256 "-" "Mozilla/5.0 (compatible; YandexBot/3.0; +http://yandex.com/bots)"
141.8.147.12 - - [17/Jul/2013:15:47:54 +0200] "GET / HTTP/1.1" 200 569 "-" "Mozilla/5.0 (compatible; YandexBot/3.0; +http://yandex.com/bots)"
208.115.113.84 - - [18/Jul/2013:04:13:47 +0200] "GET /robots.txt HTTP/1.1" 404 1256 "-" "Mozilla/5.0 (compatible; Ezooms/1.0; ezooms.bot@gmail.com)"
208.115.113.84 - - [18/Jul/2013:06:07:18 +0200] "GET / HTTP/1.1" 200 569 "-" "Mozilla/5.0 (compatible; Ezooms/1.0; ezooms.bot@gmail.com)"
141.8.147.12 - - [18/Jul/2013:18:53:17 +0200] "GET /robots.txt HTTP/1.1" 404 1256 "-" "Mozilla/5.0 (compatible; YandexBot/3.0; +http://yandex.com/bots)"
141.8.147.12 - - [18/Jul/2013:22:11:19 +0200] "GET / HTTP/1.1" 200 569 "-" "Mozilla/5.0 (compatible; YandexBot/3.0; +http://yandex.com/bots)"
141.8.147.12 - - [19/Jul/2013:15:26:08 +0200] "GET /robots.txt HTTP/1.1" 404 1256 "-" "Mozilla/5.0 (compatible; YandexBot/3.0; +http://yandex.com/bots)"
5.10.83.34 - - [19/Jul/2013:16:33:31 +0200] "GET / HTTP/1.1" 200 569 "-" "Mozilla/5.0 (compatible; AhrefsBot/5.0; +http://ahrefs.com/robot/)"
77.183.9.35 - - [19/Jul/2013:23:04:27 +0200] "GET / HTTP/1.1" 200 569 "-" "Mozilla/5.0 (iPhone; CPU iPhone OS 6_1_4 like Mac OS X) AppleWebKit/536.26 (KHTML, like Gecko) Version/6.0 Mobile/10B350 Safari/8536.25"
77.183.9.35 - - [19/Jul/2013:23:04:27 +0200] "GET /picture/img001.png HTTP/1.1" 200 643437 "http://www.die-fabians.de/" "Mozilla/5.0 (iPhone; CPU iPhone OS 6_1_4 like Mac OS X) AppleWebKit/536.26 (KHTML, like Gecko) Version/6.0 Mobile/10B350 Safari/8536.25"
141.8.147.12 - - [19/Jul/2013:23:49:15 +0200] "GET / HTTP/1.1" 200 569 "-" "Mozilla/5.0 (compatible; YandexBot/3.0; +http://yandex.com/bots)"
193.252.149.15 - - [21/Jul/2013:02:39:49 +0200] "GET / HTTP/1.1" 200 569 "-" "Mozilla/5.0 (Windows; U; Windows NT 5.1; fr; rv:1.8.1) VoilaBot BETA 1.2 (support.voilabot@orange-ftgroup.com)"
64.246.161.42 - - [21/Jul/2013:17:00:53 +0200] "GET /robots.txt HTTP/1.0" 404 1256 "-" "Mozilla/5.0 (Windows; U; Windows NT 5.1; en; rv:1.9.0.13) Gecko/2009073022 Firefox/3.5.2 (.NET CLR 3.5.30729) SurveyBot/2.3 (DomainTools)"
64.246.161.42 - - [21/Jul/2013:17:00:53 +0200] "GET / HTTP/1.1" 200 569 "http://whois.domaintools.com/die-fabians.de" "Mozilla/5.0 (Windows; U; Windows NT 5.1; en; rv:1.9.0.13) Gecko/2009073022 Firefox/3.5.2 (.NET CLR 3.5.30729) SurveyBot/2.3 (DomainTools)"
66.249.78.208 - - [21/Jul/2013:19:51:21 +0200] "GET /robots.txt HTTP/1.1" 404 1256 "-" "Mozilla/5.0 (compatible; Googlebot/2.1; +http://www.google.com/bot.html)"
66.249.78.208 - - [21/Jul/2013:19:51:22 +0200] "GET / HTTP/1.1" 200 569 "-" "Mozilla/5.0 (compatible; Googlebot/2.1; +http://www.google.com/bot.html)"
66.249.78.208 - - [22/Jul/2013:04:44:40 +0200] "GET /robots.txt HTTP/1.1" 404 1256 "-" "Mozilla/5.0 (compatible; Googlebot/2.1; +http://www.google.com/bot.html)"
5.10.83.90 - - [22/Jul/2013:08:04:42 +0200] "GET / HTTP/1.1" 200 569 "-" "Mozilla/5.0 (compatible; AhrefsBot/5.0; +http://ahrefs.com/robot/)"
141.8.147.12 - - [22/Jul/2013:23:04:34 +0200] "GET /robots.txt HTTP/1.1" 404 1256 "-" "Mozilla/5.0 (compatible; YandexBot/3.0; +http://yandex.com/bots)"
141.8.147.12 - - [22/Jul/2013:23:04:38 +0200] "GET / HTTP/1.1" 200 569 "-" "Mozilla/5.0 (compatible; YandexBot/3.0; +http://yandex.com/bots)"
173.199.118.35 - - [23/Jul/2013:11:10:23 +0200] "GET /robots.txt HTTP/1.1" 404 1256 "-" "Mozilla/5.0 (compatible; AhrefsBot/4.0; +http://ahrefs.com/robot/)"
85.114.142.245 - - [23/Jul/2013:19:44:27 +0200] "GET /robots.txt HTTP/1.1" 404 1256 "-" "findlinks/2.6 (+http://wortschatz.uni-leipzig.de/findlinks/)"
81.209.177.140 - - [24/Jul/2013:01:27:58 +0200] "GET /robots.txt HTTP/1.1" 404 1256 "-" "netEstate NE Crawler (+http://www.website-datenbank.de/)"
81.209.177.202 - - [24/Jul/2013:01:28:05 +0200] "GET / HTTP/1.1" 200 569 "-" "netEstate NE Crawler (+http://www.website-datenbank.de/)"
81.209.177.140 - - [24/Jul/2013:01:28:22 +0200] "GET / HTTP/1.1" 200 569 "-" "netEstate NE Crawler (+http://www.website-datenbank.de/)"
130.83.167.153 - - [24/Jul/2013:09:05:11 +0200] "GET / HTTP/1.1" 200 569 "-" "findlinks/2.6 (+http://wortschatz.uni-leipzig.de/findlinks/)"
5.10.83.51 - - [24/Jul/2013:10:17:34 +0200] "GET / HTTP/1.1" 200 569 "-" "Mozilla/5.0 (compatible; AhrefsBot/5.0; +http://ahrefs.com/robot/)"
141.8.147.12 - - [24/Jul/2013:18:54:01 +0200] "GET /robots.txt HTTP/1.1" 404 1256 "-" "Mozilla/5.0 (compatible; YandexBot/3.0; +http://yandex.com/bots)"
141.8.147.12 - - [25/Jul/2013:02:23:43 +0200] "GET / HTTP/1.1" 200 569 "-" "Mozilla/5.0 (compatible; YandexBot/3.0; +http://yandex.com/bots)"
5.10.83.33 - - [25/Jul/2013:12:21:16 +0200] "GET / HTTP/1.1" 200 569 "-" "Mozilla/5.0 (compatible; AhrefsBot/5.0; +http://ahrefs.com/robot/)"
193.252.149.15 - - [26/Jul/2013:01:29:15 +0200] "GET /robots.txt HTTP/1.1" 404 1256 "-" "Mozilla/5.0 (Windows; U; Windows NT 5.1; fr; rv:1.8.1) VoilaBot BETA 1.2 (support.voilabot@orange-ftgroup.com)"
193.252.149.15 - - [26/Jul/2013:01:29:37 +0200] "GET / HTTP/1.1" 200 569 "-" "Mozilla/5.0 (Windows; U; Windows NT 5.1; fr; rv:1.8.1) VoilaBot BETA 1.2 (support.voilabot@orange-ftgroup.com)"
141.8.147.12 - - [27/Jul/2013:00:25:31 +0200] "GET /robots.txt HTTP/1.1" 404 1256 "-" "Mozilla/5.0 (compatible; YandexBot/3.0; +http://yandex.com/bots)"
141.8.147.12 - - [27/Jul/2013:07:34:23 +0200] "GET / HTTP/1.1" 200 569 "-" "Mozilla/5.0 (compatible; YandexBot/3.0; +http://yandex.com/bots)"
84.38.65.176 - - [27/Jul/2013:08:59:17 +0200] "GET / HTTP/1.1" 200 569 "http://www.sumaja.de/" "T-Online Browser (Windows NT 6.1; de)"
83.133.125.202 - - [27/Jul/2013:08:59:18 +0200] "GET / HTTP/1.0" 200 569 "-" "-"
83.133.125.202 - - [27/Jul/2013:08:59:18 +0200] "GET / HTTP/1.0" 200 569 "-" "-"
199.30.20.44 - - [28/Jul/2013:11:50:34 +0200] "GET /robots.txt HTTP/1.1" 404 1256 "-" "msnbot-media/1.1 (+http://search.msn.com/msnbot.htm)"
199.30.20.44 - - [28/Jul/2013:11:50:34 +0200] "GET /picture/img001.png HTTP/1.1" 200 643437 "-" "msnbot-media/1.1 (+http://search.msn.com/msnbot.htm)"
85.114.142.245 - - [28/Jul/2013:12:29:43 +0200] "GET /robots.txt HTTP/1.1" 404 1256 "-" "findlinks/2.6 (+http://wortschatz.uni-leipzig.de/findlinks/)"
141.8.147.12 - - [29/Jul/2013:07:36:30 +0200] "GET /robots.txt HTTP/1.1" 404 1256 "-" "Mozilla/5.0 (compatible; YandexBot/3.0; +http://yandex.com/bots)"
193.252.149.15 - - [29/Jul/2013:10:02:19 +0200] "GET / HTTP/1.1" 200 569 "-" "Mozilla/5.0 (Windows; U; Windows NT 5.1; fr; rv:1.8.1) VoilaBot BETA 1.2 (support.voilabot@orange-ftgroup.com)"
130.83.167.153 - - [29/Jul/2013:13:19:57 +0200] "GET / HTTP/1.1" 200 569 "-" "findlinks/2.6 (+http://wortschatz.uni-leipzig.de/findlinks/)"
141.8.147.12 - - [29/Jul/2013:16:57:57 +0200] "GET / HTTP/1.1" 200 569 "-" "Mozilla/5.0 (compatible; YandexBot/3.0; +http://yandex.com/bots)"
83.133.125.202 - - [29/Jul/2013:17:53:15 +0200] "GET / HTTP/1.0" 200 569 "-" "-"
83.133.125.202 - - [29/Jul/2013:17:53:15 +0200] "GET / HTTP/1.0" 200 569 "-" "Mozilla/5.0 (Windows NT 6.1; WOW64; rv:19.0) Gecko/20100101 Firefox/19.0"
83.133.125.202 - - [29/Jul/2013:17:53:15 +0200] "GET / HTTP/1.0" 200 569 "-" "-"
157.55.33.21 - - [30/Jul/2013:01:28:30 +0200] "GET /robots.txt HTTP/1.1" 404 1256 "-" "Mozilla/5.0 (compatible; bingbot/2.0; +http://www.bing.com/bingbot.htm)"
157.55.33.21 - - [30/Jul/2013:01:29:17 +0200] "GET /urlaub_italien.html HTTP/1.1" 404 1256 "-" "Mozilla/5.0 (compatible; bingbot/2.0; +http://www.bing.com/bingbot.htm)"
5.10.83.99 - - [30/Jul/2013:11:59:42 +0200] "GET / HTTP/1.1" 200 569 "-" "Mozilla/5.0 (compatible; AhrefsBot/5.0; +http://ahrefs.com/robot/)"
141.8.147.12 - - [30/Jul/2013:19:41:33 +0200] "GET /robots.txt HTTP/1.1" 404 1256 "-" "Mozilla/5.0 (compatible; YandexBot/3.0; +http://yandex.com/bots)"
141.8.147.12 - - [30/Jul/2013:20:22:50 +0200] "GET / HTTP/1.1" 200 569 "-" "Mozilla/5.0 (compatible; YandexBot/3.0; +http://yandex.com/bots)"
141.8.147.12 - - [31/Jul/2013:14:05:12 +0200] "GET /robots.txt HTTP/1.1" 404 1256 "-" "Mozilla/5.0 (compatible; YandexBot/3.0; +http://yandex.com/bots)"
173.192.235.226 - - [31/Jul/2013:14:29:45 +0200] "GET /robots.txt HTTP/1.1" 404 1256 "-" "Mozilla/5.0 (compatible; SiteExplorer/1.0b; +http://siteexplorer.info/)"
173.192.235.226 - - [31/Jul/2013:14:29:49 +0200] "GET / HTTP/1.1" 200 569 "-" "Mozilla/5.0 (compatible; SiteExplorer/1.0b; +http://siteexplorer.info/)"
65.55.215.58 - - [31/Jul/2013:19:07:38 +0200] "GET /robots.txt HTTP/1.1" 404 1256 "-" "msnbot-media/1.1 (+http://search.msn.com/msnbot.htm)"
65.55.215.58 - - [31/Jul/2013:19:07:38 +0200] "GET /picture/img001.png HTTP/1.1" 200 643437 "-" "msnbot-media/1.1 (+http://search.msn.com/msnbot.htm)"
141.8.147.12 - - [31/Jul/2013:21:13:33 +0200] "GET / HTTP/1.1" 200 569 "-" "Mozilla/5.0 (compatible; YandexBot/3.0; +http://yandex.com/bots)"