217.82.201.115 - - [01/Jun/2015:06:34:21 +0200] "GET / HTTP/1.1" 200 3792 "-" "Mozilla/5.0 (Windows NT 6.3; WOW64; rv:38.0) Gecko/20100101 Firefox/38.0"
123.125.71.45 - - [01/Jun/2015:12:06:22 +0200] "GET / HTTP/1.1" 200 3792 "-" "Mozilla/5.0 (compatible; Baiduspider/2.0; +http://www.baidu.com/search/spider.html)"
66.249.78.90 - - [01/Jun/2015:13:49:18 +0200] "GET /robots.txt HTTP/1.1" 404 1256 "-" "Mozilla/5.0 (compatible; Googlebot/2.1; +http://www.google.com/bot.html)"
66.249.78.97 - - [01/Jun/2015:13:49:18 +0200] "GET / HTTP/1.1" 200 3792 "-" "Mozilla/5.0 (iPhone; CPU iPhone OS 6_0 like Mac OS X) AppleWebKit/536.26 (KHTML, like Gecko) Version/6.0 Mobile/10A5376e Safari/8536.25 (compatible; Googlebot/2.1; +http://www.google.com/bot.html)"
8.28.16.254 - - [01/Jun/2015:13:58:19 +0200] "GET / HTTP/1.1" 200 3792 "-" "Mozilla/4.0 (compatible; MSIE 7.0; Windows NT 5.1; InfoPath.1; .NET CLR 2.0.50727; .NET CLR 1.1.4322; MS-RTC LM 8; .NET CLR 3.0.4506.2152; .NET CLR 3.5.30729)"
62.153.63.102 - - [01/Jun/2015:13:58:19 +0200] "GET / HTTP/1.1" 200 3792 "-" "Mozilla/5.0 (Windows NT 6.1; WOW64; Trident/7.0; rv:11.0) like Gecko"
62.153.63.102 - - [01/Jun/2015:13:58:20 +0200] "GET /ico/favicon.ico HTTP/1.1" 404 1256 "http://www.beos-polymer.de/" "Mozilla/5.0 (Windows NT 6.1; WOW64; Trident/7.0; rv:11.0) like Gecko"
62.153.63.102 - - [01/Jun/2015:13:58:20 +0200] "GET /zertifikatthumb.jpg HTTP/1.1" 200 18478 "http://www.beos-polymer.de/" "Mozilla/5.0 (Windows NT 6.1; WOW64; Trident/7.0; rv:11.0) like Gecko"
62.153.63.102 - - [01/Jun/2015:13:58:20 +0200] "GET /js/bootstrap.min.js HTTP/1.1" 200 25764 "http://www.beos-polymer.de/" "Mozilla/5.0 (Windows NT 6.1; WOW64; Trident/7.0; rv:11.0) like Gecko"
62.153.63.102 - - [01/Jun/2015:13:58:20 +0200] "GET /img/beos.jpg HTTP/1.1" 200 46831 "http://www.beos-polymer.de/" "Mozilla/5.0 (Windows NT 6.1; WOW64; Trident/7.0; rv:11.0) like Gecko"
62.153.63.102 - - [01/Jun/2015:13:58:20 +0200] "GET /css/bootstrap-responsive.min.css HTTP/1.1" 304 - "http://www.beos-polymer.de/" "Mozilla/5.0 (Windows NT 6.1; WOW64; Trident/7.0; rv:11.0) like Gecko"
62.153.63.102 - - [01/Jun/2015:13:58:20 +0200] "GET /css/bootstrap.min.css HTTP/1.1" 304 - "http://www.beos-polymer.de/" "Mozilla/5.0 (Windows NT 6.1; WOW64; Trident/7.0; rv:11.0) like Gecko"
62.153.63.102 - - [01/Jun/2015:13:58:22 +0200] "GET /ico/favicon.ico HTTP/1.1" 404 1256 "-" "Mozilla/5.0 (Windows NT 6.1; WOW64; Trident/7.0; rv:11.0) like Gecko"
62.153.63.102 - - [01/Jun/2015:13:58:22 +0200] "GET /favicon.ico HTTP/1.1" 404 1256 "-" "Mozilla/5.0 (Windows NT 6.1; WOW64; Trident/7.0; rv:11.0) like Gecko"
8.28.16.254 - - [01/Jun/2015:13:58:31 +0200] "GET /zertifikat.pdf HTTP/1.1" 200 1216131 "-" "Mozilla/4.0 (compatible; MSIE 7.0; Windows NT 5.1; InfoPath.1; .NET CLR 2.0.50727; .NET CLR 1.1.4322; MS-RTC LM 8; .NET CLR 3.0.4506.2152; .NET CLR 3.5.30729)"
62.153.63.102 - - [01/Jun/2015:13:58:32 +0200] "GET /zertifikat.pdf HTTP/1.1" 200 1216131 "http://www.beos-polymer.de/" "Mozilla/5.0 (Windows NT 6.1; WOW64; Trident/7.0; rv:11.0) like Gecko"
66.249.78.97 - - [02/Jun/2015:13:20:28 +0200] "GET /robots.txt HTTP/1.1" 404 1256 "-" "Mozilla/5.0 (compatible; Googlebot/2.1; +http://www.google.com/bot.html)"
66.249.78.90 - - [02/Jun/2015:13:20:28 +0200] "GET / HTTP/1.1" 200 3792 "-" "Mozilla/5.0 (iPhone; CPU iPhone OS 6_0 like Mac OS X) AppleWebKit/536.26 (KHTML, like Gecko) Version/6.0 Mobile/10A5376e Safari/8536.25 (compatible; Googlebot/2.1; +http://www.google.com/bot.html)"
66.249.78.97 - - [02/Jun/2015:13:28:40 +0200] "GET /css/bootstrap-responsive.min.css HTTP/1.1" 200 16520 "-" "Mozilla/5.0 (compatible; Googlebot/2.1; +http://www.google.com/bot.html)"
66.249.78.83 - - [02/Jun/2015:13:28:41 +0200] "GET /css/bootstrap.min.css HTTP/1.1" 200 101265 "-" "Mozilla/5.0 (compatible; Googlebot/2.1; +http://www.google.com/bot.html)"
207.46.13.67 - - [02/Jun/2015:14:13:03 +0200] "GET /robots.txt HTTP/1.1" 404 1256 "-" "Mozilla/5.0 (compatible; bingbot/2.0; +http://www.bing.com/bingbot.htm)"
208.115.113.87 - - [02/Jun/2015:23:28:37 +0200] "GET /robots.txt HTTP/1.1" 404 1256 "-" "Mozilla/5.0 (compatible; DotBot/1.1; http://www.opensiteexplorer.org/dotbot, help@moz.com)"
208.115.113.87 - - [03/Jun/2015:00:31:59 +0200] "GET /impressum.html HTTP/1.1" 200 2574 "-" "Mozilla/5.0 (compatible; DotBot/1.1; http://www.opensiteexplorer.org/dotbot, help@moz.com)"
199.58.86.206 - - [03/Jun/2015:02:53:52 +0200] "GET /robots.txt HTTP/1.0" 404 1256 "-" "Mozilla/5.0 (compatible; MJ12bot/v1.4.5; http://www.majestic12.co.uk/bot.php?+)"
199.58.86.206 - - [03/Jun/2015:02:53:55 +0200] "GET / HTTP/1.0" 200 3792 "-" "Mozilla/5.0 (compatible; MJ12bot/v1.4.5; http://www.majestic12.co.uk/bot.php?+)"
66.249.79.221 - - [03/Jun/2015:08:46:08 +0200] "GET /robots.txt HTTP/1.1" 404 1256 "-" "Mozilla/5.0 (compatible; Googlebot/2.1; +http://www.google.com/bot.html)"
66.249.79.221 - - [03/Jun/2015:08:46:08 +0200] "GET / HTTP/1.1" 200 3792 "-" "Mozilla/5.0 (compatible; Googlebot/2.1; +http://www.google.com/bot.html)"
207.46.13.67 - - [03/Jun/2015:09:02:15 +0200] "GET /index.html HTTP/1.1" 200 3792 "-" "Mozilla/5.0 (compatible; bingbot/2.0; +http://www.bing.com/bingbot.htm)"
207.46.13.71 - - [03/Jun/2015:09:02:29 +0200] "GET /css/bootstrap-responsive.min.css HTTP/1.1" 200 16520 "-" "Mozilla/5.0 (compatible; bingbot/2.0; +http://www.bing.com/bingbot.htm)"
207.46.13.71 - - [03/Jun/2015:09:02:29 +0200] "GET /js/bootstrap.min.js HTTP/1.1" 200 25764 "-" "Mozilla/5.0 (compatible; bingbot/2.0; +http://www.bing.com/bingbot.htm)"
207.46.13.22 - - [03/Jun/2015:09:02:33 +0200] "GET /css/bootstrap.min.css HTTP/1.1" 200 101265 "-" "Mozilla/5.0 (compatible; bingbot/2.0; +http://www.bing.com/bingbot.htm)"
68.180.228.188 - - [04/Jun/2015:00:28:22 +0200] "GET /robots.txt HTTP/1.1" 404 1256 "-" "Mozilla/5.0 (compatible; Yahoo! Slurp; http://help.yahoo.com/help/us/ysearch/slurp)"
68.180.228.188 - - [04/Jun/2015:00:28:22 +0200] "GET /impressum.html HTTP/1.1" 304 - "-" "Mozilla/5.0 (compatible; Yahoo! Slurp; http://help.yahoo.com/help/us/ysearch/slurp)"
207.46.13.71 - - [04/Jun/2015:03:13:38 +0200] "GET / HTTP/1.1" 200 3792 "-" "Mozilla/5.0 (compatible; bingbot/2.0; +http://www.bing.com/bingbot.htm)"
199.30.24.108 - - [04/Jun/2015:03:13:40 +0200] "GET /img/beos.jpg HTTP/1.1" 200 46831 "http://www.beos-polymer.de/" "Mozilla/5.0 (Windows NT 6.1; WOW64) AppleWebKit/534+ (KHTML, like Gecko) BingPreview/1.0b"
199.30.24.108 - - [04/Jun/2015:03:13:40 +0200] "GET /zertifikatthumb.jpg HTTP/1.1" 200 18478 "http://www.beos-polymer.de/" "Mozilla/5.0 (Windows NT 6.1; WOW64) AppleWebKit/534+ (KHTML, like Gecko) BingPreview/1.0b"
157.55.39.92 - - [04/Jun/2015:03:13:42 +0200] "GET /robots.txt HTTP/1.1" 404 1256 "-" "Mozilla/5.0 (compatible; bingbot/2.0; +http://www.bing.com/bingbot.htm)"
66.249.65.121 - - [04/Jun/2015:06:59:19 +0200] "GET /robots.txt HTTP/1.1" 404 1256 "-" "Mozilla/5.0 (compatible; Googlebot/2.1; +http://www.google.com/bot.html)"
66.249.65.118 - - [04/Jun/2015:06:59:19 +0200] "GET / HTTP/1.1" 200 3792 "-" "Mozilla/5.0 (compatible; Googlebot/2.1; +http://www.google.com/bot.html)"
148.251.124.42 - - [04/Jun/2015:10:38:41 +0200] "GET /impressum.html HTTP/1.1" 200 2574 "-" "Mozilla/5.0 (Windows NT 6.1; rv:12.0) Gecko/ 20120405 Firefox/14.0.1"
148.251.124.42 - - [04/Jun/2015:10:38:42 +0200] "GET / HTTP/1.1" 200 3792 "-" "Mozilla/5.0 (X11; U; Linux i686; en-US; rv:1.9.1.16) Gecko/20120421 Gecko Firefox/11.0"
66.249.65.118 - - [04/Jun/2015:12:42:11 +0200] "GET / HTTP/1.1" 200 3792 "-" "Mozilla/5.0 (compatible; Googlebot/2.1; +http://www.google.com/bot.html)"
66.249.69.107 - - [04/Jun/2015:16:19:53 +0200] "GET /robots.txt HTTP/1.1" 404 1256 "-" "Mozilla/5.0 (compatible; Googlebot/2.1; +http://www.google.com/bot.html)"
66.249.69.91 - - [04/Jun/2015:16:19:53 +0200] "GET / HTTP/1.1" 200 3792 "-" "Mozilla/5.0 (compatible; Googlebot/2.1; +http://www.google.com/bot.html)"
66.249.69.91 - - [04/Jun/2015:20:54:24 +0200] "GET / HTTP/1.1" 200 3792 "-" "Mozilla/5.0 (compatible; Googlebot/2.1; +http://www.google.com/bot.html)"
66.249.69.107 - - [04/Jun/2015:22:42:00 +0200] "GET / HTTP/1.1" 200 3792 "-" "Mozilla/5.0 (iPhone; CPU iPhone OS 6_0 like Mac OS X) AppleWebKit/536.26 (KHTML, like Gecko) Version/6.0 Mobile/10A5376e Safari/8536.25 (compatible; Googlebot/2.1; +http://www.google.com/bot.html)"
162.210.196.97 - - [05/Jun/2015:03:18:48 +0200] "GET /robots.txt HTTP/1.0" 404 1256 "-" "Mozilla/5.0 (compatible; MJ12bot/v1.4.5; http://www.majestic12.co.uk/bot.php?+)"
162.210.196.97 - - [05/Jun/2015:03:18:49 +0200] "GET / HTTP/1.0" 200 3792 "-" "Mozilla/5.0 (compatible; MJ12bot/v1.4.5; http://www.majestic12.co.uk/bot.php?+)"
66.249.69.107 - - [05/Jun/2015:03:42:44 +0200] "GET / HTTP/1.1" 200 3792 "-" "Mozilla/5.0 (compatible; Googlebot/2.1; +http://www.google.com/bot.html)"
66.249.69.107 - - [05/Jun/2015:10:57:37 +0200] "GET /robots.txt HTTP/1.1" 404 1256 "-" "Mozilla/5.0 (compatible; Googlebot/2.1; +http://www.google.com/bot.html)"
66.249.69.107 - - [05/Jun/2015:10:57:37 +0200] "GET / HTTP/1.1" 200 3792 "-" "Mozilla/5.0 (compatible; Googlebot/2.1; +http://www.google.com/bot.html)"
66.249.78.83 - - [05/Jun/2015:14:44:10 +0200] "GET /robots.txt HTTP/1.1" 404 1256 "-" "Mozilla/5.0 (compatible; Googlebot/2.1; +http://www.google.com/bot.html)"
66.249.78.97 - - [05/Jun/2015:14:44:10 +0200] "GET / HTTP/1.1" 200 3792 "-" "Mozilla/5.0 (compatible; Googlebot/2.1; +http://www.google.com/bot.html)"
66.249.78.83 - - [05/Jun/2015:14:44:35 +0200] "GET /css/bootstrap-responsive.min.css HTTP/1.1" 200 16520 "-" "Mozilla/5.0 (compatible; Googlebot/2.1; +http://www.google.com/bot.html)"
66.249.78.97 - - [05/Jun/2015:14:44:35 +0200] "GET /css/bootstrap.min.css HTTP/1.1" 200 101265 "-" "Mozilla/5.0 (compatible; Googlebot/2.1; +http://www.google.com/bot.html)"
31.186.227.45 - - [05/Jun/2015:14:56:29 +0200] "GET / HTTP/1.1" 200 3792 "-" "Mozilla/5.0 (Windows NT 6.1; Trident/7.0; rv:11.0) like Gecko"
31.186.227.45 - - [05/Jun/2015:14:56:29 +0200] "GET /css/bootstrap-responsive.min.css HTTP/1.1" 200 16520 "http://www.beos-polymer.de/" "Mozilla/5.0 (Windows NT 6.1; Trident/7.0; rv:11.0) like Gecko"
31.186.227.45 - - [05/Jun/2015:14:56:29 +0200] "GET /js/bootstrap.min.js HTTP/1.1" 200 25764 "http://www.beos-polymer.de/" "Mozilla/5.0 (Windows NT 6.1; Trident/7.0; rv:11.0) like Gecko"
31.186.227.45 - - [05/Jun/2015:14:56:29 +0200] "GET /zertifikatthumb.jpg HTTP/1.1" 200 18478 "http://www.beos-polymer.de/" "Mozilla/5.0 (Windows NT 6.1; Trident/7.0; rv:11.0) like Gecko"
31.186.227.45 - - [05/Jun/2015:14:56:29 +0200] "GET /css/bootstrap.min.css HTTP/1.1" 200 101265 "http://www.beos-polymer.de/" "Mozilla/5.0 (Windows NT 6.1; Trident/7.0; rv:11.0) like Gecko"
31.186.227.45 - - [05/Jun/2015:14:56:29 +0200] "GET /img/beos.jpg HTTP/1.1" 200 46831 "http://www.beos-polymer.de/" "Mozilla/5.0 (Windows NT 6.1; Trident/7.0; rv:11.0) like Gecko"
66.249.78.97 - - [05/Jun/2015:18:37:18 +0200] "GET / HTTP/1.1" 200 3792 "-" "Mozilla/5.0 (compatible; Googlebot/2.1; +http://www.google.com/bot.html)"
208.115.111.71 - - [05/Jun/2015:20:05:06 +0200] "GET /robots.txt HTTP/1.1" 404 1256 "-" "Mozilla/5.0 (compatible; DotBot/1.1; http://www.opensiteexplorer.org/dotbot, help@moz.com)"
208.115.111.71 - - [05/Jun/2015:21:25:18 +0200] "GET /index.html HTTP/1.1" 200 3792 "-" "Mozilla/5.0 (compatible; DotBot/1.1; http://www.opensiteexplorer.org/dotbot, help@moz.com)"
208.115.113.87 - - [06/Jun/2015:03:21:41 +0200] "GET /robots.txt HTTP/1.1" 404 1256 "-" "Mozilla/5.0 (compatible; DotBot/1.1; http://www.opensiteexplorer.org/dotbot, help@moz.com)"
157.55.39.137 - - [06/Jun/2015:04:42:55 +0200] "GET /robots.txt HTTP/1.1" 404 1256 "-" "Mozilla/5.0 (compatible; bingbot/2.0; +http://www.bing.com/bingbot.htm)"
157.55.39.137 - - [06/Jun/2015:04:42:57 +0200] "GET /zertifikat.pdf HTTP/1.1" 200 1216131 "-" "Mozilla/5.0 (compatible; bingbot/2.0; +http://www.bing.com/bingbot.htm)"
208.115.113.87 - - [06/Jun/2015:04:44:43 +0200] "GET / HTTP/1.1" 200 3792 "-" "Mozilla/5.0 (compatible; DotBot/1.1; http://www.opensiteexplorer.org/dotbot, help@moz.com)"
81.169.250.152 - - [06/Jun/2015:09:21:44 +0200] "GET / HTTP/1.1" 200 3792 "-" "Mozilla/5.0 (compatible; WeViKaBot/1.0; +http://www.wevika.de/)"
66.249.78.90 - - [06/Jun/2015:11:34:06 +0200] "GET /robots.txt HTTP/1.1" 404 1256 "-" "Mozilla/5.0 (compatible; Googlebot/2.1; +http://www.google.com/bot.html)"
66.249.78.97 - - [06/Jun/2015:11:34:06 +0200] "GET / HTTP/1.1" 200 3792 "-" "Mozilla/5.0 (iPhone; CPU iPhone OS 6_0 like Mac OS X) AppleWebKit/536.26 (KHTML, like Gecko) Version/6.0 Mobile/10A5376e Safari/8536.25 (compatible; Googlebot/2.1; +http://www.google.com/bot.html)"
104.236.227.41 - - [06/Jun/2015:19:10:36 +0200] "HEAD / HTTP/1.1" 200 - "http://www.netcraft.com/survey/" "Mozilla/4.0 (compatible; Netcraft Web Server Survey)"
104.236.8.219 - - [06/Jun/2015:22:40:14 +0200] "HEAD / HTTP/1.1" 200 - "http://www.netcraft.com/survey/" "Mozilla/4.0 (compatible; Netcraft Web Server Survey)"
52.16.202.255 - - [07/Jun/2015:00:47:29 +0200] "HEAD / HTTP/1.0" 200 - "-" "Mozilla/5.0 (Windows; U; Windows NT 5.1; pl; rv:1.9.1.3) Gecko/20090824 Firefox/3.5.3"
46.105.98.166 - - [07/Jun/2015:01:16:18 +0200] "GET /robots.txt HTTP/1.0" 404 1256 "-" ""
46.105.98.166 - - [07/Jun/2015:01:16:18 +0200] "GET / HTTP/1.1" 206 3792 "-" "Mozilla/5.0 (X11; U; Linux i586; de; rv:5.0) Gecko/20100101 Firefox/5.0"
46.105.98.166 - - [07/Jun/2015:01:16:20 +0200] "GET /impressum.html HTTP/1.1" 206 2574 "-" "Mozilla/5.0 (X11; U; Linux i586; de; rv:5.0) Gecko/20100101 Firefox/5.0"
46.105.98.166 - - [07/Jun/2015:01:16:22 +0200] "GET /index.html HTTP/1.1" 206 3792 "-" "Mozilla/5.0 (X11; U; Linux i586; de; rv:5.0) Gecko/20100101 Firefox/5.0"
207.46.13.71 - - [07/Jun/2015:04:46:48 +0200] "GET /impressum.html HTTP/1.1" 200 2574 "-" "Mozilla/5.0 (compatible; bingbot/2.0; +http://www.bing.com/bingbot.htm)"
199.58.86.206 - - [07/Jun/2015:05:35:48 +0200] "GET /robots.txt HTTP/1.0" 404 1256 "-" "Mozilla/5.0 (compatible; MJ12bot/v1.4.5; http://www.majestic12.co.uk/bot.php?+)"
199.58.86.206 - - [07/Jun/2015:05:35:50 +0200] "GET / HTTP/1.0" 200 3792 "-" "Mozilla/5.0 (compatible; MJ12bot/v1.4.5; http://www.majestic12.co.uk/bot.php?+)"
84.160.102.28 - - [08/Jun/2015:09:49:56 +0200] "GET / HTTP/1.1" 200 3792 "http://www.google.de/url?sa=t&rct=j&q=&esrc=s&source=web&cd=2&ved=0CCwQFjAB&url=http%3A%2F%2Fwww.beos-polymer.de%2F&ei=rkh1VYDCG8LiywOb6oKgCQ&usg=AFQjCNHkP8INSL1dW-97m1F_ljbLQHJSGA&bvm=bv.95039771,d.bGQ" "Mozilla/5.0 (Windows NT 6.1; WOW64; rv:38.0) Gecko/20100101 Firefox/38.0"
84.160.102.28 - - [08/Jun/2015:09:49:57 +0200] "GET /css/bootstrap-responsive.min.css HTTP/1.1" 200 16520 "http://www.beos-polymer.de/" "Mozilla/5.0 (Windows NT 6.1; WOW64; rv:38.0) Gecko/20100101 Firefox/38.0"
84.160.102.28 - - [08/Jun/2015:09:49:57 +0200] "GET /js/bootstrap.min.js HTTP/1.1" 200 25764 "http://www.beos-polymer.de/" "Mozilla/5.0 (Windows NT 6.1; WOW64; rv:38.0) Gecko/20100101 Firefox/38.0"
84.160.102.28 - - [08/Jun/2015:09:49:57 +0200] "GET /ico/favicon.ico HTTP/1.1" 404 1256 "-" "Mozilla/5.0 (Windows NT 6.1; WOW64; rv:38.0) Gecko/20100101 Firefox/38.0"
84.160.102.28 - - [08/Jun/2015:09:49:57 +0200] "GET /ico/favicon.ico HTTP/1.1" 404 1256 "-" "Mozilla/5.0 (Windows NT 6.1; WOW64; rv:38.0) Gecko/20100101 Firefox/38.0"
84.160.102.28 - - [08/Jun/2015:09:49:57 +0200] "GET /css/bootstrap.min.css HTTP/1.1" 200 101265 "http://www.beos-polymer.de/" "Mozilla/5.0 (Windows NT 6.1; WOW64; rv:38.0) Gecko/20100101 Firefox/38.0"
84.160.102.28 - - [08/Jun/2015:09:49:57 +0200] "GET /zertifikatthumb.jpg HTTP/1.1" 200 18478 "http://www.beos-polymer.de/" "Mozilla/5.0 (Windows NT 6.1; WOW64; rv:38.0) Gecko/20100101 Firefox/38.0"
84.160.102.28 - - [08/Jun/2015:09:49:57 +0200] "GET /img/beos.jpg HTTP/1.1" 200 46831 "http://www.beos-polymer.de/" "Mozilla/5.0 (Windows NT 6.1; WOW64; rv:38.0) Gecko/20100101 Firefox/38.0"
80.153.21.52 - - [08/Jun/2015:14:11:06 +0200] "GET /index.html HTTP/1.1" 200 3792 "http://www.bing.com/search?q=beos+polymer&src=IE-TopResult&FORM=IETR02&conversationid=" "Mozilla/5.0 (Windows NT 6.1; WOW64; Trident/7.0; rv:11.0) like Gecko"
80.153.21.52 - - [08/Jun/2015:14:11:06 +0200] "GET /css/bootstrap-responsive.min.css HTTP/1.1" 200 16520 "http://www.beos-polymer.de/index.html" "Mozilla/5.0 (Windows NT 6.1; WOW64; Trident/7.0; rv:11.0) like Gecko"
80.153.21.52 - - [08/Jun/2015:14:11:06 +0200] "GET /js/bootstrap.min.js HTTP/1.1" 200 25764 "http://www.beos-polymer.de/index.html" "Mozilla/5.0 (Windows NT 6.1; WOW64; Trident/7.0; rv:11.0) like Gecko"
80.153.21.52 - - [08/Jun/2015:14:11:06 +0200] "GET /zertifikatthumb.jpg HTTP/1.1" 200 18478 "http://www.beos-polymer.de/index.html" "Mozilla/5.0 (Windows NT 6.1; WOW64; Trident/7.0; rv:11.0) like Gecko"
80.153.21.52 - - [08/Jun/2015:14:11:06 +0200] "GET /img/beos.jpg HTTP/1.1" 200 46831 "http://www.beos-polymer.de/index.html" "Mozilla/5.0 (Windows NT 6.1; WOW64; Trident/7.0; rv:11.0) like Gecko"
80.153.21.52 - - [08/Jun/2015:14:11:06 +0200] "GET /css/bootstrap.min.css HTTP/1.1" 200 101265 "http://www.beos-polymer.de/index.html" "Mozilla/5.0 (Windows NT 6.1; WOW64; Trident/7.0; rv:11.0) like Gecko"
80.153.21.52 - - [08/Jun/2015:14:11:07 +0200] "GET /ico/favicon.ico HTTP/1.1" 404 1256 "-" "Mozilla/5.0 (Windows NT 6.1; WOW64; Trident/7.0; rv:11.0) like Gecko"
80.153.21.52 - - [08/Jun/2015:14:11:07 +0200] "GET /img/glyphicons-halflings.png HTTP/1.1" 200 12799 "http://www.beos-polymer.de/index.html" "Mozilla/5.0 (Windows NT 6.1; WOW64; Trident/7.0; rv:11.0) like Gecko"
80.153.21.52 - - [08/Jun/2015:14:11:07 +0200] "GET /favicon.ico HTTP/1.1" 404 1256 "-" "Mozilla/5.0 (Windows NT 6.1; WOW64; Trident/7.0; rv:11.0) like Gecko"
80.154.139.162 - - [08/Jun/2015:15:59:43 +0200] "GET / HTTP/1.1" 200 3792 "http://www.google.de/url?sa=t&rct=j&q=&esrc=s&source=web&cd=1&ved=0CCEQFjAA&url=http%3A%2F%2Fwww.beos-polymer.de%2F&ei=Up91VePSD-f5ywOMiYLYCA&usg=AFQjCNHkP8INSL1dW-97m1F_ljbLQHJSGA&bvm=bv.95039771,d.bGQ" "Mozilla/5.0 (Windows NT 6.1; WOW64; Trident/7.0; rv:11.0) like Gecko"
80.154.139.162 - - [08/Jun/2015:15:59:43 +0200] "GET /css/bootstrap-responsive.min.css HTTP/1.1" 200 16520 "http://www.beos-polymer.de/" "Mozilla/5.0 (Windows NT 6.1; WOW64; Trident/7.0; rv:11.0) like Gecko"
80.154.139.162 - - [08/Jun/2015:15:59:43 +0200] "GET /zertifikatthumb.jpg HTTP/1.1" 200 18478 "http://www.beos-polymer.de/" "Mozilla/5.0 (Windows NT 6.1; WOW64; Trident/7.0; rv:11.0) like Gecko"
80.154.139.162 - - [08/Jun/2015:15:59:43 +0200] "GET /js/bootstrap.min.js HTTP/1.1" 200 25764 "http://www.beos-polymer.de/" "Mozilla/5.0 (Windows NT 6.1; WOW64; Trident/7.0; rv:11.0) like Gecko"
80.154.139.162 - - [08/Jun/2015:15:59:43 +0200] "GET /img/beos.jpg HTTP/1.1" 200 46831 "http://www.beos-polymer.de/" "Mozilla/5.0 (Windows NT 6.1; WOW64; Trident/7.0; rv:11.0) like Gecko"
80.154.139.162 - - [08/Jun/2015:15:59:43 +0200] "GET /css/bootstrap.min.css HTTP/1.1" 200 101265 "http://www.beos-polymer.de/" "Mozilla/5.0 (Windows NT 6.1; WOW64; Trident/7.0; rv:11.0) like Gecko"
80.154.139.162 - - [08/Jun/2015:15:59:45 +0200] "GET /ico/favicon.ico HTTP/1.1" 404 1256 "-" "Mozilla/5.0 (Windows NT 6.1; WOW64; Trident/7.0; rv:11.0) like Gecko"
80.154.139.162 - - [08/Jun/2015:15:59:45 +0200] "GET /favicon.ico HTTP/1.1" 404 1256 "-" "Mozilla/5.0 (Windows NT 6.1; WOW64; Trident/7.0; rv:11.0) like Gecko"
80.154.139.162 - - [08/Jun/2015:16:00:29 +0200] "GET /zertifikat.pdf HTTP/1.1" 200 1216131 "http://www.beos-polymer.de/" "Mozilla/5.0 (Windows NT 6.1; WOW64; Trident/7.0; rv:11.0) like Gecko"
80.154.139.162 - - [08/Jun/2015:16:00:29 +0200] "GET /zertifikat.pdf HTTP/1.1" 200 1216131 "http://www.beos-polymer.de/" "Mozilla/5.0 (Windows NT 6.1; WOW64; Trident/7.0; rv:11.0) like Gecko"
80.154.139.162 - - [08/Jun/2015:16:07:11 +0200] "GET /img/glyphicons-halflings.png HTTP/1.1" 200 12799 "http://www.beos-polymer.de/" "Mozilla/5.0 (Windows NT 6.1; WOW64; Trident/7.0; rv:11.0) like Gecko"
80.154.139.162 - - [08/Jun/2015:16:07:11 +0200] "GET /ico/favicon.ico HTTP/1.1" 404 1256 "-" "Mozilla/5.0 (Windows NT 6.1; WOW64; Trident/7.0; rv:11.0) like Gecko"
80.154.139.162 - - [08/Jun/2015:16:07:11 +0200] "GET /favicon.ico HTTP/1.1" 404 1256 "-" "Mozilla/5.0 (Windows NT 6.1; WOW64; Trident/7.0; rv:11.0) like Gecko"
104.236.253.193 - - [09/Jun/2015:03:10:42 +0200] "GET / HTTP/1.0" 200 3792 "-" "Mozilla/5.0 (compatible; NetcraftSurveyAgent/1.0; +info@netcraft.com)"
66.249.78.90 - - [09/Jun/2015:06:33:35 +0200] "GET /robots.txt HTTP/1.1" 404 1256 "-" "Mozilla/5.0 (compatible; Googlebot/2.1; +http://www.google.com/bot.html)"
66.249.78.90 - - [09/Jun/2015:06:33:36 +0200] "GET / HTTP/1.1" 200 3792 "-" "Mozilla/5.0 (iPhone; CPU iPhone OS 6_0 like Mac OS X) AppleWebKit/536.26 (KHTML, like Gecko) Version/6.0 Mobile/10A5376e Safari/8536.25 (compatible; Googlebot/2.1; +http://www.google.com/bot.html)"
199.58.86.206 - - [09/Jun/2015:08:49:25 +0200] "GET /robots.txt HTTP/1.0" 404 1256 "-" "Mozilla/5.0 (compatible; MJ12bot/v1.4.5; http://www.majestic12.co.uk/bot.php?+)"
199.58.86.206 - - [09/Jun/2015:08:49:26 +0200] "GET / HTTP/1.0" 200 3792 "-" "Mozilla/5.0 (compatible; MJ12bot/v1.4.5; http://www.majestic12.co.uk/bot.php?+)"
62.153.98.51 - - [09/Jun/2015:08:54:02 +0200] "GET / HTTP/1.1" 200 3792 "http://www.google.de/url?url=http://www.beos-polymer.de/&rct=j&frm=1&q=&esrc=s&sa=U&ei=hY12VYmIB6XD7gbu-4CIBA&ved=0CBQQFjAA&usg=AFQjCNE6v3ek4nmyA3ORNAsuqLvGEo2rPQ" "Mozilla/4.0 (compatible; MSIE 8.0; Windows NT 6.1; Trident/4.0; SLCC2; .NET CLR 2.0.50727; .NET CLR 3.5.30729; .NET CLR 3.0.30729; Media Center PC 6.0; InfoPath.3)"
62.153.98.51 - - [09/Jun/2015:08:54:02 +0200] "GET /css/bootstrap.min.css HTTP/1.1" 200 101265 "http://www.beos-polymer.de/" "Mozilla/4.0 (compatible; MSIE 8.0; Windows NT 6.1; Trident/4.0; SLCC2; .NET CLR 2.0.50727; .NET CLR 3.5.30729; .NET CLR 3.0.30729; Media Center PC 6.0; InfoPath.3)"
62.153.98.51 - - [09/Jun/2015:08:54:03 +0200] "GET /css/bootstrap-responsive.min.css HTTP/1.1" 200 16520 "http://www.beos-polymer.de/" "Mozilla/4.0 (compatible; MSIE 8.0; Windows NT 6.1; Trident/4.0; SLCC2; .NET CLR 2.0.50727; .NET CLR 3.5.30729; .NET CLR 3.0.30729; Media Center PC 6.0; InfoPath.3)"
62.153.98.51 - - [09/Jun/2015:08:54:03 +0200] "GET /zertifikatthumb.jpg HTTP/1.1" 200 18478 "http://www.beos-polymer.de/" "Mozilla/4.0 (compatible; MSIE 8.0; Windows NT 6.1; Trident/4.0; SLCC2; .NET CLR 2.0.50727; .NET CLR 3.5.30729; .NET CLR 3.0.30729; Media Center PC 6.0; InfoPath.3)"
62.153.98.51 - - [09/Jun/2015:08:54:03 +0200] "GET /img/beos.jpg HTTP/1.1" 200 46831 "http://www.beos-polymer.de/" "Mozilla/4.0 (compatible; MSIE 8.0; Windows NT 6.1; Trident/4.0; SLCC2; .NET CLR 2.0.50727; .NET CLR 3.5.30729; .NET CLR 3.0.30729; Media Center PC 6.0; InfoPath.3)"
62.153.98.51 - - [09/Jun/2015:08:54:03 +0200] "GET /img/glyphicons-halflings.png HTTP/1.1" 200 12799 "http://www.beos-polymer.de/" "Mozilla/4.0 (compatible; MSIE 8.0; Windows NT 6.1; Trident/4.0; SLCC2; .NET CLR 2.0.50727; .NET CLR 3.5.30729; .NET CLR 3.0.30729; Media Center PC 6.0; InfoPath.3)"
62.153.98.51 - - [09/Jun/2015:08:54:04 +0200] "GET /js/bootstrap.min.js HTTP/1.1" 200 25764 "http://www.beos-polymer.de/" "Mozilla/4.0 (compatible; MSIE 8.0; Windows NT 6.1; Trident/4.0; SLCC2; .NET CLR 2.0.50727; .NET CLR 3.5.30729; .NET CLR 3.0.30729; Media Center PC 6.0; InfoPath.3)"
62.153.98.51 - - [09/Jun/2015:08:54:04 +0200] "GET /ico/favicon.ico HTTP/1.1" 404 1256 "-" "Mozilla/4.0 (compatible; MSIE 8.0; Windows NT 6.1; Trident/4.0; SLCC2; .NET CLR 2.0.50727; .NET CLR 3.5.30729; .NET CLR 3.0.30729; Media Center PC 6.0; InfoPath.3)"
62.153.98.51 - - [09/Jun/2015:08:54:18 +0200] "GET /zertifikat.pdf HTTP/1.1" 200 1216131 "http://www.beos-polymer.de/" "Mozilla/4.0 (compatible; MSIE 8.0; Windows NT 6.1; Trident/4.0; SLCC2; .NET CLR 2.0.50727; .NET CLR 3.5.30729; .NET CLR 3.0.30729; Media Center PC 6.0; InfoPath.3)"
62.153.98.51 - - [09/Jun/2015:08:54:49 +0200] "GET / HTTP/1.1" 304 - "http://www.google.de/url?url=http://www.beos-polymer.de/&rct=j&frm=1&q=&esrc=s&sa=U&ei=sY12VbyFK-fD7ga-6YPYCg&ved=0CB0QFjAB&usg=AFQjCNF92UAndf_K-Jjh8rRCuyO-rYQvsA" "Mozilla/4.0 (compatible; MSIE 8.0; Windows NT 6.1; Trident/4.0; SLCC2; .NET CLR 2.0.50727; .NET CLR 3.5.30729; .NET CLR 3.0.30729; Media Center PC 6.0; InfoPath.3)"
62.153.98.51 - - [09/Jun/2015:08:54:49 +0200] "GET /css/bootstrap.min.css HTTP/1.1" 304 - "http://www.beos-polymer.de/" "Mozilla/4.0 (compatible; MSIE 8.0; Windows NT 6.1; Trident/4.0; SLCC2; .NET CLR 2.0.50727; .NET CLR 3.5.30729; .NET CLR 3.0.30729; Media Center PC 6.0; InfoPath.3)"
62.153.98.51 - - [09/Jun/2015:08:54:49 +0200] "GET /css/bootstrap-responsive.min.css HTTP/1.1" 304 - "http://www.beos-polymer.de/" "Mozilla/4.0 (compatible; MSIE 8.0; Windows NT 6.1; Trident/4.0; SLCC2; .NET CLR 2.0.50727; .NET CLR 3.5.30729; .NET CLR 3.0.30729; Media Center PC 6.0; InfoPath.3)"
62.153.98.51 - - [09/Jun/2015:08:54:49 +0200] "GET /img/beos.jpg HTTP/1.1" 304 - "http://www.beos-polymer.de/" "Mozilla/4.0 (compatible; MSIE 8.0; Windows NT 6.1; Trident/4.0; SLCC2; .NET CLR 2.0.50727; .NET CLR 3.5.30729; .NET CLR 3.0.30729; Media Center PC 6.0; InfoPath.3)"
62.153.98.51 - - [09/Jun/2015:08:54:49 +0200] "GET /zertifikatthumb.jpg HTTP/1.1" 304 - "http://www.beos-polymer.de/" "Mozilla/4.0 (compatible; MSIE 8.0; Windows NT 6.1; Trident/4.0; SLCC2; .NET CLR 2.0.50727; .NET CLR 3.5.30729; .NET CLR 3.0.30729; Media Center PC 6.0; InfoPath.3)"
62.153.98.51 - - [09/Jun/2015:08:54:50 +0200] "GET /img/glyphicons-halflings.png HTTP/1.1" 304 - "http://www.beos-polymer.de/" "Mozilla/4.0 (compatible; MSIE 8.0; Windows NT 6.1; Trident/4.0; SLCC2; .NET CLR 2.0.50727; .NET CLR 3.5.30729; .NET CLR 3.0.30729; Media Center PC 6.0; InfoPath.3)"
62.153.98.51 - - [09/Jun/2015:08:54:50 +0200] "GET /js/bootstrap.min.js HTTP/1.1" 304 - "http://www.beos-polymer.de/" "Mozilla/4.0 (compatible; MSIE 8.0; Windows NT 6.1; Trident/4.0; SLCC2; .NET CLR 2.0.50727; .NET CLR 3.5.30729; .NET CLR 3.0.30729; Media Center PC 6.0; InfoPath.3)"
62.153.98.51 - - [09/Jun/2015:08:54:50 +0200] "GET /ico/favicon.ico HTTP/1.1" 404 1256 "-" "Mozilla/4.0 (compatible; MSIE 8.0; Windows NT 6.1; Trident/4.0; SLCC2; .NET CLR 2.0.50727; .NET CLR 3.5.30729; .NET CLR 3.0.30729; Media Center PC 6.0; InfoPath.3)"
66.249.78.83 - - [09/Jun/2015:13:28:55 +0200] "GET / HTTP/1.1" 200 3792 "-" "Mozilla/5.0 (compatible; Googlebot/2.1; +http://www.google.com/bot.html)"
91.3.232.17 - - [09/Jun/2015:15:34:47 +0200] "GET / HTTP/1.1" 200 3792 "http://www.search.ask.com/web?o=APN10371&gct=sb&q=3eos%20polymer%20gmbh%20mochau" "Mozilla/5.0 (Windows NT 5.1; rv:38.0) Gecko/20100101 Firefox/38.0"
91.3.232.17 - - [09/Jun/2015:15:34:47 +0200] "GET /css/bootstrap-responsive.min.css HTTP/1.1" 200 16520 "http://www.beos-polymer.de/" "Mozilla/5.0 (Windows NT 5.1; rv:38.0) Gecko/20100101 Firefox/38.0"
91.3.232.17 - - [09/Jun/2015:15:34:47 +0200] "GET /js/bootstrap.min.js HTTP/1.1" 200 25764 "http://www.beos-polymer.de/" "Mozilla/5.0 (Windows NT 5.1; rv:38.0) Gecko/20100101 Firefox/38.0"
91.3.232.17 - - [09/Jun/2015:15:34:47 +0200] "GET /ico/favicon.ico HTTP/1.1" 404 1256 "-" "Mozilla/5.0 (Windows NT 5.1; rv:38.0) Gecko/20100101 Firefox/38.0"
91.3.232.17 - - [09/Jun/2015:15:34:47 +0200] "GET /css/bootstrap.min.css HTTP/1.1" 200 101265 "http://www.beos-polymer.de/" "Mozilla/5.0 (Windows NT 5.1; rv:38.0) Gecko/20100101 Firefox/38.0"
91.3.232.17 - - [09/Jun/2015:15:34:47 +0200] "GET /img/beos.jpg HTTP/1.1" 200 46831 "http://www.beos-polymer.de/" "Mozilla/5.0 (Windows NT 5.1; rv:38.0) Gecko/20100101 Firefox/38.0"
91.3.232.17 - - [09/Jun/2015:15:34:47 +0200] "GET /zertifikatthumb.jpg HTTP/1.1" 200 18478 "http://www.beos-polymer.de/" "Mozilla/5.0 (Windows NT 5.1; rv:38.0) Gecko/20100101 Firefox/38.0"
91.3.232.17 - - [09/Jun/2015:15:34:49 +0200] "GET /ico/favicon.ico HTTP/1.1" 404 1256 "-" "Mozilla/5.0 (Windows NT 5.1; rv:38.0) Gecko/20100101 Firefox/38.0"
91.3.232.17 - - [09/Jun/2015:15:38:48 +0200] "GET /zertifikat.pdf HTTP/1.1" 200 1216131 "http://www.search.ask.com/web?o=APN10371&gct=sb&q=beos%20polymer%20gmbh%20mochau" "Mozilla/5.0 (Windows NT 5.1; rv:38.0) Gecko/20100101 Firefox/38.0"
91.3.232.17 - - [09/Jun/2015:15:38:51 +0200] "GET /favicon.ico HTTP/1.1" 404 1256 "-" "Mozilla/5.0 (Windows NT 5.1; rv:38.0) Gecko/20100101 Firefox/38.0"
91.3.232.17 - - [09/Jun/2015:15:38:51 +0200] "GET /favicon.ico HTTP/1.1" 404 1256 "-" "Mozilla/5.0 (Windows NT 5.1; rv:38.0) Gecko/20100101 Firefox/38.0"
66.249.78.90 - - [09/Jun/2015:15:44:17 +0200] "GET /css/bootstrap.min.css HTTP/1.1" 200 101265 "-" "Mozilla/5.0 (compatible; Googlebot/2.1; +http://www.google.com/bot.html)"
66.249.78.90 - - [09/Jun/2015:15:44:18 +0200] "GET /css/bootstrap-responsive.min.css HTTP/1.1" 200 16520 "-" "Mozilla/5.0 (compatible; Googlebot/2.1; +http://www.google.com/bot.html)"
66.249.78.90 - - [09/Jun/2015:20:03:01 +0200] "GET /robots.txt HTTP/1.1" 404 1256 "-" "Mozilla/5.0 (compatible; Googlebot/2.1; +http://www.google.com/bot.html)"
66.249.78.90 - - [09/Jun/2015:20:03:01 +0200] "GET / HTTP/1.1" 200 3792 "-" "Mozilla/5.0 (compatible; Googlebot/2.1; +http://www.google.com/bot.html)"
66.249.78.90 - - [09/Jun/2015:20:06:46 +0200] "GET /impressum.html HTTP/1.1" 200 2574 "-" "Mozilla/5.0 (compatible; Googlebot/2.1; +http://www.google.com/bot.html)"
66.249.78.90 - - [10/Jun/2015:01:10:26 +0200] "GET /index.html HTTP/1.1" 200 3792 "-" "Mozilla/5.0 (compatible; Googlebot/2.1; +http://www.google.com/bot.html)"
66.249.78.90 - - [10/Jun/2015:03:01:46 +0200] "GET / HTTP/1.1" 200 3792 "-" "Mozilla/5.0 (iPhone; CPU iPhone OS 6_0 like Mac OS X) AppleWebKit/536.26 (KHTML, like Gecko) Version/6.0 Mobile/10A5376e Safari/8536.25 (compatible; Googlebot/2.1; +http://www.google.com/bot.html)"
64.246.165.10 - - [10/Jun/2015:05:07:04 +0200] "GET /robots.txt HTTP/1.0" 404 1256 "-" "Mozilla/5.0 (Windows; U; Windows NT 5.1; en; rv:1.9.0.13) Gecko/2009073022 Firefox/3.5.2 (.NET CLR 3.5.30729) SurveyBot/2.3 (DomainTools)"
64.246.165.10 - - [10/Jun/2015:05:07:04 +0200] "GET / HTTP/1.1" 200 3792 "http://whois.domaintools.com/beos-polymer.de" "Mozilla/5.0 (Windows; U; Windows NT 5.1; en; rv:1.9.0.13) Gecko/2009073022 Firefox/3.5.2 (.NET CLR 3.5.30729) SurveyBot/2.3 (DomainTools)"
80.136.241.227 - - [10/Jun/2015:20:48:54 +0200] "GET / HTTP/1.1" 200 3792 "http://www.google.de/url?sa=t&rct=j&q=&esrc=s&frm=1&source=web&cd=2&ved=0CCsQFjABahUKEwjksZSK5YXGAhVBPSwKHQ55AMk&url=http%3A%2F%2Fwww.beos-polymer.de%2F&ei=boZ4VeTCJMH6sAGO8oHIDA&usg=AFQjCNHkP8INSL1dW-97m1F_ljbLQHJSGA&bvm=bv.95277229,d.bGg" "Mozilla/5.0 (compatible; MSIE 9.0; Windows NT 6.1; Trident/5.0)"
80.136.241.227 - - [10/Jun/2015:20:48:54 +0200] "GET /css/bootstrap-responsive.min.css HTTP/1.1" 200 16520 "http://www.beos-polymer.de/" "Mozilla/5.0 (compatible; MSIE 9.0; Windows NT 6.1; Trident/5.0)"
80.136.241.227 - - [10/Jun/2015:20:48:54 +0200] "GET /css/bootstrap.min.css HTTP/1.1" 200 101265 "http://www.beos-polymer.de/" "Mozilla/5.0 (compatible; MSIE 9.0; Windows NT 6.1; Trident/5.0)"
80.136.241.227 - - [10/Jun/2015:20:48:54 +0200] "GET /zertifikatthumb.jpg HTTP/1.1" 200 18478 "http://www.beos-polymer.de/" "Mozilla/5.0 (compatible; MSIE 9.0; Windows NT 6.1; Trident/5.0)"
80.136.241.227 - - [10/Jun/2015:20:48:54 +0200] "GET /js/bootstrap.min.js HTTP/1.1" 200 25764 "http://www.beos-polymer.de/" "Mozilla/5.0 (compatible; MSIE 9.0; Windows NT 6.1; Trident/5.0)"
80.136.241.227 - - [10/Jun/2015:20:48:54 +0200] "GET /img/glyphicons-halflings.png HTTP/1.1" 200 12799 "http://www.beos-polymer.de/" "Mozilla/5.0 (compatible; MSIE 9.0; Windows NT 6.1; Trident/5.0)"
80.136.241.227 - - [10/Jun/2015:20:48:54 +0200] "GET /img/beos.jpg HTTP/1.1" 200 46831 "http://www.beos-polymer.de/" "Mozilla/5.0 (compatible; MSIE 9.0; Windows NT 6.1; Trident/5.0)"
80.136.241.227 - - [10/Jun/2015:20:48:55 +0200] "GET /ico/favicon.ico HTTP/1.1" 404 1256 "-" "Mozilla/5.0 (compatible; MSIE 9.0; Windows NT 6.1; Trident/5.0)"
80.136.241.227 - - [10/Jun/2015:20:49:03 +0200] "GET /zertifikat.pdf HTTP/1.1" 200 1216131 "http://www.beos-polymer.de/" "Mozilla/5.0 (compatible; MSIE 9.0; Windows NT 6.1; Trident/5.0)"
80.136.241.227 - - [10/Jun/2015:20:50:07 +0200] "GET /ico/favicon.ico HTTP/1.1" 404 1256 "-" "Mozilla/5.0 (compatible; MSIE 9.0; Windows NT 6.1; Trident/5.0)"
68.180.228.188 - - [11/Jun/2015:00:42:02 +0200] "GET /robots.txt HTTP/1.1" 404 1256 "-" "Mozilla/5.0 (compatible; Yahoo! Slurp; http://help.yahoo.com/help/us/ysearch/slurp)"
68.180.228.188 - - [11/Jun/2015:00:42:02 +0200] "GET / HTTP/1.1" 304 - "-" "Mozilla/5.0 (compatible; Yahoo! Slurp; http://help.yahoo.com/help/us/ysearch/slurp)"
68.180.228.188 - - [11/Jun/2015:00:45:07 +0200] "GET /zertifikat.pdf HTTP/1.1" 304 - "-" "Mozilla/5.0 (compatible; Yahoo! Slurp; http://help.yahoo.com/help/us/ysearch/slurp)"
157.55.39.138 - - [11/Jun/2015:01:45:43 +0200] "GET /robots.txt HTTP/1.1" 404 1256 "-" "Mozilla/5.0 (compatible; bingbot/2.0; +http://www.bing.com/bingbot.htm)"
157.55.39.138 - - [11/Jun/2015:01:45:48 +0200] "GET /zertifikat.pdf HTTP/1.1" 200 1216131 "-" "Mozilla/5.0 (compatible; bingbot/2.0; +http://www.bing.com/bingbot.htm)"
207.46.13.71 - - [11/Jun/2015:01:46:11 +0200] "GET /robots.txt HTTP/1.1" 404 1256 "-" "Mozilla/5.0 (compatible; bingbot/2.0; +http://www.bing.com/bingbot.htm)"
66.249.78.83 - - [11/Jun/2015:02:36:41 +0200] "GET /robots.txt HTTP/1.1" 404 1256 "-" "Mozilla/5.0 (compatible; Googlebot/2.1; +http://www.google.com/bot.html)"
66.249.78.83 - - [11/Jun/2015:02:36:42 +0200] "GET / HTTP/1.1" 200 3792 "-" "Mozilla/5.0 (iPhone; CPU iPhone OS 6_0 like Mac OS X) AppleWebKit/536.26 (KHTML, like Gecko) Version/6.0 Mobile/10A5376e Safari/8536.25 (compatible; Googlebot/2.1; +http://www.google.com/bot.html)"
62.212.73.211 - - [11/Jun/2015:08:12:03 +0200] "GET /robots.txt HTTP/1.0" 404 1256 "-" "Mozilla/5.0 (compatible; MJ12bot/v1.4.5; http://www.majestic12.co.uk/bot.php?+)"
62.212.73.211 - - [11/Jun/2015:08:12:05 +0200] "GET / HTTP/1.0" 200 3792 "-" "Mozilla/5.0 (compatible; MJ12bot/v1.4.5; http://www.majestic12.co.uk/bot.php?+)"
107.170.38.35 - - [11/Jun/2015:08:19:35 +0200] "GET /robots.txt HTTP/1.1" 404 1256 "-" "Mozilla/5.0 (compatible; spbot/4.4.2; +http://OpenLinkProfiler.org/bot )"
107.170.38.35 - - [11/Jun/2015:08:19:40 +0200] "GET / HTTP/1.1" 200 3792 "-" "Mozilla/5.0 (compatible; spbot/4.4.2; +http://OpenLinkProfiler.org/bot )"
157.55.39.138 - - [11/Jun/2015:14:17:33 +0200] "GET /zertifikat.pdf HTTP/1.1" 200 1216131 "-" "Mozilla/5.0 (iPhone; CPU iPhone OS 7_0 like Mac OS X) AppleWebKit/537.51.1 (KHTML, like Gecko) Version/7.0 Mobile/11A465 Safari/9537.53 (compatible; bingbot/2.0; http://www.bing.com/bingbot.htm)"
217.7.133.114 - - [11/Jun/2015:14:58:10 +0200] "GET / HTTP/1.1" 200 3792 "https://www.google.de/" "Mozilla/5.0 (Windows NT 6.1; WOW64) AppleWebKit/537.36 (KHTML, like Gecko) Chrome/43.0.2357.124 Safari/537.36"
217.7.133.114 - - [11/Jun/2015:14:58:10 +0200] "GET /img/beos.jpg HTTP/1.1" 200 46831 "http://www.beos-polymer.de/" "Mozilla/5.0 (Windows NT 6.1; WOW64) AppleWebKit/537.36 (KHTML, like Gecko) Chrome/43.0.2357.124 Safari/537.36"
217.7.133.114 - - [11/Jun/2015:14:58:10 +0200] "GET /js/bootstrap.min.js HTTP/1.1" 200 25764 "http://www.beos-polymer.de/" "Mozilla/5.0 (Windows NT 6.1; WOW64) AppleWebKit/537.36 (KHTML, like Gecko) Chrome/43.0.2357.124 Safari/537.36"
217.7.133.114 - - [11/Jun/2015:14:58:11 +0200] "GET /zertifikatthumb.jpg HTTP/1.1" 200 18478 "http://www.beos-polymer.de/" "Mozilla/5.0 (Windows NT 6.1; WOW64) AppleWebKit/537.36 (KHTML, like Gecko) Chrome/43.0.2357.124 Safari/537.36"
217.7.133.114 - - [11/Jun/2015:14:58:10 +0200] "GET /css/bootstrap-responsive.min.css HTTP/1.1" 200 16520 "http://www.beos-polymer.de/" "Mozilla/5.0 (Windows NT 6.1; WOW64) AppleWebKit/537.36 (KHTML, like Gecko) Chrome/43.0.2357.124 Safari/537.36"
217.7.133.114 - - [11/Jun/2015:14:58:10 +0200] "GET /css/bootstrap.min.css HTTP/1.1" 200 101265 "http://www.beos-polymer.de/" "Mozilla/5.0 (Windows NT 6.1; WOW64) AppleWebKit/537.36 (KHTML, like Gecko) Chrome/43.0.2357.124 Safari/537.36"
217.7.133.114 - - [11/Jun/2015:14:58:12 +0200] "GET /ico/favicon.ico HTTP/1.1" 404 1256 "http://www.beos-polymer.de/" "Mozilla/5.0 (Windows NT 6.1; WOW64) AppleWebKit/537.36 (KHTML, like Gecko) Chrome/43.0.2357.124 Safari/537.36"
217.7.133.114 - - [11/Jun/2015:14:58:20 +0200] "GET /favicon.ico HTTP/1.1" 404 1256 "http://www.beos-polymer.de/zertifikat.pdf" "Mozilla/5.0 (Windows NT 6.1; WOW64) AppleWebKit/537.36 (KHTML, like Gecko) Chrome/43.0.2357.124 Safari/537.36"
217.7.133.114 - - [11/Jun/2015:14:58:20 +0200] "GET /zertifikat.pdf HTTP/1.1" 200 1216131 "http://www.beos-polymer.de/" "Mozilla/5.0 (Windows NT 6.1; WOW64) AppleWebKit/537.36 (KHTML, like Gecko) Chrome/43.0.2357.124 Safari/537.36"
217.7.133.114 - - [11/Jun/2015:14:58:28 +0200] "GET / HTTP/1.1" 304 - "-" "Mozilla/5.0 (Windows NT 6.1; WOW64) AppleWebKit/537.36 (KHTML, like Gecko) Chrome/43.0.2357.124 Safari/537.36"
66.249.78.83 - - [12/Jun/2015:17:46:22 +0200] "GET /robots.txt HTTP/1.1" 404 1256 "-" "Mozilla/5.0 (compatible; Googlebot/2.1; +http://www.google.com/bot.html)"
66.249.78.90 - - [12/Jun/2015:17:46:22 +0200] "GET / HTTP/1.1" 200 3792 "-" "Mozilla/5.0 (compatible; Googlebot/2.1; +http://www.google.com/bot.html)"
162.210.196.98 - - [13/Jun/2015:08:35:14 +0200] "GET /robots.txt HTTP/1.0" 404 1256 "-" "Mozilla/5.0 (compatible; MJ12bot/v1.4.5; http://www.majestic12.co.uk/bot.php?+)"
162.210.196.98 - - [13/Jun/2015:08:35:16 +0200] "GET / HTTP/1.0" 200 3792 "-" "Mozilla/5.0 (compatible; MJ12bot/v1.4.5; http://www.majestic12.co.uk/bot.php?+)"
208.115.111.71 - - [13/Jun/2015:08:37:32 +0200] "GET /robots.txt HTTP/1.1" 404 1256 "-" "Mozilla/5.0 (compatible; DotBot/1.1; http://www.opensiteexplorer.org/dotbot, help@moz.com)"
66.249.78.83 - - [13/Jun/2015:09:24:58 +0200] "GET /robots.txt HTTP/1.1" 404 1256 "-" "Mozilla/5.0 (compatible; Googlebot/2.1; +http://www.google.com/bot.html)"
66.249.78.83 - - [13/Jun/2015:09:24:58 +0200] "GET / HTTP/1.1" 200 3792 "-" "Mozilla/5.0 (iPhone; CPU iPhone OS 6_0 like Mac OS X) AppleWebKit/536.26 (KHTML, like Gecko) Version/6.0 Mobile/10A5376e Safari/8536.25 (compatible; Googlebot/2.1; +http://www.google.com/bot.html)"
66.249.78.90 - - [13/Jun/2015:09:37:15 +0200] "GET /css/bootstrap-responsive.min.css HTTP/1.1" 200 16520 "-" "Mozilla/5.0 (compatible; Googlebot/2.1; +http://www.google.com/bot.html)"
66.249.78.97 - - [13/Jun/2015:09:37:16 +0200] "GET /css/bootstrap.min.css HTTP/1.1" 200 101265 "-" "Mozilla/5.0 (compatible; Googlebot/2.1; +http://www.google.com/bot.html)"
208.115.111.71 - - [13/Jun/2015:10:06:49 +0200] "GET /index.html HTTP/1.1" 200 3792 "-" "Mozilla/5.0 (compatible; DotBot/1.1; http://www.opensiteexplorer.org/dotbot, help@moz.com)"
199.58.86.211 - - [13/Jun/2015:12:53:23 +0200] "GET /robots.txt HTTP/1.0" 404 1256 "-" "Mozilla/5.0 (compatible; MJ12bot/v1.4.5; http://www.majestic12.co.uk/bot.php?+)"
199.58.86.211 - - [13/Jun/2015:12:53:24 +0200] "GET /impressum.html HTTP/1.0" 200 2574 "-" "Mozilla/5.0 (compatible; MJ12bot/v1.4.5; http://www.majestic12.co.uk/bot.php?+)"
199.58.86.211 - - [13/Jun/2015:12:53:26 +0200] "GET /index.html HTTP/1.0" 200 3792 "-" "Mozilla/5.0 (compatible; MJ12bot/v1.4.5; http://www.majestic12.co.uk/bot.php?+)"
157.55.39.93 - - [13/Jun/2015:17:35:21 +0200] "GET /robots.txt HTTP/1.1" 404 1256 "-" "Mozilla/5.0 (compatible; bingbot/2.0; +http://www.bing.com/bingbot.htm)"
157.55.39.93 - - [13/Jun/2015:17:35:28 +0200] "GET /zertifikat.pdf HTTP/1.1" 200 1216131 "-" "Mozilla/5.0 (iPhone; CPU iPhone OS 7_0 like Mac OS X) AppleWebKit/537.51.1 (KHTML, like Gecko) Version/7.0 Mobile/11A465 Safari/9537.53 (compatible; bingbot/2.0; http://www.bing.com/bingbot.htm)"
157.55.39.53 - - [13/Jun/2015:17:36:00 +0200] "GET /robots.txt HTTP/1.1" 404 1256 "-" "Mozilla/5.0 (compatible; bingbot/2.0; +http://www.bing.com/bingbot.htm)"
162.243.22.217 - - [13/Jun/2015:21:41:20 +0200] "GET /robots.txt HTTP/1.1" 404 1256 "-" "Mozilla/5.0 (compatible; spbot/4.4.2; +http://OpenLinkProfiler.org/bot )"
162.243.22.217 - - [13/Jun/2015:21:41:26 +0200] "GET / HTTP/1.1" 200 3792 "-" "Mozilla/5.0 (compatible; spbot/4.4.2; +http://OpenLinkProfiler.org/bot )"
176.36.52.108 - - [14/Jun/2015:01:44:02 +0200] "GET / HTTP/1.1" 200 3792 "http://www.beos-polymer.de/" "Mozilla/3.0 (compatible; NetPositive/2.2)"
207.46.13.25 - - [14/Jun/2015:02:35:04 +0200] "GET /index.html HTTP/1.1" 304 - "-" "Mozilla/5.0 (compatible; bingbot/2.0; +http://www.bing.com/bingbot.htm)"
148.251.44.138 - - [14/Jun/2015:07:08:17 +0200] "GET /robots.txt HTTP/1.1" 404 1256 "-" "ssearch_bot (sSearch Crawler; http://www.semantissimo.de)"
148.251.44.138 - - [14/Jun/2015:07:08:17 +0200] "GET / HTTP/1.1" 200 3792 "-" "ssearch_bot (sSearch Crawler; http://www.semantissimo.de)"
38.100.21.67 - - [14/Jun/2015:16:05:31 +0200] "GET / HTTP/1.1" 200 3792 "-" "Mozilla/4.0 (compatible; MSIE 7.0; Windows NT 5.2)"
38.100.21.67 - - [14/Jun/2015:16:05:32 +0200] "GET /impressum.html HTTP/1.1" 200 2574 "-" "Mozilla/4.0 (compatible; MSIE 7.0; Windows NT 5.2)"
38.100.21.67 - - [14/Jun/2015:16:05:32 +0200] "GET /css/bootstrap.min.css HTTP/1.1" 200 101265 "-" "Mozilla/4.0 (compatible; MSIE 7.0; Windows NT 5.2)"
38.100.21.67 - - [14/Jun/2015:16:05:32 +0200] "GET /css/bootstrap-responsive.min.css HTTP/1.1" 200 16520 "-" "Mozilla/4.0 (compatible; MSIE 7.0; Windows NT 5.2)"
38.100.21.67 - - [14/Jun/2015:16:05:32 +0200] "GET /index.html HTTP/1.1" 200 3792 "-" "Mozilla/4.0 (compatible; MSIE 7.0; Windows NT 5.2)"
84.189.107.93 - - [14/Jun/2015:22:45:46 +0200] "GET / HTTP/1.1" 200 3792 "http://www.google.de/search?q=Beos-polymer+gmbh+moehau&hl=de&safe=off&gws_rd=cr&ei=nOd9VbftKqX7ywO4hYPwCw" "Mozilla/5.0 (PlayStation 4 2.51) AppleWebKit/537.73 (KHTML, like Gecko)"
84.189.107.93 - - [14/Jun/2015:22:45:46 +0200] "GET /css/bootstrap-responsive.min.css HTTP/1.1" 200 16520 "http://www.beos-polymer.de/" "Mozilla/5.0 (PlayStation 4 2.51) AppleWebKit/537.73 (KHTML, like Gecko)"
84.189.107.93 - - [14/Jun/2015:22:45:46 +0200] "GET /zertifikatthumb.jpg HTTP/1.1" 200 18478 "http://www.beos-polymer.de/" "Mozilla/5.0 (PlayStation 4 2.51) AppleWebKit/537.73 (KHTML, like Gecko)"
84.189.107.93 - - [14/Jun/2015:22:45:46 +0200] "GET /js/bootstrap.min.js HTTP/1.1" 200 25764 "http://www.beos-polymer.de/" "Mozilla/5.0 (PlayStation 4 2.51) AppleWebKit/537.73 (KHTML, like Gecko)"
84.189.107.93 - - [14/Jun/2015:22:45:46 +0200] "GET /img/beos.jpg HTTP/1.1" 200 46831 "http://www.beos-polymer.de/" "Mozilla/5.0 (PlayStation 4 2.51) AppleWebKit/537.73 (KHTML, like Gecko)"
84.189.107.93 - - [14/Jun/2015:22:45:46 +0200] "GET /css/bootstrap.min.css HTTP/1.1" 200 101265 "http://www.beos-polymer.de/" "Mozilla/5.0 (PlayStation 4 2.51) AppleWebKit/537.73 (KHTML, like Gecko)"
84.189.107.93 - - [14/Jun/2015:22:45:53 +0200] "GET /zertifikat.pdf HTTP/1.1" 200 1216131 "http://www.beos-polymer.de/" "Mozilla/5.0 (PlayStation 4 2.51) AppleWebKit/537.73 (KHTML, like Gecko)"
84.189.107.93 - - [14/Jun/2015:22:46:23 +0200] "GET /zertifikat.pdf HTTP/1.1" 200 1216131 "http://www.beos-polymer.de/" "Mozilla/5.0 (PlayStation 4 2.51) AppleWebKit/537.73 (KHTML, like Gecko)"
84.189.107.93 - - [14/Jun/2015:22:46:57 +0200] "GET / HTTP/1.1" 200 3792 "http://www.google.de/search?q=Beos-polymer+gmbh+moehau&hl=de&safe=off&gws_rd=cr&sa=X&&as_q&nfpr=1&spell" "Mozilla/5.0 (PlayStation 4 2.51) AppleWebKit/537.73 (KHTML, like Gecko)"
84.189.107.93 - - [14/Jun/2015:22:48:43 +0200] "GET / HTTP/1.1" 200 3792 "-" "Mozilla/5.0 (Linux; U; Android 4.3; de-de; SAMSUNG GT-I9300/I9300XXUGNH4 Build/JSS15J) AppleWebKit/534.30 (KHTML, like Gecko) Version/4.0 Mobile Safari/534.30"
84.189.107.93 - - [14/Jun/2015:22:48:44 +0200] "GET /css/bootstrap-responsive.min.css HTTP/1.1" 200 16520 "http://www.beos-polymer.de/" "Mozilla/5.0 (Linux; U; Android 4.3; de-de; SAMSUNG GT-I9300/I9300XXUGNH4 Build/JSS15J) AppleWebKit/534.30 (KHTML, like Gecko) Version/4.0 Mobile Safari/534.30"
84.189.107.93 - - [14/Jun/2015:22:48:44 +0200] "GET /js/bootstrap.min.js HTTP/1.1" 200 25764 "http://www.beos-polymer.de/" "Mozilla/5.0 (Linux; U; Android 4.3; de-de; SAMSUNG GT-I9300/I9300XXUGNH4 Build/JSS15J) AppleWebKit/534.30 (KHTML, like Gecko) Version/4.0 Mobile Safari/534.30"
84.189.107.93 - - [14/Jun/2015:22:48:44 +0200] "GET /img/beos.jpg HTTP/1.1" 200 46831 "http://www.beos-polymer.de/" "Mozilla/5.0 (Linux; U; Android 4.3; de-de; SAMSUNG GT-I9300/I9300XXUGNH4 Build/JSS15J) AppleWebKit/534.30 (KHTML, like Gecko) Version/4.0 Mobile Safari/534.30"
84.189.107.93 - - [14/Jun/2015:22:48:44 +0200] "GET /zertifikatthumb.jpg HTTP/1.1" 200 18478 "http://www.beos-polymer.de/" "Mozilla/5.0 (Linux; U; Android 4.3; de-de; SAMSUNG GT-I9300/I9300XXUGNH4 Build/JSS15J) AppleWebKit/534.30 (KHTML, like Gecko) Version/4.0 Mobile Safari/534.30"
84.189.107.93 - - [14/Jun/2015:22:48:44 +0200] "GET /css/bootstrap.min.css HTTP/1.1" 200 101265 "http://www.beos-polymer.de/" "Mozilla/5.0 (Linux; U; Android 4.3; de-de; SAMSUNG GT-I9300/I9300XXUGNH4 Build/JSS15J) AppleWebKit/534.30 (KHTML, like Gecko) Version/4.0 Mobile Safari/534.30"
84.189.107.93 - - [14/Jun/2015:22:48:46 +0200] "GET /img/glyphicons-halflings.png HTTP/1.1" 200 12799 "http://www.beos-polymer.de/" "Mozilla/5.0 (Linux; U; Android 4.3; de-de; SAMSUNG GT-I9300/I9300XXUGNH4 Build/JSS15J) AppleWebKit/534.30 (KHTML, like Gecko) Version/4.0 Mobile Safari/534.30"
84.189.107.93 - - [14/Jun/2015:22:48:46 +0200] "GET /ico/favicon.ico HTTP/1.1" 404 1256 "http://www.beos-polymer.de/" "Mozilla/5.0 (Linux; U; Android 4.3; de-de; SAMSUNG GT-I9300/I9300XXUGNH4 Build/JSS15J) AppleWebKit/534.30 (KHTML, like Gecko) Version/4.0 Mobile Safari/534.30"
84.189.107.93 - - [14/Jun/2015:22:48:48 +0200] "GET /zertifikat.pdf HTTP/1.1" 200 1216131 "http://www.beos-polymer.de/" "Mozilla/5.0 (Linux; U; Android 4.3; de-de; SAMSUNG GT-I9300/I9300XXUGNH4 Build/JSS15J) AppleWebKit/534.30 (KHTML, like Gecko) Version/4.0 Mobile Safari/534.30"
84.189.107.93 - - [14/Jun/2015:22:48:49 +0200] "GET /zertifikat.pdf HTTP/1.1" 200 1216131 "-" "Mozilla/5.0 (Linux; U; Android 4.3; de-de; SAMSUNG GT-I9300/I9300XXUGNH4 Build/JSS15J) AppleWebKit/534.30 (KHTML, like Gecko) Version/4.0 Mobile Safari/534.30"
157.55.39.101 - - [15/Jun/2015:09:34:27 +0200] "GET / HTTP/1.1" 200 3792 "-" "Mozilla/5.0 (compatible; bingbot/2.0; +http://www.bing.com/bingbot.htm)"
66.249.79.197 - - [15/Jun/2015:09:42:53 +0200] "GET /robots.txt HTTP/1.1" 404 1256 "-" "Mozilla/5.0 (compatible; Googlebot/2.1; +http://www.google.com/bot.html)"
66.249.79.209 - - [15/Jun/2015:09:42:54 +0200] "GET / HTTP/1.1" 200 3792 "-" "Mozilla/5.0 (iPhone; CPU iPhone OS 6_0 like Mac OS X) AppleWebKit/536.26 (KHTML, like Gecko) Version/6.0 Mobile/10A5376e Safari/8536.25 (compatible; Googlebot/2.1; +http://www.google.com/bot.html)"
46.229.170.197 - - [15/Jun/2015:10:38:38 +0200] "GET / HTTP/1.1" 200 3792 "-" "Mozilla/5.0 (X11; Linux AMD64) Gecko Firefox/5.0"
157.55.39.83 - - [15/Jun/2015:13:58:20 +0200] "GET /zertifikat.pdf HTTP/1.1" 200 1216131 "-" "Mozilla/5.0 (iPhone; CPU iPhone OS 7_0 like Mac OS X) AppleWebKit/537.51.1 (KHTML, like Gecko) Version/7.0 Mobile/11A465 Safari/9537.53 (compatible; bingbot/2.0; http://www.bing.com/bingbot.htm)"
199.58.86.209 - - [15/Jun/2015:16:28:55 +0200] "GET /robots.txt HTTP/1.0" 404 1256 "-" "Mozilla/5.0 (compatible; MJ12bot/v1.4.5; http://www.majestic12.co.uk/bot.php?+)"
199.58.86.209 - - [15/Jun/2015:16:28:57 +0200] "GET / HTTP/1.0" 200 3792 "-" "Mozilla/5.0 (compatible; MJ12bot/v1.4.5; http://www.majestic12.co.uk/bot.php?+)"
46.229.170.197 - - [15/Jun/2015:16:55:27 +0200] "GET / HTTP/1.1" 200 3792 "-" "Mozilla/5.0 (X11; U; Linux x86_64; en-US; rv:1.9.2.9) Gecko/20100915 Gentoo Firefox/3.6.9"
84.189.107.93 - - [15/Jun/2015:21:45:36 +0200] "GET / HTTP/1.1" 200 3792 "http://www.google.de/search?q=Beos-polymer+gmbh+moehau&hl=de&safe=off&gws_rd=cr&sa=X&&as_q&nfpr=1&spell" "Mozilla/5.0 (PlayStation 4 2.51) AppleWebKit/537.73 (KHTML, like Gecko)"
84.189.107.93 - - [15/Jun/2015:21:45:36 +0200] "GET /js/bootstrap.min.js HTTP/1.1" 200 25764 "http://www.beos-polymer.de/" "Mozilla/5.0 (PlayStation 4 2.51) AppleWebKit/537.73 (KHTML, like Gecko)"
84.189.107.93 - - [15/Jun/2015:21:45:36 +0200] "GET /css/bootstrap-responsive.min.css HTTP/1.1" 200 16520 "http://www.beos-polymer.de/" "Mozilla/5.0 (PlayStation 4 2.51) AppleWebKit/537.73 (KHTML, like Gecko)"
84.189.107.93 - - [15/Jun/2015:21:45:36 +0200] "GET /zertifikatthumb.jpg HTTP/1.1" 200 18478 "http://www.beos-polymer.de/" "Mozilla/5.0 (PlayStation 4 2.51) AppleWebKit/537.73 (KHTML, like Gecko)"
84.189.107.93 - - [15/Jun/2015:21:45:36 +0200] "GET /img/beos.jpg HTTP/1.1" 200 46831 "http://www.beos-polymer.de/" "Mozilla/5.0 (PlayStation 4 2.51) AppleWebKit/537.73 (KHTML, like Gecko)"
84.189.107.93 - - [15/Jun/2015:21:45:36 +0200] "GET /css/bootstrap.min.css HTTP/1.1" 200 101265 "http://www.beos-polymer.de/" "Mozilla/5.0 (PlayStation 4 2.51) AppleWebKit/537.73 (KHTML, like Gecko)"
66.249.79.209 - - [16/Jun/2015:02:50:37 +0200] "GET /robots.txt HTTP/1.1" 404 1256 "-" "Mozilla/5.0 (compatible; Googlebot/2.1; +http://www.google.com/bot.html)"
66.249.79.197 - - [16/Jun/2015:02:50:37 +0200] "GET / HTTP/1.1" 200 3792 "-" "Mozilla/5.0 (compatible; Googlebot/2.1; +http://www.google.com/bot.html)"
87.137.66.60 - - [16/Jun/2015:11:40:46 +0200] "GET / HTTP/1.1" 200 3792 "http://www.mochau.de/Gemeindegebiet.phtml" "Mozilla/5.0 (Windows NT 6.1; rv:38.0) Gecko/20100101 Firefox/38.0"
87.137.66.60 - - [16/Jun/2015:11:40:46 +0200] "GET /css/bootstrap-responsive.min.css HTTP/1.1" 200 16520 "http://www.beos-polymer.de/" "Mozilla/5.0 (Windows NT 6.1; rv:38.0) Gecko/20100101 Firefox/38.0"
87.137.66.60 - - [16/Jun/2015:11:40:46 +0200] "GET /ico/favicon.ico HTTP/1.1" 404 1256 "-" "Mozilla/5.0 (Windows NT 6.1; rv:38.0) Gecko/20100101 Firefox/38.0"
87.137.66.60 - - [16/Jun/2015:11:40:46 +0200] "GET /ico/favicon.ico HTTP/1.1" 404 1256 "-" "Mozilla/5.0 (Windows NT 6.1; rv:38.0) Gecko/20100101 Firefox/38.0"
