62.153.98.51 - - [16/Feb/2015:10:43:02 +0100] "GET /js/bootstrap.min.js HTTP/1.1" 200 25764 "http://www.beos-polymer.de/" "Mozilla/5.0 (Windows NT 6.1; rv:11.0) Gecko/20100101 Firefox/11.0"
62.153.98.51 - - [16/Feb/2015:10:43:02 +0100] "GET /img/beos.jpg HTTP/1.1" 200 46831 "http://www.beos-polymer.de/" "Mozilla/5.0 (Windows NT 6.1; rv:11.0) Gecko/20100101 Firefox/11.0"
62.153.98.51 - - [16/Feb/2015:10:43:03 +0100] "GET /ico/favicon.ico HTTP/1.1" 404 1256 "-" "Mozilla/5.0 (Windows NT 6.1; rv:11.0) Gecko/20100101 Firefox/11.0"
62.153.98.51 - - [16/Feb/2015:10:43:04 +0100] "GET /ico/favicon.ico HTTP/1.1" 404 1256 "-" "Mozilla/5.0 (Windows NT 6.1; rv:11.0) Gecko/20100101 Firefox/11.0"
62.153.98.51 - - [16/Feb/2015:10:43:04 +0100] "GET /ico/favicon.ico HTTP/1.1" 404 1256 "-" "Mozilla/5.0 (Windows NT 6.1; rv:11.0) Gecko/20100101 Firefox/11.0"
66.249.78.83 - - [16/Feb/2015:14:35:44 +0100] "GET / HTTP/1.1" 200 3704 "-" "Mozilla/5.0 (compatible; Googlebot/2.1; +http://www.google.com/bot.html)"
66.249.78.97 - - [16/Feb/2015:17:42:22 +0100] "GET / HTTP/1.1" 200 3704 "-" "Mozilla/5.0 (compatible; Googlebot/2.1; +http://www.google.com/bot.html)"
146.0.32.165 - - [16/Feb/2015:18:51:49 +0100] "GET /robots.txt HTTP/1.1" 404 1256 "-" "Mozilla/5.0 (compatible; savetheworldheritage.org/1.0; +crawl@savetheworldheritage.org)"
146.0.32.165 - - [16/Feb/2015:18:51:49 +0100] "GET /img/beos.jpg HTTP/1.1" 200 46831 "-" "Mozilla/5.0 (compatible; savetheworldheritage.org/1.0; +crawl@savetheworldheritage.org)"
157.55.39.193 - - [17/Feb/2015:00:38:27 +0100] "GET /impressum.html HTTP/1.1" 200 2574 "-" "Mozilla/5.0 (compatible; bingbot/2.0; +http://www.bing.com/bingbot.htm)"
95.179.102.157 - - [17/Feb/2015:06:28:16 +0100] "HEAD /uploadify/uploadify.swf HTTP/1.1" 404 - "http://www.beos-polymer.de/uploadify/uploadify.swf" "Mozilla/4.0 (compatible; MSIE 6.0; Windows NT 5.1; SV1)"
95.179.102.157 - - [17/Feb/2015:06:28:17 +0100] "HEAD /admin/uploadify/uploadify.swf HTTP/1.1" 404 - "http://www.beos-polymer.de/admin/uploadify/uploadify.swf" "Mozilla/4.0 (compatible; MSIE 6.0; Windows NT 5.1; SV1)"
95.179.102.157 - - [17/Feb/2015:06:28:21 +0100] "HEAD /js/uploadify/uploadify.swf HTTP/1.1" 404 - "http://www.beos-polymer.de/js/uploadify/uploadify.swf" "Mozilla/4.0 (compatible; MSIE 6.0; Windows NT 5.1; SV1)"
95.179.102.157 - - [17/Feb/2015:06:28:21 +0100] "HEAD /plugins/uploadify/uploadify.swf HTTP/1.1" 404 - "http://www.beos-polymer.de/plugins/uploadify/uploadify.swf" "Mozilla/4.0 (compatible; MSIE 6.0; Windows NT 5.1; SV1)"
95.179.102.157 - - [17/Feb/2015:06:28:21 +0100] "HEAD /lib/uploadify/uploadify.swf HTTP/1.1" 404 - "http://www.beos-polymer.de/lib/uploadify/uploadify.swf" "Mozilla/4.0 (compatible; MSIE 6.0; Windows NT 5.1; SV1)"
95.179.102.157 - - [17/Feb/2015:06:28:21 +0100] "HEAD /inc/uploadify/uploadify.swf HTTP/1.1" 404 - "http://www.beos-polymer.de/inc/uploadify/uploadify.swf" "Mozilla/4.0 (compatible; MSIE 6.0; Windows NT 5.1; SV1)"
95.179.102.157 - - [17/Feb/2015:06:28:21 +0100] "HEAD /includes/uploadify/uploadify.swf HTTP/1.1" 404 - "http://www.beos-polymer.de/includes/uploadify/uploadify.swf" "Mozilla/4.0 (compatible; MSIE 6.0; Windows NT 5.1; SV1)"
95.179.102.157 - - [17/Feb/2015:06:28:24 +0100] "HEAD /cms/uploadify/uploadify.swf HTTP/1.1" 404 - "http://www.beos-polymer.de/cms/uploadify/uploadify.swf" "Mozilla/4.0 (compatible; MSIE 6.0; Windows NT 5.1; SV1)"
87.170.36.113 - - [17/Feb/2015:14:27:23 +0100] "GET / HTTP/1.1" 200 3704 "-" "Mozilla/5.0 (Windows NT 5.1; rv:35.0) Gecko/20100101 Firefox/35.0"
87.170.36.113 - - [17/Feb/2015:14:27:23 +0100] "GET /css/bootstrap-responsive.min.css HTTP/1.1" 200 16520 "http://www.beos-polymer.de/" "Mozilla/5.0 (Windows NT 5.1; rv:35.0) Gecko/20100101 Firefox/35.0"
87.170.36.113 - - [17/Feb/2015:14:27:23 +0100] "GET /js/bootstrap.min.js HTTP/1.1" 200 25764 "http://www.beos-polymer.de/" "Mozilla/5.0 (Windows NT 5.1; rv:35.0) Gecko/20100101 Firefox/35.0"
87.170.36.113 - - [17/Feb/2015:14:27:23 +0100] "GET /ico/favicon.ico HTTP/1.1" 404 1256 "-" "Mozilla/5.0 (Windows NT 5.1; rv:35.0) Gecko/20100101 Firefox/35.0"
87.170.36.113 - - [17/Feb/2015:14:27:23 +0100] "GET /css/bootstrap.min.css HTTP/1.1" 200 101265 "http://www.beos-polymer.de/" "Mozilla/5.0 (Windows NT 5.1; rv:35.0) Gecko/20100101 Firefox/35.0"
87.170.36.113 - - [17/Feb/2015:14:27:24 +0100] "GET /img/beos.jpg HTTP/1.1" 200 46831 "http://www.beos-polymer.de/" "Mozilla/5.0 (Windows NT 5.1; rv:35.0) Gecko/20100101 Firefox/35.0"
38.100.21.65 - - [17/Feb/2015:15:48:01 +0100] "GET / HTTP/1.1" 200 3704 "-" "Mozilla/4.0 (compatible; MSIE 7.0; Windows NT 5.2)"
38.100.21.65 - - [17/Feb/2015:15:48:01 +0100] "GET /impressum.html HTTP/1.1" 200 2574 "-" "Mozilla/4.0 (compatible; MSIE 7.0; Windows NT 5.2)"
38.100.21.65 - - [17/Feb/2015:15:48:01 +0100] "GET /css/bootstrap.min.css HTTP/1.1" 200 101265 "-" "Mozilla/4.0 (compatible; MSIE 7.0; Windows NT 5.2)"
38.100.21.65 - - [17/Feb/2015:15:48:02 +0100] "GET /css/bootstrap-responsive.min.css HTTP/1.1" 200 16520 "-" "Mozilla/4.0 (compatible; MSIE 7.0; Windows NT 5.2)"
38.100.21.65 - - [17/Feb/2015:15:48:02 +0100] "GET /index.html HTTP/1.1" 200 3704 "-" "Mozilla/4.0 (compatible; MSIE 7.0; Windows NT 5.2)"
93.186.202.244 - - [17/Feb/2015:18:37:58 +0100] "GET /impressum.html HTTP/1.1" 200 2574 "-" "Mozilla/5.0 (Windows NT 6.1; WOW64; rv:18.0) Gecko/20100101 Firefox/18.0"
93.186.202.244 - - [17/Feb/2015:18:37:58 +0100] "GET / HTTP/1.1" 200 3704 "-" "Mozilla/5.0 (Windows NT 6.2; WOW64) AppleWebKit/537.31 (KHTML, like Gecko) Chrome/26.0.1410.58 Safari/537.31"
46.229.164.99 - - [17/Feb/2015:20:22:24 +0100] "GET / HTTP/1.1" 200 3704 "-" "Mozilla/5.0 (compatible; SemrushBot/0.98~bl; +http://www.semrush.com/bot.html)"
46.229.164.113 - - [17/Feb/2015:22:33:34 +0100] "GET /impressum.html HTTP/1.1" 200 2574 "-" "Mozilla/5.0 (compatible; SemrushBot/0.98~bl; +http://www.semrush.com/bot.html)"
46.229.164.114 - - [17/Feb/2015:23:05:35 +0100] "GET /index.html HTTP/1.1" 200 3704 "-" "Mozilla/5.0 (compatible; SemrushBot/0.98~bl; +http://www.semrush.com/bot.html)"
123.125.71.18 - - [18/Feb/2015:01:17:00 +0100] "GET /robots.txt HTTP/1.1" 404 1256 "-" "Mozilla/5.0 (Windows NT 5.1; rv:6.0.2) Gecko/20100101 Firefox/6.0.2"
123.125.71.99 - - [18/Feb/2015:01:19:25 +0100] "GET / HTTP/1.1" 200 3704 "-" "Mozilla/5.0 (compatible; Baiduspider/2.0; +http://www.baidu.com/search/spider.html)"
123.125.71.14 - - [18/Feb/2015:01:22:27 +0100] "GET /css/bootstrap-responsive.min.css HTTP/1.1" 200 16520 "http://www.beos-polymer.de/" "Mozilla/5.0 (compatible; Baiduspider/2.0; +http://www.baidu.com/search/spider.html)"
123.125.71.44 - - [18/Feb/2015:01:22:27 +0100] "GET /css/bootstrap.min.css HTTP/1.1" 200 101265 "http://www.beos-polymer.de/" "Mozilla/5.0 (compatible; Baiduspider/2.0; +http://www.baidu.com/search/spider.html)"
123.125.71.57 - - [18/Feb/2015:01:22:30 +0100] "GET /js/bootstrap.min.js HTTP/1.1" 200 25764 "http://www.beos-polymer.de/" "Mozilla/5.0 (compatible; Baiduspider/2.0; +http://www.baidu.com/search/spider.html)"
146.0.32.165 - - [18/Feb/2015:02:03:25 +0100] "GET /robots.txt HTTP/1.1" 404 1256 "-" "Mozilla/5.0 (compatible; savetheworldheritage.org/1.0; +crawl@savetheworldheritage.org)"
146.0.32.165 - - [18/Feb/2015:02:03:25 +0100] "GET /impressum.html HTTP/1.1" 200 2574 "-" "Mozilla/5.0 (compatible; savetheworldheritage.org/1.0; +crawl@savetheworldheritage.org)"
66.249.79.131 - - [18/Feb/2015:03:37:13 +0100] "GET /robots.txt HTTP/1.1" 404 1256 "-" "Mozilla/5.0 (compatible; Googlebot/2.1; +http://www.google.com/bot.html)"
66.249.79.131 - - [18/Feb/2015:03:37:13 +0100] "GET / HTTP/1.1" 200 3704 "-" "Mozilla/5.0 (compatible; Googlebot/2.1; +http://www.google.com/bot.html)"
46.229.170.197 - - [19/Feb/2015:05:47:27 +0100] "GET / HTTP/1.1" 200 3704 "-" "Mozilla/5.0 (Windows NT 5.1; rv:2.0.1) Gecko/20100101 Firefox/5.0"
195.88.117.28 - - [19/Feb/2015:11:42:25 +0100] "GET / HTTP/1.1" 200 3704 "http://www.google.de/url?sa=t&rct=j&q=&esrc=s&frm=1&source=web&cd=1&sqi=2&ved=0CCEQFjAA&url=http%3A%2F%2Fwww.beos-polymer.de%2F&ei=4r3lVKGKC8yqPKONgUg&usg=AFQjCNHkP8INSL1dW-97m1F_ljbLQHJSGA&bvm=bv.85970519,d.ZWU" "Mozilla/5.0 (compatible; MSIE 9.0; Windows NT 6.1; WOW64; Trident/5.0)"
195.88.117.28 - - [19/Feb/2015:11:42:25 +0100] "GET /css/bootstrap-responsive.min.css HTTP/1.1" 200 16520 "http://www.beos-polymer.de/" "Mozilla/5.0 (compatible; MSIE 9.0; Windows NT 6.1; WOW64; Trident/5.0)"
195.88.117.28 - - [19/Feb/2015:11:42:25 +0100] "GET /css/bootstrap.min.css HTTP/1.1" 200 101265 "http://www.beos-polymer.de/" "Mozilla/5.0 (compatible; MSIE 9.0; Windows NT 6.1; WOW64; Trident/5.0)"
195.88.117.28 - - [19/Feb/2015:11:42:26 +0100] "GET /img/beos.jpg HTTP/1.1" 200 46831 "http://www.beos-polymer.de/" "Mozilla/5.0 (compatible; MSIE 9.0; Windows NT 6.1; WOW64; Trident/5.0)"
195.88.117.28 - - [19/Feb/2015:11:42:26 +0100] "GET /js/bootstrap.min.js HTTP/1.1" 200 25764 "http://www.beos-polymer.de/" "Mozilla/5.0 (compatible; MSIE 9.0; Windows NT 6.1; WOW64; Trident/5.0)"
195.88.117.28 - - [19/Feb/2015:11:42:26 +0100] "GET /img/glyphicons-halflings.png HTTP/1.1" 200 12799 "http://www.beos-polymer.de/" "Mozilla/5.0 (compatible; MSIE 9.0; Windows NT 6.1; WOW64; Trident/5.0)"
195.88.117.28 - - [19/Feb/2015:11:42:26 +0100] "GET /ico/favicon.ico HTTP/1.1" 404 1256 "-" "Mozilla/5.0 (compatible; MSIE 9.0; Windows NT 6.1; WOW64; Trident/5.0)"
150.70.173.52 - - [19/Feb/2015:11:43:59 +0100] "GET / HTTP/1.1" 200 3704 "-" "Mozilla/4.0 (compatible; MSIE 8.0; Windows NT 5.1; Trident/4.0)"
150.70.173.49 - - [19/Feb/2015:11:44:13 +0100] "GET /js/bootstrap.min.js HTTP/1.1" 200 25764 "-" "Mozilla/4.0 (compatible; MSIE 8.0; Windows NT 5.1; Trident/4.0)"
62.153.98.51 - - [19/Feb/2015:15:41:56 +0100] "GET / HTTP/1.1" 200 3704 "https://www.google.de/" "Mozilla/5.0 (Windows NT 6.1) AppleWebKit/537.36 (KHTML, like Gecko) Chrome/40.0.2214.111 Safari/537.36"
62.153.98.51 - - [19/Feb/2015:15:41:56 +0100] "GET /css/bootstrap.min.css HTTP/1.1" 200 101265 "http://www.beos-polymer.de/" "Mozilla/5.0 (Windows NT 6.1) AppleWebKit/537.36 (KHTML, like Gecko) Chrome/40.0.2214.111 Safari/537.36"
62.153.98.51 - - [19/Feb/2015:15:41:57 +0100] "GET /css/bootstrap-responsive.min.css HTTP/1.1" 200 16520 "http://www.beos-polymer.de/" "Mozilla/5.0 (Windows NT 6.1) AppleWebKit/537.36 (KHTML, like Gecko) Chrome/40.0.2214.111 Safari/537.36"
62.153.98.51 - - [19/Feb/2015:15:41:57 +0100] "GET /js/bootstrap.min.js HTTP/1.1" 200 25764 "http://www.beos-polymer.de/" "Mozilla/5.0 (Windows NT 6.1) AppleWebKit/537.36 (KHTML, like Gecko) Chrome/40.0.2214.111 Safari/537.36"
62.153.98.51 - - [19/Feb/2015:15:41:57 +0100] "GET /img/beos.jpg HTTP/1.1" 200 46831 "http://www.beos-polymer.de/" "Mozilla/5.0 (Windows NT 6.1) AppleWebKit/537.36 (KHTML, like Gecko) Chrome/40.0.2214.111 Safari/537.36"
62.153.98.51 - - [19/Feb/2015:15:41:58 +0100] "GET /ico/favicon.ico HTTP/1.1" 404 1256 "-" "Mozilla/5.0 (Windows NT 6.1) AppleWebKit/537.36 (KHTML, like Gecko) Chrome/40.0.2214.111 Safari/537.36"
62.153.98.51 - - [19/Feb/2015:15:42:17 +0100] "GET /img/glyphicons-halflings.png HTTP/1.1" 200 12799 "http://www.beos-polymer.de/css/bootstrap.min.css" "Mozilla/5.0 (Windows NT 6.1) AppleWebKit/537.36 (KHTML, like Gecko) Chrome/40.0.2214.111 Safari/537.36"
208.115.111.71 - - [19/Feb/2015:17:16:32 +0100] "GET /robots.txt HTTP/1.1" 404 1256 "-" "Mozilla/5.0 (compatible; DotBot/1.1; http://www.opensiteexplorer.org/dotbot, help@moz.com)"
208.115.111.71 - - [19/Feb/2015:18:13:42 +0100] "GET /index.html HTTP/1.1" 200 3704 "-" "Mozilla/5.0 (compatible; DotBot/1.1; http://www.opensiteexplorer.org/dotbot, help@moz.com)"
188.165.15.119 - - [19/Feb/2015:21:39:53 +0100] "GET /robots.txt HTTP/1.1" 404 1256 "-" "Mozilla/5.0 (compatible; AhrefsBot/5.0; +http://ahrefs.com/robot/)"
66.249.79.123 - - [20/Feb/2015:00:18:38 +0100] "GET /robots.txt HTTP/1.1" 404 1256 "-" "Mozilla/5.0 (compatible; Googlebot/2.1; +http://www.google.com/bot.html)"
66.249.79.123 - - [20/Feb/2015:00:18:38 +0100] "GET / HTTP/1.1" 200 3704 "-" "Mozilla/5.0 (compatible; Googlebot/2.1; +http://www.google.com/bot.html)"
66.249.79.131 - - [20/Feb/2015:02:49:40 +0100] "GET /css/bootstrap-responsive.min.css HTTP/1.1" 200 16520 "-" "Mozilla/5.0 (compatible; Googlebot/2.1; +http://www.google.com/bot.html)"
66.249.79.131 - - [20/Feb/2015:02:58:56 +0100] "GET /css/bootstrap.min.css HTTP/1.1" 200 101265 "-" "Mozilla/5.0 (compatible; Googlebot/2.1; +http://www.google.com/bot.html)"
146.0.32.165 - - [20/Feb/2015:03:11:49 +0100] "GET /robots.txt HTTP/1.1" 404 1256 "-" "Mozilla/5.0 (compatible; savetheworldheritage.org/1.0; +crawl@savetheworldheritage.org)"
146.0.32.165 - - [20/Feb/2015:03:11:49 +0100] "GET /index.html HTTP/1.1" 200 3704 "-" "Mozilla/5.0 (compatible; savetheworldheritage.org/1.0; +crawl@savetheworldheritage.org)"
66.249.79.123 - - [20/Feb/2015:03:43:57 +0100] "GET / HTTP/1.1" 200 3704 "-" "Mozilla/5.0 (compatible; Googlebot/2.1; +http://www.google.com/bot.html)"
173.208.177.59 - - [20/Feb/2015:06:26:54 +0100] "HEAD /include/fckeditor/editor/ HTTP/1.1" 404 - "-" "-"
173.208.177.59 - - [20/Feb/2015:06:26:54 +0100] "HEAD /admin/fckeditor/editor/ HTTP/1.1" 404 - "-" "-"
173.208.177.59 - - [20/Feb/2015:06:26:54 +0100] "HEAD /manage/fckeditor/editor/ HTTP/1.1" 404 - "-" "-"
173.208.177.59 - - [20/Feb/2015:06:26:59 +0100] "HEAD /js/fckeditor/editor/ HTTP/1.1" 404 - "-" "-"
192.168.10.13 - - [20/Feb/2015:09:36:59 +0100] "GET /ico/favicon.ico HTTP/1.1" 404 1256 "-" "Mozilla/5.0 (Windows NT 6.1; rv:35.0) Gecko/20100101 Firefox/35.0"
192.168.10.13 - - [20/Feb/2015:09:36:59 +0100] "GET /ico/favicon.ico HTTP/1.1" 404 1256 "-" "Mozilla/5.0 (Windows NT 6.1; rv:35.0) Gecko/20100101 Firefox/35.0"
66.249.79.131 - - [20/Feb/2015:09:42:09 +0100] "GET / HTTP/1.1" 200 3704 "-" "Mozilla/5.0 (compatible; Googlebot/2.1; +http://www.google.com/bot.html)"
192.168.10.13 - - [20/Feb/2015:09:45:29 +0100] "GET / HTTP/1.1" 200 3727 "-" "Mozilla/5.0 (Windows NT 6.1; rv:35.0) Gecko/20100101 Firefox/35.0"
192.168.10.13 - - [20/Feb/2015:09:45:29 +0100] "GET /css/bootstrap.min.css HTTP/1.1" 304 - "http://www.beos-polymer.de/" "Mozilla/5.0 (Windows NT 6.1; rv:35.0) Gecko/20100101 Firefox/35.0"
192.168.10.13 - - [20/Feb/2015:09:45:29 +0100] "GET /css/bootstrap-responsive.min.css HTTP/1.1" 304 - "http://www.beos-polymer.de/" "Mozilla/5.0 (Windows NT 6.1; rv:35.0) Gecko/20100101 Firefox/35.0"
192.168.10.13 - - [20/Feb/2015:09:45:29 +0100] "GET /zertifikatthumb.jpg HTTP/1.1" 200 18478 "http://www.beos-polymer.de/" "Mozilla/5.0 (Windows NT 6.1; rv:35.0) Gecko/20100101 Firefox/35.0"
192.168.10.13 - - [20/Feb/2015:09:45:29 +0100] "GET /js/bootstrap.min.js HTTP/1.1" 304 - "http://www.beos-polymer.de/" "Mozilla/5.0 (Windows NT 6.1; rv:35.0) Gecko/20100101 Firefox/35.0"
192.168.10.13 - - [20/Feb/2015:09:45:29 +0100] "GET /img/beos.jpg HTTP/1.1" 304 - "http://www.beos-polymer.de/" "Mozilla/5.0 (Windows NT 6.1; rv:35.0) Gecko/20100101 Firefox/35.0"
192.168.10.13 - - [20/Feb/2015:09:45:29 +0100] "GET /favicon.ico HTTP/1.1" 404 1256 "-" "Mozilla/5.0 (Windows NT 6.1; rv:35.0) Gecko/20100101 Firefox/35.0"
192.168.10.13 - - [20/Feb/2015:09:45:29 +0100] "GET /favicon.ico HTTP/1.1" 404 1256 "-" "Mozilla/5.0 (Windows NT 6.1; rv:35.0) Gecko/20100101 Firefox/35.0"
192.168.10.13 - - [20/Feb/2015:09:45:41 +0100] "GET /zertifikat.pdf HTTP/1.1" 200 1216131 "http://www.beos-polymer.de/" "Mozilla/5.0 (Windows NT 6.1; rv:35.0) Gecko/20100101 Firefox/35.0"
192.168.10.13 - - [20/Feb/2015:09:45:50 +0100] "GET / HTTP/1.1" 200 3727 "-" "Mozilla/5.0 (Windows NT 6.1; rv:35.0) Gecko/20100101 Firefox/35.0"
192.168.10.13 - - [20/Feb/2015:09:47:57 +0100] "GET / HTTP/1.1" 200 3726 "-" "Mozilla/5.0 (Windows NT 6.1; rv:35.0) Gecko/20100101 Firefox/35.0"
192.168.10.13 - - [20/Feb/2015:09:47:57 +0100] "GET /css/bootstrap-responsive.min.css HTTP/1.1" 304 - "http://www.beos-polymer.de/" "Mozilla/5.0 (Windows NT 6.1; rv:35.0) Gecko/20100101 Firefox/35.0"
192.168.10.13 - - [20/Feb/2015:09:47:57 +0100] "GET /js/bootstrap.min.js HTTP/1.1" 304 - "http://www.beos-polymer.de/" "Mozilla/5.0 (Windows NT 6.1; rv:35.0) Gecko/20100101 Firefox/35.0"
192.168.10.13 - - [20/Feb/2015:09:47:57 +0100] "GET /css/bootstrap.min.css HTTP/1.1" 304 - "http://www.beos-polymer.de/" "Mozilla/5.0 (Windows NT 6.1; rv:35.0) Gecko/20100101 Firefox/35.0"
192.168.10.13 - - [20/Feb/2015:09:47:57 +0100] "GET /zertifikatthumb.jpg HTTP/1.1" 304 - "http://www.beos-polymer.de/" "Mozilla/5.0 (Windows NT 6.1; rv:35.0) Gecko/20100101 Firefox/35.0"
192.168.10.13 - - [20/Feb/2015:09:47:57 +0100] "GET /img/beos.jpg HTTP/1.1" 304 - "http://www.beos-polymer.de/" "Mozilla/5.0 (Windows NT 6.1; rv:35.0) Gecko/20100101 Firefox/35.0"
192.168.10.13 - - [20/Feb/2015:09:48:32 +0100] "GET / HTTP/1.1" 200 3727 "-" "Mozilla/5.0 (Windows NT 6.1; rv:35.0) Gecko/20100101 Firefox/35.0"
192.168.10.13 - - [20/Feb/2015:09:48:32 +0100] "GET /css/bootstrap.min.css HTTP/1.1" 304 - "http://www.beos-polymer.de/" "Mozilla/5.0 (Windows NT 6.1; rv:35.0) Gecko/20100101 Firefox/35.0"
192.168.10.13 - - [20/Feb/2015:09:48:32 +0100] "GET /css/bootstrap-responsive.min.css HTTP/1.1" 304 - "http://www.beos-polymer.de/" "Mozilla/5.0 (Windows NT 6.1; rv:35.0) Gecko/20100101 Firefox/35.0"
192.168.10.13 - - [20/Feb/2015:09:48:32 +0100] "GET /js/bootstrap.min.js HTTP/1.1" 304 - "http://www.beos-polymer.de/" "Mozilla/5.0 (Windows NT 6.1; rv:35.0) Gecko/20100101 Firefox/35.0"
192.168.10.13 - - [20/Feb/2015:09:48:32 +0100] "GET /zertifikatthumb.jpg HTTP/1.1" 304 - "http://www.beos-polymer.de/" "Mozilla/5.0 (Windows NT 6.1; rv:35.0) Gecko/20100101 Firefox/35.0"
192.168.10.13 - - [20/Feb/2015:09:48:32 +0100] "GET /img/beos.jpg HTTP/1.1" 304 - "http://www.beos-polymer.de/" "Mozilla/5.0 (Windows NT 6.1; rv:35.0) Gecko/20100101 Firefox/35.0"
192.168.10.13 - - [20/Feb/2015:09:49:23 +0100] "GET / HTTP/1.1" 200 3727 "-" "Mozilla/5.0 (Windows NT 6.1; rv:35.0) Gecko/20100101 Firefox/35.0"
192.168.10.13 - - [20/Feb/2015:09:49:23 +0100] "GET /css/bootstrap.min.css HTTP/1.1" 304 - "http://www.beos-polymer.de/" "Mozilla/5.0 (Windows NT 6.1; rv:35.0) Gecko/20100101 Firefox/35.0"
192.168.10.13 - - [20/Feb/2015:09:49:24 +0100] "GET /css/bootstrap-responsive.min.css HTTP/1.1" 304 - "http://www.beos-polymer.de/" "Mozilla/5.0 (Windows NT 6.1; rv:35.0) Gecko/20100101 Firefox/35.0"
192.168.10.13 - - [20/Feb/2015:09:49:24 +0100] "GET /img/beos.jpg HTTP/1.1" 304 - "http://www.beos-polymer.de/" "Mozilla/5.0 (Windows NT 6.1; rv:35.0) Gecko/20100101 Firefox/35.0"
192.168.10.13 - - [20/Feb/2015:09:49:24 +0100] "GET /js/bootstrap.min.js HTTP/1.1" 304 - "http://www.beos-polymer.de/" "Mozilla/5.0 (Windows NT 6.1; rv:35.0) Gecko/20100101 Firefox/35.0"
192.168.10.13 - - [20/Feb/2015:09:49:24 +0100] "GET /zertifikatthumb.jpg HTTP/1.1" 304 - "http://www.beos-polymer.de/" "Mozilla/5.0 (Windows NT 6.1; rv:35.0) Gecko/20100101 Firefox/35.0"
192.168.10.13 - - [20/Feb/2015:09:49:25 +0100] "GET / HTTP/1.1" 304 - "-" "Mozilla/5.0 (Windows NT 6.1; rv:35.0) Gecko/20100101 Firefox/35.0"
192.168.10.13 - - [20/Feb/2015:09:49:25 +0100] "GET /css/bootstrap.min.css HTTP/1.1" 304 - "http://www.beos-polymer.de/" "Mozilla/5.0 (Windows NT 6.1; rv:35.0) Gecko/20100101 Firefox/35.0"
192.168.10.13 - - [20/Feb/2015:09:49:25 +0100] "GET /js/bootstrap.min.js HTTP/1.1" 304 - "http://www.beos-polymer.de/" "Mozilla/5.0 (Windows NT 6.1; rv:35.0) Gecko/20100101 Firefox/35.0"
192.168.10.13 - - [20/Feb/2015:09:49:25 +0100] "GET /css/bootstrap-responsive.min.css HTTP/1.1" 304 - "http://www.beos-polymer.de/" "Mozilla/5.0 (Windows NT 6.1; rv:35.0) Gecko/20100101 Firefox/35.0"
192.168.10.13 - - [20/Feb/2015:09:49:25 +0100] "GET /img/beos.jpg HTTP/1.1" 304 - "http://www.beos-polymer.de/" "Mozilla/5.0 (Windows NT 6.1; rv:35.0) Gecko/20100101 Firefox/35.0"
192.168.10.13 - - [20/Feb/2015:09:49:25 +0100] "GET /zertifikatthumb.jpg HTTP/1.1" 304 - "http://www.beos-polymer.de/" "Mozilla/5.0 (Windows NT 6.1; rv:35.0) Gecko/20100101 Firefox/35.0"
192.168.10.13 - - [20/Feb/2015:09:50:47 +0100] "GET / HTTP/1.1" 200 3741 "-" "Mozilla/5.0 (Windows NT 6.1; rv:35.0) Gecko/20100101 Firefox/35.0"
192.168.10.13 - - [20/Feb/2015:09:50:47 +0100] "GET /css/bootstrap.min.css HTTP/1.1" 304 - "http://www.beos-polymer.de/" "Mozilla/5.0 (Windows NT 6.1; rv:35.0) Gecko/20100101 Firefox/35.0"
192.168.10.13 - - [20/Feb/2015:09:50:47 +0100] "GET /css/bootstrap-responsive.min.css HTTP/1.1" 304 - "http://www.beos-polymer.de/" "Mozilla/5.0 (Windows NT 6.1; rv:35.0) Gecko/20100101 Firefox/35.0"
192.168.10.13 - - [20/Feb/2015:09:50:47 +0100] "GET /img/beos.jpg HTTP/1.1" 304 - "http://www.beos-polymer.de/" "Mozilla/5.0 (Windows NT 6.1; rv:35.0) Gecko/20100101 Firefox/35.0"
192.168.10.13 - - [20/Feb/2015:09:50:47 +0100] "GET /zertifikatthumb.jpg HTTP/1.1" 304 - "http://www.beos-polymer.de/" "Mozilla/5.0 (Windows NT 6.1; rv:35.0) Gecko/20100101 Firefox/35.0"
192.168.10.13 - - [20/Feb/2015:09:50:47 +0100] "GET /js/bootstrap.min.js HTTP/1.1" 304 - "http://www.beos-polymer.de/" "Mozilla/5.0 (Windows NT 6.1; rv:35.0) Gecko/20100101 Firefox/35.0"
192.168.10.13 - - [20/Feb/2015:09:51:45 +0100] "GET / HTTP/1.1" 200 3753 "-" "Mozilla/5.0 (Windows NT 6.1; rv:35.0) Gecko/20100101 Firefox/35.0"
192.168.10.13 - - [20/Feb/2015:09:51:45 +0100] "GET /css/bootstrap.min.css HTTP/1.1" 304 - "http://www.beos-polymer.de/" "Mozilla/5.0 (Windows NT 6.1; rv:35.0) Gecko/20100101 Firefox/35.0"
192.168.10.13 - - [20/Feb/2015:09:51:45 +0100] "GET /js/bootstrap.min.js HTTP/1.1" 304 - "http://www.beos-polymer.de/" "Mozilla/5.0 (Windows NT 6.1; rv:35.0) Gecko/20100101 Firefox/35.0"
192.168.10.13 - - [20/Feb/2015:09:51:45 +0100] "GET /css/bootstrap-responsive.min.css HTTP/1.1" 304 - "http://www.beos-polymer.de/" "Mozilla/5.0 (Windows NT 6.1; rv:35.0) Gecko/20100101 Firefox/35.0"
192.168.10.13 - - [20/Feb/2015:09:51:45 +0100] "GET /zertifikatthumb.jpg HTTP/1.1" 304 - "http://www.beos-polymer.de/" "Mozilla/5.0 (Windows NT 6.1; rv:35.0) Gecko/20100101 Firefox/35.0"
192.168.10.13 - - [20/Feb/2015:09:51:45 +0100] "GET /img/beos.jpg HTTP/1.1" 304 - "http://www.beos-polymer.de/" "Mozilla/5.0 (Windows NT 6.1; rv:35.0) Gecko/20100101 Firefox/35.0"
192.168.10.13 - - [20/Feb/2015:09:53:11 +0100] "GET /zertifikat.pdf HTTP/1.1" 200 1216131 "http://www.beos-polymer.de/" "Mozilla/5.0 (Windows NT 6.1; rv:35.0) Gecko/20100101 Firefox/35.0"
192.168.10.13 - - [20/Feb/2015:09:54:01 +0100] "GET / HTTP/1.1" 200 3792 "-" "Mozilla/5.0 (Windows NT 6.1; rv:35.0) Gecko/20100101 Firefox/35.0"
192.168.10.13 - - [20/Feb/2015:09:54:01 +0100] "GET /css/bootstrap.min.css HTTP/1.1" 304 - "http://www.beos-polymer.de/" "Mozilla/5.0 (Windows NT 6.1; rv:35.0) Gecko/20100101 Firefox/35.0"
192.168.10.13 - - [20/Feb/2015:09:54:01 +0100] "GET /css/bootstrap-responsive.min.css HTTP/1.1" 304 - "http://www.beos-polymer.de/" "Mozilla/5.0 (Windows NT 6.1; rv:35.0) Gecko/20100101 Firefox/35.0"
192.168.10.13 - - [20/Feb/2015:09:54:01 +0100] "GET /js/bootstrap.min.js HTTP/1.1" 304 - "http://www.beos-polymer.de/" "Mozilla/5.0 (Windows NT 6.1; rv:35.0) Gecko/20100101 Firefox/35.0"
192.168.10.13 - - [20/Feb/2015:09:54:01 +0100] "GET /img/beos.jpg HTTP/1.1" 304 - "http://www.beos-polymer.de/" "Mozilla/5.0 (Windows NT 6.1; rv:35.0) Gecko/20100101 Firefox/35.0"
192.168.10.13 - - [20/Feb/2015:09:54:01 +0100] "GET /zertifikatthumb.jpg HTTP/1.1" 304 - "http://www.beos-polymer.de/" "Mozilla/5.0 (Windows NT 6.1; rv:35.0) Gecko/20100101 Firefox/35.0"
66.249.79.131 - - [20/Feb/2015:12:05:11 +0100] "GET / HTTP/1.1" 200 3792 "-" "Mozilla/5.0 (iPhone; CPU iPhone OS 6_0 like Mac OS X) AppleWebKit/536.26 (KHTML, like Gecko) Version/6.0 Mobile/10A5376e Safari/8536.25 (compatible; Googlebot/2.1; +http://www.google.com/bot.html)"
66.249.79.123 - - [20/Feb/2015:12:28:35 +0100] "GET /robots.txt HTTP/1.1" 404 1256 "-" "Mozilla/5.0 (compatible; Googlebot/2.1; +http://www.google.com/bot.html)"
66.249.79.139 - - [20/Feb/2015:12:28:36 +0100] "GET / HTTP/1.1" 200 3792 "-" "Mozilla/5.0 (compatible; Googlebot/2.1; +http://www.google.com/bot.html)"
66.249.78.83 - - [20/Feb/2015:15:00:02 +0100] "GET /robots.txt HTTP/1.1" 404 1256 "-" "Mozilla/5.0 (compatible; Googlebot/2.1; +http://www.google.com/bot.html)"
66.249.78.97 - - [20/Feb/2015:15:00:02 +0100] "GET / HTTP/1.1" 200 3792 "-" "Mozilla/5.0 (compatible; Googlebot/2.1; +http://www.google.com/bot.html)"
66.249.64.95 - - [20/Feb/2015:17:29:45 +0100] "GET / HTTP/1.1" 200 3792 "-" "Mozilla/5.0 (compatible; Googlebot/2.1; +http://www.google.com/bot.html)"
188.75.140.3 - - [20/Feb/2015:18:57:33 +0100] "GET /index.php HTTP/1.1" 404 1256 "-" "Mozilla/4.0 (compatible; MSIE 6.0; MSIE 5.5; Windows NT 5.1) Opera 7.01 [en]"
188.75.140.3 - - [20/Feb/2015:18:57:33 +0100] "GET /shop/index.php HTTP/1.1" 404 1256 "-" "Mozilla/4.0 (compatible; MSIE 6.0; MSIE 5.5; Windows NT 5.1) Opera 7.01 [en]"
188.75.140.3 - - [20/Feb/2015:18:57:33 +0100] "GET /store/index.php HTTP/1.1" 404 1256 "-" "Mozilla/4.0 (compatible; MSIE 6.0; MSIE 5.5; Windows NT 5.1) Opera 7.01 [en]"
188.75.140.3 - - [20/Feb/2015:18:57:33 +0100] "GET /online/index.php HTTP/1.1" 404 1256 "-" "Mozilla/4.0 (compatible; MSIE 6.0; MSIE 5.5; Windows NT 5.1) Opera 7.01 [en]"
66.249.78.83 - - [20/Feb/2015:19:47:32 +0100] "GET / HTTP/1.1" 200 3792 "-" "Mozilla/5.0 (compatible; Googlebot/2.1; +http://www.google.com/bot.html)"
66.249.64.99 - - [20/Feb/2015:21:53:11 +0100] "GET /zertifikat.pdf HTTP/1.1" 200 1216131 "-" "Mozilla/5.0 (compatible; Googlebot/2.1; +http://www.google.com/bot.html)"
208.115.113.87 - - [21/Feb/2015:03:13:19 +0100] "GET /robots.txt HTTP/1.1" 404 1256 "-" "Mozilla/5.0 (compatible; DotBot/1.1; http://www.opensiteexplorer.org/dotbot, help@moz.com)"
208.115.113.87 - - [21/Feb/2015:04:14:06 +0100] "GET /impressum.html HTTP/1.1" 200 2574 "-" "Mozilla/5.0 (compatible; DotBot/1.1; http://www.opensiteexplorer.org/dotbot, help@moz.com)"
66.249.64.95 - - [21/Feb/2015:08:54:06 +0100] "GET /robots.txt HTTP/1.1" 404 1256 "-" "Mozilla/5.0 (compatible; Googlebot/2.1; +http://www.google.com/bot.html)"
66.249.78.83 - - [21/Feb/2015:08:54:07 +0100] "GET /zertifikatthumb.jpg HTTP/1.1" 200 18478 "-" "Googlebot-Image/1.0"
66.249.64.91 - - [21/Feb/2015:11:52:54 +0100] "GET / HTTP/1.1" 200 3792 "-" "Mozilla/5.0 (iPhone; CPU iPhone OS 6_0 like Mac OS X) AppleWebKit/536.26 (KHTML, like Gecko) Version/6.0 Mobile/10A5376e Safari/8536.25 (compatible; Googlebot/2.1; +http://www.google.com/bot.html)"
66.249.78.83 - - [21/Feb/2015:14:54:48 +0100] "GET /zertifikat.pdf HTTP/1.1" 304 - "-" "Mozilla/5.0 (compatible; Googlebot/2.1; +http://www.google.com/bot.html)"
66.249.78.97 - - [21/Feb/2015:15:28:15 +0100] "GET /BEOS-Polymer HTTP/1.1" 404 1256 "-" "Mozilla/5.0 (compatible; Googlebot/2.1; +http://www.google.com/bot.html)"
74.52.245.146 - - [21/Feb/2015:23:14:38 +0100] "GET / HTTP/1.0" 200 3792 "-" "Mozilla/5.0 (X11; U; Linux i686; en-US; rv:1.7.5) Gecko/20041107 Firefox/1.0"
66.249.67.139 - - [22/Feb/2015:04:41:44 +0100] "GET /robots.txt HTTP/1.1" 404 1256 "-" "Mozilla/5.0 (compatible; Googlebot/2.1; +http://www.google.com/bot.html)"
66.249.67.131 - - [22/Feb/2015:04:41:44 +0100] "GET / HTTP/1.1" 200 3792 "-" "Mozilla/5.0 (iPhone; CPU iPhone OS 6_0 like Mac OS X) AppleWebKit/536.26 (KHTML, like Gecko) Version/6.0 Mobile/10A5376e Safari/8536.25 (compatible; Googlebot/2.1; +http://www.google.com/bot.html)"
66.249.78.90 - - [22/Feb/2015:17:19:53 +0100] "GET /robots.txt HTTP/1.1" 404 1256 "-" "Mozilla/5.0 (compatible; Googlebot/2.1; +http://www.google.com/bot.html)"
66.249.78.90 - - [22/Feb/2015:17:19:53 +0100] "GET /zertifikat.pdf HTTP/1.1" 200 1216131 "-" "Mozilla/5.0 (iPhone; CPU iPhone OS 6_0 like Mac OS X) AppleWebKit/536.26 (KHTML, like Gecko) Version/6.0 Mobile/10A5376e Safari/8536.25 (compatible; Googlebot/2.1; +http://www.google.com/bot.html)"
64.246.165.210 - - [22/Feb/2015:23:29:49 +0100] "GET /robots.txt HTTP/1.0" 404 1256 "-" "Mozilla/5.0 (Windows; U; Windows NT 5.1; en; rv:1.9.0.13) Gecko/2009073022 Firefox/3.5.2 (.NET CLR 3.5.30729) SurveyBot/2.3 (DomainTools)"
64.246.165.210 - - [22/Feb/2015:23:29:50 +0100] "GET / HTTP/1.1" 200 3792 "http://whois.domaintools.com/beos-polymer.de" "Mozilla/5.0 (Windows; U; Windows NT 5.1; en; rv:1.9.0.13) Gecko/2009073022 Firefox/3.5.2 (.NET CLR 3.5.30729) SurveyBot/2.3 (DomainTools)"
188.165.15.162 - - [23/Feb/2015:07:02:30 +0100] "GET / HTTP/1.1" 200 3792 "-" "Mozilla/5.0 (compatible; AhrefsBot/5.0; +http://ahrefs.com/robot/)"
188.165.15.5 - - [23/Feb/2015:09:05:48 +0100] "GET /robots.txt HTTP/1.1" 404 1256 "-" "Mozilla/5.0 (compatible; AhrefsBot/5.0; +http://ahrefs.com/robot/)"
66.249.78.90 - - [23/Feb/2015:12:38:50 +0100] "GET /robots.txt HTTP/1.1" 404 1256 "-" "Mozilla/5.0 (compatible; Googlebot/2.1; +http://www.google.com/bot.html)"
66.249.78.97 - - [23/Feb/2015:12:38:50 +0100] "GET / HTTP/1.1" 200 3792 "-" "Mozilla/5.0 (compatible; Googlebot/2.1; +http://www.google.com/bot.html)"
66.249.78.97 - - [23/Feb/2015:12:44:35 +0100] "GET /css/bootstrap-responsive.min.css HTTP/1.1" 200 16520 "-" "Mozilla/5.0 (compatible; Googlebot/2.1; +http://www.google.com/bot.html)"
66.249.78.90 - - [23/Feb/2015:12:44:35 +0100] "GET /css/bootstrap.min.css HTTP/1.1" 200 101265 "-" "Mozilla/5.0 (compatible; Googlebot/2.1; +http://www.google.com/bot.html)"
192.168.10.13 - - [23/Feb/2015:13:37:24 +0100] "GET / HTTP/1.1" 200 3792 "-" "Mozilla/5.0 (Windows NT 6.1; rv:35.0) Gecko/20100101 Firefox/35.0"
192.168.10.13 - - [23/Feb/2015:13:37:24 +0100] "GET /zertifikatthumb.jpg HTTP/1.1" 200 18478 "http://www.beos-polymer.de/" "Mozilla/5.0 (Windows NT 6.1; rv:35.0) Gecko/20100101 Firefox/35.0"
192.168.10.13 - - [23/Feb/2015:13:37:24 +0100] "GET /ico/favicon.ico HTTP/1.1" 404 1256 "-" "Mozilla/5.0 (Windows NT 6.1; rv:35.0) Gecko/20100101 Firefox/35.0"
192.168.10.13 - - [23/Feb/2015:13:37:24 +0100] "GET /ico/favicon.ico HTTP/1.1" 404 1256 "-" "Mozilla/5.0 (Windows NT 6.1; rv:35.0) Gecko/20100101 Firefox/35.0"
192.168.10.13 - - [23/Feb/2015:13:37:24 +0100] "GET /ico/favicon.ico HTTP/1.1" 404 1256 "-" "Mozilla/5.0 (Windows NT 6.1; rv:35.0) Gecko/20100101 Firefox/35.0"
66.249.65.163 - - [23/Feb/2015:15:27:59 +0100] "GET /robots.txt HTTP/1.1" 404 1256 "-" "Mozilla/5.0 (compatible; Googlebot/2.1; +http://www.google.com/bot.html)"
66.249.65.159 - - [23/Feb/2015:15:27:59 +0100] "GET / HTTP/1.1" 200 3792 "-" "Mozilla/5.0 (compatible; Googlebot/2.1; +http://www.google.com/bot.html)"
66.249.65.167 - - [23/Feb/2015:23:00:17 +0100] "GET /zertifikat.pdf HTTP/1.1" 200 1216131 "-" "Googlebot/2.1 (+http://www.google.com/bot.html)"
66.249.65.163 - - [24/Feb/2015:02:22:08 +0100] "GET / HTTP/1.1" 200 3792 "-" "Mozilla/5.0 (compatible; Googlebot/2.1; +http://www.google.com/bot.html)"
157.55.39.193 - - [24/Feb/2015:10:01:08 +0100] "GET /robots.txt HTTP/1.1" 404 1256 "-" "Mozilla/5.0 (compatible; bingbot/2.0; +http://www.bing.com/bingbot.htm)"
157.55.39.193 - - [24/Feb/2015:10:01:12 +0100] "GET / HTTP/1.1" 200 3792 "-" "Mozilla/5.0 (compatible; bingbot/2.0; +http://www.bing.com/bingbot.htm)"
87.170.32.148 - - [24/Feb/2015:10:27:17 +0100] "GET / HTTP/1.1" 200 3792 "-" "Mozilla/5.0 (Windows NT 5.1; rv:35.0) Gecko/20100101 Firefox/35.0"
87.170.32.148 - - [24/Feb/2015:10:27:17 +0100] "GET /css/bootstrap-responsive.min.css HTTP/1.1" 200 16520 "http://www.beos-polymer.de/" "Mozilla/5.0 (Windows NT 5.1; rv:35.0) Gecko/20100101 Firefox/35.0"
87.170.32.148 - - [24/Feb/2015:10:27:17 +0100] "GET /ico/favicon.ico HTTP/1.1" 404 1256 "-" "Mozilla/5.0 (Windows NT 5.1; rv:35.0) Gecko/20100101 Firefox/35.0"
87.170.32.148 - - [24/Feb/2015:10:27:17 +0100] "GET /js/bootstrap.min.js HTTP/1.1" 200 25764 "http://www.beos-polymer.de/" "Mozilla/5.0 (Windows NT 5.1; rv:35.0) Gecko/20100101 Firefox/35.0"
87.170.32.148 - - [24/Feb/2015:10:27:17 +0100] "GET /css/bootstrap.min.css HTTP/1.1" 200 101265 "http://www.beos-polymer.de/" "Mozilla/5.0 (Windows NT 5.1; rv:35.0) Gecko/20100101 Firefox/35.0"
87.170.32.148 - - [24/Feb/2015:10:27:17 +0100] "GET /zertifikatthumb.jpg HTTP/1.1" 200 18478 "http://www.beos-polymer.de/" "Mozilla/5.0 (Windows NT 5.1; rv:35.0) Gecko/20100101 Firefox/35.0"
87.170.32.148 - - [24/Feb/2015:10:27:17 +0100] "GET /img/beos.jpg HTTP/1.1" 200 46831 "http://www.beos-polymer.de/" "Mozilla/5.0 (Windows NT 5.1; rv:35.0) Gecko/20100101 Firefox/35.0"
87.170.32.148 - - [24/Feb/2015:10:27:27 +0100] "GET /zertifikat.pdf HTTP/1.1" 200 1216131 "http://www.beos-polymer.de/" "Mozilla/5.0 (Windows NT 5.1; rv:35.0) Gecko/20100101 Firefox/35.0"
87.170.32.148 - - [24/Feb/2015:10:27:28 +0100] "GET /zertifikat.pdf HTTP/1.1" 206 65536 "http://www.beos-polymer.de/" "Mozilla/5.0 (Windows NT 5.1; rv:35.0) Gecko/20100101 Firefox/35.0"
87.170.32.148 - - [24/Feb/2015:10:27:28 +0100] "GET /zertifikat.pdf HTTP/1.1" 206 36483 "http://www.beos-polymer.de/" "Mozilla/5.0 (Windows NT 5.1; rv:35.0) Gecko/20100101 Firefox/35.0"
87.170.32.148 - - [24/Feb/2015:10:27:28 +0100] "GET /favicon.ico HTTP/1.1" 404 1256 "-" "Mozilla/5.0 (Windows NT 5.1; rv:35.0) Gecko/20100101 Firefox/35.0"
66.249.65.167 - - [24/Feb/2015:16:47:01 +0100] "GET /robots.txt HTTP/1.1" 404 1256 "-" "Mozilla/5.0 (compatible; Googlebot/2.1; +http://www.google.com/bot.html)"
66.249.65.159 - - [24/Feb/2015:16:47:01 +0100] "GET /zertifikat.pdf HTTP/1.1" 304 - "-" "Mozilla/5.0 (compatible; Googlebot/2.1; +http://www.google.com/bot.html)"
54.81.229.98 - - [24/Feb/2015:20:09:01 +0100] "GET / HTTP/1.1" 200 3792 "-" "Mozilla/5.0 (compatible; linkdexbot/2.2; +http://www.linkdex.com/bots/)"
66.249.65.163 - - [24/Feb/2015:21:10:26 +0100] "GET / HTTP/1.1" 200 3792 "-" "Mozilla/5.0 (compatible; Googlebot/2.1; +http://www.google.com/bot.html)"
162.243.220.250 - - [24/Feb/2015:23:07:22 +0100] "GET /robots.txt HTTP/1.1" 404 1256 "-" "Mozilla/5.0 (compatible; spbot/4.4.2; +http://OpenLinkProfiler.org/bot )"
162.243.220.250 - - [24/Feb/2015:23:07:30 +0100] "GET / HTTP/1.1" 200 3792 "-" "Mozilla/5.0 (compatible; spbot/4.4.2; +http://OpenLinkProfiler.org/bot )"
162.243.220.250 - - [24/Feb/2015:23:07:36 +0100] "GET /impressum.html HTTP/1.1" 200 2574 "http://www.beos-polymer.de/" "Mozilla/5.0 (compatible; spbot/4.4.2; +http://OpenLinkProfiler.org/bot )"
162.243.220.250 - - [24/Feb/2015:23:07:42 +0100] "GET /index.html HTTP/1.1" 200 3792 "http://www.beos-polymer.de/impressum.html" "Mozilla/5.0 (compatible; spbot/4.4.2; +http://OpenLinkProfiler.org/bot )"
66.249.65.163 - - [25/Feb/2015:02:53:35 +0100] "GET / HTTP/1.1" 200 3792 "-" "Mozilla/5.0 (compatible; Googlebot/2.1; +http://www.google.com/bot.html)"
66.249.65.167 - - [25/Feb/2015:05:51:55 +0100] "GET /robots.txt HTTP/1.1" 404 1256 "-" "Mozilla/5.0 (compatible; Googlebot/2.1; +http://www.google.com/bot.html)"
66.249.65.167 - - [25/Feb/2015:05:51:56 +0100] "GET / HTTP/1.1" 200 3792 "-" "Mozilla/5.0 (compatible; Googlebot/2.1; +http://www.google.com/bot.html)"
66.249.65.167 - - [25/Feb/2015:06:50:44 +0100] "GET /zertifikat.pdf HTTP/1.1" 304 - "-" "Mozilla/5.0 (compatible; Googlebot/2.1; +http://www.google.com/bot.html)"
66.249.65.163 - - [25/Feb/2015:12:20:10 +0100] "GET / HTTP/1.1" 200 3792 "-" "Mozilla/5.0 (compatible; Googlebot/2.1; +http://www.google.com/bot.html)"
66.249.65.167 - - [25/Feb/2015:13:01:32 +0100] "GET /zertifikat.pdf HTTP/1.1" 304 - "-" "Mozilla/5.0 (iPhone; CPU iPhone OS 6_0 like Mac OS X) AppleWebKit/536.26 (KHTML, like Gecko) Version/6.0 Mobile/10A5376e Safari/8536.25 (compatible; Googlebot/2.1; +http://www.google.com/bot.html)"
84.163.116.185 - - [25/Feb/2015:14:50:47 +0100] "GET / HTTP/1.1" 200 3792 "http://www.google.de/url?sa=t&rct=j&q=&esrc=s&source=web&cd=2&ved=0CCsQFjAB&url=http%3A%2F%2Fwww.beos-polymer.de%2F&ei=GtPtVJS3M9LtaKT1gPAG&usg=AFQjCNHkP8INSL1dW-97m1F_ljbLQHJSGA&sig2=4NnxMwZzxg8ESvTrgI-dpA&bvm=bv.86956481,d.d2s" "Mozilla/5.0 (Windows NT 6.1; WOW64; rv:35.0) Gecko/20100101 Firefox/35.0"
84.163.116.185 - - [25/Feb/2015:14:50:47 +0100] "GET /css/bootstrap-responsive.min.css HTTP/1.1" 200 16520 "http://www.beos-polymer.de/" "Mozilla/5.0 (Windows NT 6.1; WOW64; rv:35.0) Gecko/20100101 Firefox/35.0"
84.163.116.185 - - [25/Feb/2015:14:50:47 +0100] "GET /ico/favicon.ico HTTP/1.1" 404 1256 "-" "Mozilla/5.0 (Windows NT 6.1; WOW64; rv:35.0) Gecko/20100101 Firefox/35.0"
84.163.116.185 - - [25/Feb/2015:14:50:47 +0100] "GET /js/bootstrap.min.js HTTP/1.1" 200 25764 "http://www.beos-polymer.de/" "Mozilla/5.0 (Windows NT 6.1; WOW64; rv:35.0) Gecko/20100101 Firefox/35.0"
84.163.116.185 - - [25/Feb/2015:14:50:47 +0100] "GET /css/bootstrap.min.css HTTP/1.1" 200 101265 "http://www.beos-polymer.de/" "Mozilla/5.0 (Windows NT 6.1; WOW64; rv:35.0) Gecko/20100101 Firefox/35.0"
84.163.116.185 - - [25/Feb/2015:14:50:48 +0100] "GET /ico/favicon.ico HTTP/1.1" 404 1256 "-" "Mozilla/5.0 (Windows NT 6.1; WOW64; rv:35.0) Gecko/20100101 Firefox/35.0"
84.163.116.185 - - [25/Feb/2015:14:50:48 +0100] "GET /zertifikatthumb.jpg HTTP/1.1" 200 18478 "http://www.beos-polymer.de/" "Mozilla/5.0 (Windows NT 6.1; WOW64; rv:35.0) Gecko/20100101 Firefox/35.0"
84.163.116.185 - - [25/Feb/2015:14:50:48 +0100] "GET /img/beos.jpg HTTP/1.1" 200 46831 "http://www.beos-polymer.de/" "Mozilla/5.0 (Windows NT 6.1; WOW64; rv:35.0) Gecko/20100101 Firefox/35.0"
84.163.116.185 - - [25/Feb/2015:14:50:48 +0100] "GET /ico/favicon.ico HTTP/1.1" 404 1256 "-" "Mozilla/5.0 (Windows NT 6.1; WOW64; rv:35.0) Gecko/20100101 Firefox/35.0"
66.249.65.167 - - [25/Feb/2015:16:12:18 +0100] "GET /impressum.html HTTP/1.1" 304 - "-" "Mozilla/5.0 (iPhone; CPU iPhone OS 6_0 like Mac OS X) AppleWebKit/536.26 (KHTML, like Gecko) Version/6.0 Mobile/10A5376e Safari/8536.25 (compatible; Googlebot/2.1; +http://www.google.com/bot.html)"
93.186.202.241 - - [25/Feb/2015:17:16:37 +0100] "GET /impressum.html HTTP/1.1" 200 2574 "-" "Mozilla/5.0 (X11; U; Linux i686; en-US; rv:1.9.1.16) Gecko/20120421 Firefox/11.0"
66.249.65.167 - - [25/Feb/2015:20:15:40 +0100] "GET /robots.txt HTTP/1.1" 404 1256 "-" "Mozilla/5.0 (compatible; Googlebot/2.1; +http://www.google.com/bot.html)"
66.249.65.163 - - [25/Feb/2015:20:15:40 +0100] "GET / HTTP/1.1" 200 3792 "-" "Mozilla/5.0 (iPhone; CPU iPhone OS 6_0 like Mac OS X) AppleWebKit/536.26 (KHTML, like Gecko) Version/6.0 Mobile/10A5376e Safari/8536.25 (compatible; Googlebot/2.1; +http://www.google.com/bot.html)"
180.76.5.168 - - [26/Feb/2015:02:16:59 +0100] "GET / HTTP/1.1" 200 3792 "-" "Mozilla/5.0 (compatible; Baiduspider/2.0; +http://www.baidu.com/search/spider.html)"
144.76.29.162 - - [26/Feb/2015:08:53:33 +0100] "GET /robots.txt HTTP/1.0" 404 1256 "-" "Mozilla/5.0 (compatible; MJ12bot/v1.4.5; http://www.majestic12.co.uk/bot.php?+)"
144.76.29.162 - - [26/Feb/2015:08:53:35 +0100] "GET /index.html HTTP/1.0" 200 3792 "-" "Mozilla/5.0 (compatible; MJ12bot/v1.4.5; http://www.majestic12.co.uk/bot.php?+)"
208.115.113.87 - - [26/Feb/2015:11:10:17 +0100] "GET /robots.txt HTTP/1.1" 404 1256 "-" "Mozilla/5.0 (compatible; DotBot/1.1; http://www.opensiteexplorer.org/dotbot, help@moz.com)"
208.115.113.87 - - [26/Feb/2015:12:13:11 +0100] "GET / HTTP/1.1" 200 3792 "-" "Mozilla/5.0 (compatible; DotBot/1.1; http://www.opensiteexplorer.org/dotbot, help@moz.com)"
81.169.250.152 - - [26/Feb/2015:16:55:59 +0100] "GET /robots.txt HTTP/1.1" 404 1256 "-" "Mozilla/5.0 (compatible; WeViKaBot/1.0; +http://www.wevika.de/)"
81.169.250.152 - - [26/Feb/2015:16:55:59 +0100] "GET / HTTP/1.1" 200 3792 "-" "Mozilla/5.0 (compatible; WeViKaBot/1.0; +http://www.wevika.de/)"
188.165.15.203 - - [27/Feb/2015:00:47:27 +0100] "GET /impressum.html HTTP/1.1" 200 2574 "-" "Mozilla/5.0 (compatible; AhrefsBot/5.0; +http://ahrefs.com/robot/)"
66.249.78.83 - - [27/Feb/2015:01:16:58 +0100] "GET /robots.txt HTTP/1.1" 404 1256 "-" "Mozilla/5.0 (compatible; Googlebot/2.1; +http://www.google.com/bot.html)"
66.249.78.90 - - [27/Feb/2015:01:16:59 +0100] "GET / HTTP/1.1" 200 3792 "-" "Mozilla/5.0 (iPhone; CPU iPhone OS 6_0 like Mac OS X) AppleWebKit/536.26 (KHTML, like Gecko) Version/6.0 Mobile/10A5376e Safari/8536.25 (compatible; Googlebot/2.1; +http://www.google.com/bot.html)"
66.249.78.90 - - [27/Feb/2015:01:20:47 +0100] "GET /css/bootstrap-responsive.min.css HTTP/1.1" 200 16520 "-" "Mozilla/5.0 (compatible; Googlebot/2.1; +http://www.google.com/bot.html)"
66.249.78.97 - - [27/Feb/2015:01:20:48 +0100] "GET /css/bootstrap.min.css HTTP/1.1" 200 101265 "-" "Mozilla/5.0 (compatible; Googlebot/2.1; +http://www.google.com/bot.html)"
157.55.39.193 - - [27/Feb/2015:07:32:26 +0100] "GET /robots.txt HTTP/1.1" 404 1256 "-" "Mozilla/5.0 (compatible; bingbot/2.0; +http://www.bing.com/bingbot.htm)"
157.55.39.193 - - [27/Feb/2015:07:32:32 +0100] "GET /impressum.html HTTP/1.1" 200 2574 "-" "Mozilla/5.0 (compatible; bingbot/2.0; +http://www.bing.com/bingbot.htm)"
157.55.39.43 - - [27/Feb/2015:07:32:50 +0100] "GET /css/bootstrap.min.css HTTP/1.1" 200 101265 "-" "Mozilla/5.0 (compatible; bingbot/2.0; +http://www.bing.com/bingbot.htm)"
157.55.39.193 - - [27/Feb/2015:07:32:55 +0100] "GET /css/bootstrap-responsive.min.css HTTP/1.1" 200 16520 "-" "Mozilla/5.0 (compatible; bingbot/2.0; +http://www.bing.com/bingbot.htm)"
157.55.39.193 - - [27/Feb/2015:07:32:56 +0100] "GET /js/bootstrap.min.js HTTP/1.1" 200 25764 "-" "Mozilla/5.0 (compatible; bingbot/2.0; +http://www.bing.com/bingbot.htm)"
207.46.13.84 - - [27/Feb/2015:07:33:43 +0100] "GET /robots.txt HTTP/1.1" 404 1256 "-" "Mozilla/5.0 (compatible; bingbot/2.0; +http://www.bing.com/bingbot.htm)"
66.249.78.83 - - [27/Feb/2015:08:54:16 +0100] "GET / HTTP/1.1" 200 3792 "-" "Mozilla/5.0 (compatible; Googlebot/2.1; +http://www.google.com/bot.html)"
162.210.196.100 - - [27/Feb/2015:11:36:33 +0100] "GET /robots.txt HTTP/1.0" 404 1256 "-" "Mozilla/5.0 (compatible; MJ12bot/v1.4.5; http://www.majestic12.co.uk/bot.php?+)"
162.210.196.100 - - [27/Feb/2015:11:36:34 +0100] "GET / HTTP/1.0" 200 3792 "-" "Mozilla/5.0 (compatible; MJ12bot/v1.4.5; http://www.majestic12.co.uk/bot.php?+)"
72.46.136.178 - - [27/Feb/2015:19:04:04 +0100] "GET / HTTP/1.1" 200 3792 "-" "Mozilla/4.0 (compatible; MSIE 6.0; Windows NT 5.1; SV1; Mozilla/4.0 (compatible; MSIE 6.0; Windows NT 5.1; SV1) )"
188.165.15.230 - - [27/Feb/2015:20:24:48 +0100] "GET /robots.txt HTTP/1.1" 404 1256 "-" "Mozilla/5.0 (compatible; AhrefsBot/5.0; +http://ahrefs.com/robot/)"
185.53.44.117 - - [27/Feb/2015:20:50:15 +0100] "GET / HTTP/1.1" 200 3792 "-" "Mozilla/5.0 (compatible; XoviBot/2.0; +http://www.xovibot.net/)"
66.249.78.90 - - [28/Feb/2015:01:41:12 +0100] "GET /robots.txt HTTP/1.1" 404 1256 "-" "Mozilla/5.0 (compatible; Googlebot/2.1; +http://www.google.com/bot.html)"
66.249.78.97 - - [28/Feb/2015:01:41:12 +0100] "GET / HTTP/1.1" 200 3792 "-" "Mozilla/5.0 (iPhone; CPU iPhone OS 6_0 like Mac OS X) AppleWebKit/536.26 (KHTML, like Gecko) Version/6.0 Mobile/10A5376e Safari/8536.25 (compatible; Googlebot/2.1; +http://www.google.com/bot.html)"
109.109.13.238 - - [28/Feb/2015:12:12:32 +0100] "GET / HTTP/1.1" 200 3792 "-" "Mozilla/5.0 (Linux; Android 4.4.2; de-de; SAMSUNG GT-I9505/I9505XXUGNJ5 Build/KOT49H) AppleWebKit/537.36 (KHTML, like Gecko) Version/1.5 Chrome/28.0.1500.94 Mobile Safari/537.36"
109.109.13.238 - - [28/Feb/2015:12:12:33 +0100] "GET /css/bootstrap-responsive.min.css HTTP/1.1" 200 16520 "http://www.beos-polymer.de/" "Mozilla/5.0 (Linux; Android 4.4.2; de-de; SAMSUNG GT-I9505/I9505XXUGNJ5 Build/KOT49H) AppleWebKit/537.36 (KHTML, like Gecko) Version/1.5 Chrome/28.0.1500.94 Mobile Safari/537.36"
109.109.13.238 - - [28/Feb/2015:12:12:33 +0100] "GET /zertifikatthumb.jpg HTTP/1.1" 200 18478 "http://www.beos-polymer.de/" "Mozilla/5.0 (Linux; Android 4.4.2; de-de; SAMSUNG GT-I9505/I9505XXUGNJ5 Build/KOT49H) AppleWebKit/537.36 (KHTML, like Gecko) Version/1.5 Chrome/28.0.1500.94 Mobile Safari/537.36"
109.109.13.238 - - [28/Feb/2015:12:12:33 +0100] "GET /img/beos.jpg HTTP/1.1" 200 46831 "http://www.beos-polymer.de/" "Mozilla/5.0 (Linux; Android 4.4.2; de-de; SAMSUNG GT-I9505/I9505XXUGNJ5 Build/KOT49H) AppleWebKit/537.36 (KHTML, like Gecko) Version/1.5 Chrome/28.0.1500.94 Mobile Safari/537.36"
109.109.13.238 - - [28/Feb/2015:12:12:33 +0100] "GET /css/bootstrap.min.css HTTP/1.1" 200 101265 "http://www.beos-polymer.de/" "Mozilla/5.0 (Linux; Android 4.4.2; de-de; SAMSUNG GT-I9505/I9505XXUGNJ5 Build/KOT49H) AppleWebKit/537.36 (KHTML, like Gecko) Version/1.5 Chrome/28.0.1500.94 Mobile Safari/537.36"
109.109.13.238 - - [28/Feb/2015:12:12:33 +0100] "GET /js/bootstrap.min.js HTTP/1.1" 200 25764 "http://www.beos-polymer.de/" "Mozilla/5.0 (Linux; Android 4.4.2; de-de; SAMSUNG GT-I9505/I9505XXUGNJ5 Build/KOT49H) AppleWebKit/537.36 (KHTML, like Gecko) Version/1.5 Chrome/28.0.1500.94 Mobile Safari/537.36"
109.109.13.238 - - [28/Feb/2015:12:12:36 +0100] "GET /img/glyphicons-halflings.png HTTP/1.1" 200 12799 "http://www.beos-polymer.de/" "Mozilla/5.0 (Linux; Android 4.4.2; de-de; SAMSUNG GT-I9505/I9505XXUGNJ5 Build/KOT49H) AppleWebKit/537.36 (KHTML, like Gecko) Version/1.5 Chrome/28.0.1500.94 Mobile Safari/537.36"
109.109.13.238 - - [28/Feb/2015:12:12:40 +0100] "GET /ico/favicon.ico HTTP/1.1" 404 1256 "-" "Mozilla/5.0 (Linux; Android 4.4.2; de-de; SAMSUNG GT-I9505/I9505XXUGNJ5 Build/KOT49H) AppleWebKit/537.36 (KHTML, like Gecko) Version/1.5 Chrome/28.0.1500.94 Mobile Safari/537.36"
109.109.13.238 - - [28/Feb/2015:12:16:31 +0100] "GET /ico/favicon.ico HTTP/1.1" 404 1256 "-" "Mozilla/5.0 (Linux; Android 4.4.2; de-de; SAMSUNG GT-I9505/I9505XXUGNJ5 Build/KOT49H) AppleWebKit/537.36 (KHTML, like Gecko) Version/1.5 Chrome/28.0.1500.94 Mobile Safari/537.36"
93.186.202.239 - - [28/Feb/2015:14:02:29 +0100] "GET /impressum.html HTTP/1.1" 200 2574 "-" "Mozilla/5.0 (X11; Ubuntu; Linux i686; rv:15.0) Gecko/20100101 Firefox/15.0.1"
93.186.202.239 - - [28/Feb/2015:14:02:29 +0100] "GET / HTTP/1.1" 200 3792 "-" "Mozilla/5.0 (Macintosh; Intel Mac OS X 107) AppleWebKit/534.48.3 (KHTML like Gecko) Version/5.1 Safari/534.48.3"
66.249.78.83 - - [28/Feb/2015:14:35:21 +0100] "GET /robots.txt HTTP/1.1" 404 1256 "-" "Mozilla/5.0 (compatible; Googlebot/2.1; +http://www.google.com/bot.html)"
66.249.78.83 - - [28/Feb/2015:14:35:21 +0100] "GET / HTTP/1.1" 200 3792 "-" "Mozilla/5.0 (compatible; Googlebot/2.1; +http://www.google.com/bot.html)"
66.249.78.97 - - [28/Feb/2015:21:35:38 +0100] "GET / HTTP/1.1" 200 3792 "-" "Mozilla/5.0 (compatible; Googlebot/2.1; +http://www.google.com/bot.html)"
157.55.39.193 - - [28/Feb/2015:21:46:17 +0100] "GET /impressum.html HTTP/1.1" 200 2574 "-" "Mozilla/5.0 (compatible; bingbot/2.0; +http://www.bing.com/bingbot.htm)"
66.249.78.90 - - [28/Feb/2015:22:48:10 +0100] "GET / HTTP/1.1" 200 3792 "-" "Mozilla/5.0 (compatible; Googlebot/2.1; +http://www.google.com/bot.html)"
66.249.78.90 - - [28/Feb/2015:23:07:47 +0100] "GET / HTTP/1.1" 200 3792 "-" "Mozilla/5.0 (iPhone; CPU iPhone OS 6_0 like Mac OS X) AppleWebKit/536.26 (KHTML, like Gecko) Version/6.0 Mobile/10A5376e Safari/8536.25 (compatible; Googlebot/2.1; +http://www.google.com/bot.html)"