66.249.69.218 - - [24/Dec/2014:07:42:05 +0100] "GET / HTTP/1.1" 200 3704 "-" "Mozilla/5.0 (compatible; Googlebot/2.1; +http://www.google.com/bot.html)"
141.8.147.12 - - [24/Dec/2014:12:30:19 +0100] "GET /robots.txt HTTP/1.1" 404 1256 "-" "Mozilla/5.0 (compatible; YandexBot/3.0; +http://yandex.com/bots)"
66.249.69.218 - - [24/Dec/2014:12:48:23 +0100] "GET /impressum.html HTTP/1.1" 304 - "-" "Mozilla/5.0 (compatible; Googlebot/2.1; +http://www.google.com/bot.html)"
66.249.79.138 - - [24/Dec/2014:14:50:17 +0100] "GET /robots.txt HTTP/1.1" 404 1256 "-" "Mozilla/5.0 (compatible; Googlebot/2.1; +http://www.google.com/bot.html)"
66.249.79.122 - - [24/Dec/2014:14:50:17 +0100] "GET / HTTP/1.1" 200 3704 "-" "Mozilla/5.0 (compatible; Googlebot/2.1; +http://www.google.com/bot.html)"
66.249.79.138 - - [24/Dec/2014:15:40:23 +0100] "GET /impressum.html HTTP/1.1" 304 - "-" "Mozilla/5.0 (compatible; Googlebot/2.1; +http://www.google.com/bot.html)"
66.249.79.130 - - [24/Dec/2014:15:56:25 +0100] "GET / HTTP/1.1" 200 3704 "-" "Mozilla/5.0 (iPhone; CPU iPhone OS 6_0 like Mac OS X) AppleWebKit/536.26 (KHTML, like Gecko) Version/6.0 Mobile/10A5376e Safari/8536.25 (compatible; Googlebot/2.1; +http://www.google.com/bot.html)"
66.249.79.122 - - [24/Dec/2014:17:04:42 +0100] "GET / HTTP/1.1" 200 3704 "-" "Mozilla/5.0 (compatible; Googlebot/2.1; +http://www.google.com/bot.html)"
141.8.147.12 - - [24/Dec/2014:19:35:57 +0100] "GET / HTTP/1.1" 200 3704 "-" "Mozilla/5.0 (compatible; YandexBot/3.0; +http://yandex.com/bots)"
66.249.79.130 - - [25/Dec/2014:04:27:16 +0100] "GET /robots.txt HTTP/1.1" 404 1256 "-" "Mozilla/5.0 (compatible; Googlebot/2.1; +http://www.google.com/bot.html)"
66.249.79.122 - - [25/Dec/2014:04:27:17 +0100] "GET /impressum.html HTTP/1.1" 200 2574 "-" "Mozilla/5.0 (compatible; Googlebot/2.1; +http://www.google.com/bot.html)"
66.249.79.138 - - [25/Dec/2014:12:31:07 +0100] "GET /index.html HTTP/1.1" 200 3704 "-" "Mozilla/5.0 (compatible; Googlebot/2.1; +http://www.google.com/bot.html)"
66.249.78.97 - - [26/Dec/2014:05:49:08 +0100] "GET /robots.txt HTTP/1.1" 404 1256 "-" "Mozilla/5.0 (compatible; Googlebot/2.1; +http://www.google.com/bot.html)"
66.249.78.97 - - [26/Dec/2014:05:49:09 +0100] "GET /impressum.html HTTP/1.1" 304 - "-" "Mozilla/5.0 (compatible; Googlebot/2.1; +http://www.google.com/bot.html)"
141.8.147.12 - - [26/Dec/2014:08:56:03 +0100] "GET /robots.txt HTTP/1.1" 404 1256 "-" "Mozilla/5.0 (compatible; YandexBot/3.0; +http://yandex.com/bots)"
141.8.147.12 - - [26/Dec/2014:12:22:31 +0100] "GET / HTTP/1.1" 200 3704 "-" "Mozilla/5.0 (compatible; YandexBot/3.0; +http://yandex.com/bots)"
199.58.86.211 - - [26/Dec/2014:14:04:18 +0100] "GET /robots.txt HTTP/1.0" 404 1256 "-" "Mozilla/5.0 (compatible; MJ12bot/v1.4.5; http://www.majestic12.co.uk/bot.php?+)"
199.58.86.211 - - [26/Dec/2014:14:04:20 +0100] "GET / HTTP/1.0" 200 3704 "-" "Mozilla/5.0 (compatible; MJ12bot/v1.4.5; http://www.majestic12.co.uk/bot.php?+)"
66.249.78.83 - - [26/Dec/2014:14:31:23 +0100] "GET /impressum.html HTTP/1.1" 304 - "-" "Mozilla/5.0 (compatible; Googlebot/2.1; +http://www.google.com/bot.html)"
66.249.78.90 - - [26/Dec/2014:16:56:13 +0100] "GET / HTTP/1.1" 200 3704 "-" "Mozilla/5.0 (compatible; Googlebot/2.1; +http://www.google.com/bot.html)"
66.249.78.90 - - [26/Dec/2014:16:59:13 +0100] "GET /css/bootstrap-responsive.min.css HTTP/1.1" 200 16520 "-" "Mozilla/5.0 (compatible; Googlebot/2.1; +http://www.google.com/bot.html)"
66.249.78.97 - - [26/Dec/2014:16:59:14 +0100] "GET /css/bootstrap.min.css HTTP/1.1" 200 101265 "-" "Mozilla/5.0 (compatible; Googlebot/2.1; +http://www.google.com/bot.html)"
66.249.78.97 - - [26/Dec/2014:19:04:08 +0100] "GET /robots.txt HTTP/1.1" 404 1256 "-" "Mozilla/5.0 (compatible; Googlebot/2.1; +http://www.google.com/bot.html)"
66.249.78.97 - - [26/Dec/2014:19:04:08 +0100] "GET /impressum.html HTTP/1.1" 304 - "-" "Mozilla/5.0 (compatible; Googlebot/2.1; +http://www.google.com/bot.html)"
199.30.25.14 - - [27/Dec/2014:02:30:58 +0100] "GET / HTTP/1.1" 200 3704 "-" "Mozilla/5.0 (iPhone; CPU iPhone OS 7_0 like Mac OS X) AppleWebKit/537.51.1 (KHTML, like Gecko) Version/7.0 Mobile/11A465 Safari/9537.53 BingPreview/1.0b"
207.46.13.111 - - [27/Dec/2014:02:30:59 +0100] "GET /robots.txt HTTP/1.1" 404 1256 "-" "Mozilla/5.0 (compatible; bingbot/2.0; +http://www.bing.com/bingbot.htm)"
199.30.25.14 - - [27/Dec/2014:02:30:59 +0100] "GET /css/bootstrap-responsive.min.css HTTP/1.1" 200 16520 "http://www.beos-polymer.de/" "Mozilla/5.0 (iPhone; CPU iPhone OS 7_0 like Mac OS X) AppleWebKit/537.51.1 (KHTML, like Gecko) Version/7.0 Mobile/11A465 Safari/9537.53 BingPreview/1.0b"
199.30.25.14 - - [27/Dec/2014:02:30:59 +0100] "GET /img/beos.jpg HTTP/1.1" 200 46831 "http://www.beos-polymer.de/" "Mozilla/5.0 (iPhone; CPU iPhone OS 7_0 like Mac OS X) AppleWebKit/537.51.1 (KHTML, like Gecko) Version/7.0 Mobile/11A465 Safari/9537.53 BingPreview/1.0b"
199.30.25.14 - - [27/Dec/2014:02:30:59 +0100] "GET /css/bootstrap.min.css HTTP/1.1" 200 101265 "http://www.beos-polymer.de/" "Mozilla/5.0 (iPhone; CPU iPhone OS 7_0 like Mac OS X) AppleWebKit/537.51.1 (KHTML, like Gecko) Version/7.0 Mobile/11A465 Safari/9537.53 BingPreview/1.0b"
199.30.25.14 - - [27/Dec/2014:02:31:01 +0100] "GET /img/glyphicons-halflings.png HTTP/1.1" 200 12799 "http://www.beos-polymer.de/" "Mozilla/5.0 (iPhone; CPU iPhone OS 7_0 like Mac OS X) AppleWebKit/537.51.1 (KHTML, like Gecko) Version/7.0 Mobile/11A465 Safari/9537.53 BingPreview/1.0b"
199.30.25.14 - - [27/Dec/2014:02:31:01 +0100] "GET /js/bootstrap.min.js HTTP/1.1" 200 25764 "http://www.beos-polymer.de/" "Mozilla/5.0 (iPhone; CPU iPhone OS 7_0 like Mac OS X) AppleWebKit/537.51.1 (KHTML, like Gecko) Version/7.0 Mobile/11A465 Safari/9537.53 BingPreview/1.0b"
207.46.13.111 - - [27/Dec/2014:02:31:05 +0100] "GET /robots.txt HTTP/1.1" 404 1256 "-" "Mozilla/5.0 (compatible; bingbot/2.0; +http://www.bing.com/bingbot.htm)"
121.146.93.228 - - [27/Dec/2014:11:21:40 +0100] "GET /Fckeditor/editor/filemanager/browser/default/connectors/test.html HTTP/1.1" 404 1256 "-" "Mozilla/4.0 (compatible; Win32; WinHttp.WinHttpRequest.5)"
121.146.93.228 - - [27/Dec/2014:11:21:41 +0100] "GET /admin/fckeditor/editor/filemanager/browser/default/connectors/test.html HTTP/1.1" 404 1256 "-" "Mozilla/4.0 (compatible; Win32; WinHttp.WinHttpRequest.5)"
121.146.93.228 - - [27/Dec/2014:11:21:41 +0100] "GET /editor/editor/filemanager/browser/default/connectors/test.html HTTP/1.1" 404 1256 "-" "Mozilla/4.0 (compatible; Win32; WinHttp.WinHttpRequest.5)"
121.146.93.228 - - [27/Dec/2014:11:21:41 +0100] "GET /FCKeditor/editor/filemanager/connectors/uploadtest.html HTTP/1.1" 404 1256 "-" "Mozilla/4.0 (compatible; Win32; WinHttp.WinHttpRequest.5)"
121.146.93.228 - - [27/Dec/2014:11:21:42 +0100] "GET /admin/fckeditor/editor/filemanager/browser/default/connectors/uploadtest.html HTTP/1.1" 404 1256 "-" "Mozilla/4.0 (compatible; Win32; WinHttp.WinHttpRequest.5)"
121.146.93.228 - - [27/Dec/2014:11:21:42 +0100] "GET /editor/editor/filemanager/browser/default/connectors/uploadtest.html HTTP/1.1" 404 1256 "-" "Mozilla/4.0 (compatible; Win32; WinHttp.WinHttpRequest.5)"
121.146.93.228 - - [27/Dec/2014:11:21:42 +0100] "GET /Administrator/fckeditor/editor/filemanager/browser/default/connectors/test.html HTTP/1.1" 404 1256 "-" "Mozilla/4.0 (compatible; Win32; WinHttp.WinHttpRequest.5)"
121.146.93.228 - - [27/Dec/2014:11:21:42 +0100] "GET /Administrator/fckeditor/editor/filemanager/browser/default/connectors/uploadtest.html HTTP/1.1" 404 1256 "-" "Mozilla/4.0 (compatible; Win32; WinHttp.WinHttpRequest.5)"
66.249.78.97 - - [27/Dec/2014:15:40:38 +0100] "GET /robots.txt HTTP/1.1" 404 1256 "-" "Mozilla/5.0 (compatible; Googlebot/2.1; +http://www.google.com/bot.html)"
66.249.69.186 - - [27/Dec/2014:15:40:38 +0100] "GET / HTTP/1.1" 200 3704 "-" "Mozilla/5.0 (compatible; Googlebot/2.1; +http://www.google.com/bot.html)"
80.153.101.65 - - [27/Dec/2014:16:44:54 +0100] "GET / HTTP/1.1" 200 3704 "-" "Mozilla/5.0 (compatible; WeViKaBot/1.0; +http://www.wevika.de/)"
207.46.13.111 - - [27/Dec/2014:17:39:35 +0100] "GET /robots.txt HTTP/1.1" 404 1256 "-" "Mozilla/5.0 (compatible; bingbot/2.0; +http://www.bing.com/bingbot.htm)"
207.46.13.111 - - [27/Dec/2014:17:39:38 +0100] "GET /index.html HTTP/1.1" 200 3704 "-" "Mozilla/5.0 (compatible; bingbot/2.0; +http://www.bing.com/bingbot.htm)"
207.46.13.75 - - [27/Dec/2014:17:39:47 +0100] "GET /css/bootstrap.min.css HTTP/1.1" 200 101265 "-" "Mozilla/5.0 (compatible; bingbot/2.0; +http://www.bing.com/bingbot.htm)"
207.46.13.104 - - [27/Dec/2014:18:59:28 +0100] "GET /js/bootstrap.min.js HTTP/1.1" 200 25764 "-" "Mozilla/5.0 (compatible; bingbot/2.0; +http://www.bing.com/bingbot.htm)"
207.46.13.104 - - [27/Dec/2014:18:59:29 +0100] "GET /css/bootstrap-responsive.min.css HTTP/1.1" 200 16520 "-" "Mozilla/5.0 (compatible; bingbot/2.0; +http://www.bing.com/bingbot.htm)"
66.249.78.83 - - [27/Dec/2014:19:18:33 +0100] "GET /impressum.html HTTP/1.1" 304 - "-" "Mozilla/5.0 (compatible; Googlebot/2.1; +http://www.google.com/bot.html)"
176.9.40.107 - - [27/Dec/2014:19:40:22 +0100] "GET /robots.txt HTTP/1.1" 404 1256 "-" "Mozilla/5.0 (compatible; XoviBot/2.0; +http://www.xovibot.net/)"
185.22.142.94 - - [27/Dec/2014:20:53:18 +0100] "GET /impressum.html HTTP/1.1" 200 2574 "http://www.google.de/url?sa=t&rct=j&q=&esrc=s&source=web&cd=1&cad=rja&uact=8&ved=0CCEQFjAA&url=http%3A%2F%2Fwww.beos-polymer.de%2Fimpressum.html&ei=zg2fVJaCFsXBOcOWgYAL&usg=AFQjCNGm_z3Db7Y6tMgxfE43y5B7CsUreQ&bvm=bv.82001339,d.ZWU" "Mozilla/5.0 (Windows NT 6.1; rv:34.0) Gecko/20100101 Firefox/34.0"
185.22.142.94 - - [27/Dec/2014:20:53:18 +0100] "GET /css/bootstrap-responsive.min.css HTTP/1.1" 200 16520 "http://www.beos-polymer.de/impressum.html" "Mozilla/5.0 (Windows NT 6.1; rv:34.0) Gecko/20100101 Firefox/34.0"
185.22.142.94 - - [27/Dec/2014:20:53:18 +0100] "GET /ico/favicon.ico HTTP/1.1" 404 1256 "-" "Mozilla/5.0 (Windows NT 6.1; rv:34.0) Gecko/20100101 Firefox/34.0"
185.22.142.94 - - [27/Dec/2014:20:53:18 +0100] "GET /js/bootstrap.min.js HTTP/1.1" 200 25764 "http://www.beos-polymer.de/impressum.html" "Mozilla/5.0 (Windows NT 6.1; rv:34.0) Gecko/20100101 Firefox/34.0"
185.22.142.94 - - [27/Dec/2014:20:53:18 +0100] "GET /ico/favicon.ico HTTP/1.1" 404 1256 "-" "Mozilla/5.0 (Windows NT 6.1; rv:34.0) Gecko/20100101 Firefox/34.0"
185.22.142.94 - - [27/Dec/2014:20:53:18 +0100] "GET /css/bootstrap.min.css HTTP/1.1" 200 101265 "http://www.beos-polymer.de/impressum.html" "Mozilla/5.0 (Windows NT 6.1; rv:34.0) Gecko/20100101 Firefox/34.0"
185.22.142.94 - - [27/Dec/2014:20:55:46 +0100] "GET /favicon.ico HTTP/1.1" 404 1256 "-" "Mozilla/5.0 (Windows NT 6.1; rv:34.0) Gecko/20100101 Firefox/34.0"
185.22.142.94 - - [27/Dec/2014:20:55:46 +0100] "GET /favicon.ico HTTP/1.1" 404 1256 "-" "Mozilla/5.0 (Windows NT 6.1; rv:34.0) Gecko/20100101 Firefox/34.0"
141.8.147.12 - - [27/Dec/2014:21:42:54 +0100] "GET /robots.txt HTTP/1.1" 404 1256 "-" "Mozilla/5.0 (compatible; YandexBot/3.0; +http://yandex.com/bots)"
66.249.78.97 - - [27/Dec/2014:22:00:47 +0100] "GET / HTTP/1.1" 200 3704 "-" "Mozilla/5.0 (compatible; Googlebot/2.1; +http://www.google.com/bot.html)"
66.249.69.202 - - [28/Dec/2014:02:48:46 +0100] "GET /impressum.html HTTP/1.1" 304 - "-" "Mozilla/5.0 (compatible; Googlebot/2.1; +http://www.google.com/bot.html)"
66.249.78.90 - - [28/Dec/2014:03:42:44 +0100] "GET /robots.txt HTTP/1.1" 404 1256 "-" "Mozilla/5.0 (compatible; Googlebot/2.1; +http://www.google.com/bot.html)"
66.249.78.83 - - [28/Dec/2014:03:42:44 +0100] "GET / HTTP/1.1" 200 3704 "-" "Mozilla/5.0 (compatible; Googlebot/2.1; +http://www.google.com/bot.html)"
188.165.15.105 - - [28/Dec/2014:06:25:53 +0100] "GET /impressum.html HTTP/1.1" 200 2574 "-" "Mozilla/5.0 (compatible; AhrefsBot/5.0; +http://ahrefs.com/robot/)"
141.8.147.12 - - [28/Dec/2014:06:39:45 +0100] "GET / HTTP/1.1" 200 3704 "-" "Mozilla/5.0 (compatible; YandexBot/3.0; +http://yandex.com/bots)"
66.249.78.97 - - [28/Dec/2014:14:35:46 +0100] "GET / HTTP/1.1" 200 3704 "-" "Mozilla/5.0 (iPhone; CPU iPhone OS 6_0 like Mac OS X) AppleWebKit/536.26 (KHTML, like Gecko) Version/6.0 Mobile/10A5376e Safari/8536.25 (compatible; Googlebot/2.1; +http://www.google.com/bot.html)"
188.165.15.36 - - [28/Dec/2014:17:04:00 +0100] "GET /index.html HTTP/1.1" 200 3704 "-" "Mozilla/5.0 (compatible; AhrefsBot/5.0; +http://ahrefs.com/robot/)"
93.186.202.253 - - [28/Dec/2014:21:16:31 +0100] "GET /impressum.html HTTP/1.1" 200 2574 "-" "Mozilla/5.0 (Windows; U; Windows NT 6.1; WOW64; en-US; rv:2.0.4) Gecko/20120718 AskTbAVR-IDW/3.12.5.17700 Firefox/14.0.1"
93.186.202.253 - - [28/Dec/2014:21:16:32 +0100] "GET / HTTP/1.1" 200 3704 "-" "Mozilla/5.0 (Windows NT 6.1) AppleWebKit/537.36 (KHTML, like Gecko) Chrome/27.0.1453.93 Safari/537.36"
141.8.147.12 - - [29/Dec/2014:14:02:05 +0100] "GET /robots.txt HTTP/1.1" 404 1256 "-" "Mozilla/5.0 (compatible; YandexBot/3.0; +http://yandex.com/bots)"
141.8.147.12 - - [29/Dec/2014:15:22:24 +0100] "GET / HTTP/1.1" 200 3704 "-" "Mozilla/5.0 (compatible; YandexBot/3.0; +http://yandex.com/bots)"
188.165.15.233 - - [29/Dec/2014:18:40:00 +0100] "GET /robots.txt HTTP/1.1" 404 1256 "-" "Mozilla/5.0 (compatible; AhrefsBot/5.0; +http://ahrefs.com/robot/)"
72.46.136.178 - - [30/Dec/2014:02:59:18 +0100] "GET / HTTP/1.1" 200 3704 "-" "Mozilla/4.0 (compatible; MSIE 6.0; Windows NT 5.1; SV1)"
66.249.78.83 - - [30/Dec/2014:12:51:13 +0100] "GET /robots.txt HTTP/1.1" 404 1256 "-" "Mozilla/5.0 (compatible; Googlebot/2.1; +http://www.google.com/bot.html)"
66.249.78.97 - - [30/Dec/2014:12:51:13 +0100] "GET / HTTP/1.1" 200 3704 "-" "Mozilla/5.0 (iPhone; CPU iPhone OS 6_0 like Mac OS X) AppleWebKit/536.26 (KHTML, like Gecko) Version/6.0 Mobile/10A5376e Safari/8536.25 (compatible; Googlebot/2.1; +http://www.google.com/bot.html)"
66.249.78.83 - - [30/Dec/2014:16:40:11 +0100] "GET /css/bootstrap-responsive.min.css HTTP/1.1" 200 16520 "-" "Mozilla/5.0 (compatible; Googlebot/2.1; +http://www.google.com/bot.html)"
66.249.78.97 - - [30/Dec/2014:17:10:50 +0100] "GET /css/bootstrap.min.css HTTP/1.1" 200 101265 "-" "Mozilla/5.0 (compatible; Googlebot/2.1; +http://www.google.com/bot.html)"
5.9.112.68 - - [30/Dec/2014:18:51:14 +0100] "GET /robots.txt HTTP/1.1" 404 1256 "-" "Mozilla/5.0 (compatible; SISTRIX Crawler; http://crawler.sistrix.net/)"
5.9.112.68 - - [30/Dec/2014:18:51:15 +0100] "GET / HTTP/1.1" 206 3704 "-" "Mozilla/5.0 (compatible; SISTRIX Crawler; http://crawler.sistrix.net/)"
66.249.78.90 - - [31/Dec/2014:00:39:12 +0100] "GET / HTTP/1.1" 200 3704 "-" "Mozilla/5.0 (iPhone; CPU iPhone OS 6_0 like Mac OS X) AppleWebKit/536.26 (KHTML, like Gecko) Version/6.0 Mobile/10A5376e Safari/8536.25 (compatible; Googlebot/2.1; +http://www.google.com/bot.html)"
141.8.147.12 - - [31/Dec/2014:09:10:32 +0100] "GET /robots.txt HTTP/1.1" 404 1256 "-" "Mozilla/5.0 (compatible; YandexBot/3.0; +http://yandex.com/bots)"
98.126.22.114 - - [31/Dec/2014:10:25:33 +0100] "GET /Fckeditor/editor/filemanager/browser/default/connectors/test.html HTTP/1.1" 404 1256 "-" "Mozilla/4.0 (compatible; Win32; WinHttp.WinHttpRequest.5)"
98.126.22.114 - - [31/Dec/2014:10:25:34 +0100] "GET /admin/fckeditor/editor/filemanager/browser/default/connectors/test.html HTTP/1.1" 404 1256 "-" "Mozilla/4.0 (compatible; Win32; WinHttp.WinHttpRequest.5)"
98.126.22.114 - - [31/Dec/2014:10:25:34 +0100] "GET /editor/editor/filemanager/browser/default/connectors/test.html HTTP/1.1" 404 1256 "-" "Mozilla/4.0 (compatible; Win32; WinHttp.WinHttpRequest.5)"
98.126.22.114 - - [31/Dec/2014:10:25:34 +0100] "GET /FCKeditor/editor/filemanager/connectors/uploadtest.html HTTP/1.1" 404 1256 "-" "Mozilla/4.0 (compatible; Win32; WinHttp.WinHttpRequest.5)"
98.126.22.114 - - [31/Dec/2014:10:25:34 +0100] "GET /admin/fckeditor/editor/filemanager/browser/default/connectors/uploadtest.html HTTP/1.1" 404 1256 "-" "Mozilla/4.0 (compatible; Win32; WinHttp.WinHttpRequest.5)"
98.126.22.114 - - [31/Dec/2014:10:25:34 +0100] "GET /editor/editor/filemanager/browser/default/connectors/uploadtest.html HTTP/1.1" 404 1256 "-" "Mozilla/4.0 (compatible; Win32; WinHttp.WinHttpRequest.5)"
98.126.22.114 - - [31/Dec/2014:10:25:34 +0100] "GET /Administrator/fckeditor/editor/filemanager/browser/default/connectors/test.html HTTP/1.1" 404 1256 "-" "Mozilla/4.0 (compatible; Win32; WinHttp.WinHttpRequest.5)"
98.126.22.114 - - [31/Dec/2014:10:25:35 +0100] "GET /Administrator/fckeditor/editor/filemanager/browser/default/connectors/uploadtest.html HTTP/1.1" 404 1256 "-" "Mozilla/4.0 (compatible; Win32; WinHttp.WinHttpRequest.5)"
141.8.147.12 - - [31/Dec/2014:15:15:33 +0100] "GET / HTTP/1.1" 200 3704 "-" "Mozilla/5.0 (compatible; YandexBot/3.0; +http://yandex.com/bots)"