176.9.40.107 - - [01/Dec/2014:00:26:03 +0100] "GET /robots.txt HTTP/1.1" 404 1256 "-" "Mozilla/5.0 (compatible; XoviBot/2.0; +http://www.xovibot.net/)"
27.153.251.209 - - [01/Dec/2014:01:35:57 +0100] "GET / HTTP/1.1" 200 3704 "-" "Mozilla/4.0 (compatible; MSIE 6.0; Windows NT 5.1; SV1; Mozilla/4.0 (compatible; MSIE 6.0; Windows NT 5.1; SV1) ; .NET CLR 2.0.50727 ; .NET CLR 4.0.30319)"
123.125.71.47 - - [01/Dec/2014:08:26:29 +0100] "GET / HTTP/1.1" 200 3704 "-" "Mozilla/5.0 (compatible; Baiduspider/2.0; +http://www.baidu.com/search/spider.html)"
123.125.71.69 - - [01/Dec/2014:08:55:01 +0100] "GET /robots.txt HTTP/1.1" 404 1256 "-" "Mozilla/5.0 (compatible; Baiduspider/2.0; +http://www.baidu.com/search/spider.html)"
95.172.68.146 - - [01/Dec/2014:12:24:22 +0100] "GET / HTTP/1.1" 200 3704 "http://www.mochau.de/Gemeindegebiet.phtml" "Mozilla/5.0 (compatible; MSIE 9.0; Windows NT 6.1; Win64; x64; Trident/5.0)"
95.172.68.146 - - [01/Dec/2014:12:24:22 +0100] "GET /css/bootstrap-responsive.min.css HTTP/1.1" 200 16520 "http://www.beos-polymer.de/" "Mozilla/5.0 (compatible; MSIE 9.0; Windows NT 6.1; Win64; x64; Trident/5.0)"
95.172.68.146 - - [01/Dec/2014:12:24:22 +0100] "GET /css/bootstrap.min.css HTTP/1.1" 200 101265 "http://www.beos-polymer.de/" "Mozilla/5.0 (compatible; MSIE 9.0; Windows NT 6.1; Win64; x64; Trident/5.0)"
95.172.68.146 - - [01/Dec/2014:12:24:22 +0100] "GET /img/beos.jpg HTTP/1.1" 200 46831 "http://www.beos-polymer.de/" "Mozilla/5.0 (compatible; MSIE 9.0; Windows NT 6.1; Win64; x64; Trident/5.0)"
95.172.68.146 - - [01/Dec/2014:12:24:22 +0100] "GET /js/bootstrap.min.js HTTP/1.1" 200 25764 "http://www.beos-polymer.de/" "Mozilla/5.0 (compatible; MSIE 9.0; Windows NT 6.1; Win64; x64; Trident/5.0)"
95.172.68.146 - - [01/Dec/2014:12:24:22 +0100] "GET /img/glyphicons-halflings.png HTTP/1.1" 200 12799 "http://www.beos-polymer.de/" "Mozilla/5.0 (compatible; MSIE 9.0; Windows NT 6.1; Win64; x64; Trident/5.0)"
66.249.78.82 - - [01/Dec/2014:20:40:43 +0100] "GET /robots.txt HTTP/1.1" 404 1256 "-" "Mozilla/5.0 (compatible; Googlebot/2.1; +http://www.google.com/bot.html)"
66.249.78.96 - - [01/Dec/2014:20:40:43 +0100] "GET / HTTP/1.1" 304 - "-" "Mozilla/5.0 (iPhone; CPU iPhone OS 6_0 like Mac OS X) AppleWebKit/536.26 (KHTML, like Gecko) Version/6.0 Mobile/10A5376e Safari/8536.25 (compatible; Googlebot/2.1; +http://www.google.com/bot.html)"
93.217.212.6 - - [01/Dec/2014:20:48:59 +0100] "GET / HTTP/1.1" 200 3704 "http://www.google.de/url?sa=t&source=web&cd=11&ved=0CDkQFjAK&url=http%3A%2F%2Fwww.beos-polymer.de%2F&rct=j&q=beos%20polymer&ei=n8V8VPfKHYjcywOr3oEY&usg=AFQjCNHkP8INSL1dW-97m1F_ljbLQHJSGA&bvm=bv.80642063,d.bGQ" "Mozilla/5.0 (Linux; U; Android 4.3; de-de; SAMSUNG GT-I9305/I9305XXUENH1 Build/JSS15J) AppleWebKit/534.30 (KHTML, like Gecko) Version/4.0 Mobile Safari/534.30"
93.217.212.6 - - [01/Dec/2014:20:49:00 +0100] "GET /css/bootstrap-responsive.min.css HTTP/1.1" 200 16520 "http://www.beos-polymer.de/" "Mozilla/5.0 (Linux; U; Android 4.3; de-de; SAMSUNG GT-I9305/I9305XXUENH1 Build/JSS15J) AppleWebKit/534.30 (KHTML, like Gecko) Version/4.0 Mobile Safari/534.30"
93.217.212.6 - - [01/Dec/2014:20:49:00 +0100] "GET /js/bootstrap.min.js HTTP/1.1" 200 25764 "http://www.beos-polymer.de/" "Mozilla/5.0 (Linux; U; Android 4.3; de-de; SAMSUNG GT-I9305/I9305XXUENH1 Build/JSS15J) AppleWebKit/534.30 (KHTML, like Gecko) Version/4.0 Mobile Safari/534.30"
93.217.212.6 - - [01/Dec/2014:20:49:00 +0100] "GET /img/beos.jpg HTTP/1.1" 200 46831 "http://www.beos-polymer.de/" "Mozilla/5.0 (Linux; U; Android 4.3; de-de; SAMSUNG GT-I9305/I9305XXUENH1 Build/JSS15J) AppleWebKit/534.30 (KHTML, like Gecko) Version/4.0 Mobile Safari/534.30"
93.217.212.6 - - [01/Dec/2014:20:49:00 +0100] "GET /css/bootstrap.min.css HTTP/1.1" 200 101265 "http://www.beos-polymer.de/" "Mozilla/5.0 (Linux; U; Android 4.3; de-de; SAMSUNG GT-I9305/I9305XXUENH1 Build/JSS15J) AppleWebKit/534.30 (KHTML, like Gecko) Version/4.0 Mobile Safari/534.30"
93.217.212.6 - - [01/Dec/2014:20:49:00 +0100] "GET /img/glyphicons-halflings.png HTTP/1.1" 200 12799 "http://www.beos-polymer.de/" "Mozilla/5.0 (Linux; U; Android 4.3; de-de; SAMSUNG GT-I9305/I9305XXUENH1 Build/JSS15J) AppleWebKit/534.30 (KHTML, like Gecko) Version/4.0 Mobile Safari/534.30"
93.217.212.6 - - [01/Dec/2014:20:49:01 +0100] "GET /ico/favicon.ico HTTP/1.1" 404 1256 "http://www.beos-polymer.de/" "Mozilla/5.0 (Linux; U; Android 4.3; de-de; SAMSUNG GT-I9305/I9305XXUENH1 Build/JSS15J) AppleWebKit/534.30 (KHTML, like Gecko) Version/4.0 Mobile Safari/534.30"
188.165.15.177 - - [02/Dec/2014:03:25:11 +0100] "GET /robots.txt HTTP/1.1" 404 1256 "-" "Mozilla/5.0 (compatible; AhrefsBot/5.0; +http://ahrefs.com/robot/)"
87.139.201.32 - - [02/Dec/2014:07:00:24 +0100] "GET / HTTP/1.1" 200 3704 "http://www.google.de/url?sa=t&rct=j&q=&esrc=s&source=web&cd=2&ved=0CCsQFjAB&url=http%3A%2F%2Fwww.beos-polymer.de%2F&ei=CFV9VKu9FYTkaJPQgMAN&usg=AFQjCNHkP8INSL1dW-97m1F_ljbLQHJSGA&sig2=5wUtRx7SD667Pgt45mb3lA&bvm=bv.80642063,d.d2s" "Mozilla/5.0 (Windows NT 6.1; WOW64; rv:33.0) Gecko/20100101 Firefox/33.0"
87.139.201.32 - - [02/Dec/2014:07:00:24 +0100] "GET /css/bootstrap-responsive.min.css HTTP/1.1" 200 16520 "http://www.beos-polymer.de/" "Mozilla/5.0 (Windows NT 6.1; WOW64; rv:33.0) Gecko/20100101 Firefox/33.0"
87.139.201.32 - - [02/Dec/2014:07:00:24 +0100] "GET /ico/favicon.ico HTTP/1.1" 404 1256 "-" "Mozilla/5.0 (Windows NT 6.1; WOW64; rv:33.0) Gecko/20100101 Firefox/33.0"
87.139.201.32 - - [02/Dec/2014:07:00:24 +0100] "GET /ico/favicon.ico HTTP/1.1" 404 1256 "-" "Mozilla/5.0 (Windows NT 6.1; WOW64; rv:33.0) Gecko/20100101 Firefox/33.0"
87.139.201.32 - - [02/Dec/2014:07:00:24 +0100] "GET /css/bootstrap.min.css HTTP/1.1" 200 101265 "http://www.beos-polymer.de/" "Mozilla/5.0 (Windows NT 6.1; WOW64; rv:33.0) Gecko/20100101 Firefox/33.0"
87.139.201.32 - - [02/Dec/2014:07:00:25 +0100] "GET /js/bootstrap.min.js HTTP/1.1" 200 25764 "http://www.beos-polymer.de/" "Mozilla/5.0 (Windows NT 6.1; WOW64; rv:33.0) Gecko/20100101 Firefox/33.0"
87.139.201.32 - - [02/Dec/2014:07:00:25 +0100] "GET /img/beos.jpg HTTP/1.1" 200 46831 "http://www.beos-polymer.de/" "Mozilla/5.0 (Windows NT 6.1; WOW64; rv:33.0) Gecko/20100101 Firefox/33.0"
87.139.201.32 - - [02/Dec/2014:07:00:25 +0100] "GET /ico/favicon.ico HTTP/1.1" 404 1256 "-" "Mozilla/5.0 (Windows NT 6.1; WOW64; rv:33.0) Gecko/20100101 Firefox/33.0"
141.8.147.12 - - [02/Dec/2014:09:58:15 +0100] "GET /robots.txt HTTP/1.1" 404 1256 "-" "Mozilla/5.0 (compatible; YandexBot/3.0; +http://yandex.com/bots)"
141.8.147.12 - - [02/Dec/2014:09:58:17 +0100] "GET / HTTP/1.1" 200 3704 "-" "Mozilla/5.0 (compatible; YandexBot/3.0; +http://yandex.com/bots)"
62.153.98.51 - - [03/Dec/2014:09:04:43 +0100] "GET / HTTP/1.1" 200 3704 "http://www.google.de/url?sa=t&rct=j&q=&esrc=s&source=web&cd=1&ved=0CCMQFjAA&url=http%3A%2F%2Fwww.beos-polymer.de%2F&ei=BsR-VI6NIMv3apPugagD&usg=AFQjCNHkP8INSL1dW-97m1F_ljbLQHJSGA&bvm=bv.80642063,d.d2s" "Mozilla/5.0 (Windows NT 6.1; rv:33.0) Gecko/20100101 Firefox/33.0"
62.153.98.51 - - [03/Dec/2014:09:04:44 +0100] "GET /ico/favicon.ico HTTP/1.1" 404 1256 "-" "Mozilla/5.0 (Windows NT 6.1; rv:33.0) Gecko/20100101 Firefox/33.0"
62.153.98.51 - - [03/Dec/2014:09:04:44 +0100] "GET /css/bootstrap.min.css HTTP/1.1" 200 101265 "http://www.beos-polymer.de/" "Mozilla/5.0 (Windows NT 6.1; rv:33.0) Gecko/20100101 Firefox/33.0"
62.153.98.51 - - [03/Dec/2014:09:04:44 +0100] "GET /css/bootstrap-responsive.min.css HTTP/1.1" 200 16520 "http://www.beos-polymer.de/" "Mozilla/5.0 (Windows NT 6.1; rv:33.0) Gecko/20100101 Firefox/33.0"
62.153.98.51 - - [03/Dec/2014:09:04:44 +0100] "GET /ico/favicon.ico HTTP/1.1" 404 1256 "-" "Mozilla/5.0 (Windows NT 6.1; rv:33.0) Gecko/20100101 Firefox/33.0"
62.153.98.51 - - [03/Dec/2014:09:04:44 +0100] "GET /img/beos.jpg HTTP/1.1" 200 46831 "http://www.beos-polymer.de/" "Mozilla/5.0 (Windows NT 6.1; rv:33.0) Gecko/20100101 Firefox/33.0"
62.153.98.51 - - [03/Dec/2014:09:04:44 +0100] "GET /js/bootstrap.min.js HTTP/1.1" 200 25764 "http://www.beos-polymer.de/" "Mozilla/5.0 (Windows NT 6.1; rv:33.0) Gecko/20100101 Firefox/33.0"
141.8.147.12 - - [03/Dec/2014:11:00:32 +0100] "GET /robots.txt HTTP/1.1" 404 1256 "-" "Mozilla/5.0 (compatible; YandexBot/3.0; +http://yandex.com/bots)"
77.48.246.195 - - [03/Dec/2014:12:32:05 +0100] "GET / HTTP/1.1" 200 3704 "http://www.google.com/url?sa=t&rct=j&q=&esrc=s&source=web&cd=2&ved=0CCkQFjAB&url=http%3A%2F%2Fwww.beos-polymer.de%2F&ei=n_R-VOKyKMPnyQPutILIDg&usg=AFQjCNHkP8INSL1dW-97m1F_ljbLQHJSGA&bvm=bv.80642063,d.bGQ" "Mozilla/5.0 (Windows NT 6.1; WOW64; rv:34.0) Gecko/20100101 Firefox/34.0"
77.48.246.195 - - [03/Dec/2014:12:32:06 +0100] "GET /css/bootstrap-responsive.min.css HTTP/1.1" 200 16520 "http://www.beos-polymer.de/" "Mozilla/5.0 (Windows NT 6.1; WOW64; rv:34.0) Gecko/20100101 Firefox/34.0"
77.48.246.195 - - [03/Dec/2014:12:32:06 +0100] "GET /js/bootstrap.min.js HTTP/1.1" 200 25764 "http://www.beos-polymer.de/" "Mozilla/5.0 (Windows NT 6.1; WOW64; rv:34.0) Gecko/20100101 Firefox/34.0"
77.48.246.195 - - [03/Dec/2014:12:32:06 +0100] "GET /ico/favicon.ico HTTP/1.1" 404 1256 "-" "Mozilla/5.0 (Windows NT 6.1; WOW64; rv:34.0) Gecko/20100101 Firefox/34.0"
77.48.246.195 - - [03/Dec/2014:12:32:06 +0100] "GET /ico/favicon.ico HTTP/1.1" 404 1256 "-" "Mozilla/5.0 (Windows NT 6.1; WOW64; rv:34.0) Gecko/20100101 Firefox/34.0"
77.48.246.195 - - [03/Dec/2014:12:32:06 +0100] "GET /css/bootstrap.min.css HTTP/1.1" 200 101265 "http://www.beos-polymer.de/" "Mozilla/5.0 (Windows NT 6.1; WOW64; rv:34.0) Gecko/20100101 Firefox/34.0"
77.48.246.195 - - [03/Dec/2014:12:32:06 +0100] "GET /img/beos.jpg HTTP/1.1" 200 46831 "http://www.beos-polymer.de/" "Mozilla/5.0 (Windows NT 6.1; WOW64; rv:34.0) Gecko/20100101 Firefox/34.0"
77.48.246.195 - - [03/Dec/2014:12:32:06 +0100] "GET /ico/favicon.ico HTTP/1.1" 404 1256 "-" "Mozilla/5.0 (Windows NT 6.1; WOW64; rv:34.0) Gecko/20100101 Firefox/34.0"
141.8.147.12 - - [03/Dec/2014:13:14:08 +0100] "GET / HTTP/1.1" 200 3704 "-" "Mozilla/5.0 (compatible; YandexBot/3.0; +http://yandex.com/bots)"
176.9.40.107 - - [03/Dec/2014:14:03:18 +0100] "GET /robots.txt HTTP/1.1" 404 1256 "-" "Mozilla/5.0 (compatible; XoviBot/2.0; +http://www.xovibot.net/)"
217.243.244.18 - - [03/Dec/2014:16:36:25 +0100] "GET / HTTP/1.1" 200 3704 "http://www.google.de/url?sa=t&rct=j&q=&esrc=s&frm=1&source=web&cd=2&ved=0CCkQFjAB&url=http%3A%2F%2Fwww.beos-polymer.de%2F&ei=uy1_VNqbLub9ygP1loCoDw&usg=AFQjCNHkP8INSL1dW-97m1F_ljbLQHJSGA&bvm=bv.80642063,d.bGQ" "Mozilla/5.0 (compatible; MSIE 10.0; Windows NT 6.1; WOW64; Trident/6.0)"
217.243.244.18 - - [03/Dec/2014:16:36:25 +0100] "GET /css/bootstrap-responsive.min.css HTTP/1.1" 200 16520 "http://www.beos-polymer.de/" "Mozilla/5.0 (compatible; MSIE 10.0; Windows NT 6.1; WOW64; Trident/6.0)"
217.243.244.18 - - [03/Dec/2014:16:36:25 +0100] "GET /js/bootstrap.min.js HTTP/1.1" 200 25764 "http://www.beos-polymer.de/" "Mozilla/5.0 (compatible; MSIE 10.0; Windows NT 6.1; WOW64; Trident/6.0)"
217.243.244.18 - - [03/Dec/2014:16:36:25 +0100] "GET /img/beos.jpg HTTP/1.1" 200 46831 "http://www.beos-polymer.de/" "Mozilla/5.0 (compatible; MSIE 10.0; Windows NT 6.1; WOW64; Trident/6.0)"
217.243.244.18 - - [03/Dec/2014:16:36:25 +0100] "GET /css/bootstrap.min.css HTTP/1.1" 200 101265 "http://www.beos-polymer.de/" "Mozilla/5.0 (compatible; MSIE 10.0; Windows NT 6.1; WOW64; Trident/6.0)"
217.243.244.18 - - [03/Dec/2014:16:36:29 +0100] "GET /ico/favicon.ico HTTP/1.1" 404 1256 "-" "Mozilla/5.0 (compatible; MSIE 10.0; Windows NT 6.1; WOW64; Trident/6.0)"
72.52.116.244 - - [04/Dec/2014:05:21:31 +0100] "HEAD / HTTP/1.1" 200 - "-" "Mozilla/4.0 (compatible; MSIE 6.0; Windows NT 5.1; SV1)"
72.52.116.244 - - [04/Dec/2014:05:21:32 +0100] "GET / HTTP/1.1" 200 3704 "-" "Mozilla/4.0 (compatible; MSIE 6.0; Windows NT 5.1; SV1)"
72.52.116.244 - - [04/Dec/2014:05:21:39 +0100] "HEAD /impressum.html HTTP/1.1" 200 - "-" "Mozilla/4.0 (compatible; MSIE 6.0; Windows NT 5.1; SV1)"
72.52.116.244 - - [04/Dec/2014:05:21:40 +0100] "GET /impressum.html HTTP/1.1" 200 2574 "-" "Mozilla/4.0 (compatible; MSIE 6.0; Windows NT 5.1; SV1)"
194.76.180.114 - - [04/Dec/2014:09:15:52 +0100] "GET / HTTP/1.1" 200 3704 "http://www.google.de/url?sa=t&rct=j&q=&esrc=s&frm=1&source=web&cd=2&ved=0CCkQFjAB&url=http%3A%2F%2Fwww.beos-polymer.de%2F&ei=ExiAVOu3PIbAOfSQgYAG&usg=AFQjCNHkP8INSL1dW-97m1F_ljbLQHJSGA&bvm=bv.80642063,d.ZWU" "Mozilla/5.0 (compatible; MSIE 9.0; Windows NT 6.1; Trident/5.0)"
194.76.180.114 - - [04/Dec/2014:09:15:52 +0100] "GET /css/bootstrap-responsive.min.css HTTP/1.1" 200 16520 "http://www.beos-polymer.de/" "Mozilla/5.0 (compatible; MSIE 9.0; Windows NT 6.1; Trident/5.0)"
194.76.180.114 - - [04/Dec/2014:09:15:52 +0100] "GET /css/bootstrap.min.css HTTP/1.1" 200 101265 "http://www.beos-polymer.de/" "Mozilla/5.0 (compatible; MSIE 9.0; Windows NT 6.1; Trident/5.0)"
194.76.180.114 - - [04/Dec/2014:09:15:53 +0100] "GET /js/bootstrap.min.js HTTP/1.1" 200 25764 "http://www.beos-polymer.de/" "Mozilla/5.0 (compatible; MSIE 9.0; Windows NT 6.1; Trident/5.0)"
194.76.180.114 - - [04/Dec/2014:09:15:53 +0100] "GET /img/beos.jpg HTTP/1.1" 200 46831 "http://www.beos-polymer.de/" "Mozilla/5.0 (compatible; MSIE 9.0; Windows NT 6.1; Trident/5.0)"
194.76.180.114 - - [04/Dec/2014:09:15:53 +0100] "GET /img/glyphicons-halflings.png HTTP/1.1" 200 12799 "http://www.beos-polymer.de/" "Mozilla/5.0 (compatible; MSIE 9.0; Windows NT 6.1; Trident/5.0)"
194.76.180.114 - - [04/Dec/2014:09:15:54 +0100] "GET /ico/favicon.ico HTTP/1.1" 404 1256 "-" "Mozilla/5.0 (compatible; MSIE 9.0; Windows NT 6.1; Trident/5.0)"
194.76.180.114 - - [04/Dec/2014:09:16:31 +0100] "GET /ico/favicon.ico HTTP/1.1" 404 1256 "-" "Mozilla/5.0 (compatible; MSIE 9.0; Windows NT 6.1; Trident/5.0)"
66.249.78.83 - - [05/Dec/2014:01:33:16 +0100] "GET /robots.txt HTTP/1.1" 404 1256 "-" "Mozilla/5.0 (compatible; Googlebot/2.1; +http://www.google.com/bot.html)"
66.249.78.83 - - [05/Dec/2014:01:33:16 +0100] "GET / HTTP/1.1" 200 3704 "-" "Mozilla/5.0 (compatible; Googlebot/2.1; +http://www.google.com/bot.html)"
141.8.147.12 - - [05/Dec/2014:10:58:20 +0100] "GET /robots.txt HTTP/1.1" 404 1256 "-" "Mozilla/5.0 (compatible; YandexBot/3.0; +http://yandex.com/bots)"
141.8.147.12 - - [05/Dec/2014:13:59:56 +0100] "GET / HTTP/1.1" 200 3704 "-" "Mozilla/5.0 (compatible; YandexBot/3.0; +http://yandex.com/bots)"
123.125.71.115 - - [05/Dec/2014:17:37:44 +0100] "GET /robots.txt HTTP/1.1" 404 1256 "-" "Mozilla/5.0 (compatible; Baiduspider/2.0; +http://www.baidu.com/search/spider.html)"
220.181.108.104 - - [05/Dec/2014:17:41:18 +0100] "GET / HTTP/1.1" 200 3704 "-" "Mozilla/5.0 (compatible; Baiduspider/2.0; +http://www.baidu.com/search/spider.html)"
66.249.67.130 - - [05/Dec/2014:21:09:18 +0100] "GET /robots.txt HTTP/1.1" 404 1256 "-" "Mozilla/5.0 (compatible; Googlebot/2.1; +http://www.google.com/bot.html)"
66.249.67.130 - - [05/Dec/2014:21:09:18 +0100] "GET / HTTP/1.1" 200 3704 "-" "Mozilla/5.0 (compatible; Googlebot/2.1; +http://www.google.com/bot.html)"
66.249.67.130 - - [05/Dec/2014:22:17:02 +0100] "GET / HTTP/1.1" 200 3704 "-" "Mozilla/5.0 (iPhone; CPU iPhone OS 6_0 like Mac OS X) AppleWebKit/536.26 (KHTML, like Gecko) Version/6.0 Mobile/10A5376e Safari/8536.25 (compatible; Googlebot/2.1; +http://www.google.com/bot.html)"
66.249.67.122 - - [06/Dec/2014:02:15:59 +0100] "GET /css/bootstrap.min.css HTTP/1.1" 200 101265 "-" "Mozilla/5.0 (compatible; Googlebot/2.1; +http://www.google.com/bot.html)"
85.142.20.210 - - [06/Dec/2014:05:58:56 +0100] "GET / HTTP/1.1" 200 3704 "-" "Mozilla/42.0 (compatible; MSIE 28.0; Win128)"
199.58.86.209 - - [06/Dec/2014:18:40:52 +0100] "GET /robots.txt HTTP/1.0" 404 1256 "-" "Mozilla/5.0 (compatible; MJ12bot/v1.4.5; http://www.majestic12.co.uk/bot.php?+)"
199.58.86.209 - - [06/Dec/2014:18:40:54 +0100] "GET / HTTP/1.0" 200 3704 "-" "Mozilla/5.0 (compatible; MJ12bot/v1.4.5; http://www.majestic12.co.uk/bot.php?+)"
66.249.78.97 - - [06/Dec/2014:21:21:18 +0100] "GET /robots.txt HTTP/1.1" 404 1256 "-" "Mozilla/5.0 (compatible; Googlebot/2.1; +http://www.google.com/bot.html)"
66.249.78.97 - - [06/Dec/2014:21:21:18 +0100] "GET / HTTP/1.1" 304 - "-" "Mozilla/5.0 (compatible; Googlebot/2.1; +http://www.google.com/bot.html)"
66.249.78.83 - - [06/Dec/2014:21:28:33 +0100] "GET /impressum.html HTTP/1.1" 304 - "-" "Mozilla/5.0 (compatible; Googlebot/2.1; +http://www.google.com/bot.html)"
64.246.165.160 - - [06/Dec/2014:21:31:21 +0100] "GET /robots.txt HTTP/1.0" 404 1256 "-" "Mozilla/5.0 (Windows; U; Windows NT 5.1; en; rv:1.9.0.13) Gecko/2009073022 Firefox/3.5.2 (.NET CLR 3.5.30729) SurveyBot/2.3 (DomainTools)"
64.246.165.160 - - [06/Dec/2014:21:31:21 +0100] "GET / HTTP/1.1" 200 3704 "http://whois.domaintools.com/beos-polymer.de" "Mozilla/5.0 (Windows; U; Windows NT 5.1; en; rv:1.9.0.13) Gecko/2009073022 Firefox/3.5.2 (.NET CLR 3.5.30729) SurveyBot/2.3 (DomainTools)"
66.249.78.97 - - [07/Dec/2014:02:11:51 +0100] "GET / HTTP/1.1" 304 - "-" "Mozilla/5.0 (compatible; Googlebot/2.1; +http://www.google.com/bot.html)"
66.249.64.90 - - [07/Dec/2014:02:22:33 +0100] "GET /impressum.html HTTP/1.1" 304 - "-" "Mozilla/5.0 (compatible; Googlebot/2.1; +http://www.google.com/bot.html)"
66.249.78.83 - - [07/Dec/2014:04:14:44 +0100] "GET / HTTP/1.1" 304 - "-" "Mozilla/5.0 (compatible; Googlebot/2.1; +http://www.google.com/bot.html)"
141.8.147.12 - - [07/Dec/2014:05:00:49 +0100] "GET /robots.txt HTTP/1.1" 404 1256 "-" "Mozilla/5.0 (compatible; YandexBot/3.0; +http://yandex.com/bots)"
141.8.147.12 - - [07/Dec/2014:05:00:52 +0100] "GET / HTTP/1.1" 200 3704 "-" "Mozilla/5.0 (compatible; YandexBot/3.0; +http://yandex.com/bots)"
66.249.78.83 - - [07/Dec/2014:06:58:08 +0100] "GET / HTTP/1.1" 304 - "-" "Mozilla/5.0 (iPhone; CPU iPhone OS 6_0 like Mac OS X) AppleWebKit/536.26 (KHTML, like Gecko) Version/6.0 Mobile/10A5376e Safari/8536.25 (compatible; Googlebot/2.1; +http://www.google.com/bot.html)"
157.55.39.181 - - [07/Dec/2014:15:01:42 +0100] "GET /robots.txt HTTP/1.1" 404 1256 "-" "Mozilla/5.0 (compatible; bingbot/2.0; +http://www.bing.com/bingbot.htm)"
157.55.39.181 - - [07/Dec/2014:15:01:50 +0100] "GET / HTTP/1.1" 304 - "-" "Mozilla/5.0 (compatible; bingbot/2.0; +http://www.bing.com/bingbot.htm)"
81.161.59.17 - - [07/Dec/2014:15:18:35 +0100] "GET / HTTP/1.1" 200 3704 "-" "Mozilla/5.0 (Windows NT 6.2) AppleWebKit/536.6 (KHTML, like Gecko) Chrome/20.0.1090.0 Safari/536.6"
81.161.59.17 - - [07/Dec/2014:15:18:38 +0100] "GET /impressum.html HTTP/1.1" 200 2574 "-" "Mozilla/5.0 (Windows NT 6.2) AppleWebKit/536.6 (KHTML, like Gecko) Chrome/20.0.1090.0 Safari/536.6"
81.161.59.17 - - [07/Dec/2014:15:18:40 +0100] "GET /index.html HTTP/1.1" 200 3704 "-" "Mozilla/5.0 (Windows NT 6.2) AppleWebKit/536.6 (KHTML, like Gecko) Chrome/20.0.1090.0 Safari/536.6"
66.249.78.83 - - [07/Dec/2014:19:37:39 +0100] "GET /robots.txt HTTP/1.1" 404 1256 "-" "Mozilla/5.0 (compatible; Googlebot/2.1; +http://www.google.com/bot.html)"
66.249.78.97 - - [07/Dec/2014:19:37:39 +0100] "GET /css/bootstrap-responsive.min.css HTTP/1.1" 200 16520 "-" "Mozilla/5.0 (compatible; Googlebot/2.1; +http://www.google.com/bot.html)"
141.8.147.12 - - [08/Dec/2014:01:32:52 +0100] "GET /robots.txt HTTP/1.1" 404 1256 "-" "Mozilla/5.0 (compatible; YandexBot/3.0; +http://yandex.com/bots)"
91.108.64.97 - - [08/Dec/2014:06:23:56 +0100] "GET / HTTP/1.1" 200 3704 "-" "Mozilla/5.0 (Windows NT 6.1; WOW64; rv:18.0) Gecko/20100101 Firefox/18.0"
91.108.78.97 - - [08/Dec/2014:06:24:00 +0100] "GET / HTTP/1.1" 200 3704 "-" "Mozilla/5.0 (Windows NT 6.1; WOW64; rv:18.0) Gecko/20100101 Firefox/18.0"
66.249.64.98 - - [08/Dec/2014:07:43:47 +0100] "GET / HTTP/1.1" 304 - "-" "Mozilla/5.0 (iPhone; CPU iPhone OS 6_0 like Mac OS X) AppleWebKit/536.26 (KHTML, like Gecko) Version/6.0 Mobile/10A5376e Safari/8536.25 (compatible; Googlebot/2.1; +http://www.google.com/bot.html)"
141.8.147.12 - - [08/Dec/2014:07:49:17 +0100] "GET / HTTP/1.1" 200 3704 "-" "Mozilla/5.0 (compatible; YandexBot/3.0; +http://yandex.com/bots)"
136.243.5.87 - - [08/Dec/2014:08:19:23 +0100] "GET /robots.txt HTTP/1.0" 404 1256 "-" "Mozilla/5.0 (compatible; MJ12bot/v1.4.5; http://www.majestic12.co.uk/bot.php?+)"
136.243.5.87 - - [08/Dec/2014:08:19:25 +0100] "GET /index.html HTTP/1.0" 200 3704 "-" "Mozilla/5.0 (compatible; MJ12bot/v1.4.5; http://www.majestic12.co.uk/bot.php?+)"
93.186.202.244 - - [08/Dec/2014:14:30:42 +0100] "GET / HTTP/1.1" 200 3704 "-" "Mozilla/5.0 (Windows NT 5.1; rv:21.0) Gecko/20130401 Firefox/21.0"
93.186.202.244 - - [08/Dec/2014:14:30:43 +0100] "GET /impressum.html HTTP/1.1" 200 2574 "-" "Mozilla/5.0 (Macintosh; Intel Mac OS X 10_8) AppleWebKit/536.25 (KHTML, like Gecko) Version/6.0 Safari/536.25"
176.9.40.107 - - [08/Dec/2014:16:07:31 +0100] "GET /robots.txt HTTP/1.1" 404 1256 "-" "Mozilla/5.0 (compatible; XoviBot/2.0; +http://www.xovibot.net/)"
162.243.67.147 - - [08/Dec/2014:16:28:51 +0100] "GET /robots.txt HTTP/1.1" 404 1256 "-" "Mozilla/5.0 (compatible; spbot/4.4.0; +http://OpenLinkProfiler.org/bot )"
162.243.67.147 - - [08/Dec/2014:16:28:56 +0100] "GET / HTTP/1.1" 200 3704 "-" "Mozilla/5.0 (compatible; spbot/4.4.0; +http://OpenLinkProfiler.org/bot )"
162.243.67.147 - - [08/Dec/2014:16:28:57 +0100] "GET /impressum.html HTTP/1.1" 200 2574 "http://www.beos-polymer.de/" "Mozilla/5.0 (compatible; spbot/4.4.0; +http://OpenLinkProfiler.org/bot )"
162.243.67.147 - - [08/Dec/2014:16:29:00 +0100] "GET /index.html HTTP/1.1" 200 3704 "http://www.beos-polymer.de/impressum.html" "Mozilla/5.0 (compatible; spbot/4.4.0; +http://OpenLinkProfiler.org/bot )"
141.8.147.12 - - [09/Dec/2014:08:28:38 +0100] "GET /robots.txt HTTP/1.1" 404 1256 "-" "Mozilla/5.0 (compatible; YandexBot/3.0; +http://yandex.com/bots)"
199.58.86.209 - - [09/Dec/2014:13:00:59 +0100] "GET /robots.txt HTTP/1.0" 404 1256 "-" "Mozilla/5.0 (compatible; MJ12bot/v1.4.5; http://www.majestic12.co.uk/bot.php?+)"
199.58.86.209 - - [09/Dec/2014:13:01:00 +0100] "GET / HTTP/1.0" 200 3704 "-" "Mozilla/5.0 (compatible; MJ12bot/v1.4.5; http://www.majestic12.co.uk/bot.php?+)"
141.8.147.12 - - [09/Dec/2014:13:16:24 +0100] "GET / HTTP/1.1" 200 3704 "-" "Mozilla/5.0 (compatible; YandexBot/3.0; +http://yandex.com/bots)"
62.146.2.234 - - [09/Dec/2014:21:15:31 +0100] "GET /robots.txt HTTP/1.1" 404 1256 "-" "Domnutch-Bot/Nutch-1.0 (Domnutch; http://www.Nutch.de/)"
62.146.2.234 - - [09/Dec/2014:21:15:31 +0100] "GET / HTTP/1.1" 200 3704 "-" "Domnutch-Bot/Nutch-1.0 (Domnutch; http://www.Nutch.de/)"
141.8.147.12 - - [09/Dec/2014:23:52:25 +0100] "GET /robots.txt HTTP/1.1" 404 1256 "-" "Mozilla/5.0 (compatible; YandexBot/3.0; +http://yandex.com/bots)"
141.8.147.12 - - [09/Dec/2014:23:54:56 +0100] "GET / HTTP/1.1" 200 3704 "-" "Mozilla/5.0 (compatible; YandexBot/3.0; +http://yandex.com/bots)"
188.165.15.136 - - [10/Dec/2014:05:29:13 +0100] "GET /robots.txt HTTP/1.1" 404 1256 "-" "Mozilla/5.0 (compatible; AhrefsBot/5.0; +http://ahrefs.com/robot/)"
37.24.36.126 - - [10/Dec/2014:05:52:56 +0100] "GET / HTTP/1.1" 200 3704 "-" "-"
37.24.36.126 - - [10/Dec/2014:05:52:56 +0100] "GET / HTTP/1.1" 200 3704 "http://www.google.de/" "finbot"
37.24.36.126 - - [10/Dec/2014:05:52:57 +0100] "GET / HTTP/1.1" 200 3704 "http://www.google.de/" "Mozilla/5.0 (Linux; U; Android 4.1.2; de-de; GT-I8190 Build/JZO54K) AppleWebKit/534.30 (KHTML, like Gecko) Version/4.0 Mobile Safari/534.30"
87.158.97.130 - - [10/Dec/2014:14:13:54 +0100] "GET /favicon.ico HTTP/1.1" 404 1256 "-" "Mozilla/4.0 (compatible; MSIE 7.0; Windows NT 6.2; WOW64; Trident/7.0; .NET4.0E; .NET4.0C; .NET CLR 3.5.30729; .NET CLR 2.0.50727; .NET CLR 3.0.30729; HPDTDFJS)"
79.202.120.70 - - [10/Dec/2014:17:01:35 +0100] "GET / HTTP/1.1" 200 3704 "http://www.google.de/url?sa=t&rct=j&q=&esrc=s&source=web&cd=1&ved=0CCMQFjAA&url=http%3A%2F%2Fwww.beos-polymer.de%2F&ei=Qm6IVLHmBMKwPIPdgOAF&usg=AFQjCNHkP8INSL1dW-97m1F_ljbLQHJSGA&sig2=m5Q5dE-uHr-4keDA0nwqqw&bvm=bv.81456516,d.ZWU" "Mozilla/5.0 (Windows NT 5.1; rv:34.0) Gecko/20100101 Firefox/34.0"
79.202.120.70 - - [10/Dec/2014:17:01:36 +0100] "GET /css/bootstrap-responsive.min.css HTTP/1.1" 200 16520 "http://www.beos-polymer.de/" "Mozilla/5.0 (Windows NT 5.1; rv:34.0) Gecko/20100101 Firefox/34.0"
79.202.120.70 - - [10/Dec/2014:17:01:36 +0100] "GET /js/bootstrap.min.js HTTP/1.1" 200 25764 "http://www.beos-polymer.de/" "Mozilla/5.0 (Windows NT 5.1; rv:34.0) Gecko/20100101 Firefox/34.0"
79.202.120.70 - - [10/Dec/2014:17:01:36 +0100] "GET /ico/favicon.ico HTTP/1.1" 404 1256 "-" "Mozilla/5.0 (Windows NT 5.1; rv:34.0) Gecko/20100101 Firefox/34.0"
79.202.120.70 - - [10/Dec/2014:17:01:35 +0100] "GET /css/bootstrap.min.css HTTP/1.1" 200 101265 "http://www.beos-polymer.de/" "Mozilla/5.0 (Windows NT 5.1; rv:34.0) Gecko/20100101 Firefox/34.0"
79.202.120.70 - - [10/Dec/2014:17:01:36 +0100] "GET /img/beos.jpg HTTP/1.1" 200 46831 "http://www.beos-polymer.de/" "Mozilla/5.0 (Windows NT 5.1; rv:34.0) Gecko/20100101 Firefox/34.0"
79.202.120.70 - - [10/Dec/2014:17:01:37 +0100] "GET /ico/favicon.ico HTTP/1.1" 404 1256 "-" "Mozilla/5.0 (Windows NT 5.1; rv:34.0) Gecko/20100101 Firefox/34.0"
104.131.193.55 - - [10/Dec/2014:17:17:23 +0100] "GET / HTTP/1.0" 200 3704 "-" "Mozilla/5.0 (compatible; NetcraftSurveyAgent/1.0; +info@netcraft.com)"
87.158.97.130 - - [10/Dec/2014:19:26:31 +0100] "GET /favicon.ico HTTP/1.1" 404 1256 "-" "Mozilla/4.0 (compatible; MSIE 7.0; Windows NT 6.2; WOW64; Trident/7.0; .NET4.0E; .NET4.0C; .NET CLR 3.5.30729; .NET CLR 2.0.50727; .NET CLR 3.0.30729; HPDTDFJS)"
114.112.90.54 - - [10/Dec/2014:23:37:49 +0100] "GET / HTTP/1.1" 200 3704 "-" "Python-urllib/2.6"
123.125.71.110 - - [11/Dec/2014:00:48:03 +0100] "GET /robots.txt HTTP/1.1" 404 1256 "-" "Mozilla/5.0 (compatible; Baiduspider/2.0; +http://www.baidu.com/search/spider.html)"
123.125.71.92 - - [11/Dec/2014:00:49:38 +0100] "GET / HTTP/1.1" 200 3704 "-" "Mozilla/5.0 (compatible; Baiduspider/2.0; +http://www.baidu.com/search/spider.html)"
123.125.71.39 - - [11/Dec/2014:00:56:26 +0100] "GET /css/bootstrap-responsive.min.css HTTP/1.1" 200 16520 "http://www.beos-polymer.de/" "Mozilla/5.0 (compatible; Baiduspider/2.0; +http://www.baidu.com/search/spider.html)"
123.125.71.18 - - [11/Dec/2014:00:56:26 +0100] "GET /css/bootstrap.min.css HTTP/1.1" 200 101265 "http://www.beos-polymer.de/" "Mozilla/5.0 (compatible; Baiduspider/2.0; +http://www.baidu.com/search/spider.html)"
123.125.71.47 - - [11/Dec/2014:00:56:28 +0100] "GET /js/bootstrap.min.js HTTP/1.1" 200 25764 "http://www.beos-polymer.de/" "Mozilla/5.0 (compatible; Baiduspider/2.0; +http://www.baidu.com/search/spider.html)"
141.8.147.12 - - [11/Dec/2014:08:15:06 +0100] "GET /robots.txt HTTP/1.1" 404 1256 "-" "Mozilla/5.0 (compatible; YandexBot/3.0; +http://yandex.com/bots)"
87.158.97.130 - - [11/Dec/2014:10:42:17 +0100] "GET /favicon.ico HTTP/1.1" 404 1256 "-" "Mozilla/4.0 (compatible; MSIE 7.0; Windows NT 6.2; WOW64; Trident/7.0; .NET4.0E; .NET4.0C; .NET CLR 3.5.30729; .NET CLR 2.0.50727; .NET CLR 3.0.30729; HPDTDFJS)"
212.34.72.92 - - [11/Dec/2014:14:05:50 +0100] "GET / HTTP/1.1" 200 3704 "http://www.google.de/url?sa=t&rct=j&q=&esrc=s&source=web&cd=2&ved=0CCkQFjAB&url=http%3A%2F%2Fwww.beos-polymer.de%2F&ei=fpaJVN7iFtjdavTrgMgN&usg=AFQjCNHkP8INSL1dW-97m1F_ljbLQHJSGA&sig2=2hTQwSm7TmBWwSAFmq2OJw&bvm=bv.81456516,d.bGQ" "Mozilla/5.0 (Windows NT 6.1; WOW64; rv:24.0) Gecko/20100101 Firefox/24.0"
212.34.72.92 - - [11/Dec/2014:14:05:50 +0100] "GET /css/bootstrap-responsive.min.css HTTP/1.1" 200 16520 "http://www.beos-polymer.de/" "Mozilla/5.0 (Windows NT 6.1; WOW64; rv:24.0) Gecko/20100101 Firefox/24.0"
212.34.72.92 - - [11/Dec/2014:14:05:50 +0100] "GET /ico/favicon.ico HTTP/1.1" 404 1256 "-" "Mozilla/5.0 (Windows NT 6.1; WOW64; rv:24.0) Gecko/20100101 Firefox/24.0"
212.34.72.92 - - [11/Dec/2014:14:05:50 +0100] "GET /css/bootstrap.min.css HTTP/1.1" 200 101265 "http://www.beos-polymer.de/" "Mozilla/5.0 (Windows NT 6.1; WOW64; rv:24.0) Gecko/20100101 Firefox/24.0"
212.34.72.92 - - [11/Dec/2014:14:05:51 +0100] "GET /js/bootstrap.min.js HTTP/1.1" 200 25764 "http://www.beos-polymer.de/" "Mozilla/5.0 (Windows NT 6.1; WOW64; rv:24.0) Gecko/20100101 Firefox/24.0"
212.34.72.92 - - [11/Dec/2014:14:05:51 +0100] "GET /img/beos.jpg HTTP/1.1" 200 46831 "http://www.beos-polymer.de/" "Mozilla/5.0 (Windows NT 6.1; WOW64; rv:24.0) Gecko/20100101 Firefox/24.0"
212.34.72.92 - - [11/Dec/2014:14:11:20 +0100] "GET /favicon.ico HTTP/1.1" 404 1256 "-" "Mozilla/5.0 (Windows NT 6.1; WOW64; rv:24.0) Gecko/20100101 Firefox/24.0"
141.8.147.12 - - [11/Dec/2014:16:19:49 +0100] "GET / HTTP/1.1" 200 3704 "-" "Mozilla/5.0 (compatible; YandexBot/3.0; +http://yandex.com/bots)"
176.9.40.107 - - [11/Dec/2014:19:28:03 +0100] "GET /robots.txt HTTP/1.1" 404 1256 "-" "Mozilla/5.0 (compatible; XoviBot/2.0; +http://www.xovibot.net/)"
134.119.17.184 - - [12/Dec/2014:02:46:29 +0100] "GET / HTTP/1.1" 200 3704 "-" "Python-urllib/2.7"
62.212.73.211 - - [12/Dec/2014:12:25:52 +0100] "GET /robots.txt HTTP/1.0" 404 1256 "-" "Mozilla/5.0 (compatible; MJ12bot/v1.4.5; http://www.majestic12.co.uk/bot.php?+)"
62.212.73.211 - - [12/Dec/2014:12:25:53 +0100] "GET / HTTP/1.0" 200 3704 "-" "Mozilla/5.0 (compatible; MJ12bot/v1.4.5; http://www.majestic12.co.uk/bot.php?+)"
141.8.147.12 - - [12/Dec/2014:15:40:20 +0100] "GET /robots.txt HTTP/1.1" 404 1256 "-" "Mozilla/5.0 (compatible; YandexBot/3.0; +http://yandex.com/bots)"
58.20.54.248 - - [12/Dec/2014:16:36:51 +0100] "GET / HTTP/1.1" 200 3704 "-" "Mozilla/5.0 (Windows NT 6.1; WOW64; rv:31.0) Gecko/20100101 Firefox/31.0"
141.8.147.12 - - [12/Dec/2014:20:09:52 +0100] "GET / HTTP/1.1" 200 3704 "-" "Mozilla/5.0 (compatible; YandexBot/3.0; +http://yandex.com/bots)"
157.55.39.116 - - [12/Dec/2014:21:58:22 +0100] "GET /robots.txt HTTP/1.1" 404 1256 "-" "Mozilla/5.0 (compatible; bingbot/2.0; +http://www.bing.com/bingbot.htm)"
157.55.39.116 - - [12/Dec/2014:21:58:26 +0100] "GET / HTTP/1.1" 200 3704 "-" "Mozilla/5.0 (compatible; bingbot/2.0; +http://www.bing.com/bingbot.htm)"
157.55.39.226 - - [12/Dec/2014:21:58:30 +0100] "GET /robots.txt HTTP/1.1" 404 1256 "-" "Mozilla/5.0 (compatible; bingbot/2.0; +http://www.bing.com/bingbot.htm)"
157.55.39.226 - - [12/Dec/2014:21:58:30 +0100] "GET /robots.txt HTTP/1.1" 404 1256 "-" "Mozilla/5.0 (compatible; bingbot/2.0; +http://www.bing.com/bingbot.htm)"
157.55.39.226 - - [12/Dec/2014:21:58:30 +0100] "GET /robots.txt HTTP/1.1" 404 1256 "-" "Mozilla/5.0 (compatible; bingbot/2.0; +http://www.bing.com/bingbot.htm)"
157.55.39.26 - - [12/Dec/2014:21:58:35 +0100] "GET /css/bootstrap.min.css HTTP/1.1" 200 101265 "-" "Mozilla/5.0 (compatible; bingbot/2.0; +http://www.bing.com/bingbot.htm)"
157.55.39.116 - - [12/Dec/2014:21:58:40 +0100] "GET /css/bootstrap-responsive.min.css HTTP/1.1" 200 16520 "-" "Mozilla/5.0 (compatible; bingbot/2.0; +http://www.bing.com/bingbot.htm)"
157.55.39.116 - - [12/Dec/2014:21:58:41 +0100] "GET /js/bootstrap.min.js HTTP/1.1" 200 25764 "-" "Mozilla/5.0 (compatible; bingbot/2.0; +http://www.bing.com/bingbot.htm)"
5.9.112.68 - - [12/Dec/2014:22:44:30 +0100] "GET /robots.txt HTTP/1.1" 404 1256 "-" "Mozilla/5.0 (compatible; SISTRIX Crawler; http://crawler.sistrix.net/)"
5.9.112.68 - - [12/Dec/2014:22:44:31 +0100] "GET / HTTP/1.1" 206 3704 "-" "Mozilla/5.0 (compatible; SISTRIX Crawler; http://crawler.sistrix.net/)"
209.249.5.253 - - [13/Dec/2014:01:52:07 +0100] "GET /robots.txt HTTP/1.1" 404 1256 "-" "rogerbot/1.0 (http://moz.com/help/pro/what-is-rogerbot-, rogerbot-wherecat@moz.com)"
209.249.5.253 - - [13/Dec/2014:01:52:07 +0100] "GET / HTTP/1.1" 200 3704 "-" "rogerbot/1.0 (http://moz.com/help/pro/what-is-rogerbot-, rogerbot-wherecat@moz.com)"
209.249.5.253 - - [13/Dec/2014:01:52:10 +0100] "GET /impressum.html HTTP/1.1" 200 2574 "-" "rogerbot/1.0 (http://moz.com/help/pro/what-is-rogerbot-, rogerbot-wherecat@moz.com)"
5.9.36.119 - - [13/Dec/2014:04:55:38 +0100] "GET /robots.txt HTTP/1.1" 404 1256 "-" "Mozilla/5.0 (compatible; SISTRIX Crawler; http://crawler.sistrix.net/)"
5.9.36.119 - - [13/Dec/2014:04:55:39 +0100] "GET / HTTP/1.1" 206 3704 "-" "Mozilla/5.0 (compatible; SISTRIX Crawler; http://crawler.sistrix.net/)"
176.9.40.107 - - [13/Dec/2014:06:12:17 +0100] "GET /robots.txt HTTP/1.1" 404 1256 "-" "Mozilla/5.0 (compatible; XoviBot/2.0; +http://www.xovibot.net/)"
66.249.78.83 - - [13/Dec/2014:07:22:10 +0100] "GET /robots.txt HTTP/1.1" 404 1256 "-" "Mozilla/5.0 (compatible; Googlebot/2.1; +http://www.google.com/bot.html)"
66.249.64.94 - - [13/Dec/2014:07:22:10 +0100] "GET / HTTP/1.1" 200 3704 "-" "Mozilla/5.0 (compatible; Googlebot/2.1; +http://www.google.com/bot.html)"
66.249.78.90 - - [13/Dec/2014:11:08:40 +0100] "GET /css/bootstrap-responsive.min.css HTTP/1.1" 200 16520 "-" "Mozilla/5.0 (compatible; Googlebot/2.1; +http://www.google.com/bot.html)"
66.249.64.90 - - [13/Dec/2014:11:08:41 +0100] "GET /css/bootstrap.min.css HTTP/1.1" 200 101265 "-" "Mozilla/5.0 (compatible; Googlebot/2.1; +http://www.google.com/bot.html)"
66.249.78.83 - - [13/Dec/2014:13:24:40 +0100] "GET / HTTP/1.1" 200 3704 "-" "Mozilla/5.0 (compatible; Googlebot/2.1; +http://www.google.com/bot.html)"
66.249.78.90 - - [13/Dec/2014:22:25:27 +0100] "GET /robots.txt HTTP/1.1" 404 1256 "-" "Mozilla/5.0 (compatible; Googlebot/2.1; +http://www.google.com/bot.html)"
37.24.36.126 - - [14/Dec/2014:06:10:28 +0100] "HEAD / HTTP/1.0" 200 - "-" "finbot"
66.249.78.83 - - [14/Dec/2014:07:10:15 +0100] "GET / HTTP/1.1" 200 3704 "-" "Mozilla/5.0 (iPhone; CPU iPhone OS 6_0 like Mac OS X) AppleWebKit/536.26 (KHTML, like Gecko) Version/6.0 Mobile/10A5376e Safari/8536.25 (compatible; Googlebot/2.1; +http://www.google.com/bot.html)"
141.8.147.12 - - [15/Dec/2014:03:17:21 +0100] "GET /robots.txt HTTP/1.1" 404 1256 "-" "Mozilla/5.0 (compatible; YandexBot/3.0; +http://yandex.com/bots)"
141.8.147.12 - - [15/Dec/2014:05:49:13 +0100] "GET / HTTP/1.1" 200 3704 "-" "Mozilla/5.0 (compatible; YandexBot/3.0; +http://yandex.com/bots)"
213.193.119.46 - - [15/Dec/2014:14:17:15 +0100] "GET / HTTP/1.1" 200 3704 "-" "Mozilla/5.0 (Windows NT 6.1; WOW64; Trident/7.0; rv:11.0) like Gecko"
213.193.119.46 - - [15/Dec/2014:14:17:16 +0100] "GET /css/bootstrap-responsive.min.css HTTP/1.1" 200 16520 "http://www.beos-polymer.de/" "Mozilla/5.0 (Windows NT 6.1; WOW64; Trident/7.0; rv:11.0) like Gecko"
213.193.119.46 - - [15/Dec/2014:14:17:16 +0100] "GET /js/bootstrap.min.js HTTP/1.1" 200 25764 "http://www.beos-polymer.de/" "Mozilla/5.0 (Windows NT 6.1; WOW64; Trident/7.0; rv:11.0) like Gecko"
213.193.119.46 - - [15/Dec/2014:14:17:16 +0100] "GET /img/beos.jpg HTTP/1.1" 200 46831 "http://www.beos-polymer.de/" "Mozilla/5.0 (Windows NT 6.1; WOW64; Trident/7.0; rv:11.0) like Gecko"
213.193.119.46 - - [15/Dec/2014:14:17:15 +0100] "GET /css/bootstrap.min.css HTTP/1.1" 200 101265 "http://www.beos-polymer.de/" "Mozilla/5.0 (Windows NT 6.1; WOW64; Trident/7.0; rv:11.0) like Gecko"
213.193.119.46 - - [15/Dec/2014:14:17:16 +0100] "GET /ico/favicon.ico HTTP/1.1" 404 1256 "-" "Mozilla/5.0 (Windows NT 6.1; WOW64; Trident/7.0; rv:11.0) like Gecko"
213.193.119.46 - - [15/Dec/2014:14:17:16 +0100] "GET /favicon.ico HTTP/1.1" 404 1256 "-" "Mozilla/5.0 (Windows NT 6.1; WOW64; Trident/7.0; rv:11.0) like Gecko"
188.165.15.212 - - [16/Dec/2014:02:55:50 +0100] "GET /robots.txt HTTP/1.1" 404 1256 "-" "Mozilla/5.0 (compatible; AhrefsBot/5.0; +http://ahrefs.com/robot/)"
144.76.155.8 - - [16/Dec/2014:10:31:30 +0100] "GET / HTTP/1.1" 200 3704 "-" "Mozilla/5.0 (Macintosh; Intel Mac OS X 10.8; rv:21.0) Gecko/20100101 Firefox/21.0"
144.76.155.8 - - [16/Dec/2014:10:31:30 +0100] "GET /impressum.html HTTP/1.1" 200 2574 "-" "Mozilla/5.0 (X11; Ubuntu; Linux i686; rv:14.0) Gecko/20100101 Firefox/14.0.1"
87.195.107.149 - - [17/Dec/2014:14:22:13 +0100] "GET / HTTP/1.1" 200 3704 "https://www.google.nl/" "Mozilla/5.0 (Windows NT 6.1; WOW64) AppleWebKit/537.36 (KHTML, like Gecko) Chrome/39.0.2171.95 Safari/537.36"
87.195.107.149 - - [17/Dec/2014:14:22:13 +0100] "GET /css/bootstrap-responsive.min.css HTTP/1.1" 200 16520 "http://www.beos-polymer.de/" "Mozilla/5.0 (Windows NT 6.1; WOW64) AppleWebKit/537.36 (KHTML, like Gecko) Chrome/39.0.2171.95 Safari/537.36"
87.195.107.149 - - [17/Dec/2014:14:22:13 +0100] "GET /js/bootstrap.min.js HTTP/1.1" 200 25764 "http://www.beos-polymer.de/" "Mozilla/5.0 (Windows NT 6.1; WOW64) AppleWebKit/537.36 (KHTML, like Gecko) Chrome/39.0.2171.95 Safari/537.36"
87.195.107.149 - - [17/Dec/2014:14:22:13 +0100] "GET /img/beos.jpg HTTP/1.1" 200 46831 "http://www.beos-polymer.de/" "Mozilla/5.0 (Windows NT 6.1; WOW64) AppleWebKit/537.36 (KHTML, like Gecko) Chrome/39.0.2171.95 Safari/537.36"
87.195.107.149 - - [17/Dec/2014:14:22:13 +0100] "GET /css/bootstrap.min.css HTTP/1.1" 200 101265 "http://www.beos-polymer.de/" "Mozilla/5.0 (Windows NT 6.1; WOW64) AppleWebKit/537.36 (KHTML, like Gecko) Chrome/39.0.2171.95 Safari/537.36"
87.195.107.149 - - [17/Dec/2014:14:22:13 +0100] "GET /ico/favicon.ico HTTP/1.1" 404 1256 "-" "Mozilla/5.0 (Windows NT 6.1; WOW64) AppleWebKit/537.36 (KHTML, like Gecko) Chrome/39.0.2171.95 Safari/537.36"
141.8.147.12 - - [17/Dec/2014:20:20:09 +0100] "GET /robots.txt HTTP/1.1" 404 1256 "-" "Mozilla/5.0 (compatible; YandexBot/3.0; +http://yandex.com/bots)"
141.8.147.12 - - [18/Dec/2014:01:44:44 +0100] "GET / HTTP/1.1" 200 3704 "-" "Mozilla/5.0 (compatible; YandexBot/3.0; +http://yandex.com/bots)"
157.55.39.116 - - [18/Dec/2014:03:15:57 +0100] "GET /robots.txt HTTP/1.1" 404 1256 "-" "Mozilla/5.0 (compatible; bingbot/2.0; +http://www.bing.com/bingbot.htm)"
157.55.39.116 - - [18/Dec/2014:03:16:01 +0100] "GET / HTTP/1.1" 304 - "-" "Mozilla/5.0 (compatible; bingbot/2.0; +http://www.bing.com/bingbot.htm)"
212.34.72.92 - - [18/Dec/2014:13:13:25 +0100] "GET / HTTP/1.1" 304 - "http://www.google.de/url?sa=t&rct=j&q=&esrc=s&source=web&cd=2&sqi=2&ved=0CCkQFjAB&url=http%3A%2F%2Fwww.beos-polymer.de%2F&ei=tcSSVK_jF433O_aIgcgB&usg=AFQjCNHkP8INSL1dW-97m1F_ljbLQHJSGA&bvm=bv.82001339,d.ZWU" "Mozilla/5.0 (Windows NT 6.1; WOW64; rv:24.0) Gecko/20100101 Firefox/24.0"
212.34.72.92 - - [18/Dec/2014:13:13:26 +0100] "GET /css/bootstrap.min.css HTTP/1.1" 304 - "http://www.beos-polymer.de/" "Mozilla/5.0 (Windows NT 6.1; WOW64; rv:24.0) Gecko/20100101 Firefox/24.0"
212.34.72.92 - - [18/Dec/2014:13:13:26 +0100] "GET /css/bootstrap-responsive.min.css HTTP/1.1" 304 - "http://www.beos-polymer.de/" "Mozilla/5.0 (Windows NT 6.1; WOW64; rv:24.0) Gecko/20100101 Firefox/24.0"
212.34.72.92 - - [18/Dec/2014:13:13:26 +0100] "GET /ico/favicon.ico HTTP/1.1" 404 1256 "-" "Mozilla/5.0 (Windows NT 6.1; WOW64; rv:24.0) Gecko/20100101 Firefox/24.0"
212.34.72.92 - - [18/Dec/2014:13:13:26 +0100] "GET /img/beos.jpg HTTP/1.1" 304 - "http://www.beos-polymer.de/" "Mozilla/5.0 (Windows NT 6.1; WOW64; rv:24.0) Gecko/20100101 Firefox/24.0"
212.34.72.92 - - [18/Dec/2014:13:13:26 +0100] "GET /js/bootstrap.min.js HTTP/1.1" 304 - "http://www.beos-polymer.de/" "Mozilla/5.0 (Windows NT 6.1; WOW64; rv:24.0) Gecko/20100101 Firefox/24.0"
69.30.241.2 - - [18/Dec/2014:14:07:34 +0100] "GET / HTTP/1.1" 200 3704 "-" "Mozilla/5.0 (Windows NT 6.1; WOW64) AppleWebKit/537.36 (KHTML, like Gecko) Chrome/36.0.1985.143 Safari/537.36"
69.30.241.2 - - [18/Dec/2014:14:07:34 +0100] "GET /impressum.html HTTP/1.1" 200 2574 "-" "Mozilla/5.0 (Windows NT 6.1; WOW64) AppleWebKit/537.36 (KHTML, like Gecko) Chrome/36.0.1985.143 Safari/537.36"
54.172.53.184 - - [18/Dec/2014:16:34:45 +0100] "GET / HTTP/1.1" 200 3704 "-" "Mozilla/5.0 (Windows NT 6.1; WOW64; rv:6.0a2) Gecko/20110613 Firefox/6.0a2"
69.30.241.2 - - [19/Dec/2014:04:53:44 +0100] "GET / HTTP/1.1" 200 3704 "-" "Mozilla/5.0 (Windows NT 6.1; WOW64) AppleWebKit/537.36 (KHTML, like Gecko) Chrome/36.0.1985.143 Safari/537.36"
69.30.241.2 - - [19/Dec/2014:04:53:44 +0100] "GET /impressum.html HTTP/1.1" 200 2574 "-" "Mozilla/5.0 (Windows NT 6.1; WOW64) AppleWebKit/537.36 (KHTML, like Gecko) Chrome/36.0.1985.143 Safari/537.36"
208.110.85.226 - - [19/Dec/2014:07:27:54 +0100] "GET / HTTP/1.1" 200 3704 "-" "Mozilla/5.0 (Windows NT 6.1; WOW64) AppleWebKit/537.36 (KHTML, like Gecko) Chrome/36.0.1985.143 Safari/537.36"
208.110.85.226 - - [19/Dec/2014:07:27:54 +0100] "GET /impressum.html HTTP/1.1" 200 2574 "-" "Mozilla/5.0 (Windows NT 6.1; WOW64) AppleWebKit/537.36 (KHTML, like Gecko) Chrome/36.0.1985.143 Safari/537.36"
141.8.147.12 - - [19/Dec/2014:09:03:27 +0100] "GET /robots.txt HTTP/1.1" 404 1256 "-" "Mozilla/5.0 (compatible; YandexBot/3.0; +http://yandex.com/bots)"
141.8.147.12 - - [19/Dec/2014:09:03:29 +0100] "GET / HTTP/1.1" 200 3704 "-" "Mozilla/5.0 (compatible; YandexBot/3.0; +http://yandex.com/bots)"
208.110.85.226 - - [19/Dec/2014:15:50:22 +0100] "GET / HTTP/1.1" 200 3704 "-" "Mozilla/5.0 (Windows NT 6.1; WOW64) AppleWebKit/537.36 (KHTML, like Gecko) Chrome/36.0.1985.143 Safari/537.36"
208.110.85.226 - - [19/Dec/2014:15:50:23 +0100] "GET /impressum.html HTTP/1.1" 200 2574 "-" "Mozilla/5.0 (Windows NT 6.1; WOW64) AppleWebKit/537.36 (KHTML, like Gecko) Chrome/36.0.1985.143 Safari/537.36"
66.249.78.97 - - [19/Dec/2014:16:15:38 +0100] "GET /robots.txt HTTP/1.1" 404 1256 "-" "Mozilla/5.0 (compatible; Googlebot/2.1; +http://www.google.com/bot.html)"
66.249.78.97 - - [19/Dec/2014:16:15:38 +0100] "GET /ico/favicon.ico HTTP/1.1" 404 1256 "-" "Googlebot-Image/1.0"
66.249.78.97 - - [19/Dec/2014:19:34:26 +0100] "GET /img/beos.jpg HTTP/1.1" 304 - "-" "Googlebot-Image/1.0"
64.246.165.180 - - [19/Dec/2014:22:55:26 +0100] "GET /robots.txt HTTP/1.0" 404 1256 "-" "Mozilla/5.0 (Windows; U; Windows NT 5.1; en; rv:1.9.0.13) Gecko/2009073022 Firefox/3.5.2 (.NET CLR 3.5.30729) SurveyBot/2.3 (DomainTools)"
64.246.165.180 - - [19/Dec/2014:22:55:27 +0100] "GET / HTTP/1.1" 200 3704 "http://whois.domaintools.com/beos-polymer.de" "Mozilla/5.0 (Windows; U; Windows NT 5.1; en; rv:1.9.0.13) Gecko/2009073022 Firefox/3.5.2 (.NET CLR 3.5.30729) SurveyBot/2.3 (DomainTools)"
207.46.13.139 - - [20/Dec/2014:03:07:39 +0100] "GET /robots.txt HTTP/1.1" 404 1256 "-" "Mozilla/5.0 (compatible; bingbot/2.0; +http://www.bing.com/bingbot.htm)"
207.46.13.139 - - [20/Dec/2014:03:07:45 +0100] "GET /impressum.html HTTP/1.1" 200 2574 "-" "Mozilla/5.0 (compatible; bingbot/2.0; +http://www.bing.com/bingbot.htm)"
157.55.39.226 - - [20/Dec/2014:03:07:51 +0100] "GET /robots.txt HTTP/1.1" 404 1256 "-" "Mozilla/5.0 (compatible; bingbot/2.0; +http://www.bing.com/bingbot.htm)"
207.46.13.139 - - [20/Dec/2014:03:07:59 +0100] "GET /css/bootstrap-responsive.min.css HTTP/1.1" 200 16520 "-" "Mozilla/5.0 (compatible; bingbot/2.0; +http://www.bing.com/bingbot.htm)"
207.46.13.139 - - [20/Dec/2014:03:07:59 +0100] "GET /js/bootstrap.min.js HTTP/1.1" 200 25764 "-" "Mozilla/5.0 (compatible; bingbot/2.0; +http://www.bing.com/bingbot.htm)"
157.55.39.26 - - [20/Dec/2014:03:08:03 +0100] "GET /css/bootstrap.min.css HTTP/1.1" 200 101265 "-" "Mozilla/5.0 (compatible; bingbot/2.0; +http://www.bing.com/bingbot.htm)"
54.93.44.160 - - [20/Dec/2014:15:59:20 +0100] "GET / HTTP/1.1" 200 3704 "-" "Mozilla/5.0 (Windows NT 6.1; WOW64; rv:6.0a2) Gecko/20110613 Firefox/6.0a2"
66.249.65.71 - - [20/Dec/2014:16:05:40 +0100] "GET /robots.txt HTTP/1.1" 404 1256 "-" "Mozilla/5.0 (compatible; Googlebot/2.1; +http://www.google.com/bot.html)"
66.249.65.75 - - [20/Dec/2014:16:05:40 +0100] "GET / HTTP/1.1" 200 3704 "-" "Mozilla/5.0 (iPhone; CPU iPhone OS 6_0 like Mac OS X) AppleWebKit/536.26 (KHTML, like Gecko) Version/6.0 Mobile/10A5376e Safari/8536.25 (compatible; Googlebot/2.1; +http://www.google.com/bot.html)"
66.249.65.71 - - [20/Dec/2014:19:05:39 +0100] "GET /css/bootstrap.min.css HTTP/1.1" 200 101265 "-" "Mozilla/5.0 (compatible; Googlebot/2.1; +http://www.google.com/bot.html)"
66.249.65.71 - - [20/Dec/2014:19:06:00 +0100] "GET /css/bootstrap-responsive.min.css HTTP/1.1" 200 16520 "-" "Mozilla/5.0 (compatible; Googlebot/2.1; +http://www.google.com/bot.html)"
141.8.147.12 - - [20/Dec/2014:22:20:17 +0100] "GET /robots.txt HTTP/1.1" 404 1256 "-" "Mozilla/5.0 (compatible; YandexBot/3.0; +http://yandex.com/bots)"
141.8.147.12 - - [20/Dec/2014:22:37:25 +0100] "GET / HTTP/1.1" 200 3704 "-" "Mozilla/5.0 (compatible; YandexBot/3.0; +http://yandex.com/bots)"
38.100.21.65 - - [21/Dec/2014:04:47:38 +0100] "GET / HTTP/1.1" 200 3704 "-" "Mozilla/4.0 (compatible; MSIE 7.0; Windows NT 5.2)"
38.100.21.65 - - [21/Dec/2014:04:47:38 +0100] "GET /css/bootstrap.min.css HTTP/1.1" 200 101265 "-" "Mozilla/4.0 (compatible; MSIE 7.0; Windows NT 5.2)"
38.100.21.65 - - [21/Dec/2014:04:47:39 +0100] "GET /impressum.html HTTP/1.1" 200 2574 "-" "Mozilla/4.0 (compatible; MSIE 7.0; Windows NT 5.2)"
38.100.21.65 - - [21/Dec/2014:04:47:39 +0100] "GET /css/bootstrap-responsive.min.css HTTP/1.1" 200 16520 "-" "Mozilla/4.0 (compatible; MSIE 7.0; Windows NT 5.2)"
38.100.21.65 - - [21/Dec/2014:04:47:39 +0100] "GET /index.html HTTP/1.1" 200 3704 "-" "Mozilla/4.0 (compatible; MSIE 7.0; Windows NT 5.2)"
188.165.15.126 - - [21/Dec/2014:06:30:37 +0100] "GET / HTTP/1.1" 200 3704 "-" "Mozilla/5.0 (compatible; AhrefsBot/5.0; +http://ahrefs.com/robot/)"
46.229.170.197 - - [21/Dec/2014:10:12:12 +0100] "GET / HTTP/1.1" 200 3704 "-" "Mozilla/5.0 (X11; Linux x86_64) Gecko Firefox/5.0"
66.249.65.71 - - [21/Dec/2014:12:43:14 +0100] "GET /robots.txt HTTP/1.1" 404 1256 "-" "Mozilla/5.0 (compatible; Googlebot/2.1; +http://www.google.com/bot.html)"
66.249.65.71 - - [21/Dec/2014:12:43:14 +0100] "GET / HTTP/1.1" 200 3704 "-" "Mozilla/5.0 (compatible; Googlebot/2.1; +http://www.google.com/bot.html)"
66.249.78.83 - - [21/Dec/2014:19:07:47 +0100] "GET /robots.txt HTTP/1.1" 404 1256 "-" "Mozilla/5.0 (compatible; Googlebot/2.1; +http://www.google.com/bot.html)"
66.249.64.90 - - [21/Dec/2014:19:07:47 +0100] "GET / HTTP/1.1" 200 3704 "-" "Mozilla/5.0 (compatible; Googlebot/2.1; +http://www.google.com/bot.html)"
188.165.15.205 - - [22/Dec/2014:10:38:15 +0100] "GET /robots.txt HTTP/1.1" 404 1256 "-" "Mozilla/5.0 (compatible; AhrefsBot/5.0; +http://ahrefs.com/robot/)"
66.249.64.98 - - [22/Dec/2014:16:37:36 +0100] "GET /robots.txt HTTP/1.1" 404 1256 "-" "Mozilla/5.0 (compatible; Googlebot/2.1; +http://www.google.com/bot.html)"
66.249.78.97 - - [22/Dec/2014:16:37:36 +0100] "GET / HTTP/1.1" 200 3704 "-" "Mozilla/5.0 (compatible; Googlebot/2.1; +http://www.google.com/bot.html)"
66.249.78.90 - - [22/Dec/2014:17:20:45 +0100] "GET /impressum.html HTTP/1.1" 304 - "-" "Mozilla/5.0 (compatible; Googlebot/2.1; +http://www.google.com/bot.html)"
66.249.78.83 - - [22/Dec/2014:19:56:45 +0100] "GET / HTTP/1.1" 200 3704 "-" "Mozilla/5.0 (compatible; Googlebot/2.1; +http://www.google.com/bot.html)"
141.8.147.12 - - [22/Dec/2014:23:24:15 +0100] "GET /robots.txt HTTP/1.1" 404 1256 "-" "Mozilla/5.0 (compatible; YandexBot/3.0; +http://yandex.com/bots)"
141.8.147.12 - - [23/Dec/2014:00:19:05 +0100] "GET / HTTP/1.1" 200 3704 "-" "Mozilla/5.0 (compatible; YandexBot/3.0; +http://yandex.com/bots)"
66.249.78.90 - - [23/Dec/2014:01:06:39 +0100] "GET /impressum.html HTTP/1.1" 304 - "-" "Mozilla/5.0 (compatible; Googlebot/2.1; +http://www.google.com/bot.html)"
66.249.78.83 - - [23/Dec/2014:01:22:04 +0100] "GET / HTTP/1.1" 200 3704 "-" "Mozilla/5.0 (compatible; Googlebot/2.1; +http://www.google.com/bot.html)"
66.249.78.97 - - [23/Dec/2014:01:25:55 +0100] "GET /css/bootstrap.min.css HTTP/1.1" 200 101265 "-" "Mozilla/5.0 (compatible; Googlebot/2.1; +http://www.google.com/bot.html)"
66.249.78.83 - - [23/Dec/2014:01:25:56 +0100] "GET /js/bootstrap.min.js HTTP/1.1" 200 25764 "-" "Mozilla/5.0 (compatible; Googlebot/2.1; +http://www.google.com/bot.html)"
66.249.78.90 - - [23/Dec/2014:01:26:08 +0100] "GET /css/bootstrap-responsive.min.css HTTP/1.1" 200 16520 "-" "Mozilla/5.0 (compatible; Googlebot/2.1; +http://www.google.com/bot.html)"
66.249.78.90 - - [23/Dec/2014:02:58:14 +0100] "GET / HTTP/1.1" 200 3704 "-" "Mozilla/5.0 (compatible; Googlebot/2.1; +http://www.google.com/bot.html)"
213.224.30.210 - - [23/Dec/2014:14:02:15 +0100] "GET / HTTP/1.1" 200 3704 "http://www.google.de/url?sa=t&rct=j&q=&esrc=s&frm=1&source=web&cd=5&ved=0CD4QFjAE&url=http%3A%2F%2Fwww.beos-polymer.de%2F&ei=ymeZVPWHDcbB7Ab0toGgDg&usg=AFQjCNHkP8INSL1dW-97m1F_ljbLQHJSGA&bvm=bv.82001339,d.ZGU" "Mozilla/5.0 (compatible; MSIE 9.0; Windows NT 6.1; WOW64; Trident/5.0)"
213.224.30.210 - - [23/Dec/2014:14:02:15 +0100] "GET /css/bootstrap-responsive.min.css HTTP/1.1" 200 16520 "http://www.beos-polymer.de/" "Mozilla/5.0 (compatible; MSIE 9.0; Windows NT 6.1; WOW64; Trident/5.0)"
213.224.30.210 - - [23/Dec/2014:14:02:15 +0100] "GET /css/bootstrap.min.css HTTP/1.1" 200 101265 "http://www.beos-polymer.de/" "Mozilla/5.0 (compatible; MSIE 9.0; Windows NT 6.1; WOW64; Trident/5.0)"
213.224.30.210 - - [23/Dec/2014:14:02:16 +0100] "GET /img/beos.jpg HTTP/1.1" 200 46831 "http://www.beos-polymer.de/" "Mozilla/5.0 (compatible; MSIE 9.0; Windows NT 6.1; WOW64; Trident/5.0)"
213.224.30.210 - - [23/Dec/2014:14:02:16 +0100] "GET /js/bootstrap.min.js HTTP/1.1" 200 25764 "http://www.beos-polymer.de/" "Mozilla/5.0 (compatible; MSIE 9.0; Windows NT 6.1; WOW64; Trident/5.0)"
213.224.30.210 - - [23/Dec/2014:14:02:16 +0100] "GET /img/glyphicons-halflings.png HTTP/1.1" 200 12799 "http://www.beos-polymer.de/" "Mozilla/5.0 (compatible; MSIE 9.0; Windows NT 6.1; WOW64; Trident/5.0)"
213.224.30.210 - - [23/Dec/2014:14:02:17 +0100] "GET /ico/favicon.ico HTTP/1.1" 404 1256 "-" "Mozilla/5.0 (compatible; MSIE 9.0; Windows NT 6.1; WOW64; Trident/5.0)"
208.110.85.226 - - [23/Dec/2014:16:08:44 +0100] "GET / HTTP/1.1" 200 3704 "-" "Mozilla/5.0 (Windows NT 6.1; WOW64) AppleWebKit/537.36 (KHTML, like Gecko) Chrome/36.0.1985.143 Safari/537.36"
208.110.85.226 - - [23/Dec/2014:16:08:45 +0100] "GET /impressum.html HTTP/1.1" 200 2574 "-" "Mozilla/5.0 (Windows NT 6.1; WOW64) AppleWebKit/537.36 (KHTML, like Gecko) Chrome/36.0.1985.143 Safari/537.36"
66.249.69.186 - - [24/Dec/2014:00:55:02 +0100] "GET /robots.txt HTTP/1.1" 404 1256 "-" "Mozilla/5.0 (compatible; Googlebot/2.1; +http://www.google.com/bot.html)"
66.249.69.218 - - [24/Dec/2014:00:55:03 +0100] "GET / HTTP/1.1" 200 3704 "-" "Mozilla/5.0 (compatible; Googlebot/2.1; +http://www.google.com/bot.html)"
