66.249.67.194 - - [01/Oct/2015:09:12:07 +0200] "GET /robots.txt HTTP/1.1" 404 1256 "-" "Mozilla/5.0 (compatible; Googlebot/2.1; +http://www.google.com/bot.html)"
66.249.78.26 - - [01/Oct/2015:09:12:07 +0200] "GET / HTTP/1.1" 200 2889 "-" "Mozilla/5.0 (compatible; Googlebot/2.1; +http://www.google.com/bot.html)"
212.34.72.92 - - [01/Oct/2015:12:18:29 +0200] "GET / HTTP/1.1" 200 2889 "https://www.google.de/" "Mozilla/5.0 (Windows NT 6.1; WOW64) AppleWebKit/537.36 (KHTML, like Gecko) Chrome/45.0.2454.85 Safari/537.36"
212.34.72.92 - - [01/Oct/2015:12:18:29 +0200] "GET /images/logo.gif HTTP/1.1" 200 6252 "http://www.wertstoffservice.de/" "Mozilla/5.0 (Windows NT 6.1; WOW64) AppleWebKit/537.36 (KHTML, like Gecko) Chrome/45.0.2454.85 Safari/537.36"
212.34.72.92 - - [01/Oct/2015:12:18:29 +0200] "GET /images/u-const.gif HTTP/1.1" 200 3797 "http://www.wertstoffservice.de/" "Mozilla/5.0 (Windows NT 6.1; WOW64) AppleWebKit/537.36 (KHTML, like Gecko) Chrome/45.0.2454.85 Safari/537.36"
212.34.72.92 - - [01/Oct/2015:12:18:29 +0200] "GET /images/hintgr.gif HTTP/1.1" 200 925 "http://www.wertstoffservice.de/" "Mozilla/5.0 (Windows NT 6.1; WOW64) AppleWebKit/537.36 (KHTML, like Gecko) Chrome/45.0.2454.85 Safari/537.36"
212.34.72.92 - - [01/Oct/2015:12:18:29 +0200] "GET /favicon.ico HTTP/1.1" 404 1256 "http://www.wertstoffservice.de/" "Mozilla/5.0 (Windows NT 6.1; WOW64) AppleWebKit/537.36 (KHTML, like Gecko) Chrome/45.0.2454.85 Safari/537.36"
66.249.78.26 - - [01/Oct/2015:14:16:23 +0200] "GET /robots.txt HTTP/1.1" 404 1256 "-" "Mozilla/5.0 (compatible; Googlebot/2.1; +http://www.google.com/bot.html)"
66.249.78.33 - - [01/Oct/2015:14:16:24 +0200] "GET / HTTP/1.1" 200 2889 "-" "Mozilla/5.0 (compatible; Googlebot/2.1; +http://www.google.com/bot.html)"
66.249.78.26 - - [01/Oct/2015:14:45:12 +0200] "GET /apple-app-site-association HTTP/1.1" 404 1256 "-" "Mozilla/5.0 (compatible; Googlebot/2.1; +http://www.google.com/bot.html)"
66.249.79.245 - - [01/Oct/2015:15:21:02 +0200] "GET / HTTP/1.1" 200 2889 "-" "Mozilla/5.0 (compatible; Googlebot/2.1; +http://www.google.com/bot.html)"
89.163.145.205 - - [01/Oct/2015:16:39:22 +0200] "GET / HTTP/1.1" 200 2889 "-" "Mozilla/5.0 (X11; CrOS i686 1660.57.0) AppleWebKit/535.19 (KHTML, like Gecko) Chrome/18.0.1025.46 Safari/535.19"
144.76.155.8 - - [01/Oct/2015:17:03:37 +0200] "GET / HTTP/1.1" 200 2889 "-" "Mozilla/5.0 (Windows NT 6.1) AppleWebKit/537.36 (KHTML, like Gecko) Chrome/27.0.1453.90 Safari/537.36"
66.249.67.202 - - [01/Oct/2015:17:46:50 +0200] "GET / HTTP/1.1" 200 2889 "-" "Mozilla/5.0 (compatible; Googlebot/2.1; +http://www.google.com/bot.html)"
157.55.39.67 - - [02/Oct/2015:04:53:31 +0200] "GET /robots.txt HTTP/1.1" 404 1256 "-" "Mozilla/5.0 (compatible; bingbot/2.0; +http://www.bing.com/bingbot.htm)"
157.55.39.67 - - [02/Oct/2015:04:55:25 +0200] "GET / HTTP/1.1" 304 - "-" "Mozilla/5.0 (compatible; bingbot/2.0; +http://www.bing.com/bingbot.htm)"
212.185.43.114 - - [02/Oct/2015:15:19:13 +0200] "GET / HTTP/1.1" 200 2889 "https://www.google.de" "Mozilla/5.0 (Windows NT 6.1; WOW64; rv:40.0) Gecko/20100101 Firefox/40.0"
212.185.43.114 - - [02/Oct/2015:15:19:14 +0200] "GET /images/logo.gif HTTP/1.1" 200 6252 "http://www.wertstoffservice.de/" "Mozilla/5.0 (Windows NT 6.1; WOW64; rv:40.0) Gecko/20100101 Firefox/40.0"
212.185.43.114 - - [02/Oct/2015:15:19:14 +0200] "GET /images/u-const.gif HTTP/1.1" 200 3797 "http://www.wertstoffservice.de/" "Mozilla/5.0 (Windows NT 6.1; WOW64; rv:40.0) Gecko/20100101 Firefox/40.0"
212.185.43.114 - - [02/Oct/2015:15:19:14 +0200] "GET /images/hintgr.gif HTTP/1.1" 200 925 "http://www.wertstoffservice.de/" "Mozilla/5.0 (Windows NT 6.1; WOW64; rv:40.0) Gecko/20100101 Firefox/40.0"
212.185.43.114 - - [02/Oct/2015:15:19:14 +0200] "GET /favicon.ico HTTP/1.1" 404 1256 "-" "Mozilla/5.0 (Windows NT 6.1; WOW64; rv:40.0) Gecko/20100101 Firefox/40.0"
212.185.43.114 - - [02/Oct/2015:15:19:14 +0200] "GET /favicon.ico HTTP/1.1" 404 1256 "-" "Mozilla/5.0 (Windows NT 6.1; WOW64; rv:40.0) Gecko/20100101 Firefox/40.0"
185.53.44.23 - - [02/Oct/2015:17:37:51 +0200] "GET /robots.txt HTTP/1.1" 404 1256 "-" "Mozilla/5.0 (compatible; XoviBot/2.0; +http://www.xovibot.net/)"
66.249.78.26 - - [03/Oct/2015:15:37:25 +0200] "GET /robots.txt HTTP/1.1" 404 1256 "-" "Mozilla/5.0 (compatible; Googlebot/2.1; +http://www.google.com/bot.html)"
66.249.78.26 - - [03/Oct/2015:15:37:26 +0200] "GET / HTTP/1.1" 200 2889 "-" "Mozilla/5.0 (iPhone; CPU iPhone OS 8_3 like Mac OS X) AppleWebKit/600.1.4 (KHTML, like Gecko) Version/8.0 Mobile/12F70 Safari/600.1.4 (compatible; Googlebot/2.1; +http://www.google.com/bot.html)"
37.59.55.128 - - [04/Oct/2015:02:50:27 +0200] "GET /robots.txt HTTP/1.0" 404 1256 "-" ""
37.59.55.128 - - [04/Oct/2015:02:50:27 +0200] "GET / HTTP/1.1" 206 2889 "-" "Mozilla/5.0 (Windows; U; Windows NT 6.1; en-US) AppleWebKit/534.17 (KHTML, like Gecko) Chrome/10.0.649.0 Safari/534.17"
81.209.177.145 - - [04/Oct/2015:11:38:32 +0200] "GET /robots.txt HTTP/1.1" 404 1256 "-" "netEstate NE Crawler (+http://www.website-datenbank.de/)"
81.209.177.145 - - [04/Oct/2015:11:38:32 +0200] "GET / HTTP/1.1" 200 2889 "-" "netEstate NE Crawler (+http://www.website-datenbank.de/)"
81.209.177.145 - - [04/Oct/2015:11:38:32 +0200] "GET / HTTP/1.1" 200 2889 "-" "netEstate NE Crawler (+http://www.website-datenbank.de/)"
151.80.31.112 - - [04/Oct/2015:14:40:46 +0200] "GET /robots.txt HTTP/1.1" 404 1256 "-" "Mozilla/5.0 (compatible; AhrefsBot/5.0; +http://ahrefs.com/robot/)"
89.246.220.230 - - [05/Oct/2015:07:16:43 +0200] "GET / HTTP/1.1" 200 2889 "-" "Mozilla/5.0 (Windows NT 6.3; WOW64) AppleWebKit/537.36 (KHTML, like Gecko) Chrome/39.0.2171.99 Safari/537.36"
89.246.220.230 - - [05/Oct/2015:07:16:43 +0200] "GET /images/logo.gif HTTP/1.1" 200 6252 "http://www.wertstoffservice.de/" "Mozilla/5.0 (Windows NT 6.3; WOW64) AppleWebKit/537.36 (KHTML, like Gecko) Chrome/39.0.2171.99 Safari/537.36"
89.246.220.230 - - [05/Oct/2015:07:16:43 +0200] "GET /images/u-const.gif HTTP/1.1" 200 3797 "http://www.wertstoffservice.de/" "Mozilla/5.0 (Windows NT 6.3; WOW64) AppleWebKit/537.36 (KHTML, like Gecko) Chrome/39.0.2171.99 Safari/537.36"
89.246.220.230 - - [05/Oct/2015:07:16:43 +0200] "GET /images/hintgr.gif HTTP/1.1" 200 925 "http://www.wertstoffservice.de/" "Mozilla/5.0 (Windows NT 6.3; WOW64) AppleWebKit/537.36 (KHTML, like Gecko) Chrome/39.0.2171.99 Safari/537.36"
89.246.220.230 - - [05/Oct/2015:07:16:43 +0200] "GET /favicon.ico HTTP/1.1" 404 1256 "-" "Mozilla/5.0 (Windows NT 6.3; WOW64) AppleWebKit/537.36 (KHTML, like Gecko) Chrome/39.0.2171.99 Safari/537.36"
212.95.7.54 - - [05/Oct/2015:14:44:42 +0200] "GET / HTTP/1.1" 200 2889 "-" "Mozilla/5.0 (iPhone; CPU iPhone OS 8_3 like Mac OS X) AppleWebKit/600.1.4 (KHTML, like Gecko) Version/8.0 Mobile/12F70 Safari/600.1.4"
212.95.7.54 - - [05/Oct/2015:14:44:43 +0200] "GET /images/logo.gif HTTP/1.1" 200 6252 "http://www.wertstoffservice.de/" "Mozilla/5.0 (iPhone; CPU iPhone OS 8_3 like Mac OS X) AppleWebKit/600.1.4 (KHTML, like Gecko) Version/8.0 Mobile/12F70 Safari/600.1.4"
212.95.7.54 - - [05/Oct/2015:14:44:43 +0200] "GET /images/u-const.gif HTTP/1.1" 200 3797 "http://www.wertstoffservice.de/" "Mozilla/5.0 (iPhone; CPU iPhone OS 8_3 like Mac OS X) AppleWebKit/600.1.4 (KHTML, like Gecko) Version/8.0 Mobile/12F70 Safari/600.1.4"
212.95.7.54 - - [05/Oct/2015:14:44:43 +0200] "GET /images/hintgr.gif HTTP/1.1" 200 925 "http://www.wertstoffservice.de/" "Mozilla/5.0 (iPhone; CPU iPhone OS 8_3 like Mac OS X) AppleWebKit/600.1.4 (KHTML, like Gecko) Version/8.0 Mobile/12F70 Safari/600.1.4"
66.249.78.33 - - [05/Oct/2015:17:24:02 +0200] "GET /robots.txt HTTP/1.1" 404 1256 "-" "Mozilla/5.0 (compatible; Googlebot/2.1; +http://www.google.com/bot.html)"
66.249.78.19 - - [05/Oct/2015:17:24:02 +0200] "GET / HTTP/1.1" 200 2889 "-" "Mozilla/5.0 (compatible; Googlebot/2.1; +http://www.google.com/bot.html)"
54.237.5.27 - - [06/Oct/2015:02:04:59 +0200] "HEAD /blog HTTP/1.1" 404 - "-" "Opera/7.11 (Windows NT 5.1; U) [ru]"
66.249.78.26 - - [06/Oct/2015:02:32:10 +0200] "GET / HTTP/1.1" 200 2889 "-" "Mozilla/5.0 (compatible; Googlebot/2.1; +http://www.google.com/bot.html)"
66.249.78.26 - - [06/Oct/2015:11:12:14 +0200] "GET /robots.txt HTTP/1.1" 404 1256 "-" "Mozilla/5.0 (compatible; Googlebot/2.1; +http://www.google.com/bot.html)"
66.249.78.19 - - [06/Oct/2015:11:12:14 +0200] "GET / HTTP/1.1" 200 2889 "-" "Mozilla/5.0 (compatible; Googlebot/2.1; +http://www.google.com/bot.html)"
66.249.78.19 - - [06/Oct/2015:14:16:06 +0200] "GET / HTTP/1.1" 200 2889 "-" "Mozilla/5.0 (compatible; Googlebot/2.1; +http://www.google.com/bot.html)"
144.76.18.125 - - [06/Oct/2015:19:43:08 +0200] "GET / HTTP/1.1" 200 2889 "-" "-"
212.86.202.134 - - [07/Oct/2015:00:09:41 +0200] "GET / HTTP/1.1" 200 2889 "-" "Mozilla/5.0 (Windows NT 6.2; WOW64; rv:22.0) Gecko/20100101 Firefox/22.0"
148.251.191.123 - - [07/Oct/2015:00:09:41 +0200] "GET / HTTP/1.1" 200 2889 "-" "Mozilla/5.0 (Macintosh; Intel Mac OS X 10_10; rv:33.0) Gecko/20100101 Firefox/33.0"
148.251.191.123 - - [07/Oct/2015:00:09:41 +0200] "GET /mailto:info@wertstoffservice.de HTTP/1.1" 404 1256 "-" "Mozilla/5.0 (Macintosh; Intel Mac OS X 10_10; rv:33.0) Gecko/20100101 Firefox/33.0"
66.249.73.203 - - [07/Oct/2015:00:29:24 +0200] "GET /robots.txt HTTP/1.1" 404 1256 "-" "Mozilla/5.0 (compatible; Googlebot/2.1; +http://www.google.com/bot.html)"
66.249.73.203 - - [07/Oct/2015:00:29:25 +0200] "GET / HTTP/1.1" 200 2889 "-" "Mozilla/5.0 (compatible; Googlebot/2.1; +http://www.google.com/bot.html)"
66.249.73.203 - - [07/Oct/2015:03:41:53 +0200] "GET / HTTP/1.1" 200 2889 "-" "Mozilla/5.0 (compatible; Googlebot/2.1; +http://www.google.com/bot.html)"
213.239.200.53 - - [07/Oct/2015:14:43:40 +0200] "GET /robots.txt HTTP/1.1" 404 1256 "-" "Mozilla/4.0 (compatible; MSIE 6.0; Windows NT 5.1; SV1; .NET CLR 1.1.4322)"
213.239.200.53 - - [07/Oct/2015:14:43:40 +0200] "GET / HTTP/1.1" 200 2889 "-" "Mozilla/4.0 (compatible; MSIE 6.0; Windows NT 5.1; SV1; .NET CLR 1.1.4322)"
212.86.202.134 - - [07/Oct/2015:16:12:39 +0200] "GET / HTTP/1.1" 200 2889 "-" "Mozilla/5.0 (Windows NT 6.2; WOW64; rv:22.0) Gecko/20100101 Firefox/22.0"
148.251.191.123 - - [07/Oct/2015:16:12:39 +0200] "GET / HTTP/1.1" 200 2889 "-" "Opera/9.80 (Windows NT 6.1; U; en-GB) Presto/2.7.62 Version/11.00"
148.251.191.123 - - [07/Oct/2015:16:12:40 +0200] "GET /mailto:info@wertstoffservice.de HTTP/1.1" 404 1256 "-" "Opera/9.80 (Windows NT 6.1; U; en-GB) Presto/2.7.62 Version/11.00"
84.160.173.95 - - [07/Oct/2015:19:00:29 +0200] "GET / HTTP/1.1" 200 2889 "https://www.google.de" "Mozilla/5.0 (Windows NT 6.1; WOW64; rv:41.0) Gecko/20100101 Firefox/41.0"
84.160.173.95 - - [07/Oct/2015:19:00:29 +0200] "GET / HTTP/1.1" 200 2889 "https://www.google.de" "Mozilla/5.0 (Windows NT 6.1; WOW64; rv:41.0) Gecko/20100101 Firefox/41.0"
84.160.173.95 - - [07/Oct/2015:19:00:29 +0200] "GET /images/logo.gif HTTP/1.1" 200 6252 "http://www.wertstoffservice.de/" "Mozilla/5.0 (Windows NT 6.1; WOW64; rv:41.0) Gecko/20100101 Firefox/41.0"
84.160.173.95 - - [07/Oct/2015:19:00:29 +0200] "GET /images/u-const.gif HTTP/1.1" 200 3797 "http://www.wertstoffservice.de/" "Mozilla/5.0 (Windows NT 6.1; WOW64; rv:41.0) Gecko/20100101 Firefox/41.0"
84.160.173.95 - - [07/Oct/2015:19:00:29 +0200] "GET /images/hintgr.gif HTTP/1.1" 200 925 "http://www.wertstoffservice.de/" "Mozilla/5.0 (Windows NT 6.1; WOW64; rv:41.0) Gecko/20100101 Firefox/41.0"
84.160.173.95 - - [07/Oct/2015:19:00:29 +0200] "GET /favicon.ico HTTP/1.1" 404 1256 "-" "Mozilla/5.0 (Windows NT 6.1; WOW64; rv:41.0) Gecko/20100101 Firefox/41.0"
84.160.173.95 - - [07/Oct/2015:19:00:29 +0200] "GET /favicon.ico HTTP/1.1" 404 1256 "-" "Mozilla/5.0 (Windows NT 6.1; WOW64; rv:41.0) Gecko/20100101 Firefox/41.0"
212.86.202.134 - - [07/Oct/2015:20:40:22 +0200] "GET / HTTP/1.1" 200 2889 "-" "Mozilla/5.0 (Windows NT 6.2; WOW64; rv:22.0) Gecko/20100101 Firefox/22.0"
148.251.191.123 - - [07/Oct/2015:20:40:22 +0200] "GET / HTTP/1.1" 200 2889 "-" "Mozilla/4.0 (Compatible; MSIE 8.0; Windows NT 5.2; Trident/6.0)"
148.251.191.123 - - [07/Oct/2015:20:40:22 +0200] "GET /mailto:info@wertstoffservice.de HTTP/1.1" 404 1256 "-" "Mozilla/4.0 (Compatible; MSIE 8.0; Windows NT 5.2; Trident/6.0)"
66.249.78.33 - - [08/Oct/2015:03:45:23 +0200] "GET /robots.txt HTTP/1.1" 404 1256 "-" "Mozilla/5.0 (compatible; Googlebot/2.1; +http://www.google.com/bot.html)"
66.249.78.19 - - [08/Oct/2015:03:45:23 +0200] "GET / HTTP/1.1" 200 2889 "-" "Mozilla/5.0 (iPhone; CPU iPhone OS 8_3 like Mac OS X) AppleWebKit/600.1.4 (KHTML, like Gecko) Version/8.0 Mobile/12F70 Safari/600.1.4 (compatible; Googlebot/2.1; +http://www.google.com/bot.html)"
80.148.18.172 - - [08/Oct/2015:08:10:06 +0200] "GET / HTTP/1.1" 200 2889 "-" "Mozilla/4.0 (compatible; MSIE 8.0; Windows NT 5.1; Trident/4.0; .NET CLR 2.0.50727; .NET CLR 3.0.04506.648; .NET CLR 3.5.21022; .NET4.0C; .NET4.0E; .NET CLR 3.0.4506.2152; .NET CLR 3.5.30729)"
87.144.184.168 - - [08/Oct/2015:17:14:34 +0200] "GET / HTTP/1.1" 200 2889 "-" "Mozilla/4.0 (compatible; MSIE 8.0; Windows NT 6.0; .NET CLR 1.1.4322; .NET CLR 2.0.50727; .NET CLR 3.0.04506.30)"
167.114.209.28 - - [09/Oct/2015:07:30:45 +0200] "GET / HTTP/1.1" 200 2889 "-" "Mozilla/5.0 (compatible; Lipperhey-Kaus-Australis/5.0; +https://www.lipperhey.com/en/about/)"
167.114.209.28 - - [09/Oct/2015:07:30:49 +0200] "GET /robots.txt HTTP/1.1" 404 1256 "-" "Mozilla/5.0 (compatible; Lipperhey-Kaus-Australis/5.0; +https://www.lipperhey.com/en/about/)"
167.114.209.28 - - [09/Oct/2015:07:30:49 +0200] "GET / HTTP/1.1" 200 2889 "-" "Mozilla/5.0 (compatible; Lipperhey-Kaus-Australis/5.0; +https://www.lipperhey.com/en/about/)"
167.114.209.28 - - [09/Oct/2015:07:30:50 +0200] "GET / HTTP/1.1" 200 2889 "-" "Mozilla/5.0 (Linux; Android 4.0.4; Galaxy Nexus Build/IMM76B) AppleWebKit/535.19 (KHTML, like Gecko) Chrome/18.0.1025.133 Mobile Safari/535.19"
212.86.202.134 - - [09/Oct/2015:17:37:58 +0200] "GET / HTTP/1.1" 200 2889 "-" "Mozilla/5.0 (Windows NT 6.2; WOW64; rv:22.0) Gecko/20100101 Firefox/22.0"
148.251.191.123 - - [09/Oct/2015:17:37:58 +0200] "GET / HTTP/1.1" 200 2889 "-" "Opera/9.80 (Windows NT 5.1) Presto/2.12.388 Version/12.14"
148.251.191.123 - - [09/Oct/2015:17:38:00 +0200] "GET /mailto:info@wertstoffservice.de HTTP/1.1" 404 1256 "-" "Opera/9.80 (Windows NT 5.1) Presto/2.12.388 Version/12.14"
136.243.68.146 - - [09/Oct/2015:17:54:09 +0200] "GET /robots.txt HTTP/1.0" 404 1256 "-" "sectorpages.com"
136.243.68.146 - - [09/Oct/2015:17:54:10 +0200] "GET / HTTP/1.0" 200 2889 "-" "sectorpages.com"
188.138.41.207 - - [09/Oct/2015:22:08:05 +0200] "GET / HTTP/1.1" 200 2889 "-" "Mozilla/5.0 (X11; U; Linux Core i7-4980HQ; de; rv:32.0; compatible; Jobboerse.com; http://www.xn--jobbrse-d1a.com) Gecko/20100401 Firefox/24.0"
188.138.41.207 - - [09/Oct/2015:22:08:05 +0200] "GET /robots.txt HTTP/1.1" 404 1256 "-" "Mozilla/5.0 (X11; U; Linux Core i7-4980HQ; de; rv:32.0; compatible; Jobboerse.com; http://www.xn--jobbrse-d1a.com) Gecko/20100401 Firefox/24.0"
188.138.41.207 - - [09/Oct/2015:22:08:08 +0200] "GET / HTTP/1.1" 200 2889 "-" "Mozilla/5.0 (X11; U; Linux Core i7-4980HQ; de; rv:32.0; compatible; Jobboerse.com; http://www.xn--jobbrse-d1a.com) Gecko/20100401 Firefox/24.0"
188.138.41.207 - - [09/Oct/2015:22:08:10 +0200] "GET / HTTP/1.1" 200 2889 "-" "Mozilla/5.0 (X11; U; Linux Core i7-4980HQ; de; rv:32.0; compatible; Jobboerse.com; http://www.xn--jobbrse-d1a.com) Gecko/20100401 Firefox/24.0"
188.138.41.207 - - [09/Oct/2015:22:08:14 +0200] "GET /favicon.ico HTTP/1.1" 404 1256 "-" "Mozilla/5.0 (X11; U; Linux Core i7-4980HQ; de; rv:32.0; compatible; Jobboerse.com; http://www.xn--jobbrse-d1a.com) Gecko/20100401 Firefox/24.0"
188.138.41.207 - - [09/Oct/2015:22:08:16 +0200] "GET / HTTP/1.1" 200 2889 "-" "Mozilla/5.0 (X11; U; Linux Core i7-4980HQ; de; rv:32.0; compatible; Jobboerse.com; http://www.xn--jobbrse-d1a.com) Gecko/20100401 Firefox/24.0"
91.65.169.237 - - [10/Oct/2015:09:22:03 +0200] "GET / HTTP/1.1" 200 2889 "-" "Mozilla/5.0 (X11; Linux x86_64) AppleWebKit/537.36 (KHTML, like Gecko) Chrome/43.0.2357.134 Safari/537.36"
180.150.227.246 - - [10/Oct/2015:22:37:17 +0200] "GET /wp-login.php HTTP/1.1" 404 1256 "http://www.wertstoffservice.de/wp-login.php" "Mozilla/4.0 (compatible; MSIE 9.0; Windows NT 6.1; 125LA; .NET CLR 2.0.50727; .NET CLR 3.0.04506.648; .NET CLR 3.5.21022)"
180.150.227.246 - - [10/Oct/2015:22:37:18 +0200] "GET /wp-login.php HTTP/1.1" 404 1256 "http://www.wertstoffservice.de/wp-login.php" "Mozilla/4.0 (compatible; MSIE 9.0; Windows NT 6.1; 125LA; .NET CLR 2.0.50727; .NET CLR 3.0.04506.648; .NET CLR 3.5.21022)"
64.246.165.190 - - [11/Oct/2015:06:37:27 +0200] "GET /robots.txt HTTP/1.0" 404 1256 "-" "Mozilla/5.0 (Windows; U; Windows NT 5.1; en; rv:1.9.0.13) Gecko/2009073022 Firefox/3.5.2 (.NET CLR 3.5.30729) SurveyBot/2.3 (DomainTools)"
64.246.165.190 - - [11/Oct/2015:06:37:28 +0200] "GET / HTTP/1.1" 200 2889 "http://whois.domaintools.com/wertstoffservice.de" "Mozilla/5.0 (Windows; U; Windows NT 5.1; en; rv:1.9.0.13) Gecko/2009073022 Firefox/3.5.2 (.NET CLR 3.5.30729) SurveyBot/2.3 (DomainTools)"
5.9.17.118 - - [11/Oct/2015:08:17:32 +0200] "GET / HTTP/1.1" 200 2889 "-" "Mozilla/5.0 (Macintosh; Intel Mac OS X 10_5_8) AppleWebKit/534.50.2 (KHTML, like Gecko) Version/5.0.6 Safari/533.22.3"
82.177.164.3 - - [11/Oct/2015:11:52:46 +0200] "GET / HTTP/1.1" 200 2889 "http://www.wertstoffservice.de/" "Mozilla/5.0 (Windows NT 5.1; rv:31.0) Gecko/20100101 Firefox/31.0"
82.177.164.3 - - [11/Oct/2015:12:12:48 +0200] "GET / HTTP/1.1" 200 2889 "http://www.wertstoffservice.de/" "Mozilla/5.0 (Windows NT 5.1; rv:31.0) Gecko/20100101 Firefox/31.0"
66.249.78.19 - - [11/Oct/2015:14:40:37 +0200] "GET /robots.txt HTTP/1.1" 404 1256 "-" "Mozilla/5.0 (compatible; Googlebot/2.1; +http://www.google.com/bot.html)"
66.249.78.33 - - [11/Oct/2015:14:40:37 +0200] "GET / HTTP/1.1" 200 2889 "-" "Mozilla/5.0 (compatible; Googlebot/2.1; +http://www.google.com/bot.html)"
207.241.226.231 - - [11/Oct/2015:15:01:20 +0200] "GET /robots.txt HTTP/1.1" 404 1256 "-" "Mozilla/5.0 (compatible; archive.org_bot; Wayback Machine Live Record; +http://archive.org/details/archive.org_bot)"
188.165.15.79 - - [11/Oct/2015:15:08:21 +0200] "GET / HTTP/1.1" 200 2889 "-" "Mozilla/5.0 (compatible; AhrefsBot/5.0; +http://ahrefs.com/robot/)"
180.150.227.246 - - [11/Oct/2015:20:21:40 +0200] "GET /wp-login.php HTTP/1.1" 404 1256 "http://www.wertstoffservice.de/wp-login.php" "Mozilla/4.0 (compatible; MSIE 9.0; Windows NT 6.1; 125LA; .NET CLR 2.0.50727; .NET CLR 3.0.04506.648; .NET CLR 3.5.21022)"
180.150.227.246 - - [11/Oct/2015:20:21:41 +0200] "GET /wp-login.php HTTP/1.1" 404 1256 "http://www.wertstoffservice.de/wp-login.php" "Mozilla/4.0 (compatible; MSIE 9.0; Windows NT 6.1; 125LA; .NET CLR 2.0.50727; .NET CLR 3.0.04506.648; .NET CLR 3.5.21022)"
66.249.78.33 - - [12/Oct/2015:01:26:08 +0200] "GET / HTTP/1.1" 200 2889 "-" "Mozilla/5.0 (iPhone; CPU iPhone OS 8_3 like Mac OS X) AppleWebKit/600.1.4 (KHTML, like Gecko) Version/8.0 Mobile/12F70 Safari/600.1.4 (compatible; Googlebot/2.1; +http://www.google.com/bot.html)"
195.154.200.93 - - [12/Oct/2015:02:53:36 +0200] "GET /robots.txt HTTP/1.0" 404 1256 "-" "Mozilla/5.0 (compatible; MJ12bot/v1.4.5; http://www.majestic12.co.uk/bot.php?+)"
195.154.200.93 - - [12/Oct/2015:02:53:54 +0200] "GET / HTTP/1.0" 200 2889 "-" "Mozilla/5.0 (compatible; MJ12bot/v1.4.5; http://www.majestic12.co.uk/bot.php?+)"
27.124.19.69 - - [12/Oct/2015:10:38:45 +0200] "GET / HTTP/1.1" 200 2889 "http://webextract.profound.net/index.php/work/10715146" "Mozilla/5.0 (Windows NT 5.1; rv:41.0) Gecko/20100101 Firefox/41.0"
27.124.19.69 - - [12/Oct/2015:10:38:46 +0200] "GET /images/logo.gif HTTP/1.1" 200 6252 "http://www.wertstoffservice.de/" "Mozilla/5.0 (Windows NT 5.1; rv:41.0) Gecko/20100101 Firefox/41.0"
27.124.19.69 - - [12/Oct/2015:10:38:46 +0200] "GET /images/u-const.gif HTTP/1.1" 200 3797 "http://www.wertstoffservice.de/" "Mozilla/5.0 (Windows NT 5.1; rv:41.0) Gecko/20100101 Firefox/41.0"
27.124.19.69 - - [12/Oct/2015:10:38:46 +0200] "GET /images/hintgr.gif HTTP/1.1" 200 925 "http://www.wertstoffservice.de/" "Mozilla/5.0 (Windows NT 5.1; rv:41.0) Gecko/20100101 Firefox/41.0"
87.138.111.180 - - [12/Oct/2015:16:05:01 +0200] "GET / HTTP/1.1" 200 2889 "-" "Mozilla/5.0 (Windows NT 6.1; rv:41.0) Gecko/20100101 Firefox/41.0"
87.138.111.180 - - [12/Oct/2015:16:05:02 +0200] "GET /images/logo.gif HTTP/1.1" 200 6252 "http://www.wertstoffservice.de/" "Mozilla/5.0 (Windows NT 6.1; rv:41.0) Gecko/20100101 Firefox/41.0"
87.138.111.180 - - [12/Oct/2015:16:05:02 +0200] "GET /images/u-const.gif HTTP/1.1" 200 3797 "http://www.wertstoffservice.de/" "Mozilla/5.0 (Windows NT 6.1; rv:41.0) Gecko/20100101 Firefox/41.0"
87.138.111.180 - - [12/Oct/2015:16:05:02 +0200] "GET /images/hintgr.gif HTTP/1.1" 200 925 "http://www.wertstoffservice.de/" "Mozilla/5.0 (Windows NT 6.1; rv:41.0) Gecko/20100101 Firefox/41.0"
87.138.111.180 - - [12/Oct/2015:16:05:02 +0200] "GET /favicon.ico HTTP/1.1" 404 1256 "-" "Mozilla/5.0 (Windows NT 6.1; rv:41.0) Gecko/20100101 Firefox/41.0"
87.138.111.180 - - [12/Oct/2015:16:05:02 +0200] "GET /favicon.ico HTTP/1.1" 404 1256 "-" "Mozilla/5.0 (Windows NT 6.1; rv:41.0) Gecko/20100101 Firefox/41.0"
46.229.170.197 - - [12/Oct/2015:18:15:05 +0200] "GET / HTTP/1.1" 200 2889 "-" "Mozilla/5.0 (Windows NT 6.1; WOW64; rv:2.0b11pre) Gecko/20110128 Firefox/4.0b11pre"
87.158.106.16 - - [12/Oct/2015:19:05:58 +0200] "GET / HTTP/1.1" 200 2889 "http://www.google.de/url?sa=t&rct=j&q=&esrc=s&source=web&cd=2&ved=0CC0QgU8wAWoVChMIupiY97S9yAIVhBMsCh1P6gaV&url=http%3A%2F%2Fwww.wertstoffservice.de%2F&usg=AFQjCNH7Uqeobv66I8n6zUkeuVynRnaJ-w&bvm=bv.104819420,d.bGg" "Mozilla/5.0 (Windows NT 6.3; Win64; x64; Trident/7.0; MAARJS; rv:11.0) like Gecko"
87.158.106.16 - - [12/Oct/2015:19:05:58 +0200] "GET /images/hintgr.gif HTTP/1.1" 200 925 "http://www.wertstoffservice.de/" "Mozilla/5.0 (Windows NT 6.3; Win64; x64; Trident/7.0; MAARJS; rv:11.0) like Gecko"
87.158.106.16 - - [12/Oct/2015:19:05:58 +0200] "GET /images/logo.gif HTTP/1.1" 200 6252 "http://www.wertstoffservice.de/" "Mozilla/5.0 (Windows NT 6.3; Win64; x64; Trident/7.0; MAARJS; rv:11.0) like Gecko"
87.158.106.16 - - [12/Oct/2015:19:05:58 +0200] "GET /images/u-const.gif HTTP/1.1" 200 3797 "http://www.wertstoffservice.de/" "Mozilla/5.0 (Windows NT 6.3; Win64; x64; Trident/7.0; MAARJS; rv:11.0) like Gecko"
87.158.106.16 - - [12/Oct/2015:19:05:58 +0200] "GET /favicon.ico HTTP/1.1" 404 1256 "-" "Mozilla/5.0 (Windows NT 6.3; Win64; x64; Trident/7.0; MAARJS; rv:11.0) like Gecko"
46.4.120.3 - - [12/Oct/2015:20:51:09 +0200] "GET /robots.txt HTTP/1.0" 404 1256 "-" "Mozilla/5.0 (compatible; MJ12bot/v1.4.5; http://www.majestic12.co.uk/bot.php?+)"
46.4.120.3 - - [12/Oct/2015:20:51:11 +0200] "GET / HTTP/1.0" 200 2889 "-" "Mozilla/5.0 (compatible; MJ12bot/v1.4.5; http://www.majestic12.co.uk/bot.php?+)"
212.86.202.134 - - [12/Oct/2015:23:04:26 +0200] "GET / HTTP/1.1" 200 2889 "-" "Mozilla/5.0 (Windows NT 6.2; WOW64; rv:22.0) Gecko/20100101 Firefox/22.0"
148.251.191.123 - - [12/Oct/2015:23:04:26 +0200] "GET / HTTP/1.1" 200 2889 "-" "Mozilla/5.0 (compatible, MSIE 11, Windows NT 6.3; Trident/7.0; rv:11.0) like Gecko"
148.251.191.123 - - [12/Oct/2015:23:04:27 +0200] "GET /mailto:info@wertstoffservice.de HTTP/1.1" 404 1256 "-" "Mozilla/5.0 (compatible, MSIE 11, Windows NT 6.3; Trident/7.0; rv:11.0) like Gecko"
80.234.19.207 - - [13/Oct/2015:02:55:12 +0200] "GET / HTTP/1.1" 200 2889 "-" "Ruby"
165.225.72.74 - - [13/Oct/2015:09:55:20 +0200] "GET / HTTP/1.1" 200 2889 "-" "Mozilla/5.0 (Windows NT 6.1; WOW64) AppleWebKit/537.36 (KHTML, like Gecko) Chrome/42.0.2311.90 Safari/537.36"
165.225.72.74 - - [13/Oct/2015:09:55:20 +0200] "GET /images/logo.gif HTTP/1.1" 200 6252 "http://www.wertstoffservice.de/" "Mozilla/5.0 (Windows NT 6.1; WOW64) AppleWebKit/537.36 (KHTML, like Gecko) Chrome/42.0.2311.90 Safari/537.36"
165.225.72.74 - - [13/Oct/2015:09:55:21 +0200] "GET /images/u-const.gif HTTP/1.1" 200 3797 "http://www.wertstoffservice.de/" "Mozilla/5.0 (Windows NT 6.1; WOW64) AppleWebKit/537.36 (KHTML, like Gecko) Chrome/42.0.2311.90 Safari/537.36"
165.225.72.74 - - [13/Oct/2015:09:55:21 +0200] "GET /images/hintgr.gif HTTP/1.1" 200 925 "http://www.wertstoffservice.de/" "Mozilla/5.0 (Windows NT 6.1; WOW64) AppleWebKit/537.36 (KHTML, like Gecko) Chrome/42.0.2311.90 Safari/537.36"
165.225.72.74 - - [13/Oct/2015:09:55:21 +0200] "GET /favicon.ico HTTP/1.1" 404 1256 "http://www.wertstoffservice.de/" "Mozilla/5.0 (Windows NT 6.1; WOW64) AppleWebKit/537.36 (KHTML, like Gecko) Chrome/42.0.2311.90 Safari/537.36"
54.164.63.108 - - [13/Oct/2015:14:44:46 +0200] "GET / HTTP/1.1" 200 2889 "-" "Mozilla/5.0 (compatible& Googlebot/2.1& +http://www.google.com/bot.html)"
54.164.63.108 - - [13/Oct/2015:14:44:46 +0200] "GET / HTTP/1.1" 200 2889 "-" "Mozilla/5.0 (Linux; U; Android 4.0.3; ko-kr; LG-L160L Build/IML74K) AppleWebkit/534.30 (KHTML, like Gecko) Version/4.0 Mobile Safari/534.30"
188.165.15.10 - - [13/Oct/2015:22:10:57 +0200] "GET /robots.txt HTTP/1.1" 404 1256 "-" "Mozilla/5.0 (compatible; AhrefsBot/5.0; +http://ahrefs.com/robot/)"
136.243.75.162 - - [14/Oct/2015:05:11:55 +0200] "GET /robots.txt HTTP/1.0" 404 1256 "-" "Mozilla/5.0 (compatible; MJ12bot/v1.4.5; http://www.majestic12.co.uk/bot.php?+)"
136.243.75.162 - - [14/Oct/2015:05:11:57 +0200] "GET / HTTP/1.0" 200 2889 "-" "Mozilla/5.0 (compatible; MJ12bot/v1.4.5; http://www.majestic12.co.uk/bot.php?+)"
78.46.37.41 - - [14/Oct/2015:09:23:44 +0200] "GET / HTTP/1.1" 200 2889 "-" "Mozilla/5.0 (Macintosh; Intel Mac OS X 10_7_3) AppleWebKit/534.55.3 (KHTML, like Gecko) Version/5.1.3 Safari/534.53.10"
78.46.37.41 - - [14/Oct/2015:09:23:44 +0200] "GET / HTTP/1.1" 200 2889 "-" "Mozilla/5.0 (Windows; U; MSIE 9.0; Windows NT 9.0; en-US)"
192.166.164.219 - - [14/Oct/2015:11:35:31 +0200] "GET / HTTP/1.1" 200 2889 "google.com" "Mozilla/5.0 (compatible; MSIE 10.0; Windows NT 6.1; WOW64; Trident/6.0)"
192.166.164.219 - - [14/Oct/2015:11:35:31 +0200] "GET / HTTP/1.1" 200 2889 "google.com" "Mozilla/5.0 (compatible; MSIE 10.0; Windows NT 6.1; WOW64; Trident/6.0)"
66.249.79.252 - - [14/Oct/2015:14:41:26 +0200] "GET /robots.txt HTTP/1.1" 404 1256 "-" "Mozilla/5.0 (compatible; Googlebot/2.1; +http://www.google.com/bot.html)"
66.249.79.252 - - [14/Oct/2015:14:41:26 +0200] "GET / HTTP/1.1" 200 2889 "-" "Mozilla/5.0 (iPhone; CPU iPhone OS 8_3 like Mac OS X) AppleWebKit/600.1.4 (KHTML, like Gecko) Version/8.0 Mobile/12F70 Safari/600.1.4 (compatible; Googlebot/2.1; +http://www.google.com/bot.html)"
78.46.33.209 - - [15/Oct/2015:04:08:32 +0200] "GET / HTTP/1.1" 200 2889 "-" "Mozilla/5.0 (Windows; U; Windows NT 6.1; de; rv:1.9.2.12) Gecko/20101026 Firefox/3.6.12"
165.225.72.74 - - [15/Oct/2015:16:28:26 +0200] "GET / HTTP/1.1" 200 2889 "-" "Mozilla/5.0 (Windows NT 6.1; WOW64) AppleWebKit/537.36 (KHTML, like Gecko) Chrome/42.0.2311.90 Safari/537.36"
165.225.72.74 - - [15/Oct/2015:16:28:27 +0200] "GET /images/logo.gif HTTP/1.1" 200 6252 "http://www.wertstoffservice.de/" "Mozilla/5.0 (Windows NT 6.1; WOW64) AppleWebKit/537.36 (KHTML, like Gecko) Chrome/42.0.2311.90 Safari/537.36"
165.225.72.74 - - [15/Oct/2015:16:28:28 +0200] "GET /images/hintgr.gif HTTP/1.1" 200 925 "http://www.wertstoffservice.de/" "Mozilla/5.0 (Windows NT 6.1; WOW64) AppleWebKit/537.36 (KHTML, like Gecko) Chrome/42.0.2311.90 Safari/537.36"
165.225.72.74 - - [15/Oct/2015:16:28:28 +0200] "GET /images/u-const.gif HTTP/1.1" 200 3797 "http://www.wertstoffservice.de/" "Mozilla/5.0 (Windows NT 6.1; WOW64) AppleWebKit/537.36 (KHTML, like Gecko) Chrome/42.0.2311.90 Safari/537.36"
165.225.72.74 - - [15/Oct/2015:16:28:28 +0200] "GET /favicon.ico HTTP/1.1" 404 1256 "http://www.wertstoffservice.de/" "Mozilla/5.0 (Windows NT 6.1; WOW64) AppleWebKit/537.36 (KHTML, like Gecko) Chrome/42.0.2311.90 Safari/537.36"
93.92.217.228 - - [15/Oct/2015:23:32:35 +0200] "GET / HTTP/1.1" 200 2889 "-" "Mozilla/5.0 (X11; U; Linux i686; en-GB; rv:1.8.1) Gecko/20061031 BonEcho/2.0"
68.180.229.120 - - [16/Oct/2015:02:18:47 +0200] "GET /robots.txt HTTP/1.1" 404 1256 "-" "Mozilla/5.0 (compatible; Yahoo! Slurp; http://help.yahoo.com/help/us/ysearch/slurp)"
68.180.229.120 - - [16/Oct/2015:02:18:47 +0200] "GET / HTTP/1.1" 200 2889 "-" "Mozilla/5.0 (compatible; Yahoo! Slurp; http://help.yahoo.com/help/us/ysearch/slurp)"
86.56.65.49 - - [16/Oct/2015:06:48:11 +0200] "GET / HTTP/1.1" 200 2889 "-" "-"
46.4.87.105 - - [16/Oct/2015:06:59:15 +0200] "GET /robots.txt HTTP/1.0" 404 1256 "-" "Mozilla/5.0 (compatible; MJ12bot/v1.4.5; http://www.majestic12.co.uk/bot.php?+)"
46.4.87.105 - - [16/Oct/2015:06:59:19 +0200] "GET / HTTP/1.0" 200 2889 "-" "Mozilla/5.0 (compatible; MJ12bot/v1.4.5; http://www.majestic12.co.uk/bot.php?+)"
66.249.78.26 - - [16/Oct/2015:10:12:44 +0200] "GET /robots.txt HTTP/1.1" 404 1256 "-" "Mozilla/5.0 (compatible; Googlebot/2.1; +http://www.google.com/bot.html)"
66.249.78.26 - - [16/Oct/2015:10:12:44 +0200] "GET / HTTP/1.1" 200 2889 "-" "Mozilla/5.0 (compatible; Googlebot/2.1; +http://www.google.com/bot.html)"
66.249.78.33 - - [16/Oct/2015:14:01:18 +0200] "GET / HTTP/1.1" 200 2889 "-" "Mozilla/5.0 (compatible; Googlebot/2.1; +http://www.google.com/bot.html)"
108.61.123.86 - - [16/Oct/2015:21:50:31 +0200] "GET / HTTP/1.1" 200 2889 "-" "Mozilla/5.0 (Windows NT 6.1; WOW64; rv:18.0) Gecko/20100101 Firefox/18.0"
144.76.18.125 - - [17/Oct/2015:19:24:50 +0200] "GET / HTTP/1.1" 200 2889 "-" "-"
213.239.211.141 - - [18/Oct/2015:04:15:13 +0200] "GET /robots.txt HTTP/1.0" 404 1256 "-" ""
213.239.211.141 - - [18/Oct/2015:04:15:13 +0200] "GET / HTTP/1.1" 206 2889 "-" "Mozilla/5.0 (X11; U; Linux amd64; en-US; rv:5.0) Gecko/20110619 Firefox/5.0"
69.197.169.202 - - [18/Oct/2015:10:35:07 +0200] "GET /wp-login.php HTTP/1.1" 404 1256 "-" "Mozilla/5.0 (compatible; MSIE 9.0; Windows NT 6.1; Trident/5.0)"
86.56.65.49 - - [18/Oct/2015:12:17:18 +0200] "GET / HTTP/1.1" 200 2889 "-" "-"
51.254.130.58 - - [18/Oct/2015:14:08:00 +0200] "GET /robots.txt HTTP/1.0" 404 1256 "-" "Mozilla/5.0 (compatible; MJ12bot/v1.4.5; http://www.majestic12.co.uk/bot.php?+)"
51.254.130.58 - - [18/Oct/2015:14:08:01 +0200] "GET / HTTP/1.0" 200 2889 "-" "Mozilla/5.0 (compatible; MJ12bot/v1.4.5; http://www.majestic12.co.uk/bot.php?+)"
144.76.71.83 - - [18/Oct/2015:19:06:46 +0200] "GET / HTTP/1.1" 200 2889 "-" "Mozilla/5.0 (Macintosh; Intel Mac OS X 1084) AppleWebKit/536.29.13 (KHTML like Gecko) Version/6.0.4 Safari/536.29.13"
213.61.218.52 - - [18/Oct/2015:23:26:42 +0200] "GET / HTTP/1.1" 200 2889 "-" "-"
213.61.218.52 - - [18/Oct/2015:23:26:42 +0200] "GET / HTTP/1.1" 200 2889 "http://www.google.de/" "finbot"
213.61.218.52 - - [18/Oct/2015:23:26:42 +0200] "GET / HTTP/1.1" 200 2889 "http://www.google.de/" "Mozilla/5.0 (Linux; U; Android 4.1.2; de-de; GT-I8190 Build/JZO54K) AppleWebKit/534.30 (KHTML, like Gecko) Version/4.0 Mobile Safari/534.30"
141.8.147.18 - - [19/Oct/2015:03:38:00 +0200] "GET /robots.txt HTTP/1.1" 404 1256 "-" "Mozilla/5.0 (compatible; YandexBot/3.0; +http://yandex.com/bots)"
2.173.44.134 - - [19/Oct/2015:15:13:43 +0200] "GET / HTTP/1.1" 200 2889 "-" "Mozilla/5.0 (Linux; Android 5.0.2; SAMSUNG SM-T530 Build/LRX22G) AppleWebKit/537.36 (KHTML, like Gecko) SamsungBrowser/3.2 Chrome/38.0.2125.102 Safari/537.36"
2.173.44.134 - - [19/Oct/2015:15:13:43 +0200] "GET /images/logo.gif HTTP/1.1" 200 6252 "http://www.wertstoffservice.de/" "Mozilla/5.0 (Linux; Android 5.0.2; SAMSUNG SM-T530 Build/LRX22G) AppleWebKit/537.36 (KHTML, like Gecko) SamsungBrowser/3.2 Chrome/38.0.2125.102 Safari/537.36"
2.173.44.134 - - [19/Oct/2015:15:13:43 +0200] "GET /images/hintgr.gif HTTP/1.1" 200 925 "http://www.wertstoffservice.de/" "Mozilla/5.0 (Linux; Android 5.0.2; SAMSUNG SM-T530 Build/LRX22G) AppleWebKit/537.36 (KHTML, like Gecko) SamsungBrowser/3.2 Chrome/38.0.2125.102 Safari/537.36"
2.173.44.134 - - [19/Oct/2015:15:13:43 +0200] "GET /images/u-const.gif HTTP/1.1" 200 3797 "http://www.wertstoffservice.de/" "Mozilla/5.0 (Linux; Android 5.0.2; SAMSUNG SM-T530 Build/LRX22G) AppleWebKit/537.36 (KHTML, like Gecko) SamsungBrowser/3.2 Chrome/38.0.2125.102 Safari/537.36"
2.173.44.134 - - [19/Oct/2015:15:13:43 +0200] "GET /favicon.ico HTTP/1.1" 404 1256 "-" "Mozilla/5.0 (Linux; Android 5.0.2; SAMSUNG SM-T530 Build/LRX22G) AppleWebKit/537.36 (KHTML, like Gecko) SamsungBrowser/3.2 Chrome/38.0.2125.102 Safari/537.36"
66.249.78.19 - - [19/Oct/2015:16:36:02 +0200] "GET /robots.txt HTTP/1.1" 404 1256 "-" "Mozilla/5.0 (compatible; Googlebot/2.1; +http://www.google.com/bot.html)"
66.249.78.19 - - [19/Oct/2015:16:36:02 +0200] "GET / HTTP/1.1" 200 2889 "-" "Mozilla/5.0 (compatible; Googlebot/2.1; +http://www.google.com/bot.html)"
66.249.78.33 - - [20/Oct/2015:09:34:21 +0200] "GET /robots.txt HTTP/1.1" 404 1256 "-" "Mozilla/5.0 (compatible; Googlebot/2.1; +http://www.google.com/bot.html)"
66.249.78.19 - - [20/Oct/2015:09:34:21 +0200] "GET / HTTP/1.1" 200 2889 "-" "Mozilla/5.0 (iPhone; CPU iPhone OS 8_3 like Mac OS X) AppleWebKit/600.1.4 (KHTML, like Gecko) Version/8.0 Mobile/12F70 Safari/600.1.4 (compatible; Googlebot/2.1; +http://www.google.com/bot.html)"
46.229.170.197 - - [20/Oct/2015:22:13:16 +0200] "GET / HTTP/1.1" 200 2889 "-" "Mozilla/5.0 (Windows NT 5.1; rv:2.0b13pre) Gecko/20110223 Firefox/4.0b13pre"
217.69.133.225 - - [21/Oct/2015:09:32:17 +0200] "GET /robots.txt HTTP/1.0" 404 1256 "-" "Mozilla/5.0 (compatible; Linux x86_64; Mail.RU_Bot/2.0; +http://go.mail.ru/help/robots)"
217.69.133.220 - - [21/Oct/2015:09:32:18 +0200] "GET / HTTP/1.1" 200 2889 "-" "Mozilla/5.0 (compatible; Linux x86_64; Mail.RU_Bot/2.0; +http://go.mail.ru/help/robots)"
82.177.164.3 - - [22/Oct/2015:01:40:52 +0200] "GET / HTTP/1.1" 200 2889 "http://www.wertstoffservice.de/" "Mozilla/5.0 (Windows NT 5.1; rv:31.0) Gecko/20100101 Firefox/31.0"
82.177.164.3 - - [22/Oct/2015:02:27:54 +0200] "GET / HTTP/1.1" 200 2889 "http://www.wertstoffservice.de/" "Mozilla/5.0 (Windows NT 5.1; rv:31.0) Gecko/20100101 Firefox/31.0"
151.80.31.112 - - [22/Oct/2015:12:31:11 +0200] "GET /robots.txt HTTP/1.1" 404 1256 "-" "Mozilla/5.0 (compatible; AhrefsBot/5.0; +http://ahrefs.com/robot/)"
212.114.209.245 - - [22/Oct/2015:12:34:05 +0200] "GET / HTTP/1.0" 200 2889 "http://www.google.de/url?sa=t&rct=j&q=&esrc=s&source=web&cd=1&ved=0CB4QFjAAahUKEwj4xqWx8NXIAhUEDiwKHQcmDCI&url=http%3A%2F%2Fwww.wertstoffservice.de%2F&usg=AFQjCNH7Uqeobv66I8n6zUkeuVynRnaJ-w&bvm=bv.105814755,d.bGg" "Mozilla/5.0 (Windows NT 6.1; WOW64; Trident/7.0; rv:11.0) like Gecko"
212.114.209.245 - - [22/Oct/2015:12:34:09 +0200] "GET /images/hintgr.gif HTTP/1.0" 200 925 "http://www.wertstoffservice.de/" "Mozilla/5.0 (Windows NT 6.1; WOW64; Trident/7.0; rv:11.0) like Gecko"
212.114.209.245 - - [22/Oct/2015:12:34:09 +0200] "GET /images/logo.gif HTTP/1.0" 200 6252 "http://www.wertstoffservice.de/" "Mozilla/5.0 (Windows NT 6.1; WOW64; Trident/7.0; rv:11.0) like Gecko"
212.114.209.245 - - [22/Oct/2015:12:34:09 +0200] "GET /images/u-const.gif HTTP/1.0" 200 3797 "http://www.wertstoffservice.de/" "Mozilla/5.0 (Windows NT 6.1; WOW64; Trident/7.0; rv:11.0) like Gecko"
212.114.209.245 - - [22/Oct/2015:12:34:09 +0200] "GET /images/hintgr.gif HTTP/1.0" 200 925 "http://www.wertstoffservice.de/" "Mozilla/5.0 (Windows NT 6.1; WOW64; Trident/7.0; rv:11.0) like Gecko"
212.114.209.245 - - [22/Oct/2015:12:34:09 +0200] "GET /favicon.ico HTTP/1.0" 404 1256 "-" "Mozilla/5.0 (Windows NT 6.1; Win64; x64; Trident/7.0; rv:11.0) like Gecko"
46.4.27.145 - - [22/Oct/2015:16:13:17 +0200] "GET / HTTP/1.1" 200 2889 "http://www.webwiki.de/www.wertstoffservice.de" "Mozilla/5.0 (Windows NT 6.3; WOW64; rv:36.0) Gecko/20100101 Firefox/36.0"
136.243.68.146 - - [22/Oct/2015:22:25:45 +0200] "GET /robots.txt HTTP/1.0" 404 1256 "-" "sectorpages.com"
136.243.68.146 - - [22/Oct/2015:22:25:45 +0200] "GET / HTTP/1.0" 200 2889 "-" "sectorpages.com"
66.249.67.202 - - [23/Oct/2015:00:17:41 +0200] "GET /robots.txt HTTP/1.1" 404 1256 "-" "Mozilla/5.0 (compatible; Googlebot/2.1; +http://www.google.com/bot.html)"
66.249.67.210 - - [23/Oct/2015:00:17:42 +0200] "GET / HTTP/1.1" 200 2889 "-" "DoCoMo/2.0 N905i(c100;TB;W24H16) (compatible; Googlebot-Mobile/2.1; +http://www.google.com/bot.html)"
66.249.67.210 - - [23/Oct/2015:00:28:09 +0200] "GET / HTTP/1.1" 200 2889 "-" "Mozilla/5.0 (compatible; Googlebot/2.1; +http://www.google.com/bot.html)"
66.249.79.131 - - [23/Oct/2015:09:11:40 +0200] "GET /robots.txt HTTP/1.1" 404 1256 "-" "Mozilla/5.0 (compatible; Googlebot/2.1; +http://www.google.com/bot.html)"
66.249.79.252 - - [23/Oct/2015:09:11:41 +0200] "GET / HTTP/1.1" 200 2889 "-" "Mozilla/5.0 (compatible; Googlebot/2.1; +http://www.google.com/bot.html)"
66.249.67.202 - - [23/Oct/2015:11:07:35 +0200] "GET / HTTP/1.1" 200 2889 "-" "Mozilla/5.0 (compatible; Googlebot/2.1; +http://www.google.com/bot.html)"
193.158.23.92 - - [23/Oct/2015:11:37:31 +0200] "GET / HTTP/1.1" 200 2889 "-" "Mozilla/5.0 (Windows NT 6.1; WOW64; Trident/7.0; rv:11.0) like Gecko"
193.158.23.92 - - [23/Oct/2015:11:37:31 +0200] "GET /images/hintgr.gif HTTP/1.1" 200 925 "http://www.wertstoffservice.de/" "Mozilla/5.0 (Windows NT 6.1; WOW64; Trident/7.0; rv:11.0) like Gecko"
193.158.23.92 - - [23/Oct/2015:11:37:31 +0200] "GET /images/u-const.gif HTTP/1.1" 200 3797 "http://www.wertstoffservice.de/" "Mozilla/5.0 (Windows NT 6.1; WOW64; Trident/7.0; rv:11.0) like Gecko"
193.158.23.92 - - [23/Oct/2015:11:37:31 +0200] "GET /images/hintgr.gif HTTP/1.1" 200 925 "http://www.wertstoffservice.de/" "Mozilla/5.0 (Windows NT 6.1; WOW64; Trident/7.0; rv:11.0) like Gecko"
193.158.23.92 - - [23/Oct/2015:11:37:31 +0200] "GET /images/logo.gif HTTP/1.1" 200 6252 "http://www.wertstoffservice.de/" "Mozilla/5.0 (Windows NT 6.1; WOW64; Trident/7.0; rv:11.0) like Gecko"
193.158.23.92 - - [23/Oct/2015:11:37:31 +0200] "GET /favicon.ico HTTP/1.1" 404 1256 "-" "Mozilla/5.0 (Windows NT 6.1; Win64; x64; Trident/7.0; rv:11.0) like Gecko"
66.249.78.33 - - [23/Oct/2015:20:34:15 +0200] "GET /robots.txt HTTP/1.1" 404 1256 "-" "Mozilla/5.0 (compatible; Googlebot/2.1; +http://www.google.com/bot.html)"
66.249.78.33 - - [23/Oct/2015:20:34:15 +0200] "GET / HTTP/1.1" 200 2889 "-" "Mozilla/5.0 (iPhone; CPU iPhone OS 8_3 like Mac OS X) AppleWebKit/600.1.4 (KHTML, like Gecko) Version/8.0 Mobile/12F70 Safari/600.1.4 (compatible; Googlebot/2.1; +http://www.google.com/bot.html)"
66.249.73.195 - - [25/Oct/2015:00:04:40 +0200] "GET /robots.txt HTTP/1.1" 404 1256 "-" "Mozilla/5.0 (compatible; Googlebot/2.1; +http://www.google.com/bot.html)"
66.249.73.203 - - [25/Oct/2015:00:04:41 +0200] "GET / HTTP/1.1" 200 2889 "-" "Mozilla/5.0 (iPhone; CPU iPhone OS 8_3 like Mac OS X) AppleWebKit/600.1.4 (KHTML, like Gecko) Version/8.0 Mobile/12F70 Safari/600.1.4 (compatible; Googlebot/2.1; +http://www.google.com/bot.html)"
66.249.78.33 - - [25/Oct/2015:23:02:14 +0100] "GET /robots.txt HTTP/1.1" 404 1256 "-" "Mozilla/5.0 (compatible; Googlebot/2.1; +http://www.google.com/bot.html)"
66.249.78.26 - - [25/Oct/2015:23:02:14 +0100] "GET / HTTP/1.1" 200 2889 "-" "Mozilla/5.0 (iPhone; CPU iPhone OS 8_3 like Mac OS X) AppleWebKit/600.1.4 (KHTML, like Gecko) Version/8.0 Mobile/12F70 Safari/600.1.4 (compatible; Googlebot/2.1; +http://www.google.com/bot.html)"
64.246.165.190 - - [26/Oct/2015:03:39:14 +0100] "GET /robots.txt HTTP/1.0" 404 1256 "-" "Mozilla/5.0 (Windows; U; Windows NT 5.1; en; rv:1.9.0.13) Gecko/2009073022 Firefox/3.5.2 (.NET CLR 3.5.30729) SurveyBot/2.3 (DomainTools)"
64.246.165.190 - - [26/Oct/2015:03:39:14 +0100] "GET / HTTP/1.1" 200 2889 "http://whois.domaintools.com/wertstoffservice.de" "Mozilla/5.0 (Windows; U; Windows NT 5.1; en; rv:1.9.0.13) Gecko/2009073022 Firefox/3.5.2 (.NET CLR 3.5.30729) SurveyBot/2.3 (DomainTools)"
188.165.15.211 - - [26/Oct/2015:13:00:40 +0100] "GET /robots.txt HTTP/1.1" 404 1256 "-" "Mozilla/5.0 (compatible; AhrefsBot/5.0; +http://ahrefs.com/robot/)"
66.249.78.19 - - [26/Oct/2015:14:15:03 +0100] "GET /robots.txt HTTP/1.1" 404 1256 "-" "Mozilla/5.0 (compatible; Googlebot/2.1; +http://www.google.com/bot.html)"
66.249.78.19 - - [26/Oct/2015:14:15:03 +0100] "GET / HTTP/1.1" 200 2889 "-" "Mozilla/5.0 (iPhone; CPU iPhone OS 8_3 like Mac OS X) AppleWebKit/600.1.4 (KHTML, like Gecko) Version/8.0 Mobile/12F70 Safari/600.1.4 (compatible; Googlebot/2.1; +http://www.google.com/bot.html)"
66.249.78.19 - - [27/Oct/2015:11:09:35 +0100] "GET /robots.txt HTTP/1.1" 404 1256 "-" "Mozilla/5.0 (compatible; Googlebot/2.1; +http://www.google.com/bot.html)"
66.249.78.33 - - [27/Oct/2015:11:09:35 +0100] "GET / HTTP/1.1" 200 2889 "-" "Mozilla/5.0 (iPhone; CPU iPhone OS 8_3 like Mac OS X) AppleWebKit/600.1.4 (KHTML, like Gecko) Version/8.0 Mobile/12F70 Safari/600.1.4 (compatible; Googlebot/2.1; +http://www.google.com/bot.html)"
213.239.200.53 - - [27/Oct/2015:11:53:59 +0100] "GET /robots.txt HTTP/1.1" 404 1256 "-" "Mozilla/4.0 (compatible; MSIE 6.0; Windows NT 5.1; SV1; .NET CLR 1.1.4322)"
213.239.200.53 - - [27/Oct/2015:11:53:59 +0100] "GET / HTTP/1.1" 200 2889 "-" "Mozilla/4.0 (compatible; MSIE 6.0; Windows NT 5.1; SV1; .NET CLR 1.1.4322)"
194.173.174.106 - - [27/Oct/2015:15:19:54 +0100] "HEAD / HTTP/1.1" 200 - "-" "Mozilla/5.0 (Windows NT 6.3; WOW64) AppleWebKit/537.36 (KHTML, like Gecko) Chrome/43.0.2357.134 Safari/537.36"
46.229.170.197 - - [28/Oct/2015:09:57:23 +0100] "GET / HTTP/1.1" 200 2889 "-" "Mozilla/5.0 (X11; U; Linux i686; it-IT; rv:1.9.0.2) Gecko/2008092313 Ubuntu/9.25 (jaunty) Firefox/3.8"
66.249.78.33 - - [28/Oct/2015:10:20:13 +0100] "GET /robots.txt HTTP/1.1" 404 1256 "-" "Mozilla/5.0 (compatible; Googlebot/2.1; +http://www.google.com/bot.html)"
66.249.78.26 - - [28/Oct/2015:10:20:13 +0100] "GET / HTTP/1.1" 200 2889 "-" "Mozilla/5.0 (compatible; Googlebot/2.1; +http://www.google.com/bot.html)"
109.160.158.74 - - [28/Oct/2015:11:18:19 +0100] "GET / HTTP/1.1" 200 2889 "-" "Scrapy/0.24.5 (+http://scrapy.org)"
66.249.78.26 - - [28/Oct/2015:18:07:31 +0100] "GET / HTTP/1.1" 200 2889 "-" "Mozilla/5.0 (compatible; Googlebot/2.1; +http://www.google.com/bot.html)"
194.173.174.106 - - [28/Oct/2015:18:24:50 +0100] "HEAD / HTTP/1.1" 200 - "-" "Mozilla/5.0 (Windows NT 6.3; WOW64) AppleWebKit/537.36 (KHTML, like Gecko) Chrome/43.0.2357.134 Safari/537.36"
78.46.37.41 - - [28/Oct/2015:18:57:11 +0100] "GET / HTTP/1.1" 200 2889 "-" "Mozilla/5.0 (compatible; MSIE 10.0; Windows NT 6.1; Trident/6.0)"
78.46.37.41 - - [28/Oct/2015:18:57:11 +0100] "GET / HTTP/1.1" 200 2889 "-" "Mozilla/5.0 (Windows NT 6.1; WOW64; rv:23.0) Gecko/20130406 Firefox/23.0"
66.249.78.19 - - [28/Oct/2015:23:39:03 +0100] "GET /robots.txt HTTP/1.1" 404 1256 "-" "Mozilla/5.0 (compatible; Googlebot/2.1; +http://www.google.com/bot.html)"
66.249.78.33 - - [28/Oct/2015:23:39:03 +0100] "GET / HTTP/1.1" 200 2889 "-" "Mozilla/5.0 (iPhone; CPU iPhone OS 8_3 like Mac OS X) AppleWebKit/600.1.4 (KHTML, like Gecko) Version/8.0 Mobile/12F70 Safari/600.1.4 (compatible; Googlebot/2.1; +http://www.google.com/bot.html)"
213.23.84.211 - - [29/Oct/2015:11:27:11 +0100] "GET / HTTP/1.1" 200 2889 "https://www.google.de" "Mozilla/5.0 (Windows NT 6.1; WOW64; rv:38.0) Gecko/20100101 Firefox/38.0"
213.23.84.211 - - [29/Oct/2015:11:27:11 +0100] "GET /images/logo.gif HTTP/1.1" 200 6252 "http://www.wertstoffservice.de/" "Mozilla/5.0 (Windows NT 6.1; WOW64; rv:38.0) Gecko/20100101 Firefox/38.0"
213.23.84.211 - - [29/Oct/2015:11:27:11 +0100] "GET /images/u-const.gif HTTP/1.1" 200 3797 "http://www.wertstoffservice.de/" "Mozilla/5.0 (Windows NT 6.1; WOW64; rv:38.0) Gecko/20100101 Firefox/38.0"
213.23.84.211 - - [29/Oct/2015:11:27:14 +0100] "GET /images/hintgr.gif HTTP/1.1" 200 925 "http://www.wertstoffservice.de/" "Mozilla/5.0 (Windows NT 6.1; WOW64; rv:38.0) Gecko/20100101 Firefox/38.0"
213.23.84.211 - - [29/Oct/2015:11:27:15 +0100] "GET /favicon.ico HTTP/1.1" 404 1256 "-" "Mozilla/5.0 (Windows NT 6.1; WOW64; rv:38.0) Gecko/20100101 Firefox/38.0"
213.23.84.211 - - [29/Oct/2015:11:27:15 +0100] "GET /favicon.ico HTTP/1.1" 404 1256 "-" "Mozilla/5.0 (Windows NT 6.1; WOW64; rv:38.0) Gecko/20100101 Firefox/38.0"
82.94.176.164 - - [29/Oct/2015:12:55:21 +0100] "GET / HTTP/1.1" 200 2889 "-" "JobFeed discovery script (http://www.jobfeed.com)"
194.173.174.106 - - [29/Oct/2015:17:39:13 +0100] "HEAD / HTTP/1.1" 200 - "-" "Mozilla/5.0 (Windows NT 6.3; WOW64) AppleWebKit/537.36 (KHTML, like Gecko) Chrome/43.0.2357.134 Safari/537.36"
66.249.78.26 - - [29/Oct/2015:23:05:59 +0100] "GET /robots.txt HTTP/1.1" 404 1256 "-" "Mozilla/5.0 (compatible; Googlebot/2.1; +http://www.google.com/bot.html)"
66.249.78.26 - - [29/Oct/2015:23:05:59 +0100] "GET / HTTP/1.1" 200 2889 "-" "Mozilla/5.0 (iPhone; CPU iPhone OS 8_3 like Mac OS X) AppleWebKit/600.1.4 (KHTML, like Gecko) Version/8.0 Mobile/12F70 Safari/600.1.4 (compatible; Googlebot/2.1; +http://www.google.com/bot.html)"
54.185.234.149 - - [30/Oct/2015:00:02:57 +0100] "GET /robots.txt HTTP/1.0" 404 1256 "-" "Mozilla/5.0 compatible; yelpspider/yelpspider-1.0 (Crawlerbot run by Yelp Inc; yelpbot at yelp dot com)"
54.185.234.149 - - [30/Oct/2015:00:02:57 +0100] "GET / HTTP/1.0" 200 2889 "-" "Mozilla/5.0 compatible; yelpspider/yelpspider-1.0 (Crawlerbot run by Yelp Inc; yelpbot at yelp dot com)"
144.76.185.173 - - [30/Oct/2015:01:37:12 +0100] "GET / HTTP/1.1" 200 2889 "-" "Mozilla/5.0 (Windows; U; Windows NT 6.1; WOW64; en-US; rv:2.0.4) Gecko/20120718 AskTbAVR-IDW/3.12.5.17700 Firefox/14.0.1"
93.220.236.69 - - [30/Oct/2015:09:33:32 +0100] "GET / HTTP/1.1" 200 2889 "-" "Mozilla/4.0 (compatible; MSIE 8.0; Windows NT 6.0; .NET CLR 1.1.4322)"
66.249.75.76 - - [31/Oct/2015:12:53:19 +0100] "GET /robots.txt HTTP/1.1" 404 1256 "-" "Mozilla/5.0 (compatible; Googlebot/2.1; +http://www.google.com/bot.html)"
66.249.75.68 - - [31/Oct/2015:12:53:19 +0100] "GET / HTTP/1.1" 200 2889 "-" "Mozilla/5.0 (iPhone; CPU iPhone OS 8_3 like Mac OS X) AppleWebKit/600.1.4 (KHTML, like Gecko) Version/8.0 Mobile/12F70 Safari/600.1.4 (compatible; Googlebot/2.1; +http://www.google.com/bot.html)"
151.80.31.132 - - [31/Oct/2015:18:17:29 +0100] "GET / HTTP/1.1" 200 2889 "-" "Mozilla/5.0 (compatible; AhrefsBot/5.0; +http://ahrefs.com/robot/)"
66.249.78.19 - - [31/Oct/2015:20:11:37 +0100] "GET /robots.txt HTTP/1.1" 404 1256 "-" "Mozilla/5.0 (compatible; Googlebot/2.1; +http://www.google.com/bot.html)"
66.249.78.33 - - [31/Oct/2015:20:11:37 +0100] "GET / HTTP/1.1" 200 2889 "-" "Mozilla/5.0 (iPhone; CPU iPhone OS 8_3 like Mac OS X) AppleWebKit/600.1.4 (KHTML, like Gecko) Version/8.0 Mobile/12F70 Safari/600.1.4 (compatible; Googlebot/2.1; +http://www.google.com/bot.html)"