66.249.64.115 - - [04/Sep/2014:22:38:50 +0200] "GET /images/motive/nachhaltigkeit.jpg HTTP/1.1" 200 23775 "-" "Googlebot-Image/1.0"
141.8.189.109 - - [04/Sep/2014:22:39:25 +0200] "GET /robots.txt HTTP/1.1" 200 317 "-" "Mozilla/5.0 (compatible; YandexBot/3.0; +http://yandex.com/bots)"
91.61.147.196 - - [04/Sep/2014:22:45:35 +0200] "GET / HTTP/1.1" 200 2050 "-" "Mozilla/5.0 (Windows NT 6.1; WOW64) AppleWebKit/537.36 (KHTML, like Gecko) Chrome/36.0.1985.143 Safari/537.36"
91.61.147.196 - - [04/Sep/2014:22:45:35 +0200] "GET /css/newstyles.css HTTP/1.1" 200 9734 "http://www.modeinstitut-berlin.de/" "Mozilla/5.0 (Windows NT 6.1; WOW64) AppleWebKit/537.36 (KHTML, like Gecko) Chrome/36.0.1985.143 Safari/537.36"
91.61.147.196 - - [04/Sep/2014:22:45:35 +0200] "GET /Scripts/AC_RunActiveContent.js HTTP/1.1" 200 8029 "http://www.modeinstitut-berlin.de/" "Mozilla/5.0 (Windows NT 6.1; WOW64) AppleWebKit/537.36 (KHTML, like Gecko) Chrome/36.0.1985.143 Safari/537.36"
91.61.147.196 - - [04/Sep/2014:22:45:35 +0200] "GET /includes/hover.js HTTP/1.1" 200 411 "http://www.modeinstitut-berlin.de/" "Mozilla/5.0 (Windows NT 6.1; WOW64) AppleWebKit/537.36 (KHTML, like Gecko) Chrome/36.0.1985.143 Safari/537.36"
91.61.147.196 - - [04/Sep/2014:22:45:35 +0200] "GET /images/motive/Logo9001_5.png HTTP/1.1" 200 19358 "http://www.modeinstitut-berlin.de/" "Mozilla/5.0 (Windows NT 6.1; WOW64) AppleWebKit/537.36 (KHTML, like Gecko) Chrome/36.0.1985.143 Safari/537.36"
91.61.147.196 - - [04/Sep/2014:22:45:35 +0200] "GET /images/layout/global-bg.jpg HTTP/1.1" 200 917 "http://www.modeinstitut-berlin.de/" "Mozilla/5.0 (Windows NT 6.1; WOW64) AppleWebKit/537.36 (KHTML, like Gecko) Chrome/36.0.1985.143 Safari/537.36"
91.61.147.196 - - [04/Sep/2014:22:45:35 +0200] "GET /images/layout/bg-navi.jpg HTTP/1.1" 200 3342 "http://www.modeinstitut-berlin.de/" "Mozilla/5.0 (Windows NT 6.1; WOW64) AppleWebKit/537.36 (KHTML, like Gecko) Chrome/36.0.1985.143 Safari/537.36"
91.61.147.196 - - [04/Sep/2014:22:45:35 +0200] "GET /images/layout/bg-sidebox-plain1.jpg HTTP/1.1" 200 10064 "http://www.modeinstitut-berlin.de/" "Mozilla/5.0 (Windows NT 6.1; WOW64) AppleWebKit/537.36 (KHTML, like Gecko) Chrome/36.0.1985.143 Safari/537.36"
91.61.147.196 - - [04/Sep/2014:22:45:35 +0200] "GET /images/layout/link.gif HTTP/1.1" 200 52 "http://www.modeinstitut-berlin.de/" "Mozilla/5.0 (Windows NT 6.1; WOW64) AppleWebKit/537.36 (KHTML, like Gecko) Chrome/36.0.1985.143 Safari/537.36"
91.61.147.196 - - [04/Sep/2014:22:45:35 +0200] "GET /images/layout/wrapper-bg.jpg HTTP/1.1" 200 126878 "http://www.modeinstitut-berlin.de/" "Mozilla/5.0 (Windows NT 6.1; WOW64) AppleWebKit/537.36 (KHTML, like Gecko) Chrome/36.0.1985.143 Safari/537.36"
91.61.147.196 - - [04/Sep/2014:22:45:35 +0200] "GET /images/layout/bg-content-big-1.jpg HTTP/1.1" 200 46493 "http://www.modeinstitut-berlin.de/" "Mozilla/5.0 (Windows NT 6.1; WOW64) AppleWebKit/537.36 (KHTML, like Gecko) Chrome/36.0.1985.143 Safari/537.36"
91.61.147.196 - - [04/Sep/2014:22:45:35 +0200] "GET /favicon.ico HTTP/1.1" 404 1256 "-" "Mozilla/5.0 (Windows NT 6.1; WOW64) AppleWebKit/537.36 (KHTML, like Gecko) Chrome/36.0.1985.143 Safari/537.36"
91.61.147.196 - - [04/Sep/2014:22:45:35 +0200] "GET /video/video.swf HTTP/1.1" 200 3107187 "http://www.modeinstitut-berlin.de/" "Mozilla/5.0 (Windows NT 6.1; WOW64) AppleWebKit/537.36 (KHTML, like Gecko) Chrome/36.0.1985.143 Safari/537.36"
91.61.147.196 - - [04/Sep/2014:22:45:38 +0200] "GET /images/layout/nav-hover-all.jpg HTTP/1.1" 200 332 "http://www.modeinstitut-berlin.de/" "Mozilla/5.0 (Windows NT 6.1; WOW64) AppleWebKit/537.36 (KHTML, like Gecko) Chrome/36.0.1985.143 Safari/537.36"
91.61.147.196 - - [04/Sep/2014:22:45:38 +0200] "GET /images/layout/nav-drop-foot.png HTTP/1.1" 200 42670 "http://www.modeinstitut-berlin.de/" "Mozilla/5.0 (Windows NT 6.1; WOW64) AppleWebKit/537.36 (KHTML, like Gecko) Chrome/36.0.1985.143 Safari/537.36"
91.61.147.196 - - [04/Sep/2014:22:45:38 +0200] "GET /images/layout/nav-hover-1.jpg HTTP/1.1" 200 746 "http://www.modeinstitut-berlin.de/" "Mozilla/5.0 (Windows NT 6.1; WOW64) AppleWebKit/537.36 (KHTML, like Gecko) Chrome/36.0.1985.143 Safari/537.36"
91.61.147.196 - - [04/Sep/2014:22:45:44 +0200] "GET /bestellsystem/kundenlogin/ HTTP/1.1" 200 4528 "http://www.modeinstitut-berlin.de/" "Mozilla/5.0 (Windows NT 6.1; WOW64) AppleWebKit/537.36 (KHTML, like Gecko) Chrome/36.0.1985.143 Safari/537.36"
202.46.62.93 - - [04/Sep/2014:23:01:12 +0200] "GET / HTTP/1.1" 200 6854 "-" "Mozilla/4.0 (compatible; MSIE 7.0; Windows NT 6.0)"
119.63.193.196 - - [04/Sep/2014:23:02:10 +0200] "GET / HTTP/1.1" 200 6854 "-" "Mozilla/4.0 (compatible; MSIE 7.0; Windows NT 6.0)"
157.55.39.197 - - [04/Sep/2014:23:06:47 +0200] "GET /robots.txt HTTP/1.1" 301 372 "-" "Mozilla/5.0 (compatible; bingbot/2.0; +http://www.bing.com/bingbot.htm)"
157.55.39.197 - - [04/Sep/2014:23:06:47 +0200] "GET /robots.txt HTTP/1.1" 200 317 "-" "Mozilla/5.0 (compatible; bingbot/2.0; +http://www.bing.com/bingbot.htm)"
157.55.39.197 - - [04/Sep/2014:23:06:49 +0200] "GET / HTTP/1.1" 301 362 "-" "Mozilla/5.0 (compatible; bingbot/2.0; +http://www.bing.com/bingbot.htm)"
207.46.13.54 - - [04/Sep/2014:23:19:47 +0200] "GET /robots.txt HTTP/1.1" 200 317 "-" "Mozilla/5.0 (compatible; bingbot/2.0; +http://www.bing.com/bingbot.htm)"
207.46.13.54 - - [04/Sep/2014:23:19:52 +0200] "GET /referenzen/auszug/ HTTP/1.1" 200 6434 "-" "Mozilla/5.0 (compatible; bingbot/2.0; +http://www.bing.com/bingbot.htm)"
208.115.111.73 - - [04/Sep/2014:23:26:37 +0200] "GET /robots.txt HTTP/1.1" 200 317 "-" "Mozilla/5.0 (compatible; DotBot/1.1; http://www.opensiteexplorer.org/dotbot, help@moz.com)"
54.204.166.135 - - [04/Sep/2014:23:37:25 +0200] "GET /robots.txt HTTP/1.0" 301 373 "-" "Riddler (http://riddler.io/about.html)"
54.204.166.135 - - [04/Sep/2014:23:37:25 +0200] "GET / HTTP/1.0" 301 363 "-" "Riddler (http://riddler.io/about.html)"
66.249.64.115 - - [04/Sep/2014:23:57:41 +0200] "GET /corporate-fashion/ HTTP/1.1" 200 10715 "-" "Mozilla/5.0 (iPhone; CPU iPhone OS 6_0 like Mac OS X) AppleWebKit/536.26 (KHTML, like Gecko) Version/6.0 Mobile/10A5376e Safari/8536.25 (compatible; Googlebot/2.1; +http://www.google.com/bot.html)"
217.69.133.2 - - [05/Sep/2014:00:00:57 +0200] "GET /robots.txt HTTP/1.1" 200 317 "-" "Mozilla/5.0 (compatible; Linux x86_64; Mail.RU_Bot/2.0; +http://go.mail.ru/help/robots)"
217.69.133.9 - - [05/Sep/2014:00:00:58 +0200] "GET /unternehmen/servicecenter/Service-Center-Berlin-Schoeneberg/ HTTP/1.1" 200 7491 "-" "Mozilla/5.0 (compatible; Linux x86_64; Mail.RU_Bot/2.0; +http://go.mail.ru/help/robots)"
94.209.247.118 - - [05/Sep/2014:00:08:18 +0200] "GET / HTTP/1.1" 301 358 "-" "Java/1.7.0_55"
94.209.247.118 - - [05/Sep/2014:00:08:18 +0200] "GET / HTTP/1.1" 200 6854 "-" "Java/1.7.0_55"
94.209.247.118 - - [05/Sep/2014:00:08:18 +0200] "GET /Scripts/AC_RunActiveContent.js HTTP/1.1" 301 388 "-" "Java/1.7.0_55"
94.209.247.118 - - [05/Sep/2014:00:08:18 +0200] "GET /Scripts/AC_RunActiveContent.js HTTP/1.1" 200 8029 "-" "Java/1.7.0_55"
94.209.247.118 - - [05/Sep/2014:00:08:18 +0200] "GET /berufsbekleidung HTTP/1.1" 301 374 "-" "Java/1.7.0_55"
94.209.247.118 - - [05/Sep/2014:00:08:18 +0200] "GET /berufsbekleidung HTTP/1.1" 301 379 "-" "Java/1.7.0_55"
94.209.247.118 - - [05/Sep/2014:00:08:19 +0200] "GET /berufsbekleidung/ HTTP/1.1" 200 10474 "-" "Java/1.7.0_55"
94.209.247.118 - - [05/Sep/2014:00:08:19 +0200] "GET /corporate-fashion HTTP/1.1" 301 375 "-" "Java/1.7.0_55"
94.209.247.118 - - [05/Sep/2014:00:08:19 +0200] "GET /corporate-fashion HTTP/1.1" 301 380 "-" "Java/1.7.0_55"
94.209.247.118 - - [05/Sep/2014:00:08:19 +0200] "GET /corporate-fashion/ HTTP/1.1" 200 10715 "-" "Java/1.7.0_55"
94.209.247.118 - - [05/Sep/2014:00:08:19 +0200] "GET /dienstkleidung HTTP/1.1" 301 372 "-" "Java/1.7.0_55"
94.209.247.118 - - [05/Sep/2014:00:08:19 +0200] "GET /dienstkleidung HTTP/1.1" 301 377 "-" "Java/1.7.0_55"
94.209.247.118 - - [05/Sep/2014:00:08:19 +0200] "GET /dienstkleidung/ HTTP/1.1" 200 10206 "-" "Java/1.7.0_55"
94.209.247.118 - - [05/Sep/2014:00:08:20 +0200] "GET /firmenkleidung HTTP/1.1" 301 372 "-" "Java/1.7.0_55"
94.209.247.118 - - [05/Sep/2014:00:08:20 +0200] "GET /firmenkleidung HTTP/1.1" 301 377 "-" "Java/1.7.0_55"
94.209.247.118 - - [05/Sep/2014:00:08:20 +0200] "GET /firmenkleidung/ HTTP/1.1" 200 6420 "-" "Java/1.7.0_55"
94.209.247.118 - - [05/Sep/2014:00:08:20 +0200] "GET /impressum HTTP/1.1" 301 367 "-" "Java/1.7.0_55"
89.204.130.38 - - [05/Sep/2014:00:08:20 +0200] "GET /unternehmen/servicecenter/Service-Center-Berlin-Pankow/ HTTP/1.1" 200 7904 "http://www.google.de/" "Mozilla/5.0 (Linux; Android 4.4.4; C6903 Build/14.4.A.0.108) AppleWebKit/537.36 (KHTML, like Gecko) Chrome/36.0.1985.135 Mobile Safari/537.36"
94.209.247.118 - - [05/Sep/2014:00:08:20 +0200] "GET /impressum HTTP/1.1" 301 372 "-" "Java/1.7.0_55"
94.209.247.118 - - [05/Sep/2014:00:08:20 +0200] "GET /impressum/ HTTP/1.1" 200 5301 "-" "Java/1.7.0_55"
89.204.130.38 - - [05/Sep/2014:00:08:20 +0200] "GET /css/newstyles.css HTTP/1.1" 200 9734 "http://www.google.de/" "Mozilla/5.0 (Linux; Android 4.4.4; C6903 Build/14.4.A.0.108) AppleWebKit/537.36 (KHTML, like Gecko) Chrome/36.0.1985.135 Mobile Safari/537.36"
94.209.247.118 - - [05/Sep/2014:00:08:20 +0200] "GET /includes/hover.js HTTP/1.1" 301 375 "-" "Java/1.7.0_55"
89.204.130.38 - - [05/Sep/2014:00:08:21 +0200] "GET /Scripts/AC_RunActiveContent.js HTTP/1.1" 200 8029 "http://www.google.de/" "Mozilla/5.0 (Linux; Android 4.4.4; C6903 Build/14.4.A.0.108) AppleWebKit/537.36 (KHTML, like Gecko) Chrome/36.0.1985.135 Mobile Safari/537.36"
89.204.130.38 - - [05/Sep/2014:00:08:21 +0200] "GET /includes/hover.js HTTP/1.1" 200 411 "http://www.google.de/" "Mozilla/5.0 (Linux; Android 4.4.4; C6903 Build/14.4.A.0.108) AppleWebKit/537.36 (KHTML, like Gecko) Chrome/36.0.1985.135 Mobile Safari/537.36"
94.209.247.118 - - [05/Sep/2014:00:08:21 +0200] "GET /includes/hover.js HTTP/1.1" 200 411 "-" "Java/1.7.0_55"
89.204.130.38 - - [05/Sep/2014:00:08:21 +0200] "GET /images/layout/spc.gif HTTP/1.1" 200 43 "http://www.google.de/" "Mozilla/5.0 (Linux; Android 4.4.4; C6903 Build/14.4.A.0.108) AppleWebKit/537.36 (KHTML, like Gecko) Chrome/36.0.1985.135 Mobile Safari/537.36"
89.204.130.38 - - [05/Sep/2014:00:08:21 +0200] "GET /images/motive/logos/globeground-klein.jpg HTTP/1.1" 200 17185 "http://www.google.de/" "Mozilla/5.0 (Linux; Android 4.4.4; C6903 Build/14.4.A.0.108) AppleWebKit/537.36 (KHTML, like Gecko) Chrome/36.0.1985.135 Mobile Safari/537.36"
89.204.130.38 - - [05/Sep/2014:00:08:21 +0200] "GET /images/layout/global-bg.jpg HTTP/1.1" 200 917 "http://www.google.de/" "Mozilla/5.0 (Linux; Android 4.4.4; C6903 Build/14.4.A.0.108) AppleWebKit/537.36 (KHTML, like Gecko) Chrome/36.0.1985.135 Mobile Safari/537.36"
94.209.247.118 - - [05/Sep/2014:00:08:21 +0200] "GET /unternehmensbekleidung HTTP/1.1" 301 380 "-" "Java/1.7.0_55"
89.204.130.38 - - [05/Sep/2014:00:08:21 +0200] "GET /images/motive/logos/BT-klein.jpg HTTP/1.1" 200 20652 "http://www.google.de/" "Mozilla/5.0 (Linux; Android 4.4.4; C6903 Build/14.4.A.0.108) AppleWebKit/537.36 (KHTML, like Gecko) Chrome/36.0.1985.135 Mobile Safari/537.36"
89.204.130.38 - - [05/Sep/2014:00:08:21 +0200] "GET /images/motive/logos/BVG-klein.jpg HTTP/1.1" 200 20899 "http://www.google.de/" "Mozilla/5.0 (Linux; Android 4.4.4; C6903 Build/14.4.A.0.108) AppleWebKit/537.36 (KHTML, like Gecko) Chrome/36.0.1985.135 Mobile Safari/537.36"
94.209.247.118 - - [05/Sep/2014:00:08:21 +0200] "GET /unternehmensbekleidung HTTP/1.1" 301 385 "-" "Java/1.7.0_55"
89.204.130.38 - - [05/Sep/2014:00:08:21 +0200] "GET /images/layout/bg-navi.jpg HTTP/1.1" 200 3342 "http://www.google.de/" "Mozilla/5.0 (Linux; Android 4.4.4; C6903 Build/14.4.A.0.108) AppleWebKit/537.36 (KHTML, like Gecko) Chrome/36.0.1985.135 Mobile Safari/537.36"
89.204.130.38 - - [05/Sep/2014:00:08:21 +0200] "GET /images/motive/logos/SIBA-klein.jpg HTTP/1.1" 200 24854 "http://www.google.de/" "Mozilla/5.0 (Linux; Android 4.4.4; C6903 Build/14.4.A.0.108) AppleWebKit/537.36 (KHTML, like Gecko) Chrome/36.0.1985.135 Mobile Safari/537.36"
89.204.130.38 - - [05/Sep/2014:00:08:21 +0200] "GET /images/layout/link.gif HTTP/1.1" 200 52 "http://www.google.de/" "Mozilla/5.0 (Linux; Android 4.4.4; C6903 Build/14.4.A.0.108) AppleWebKit/537.36 (KHTML, like Gecko) Chrome/36.0.1985.135 Mobile Safari/537.36"
89.204.130.38 - - [05/Sep/2014:00:08:21 +0200] "GET /images/layout/wrapper-bg.jpg HTTP/1.1" 200 126878 "http://www.google.de/" "Mozilla/5.0 (Linux; Android 4.4.4; C6903 Build/14.4.A.0.108) AppleWebKit/537.36 (KHTML, like Gecko) Chrome/36.0.1985.135 Mobile Safari/537.36"
94.209.247.118 - - [05/Sep/2014:00:08:21 +0200] "GET /unternehmensbekleidung/ HTTP/1.1" 200 6595 "-" "Java/1.7.0_55"
89.204.130.38 - - [05/Sep/2014:00:08:21 +0200] "GET /images/layout/bg-content-big-1.jpg HTTP/1.1" 200 46493 "http://www.google.de/" "Mozilla/5.0 (Linux; Android 4.4.4; C6903 Build/14.4.A.0.108) AppleWebKit/537.36 (KHTML, like Gecko) Chrome/36.0.1985.135 Mobile Safari/537.36"
94.209.247.118 - - [05/Sep/2014:00:08:21 +0200] "GET /js/dw_scroll_c.js HTTP/1.1" 301 375 "-" "Java/1.7.0_55"
94.209.247.118 - - [05/Sep/2014:00:08:21 +0200] "GET /js/dw_scroll_c.js HTTP/1.1" 200 36858 "-" "Java/1.7.0_55"
89.204.130.38 - - [05/Sep/2014:00:08:21 +0200] "GET /favicon.ico HTTP/1.1" 404 1256 "http://www.google.de/" "Mozilla/5.0 (Linux; Android 4.4.4; C6903 Build/14.4.A.0.108) AppleWebKit/537.36 (KHTML, like Gecko) Chrome/36.0.1985.135 Mobile Safari/537.36"
94.209.247.118 - - [05/Sep/2014:00:08:24 +0200] "GET /impressum/googleanalytics.php HTTP/1.1" 301 387 "-" "Java/1.7.0_55"
94.209.247.118 - - [05/Sep/2014:00:08:24 +0200] "GET /impressum/googleanalytics.php HTTP/1.1" 200 5867 "-" "Java/1.7.0_55"
94.209.247.118 - - [05/Sep/2014:00:08:24 +0200] "GET /impressum/haftungsausschluss.php HTTP/1.1" 301 390 "-" "Java/1.7.0_55"
94.209.247.118 - - [05/Sep/2014:00:08:24 +0200] "GET /impressum/haftungsausschluss.php HTTP/1.1" 200 5952 "-" "Java/1.7.0_55"
94.209.247.118 - - [05/Sep/2014:00:08:25 +0200] "GET /js/'+file;var media=(dw_Util.getOptBool(bScreenOnly))?' HTTP/1.1" 301 373 "-" "Java/1.7.0_55"
94.209.247.118 - - [05/Sep/2014:00:08:25 +0200] "GET /js/'+file%3bvar HTTP/1.1" 404 1256 "-" "Java/1.7.0_55"
94.209.247.118 - - [05/Sep/2014:00:08:25 +0200] "GET /impressum/index.php HTTP/1.1" 301 377 "-" "Java/1.7.0_55"
94.209.247.118 - - [05/Sep/2014:00:08:25 +0200] "GET /impressum/index.php HTTP/1.1" 200 5301 "-" "Java/1.7.0_55"
94.209.247.118 - - [05/Sep/2014:00:08:25 +0200] "GET /impressum/haftungsausschluss2.php HTTP/1.1" 301 391 "-" "Java/1.7.0_55"
94.209.247.118 - - [05/Sep/2014:00:08:25 +0200] "GET /impressum/haftungsausschluss2.php HTTP/1.1" 200 5598 "-" "Java/1.7.0_55"
94.209.247.118 - - [05/Sep/2014:00:08:25 +0200] "GET /bestellsystem/kundenlogin HTTP/1.1" 301 383 "-" "Java/1.7.0_55"
94.209.247.118 - - [05/Sep/2014:00:08:25 +0200] "GET /bestellsystem/kundenlogin HTTP/1.1" 301 388 "-" "Java/1.7.0_55"
94.209.247.118 - - [05/Sep/2014:00:08:25 +0200] "GET /bestellsystem/kundenlogin/ HTTP/1.1" 200 4528 "-" "Java/1.7.0_55"
94.209.247.118 - - [05/Sep/2014:00:08:26 +0200] "GET /images/motive/Logo9001_5.png HTTP/1.1" 301 386 "-" "Java/1.7.0_55"
94.209.247.118 - - [05/Sep/2014:00:08:26 +0200] "GET /images/motive/Logo9001_5.png HTTP/1.1" 200 19358 "-" "Java/1.7.0_55"
94.209.247.118 - - [05/Sep/2014:00:08:26 +0200] "GET /kontakt/kontaktdaten HTTP/1.1" 301 378 "-" "Java/1.7.0_55"
94.209.247.118 - - [05/Sep/2014:00:08:26 +0200] "GET /kontakt/kontaktdaten HTTP/1.1" 301 383 "-" "Java/1.7.0_55"
94.209.247.118 - - [05/Sep/2014:00:08:26 +0200] "GET /kontakt/kontaktdaten/ HTTP/1.1" 200 6304 "-" "Java/1.7.0_55"
94.209.247.118 - - [05/Sep/2014:00:08:27 +0200] "GET /kontakt/kontaktformular HTTP/1.1" 301 381 "-" "Java/1.7.0_55"
94.209.247.118 - - [05/Sep/2014:00:08:27 +0200] "GET /kontakt/kontaktformular HTTP/1.1" 301 386 "-" "Java/1.7.0_55"
94.209.247.118 - - [05/Sep/2014:00:08:27 +0200] "GET /kontakt/kontaktformular/ HTTP/1.1" 200 6000 "-" "Java/1.7.0_55"
94.209.247.118 - - [05/Sep/2014:00:08:27 +0200] "GET /produkt/design HTTP/1.1" 301 372 "-" "Java/1.7.0_55"
94.209.247.118 - - [05/Sep/2014:00:08:27 +0200] "GET /produkt/design HTTP/1.1" 301 377 "-" "Java/1.7.0_55"
94.209.247.118 - - [05/Sep/2014:00:08:27 +0200] "GET /produkt/design/ HTTP/1.1" 200 6495 "-" "Java/1.7.0_55"
94.209.247.118 - - [05/Sep/2014:00:08:27 +0200] "GET /produkt/logistik HTTP/1.1" 301 374 "-" "Java/1.7.0_55"
94.209.247.118 - - [05/Sep/2014:00:08:27 +0200] "GET /produkt/logistik HTTP/1.1" 301 379 "-" "Java/1.7.0_55"
94.209.247.118 - - [05/Sep/2014:00:08:27 +0200] "GET /produkt/logistik/ HTTP/1.1" 200 6302 "-" "Java/1.7.0_55"
94.209.247.118 - - [05/Sep/2014:00:08:28 +0200] "GET /produkt/produktion HTTP/1.1" 301 376 "-" "Java/1.7.0_55"
94.209.247.118 - - [05/Sep/2014:00:08:28 +0200] "GET /produkt/produktion HTTP/1.1" 301 381 "-" "Java/1.7.0_55"
94.209.247.118 - - [05/Sep/2014:00:08:28 +0200] "GET /produkt/produktion/ HTTP/1.1" 200 6399 "-" "Java/1.7.0_55"
94.209.247.118 - - [05/Sep/2014:00:08:30 +0200] "GET /produkt/service HTTP/1.1" 301 373 "-" "Java/1.7.0_55"
94.209.247.118 - - [05/Sep/2014:00:08:30 +0200] "GET /produkt/service HTTP/1.1" 301 378 "-" "Java/1.7.0_55"
94.209.247.118 - - [05/Sep/2014:00:08:30 +0200] "GET /produkt/service/ HTTP/1.1" 200 6034 "-" "Java/1.7.0_55"
94.209.247.118 - - [05/Sep/2014:00:08:30 +0200] "GET /referenzen/auszug HTTP/1.1" 301 375 "-" "Java/1.7.0_55"
94.209.247.118 - - [05/Sep/2014:00:08:30 +0200] "GET /referenzen/auszug HTTP/1.1" 301 380 "-" "Java/1.7.0_55"
94.209.247.118 - - [05/Sep/2014:00:08:31 +0200] "GET /referenzen/auszug/ HTTP/1.1" 200 6434 "-" "Java/1.7.0_55"
94.209.247.118 - - [05/Sep/2014:00:08:32 +0200] "GET /referenzen/galerie HTTP/1.1" 301 376 "-" "Java/1.7.0_55"
94.209.247.118 - - [05/Sep/2014:00:08:32 +0200] "GET /referenzen/galerie HTTP/1.1" 301 381 "-" "Java/1.7.0_55"
94.209.247.118 - - [05/Sep/2014:00:08:32 +0200] "GET /referenzen/galerie/ HTTP/1.1" 200 4854 "-" "Java/1.7.0_55"
94.209.247.118 - - [05/Sep/2014:00:08:33 +0200] "GET /js/swfobject.js HTTP/1.1" 301 373 "-" "Java/1.7.0_55"
94.209.247.118 - - [05/Sep/2014:00:08:33 +0200] "GET /js/swfobject.js HTTP/1.1" 200 10220 "-" "Java/1.7.0_55"
94.209.247.118 - - [05/Sep/2014:00:08:33 +0200] "GET /referenzen/referenzstatements HTTP/1.1" 301 387 "-" "Java/1.7.0_55"
94.209.247.118 - - [05/Sep/2014:00:08:33 +0200] "GET /referenzen/referenzstatements HTTP/1.1" 301 392 "-" "Java/1.7.0_55"
94.209.247.118 - - [05/Sep/2014:00:08:33 +0200] "GET /referenzen/referenzstatements/ HTTP/1.1" 200 4884 "-" "Java/1.7.0_55"
94.209.247.118 - - [05/Sep/2014:00:08:33 +0200] "GET /unternehmen/aktuelles HTTP/1.1" 301 379 "-" "Java/1.7.0_55"
94.209.247.118 - - [05/Sep/2014:00:08:33 +0200] "GET /unternehmen/aktuelles HTTP/1.1" 301 384 "-" "Java/1.7.0_55"
94.209.247.118 - - [05/Sep/2014:00:08:34 +0200] "GET /unternehmen/aktuelles/ HTTP/1.1" 200 5803 "-" "Java/1.7.0_55"
94.209.247.118 - - [05/Sep/2014:00:08:34 +0200] "GET /unternehmen/firmenprofil HTTP/1.1" 301 382 "-" "Java/1.7.0_55"
94.209.247.118 - - [05/Sep/2014:00:08:35 +0200] "GET /unternehmen/firmenprofil HTTP/1.1" 301 387 "-" "Java/1.7.0_55"
94.209.247.118 - - [05/Sep/2014:00:08:35 +0200] "GET /unternehmen/firmenprofil/ HTTP/1.1" 200 6712 "-" "Java/1.7.0_55"
94.209.247.118 - - [05/Sep/2014:00:08:35 +0200] "GET /unternehmen/servicecenter HTTP/1.1" 301 383 "-" "Java/1.7.0_55"
94.209.247.118 - - [05/Sep/2014:00:08:35 +0200] "GET /unternehmen/servicecenter HTTP/1.1" 301 388 "-" "Java/1.7.0_55"
94.209.247.118 - - [05/Sep/2014:00:08:35 +0200] "GET /unternehmen/servicecenter/ HTTP/1.1" 200 5785 "-" "Java/1.7.0_55"
94.209.247.118 - - [05/Sep/2014:00:08:36 +0200] "GET /unternehmen/stellenangebote HTTP/1.1" 301 385 "-" "Java/1.7.0_55"
94.209.247.118 - - [05/Sep/2014:00:08:36 +0200] "GET /unternehmen/stellenangebote HTTP/1.1" 301 390 "-" "Java/1.7.0_55"
94.209.247.118 - - [05/Sep/2014:00:08:36 +0200] "GET /unternehmen/stellenangebote/ HTTP/1.1" 200 5152 "-" "Java/1.7.0_55"
94.209.247.118 - - [05/Sep/2014:00:08:36 +0200] "GET /unternehmen/zertifizierung HTTP/1.1" 301 384 "-" "Java/1.7.0_55"
94.209.247.118 - - [05/Sep/2014:00:08:36 +0200] "GET /unternehmen/zertifizierung HTTP/1.1" 301 389 "-" "Java/1.7.0_55"
94.209.247.118 - - [05/Sep/2014:00:08:36 +0200] "GET /unternehmen/zertifizierung/ HTTP/1.1" 200 5619 "-" "Java/1.7.0_55"
94.209.247.118 - - [05/Sep/2014:00:08:37 +0200] "GET /kontakt/kontaktdaten/index.php HTTP/1.1" 301 388 "-" "Java/1.7.0_55"
94.209.247.118 - - [05/Sep/2014:00:08:37 +0200] "GET /kontakt/kontaktdaten/index.php HTTP/1.1" 200 6304 "-" "Java/1.7.0_55"
94.209.247.118 - - [05/Sep/2014:00:08:37 +0200] "GET /unternehmen/aktuelles/A-Design-Award-2013 HTTP/1.1" 301 399 "-" "Java/1.7.0_55"
94.209.247.118 - - [05/Sep/2014:00:08:37 +0200] "GET /unternehmen/aktuelles/A-Design-Award-2013 HTTP/1.1" 301 404 "-" "Java/1.7.0_55"
94.209.247.118 - - [05/Sep/2014:00:08:37 +0200] "GET /unternehmen/aktuelles/A-Design-Award-2013/ HTTP/1.1" 200 5434 "-" "Java/1.7.0_55"
94.209.247.118 - - [05/Sep/2014:00:08:38 +0200] "GET /produkt/design/behoerden HTTP/1.1" 301 382 "-" "Java/1.7.0_55"
94.209.247.118 - - [05/Sep/2014:00:08:38 +0200] "GET /produkt/design/behoerden HTTP/1.1" 301 387 "-" "Java/1.7.0_55"
94.209.247.118 - - [05/Sep/2014:00:08:39 +0200] "GET /produkt/design/behoerden/ HTTP/1.1" 200 6562 "-" "Java/1.7.0_55"
94.209.247.118 - - [05/Sep/2014:00:08:40 +0200] "GET /produkt/design/dienstkleidung HTTP/1.1" 301 387 "-" "Java/1.7.0_55"
94.209.247.118 - - [05/Sep/2014:00:08:41 +0200] "GET /produkt/design/dienstkleidung HTTP/1.1" 301 392 "-" "Java/1.7.0_55"
94.209.247.118 - - [05/Sep/2014:00:08:41 +0200] "GET /produkt/design/dienstkleidung/ HTTP/1.1" 200 6773 "-" "Java/1.7.0_55"
94.209.247.118 - - [05/Sep/2014:00:08:43 +0200] "GET /produkt/design/hotelbekleidung HTTP/1.1" 301 388 "-" "Java/1.7.0_55"
94.209.247.118 - - [05/Sep/2014:00:08:43 +0200] "GET /produkt/design/hotelbekleidung HTTP/1.1" 301 393 "-" "Java/1.7.0_55"
94.209.247.118 - - [05/Sep/2014:00:08:44 +0200] "GET /produkt/design/hotelbekleidung/ HTTP/1.1" 200 6525 "-" "Java/1.7.0_55"
94.209.247.118 - - [05/Sep/2014:00:08:45 +0200] "GET /produkt/design/industrie HTTP/1.1" 301 382 "-" "Java/1.7.0_55"
94.209.247.118 - - [05/Sep/2014:00:08:46 +0200] "GET /produkt/design/industrie HTTP/1.1" 301 387 "-" "Java/1.7.0_55"
94.209.247.118 - - [05/Sep/2014:00:08:47 +0200] "GET /produkt/design/industrie/ HTTP/1.1" 200 6419 "-" "Java/1.7.0_55"
94.209.247.118 - - [05/Sep/2014:00:08:47 +0200] "GET /produkt/design/verkehrsunternehmen HTTP/1.1" 301 392 "-" "Java/1.7.0_55"
94.209.247.118 - - [05/Sep/2014:00:08:47 +0200] "GET /produkt/design/verkehrsunternehmen HTTP/1.1" 301 397 "-" "Java/1.7.0_55"
94.209.247.118 - - [05/Sep/2014:00:08:47 +0200] "GET /produkt/design/verkehrsunternehmen/ HTTP/1.1" 200 6651 "-" "Java/1.7.0_55"
94.209.247.118 - - [05/Sep/2014:00:08:48 +0200] "GET /images/motive/logos/BT-Logo.png HTTP/1.1" 301 389 "-" "Java/1.7.0_55"
94.209.247.118 - - [05/Sep/2014:00:08:49 +0200] "GET /images/motive/logos/BT-Logo.png HTTP/1.1" 200 8730 "-" "Java/1.7.0_55"
94.209.247.118 - - [05/Sep/2014:00:08:49 +0200] "GET /unternehmen/aktuelles/Alpine-Fox-Logistikpartner HTTP/1.1" 301 406 "-" "Java/1.7.0_55"
94.209.247.118 - - [05/Sep/2014:00:08:49 +0200] "GET /unternehmen/aktuelles/Alpine-Fox-Logistikpartner HTTP/1.1" 301 411 "-" "Java/1.7.0_55"
94.209.247.118 - - [05/Sep/2014:00:08:50 +0200] "GET /unternehmen/aktuelles/Alpine-Fox-Logistikpartner/ HTTP/1.1" 200 6545 "-" "Java/1.7.0_55"
94.209.247.118 - - [05/Sep/2014:00:08:50 +0200] "GET /js/lightbox.js HTTP/1.1" 301 372 "-" "Java/1.7.0_55"
94.209.247.118 - - [05/Sep/2014:00:08:50 +0200] "GET /js/lightbox.js HTTP/1.1" 200 31714 "-" "Java/1.7.0_55"
94.209.247.118 - - [05/Sep/2014:00:08:51 +0200] "GET /js/prototype.js HTTP/1.1" 301 373 "-" "Java/1.7.0_55"
94.209.247.118 - - [05/Sep/2014:00:08:51 +0200] "GET /js/prototype.js HTTP/1.1" 200 47603 "-" "Java/1.7.0_55"
94.209.247.118 - - [05/Sep/2014:00:08:52 +0200] "GET /js/scriptaculous.js?load=effects HTTP/1.1" 301 390 "-" "Java/1.7.0_55"
94.209.247.118 - - [05/Sep/2014:00:08:52 +0200] "GET /js/scriptaculous.js?load=effects HTTP/1.1" 200 2152 "-" "Java/1.7.0_55"
94.209.247.118 - - [05/Sep/2014:00:08:52 +0200] "GET /js/'+libraryName+' HTTP/1.1" 301 376 "-" "Java/1.7.0_55"
94.209.247.118 - - [05/Sep/2014:00:08:52 +0200] "GET /js/'+libraryName+' HTTP/1.1" 404 1256 "-" "Java/1.7.0_55"
94.209.247.118 - - [05/Sep/2014:00:08:52 +0200] "GET /unternehmen/aktuelles/Dienstkleidung-BVG HTTP/1.1" 301 398 "-" "Java/1.7.0_55"
94.209.247.118 - - [05/Sep/2014:00:08:53 +0200] "GET /unternehmen/aktuelles/Dienstkleidung-BVG HTTP/1.1" 301 403 "-" "Java/1.7.0_55"
94.209.247.118 - - [05/Sep/2014:00:08:53 +0200] "GET /unternehmen/aktuelles/Dienstkleidung-BVG/ HTTP/1.1" 200 5292 "-" "Java/1.7.0_55"
94.209.247.118 - - [05/Sep/2014:00:08:53 +0200] "GET /unternehmen/aktuelles/Pressetermin-BVG HTTP/1.1" 301 396 "-" "Java/1.7.0_55"
94.209.247.118 - - [05/Sep/2014:00:08:54 +0200] "GET /unternehmen/aktuelles/Pressetermin-BVG HTTP/1.1" 301 401 "-" "Java/1.7.0_55"
94.209.247.118 - - [05/Sep/2014:00:08:55 +0200] "GET /unternehmen/aktuelles/Pressetermin-BVG/ HTTP/1.1" 200 5774 "-" "Java/1.7.0_55"
94.209.247.118 - - [05/Sep/2014:00:08:55 +0200] "GET /unternehmen/aktuelles/Staffellauf-Berliner-Wasserbetriebe-2014 HTTP/1.1" 301 420 "-" "Java/1.7.0_55"
94.209.247.118 - - [05/Sep/2014:00:08:55 +0200] "GET /unternehmen/aktuelles/Staffellauf-Berliner-Wasserbetriebe-2014 HTTP/1.1" 301 425 "-" "Java/1.7.0_55"
94.209.247.118 - - [05/Sep/2014:00:08:55 +0200] "GET /unternehmen/aktuelles/Staffellauf-Berliner-Wasserbetriebe-2014/ HTTP/1.1" 200 5719 "-" "Java/1.7.0_55"
37.58.100.156 - - [05/Sep/2014:00:15:01 +0200] "GET /logistik.php HTTP/1.1" 404 1256 "-" "Mozilla/5.0 (compatible; AhrefsBot/5.0; +http://ahrefs.com/robot/)"
66.249.64.115 - - [05/Sep/2014:00:25:12 +0200] "GET /images/motive/startseite41.jpg HTTP/1.1" 304 - "-" "Googlebot-Image/1.0"
68.180.225.114 - - [05/Sep/2014:00:31:15 +0200] "GET /robots.txt HTTP/1.1" 200 317 "-" "Mozilla/5.0 (compatible; Yahoo! Slurp; http://help.yahoo.com/help/us/ysearch/slurp)"
68.180.225.114 - - [05/Sep/2014:00:31:15 +0200] "GET /impressum/haftungsausschluss.php HTTP/1.1" 200 5952 "-" "Mozilla/5.0 (compatible; Yahoo! Slurp; http://help.yahoo.com/help/us/ysearch/slurp)"
37.58.100.174 - - [05/Sep/2014:00:52:27 +0200] "GET /unternehmen/stellenangebote/ HTTP/1.1" 200 5152 "-" "Mozilla/5.0 (compatible; AhrefsBot/5.0; +http://ahrefs.com/robot/)"
207.46.13.54 - - [05/Sep/2014:00:56:45 +0200] "GET /robots.txt HTTP/1.1" 200 317 "-" "Mozilla/5.0 (compatible; bingbot/2.0; +http://www.bing.com/bingbot.htm)"
207.46.13.54 - - [05/Sep/2014:00:56:57 +0200] "GET / HTTP/1.1" 200 2050 "-" "Mozilla/5.0 (compatible; bingbot/2.0; +http://www.bing.com/bingbot.htm)"
66.249.64.115 - - [05/Sep/2014:00:58:15 +0200] "GET /images/motive/wowereit/wowereit_2.jpg HTTP/1.1" 304 - "-" "Googlebot-Image/1.0"
149.238.193.125 - - [05/Sep/2014:01:01:40 +0200] "GET /css/iepngfix.htc HTTP/1.1" 304 - "-" "Mozilla/4.0 (compatible;)"
208.115.111.73 - - [05/Sep/2014:01:05:37 +0200] "GET /bestellsystem/kundenlogin/ HTTP/1.1" 200 4528 "-" "Mozilla/5.0 (compatible; DotBot/1.1; http://www.opensiteexplorer.org/dotbot, help@moz.com)"
68.180.225.114 - - [05/Sep/2014:01:15:02 +0200] "GET /unternehmen/aktuelles/wowereit/ HTTP/1.1" 200 7480 "-" "Mozilla/5.0 (compatible; Yahoo! Slurp; http://help.yahoo.com/help/us/ysearch/slurp)"
66.249.64.123 - - [05/Sep/2014:01:19:17 +0200] "GET /unternehmen/servicecenter/Service-Center-Berlin-Schoeneberg/ HTTP/1.1" 200 7491 "-" "Mozilla/5.0 (compatible; Googlebot/2.1; +http://www.google.com/bot.html)"
66.249.64.115 - - [05/Sep/2014:01:32:39 +0200] "GET /images/motive/wowereit/wowereit_9.jpg HTTP/1.1" 304 - "-" "Googlebot-Image/1.0"
217.69.133.9 - - [05/Sep/2014:01:33:13 +0200] "GET /robots.txt HTTP/1.1" 200 317 "-" "Mozilla/5.0 (compatible; Linux x86_64; Mail.RU_Bot/2.0; +http://go.mail.ru/help/robots)"
217.69.133.2 - - [05/Sep/2014:01:33:14 +0200] "GET /produkt/produktion/ HTTP/1.1" 200 6399 "-" "Mozilla/5.0 (compatible; Linux x86_64; Mail.RU_Bot/2.0; +http://go.mail.ru/help/robots)"
141.8.189.109 - - [05/Sep/2014:01:40:48 +0200] "GET /robots.txt HTTP/1.1" 301 368 "-" "Mozilla/5.0 (compatible; YandexBot/3.0; +http://yandex.com/bots)"
68.180.225.114 - - [05/Sep/2014:02:00:40 +0200] "GET /unternehmen/aktuelles/Alpine-Fox-Logistikpartner/ HTTP/1.1" 200 1956 "-" "Mozilla/5.0 (compatible; Yahoo! Slurp; http://help.yahoo.com/help/us/ysearch/slurp)"
209.126.99.133 - - [05/Sep/2014:02:14:49 +0200] "GET /robots.txt HTTP/1.0" 301 368 "-" "Mozilla/5.0 (compatible; MJ12bot/v1.4.5; http://www.majestic12.co.uk/bot.php?+)"
209.126.99.133 - - [05/Sep/2014:02:14:51 +0200] "GET /robots.txt HTTP/1.0" 200 317 "-" "Mozilla/5.0 (compatible; MJ12bot/v1.4.5; http://www.majestic12.co.uk/bot.php?+)"
209.126.99.133 - - [05/Sep/2014:02:14:58 +0200] "GET / HTTP/1.0" 301 358 "-" "Mozilla/5.0 (compatible; MJ12bot/v1.4.5; http://www.majestic12.co.uk/bot.php?+)"
209.126.99.133 - - [05/Sep/2014:02:14:59 +0200] "GET /robots.txt HTTP/1.0" 200 317 "-" "Mozilla/5.0 (compatible; MJ12bot/v1.4.5; http://www.majestic12.co.uk/bot.php?+)"
209.126.99.133 - - [05/Sep/2014:02:15:02 +0200] "GET / HTTP/1.0" 200 6854 "-" "Mozilla/5.0 (compatible; MJ12bot/v1.4.5; http://www.majestic12.co.uk/bot.php?+)"
209.126.99.133 - - [05/Sep/2014:02:15:06 +0200] "GET / HTTP/1.0" 301 358 "-" "Mozilla/5.0 (compatible; MJ12bot/v1.4.5; http://www.majestic12.co.uk/bot.php?+)"
209.126.99.133 - - [05/Sep/2014:02:15:12 +0200] "GET / HTTP/1.0" 200 2050 "-" "Mozilla/5.0 (compatible; MJ12bot/v1.4.5; http://www.majestic12.co.uk/bot.php?+)"
207.46.13.45 - - [05/Sep/2014:02:19:56 +0200] "GET /unternehmen/stellenangebote/ HTTP/1.1" 200 5152 "-" "Mozilla/5.0 (compatible; bingbot/2.0; +http://www.bing.com/bingbot.htm)"
157.55.39.6 - - [05/Sep/2014:02:42:57 +0200] "GET /unternehmen/servicecenter/Service-Center-Berlin-Schoeneberg/ HTTP/1.1" 200 7491 "-" "Mozilla/5.0 (compatible; bingbot/2.0; +http://www.bing.com/bingbot.htm)"
64.74.215.113 - - [05/Sep/2014:02:58:46 +0200] "HEAD / HTTP/1.1" 301 - "-" "'Mozilla/5.0 (compatible; MSIE 9.0; Windows NT 6.1; Trident/5.0)'"
64.74.215.113 - - [05/Sep/2014:02:58:47 +0200] "HEAD / HTTP/1.1" 200 - "-" "'Mozilla/5.0 (compatible; MSIE 9.0; Windows NT 6.1; Trident/5.0)'"
93.220.193.245 - - [05/Sep/2014:02:59:35 +0200] "GET / HTTP/1.1" 200 2050 "-" "Mozilla/4.0 (compatible; MSIE 7.0; Windows NT 6.0; WOW64; SLCC1; .NET CLR 2.0.50727; .NET CLR 1.1.4322; .NET CLR 3.5.21022; .NET CLR 3.0.04506)"
93.220.193.245 - - [05/Sep/2014:02:59:56 +0200] "GET / HTTP/1.1" 200 2050 "-" "Mozilla/4.0 (compatible; MSIE 8.0; Windows NT 6.0; .NET CLR 1.1.4322; .NET CLR 2.0.50110; InfoPath.1)"
93.220.193.245 - - [05/Sep/2014:03:00:06 +0200] "GET /unternehmen/firmenprofil/ HTTP/1.1" 200 1948 "-" "Mozilla/4.0 (compatible; MSIE 8.0; Windows NT 6.0; .NET CLR 1.1.4322; .NET CLR 2.0.50727; .NET CLR 3.0.04506.30)"
93.220.193.245 - - [05/Sep/2014:03:00:49 +0200] "GET /unternehmen/servicecenter/ HTTP/1.1" 200 5785 "-" "Mozilla/4.0+(compatible;+MSIE+7.0;+Windows+NT+5.1)"
93.220.193.245 - - [05/Sep/2014:03:00:54 +0200] "GET /unternehmen/aktuelles/ HTTP/1.1" 200 5803 "-" "Mozilla/4.0 (compatible; MSIE 8.0; Windows NT 6.0; .NET CLR 1.1.4322; .NET CLR 2.0.50727)"
93.220.193.245 - - [05/Sep/2014:03:01:49 +0200] "GET /unternehmen/stellenangebote/ HTTP/1.1" 200 5152 "-" "Mozilla/5.0 Gecko/2009042316 Firefox/2.0.0.x"
93.220.193.245 - - [05/Sep/2014:03:01:55 +0200] "GET / HTTP/1.1" 200 2050 "-" "Mozilla/4.0 (compatible; MSIE 8.0; Windows NT 6.0; .NET CLR 1.1.4322; .NET CLR 2.0.50727; .NET CLR 3.0.04506.30)"
93.220.193.245 - - [05/Sep/2014:03:02:10 +0200] "GET /unternehmen/zertifizierung/ HTTP/1.1" 200 5619 "-" "Mozilla/5.0 (Windows; U; Windows NT 5.1; de; rv:1.9.0.10) Gecko/2009042316 Firefox/3.0.10 (.NET CLR 3.5.30729)"
202.46.63.125 - - [05/Sep/2014:03:02:50 +0200] "GET / HTTP/1.1" 200 6854 "-" "Mozilla/4.0 (compatible; MSIE 7.0; Windows NT 6.0)"
119.63.193.195 - - [05/Sep/2014:03:03:51 +0200] "GET / HTTP/1.1" 200 6854 "-" "Mozilla/4.0 (compatible; MSIE 7.0; Windows NT 6.0)"
68.180.225.114 - - [05/Sep/2014:03:05:12 +0200] "GET /images/motive/wowereit/wowereit_9.jpg HTTP/1.1" 200 87836 "-" "Mozilla/5.0 (compatible; Yahoo! Slurp; http://help.yahoo.com/help/us/ysearch/slurp)"
66.249.64.123 - - [05/Sep/2014:03:09:22 +0200] "GET /corporate-fashion/ HTTP/1.1" 200 10715 "-" "Mozilla/5.0 (compatible; Googlebot/2.1; +http://www.google.com/bot.html)"
37.58.100.167 - - [05/Sep/2014:03:13:38 +0200] "GET /robots.txt HTTP/1.1" 301 368 "-" "Mozilla/5.0 (compatible; AhrefsBot/5.0; +http://ahrefs.com/robot/)"
37.58.100.167 - - [05/Sep/2014:03:13:38 +0200] "GET /robots.txt HTTP/1.1" 200 317 "-" "Mozilla/5.0 (compatible; AhrefsBot/5.0; +http://ahrefs.com/robot/)"
66.249.64.119 - - [05/Sep/2014:03:18:45 +0200] "GET /images/motive/iso-9001.jpg HTTP/1.1" 304 - "-" "Googlebot-Image/1.0"
66.249.64.115 - - [05/Sep/2014:03:49:08 +0200] "GET / HTTP/1.1" 200 2050 "-" "Mozilla/5.0 (compatible; Googlebot/2.1; +http://www.google.com/bot.html)"
81.30.151.220 - - [05/Sep/2014:04:24:27 +0200] "GET /robots.txt HTTP/1.1" 200 317 "-" "Mozilla/5.0 (compatible; publiclibraryarchive.org/1.0; +crawl@publiclibraryarchive.org)"
81.30.151.220 - - [05/Sep/2014:04:24:27 +0200] "GET /unternehmen/aktuelles/sechstagerennen/ HTTP/1.1" 200 5322 "-" "Mozilla/5.0 (compatible; publiclibraryarchive.org/1.0; +crawl@publiclibraryarchive.org)"
66.249.64.123 - - [05/Sep/2014:04:25:08 +0200] "GET / HTTP/1.1" 200 2050 "-" "DoCoMo/2.0 N905i(c100;TB;W24H16) (compatible; Googlebot-Mobile/2.1; +http://www.google.com/bot.html)"
178.223.177.180 - - [05/Sep/2014:05:15:52 +0200] "GET / HTTP/1.1" 200 2050 "http://www.modeinstitut-berlin.de/" "Mozilla/5.0 (X11; Ubuntu; Linux x86_64; rv:22.0) Gecko/20100101 Firefox/22.0"
178.223.177.180 - - [05/Sep/2014:05:15:52 +0200] "GET /unternehmensbekleidung/ HTTP/1.1" 200 2308 "http://www.modeinstitut-berlin.de/" "Mozilla/5.0 (X11; Ubuntu; Linux x86_64; rv:22.0) Gecko/20100101 Firefox/22.0"
208.115.113.89 - - [05/Sep/2014:05:32:55 +0200] "GET /robots.txt HTTP/1.1" 200 317 "-" "Mozilla/5.0 (compatible; DotBot/1.1; http://www.opensiteexplorer.org/dotbot, help@moz.com)"
207.46.13.54 - - [05/Sep/2014:06:04:54 +0200] "GET /robots.txt HTTP/1.1" 200 317 "-" "Mozilla/5.0 (compatible; bingbot/2.0; +http://www.bing.com/bingbot.htm)"
207.46.13.54 - - [05/Sep/2014:06:04:57 +0200] "GET / HTTP/1.1" 200 2050 "-" "Mozilla/5.0 (compatible; bingbot/2.0; +http://www.bing.com/bingbot.htm)"
207.46.13.45 - - [05/Sep/2014:06:05:01 +0200] "GET /video/video.swf HTTP/1.1" 200 3107187 "-" "Mozilla/5.0 (compatible; bingbot/2.0; +http://www.bing.com/bingbot.htm)"
217.69.133.5 - - [05/Sep/2014:06:16:45 +0200] "GET /robots.txt HTTP/1.1" 200 317 "-" "Mozilla/5.0 (compatible; Linux x86_64; Mail.RU_Bot/2.0; +http://go.mail.ru/help/robots)"
217.69.133.9 - - [05/Sep/2014:06:16:46 +0200] "GET /firmenkleidung/ HTTP/1.1" 200 2182 "-" "Mozilla/5.0 (compatible; Linux x86_64; Mail.RU_Bot/2.0; +http://go.mail.ru/help/robots)"
93.199.153.228 - - [05/Sep/2014:06:23:37 +0200] "GET /bestellsystem/kundenlogin/ HTTP/1.1" 200 4528 "-" "Mozilla/5.0 (Windows NT 6.3; WOW64) AppleWebKit/537.36 (KHTML, like Gecko) Chrome/37.0.2062.94 Safari/537.36 OPR/24.0.1558.53 (Edition Campaign 21)"
93.199.153.228 - - [05/Sep/2014:06:23:37 +0200] "GET /favicon.ico HTTP/1.1" 404 1256 "-" "Mozilla/5.0 (Windows NT 6.3; WOW64) AppleWebKit/537.36 (KHTML, like Gecko) Chrome/37.0.2062.94 Safari/537.36 OPR/24.0.1558.53 (Edition Campaign 21)"
69.58.178.57 - - [05/Sep/2014:06:48:10 +0200] "GET /robots.txt HTTP/1.1" 301 373 "-" "Mozilla/5.0 (X11; Ubuntu; Linux i686; rv:14.0; ips-agent) Gecko/20100101 Firefox/14.0.1"
69.58.178.57 - - [05/Sep/2014:06:48:11 +0200] "GET / HTTP/1.1" 301 363 "-" "Mozilla/5.0 (X11; Ubuntu; Linux i686; rv:14.0; ips-agent) Gecko/20100101 Firefox/14.0.1"
69.58.178.57 - - [05/Sep/2014:06:48:12 +0200] "GET / HTTP/1.1" 301 363 "-" "BlackBerry9000/4.6.0.167 Profile/MIDP-2.0 Configuration/CLDC-1.1 VendorID/102 ips-agent"
195.243.126.34 - - [05/Sep/2014:06:48:35 +0200] "GET /bestellsystem/kundenlogin/ HTTP/1.1" 200 4528 "http://www.bing.com/search?q=modeinstitut+berlin&form=MSNH15&mkt=de-de&qs=AS&sk=&pq=modei&sp=1&sc=8-5" "Mozilla/5.0 (Windows NT 6.1; Trident/7.0; rv:11.0) like Gecko"
195.243.126.34 - - [05/Sep/2014:06:48:35 +0200] "GET /css/newstyles.css HTTP/1.1" 304 - "http://www.modeinstitut-berlin.de/bestellsystem/kundenlogin/" "Mozilla/5.0 (Windows NT 6.1; Trident/7.0; rv:11.0) like Gecko"
195.243.126.34 - - [05/Sep/2014:06:48:35 +0200] "GET /Scripts/AC_RunActiveContent.js HTTP/1.1" 304 - "http://www.modeinstitut-berlin.de/bestellsystem/kundenlogin/" "Mozilla/5.0 (Windows NT 6.1; Trident/7.0; rv:11.0) like Gecko"
195.243.126.34 - - [05/Sep/2014:06:48:35 +0200] "GET /includes/hover.js HTTP/1.1" 304 - "http://www.modeinstitut-berlin.de/bestellsystem/kundenlogin/" "Mozilla/5.0 (Windows NT 6.1; Trident/7.0; rv:11.0) like Gecko"
195.243.126.34 - - [05/Sep/2014:06:48:35 +0200] "GET /images/layout/global-bg.jpg HTTP/1.1" 304 - "http://www.modeinstitut-berlin.de/bestellsystem/kundenlogin/" "Mozilla/5.0 (Windows NT 6.1; Trident/7.0; rv:11.0) like Gecko"
195.243.126.34 - - [05/Sep/2014:06:48:35 +0200] "GET /images/layout/wrapper-bg.jpg HTTP/1.1" 304 - "http://www.modeinstitut-berlin.de/bestellsystem/kundenlogin/" "Mozilla/5.0 (Windows NT 6.1; Trident/7.0; rv:11.0) like Gecko"
195.243.126.34 - - [05/Sep/2014:06:48:35 +0200] "GET /images/layout/bg-navi.jpg HTTP/1.1" 304 - "http://www.modeinstitut-berlin.de/bestellsystem/kundenlogin/" "Mozilla/5.0 (Windows NT 6.1; Trident/7.0; rv:11.0) like Gecko"
195.243.126.34 - - [05/Sep/2014:06:48:35 +0200] "GET /images/layout/bg-content-big-1.jpg HTTP/1.1" 304 - "http://www.modeinstitut-berlin.de/bestellsystem/kundenlogin/" "Mozilla/5.0 (Windows NT 6.1; Trident/7.0; rv:11.0) like Gecko"
195.243.126.34 - - [05/Sep/2014:06:48:35 +0200] "GET /images/layout/link.gif HTTP/1.1" 304 - "http://www.modeinstitut-berlin.de/bestellsystem/kundenlogin/" "Mozilla/5.0 (Windows NT 6.1; Trident/7.0; rv:11.0) like Gecko"
195.243.126.34 - - [05/Sep/2014:06:48:35 +0200] "GET /favicon.ico HTTP/1.1" 404 1256 "-" "Mozilla/5.0 (Windows NT 6.1; Trident/7.0; rv:11.0) like Gecko"
188.112.53.43 - - [05/Sep/2014:06:48:53 +0200] "GET / HTTP/1.1" 200 2050 "-" "Opera/9.80 (Windows NT 6.1) Presto/2.12.388 Version/12.14"
188.112.53.43 - - [05/Sep/2014:06:48:54 +0200] "GET /favicon.ico HTTP/1.1" 404 1256 "http://www.modeinstitut-berlin.de/" "Opera/9.80 (Windows NT 6.1) Presto/2.12.388 Version/12.14"
188.112.53.43 - - [05/Sep/2014:06:48:54 +0200] "GET /includes/hover.js HTTP/1.1" 200 411 "http://www.modeinstitut-berlin.de/" "Opera/9.80 (Windows NT 6.1) Presto/2.12.388 Version/12.14"
188.112.53.43 - - [05/Sep/2014:06:48:54 +0200] "GET /Scripts/AC_RunActiveContent.js HTTP/1.1" 200 8029 "http://www.modeinstitut-berlin.de/" "Opera/9.80 (Windows NT 6.1) Presto/2.12.388 Version/12.14"
188.112.53.43 - - [05/Sep/2014:06:48:54 +0200] "GET /css/newstyles.css HTTP/1.1" 200 9734 "http://www.modeinstitut-berlin.de/" "Opera/9.80 (Windows NT 6.1) Presto/2.12.388 Version/12.14"
188.112.53.43 - - [05/Sep/2014:06:48:54 +0200] "GET /images/motive/Logo9001_5.png HTTP/1.1" 200 19358 "http://www.modeinstitut-berlin.de/" "Opera/9.80 (Windows NT 6.1) Presto/2.12.388 Version/12.14"
188.112.53.43 - - [05/Sep/2014:06:48:58 +0200] "GET /images/layout/global-bg.jpg HTTP/1.1" 200 917 "http://www.modeinstitut-berlin.de/" "Opera/9.80 (Windows NT 6.1) Presto/2.12.388 Version/12.14"
188.112.53.43 - - [05/Sep/2014:06:48:58 +0200] "GET /images/layout/wrapper-bg.jpg HTTP/1.1" 200 126878 "http://www.modeinstitut-berlin.de/" "Opera/9.80 (Windows NT 6.1) Presto/2.12.388 Version/12.14"
188.112.53.43 - - [05/Sep/2014:06:49:09 +0200] "GET /images/layout/bg-navi.jpg HTTP/1.1" 200 3342 "http://www.modeinstitut-berlin.de/" "Opera/9.80 (Windows NT 6.1) Presto/2.12.388 Version/12.14"
188.112.53.43 - - [05/Sep/2014:06:49:10 +0200] "GET /images/layout/bg-content-big-1.jpg HTTP/1.1" 200 46493 "http://www.modeinstitut-berlin.de/" "Opera/9.80 (Windows NT 6.1) Presto/2.12.388 Version/12.14"
188.112.53.43 - - [05/Sep/2014:06:49:12 +0200] "GET /video/video.swf HTTP/1.1" 200 3107187 "http://www.modeinstitut-berlin.de/" "Opera/9.80 (Windows NT 6.1) Presto/2.12.388 Version/12.14"
188.112.53.43 - - [05/Sep/2014:06:49:40 +0200] "GET /images/layout/bg-sidebox-plain1.jpg HTTP/1.1" 200 10064 "http://www.modeinstitut-berlin.de/" "Opera/9.80 (Windows NT 6.1) Presto/2.12.388 Version/12.14"
188.112.53.43 - - [05/Sep/2014:06:49:41 +0200] "GET /images/layout/link.gif HTTP/1.1" 200 52 "http://www.modeinstitut-berlin.de/" "Opera/9.80 (Windows NT 6.1) Presto/2.12.388 Version/12.14"
195.243.126.34 - - [05/Sep/2014:06:50:08 +0200] "GET /images/layout/nav-hover-end.jpg HTTP/1.1" 200 780 "http://www.modeinstitut-berlin.de/bestellsystem/kundenlogin/" "Mozilla/5.0 (Windows NT 6.1; Trident/7.0; rv:11.0) like Gecko"
93.199.153.228 - - [05/Sep/2014:06:58:40 +0200] "GET /bestellsystem/kundenlogin/ HTTP/1.1" 200 4528 "-" "Mozilla/5.0 (Windows NT 6.3; WOW64) AppleWebKit/537.36 (KHTML, like Gecko) Chrome/37.0.2062.94 Safari/537.36 OPR/24.0.1558.53 (Edition Campaign 21)"
93.199.153.228 - - [05/Sep/2014:06:58:40 +0200] "GET /favicon.ico HTTP/1.1" 404 1256 "-" "Mozilla/5.0 (Windows NT 6.3; WOW64) AppleWebKit/537.36 (KHTML, like Gecko) Chrome/37.0.2062.94 Safari/537.36 OPR/24.0.1558.53 (Edition Campaign 21)"
93.199.153.228 - - [05/Sep/2014:06:58:46 +0200] "GET /bestellsystem/kundenlogin/ HTTP/1.1" 200 4528 "-" "Mozilla/5.0 (Windows NT 6.3; WOW64) AppleWebKit/537.36 (KHTML, like Gecko) Chrome/37.0.2062.94 Safari/537.36 OPR/24.0.1558.53 (Edition Campaign 21)"
93.199.153.228 - - [05/Sep/2014:06:58:46 +0200] "GET /favicon.ico HTTP/1.1" 404 1256 "-" "Mozilla/5.0 (Windows NT 6.3; WOW64) AppleWebKit/537.36 (KHTML, like Gecko) Chrome/37.0.2062.94 Safari/537.36 OPR/24.0.1558.53 (Edition Campaign 21)"
66.249.64.123 - - [05/Sep/2014:06:59:33 +0200] "GET /unternehmen/aktuelles/Dienstkleidung-BVG/ HTTP/1.1" 200 5292 "-" "Mozilla/5.0 (iPhone; CPU iPhone OS 6_0 like Mac OS X) AppleWebKit/536.26 (KHTML, like Gecko) Version/6.0 Mobile/10A5376e Safari/8536.25 (compatible; Googlebot/2.1; +http://www.google.com/bot.html)"
207.46.13.45 - - [05/Sep/2014:07:01:46 +0200] "GET /unternehmen/aktuelles/ HTTP/1.1" 200 5803 "-" "Mozilla/5.0 (compatible; bingbot/2.0; +http://www.bing.com/bingbot.htm)"
207.46.13.54 - - [05/Sep/2014:07:01:50 +0200] "GET /robots.txt HTTP/1.1" 200 317 "-" "Mozilla/5.0 (compatible; bingbot/2.0; +http://www.bing.com/bingbot.htm)"
207.46.13.45 - - [05/Sep/2014:07:01:55 +0200] "GET /Scripts/AC_RunActiveContent.js HTTP/1.1" 200 8029 "-" "Mozilla/5.0 (compatible; bingbot/2.0; +http://www.bing.com/bingbot.htm)"
157.55.39.6 - - [05/Sep/2014:07:02:00 +0200] "GET /includes/hover.js HTTP/1.1" 200 411 "-" "Mozilla/5.0 (compatible; bingbot/2.0; +http://www.bing.com/bingbot.htm)"
202.46.55.50 - - [05/Sep/2014:07:03:13 +0200] "GET / HTTP/1.1" 200 6854 "-" "Mozilla/4.0 (compatible; MSIE 7.0; Windows NT 6.0)"
119.63.193.131 - - [05/Sep/2014:07:04:16 +0200] "GET / HTTP/1.1" 200 6854 "-" "Mozilla/4.0 (compatible; MSIE 7.0; Windows NT 6.0)"
93.199.153.228 - - [05/Sep/2014:07:06:31 +0200] "GET /bestellsystem/kundenlogin/ HTTP/1.1" 200 4528 "-" "Mozilla/5.0 (Windows NT 6.3; WOW64) AppleWebKit/537.36 (KHTML, like Gecko) Chrome/37.0.2062.94 Safari/537.36 OPR/24.0.1558.53 (Edition Campaign 21)"
82.149.168.170 - - [05/Sep/2014:07:06:41 +0200] "GET / HTTP/1.1" 200 2050 "http://www.google.de/url?sa=t&rct=j&q=&esrc=s&frm=1&source=web&cd=1&sqi=2&ved=0CCEQFjAA&url=http%3A%2F%2Fwww.modeinstitut-berlin.de%2F&ei=pUQJVLmrD4TYOqOpgYgL&usg=AFQjCNGV1Fr5FizdOKg_EBKnjKkFrlfWEQ&sig2=6debp8BTXST5phqqyuPLLA&bvm=bv.74649129,d.ZWU" "Mozilla/5.0 (compatible; MSIE 9.0; Windows NT 6.1; Trident/5.0)"
82.149.168.170 - - [05/Sep/2014:07:06:41 +0200] "GET /css/newstyles.css HTTP/1.1" 200 9734 "http://www.modeinstitut-berlin.de/" "Mozilla/5.0 (compatible; MSIE 9.0; Windows NT 6.1; Trident/5.0)"
82.149.168.170 - - [05/Sep/2014:07:06:41 +0200] "GET /Scripts/AC_RunActiveContent.js HTTP/1.1" 200 8029 "http://www.modeinstitut-berlin.de/" "Mozilla/5.0 (compatible; MSIE 9.0; Windows NT 6.1; Trident/5.0)"
82.149.168.170 - - [05/Sep/2014:07:06:41 +0200] "GET /images/motive/Logo9001_5.png HTTP/1.1" 200 19358 "http://www.modeinstitut-berlin.de/" "Mozilla/5.0 (compatible; MSIE 9.0; Windows NT 6.1; Trident/5.0)"
82.149.168.170 - - [05/Sep/2014:07:06:41 +0200] "GET /includes/hover.js HTTP/1.1" 200 411 "http://www.modeinstitut-berlin.de/" "Mozilla/5.0 (compatible; MSIE 9.0; Windows NT 6.1; Trident/5.0)"
82.149.168.170 - - [05/Sep/2014:07:06:41 +0200] "GET /images/layout/global-bg.jpg HTTP/1.1" 200 917 "http://www.modeinstitut-berlin.de/" "Mozilla/5.0 (compatible; MSIE 9.0; Windows NT 6.1; Trident/5.0)"
93.199.153.228 - - [05/Sep/2014:07:06:41 +0200] "GET /bestellsystem/kundenlogin/ HTTP/1.1" 200 4528 "-" "Mozilla/5.0 (Windows NT 6.3; WOW64) AppleWebKit/537.36 (KHTML, like Gecko) Chrome/37.0.2062.94 Safari/537.36 OPR/24.0.1558.53 (Edition Campaign 21)"
82.149.168.170 - - [05/Sep/2014:07:06:42 +0200] "GET /css/iepngfix.htc HTTP/1.1" 200 2995 "-" "Mozilla/5.0 (compatible; MSIE 9.0; Windows NT 6.1; Trident/5.0)"
82.149.168.170 - - [05/Sep/2014:07:06:45 +0200] "GET /images/layout/bg-navi.jpg HTTP/1.1" 200 3342 "http://www.modeinstitut-berlin.de/" "Mozilla/5.0 (compatible; MSIE 9.0; Windows NT 6.1; Trident/5.0)"
82.149.168.170 - - [05/Sep/2014:07:06:45 +0200] "GET /images/layout/bg-content-big-1.jpg HTTP/1.1" 200 46493 "http://www.modeinstitut-berlin.de/" "Mozilla/5.0 (compatible; MSIE 9.0; Windows NT 6.1; Trident/5.0)"
82.149.168.170 - - [05/Sep/2014:07:06:45 +0200] "GET /images/layout/wrapper-bg.jpg HTTP/1.1" 200 126878 "http://www.modeinstitut-berlin.de/" "Mozilla/5.0 (compatible; MSIE 9.0; Windows NT 6.1; Trident/5.0)"
82.149.168.170 - - [05/Sep/2014:07:06:45 +0200] "GET /images/layout/link.gif HTTP/1.1" 200 52 "http://www.modeinstitut-berlin.de/" "Mozilla/5.0 (compatible; MSIE 9.0; Windows NT 6.1; Trident/5.0)"
82.149.168.170 - - [05/Sep/2014:07:06:45 +0200] "GET /images/layout/bg-sidebox-plain1.jpg HTTP/1.1" 200 10064 "http://www.modeinstitut-berlin.de/" "Mozilla/5.0 (compatible; MSIE 9.0; Windows NT 6.1; Trident/5.0)"
82.149.168.170 - - [05/Sep/2014:07:06:45 +0200] "GET /images/layout/nav-drop-foot.png HTTP/1.1" 200 42670 "http://www.modeinstitut-berlin.de/" "Mozilla/5.0 (compatible; MSIE 9.0; Windows NT 6.1; Trident/5.0)"
82.149.168.170 - - [05/Sep/2014:07:06:47 +0200] "GET /images/layout/nav-hover-all.jpg HTTP/1.1" 200 332 "http://www.modeinstitut-berlin.de/" "Mozilla/5.0 (compatible; MSIE 9.0; Windows NT 6.1; Trident/5.0)"
82.149.168.170 - - [05/Sep/2014:07:06:45 +0200] "GET /video/video.swf HTTP/1.1" 200 3107187 "http://www.modeinstitut-berlin.de/" "Mozilla/5.0 (compatible; MSIE 9.0; Windows NT 6.1; Trident/5.0)"
82.149.168.170 - - [05/Sep/2014:07:06:52 +0200] "GET /bestellsystem/kundenlogin/ HTTP/1.1" 200 4528 "http://www.google.de/url?sa=t&rct=j&q=&esrc=s&frm=1&source=web&cd=2&sqi=2&ved=0CDAQjBAwAQ&url=http%3A%2F%2Fwww.modeinstitut-berlin.de%2Fbestellsystem%2Fkundenlogin%2F&ei=pUQJVLmrD4TYOqOpgYgL&usg=AFQjCNEbo3WEGUXkO7AR33iGik8mipk3xA&sig2=AqVVJUjdhnlOrcx2dnhiqw" "Mozilla/5.0 (compatible; MSIE 9.0; Windows NT 6.1; Trident/5.0)"
82.149.168.170 - - [05/Sep/2014:07:06:52 +0200] "GET /favicon.ico HTTP/1.1" 404 1256 "-" "Mozilla/5.0 (compatible; MSIE 9.0; Windows NT 6.1; Trident/5.0)"
208.115.113.89 - - [05/Sep/2014:07:19:05 +0200] "GET /unternehmen/firmenprofil/ HTTP/1.1" 200 6712 "-" "Mozilla/5.0 (compatible; DotBot/1.1; http://www.opensiteexplorer.org/dotbot, help@moz.com)"
188.112.53.43 - - [05/Sep/2014:07:22:00 +0200] "GET / HTTP/1.1" 200 2050 "-" "Opera/9.80 (Windows NT 6.1) Presto/2.12.388 Version/12.14"
188.112.53.43 - - [05/Sep/2014:07:22:01 +0200] "GET /favicon.ico HTTP/1.1" 404 1256 "http://www.modeinstitut-berlin.de/" "Opera/9.80 (Windows NT 6.1) Presto/2.12.388 Version/12.14"
188.112.53.43 - - [05/Sep/2014:07:22:01 +0200] "GET /includes/hover.js HTTP/1.1" 200 411 "http://www.modeinstitut-berlin.de/" "Opera/9.80 (Windows NT 6.1) Presto/2.12.388 Version/12.14"
188.112.53.43 - - [05/Sep/2014:07:22:01 +0200] "GET /Scripts/AC_RunActiveContent.js HTTP/1.1" 200 8029 "http://www.modeinstitut-berlin.de/" "Opera/9.80 (Windows NT 6.1) Presto/2.12.388 Version/12.14"
188.112.53.43 - - [05/Sep/2014:07:22:01 +0200] "GET /css/newstyles.css HTTP/1.1" 200 9734 "http://www.modeinstitut-berlin.de/" "Opera/9.80 (Windows NT 6.1) Presto/2.12.388 Version/12.14"
188.112.53.43 - - [05/Sep/2014:07:22:01 +0200] "GET /images/motive/Logo9001_5.png HTTP/1.1" 200 19358 "http://www.modeinstitut-berlin.de/" "Opera/9.80 (Windows NT 6.1) Presto/2.12.388 Version/12.14"
188.112.53.43 - - [05/Sep/2014:07:22:03 +0200] "GET /images/layout/global-bg.jpg HTTP/1.1" 200 917 "http://www.modeinstitut-berlin.de/" "Opera/9.80 (Windows NT 6.1) Presto/2.12.388 Version/12.14"
188.112.53.43 - - [05/Sep/2014:07:22:03 +0200] "GET /images/layout/bg-navi.jpg HTTP/1.1" 200 3342 "http://www.modeinstitut-berlin.de/" "Opera/9.80 (Windows NT 6.1) Presto/2.12.388 Version/12.14"
188.112.53.43 - - [05/Sep/2014:07:22:04 +0200] "GET /images/layout/link.gif HTTP/1.1" 200 52 "http://www.modeinstitut-berlin.de/" "Opera/9.80 (Windows NT 6.1) Presto/2.12.388 Version/12.14"
188.112.53.43 - - [05/Sep/2014:07:22:03 +0200] "GET /images/layout/bg-content-big-1.jpg HTTP/1.1" 200 46493 "http://www.modeinstitut-berlin.de/" "Opera/9.80 (Windows NT 6.1) Presto/2.12.388 Version/12.14"
188.112.53.43 - - [05/Sep/2014:07:22:03 +0200] "GET /images/layout/wrapper-bg.jpg HTTP/1.1" 200 126878 "http://www.modeinstitut-berlin.de/" "Opera/9.80 (Windows NT 6.1) Presto/2.12.388 Version/12.14"
188.112.53.43 - - [05/Sep/2014:07:22:07 +0200] "GET /images/layout/bg-sidebox-plain1.jpg HTTP/1.1" 200 10064 "http://www.modeinstitut-berlin.de/" "Opera/9.80 (Windows NT 6.1) Presto/2.12.388 Version/12.14"
