84.181.37.179 - - [03/Mar/2014:00:57:13 +0100] "GET /images/layout/bg-content-big-2.jpg HTTP/1.1" 200 38423 "http://www.modeinstitut-berlin.de/produkt/design/" "Mozilla/5.0 (Windows NT 6.1; WOW64; Trident/7.0; rv:11.0) like Gecko"
84.181.37.179 - - [03/Mar/2014:00:57:14 +0100] "GET /images/flash/design.swf HTTP/1.1" 200 210329 "http://www.modeinstitut-berlin.de/produkt/design/" "Mozilla/5.0 (Windows NT 6.1; WOW64; Trident/7.0; rv:11.0) like Gecko"
84.181.37.179 - - [03/Mar/2014:00:57:28 +0100] "GET /produkt/design/verkehrsunternehmen/ HTTP/1.1" 200 6651 "http://www.modeinstitut-berlin.de/produkt/design/" "Mozilla/5.0 (Windows NT 6.1; WOW64; Trident/7.0; rv:11.0) like Gecko"
84.181.37.179 - - [03/Mar/2014:00:57:28 +0100] "GET /css/newstyles.css HTTP/1.1" 304 - "http://www.modeinstitut-berlin.de/produkt/design/verkehrsunternehmen/" "Mozilla/5.0 (Windows NT 6.1; WOW64; Trident/7.0; rv:11.0) like Gecko"
84.181.37.179 - - [03/Mar/2014:00:57:28 +0100] "GET /Scripts/AC_RunActiveContent.js HTTP/1.1" 304 - "http://www.modeinstitut-berlin.de/produkt/design/verkehrsunternehmen/" "Mozilla/5.0 (Windows NT 6.1; WOW64; Trident/7.0; rv:11.0) like Gecko"
84.181.37.179 - - [03/Mar/2014:00:57:28 +0100] "GET /includes/hover.js HTTP/1.1" 304 - "http://www.modeinstitut-berlin.de/produkt/design/verkehrsunternehmen/" "Mozilla/5.0 (Windows NT 6.1; WOW64; Trident/7.0; rv:11.0) like Gecko"
84.181.37.179 - - [03/Mar/2014:00:57:28 +0100] "GET /images/layout/wrapper-bg.jpg HTTP/1.1" 304 - "http://www.modeinstitut-berlin.de/produkt/design/verkehrsunternehmen/" "Mozilla/5.0 (Windows NT 6.1; WOW64; Trident/7.0; rv:11.0) like Gecko"
84.181.37.179 - - [03/Mar/2014:00:57:29 +0100] "GET /images/layout/global-bg.jpg HTTP/1.1" 304 - "http://www.modeinstitut-berlin.de/produkt/design/verkehrsunternehmen/" "Mozilla/5.0 (Windows NT 6.1; WOW64; Trident/7.0; rv:11.0) like Gecko"
84.181.37.179 - - [03/Mar/2014:00:57:29 +0100] "GET /images/layout/bg-content-big-2.jpg HTTP/1.1" 304 - "http://www.modeinstitut-berlin.de/produkt/design/verkehrsunternehmen/" "Mozilla/5.0 (Windows NT 6.1; WOW64; Trident/7.0; rv:11.0) like Gecko"
84.181.37.179 - - [03/Mar/2014:00:57:29 +0100] "GET /images/layout/link.gif HTTP/1.1" 304 - "http://www.modeinstitut-berlin.de/produkt/design/verkehrsunternehmen/" "Mozilla/5.0 (Windows NT 6.1; WOW64; Trident/7.0; rv:11.0) like Gecko"
84.181.37.179 - - [03/Mar/2014:00:57:29 +0100] "GET /images/layout/bg-navi.jpg HTTP/1.1" 304 - "http://www.modeinstitut-berlin.de/produkt/design/verkehrsunternehmen/" "Mozilla/5.0 (Windows NT 6.1; WOW64; Trident/7.0; rv:11.0) like Gecko"
84.181.37.179 - - [03/Mar/2014:00:57:29 +0100] "GET /images/layout/bg-sidebox-plain1.jpg HTTP/1.1" 304 - "http://www.modeinstitut-berlin.de/produkt/design/verkehrsunternehmen/" "Mozilla/5.0 (Windows NT 6.1; WOW64; Trident/7.0; rv:11.0) like Gecko"
84.181.37.179 - - [03/Mar/2014:00:57:29 +0100] "GET /images/flash/verkehrsunternehmen.swf HTTP/1.1" 200 297886 "http://www.modeinstitut-berlin.de/produkt/design/verkehrsunternehmen/" "Mozilla/5.0 (Windows NT 6.1; WOW64; Trident/7.0; rv:11.0) like Gecko"
85.84.245.63 - - [03/Mar/2014:00:57:41 +0100] "GET /firmenkleidung/ HTTP/1.1" 200 2182 "http://www.modeinstitut-berlin.de/" "Mozilla/5.0 (Windows NT 6.1; WOW64; rv:27.0) Gecko/20100101 Firefox/27.0"
85.84.245.63 - - [03/Mar/2014:00:57:41 +0100] "GET /images/flash/logistik.swf HTTP/1.1" 200 419069 "http://www.modeinstitut-berlin.de/firmenkleidung/" "Mozilla/5.0 (Windows NT 6.1; WOW64; rv:27.0) Gecko/20100101 Firefox/27.0"
85.84.245.63 - - [03/Mar/2014:00:57:50 +0100] "GET /produkt/design/ HTTP/1.1" 200 6495 "http://www.modeinstitut-berlin.de/firmenkleidung/" "Mozilla/5.0 (Windows NT 6.1; WOW64; rv:27.0) Gecko/20100101 Firefox/27.0"
85.84.245.63 - - [03/Mar/2014:00:57:50 +0100] "GET /images/layout/bg-content-big-2.jpg HTTP/1.1" 200 38423 "http://www.modeinstitut-berlin.de/css/newstyles.css" "Mozilla/5.0 (Windows NT 6.1; WOW64; rv:27.0) Gecko/20100101 Firefox/27.0"
85.84.245.63 - - [03/Mar/2014:00:57:50 +0100] "GET /images/flash/design.swf HTTP/1.1" 200 210329 "http://www.modeinstitut-berlin.de/produkt/design/" "Mozilla/5.0 (Windows NT 6.1; WOW64; rv:27.0) Gecko/20100101 Firefox/27.0"
85.84.245.63 - - [03/Mar/2014:00:57:55 +0100] "GET /produkt/design/industrie/ HTTP/1.1" 200 6419 "http://www.modeinstitut-berlin.de/produkt/design/" "Mozilla/5.0 (Windows NT 6.1; WOW64; rv:27.0) Gecko/20100101 Firefox/27.0"
85.84.245.63 - - [03/Mar/2014:00:57:56 +0100] "GET /images/flash/industrie.swf HTTP/1.1" 200 98733 "http://www.modeinstitut-berlin.de/produkt/design/industrie/" "Mozilla/5.0 (Windows NT 6.1; WOW64; rv:27.0) Gecko/20100101 Firefox/27.0"
85.84.245.63 - - [03/Mar/2014:00:57:57 +0100] "GET /produkt/design/behoerden/ HTTP/1.1" 200 6562 "http://www.modeinstitut-berlin.de/produkt/design/industrie/" "Mozilla/5.0 (Windows NT 6.1; WOW64; rv:27.0) Gecko/20100101 Firefox/27.0"
85.84.245.63 - - [03/Mar/2014:00:57:57 +0100] "GET /images/flash/behoerden.swf HTTP/1.1" 200 99022 "http://www.modeinstitut-berlin.de/produkt/design/behoerden/" "Mozilla/5.0 (Windows NT 6.1; WOW64; rv:27.0) Gecko/20100101 Firefox/27.0"
85.84.245.63 - - [03/Mar/2014:00:58:00 +0100] "GET /produkt/design/dienstkleidung/ HTTP/1.1" 200 6773 "http://www.modeinstitut-berlin.de/produkt/design/behoerden/" "Mozilla/5.0 (Windows NT 6.1; WOW64; rv:27.0) Gecko/20100101 Firefox/27.0"
85.84.245.63 - - [03/Mar/2014:00:58:01 +0100] "GET /images/flash/dienstkleidung.swf HTTP/1.1" 200 253220 "http://www.modeinstitut-berlin.de/produkt/design/dienstkleidung/" "Mozilla/5.0 (Windows NT 6.1; WOW64; rv:27.0) Gecko/20100101 Firefox/27.0"
85.84.245.63 - - [03/Mar/2014:00:58:03 +0100] "GET /produkt/design/hotelbekleidung/ HTTP/1.1" 200 6525 "http://www.modeinstitut-berlin.de/produkt/design/dienstkleidung/" "Mozilla/5.0 (Windows NT 6.1; WOW64; rv:27.0) Gecko/20100101 Firefox/27.0"
85.84.245.63 - - [03/Mar/2014:00:58:03 +0100] "GET /images/flash/hotels.swf HTTP/1.1" 200 559251 "http://www.modeinstitut-berlin.de/produkt/design/hotelbekleidung/" "Mozilla/5.0 (Windows NT 6.1; WOW64; rv:27.0) Gecko/20100101 Firefox/27.0"
85.84.245.63 - - [03/Mar/2014:00:58:06 +0100] "GET /produkt/design/verkehrsunternehmen/ HTTP/1.1" 200 6651 "http://www.modeinstitut-berlin.de/produkt/design/hotelbekleidung/" "Mozilla/5.0 (Windows NT 6.1; WOW64; rv:27.0) Gecko/20100101 Firefox/27.0"
85.84.245.63 - - [03/Mar/2014:00:58:06 +0100] "GET /images/flash/verkehrsunternehmen.swf HTTP/1.1" 200 297886 "http://www.modeinstitut-berlin.de/produkt/design/verkehrsunternehmen/" "Mozilla/5.0 (Windows NT 6.1; WOW64; rv:27.0) Gecko/20100101 Firefox/27.0"
84.181.37.179 - - [03/Mar/2014:00:58:10 +0100] "GET /images/layout/nav-drop-foot.png HTTP/1.1" 304 - "http://www.modeinstitut-berlin.de/produkt/design/verkehrsunternehmen/" "Mozilla/5.0 (Windows NT 6.1; WOW64; Trident/7.0; rv:11.0) like Gecko"
84.181.37.179 - - [03/Mar/2014:00:58:10 +0100] "GET /images/layout/nav-hover-all.jpg HTTP/1.1" 304 - "http://www.modeinstitut-berlin.de/produkt/design/verkehrsunternehmen/" "Mozilla/5.0 (Windows NT 6.1; WOW64; Trident/7.0; rv:11.0) like Gecko"
85.84.245.63 - - [03/Mar/2014:00:58:11 +0100] "GET /images/layout/nav-hover-all.jpg HTTP/1.1" 200 332 "http://www.modeinstitut-berlin.de/css/newstyles.css" "Mozilla/5.0 (Windows NT 6.1; WOW64; rv:27.0) Gecko/20100101 Firefox/27.0"
84.181.37.179 - - [03/Mar/2014:00:58:15 +0100] "GET /images/layout/nav-hover-1.jpg HTTP/1.1" 200 746 "http://www.modeinstitut-berlin.de/produkt/design/verkehrsunternehmen/" "Mozilla/5.0 (Windows NT 6.1; WOW64; Trident/7.0; rv:11.0) like Gecko"
85.84.245.63 - - [03/Mar/2014:00:58:11 +0100] "GET /images/layout/nav-drop-foot.png HTTP/1.1" 200 42670 "http://www.modeinstitut-berlin.de/css/newstyles.css" "Mozilla/5.0 (Windows NT 6.1; WOW64; rv:27.0) Gecko/20100101 Firefox/27.0"
84.181.37.179 - - [03/Mar/2014:00:58:33 +0100] "GET /bestellsystem/kundenlogin/ HTTP/1.1" 200 4528 "http://www.modeinstitut-berlin.de/produkt/design/verkehrsunternehmen/" "Mozilla/5.0 (Windows NT 6.1; WOW64; Trident/7.0; rv:11.0) like Gecko"
84.181.37.179 - - [03/Mar/2014:00:58:34 +0100] "GET /css/newstyles.css HTTP/1.1" 304 - "http://www.modeinstitut-berlin.de/bestellsystem/kundenlogin/" "Mozilla/5.0 (Windows NT 6.1; WOW64; Trident/7.0; rv:11.0) like Gecko"
84.181.37.179 - - [03/Mar/2014:00:58:34 +0100] "GET /Scripts/AC_RunActiveContent.js HTTP/1.1" 304 - "http://www.modeinstitut-berlin.de/bestellsystem/kundenlogin/" "Mozilla/5.0 (Windows NT 6.1; WOW64; Trident/7.0; rv:11.0) like Gecko"
84.181.37.179 - - [03/Mar/2014:00:58:34 +0100] "GET /includes/hover.js HTTP/1.1" 304 - "http://www.modeinstitut-berlin.de/bestellsystem/kundenlogin/" "Mozilla/5.0 (Windows NT 6.1; WOW64; Trident/7.0; rv:11.0) like Gecko"
84.181.37.179 - - [03/Mar/2014:00:58:34 +0100] "GET /images/layout/global-bg.jpg HTTP/1.1" 304 - "http://www.modeinstitut-berlin.de/bestellsystem/kundenlogin/" "Mozilla/5.0 (Windows NT 6.1; WOW64; Trident/7.0; rv:11.0) like Gecko"
84.181.37.179 - - [03/Mar/2014:00:58:34 +0100] "GET /images/layout/wrapper-bg.jpg HTTP/1.1" 304 - "http://www.modeinstitut-berlin.de/bestellsystem/kundenlogin/" "Mozilla/5.0 (Windows NT 6.1; WOW64; Trident/7.0; rv:11.0) like Gecko"
84.181.37.179 - - [03/Mar/2014:00:58:34 +0100] "GET /images/layout/link.gif HTTP/1.1" 304 - "http://www.modeinstitut-berlin.de/bestellsystem/kundenlogin/" "Mozilla/5.0 (Windows NT 6.1; WOW64; Trident/7.0; rv:11.0) like Gecko"
84.181.37.179 - - [03/Mar/2014:00:58:34 +0100] "GET /images/layout/bg-content-big-1.jpg HTTP/1.1" 304 - "http://www.modeinstitut-berlin.de/bestellsystem/kundenlogin/" "Mozilla/5.0 (Windows NT 6.1; WOW64; Trident/7.0; rv:11.0) like Gecko"
84.181.37.179 - - [03/Mar/2014:00:58:34 +0100] "GET /images/layout/bg-navi.jpg HTTP/1.1" 304 - "http://www.modeinstitut-berlin.de/bestellsystem/kundenlogin/" "Mozilla/5.0 (Windows NT 6.1; WOW64; Trident/7.0; rv:11.0) like Gecko"
157.55.34.176 - - [03/Mar/2014:01:08:25 +0100] "GET /unternehmen/servicecenter/Service-Center-Berlin-Schoeneberg/ HTTP/1.1" 200 7491 "-" "Mozilla/5.0 (compatible; bingbot/2.0; +http://www.bing.com/bingbot.htm)"
157.55.34.176 - - [03/Mar/2014:01:09:13 +0100] "GET /includes/hover.js HTTP/1.1" 200 411 "-" "Mozilla/5.0 (compatible; bingbot/2.0; +http://www.bing.com/bingbot.htm)"
199.30.20.58 - - [03/Mar/2014:01:29:53 +0100] "GET /robots.txt HTTP/1.1" 200 317 "-" "msnbot-media/1.1 (+http://search.msn.com/msnbot.htm)"
199.30.20.58 - - [03/Mar/2014:01:29:54 +0100] "GET /unternehmen/servicecenter/Service-Center-Leipzig/ HTTP/1.1" 200 6937 "-" "msnbot-media/1.1 (+http://search.msn.com/msnbot.htm)"
157.55.34.176 - - [03/Mar/2014:01:31:41 +0100] "GET /produkt/design/verkehrsunternehmen/ HTTP/1.1" 200 6651 "-" "Mozilla/5.0 (compatible; bingbot/2.0; +http://www.bing.com/bingbot.htm)"
141.8.147.12 - - [03/Mar/2014:01:44:41 +0100] "GET /robots.txt HTTP/1.1" 200 317 "-" "Mozilla/5.0 (compatible; YandexBot/3.0; +http://yandex.com/bots)"
141.8.147.12 - - [03/Mar/2014:01:50:23 +0100] "GET /images/flash/design.swf HTTP/1.1" 200 210329 "-" "Mozilla/5.0 (compatible; YandexBot/3.0; +http://yandex.com/bots)"
5.10.83.26 - - [03/Mar/2014:02:00:45 +0100] "GET / HTTP/1.1" 200 2050 "-" "Mozilla/5.0 (compatible; AhrefsBot/5.0; +http://ahrefs.com/robot/)"
208.115.113.89 - - [03/Mar/2014:02:28:16 +0100] "GET /impressum/googleanalytics.php HTTP/1.1" 200 5867 "-" "Mozilla/5.0 (compatible; Ezooms/1.0; help@moz.com)"
66.249.65.72 - - [03/Mar/2014:02:34:17 +0100] "GET /images/flash/dienstkleidung.swf HTTP/1.1" 200 253220 "-" "SAMSUNG-SGH-E250/1.0 Profile/MIDP-2.0 Configuration/CLDC-1.1 UP.Browser/6.2.3.3.c.1.101 (GUI) MMP/2.0 (compatible; Googlebot-Mobile/2.1; +http://www.google.com/bot.html)"
180.76.6.137 - - [03/Mar/2014:02:52:43 +0100] "GET /robots.txt HTTP/1.1" 200 317 "-" "Mozilla/5.0 (Windows NT 5.1; rv:6.0.2) Gecko/20100101 Firefox/6.0.2"
5.10.83.29 - - [03/Mar/2014:03:01:44 +0100] "GET /produktion.php HTTP/1.1" 404 1256 "-" "Mozilla/5.0 (compatible; AhrefsBot/5.0; +http://ahrefs.com/robot/)"
220.181.108.90 - - [03/Mar/2014:03:09:15 +0100] "GET / HTTP/1.1" 200 6854 "-" "Mozilla/5.0 (compatible; Baiduspider/2.0; +http://www.baidu.com/search/spider.html)"
123.125.71.13 - - [03/Mar/2014:03:11:05 +0100] "GET / HTTP/1.1" 200 6854 "-" "Mozilla/5.0 (compatible; Baiduspider/2.0; +http://www.baidu.com/search/spider.html)"
66.249.65.136 - - [03/Mar/2014:03:13:56 +0100] "GET /produkt/produktion/ HTTP/1.1" 200 6399 "-" "Mozilla/5.0 (iPhone; CPU iPhone OS 6_0 like Mac OS X) AppleWebKit/536.26 (KHTML, like Gecko) Version/6.0 Mobile/10A5376e Safari/8536.25 (compatible; Googlebot/2.1; +http://www.google.com/bot.html)"
66.249.65.104 - - [03/Mar/2014:03:33:45 +0100] "GET /images/motive/nachhaltigkeit.jpg HTTP/1.1" 200 23775 "-" "Googlebot-Image/1.0"
131.253.24.15 - - [03/Mar/2014:03:41:29 +0100] "GET /robots.txt HTTP/1.1" 200 317 "-" "msnbot-media/1.1 (+http://search.msn.com/msnbot.htm)"
131.253.24.15 - - [03/Mar/2014:03:41:30 +0100] "GET /images/motive/image-sidebox-Lanura-Garn.jpg HTTP/1.1" 200 97087 "-" "msnbot-media/1.1 (+http://search.msn.com/msnbot.htm)"
66.249.65.136 - - [03/Mar/2014:03:43:18 +0100] "GET /grosserpreis/ HTTP/1.1" 200 920 "-" "Mozilla/5.0 (iPhone; CPU iPhone OS 6_0 like Mac OS X) AppleWebKit/536.26 (KHTML, like Gecko) Version/6.0 Mobile/10A5376e Safari/8536.25 (compatible; Googlebot/2.1; +http://www.google.com/bot.html)"
131.253.24.15 - - [03/Mar/2014:03:54:43 +0100] "GET /images/motive/image-sidebox_red-dot.jpg HTTP/1.1" 200 60790 "-" "msnbot-media/1.1 (+http://search.msn.com/msnbot.htm)"
157.55.35.77 - - [03/Mar/2014:04:00:08 +0100] "GET /unternehmen/aktuelles/ HTTP/1.1" 200 5767 "-" "Mozilla/5.0 (compatible; bingbot/2.0; +http://www.bing.com/bingbot.htm)"
180.76.5.18 - - [03/Mar/2014:04:03:43 +0100] "GET /produkt/produktion/ HTTP/1.1" 200 6399 "-" "Mozilla/5.0 (compatible; Baiduspider/2.0; +http://www.baidu.com/search/spider.html)"
5.10.83.3 - - [03/Mar/2014:04:29:41 +0100] "GET /produkt/design/industrie/ HTTP/1.1" 200 6419 "-" "Mozilla/5.0 (compatible; AhrefsBot/5.0; +http://ahrefs.com/robot/)"
180.76.6.145 - - [03/Mar/2014:04:45:45 +0100] "GET /robots.txt HTTP/1.1" 301 368 "-" "Mozilla/5.0 (Windows NT 5.1; rv:6.0.2) Gecko/20100101 Firefox/6.0.2"
180.76.6.146 - - [03/Mar/2014:04:45:45 +0100] "GET /robots.txt HTTP/1.1" 200 317 "-" "Mozilla/5.0 (Windows NT 5.1; rv:6.0.2) Gecko/20100101 Firefox/6.0.2"
85.8.95.198 - - [03/Mar/2014:04:50:58 +0100] "GET / HTTP/1.0" 200 2050 "http://www.google.de/url?sa=t&rct=j&q=&esrc=s&frm=1&source=web&cd=1&sqi=2&ved=0CC0QFjAA&url=http%3A%2F%2Fwww.modeinstitut-berlin.de%2F&ei=sPsTU-a3NYHnygOH6IKoCA&usg=AFQjCNGV1Fr5FizdOKg_EBKnjKkFrlfWEQ" "Mozilla/5.0 (compatible; MSIE 9.0; Windows NT 6.1; WOW64; Trident/5.0)"
85.8.95.198 - - [03/Mar/2014:04:50:58 +0100] "GET /css/newstyles.css HTTP/1.0" 200 9734 "http://www.modeinstitut-berlin.de/" "Mozilla/5.0 (compatible; MSIE 9.0; Windows NT 6.1; WOW64; Trident/5.0)"
85.8.95.198 - - [03/Mar/2014:04:50:58 +0100] "GET /images/layout/global-bg.jpg HTTP/1.0" 200 917 "http://www.modeinstitut-berlin.de/" "Mozilla/5.0 (compatible; MSIE 9.0; Windows NT 6.1; WOW64; Trident/5.0)"
85.8.95.198 - - [03/Mar/2014:04:50:58 +0100] "GET /Scripts/AC_RunActiveContent.js HTTP/1.0" 200 8029 "http://www.modeinstitut-berlin.de/" "Mozilla/5.0 (compatible; MSIE 9.0; Windows NT 6.1; WOW64; Trident/5.0)"
85.8.95.198 - - [03/Mar/2014:04:50:58 +0100] "GET /includes/hover.js HTTP/1.0" 200 411 "http://www.modeinstitut-berlin.de/" "Mozilla/5.0 (compatible; MSIE 9.0; Windows NT 6.1; WOW64; Trident/5.0)"
85.8.95.198 - - [03/Mar/2014:04:50:58 +0100] "GET /images/motive/Logo9001_5.png HTTP/1.0" 200 19358 "http://www.modeinstitut-berlin.de/" "Mozilla/5.0 (compatible; MSIE 9.0; Windows NT 6.1; WOW64; Trident/5.0)"
85.8.95.198 - - [03/Mar/2014:04:50:58 +0100] "GET /css/iepngfix.htc HTTP/1.0" 200 2995 "-" "Mozilla/5.0 (compatible; MSIE 9.0; Windows NT 6.1; WOW64; Trident/5.0)"
85.8.95.198 - - [03/Mar/2014:04:50:58 +0100] "GET /images/layout/bg-sidebox-plain1.jpg HTTP/1.0" 200 10064 "http://www.modeinstitut-berlin.de/" "Mozilla/5.0 (compatible; MSIE 9.0; Windows NT 6.1; WOW64; Trident/5.0)"
85.8.95.198 - - [03/Mar/2014:04:50:58 +0100] "GET /images/layout/bg-navi.jpg HTTP/1.0" 200 3342 "http://www.modeinstitut-berlin.de/" "Mozilla/5.0 (compatible; MSIE 9.0; Windows NT 6.1; WOW64; Trident/5.0)"
85.8.95.198 - - [03/Mar/2014:04:50:58 +0100] "GET /images/layout/link.gif HTTP/1.0" 200 52 "http://www.modeinstitut-berlin.de/" "Mozilla/5.0 (compatible; MSIE 9.0; Windows NT 6.1; WOW64; Trident/5.0)"
85.8.95.198 - - [03/Mar/2014:04:50:58 +0100] "GET /images/layout/bg-content-big-1.jpg HTTP/1.0" 200 46493 "http://www.modeinstitut-berlin.de/" "Mozilla/5.0 (compatible; MSIE 9.0; Windows NT 6.1; WOW64; Trident/5.0)"
85.8.95.198 - - [03/Mar/2014:04:50:58 +0100] "GET /images/layout/wrapper-bg.jpg HTTP/1.0" 200 126878 "http://www.modeinstitut-berlin.de/" "Mozilla/5.0 (compatible; MSIE 9.0; Windows NT 6.1; WOW64; Trident/5.0)"
85.8.95.198 - - [03/Mar/2014:04:50:58 +0100] "GET /images/layout/nav-drop-foot.png HTTP/1.0" 200 42670 "http://www.modeinstitut-berlin.de/" "Mozilla/5.0 (compatible; MSIE 9.0; Windows NT 6.1; WOW64; Trident/5.0)"
85.8.95.198 - - [03/Mar/2014:04:50:58 +0100] "GET /video/video.swf HTTP/1.0" 200 3107187 "http://www.modeinstitut-berlin.de/" "Mozilla/5.0 (compatible; MSIE 9.0; Windows NT 6.1; WOW64; Trident/5.0)"
85.8.95.198 - - [03/Mar/2014:04:50:59 +0100] "GET /favicon.ico HTTP/1.0" 404 1256 "-" "Mozilla/5.0 (compatible; MSIE 9.0; Windows NT 6.1; WOW64; Trident/5.0)"
85.8.95.198 - - [03/Mar/2014:04:51:00 +0100] "GET /images/layout/nav-hover-all.jpg HTTP/1.0" 200 332 "http://www.modeinstitut-berlin.de/" "Mozilla/5.0 (compatible; MSIE 9.0; Windows NT 6.1; WOW64; Trident/5.0)"
85.8.95.198 - - [03/Mar/2014:04:51:03 +0100] "GET /bestellsystem/kundenlogin/ HTTP/1.0" 200 4528 "http://www.modeinstitut-berlin.de/" "Mozilla/5.0 (compatible; MSIE 9.0; Windows NT 6.1; WOW64; Trident/5.0)"
58.213.23.228 - - [03/Mar/2014:05:43:52 +0100] "GET / HTTP/1.1" 200 2050 "https://www.google.com.hk/" "Mozilla/5.0 (Windows NT 5.1) AppleWebKit/537.1 (KHTML, like Gecko) Chrome/21.0.1180.89 Safari/537.1"
58.213.23.228 - - [03/Mar/2014:05:43:53 +0100] "GET /css/newstyles.css HTTP/1.1" 200 9734 "http://www.modeinstitut-berlin.de/" "Mozilla/5.0 (Windows NT 5.1) AppleWebKit/537.1 (KHTML, like Gecko) Chrome/21.0.1180.89 Safari/537.1"
58.213.23.228 - - [03/Mar/2014:05:43:54 +0100] "GET /Scripts/AC_RunActiveContent.js HTTP/1.1" 200 8029 "http://www.modeinstitut-berlin.de/" "Mozilla/5.0 (Windows NT 5.1) AppleWebKit/537.1 (KHTML, like Gecko) Chrome/21.0.1180.89 Safari/537.1"
58.213.23.228 - - [03/Mar/2014:05:43:54 +0100] "GET /includes/hover.js HTTP/1.1" 200 411 "http://www.modeinstitut-berlin.de/" "Mozilla/5.0 (Windows NT 5.1) AppleWebKit/537.1 (KHTML, like Gecko) Chrome/21.0.1180.89 Safari/537.1"
58.213.23.228 - - [03/Mar/2014:05:43:54 +0100] "GET /images/motive/Logo9001_5.png HTTP/1.1" 200 19358 "http://www.modeinstitut-berlin.de/" "Mozilla/5.0 (Windows NT 5.1) AppleWebKit/537.1 (KHTML, like Gecko) Chrome/21.0.1180.89 Safari/537.1"
58.213.23.228 - - [03/Mar/2014:05:43:55 +0100] "GET /images/layout/global-bg.jpg HTTP/1.1" 200 917 "http://www.modeinstitut-berlin.de/" "Mozilla/5.0 (Windows NT 5.1) AppleWebKit/537.1 (KHTML, like Gecko) Chrome/21.0.1180.89 Safari/537.1"
58.213.23.228 - - [03/Mar/2014:05:43:55 +0100] "GET /images/layout/bg-navi.jpg HTTP/1.1" 200 3342 "http://www.modeinstitut-berlin.de/" "Mozilla/5.0 (Windows NT 5.1) AppleWebKit/537.1 (KHTML, like Gecko) Chrome/21.0.1180.89 Safari/537.1"
58.213.23.228 - - [03/Mar/2014:05:43:55 +0100] "GET /images/layout/bg-sidebox-plain1.jpg HTTP/1.1" 200 10064 "http://www.modeinstitut-berlin.de/" "Mozilla/5.0 (Windows NT 5.1) AppleWebKit/537.1 (KHTML, like Gecko) Chrome/21.0.1180.89 Safari/537.1"
58.213.23.228 - - [03/Mar/2014:05:43:57 +0100] "GET /images/layout/link.gif HTTP/1.1" 200 52 "http://www.modeinstitut-berlin.de/" "Mozilla/5.0 (Windows NT 5.1) AppleWebKit/537.1 (KHTML, like Gecko) Chrome/21.0.1180.89 Safari/537.1"
58.213.23.228 - - [03/Mar/2014:05:43:57 +0100] "GET /images/layout/nav-hover-all.jpg HTTP/1.1" 200 332 "http://www.modeinstitut-berlin.de/" "Mozilla/5.0 (Windows NT 5.1) AppleWebKit/537.1 (KHTML, like Gecko) Chrome/21.0.1180.89 Safari/537.1"
58.213.23.228 - - [03/Mar/2014:05:43:58 +0100] "GET /images/layout/nav-drop-foot.png HTTP/1.1" 200 42670 "http://www.modeinstitut-berlin.de/" "Mozilla/5.0 (Windows NT 5.1) AppleWebKit/537.1 (KHTML, like Gecko) Chrome/21.0.1180.89 Safari/537.1"
58.213.23.228 - - [03/Mar/2014:05:43:55 +0100] "GET /images/layout/bg-content-big-1.jpg HTTP/1.1" 200 46493 "http://www.modeinstitut-berlin.de/" "Mozilla/5.0 (Windows NT 5.1) AppleWebKit/537.1 (KHTML, like Gecko) Chrome/21.0.1180.89 Safari/537.1"
58.213.23.228 - - [03/Mar/2014:05:43:55 +0100] "GET /images/layout/wrapper-bg.jpg HTTP/1.1" 200 126878 "http://www.modeinstitut-berlin.de/" "Mozilla/5.0 (Windows NT 5.1) AppleWebKit/537.1 (KHTML, like Gecko) Chrome/21.0.1180.89 Safari/537.1"
58.213.23.228 - - [03/Mar/2014:05:44:12 +0100] "GET /favicon.ico HTTP/1.1" 404 1256 "-" "Mozilla/5.0 (Windows NT 5.1) AppleWebKit/537.1 (KHTML, like Gecko) Chrome/21.0.1180.89 Safari/537.1"
58.213.23.228 - - [03/Mar/2014:05:43:56 +0100] "GET /video/video.swf HTTP/1.1" 200 3107187 "http://www.modeinstitut-berlin.de/" "Mozilla/5.0 (Windows NT 5.1) AppleWebKit/537.1 (KHTML, like Gecko) Chrome/21.0.1180.89 Safari/537.1"
58.213.23.228 - - [03/Mar/2014:05:46:36 +0100] "GET /images/layout/nav-hover-1.jpg HTTP/1.1" 200 746 "http://www.modeinstitut-berlin.de/" "Mozilla/5.0 (Windows NT 5.1) AppleWebKit/537.1 (KHTML, like Gecko) Chrome/21.0.1180.89 Safari/537.1"
137.110.244.134 - - [03/Mar/2014:05:47:56 +0100] "GET /impressum/googleanalytics.php HTTP/1.1" 200 5867 "-" "www.integromedb.org/Crawler"
58.213.23.228 - - [03/Mar/2014:05:52:27 +0100] "GET /images/layout/nav-hover-end.jpg HTTP/1.1" 200 780 "http://www.modeinstitut-berlin.de/" "Mozilla/5.0 (Windows NT 5.1) AppleWebKit/537.1 (KHTML, like Gecko) Chrome/21.0.1180.89 Safari/537.1"
58.213.23.228 - - [03/Mar/2014:05:54:04 +0100] "GET / HTTP/1.1" 200 2050 "http://www.modeinstitut-berlin.de/" "Mozilla/5.0 (Windows NT 5.1) AppleWebKit/537.1 (KHTML, like Gecko) Chrome/21.0.1180.89 Safari/537.1"
58.213.23.228 - - [03/Mar/2014:05:55:40 +0100] "GET /corporate-fashion/ HTTP/1.1" 200 10715 "http://www.modeinstitut-berlin.de/" "Mozilla/5.0 (Windows NT 5.1) AppleWebKit/537.1 (KHTML, like Gecko) Chrome/21.0.1180.89 Safari/537.1"
58.213.23.228 - - [03/Mar/2014:05:55:40 +0100] "GET /js/dw_scroll_c.js HTTP/1.1" 200 36858 "http://www.modeinstitut-berlin.de/corporate-fashion/" "Mozilla/5.0 (Windows NT 5.1) AppleWebKit/537.1 (KHTML, like Gecko) Chrome/21.0.1180.89 Safari/537.1"
58.213.23.228 - - [03/Mar/2014:05:55:44 +0100] "GET /css/scroll_v.css HTTP/1.1" 200 1437 "http://www.modeinstitut-berlin.de/corporate-fashion/" "Mozilla/5.0 (Windows NT 5.1) AppleWebKit/537.1 (KHTML, like Gecko) Chrome/21.0.1180.89 Safari/537.1"
58.213.23.228 - - [03/Mar/2014:05:55:44 +0100] "GET /favicon.ico HTTP/1.1" 404 1256 "-" "Mozilla/5.0 (Windows NT 5.1) AppleWebKit/537.1 (KHTML, like Gecko) Chrome/21.0.1180.89 Safari/537.1"
58.213.23.228 - - [03/Mar/2014:05:55:45 +0100] "GET /images/tri-up.gif HTTP/1.1" 200 62 "http://www.modeinstitut-berlin.de/corporate-fashion/" "Mozilla/5.0 (Windows NT 5.1) AppleWebKit/537.1 (KHTML, like Gecko) Chrome/21.0.1180.89 Safari/537.1"
58.213.23.228 - - [03/Mar/2014:05:55:45 +0100] "GET /images/tri-dn.gif HTTP/1.1" 200 63 "http://www.modeinstitut-berlin.de/corporate-fashion/" "Mozilla/5.0 (Windows NT 5.1) AppleWebKit/537.1 (KHTML, like Gecko) Chrome/21.0.1180.89 Safari/537.1"
58.213.23.228 - - [03/Mar/2014:05:55:44 +0100] "GET /images/flash/logistik.swf HTTP/1.1" 200 419069 "http://www.modeinstitut-berlin.de/corporate-fashion/" "Mozilla/5.0 (Windows NT 5.1) AppleWebKit/537.1 (KHTML, like Gecko) Chrome/21.0.1180.89 Safari/537.1"
205.237.88.156 - - [03/Mar/2014:05:57:01 +0100] "GET / HTTP/1.0" 301 358 "-" "=Mozilla/5.0 (Windows; U; Windows NT 6.1; en-US) AppleWebKit/534.16 (KHTML, like Gecko) Chrome/10.0.648.204 Safari/534.16"
205.237.88.156 - - [03/Mar/2014:05:57:02 +0100] "GET / HTTP/1.0" 200 6854 "-" "=Mozilla/5.0 (Windows; U; Windows NT 6.1; en-US) AppleWebKit/534.16 (KHTML, like Gecko) Chrome/10.0.648.204 Safari/534.16"
58.213.23.228 - - [03/Mar/2014:05:58:39 +0100] "GET /unternehmen/firmenprofil/ HTTP/1.1" 200 1948 "http://www.modeinstitut-berlin.de/corporate-fashion/" "Mozilla/5.0 (Windows NT 5.1) AppleWebKit/537.1 (KHTML, like Gecko) Chrome/21.0.1180.89 Safari/537.1"
58.213.23.228 - - [03/Mar/2014:05:58:40 +0100] "GET /images/layout/spc.gif HTTP/1.1" 200 43 "http://www.modeinstitut-berlin.de/unternehmen/firmenprofil/" "Mozilla/5.0 (Windows NT 5.1) AppleWebKit/537.1 (KHTML, like Gecko) Chrome/21.0.1180.89 Safari/537.1"
58.213.23.228 - - [03/Mar/2014:05:58:40 +0100] "GET /images/motive/image-sidebox_gsg.jpg HTTP/1.1" 200 165404 "http://www.modeinstitut-berlin.de/unternehmen/firmenprofil/" "Mozilla/5.0 (Windows NT 5.1) AppleWebKit/537.1 (KHTML, like Gecko) Chrome/21.0.1180.89 Safari/537.1"
58.213.23.228 - - [03/Mar/2014:05:58:46 +0100] "GET /favicon.ico HTTP/1.1" 404 1256 "-" "Mozilla/5.0 (Windows NT 5.1) AppleWebKit/537.1 (KHTML, like Gecko) Chrome/21.0.1180.89 Safari/537.1"
220.181.127.124 - - [03/Mar/2014:06:02:06 +0100] "GET / HTTP/1.1" 200 6854 "http://www.modeinstitut-berlin.de/" "Mozilla/4.0 (compatible; MSIE 8.0; Windows NT 6.1; Trident/4.0; SLCC2; .NET CLR 2.0.50727; .NET CLR 3.5.30729; .NET CLR 3.0.30729; Media Center PC 6.0; Tablet PC 2.0)"
220.181.132.219 - - [03/Mar/2014:06:02:48 +0100] "GET /Scripts/AC_RunActiveContent.js HTTP/1.1" 200 8029 "-" "Mozilla/4.0 (compatible; MSIE 8.0; Windows NT 6.1; Trident/4.0; SLCC2; .NET CLR 2.0.50727; .NET CLR 3.5.30729; .NET CLR 3.0.30729; Media Center PC 6.0; Tablet PC 2.0)"
106.120.160.109 - - [03/Mar/2014:06:02:49 +0100] "GET /includes/hover.js HTTP/1.1" 200 411 "-" "Mozilla/4.0 (compatible; MSIE 8.0; Windows NT 6.1; Trident/4.0; SLCC2; .NET CLR 2.0.50727; .NET CLR 3.5.30729; .NET CLR 3.0.30729; Media Center PC 6.0; Tablet PC 2.0)"
220.181.132.19 - - [03/Mar/2014:06:03:18 +0100] "GET / HTTP/1.1" 200 2050 "-" "Mozilla/5.0 (X11; Windows x86_64) AppleWebKit/536.11 (KHTML, like Gecko) chrome/22.0.1190.0 Safari/536.11"
220.181.132.19 - - [03/Mar/2014:06:03:19 +0100] "GET /css/newstyles.css HTTP/1.1" 200 9734 "http://www.modeinstitut-berlin.de/" "Mozilla/5.0 (X11; Windows x86_64) AppleWebKit/536.11 (KHTML, like Gecko) chrome/22.0.1190.0 Safari/536.11"
220.181.132.19 - - [03/Mar/2014:06:03:19 +0100] "GET /Scripts/AC_RunActiveContent.js HTTP/1.1" 200 8029 "http://www.modeinstitut-berlin.de/" "Mozilla/5.0 (X11; Windows x86_64) AppleWebKit/536.11 (KHTML, like Gecko) chrome/22.0.1190.0 Safari/536.11"
220.181.132.19 - - [03/Mar/2014:06:03:19 +0100] "GET /includes/hover.js HTTP/1.1" 200 411 "http://www.modeinstitut-berlin.de/" "Mozilla/5.0 (X11; Windows x86_64) AppleWebKit/536.11 (KHTML, like Gecko) chrome/22.0.1190.0 Safari/536.11"
193.193.172.200 - - [03/Mar/2014:06:04:35 +0100] "GET /includes/hover.js HTTP/1.0" 304 - "-" "Mozilla/4.0 (compatible;)"
58.213.23.228 - - [03/Mar/2014:06:18:43 +0100] "GET /unternehmen/servicecenter/ HTTP/1.1" 200 5785 "http://www.modeinstitut-berlin.de/unternehmen/firmenprofil/" "Mozilla/5.0 (Windows NT 5.1) AppleWebKit/537.1 (KHTML, like Gecko) Chrome/21.0.1180.89 Safari/537.1"
58.213.23.228 - - [03/Mar/2014:06:19:30 +0100] "GET /images/motive/image-sidebox_deutschland.jpg HTTP/1.1" 200 30846 "http://www.modeinstitut-berlin.de/unternehmen/servicecenter/" "Mozilla/5.0 (Windows NT 5.1) AppleWebKit/537.1 (KHTML, like Gecko) Chrome/21.0.1180.89 Safari/537.1"
58.213.23.228 - - [03/Mar/2014:06:19:31 +0100] "GET /unternehmen/servicecenter/ HTTP/1.1" 200 5785 "http://www.modeinstitut-berlin.de/unternehmen/servicecenter/" "Mozilla/5.0 (Windows NT 5.1) AppleWebKit/537.1 (KHTML, like Gecko) Chrome/21.0.1180.89 Safari/537.1"
58.213.23.228 - - [03/Mar/2014:06:19:31 +0100] "GET /favicon.ico HTTP/1.1" 404 1256 "-" "Mozilla/5.0 (Windows NT 5.1) AppleWebKit/537.1 (KHTML, like Gecko) Chrome/21.0.1180.89 Safari/537.1"
58.213.23.228 - - [03/Mar/2014:06:19:32 +0100] "GET /images/motive/image-sidebox_deutschland.jpg HTTP/1.1" 206 1 "http://www.modeinstitut-berlin.de/unternehmen/servicecenter/" "Mozilla/5.0 (Windows NT 5.1) AppleWebKit/537.1 (KHTML, like Gecko) Chrome/21.0.1180.89 Safari/537.1"
58.213.23.228 - - [03/Mar/2014:06:19:32 +0100] "GET /images/motive/image-sidebox_deutschland.jpg HTTP/1.1" 206 25325 "http://www.modeinstitut-berlin.de/unternehmen/servicecenter/" "Mozilla/5.0 (Windows NT 5.1) AppleWebKit/537.1 (KHTML, like Gecko) Chrome/21.0.1180.89 Safari/537.1"
58.213.23.228 - - [03/Mar/2014:06:19:35 +0100] "GET /favicon.ico HTTP/1.1" 404 1256 "-" "Mozilla/5.0 (Windows NT 5.1) AppleWebKit/537.1 (KHTML, like Gecko) Chrome/21.0.1180.89 Safari/537.1"
58.213.23.228 - - [03/Mar/2014:06:28:01 +0100] "GET /unternehmen/servicecenter/Service-Center-Berlin-Pankow/ HTTP/1.1" 200 7904 "http://www.modeinstitut-berlin.de/unternehmen/servicecenter/" "Mozilla/5.0 (Windows NT 5.1) AppleWebKit/537.1 (KHTML, like Gecko) Chrome/21.0.1180.89 Safari/537.1"
58.213.23.228 - - [03/Mar/2014:06:28:47 +0100] "GET /favicon.ico HTTP/1.1" 404 1256 "-" "Mozilla/5.0 (Windows NT 5.1) AppleWebKit/537.1 (KHTML, like Gecko) Chrome/21.0.1180.89 Safari/537.1"
58.213.23.228 - - [03/Mar/2014:06:28:53 +0100] "GET /unternehmen/zertifizierung/ HTTP/1.1" 200 5619 "http://www.modeinstitut-berlin.de/unternehmen/servicecenter/" "Mozilla/5.0 (Windows NT 5.1) AppleWebKit/537.1 (KHTML, like Gecko) Chrome/21.0.1180.89 Safari/537.1"
58.213.23.228 - - [03/Mar/2014:06:29:03 +0100] "GET /unternehmen/zertifizierung/ HTTP/1.1" 200 5619 "http://www.modeinstitut-berlin.de/unternehmen/servicecenter/" "Mozilla/5.0 (Windows NT 5.1) AppleWebKit/537.1 (KHTML, like Gecko) Chrome/21.0.1180.89 Safari/537.1"
66.249.65.72 - - [03/Mar/2014:06:29:22 +0100] "GET /images/motive/wowereit/wowereit_8.jpg HTTP/1.1" 304 - "-" "Googlebot-Image/1.0"
66.249.65.72 - - [03/Mar/2014:06:29:53 +0100] "GET /images/motive/wowereit/wowereit_9.jpg HTTP/1.1" 304 - "-" "Googlebot-Image/1.0"
58.213.23.228 - - [03/Mar/2014:06:30:26 +0100] "GET / HTTP/1.1" 200 2050 "https://www.google.com.hk/" "Mozilla/5.0 (Windows NT 5.1) AppleWebKit/537.1 (KHTML, like Gecko) Chrome/21.0.1180.89 Safari/537.1"
58.213.23.228 - - [03/Mar/2014:06:30:33 +0100] "GET /favicon.ico HTTP/1.1" 404 1256 "-" "Mozilla/5.0 (Windows NT 5.1) AppleWebKit/537.1 (KHTML, like Gecko) Chrome/21.0.1180.89 Safari/537.1"
58.213.23.228 - - [03/Mar/2014:06:30:35 +0100] "GET /unternehmen/zertifizierung/ HTTP/1.1" 200 5619 "http://www.modeinstitut-berlin.de/" "Mozilla/5.0 (Windows NT 5.1) AppleWebKit/537.1 (KHTML, like Gecko) Chrome/21.0.1180.89 Safari/537.1"
58.213.23.228 - - [03/Mar/2014:06:30:36 +0100] "GET /images/motive/iso-9001.jpg HTTP/1.1" 200 23239 "http://www.modeinstitut-berlin.de/unternehmen/zertifizierung/" "Mozilla/5.0 (Windows NT 5.1) AppleWebKit/537.1 (KHTML, like Gecko) Chrome/21.0.1180.89 Safari/537.1"
58.213.23.228 - - [03/Mar/2014:06:30:46 +0100] "GET /images/motive/iso-40001.jpg HTTP/1.1" 200 23088 "http://www.modeinstitut-berlin.de/unternehmen/zertifizierung/" "Mozilla/5.0 (Windows NT 5.1) AppleWebKit/537.1 (KHTML, like Gecko) Chrome/21.0.1180.89 Safari/537.1"
58.213.23.228 - - [03/Mar/2014:06:30:46 +0100] "GET /images/motive/nachhaltigkeit.jpg HTTP/1.1" 200 23775 "http://www.modeinstitut-berlin.de/unternehmen/zertifizierung/" "Mozilla/5.0 (Windows NT 5.1) AppleWebKit/537.1 (KHTML, like Gecko) Chrome/21.0.1180.89 Safari/537.1"
58.213.23.228 - - [03/Mar/2014:06:32:26 +0100] "GET /unternehmen/aktuelles/ HTTP/1.1" 200 5767 "http://www.modeinstitut-berlin.de/unternehmen/zertifizierung/" "Mozilla/5.0 (Windows NT 5.1) AppleWebKit/537.1 (KHTML, like Gecko) Chrome/21.0.1180.89 Safari/537.1"
58.213.23.228 - - [03/Mar/2014:06:32:27 +0100] "GET /favicon.ico HTTP/1.1" 404 1256 "-" "Mozilla/5.0 (Windows NT 5.1) AppleWebKit/537.1 (KHTML, like Gecko) Chrome/21.0.1180.89 Safari/537.1"
58.213.23.228 - - [03/Mar/2014:06:32:59 +0100] "GET /unternehmen/aktuelles/ HTTP/1.1" 200 5767 "http://www.modeinstitut-berlin.de/unternehmen/zertifizierung/" "Mozilla/5.0 (Windows NT 5.1) AppleWebKit/537.1 (KHTML, like Gecko) Chrome/21.0.1180.89 Safari/537.1"
58.213.23.228 - - [03/Mar/2014:06:32:59 +0100] "GET /unternehmen/aktuelles/ HTTP/1.1" 200 5767 "http://www.modeinstitut-berlin.de/unternehmen/zertifizierung/" "Mozilla/5.0 (Windows NT 5.1) AppleWebKit/537.1 (KHTML, like Gecko) Chrome/21.0.1180.89 Safari/537.1"
58.213.23.228 - - [03/Mar/2014:06:33:00 +0100] "GET /unternehmen/aktuelles/ HTTP/1.1" 200 5767 "http://www.modeinstitut-berlin.de/unternehmen/zertifizierung/" "Mozilla/5.0 (Windows NT 5.1) AppleWebKit/537.1 (KHTML, like Gecko) Chrome/21.0.1180.89 Safari/537.1"
58.213.23.228 - - [03/Mar/2014:06:33:00 +0100] "GET /unternehmen/aktuelles/ HTTP/1.1" 200 5767 "http://www.modeinstitut-berlin.de/unternehmen/zertifizierung/" "Mozilla/5.0 (Windows NT 5.1) AppleWebKit/537.1 (KHTML, like Gecko) Chrome/21.0.1180.89 Safari/537.1"
58.213.23.228 - - [03/Mar/2014:06:33:01 +0100] "GET /unternehmen/aktuelles/ HTTP/1.1" 200 5767 "http://www.modeinstitut-berlin.de/unternehmen/zertifizierung/" "Mozilla/5.0 (Windows NT 5.1) AppleWebKit/537.1 (KHTML, like Gecko) Chrome/21.0.1180.89 Safari/537.1"
58.213.23.228 - - [03/Mar/2014:06:33:02 +0100] "GET /favicon.ico HTTP/1.1" 404 1256 "-" "Mozilla/5.0 (Windows NT 5.1) AppleWebKit/537.1 (KHTML, like Gecko) Chrome/21.0.1180.89 Safari/537.1"
58.213.23.228 - - [03/Mar/2014:06:33:57 +0100] "GET /unternehmen/aktuelles/Pressetermin-BVG/ HTTP/1.1" 200 5774 "http://www.modeinstitut-berlin.de/unternehmen/aktuelles/" "Mozilla/5.0 (Windows NT 5.1) AppleWebKit/537.1 (KHTML, like Gecko) Chrome/21.0.1180.89 Safari/537.1"
58.213.23.228 - - [03/Mar/2014:06:33:58 +0100] "GET /images/motive/image-sidebox_BVG-Dienstkleidung.jpg HTTP/1.1" 200 94229 "http://www.modeinstitut-berlin.de/unternehmen/aktuelles/Pressetermin-BVG/" "Mozilla/5.0 (Windows NT 5.1) AppleWebKit/537.1 (KHTML, like Gecko) Chrome/21.0.1180.89 Safari/537.1"
58.213.23.228 - - [03/Mar/2014:06:34:00 +0100] "GET /favicon.ico HTTP/1.1" 404 1256 "-" "Mozilla/5.0 (Windows NT 5.1) AppleWebKit/537.1 (KHTML, like Gecko) Chrome/21.0.1180.89 Safari/537.1"
58.213.23.228 - - [03/Mar/2014:06:35:28 +0100] "GET /favicon.ico HTTP/1.1" 404 1256 "-" "Mozilla/5.0 (Windows NT 5.1) AppleWebKit/537.1 (KHTML, like Gecko) Chrome/21.0.1180.89 Safari/537.1"
58.213.23.228 - - [03/Mar/2014:06:35:30 +0100] "GET /unternehmen/aktuelles/Dienstkleidung-BVG/ HTTP/1.1" 200 5292 "http://www.modeinstitut-berlin.de/unternehmen/aktuelles/" "Mozilla/5.0 (Windows NT 5.1) AppleWebKit/537.1 (KHTML, like Gecko) Chrome/21.0.1180.89 Safari/537.1"
58.213.23.228 - - [03/Mar/2014:06:35:31 +0100] "GET /favicon.ico HTTP/1.1" 404 1256 "-" "Mozilla/5.0 (Windows NT 5.1) AppleWebKit/537.1 (KHTML, like Gecko) Chrome/21.0.1180.89 Safari/537.1"
58.213.23.228 - - [03/Mar/2014:06:36:47 +0100] "GET /favicon.ico HTTP/1.1" 404 1256 "-" "Mozilla/5.0 (Windows NT 5.1) AppleWebKit/537.1 (KHTML, like Gecko) Chrome/21.0.1180.89 Safari/537.1"
58.213.23.228 - - [03/Mar/2014:06:37:01 +0100] "GET /unternehmen/stellenangebote/ HTTP/1.1" 200 5152 "http://www.modeinstitut-berlin.de/unternehmen/aktuelles/" "Mozilla/5.0 (Windows NT 5.1) AppleWebKit/537.1 (KHTML, like Gecko) Chrome/21.0.1180.89 Safari/537.1"
58.213.23.228 - - [03/Mar/2014:06:37:03 +0100] "GET /favicon.ico HTTP/1.1" 404 1256 "-" "Mozilla/5.0 (Windows NT 5.1) AppleWebKit/537.1 (KHTML, like Gecko) Chrome/21.0.1180.89 Safari/537.1"
88.150.199.89 - - [03/Mar/2014:06:37:36 +0100] "HEAD / HTTP/1.1" 200 - "-" "-"
88.150.199.89 - - [03/Mar/2014:06:37:36 +0100] "GET / HTTP/1.1" 200 2050 "-" "Mozilla/4.0 (compatible; MSIE 7.0; Windows NT 6.1; Win64; x64; Trident/6.0; .NET CLR 2.0.50727; SLCC2; .NET CLR 3.5.30729; .NET CLR 3.0.30729; .NET4.0C; .NET4.0E)"
88.150.199.89 - - [03/Mar/2014:06:37:36 +0100] "GET /css/newstyles.css HTTP/1.1" 200 9734 "http://www.modeinstitut-berlin.de/" "Mozilla/4.0 (compatible; MSIE 7.0; Windows NT 6.1; Win64; x64; Trident/6.0; .NET CLR 2.0.50727; SLCC2; .NET CLR 3.5.30729; .NET CLR 3.0.30729; .NET4.0C; .NET4.0E)"
88.150.199.89 - - [03/Mar/2014:06:37:36 +0100] "GET /images/layout/global-bg.jpg HTTP/1.1" 200 917 "http://www.modeinstitut-berlin.de/" "Mozilla/4.0 (compatible; MSIE 7.0; Windows NT 6.1; Win64; x64; Trident/6.0; .NET CLR 2.0.50727; SLCC2; .NET CLR 3.5.30729; .NET CLR 3.0.30729; .NET4.0C; .NET4.0E)"
88.150.199.89 - - [03/Mar/2014:06:37:36 +0100] "GET /Scripts/AC_RunActiveContent.js HTTP/1.1" 200 8029 "http://www.modeinstitut-berlin.de/" "Mozilla/4.0 (compatible; MSIE 7.0; Windows NT 6.1; Win64; x64; Trident/6.0; .NET CLR 2.0.50727; SLCC2; .NET CLR 3.5.30729; .NET CLR 3.0.30729; .NET4.0C; .NET4.0E)"
88.150.199.89 - - [03/Mar/2014:06:37:36 +0100] "GET /images/motive/Logo9001_5.png HTTP/1.1" 200 19358 "http://www.modeinstitut-berlin.de/" "Mozilla/4.0 (compatible; MSIE 7.0; Windows NT 6.1; Win64; x64; Trident/6.0; .NET CLR 2.0.50727; SLCC2; .NET CLR 3.5.30729; .NET CLR 3.0.30729; .NET4.0C; .NET4.0E)"
88.150.199.89 - - [03/Mar/2014:06:37:36 +0100] "GET /includes/hover.js HTTP/1.1" 200 411 "http://www.modeinstitut-berlin.de/" "Mozilla/4.0 (compatible; MSIE 7.0; Windows NT 6.1; Win64; x64; Trident/6.0; .NET CLR 2.0.50727; SLCC2; .NET CLR 3.5.30729; .NET CLR 3.0.30729; .NET4.0C; .NET4.0E)"
88.150.199.89 - - [03/Mar/2014:06:37:36 +0100] "GET /images/layout/bg-navi.jpg HTTP/1.1" 200 3342 "http://www.modeinstitut-berlin.de/" "Mozilla/4.0 (compatible; MSIE 7.0; Windows NT 6.1; Win64; x64; Trident/6.0; .NET CLR 2.0.50727; SLCC2; .NET CLR 3.5.30729; .NET CLR 3.0.30729; .NET4.0C; .NET4.0E)"
88.150.199.89 - - [03/Mar/2014:06:37:36 +0100] "GET /css/iepngfix.htc HTTP/1.1" 200 2995 "-" "Mozilla/4.0 (compatible; MSIE 7.0; Windows NT 6.1; Win64; x64; Trident/6.0; .NET CLR 2.0.50727; SLCC2; .NET CLR 3.5.30729; .NET CLR 3.0.30729; .NET4.0C; .NET4.0E)"
88.150.199.89 - - [03/Mar/2014:06:37:37 +0100] "GET /images/layout/nav-drop-foot.png HTTP/1.1" 200 42670 "http://www.modeinstitut-berlin.de/" "Mozilla/4.0 (compatible; MSIE 7.0; Windows NT 6.1; Win64; x64; Trident/6.0; .NET CLR 2.0.50727; SLCC2; .NET CLR 3.5.30729; .NET CLR 3.0.30729; .NET4.0C; .NET4.0E)"
88.150.199.89 - - [03/Mar/2014:06:37:36 +0100] "GET /images/layout/wrapper-bg.jpg HTTP/1.1" 200 126878 "http://www.modeinstitut-berlin.de/" "Mozilla/4.0 (compatible; MSIE 7.0; Windows NT 6.1; Win64; x64; Trident/6.0; .NET CLR 2.0.50727; SLCC2; .NET CLR 3.5.30729; .NET CLR 3.0.30729; .NET4.0C; .NET4.0E)"
88.150.199.89 - - [03/Mar/2014:06:37:37 +0100] "GET /images/layout/bg-content-big-1.jpg HTTP/1.1" 200 46493 "http://www.modeinstitut-berlin.de/" "Mozilla/4.0 (compatible; MSIE 7.0; Windows NT 6.1; Win64; x64; Trident/6.0; .NET CLR 2.0.50727; SLCC2; .NET CLR 3.5.30729; .NET CLR 3.0.30729; .NET4.0C; .NET4.0E)"
88.150.199.89 - - [03/Mar/2014:06:37:37 +0100] "GET /images/layout/bg-sidebox-plain1.jpg HTTP/1.1" 200 10064 "http://www.modeinstitut-berlin.de/" "Mozilla/4.0 (compatible; MSIE 7.0; Windows NT 6.1; Win64; x64; Trident/6.0; .NET CLR 2.0.50727; SLCC2; .NET CLR 3.5.30729; .NET CLR 3.0.30729; .NET4.0C; .NET4.0E)"
88.150.199.89 - - [03/Mar/2014:06:37:37 +0100] "GET /images/layout/link.gif HTTP/1.1" 200 52 "http://www.modeinstitut-berlin.de/" "Mozilla/4.0 (compatible; MSIE 7.0; Windows NT 6.1; Win64; x64; Trident/6.0; .NET CLR 2.0.50727; SLCC2; .NET CLR 3.5.30729; .NET CLR 3.0.30729; .NET4.0C; .NET4.0E)"
58.213.23.228 - - [03/Mar/2014:06:38:02 +0100] "GET /favicon.ico HTTP/1.1" 404 1256 "-" "Mozilla/5.0 (Windows NT 5.1) AppleWebKit/537.1 (KHTML, like Gecko) Chrome/21.0.1180.89 Safari/537.1"
58.213.23.228 - - [03/Mar/2014:06:38:03 +0100] "GET /produkt/design/ HTTP/1.1" 200 6495 "http://www.modeinstitut-berlin.de/unternehmen/stellenangebote/" "Mozilla/5.0 (Windows NT 5.1) AppleWebKit/537.1 (KHTML, like Gecko) Chrome/21.0.1180.89 Safari/537.1"
58.213.23.228 - - [03/Mar/2014:06:38:04 +0100] "GET /images/layout/bg-content-big-2.jpg HTTP/1.1" 200 38423 "http://www.modeinstitut-berlin.de/produkt/design/" "Mozilla/5.0 (Windows NT 5.1) AppleWebKit/537.1 (KHTML, like Gecko) Chrome/21.0.1180.89 Safari/537.1"
58.213.23.228 - - [03/Mar/2014:06:38:10 +0100] "GET /favicon.ico HTTP/1.1" 404 1256 "-" "Mozilla/5.0 (Windows NT 5.1) AppleWebKit/537.1 (KHTML, like Gecko) Chrome/21.0.1180.89 Safari/537.1"
58.213.23.228 - - [03/Mar/2014:06:38:05 +0100] "GET /images/flash/design.swf HTTP/1.1" 200 210329 "http://www.modeinstitut-berlin.de/produkt/design/" "Mozilla/5.0 (Windows NT 5.1) AppleWebKit/537.1 (KHTML, like Gecko) Chrome/21.0.1180.89 Safari/537.1"
157.55.36.36 - - [03/Mar/2014:06:40:45 +0100] "GET /robots.txt HTTP/1.1" 200 317 "-" "Mozilla/5.0 (compatible; bingbot/2.0; +http://www.bing.com/bingbot.htm)"
58.213.23.228 - - [03/Mar/2014:06:40:50 +0100] "GET /produkt/design/verkehrsunternehmen/ HTTP/1.1" 200 6651 "http://www.modeinstitut-berlin.de/produkt/design/" "Mozilla/5.0 (Windows NT 5.1) AppleWebKit/537.1 (KHTML, like Gecko) Chrome/21.0.1180.89 Safari/537.1"
58.213.23.228 - - [03/Mar/2014:06:40:52 +0100] "GET /favicon.ico HTTP/1.1" 404 1256 "-" "Mozilla/5.0 (Windows NT 5.1) AppleWebKit/537.1 (KHTML, like Gecko) Chrome/21.0.1180.89 Safari/537.1"
58.213.23.228 - - [03/Mar/2014:06:40:52 +0100] "GET /images/flash/verkehrsunternehmen.swf HTTP/1.1" 200 297886 "http://www.modeinstitut-berlin.de/produkt/design/verkehrsunternehmen/" "Mozilla/5.0 (Windows NT 5.1) AppleWebKit/537.1 (KHTML, like Gecko) Chrome/21.0.1180.89 Safari/537.1"
58.213.23.228 - - [03/Mar/2014:06:40:56 +0100] "GET /produkt/design/verkehrsunternehmen/ HTTP/1.1" 200 6651 "http://www.modeinstitut-berlin.de/produkt/design/" "Mozilla/5.0 (Windows NT 5.1) AppleWebKit/537.1 (KHTML, like Gecko) Chrome/21.0.1180.89 Safari/537.1"
58.213.23.228 - - [03/Mar/2014:06:40:57 +0100] "GET /images/flash/verkehrsunternehmen.swf HTTP/1.1" 206 1 "http://www.modeinstitut-berlin.de/produkt/design/verkehrsunternehmen/" "Mozilla/5.0 (Windows NT 5.1) AppleWebKit/537.1 (KHTML, like Gecko) Chrome/21.0.1180.89 Safari/537.1"
58.213.23.228 - - [03/Mar/2014:06:40:57 +0100] "GET /favicon.ico HTTP/1.1" 404 1256 "-" "Mozilla/5.0 (Windows NT 5.1) AppleWebKit/537.1 (KHTML, like Gecko) Chrome/21.0.1180.89 Safari/537.1"
85.178.155.15 - - [03/Mar/2014:06:41:02 +0100] "GET /unternehmen/servicecenter/Service-Center-Berlin-Pankow/ HTTP/1.1" 200 7904 "http://www.google.de/url?sa=t&rct=j&q=&esrc=s&source=web&cd=3&ved=0CEAQjBAwAg&url=http%3A%2F%2Fwww.modeinstitut-berlin.de%2Funternehmen%2Fservicecenter%2FService-Center-Berlin-Pankow%2F&ei=hhUUU5_1MoOHtQa7joGIAw&usg=AFQjCNEz-5Ue7IVp_y5dX9UZlgTgNDL4BQ" "Mozilla/5.0 (Windows NT 6.1; rv:27.0) Gecko/20100101 Firefox/27.0"
85.178.155.15 - - [03/Mar/2014:06:41:03 +0100] "GET /css/newstyles.css HTTP/1.1" 200 9734 "http://www.modeinstitut-berlin.de/unternehmen/servicecenter/Service-Center-Berlin-Pankow/" "Mozilla/5.0 (Windows NT 6.1; rv:27.0) Gecko/20100101 Firefox/27.0"
85.178.155.15 - - [03/Mar/2014:06:41:03 +0100] "GET /Scripts/AC_RunActiveContent.js HTTP/1.1" 200 8029 "http://www.modeinstitut-berlin.de/unternehmen/servicecenter/Service-Center-Berlin-Pankow/" "Mozilla/5.0 (Windows NT 6.1; rv:27.0) Gecko/20100101 Firefox/27.0"
85.178.155.15 - - [03/Mar/2014:06:41:03 +0100] "GET /includes/hover.js HTTP/1.1" 200 411 "http://www.modeinstitut-berlin.de/unternehmen/servicecenter/Service-Center-Berlin-Pankow/" "Mozilla/5.0 (Windows NT 6.1; rv:27.0) Gecko/20100101 Firefox/27.0"
85.178.155.15 - - [03/Mar/2014:06:41:03 +0100] "GET /images/motive/logos/BT-klein.jpg HTTP/1.1" 200 20652 "http://www.modeinstitut-berlin.de/unternehmen/servicecenter/Service-Center-Berlin-Pankow/" "Mozilla/5.0 (Windows NT 6.1; rv:27.0) Gecko/20100101 Firefox/27.0"
85.178.155.15 - - [03/Mar/2014:06:41:03 +0100] "GET /images/motive/logos/BVG-klein.jpg HTTP/1.1" 200 20899 "http://www.modeinstitut-berlin.de/unternehmen/servicecenter/Service-Center-Berlin-Pankow/" "Mozilla/5.0 (Windows NT 6.1; rv:27.0) Gecko/20100101 Firefox/27.0"
85.178.155.15 - - [03/Mar/2014:06:41:03 +0100] "GET /images/layout/spc.gif HTTP/1.1" 200 43 "http://www.modeinstitut-berlin.de/unternehmen/servicecenter/Service-Center-Berlin-Pankow/" "Mozilla/5.0 (Windows NT 6.1; rv:27.0) Gecko/20100101 Firefox/27.0"
85.178.155.15 - - [03/Mar/2014:06:41:03 +0100] "GET /images/motive/logos/globeground-klein.jpg HTTP/1.1" 200 17185 "http://www.modeinstitut-berlin.de/unternehmen/servicecenter/Service-Center-Berlin-Pankow/" "Mozilla/5.0 (Windows NT 6.1; rv:27.0) Gecko/20100101 Firefox/27.0"
85.178.155.15 - - [03/Mar/2014:06:41:03 +0100] "GET /images/motive/logos/SIBA-klein.jpg HTTP/1.1" 200 24854 "http://www.modeinstitut-berlin.de/unternehmen/servicecenter/Service-Center-Berlin-Pankow/" "Mozilla/5.0 (Windows NT 6.1; rv:27.0) Gecko/20100101 Firefox/27.0"
58.213.23.228 - - [03/Mar/2014:06:40:58 +0100] "GET /images/flash/verkehrsunternehmen.swf HTTP/1.1" 206 293845 "http://www.modeinstitut-berlin.de/produkt/design/verkehrsunternehmen/" "Mozilla/5.0 (Windows NT 5.1) AppleWebKit/537.1 (KHTML, like Gecko) Chrome/21.0.1180.89 Safari/537.1"
85.178.155.15 - - [03/Mar/2014:06:41:03 +0100] "GET /images/layout/global-bg.jpg HTTP/1.1" 200 917 "http://www.modeinstitut-berlin.de/css/newstyles.css" "Mozilla/5.0 (Windows NT 6.1; rv:27.0) Gecko/20100101 Firefox/27.0"
85.178.155.15 - - [03/Mar/2014:06:41:03 +0100] "GET /images/layout/bg-navi.jpg HTTP/1.1" 200 3342 "http://www.modeinstitut-berlin.de/css/newstyles.css" "Mozilla/5.0 (Windows NT 6.1; rv:27.0) Gecko/20100101 Firefox/27.0"
85.178.155.15 - - [03/Mar/2014:06:41:03 +0100] "GET /images/layout/link.gif HTTP/1.1" 200 52 "http://www.modeinstitut-berlin.de/css/newstyles.css" "Mozilla/5.0 (Windows NT 6.1; rv:27.0) Gecko/20100101 Firefox/27.0"
85.178.155.15 - - [03/Mar/2014:06:41:03 +0100] "GET /images/layout/bg-content-big-1.jpg HTTP/1.1" 200 46493 "http://www.modeinstitut-berlin.de/css/newstyles.css" "Mozilla/5.0 (Windows NT 6.1; rv:27.0) Gecko/20100101 Firefox/27.0"
85.178.155.15 - - [03/Mar/2014:06:41:03 +0100] "GET /images/layout/wrapper-bg.jpg HTTP/1.1" 200 126878 "http://www.modeinstitut-berlin.de/css/newstyles.css" "Mozilla/5.0 (Windows NT 6.1; rv:27.0) Gecko/20100101 Firefox/27.0"
85.178.155.15 - - [03/Mar/2014:06:41:04 +0100] "GET /favicon.ico HTTP/1.1" 404 1256 "-" "Mozilla/5.0 (Windows NT 6.1; rv:27.0) Gecko/20100101 Firefox/27.0"
85.178.155.15 - - [03/Mar/2014:06:41:04 +0100] "GET /favicon.ico HTTP/1.1" 404 1256 "-" "Mozilla/5.0 (Windows NT 6.1; rv:27.0) Gecko/20100101 Firefox/27.0"
58.213.23.228 - - [03/Mar/2014:06:41:26 +0100] "GET /produkt/design/verkehrsunternehmen/ HTTP/1.1" 200 6651 "http://www.modeinstitut-berlin.de/produkt/design/" "Mozilla/5.0 (Windows NT 5.1) AppleWebKit/537.1 (KHTML, like Gecko) Chrome/21.0.1180.89 Safari/537.1"
58.213.23.228 - - [03/Mar/2014:06:41:27 +0100] "GET /favicon.ico HTTP/1.1" 404 1256 "-" "Mozilla/5.0 (Windows NT 5.1) AppleWebKit/537.1 (KHTML, like Gecko) Chrome/21.0.1180.89 Safari/537.1"
85.178.155.15 - - [03/Mar/2014:06:41:50 +0100] "GET /images/layout/nav-hover-all.jpg HTTP/1.1" 200 332 "http://www.modeinstitut-berlin.de/css/newstyles.css" "Mozilla/5.0 (Windows NT 6.1; rv:27.0) Gecko/20100101 Firefox/27.0"
85.178.155.15 - - [03/Mar/2014:06:41:50 +0100] "GET /images/layout/nav-drop-foot.png HTTP/1.1" 200 42670 "http://www.modeinstitut-berlin.de/css/newstyles.css" "Mozilla/5.0 (Windows NT 6.1; rv:27.0) Gecko/20100101 Firefox/27.0"
157.55.36.36 - - [03/Mar/2014:06:45:38 +0100] "GET /impressum/haftungsausschluss2.php HTTP/1.1" 200 5598 "-" "Mozilla/5.0 (compatible; bingbot/2.0; +http://www.bing.com/bingbot.htm)"
58.213.23.228 - - [03/Mar/2014:06:46:13 +0100] "GET /produkt/design/hotelbekleidung/ HTTP/1.1" 200 6525 "http://www.modeinstitut-berlin.de/produkt/design/verkehrsunternehmen/" "Mozilla/5.0 (Windows NT 5.1) AppleWebKit/537.1 (KHTML, like Gecko) Chrome/21.0.1180.89 Safari/537.1"
58.213.23.228 - - [03/Mar/2014:06:46:16 +0100] "GET /favicon.ico HTTP/1.1" 404 1256 "-" "Mozilla/5.0 (Windows NT 5.1) AppleWebKit/537.1 (KHTML, like Gecko) Chrome/21.0.1180.89 Safari/537.1"
58.213.23.228 - - [03/Mar/2014:06:46:15 +0100] "GET /images/flash/hotels.swf HTTP/1.1" 200 559251 "http://www.modeinstitut-berlin.de/produkt/design/hotelbekleidung/" "Mozilla/5.0 (Windows NT 5.1) AppleWebKit/537.1 (KHTML, like Gecko) Chrome/21.0.1180.89 Safari/537.1"
58.213.23.228 - - [03/Mar/2014:06:51:40 +0100] "GET /produkt/design/dienstkleidung/ HTTP/1.1" 200 6773 "http://www.modeinstitut-berlin.de/produkt/design/hotelbekleidung/" "Mozilla/5.0 (Windows NT 5.1) AppleWebKit/537.1 (KHTML, like Gecko) Chrome/21.0.1180.89 Safari/537.1"
58.213.23.228 - - [03/Mar/2014:06:51:42 +0100] "GET /favicon.ico HTTP/1.1" 404 1256 "-" "Mozilla/5.0 (Windows NT 5.1) AppleWebKit/537.1 (KHTML, like Gecko) Chrome/21.0.1180.89 Safari/537.1"
58.213.23.228 - - [03/Mar/2014:06:51:41 +0100] "GET /images/flash/dienstkleidung.swf HTTP/1.1" 200 253220 "http://www.modeinstitut-berlin.de/produkt/design/dienstkleidung/" "Mozilla/5.0 (Windows NT 5.1) AppleWebKit/537.1 (KHTML, like Gecko) Chrome/21.0.1180.89 Safari/537.1"
199.30.20.58 - - [03/Mar/2014:06:52:36 +0100] "GET /robots.txt HTTP/1.1" 200 317 "-" "msnbot-media/1.1 (+http://search.msn.com/msnbot.htm)"
199.30.20.58 - - [03/Mar/2014:06:52:36 +0100] "GET /unternehmen/servicecenter/Service-Center-Leipzig/ HTTP/1.1" 200 6937 "-" "msnbot-media/1.1 (+http://search.msn.com/msnbot.htm)"
58.213.23.228 - - [03/Mar/2014:06:54:24 +0100] "GET /produkt/design/behoerden/ HTTP/1.1" 200 6562 "http://www.modeinstitut-berlin.de/produkt/design/dienstkleidung/" "Mozilla/5.0 (Windows NT 5.1) AppleWebKit/537.1 (KHTML, like Gecko) Chrome/21.0.1180.89 Safari/537.1"
58.213.23.228 - - [03/Mar/2014:06:54:25 +0100] "GET /favicon.ico HTTP/1.1" 404 1256 "-" "Mozilla/5.0 (Windows NT 5.1) AppleWebKit/537.1 (KHTML, like Gecko) Chrome/21.0.1180.89 Safari/537.1"
