87.155.81.133 - - [03/Mar/2014:21:54:20 +0100] "GET /images/layout/wrapper-bg.jpg HTTP/1.1" 200 126878 "http://www.modeinstitut-berlin.de/" "Mozilla/5.0 (Windows NT 6.1; Trident/7.0; MAMD; rv:11.0) like Gecko"
87.155.81.133 - - [03/Mar/2014:21:54:22 +0100] "GET /images/layout/nav-hover-all.jpg HTTP/1.1" 200 332 "http://www.modeinstitut-berlin.de/" "Mozilla/5.0 (Windows NT 6.1; Trident/7.0; MAMD; rv:11.0) like Gecko"
87.155.81.133 - - [03/Mar/2014:21:54:22 +0100] "GET /images/layout/nav-drop-foot.png HTTP/1.1" 200 42670 "http://www.modeinstitut-berlin.de/" "Mozilla/5.0 (Windows NT 6.1; Trident/7.0; MAMD; rv:11.0) like Gecko"
87.155.81.133 - - [03/Mar/2014:21:54:20 +0100] "GET /video/video.swf HTTP/1.1" 200 3107187 "http://www.modeinstitut-berlin.de/" "Mozilla/5.0 (Windows NT 6.1; Trident/7.0; MAMD; rv:11.0) like Gecko"
87.155.81.133 - - [03/Mar/2014:21:54:28 +0100] "GET /referenzen/auszug/ HTTP/1.1" 200 6434 "http://www.modeinstitut-berlin.de/" "Mozilla/5.0 (Windows NT 6.1; Trident/7.0; MAMD; rv:11.0) like Gecko"
87.155.81.133 - - [03/Mar/2014:21:54:28 +0100] "GET /images/motive/logos/Pin-Mail.jpg HTTP/1.1" 200 18155 "http://www.modeinstitut-berlin.de/referenzen/auszug/" "Mozilla/5.0 (Windows NT 6.1; Trident/7.0; MAMD; rv:11.0) like Gecko"
87.155.81.133 - - [03/Mar/2014:21:54:28 +0100] "GET /images/motive/logos/bvg.jpg HTTP/1.1" 200 17033 "http://www.modeinstitut-berlin.de/referenzen/auszug/" "Mozilla/5.0 (Windows NT 6.1; Trident/7.0; MAMD; rv:11.0) like Gecko"
87.155.81.133 - - [03/Mar/2014:21:54:28 +0100] "GET /images/motive/logos/bayrischer.jpg HTTP/1.1" 200 15953 "http://www.modeinstitut-berlin.de/referenzen/auszug/" "Mozilla/5.0 (Windows NT 6.1; Trident/7.0; MAMD; rv:11.0) like Gecko"
87.155.81.133 - - [03/Mar/2014:21:54:28 +0100] "GET /images/motive/logos/frasec.jpg HTTP/1.1" 200 19377 "http://www.modeinstitut-berlin.de/referenzen/auszug/" "Mozilla/5.0 (Windows NT 6.1; Trident/7.0; MAMD; rv:11.0) like Gecko"
87.155.81.133 - - [03/Mar/2014:21:54:28 +0100] "GET /images/motive/logos/deutschepost.gif HTTP/1.1" 200 1468 "http://www.modeinstitut-berlin.de/referenzen/auszug/" "Mozilla/5.0 (Windows NT 6.1; Trident/7.0; MAMD; rv:11.0) like Gecko"
87.155.81.133 - - [03/Mar/2014:21:54:28 +0100] "GET /images/layout/bg-content-refs1.jpg HTTP/1.1" 200 39149 "http://www.modeinstitut-berlin.de/referenzen/auszug/" "Mozilla/5.0 (Windows NT 6.1; Trident/7.0; MAMD; rv:11.0) like Gecko"
87.155.81.133 - - [03/Mar/2014:21:54:28 +0100] "GET /images/motive/logos/BT-Logo.png HTTP/1.1" 200 8730 "http://www.modeinstitut-berlin.de/referenzen/auszug/" "Mozilla/5.0 (Windows NT 6.1; Trident/7.0; MAMD; rv:11.0) like Gecko"
87.155.81.133 - - [03/Mar/2014:21:54:28 +0100] "GET /images/motive/logos/mvb.jpg HTTP/1.1" 200 20330 "http://www.modeinstitut-berlin.de/referenzen/auszug/" "Mozilla/5.0 (Windows NT 6.1; Trident/7.0; MAMD; rv:11.0) like Gecko"
87.155.81.133 - - [03/Mar/2014:21:54:28 +0100] "GET /images/motive/logos/mvg.jpg HTTP/1.1" 200 16049 "http://www.modeinstitut-berlin.de/referenzen/auszug/" "Mozilla/5.0 (Windows NT 6.1; Trident/7.0; MAMD; rv:11.0) like Gecko"
87.155.81.133 - - [03/Mar/2014:21:54:28 +0100] "GET /images/motive/logos/Logo-Kameha-Grand-Bonn.jpg HTTP/1.1" 200 17221 "http://www.modeinstitut-berlin.de/referenzen/auszug/" "Mozilla/5.0 (Windows NT 6.1; Trident/7.0; MAMD; rv:11.0) like Gecko"
87.155.81.133 - - [03/Mar/2014:21:54:28 +0100] "GET /images/motive/logos/rnv-logo.jpg HTTP/1.1" 200 13013 "http://www.modeinstitut-berlin.de/referenzen/auszug/" "Mozilla/5.0 (Windows NT 6.1; Trident/7.0; MAMD; rv:11.0) like Gecko"
87.155.81.133 - - [03/Mar/2014:21:54:28 +0100] "GET /images/motive/logos/fis.jpg HTTP/1.1" 200 20913 "http://www.modeinstitut-berlin.de/referenzen/auszug/" "Mozilla/5.0 (Windows NT 6.1; Trident/7.0; MAMD; rv:11.0) like Gecko"
87.155.81.133 - - [03/Mar/2014:21:54:28 +0100] "GET /images/motive/logos/melia2.jpg HTTP/1.1" 200 6337 "http://www.modeinstitut-berlin.de/referenzen/auszug/" "Mozilla/5.0 (Windows NT 6.1; Trident/7.0; MAMD; rv:11.0) like Gecko"
87.155.81.133 - - [03/Mar/2014:21:54:28 +0100] "GET /images/motive/logos/vgf.jpg HTTP/1.1" 200 14122 "http://www.modeinstitut-berlin.de/referenzen/auszug/" "Mozilla/5.0 (Windows NT 6.1; Trident/7.0; MAMD; rv:11.0) like Gecko"
87.155.81.133 - - [03/Mar/2014:21:54:28 +0100] "GET /images/motive/logos/lvb.jpg HTTP/1.1" 200 24555 "http://www.modeinstitut-berlin.de/referenzen/auszug/" "Mozilla/5.0 (Windows NT 6.1; Trident/7.0; MAMD; rv:11.0) like Gecko"
87.155.81.133 - - [03/Mar/2014:21:54:28 +0100] "GET /images/motive/logos/globeground.jpg HTTP/1.1" 200 16348 "http://www.modeinstitut-berlin.de/referenzen/auszug/" "Mozilla/5.0 (Windows NT 6.1; Trident/7.0; MAMD; rv:11.0) like Gecko"
87.155.81.133 - - [03/Mar/2014:21:54:28 +0100] "GET /images/motive/logos/bundestag.jpg HTTP/1.1" 200 18038 "http://www.modeinstitut-berlin.de/referenzen/auszug/" "Mozilla/5.0 (Windows NT 6.1; Trident/7.0; MAMD; rv:11.0) like Gecko"
87.155.81.133 - - [03/Mar/2014:21:54:28 +0100] "GET /images/motive/logos/gegenbauer.jpg HTTP/1.1" 200 15498 "http://www.modeinstitut-berlin.de/referenzen/auszug/" "Mozilla/5.0 (Windows NT 6.1; Trident/7.0; MAMD; rv:11.0) like Gecko"
87.155.81.133 - - [03/Mar/2014:21:54:28 +0100] "GET /images/motive/logos/vag.jpg HTTP/1.1" 200 13744 "http://www.modeinstitut-berlin.de/referenzen/auszug/" "Mozilla/5.0 (Windows NT 6.1; Trident/7.0; MAMD; rv:11.0) like Gecko"
87.155.81.133 - - [03/Mar/2014:21:54:29 +0100] "GET /favicon.ico HTTP/1.1" 404 1256 "-" "Mozilla/5.0 (Windows NT 6.1; Trident/7.0; MAMD; rv:11.0) like Gecko"
87.155.81.133 - - [03/Mar/2014:21:54:38 +0100] "GET /referenzen/galerie/ HTTP/1.1" 200 4854 "http://www.modeinstitut-berlin.de/referenzen/auszug/" "Mozilla/5.0 (Windows NT 6.1; Trident/7.0; MAMD; rv:11.0) like Gecko"
87.155.81.133 - - [03/Mar/2014:21:54:38 +0100] "GET /js/swfobject.js HTTP/1.1" 200 10220 "http://www.modeinstitut-berlin.de/referenzen/galerie/" "Mozilla/5.0 (Windows NT 6.1; Trident/7.0; MAMD; rv:11.0) like Gecko"
87.155.81.133 - - [03/Mar/2014:21:54:38 +0100] "GET /images/layout/bg-content-refs2.jpg HTTP/1.1" 200 28935 "http://www.modeinstitut-berlin.de/referenzen/galerie/" "Mozilla/5.0 (Windows NT 6.1; Trident/7.0; MAMD; rv:11.0) like Gecko"
87.155.81.133 - - [03/Mar/2014:21:54:39 +0100] "GET /images/flash/monoslideshow.swf HTTP/1.1" 200 107761 "http://www.modeinstitut-berlin.de/referenzen/galerie/" "Mozilla/5.0 (Windows NT 6.1; Trident/7.0; MAMD; rv:11.0) like Gecko"
87.155.81.133 - - [03/Mar/2014:21:54:40 +0100] "GET /favicon.ico HTTP/1.1" 404 1256 "-" "Mozilla/5.0 (Windows NT 6.1; Trident/7.0; MAMD; rv:11.0) like Gecko"
87.155.81.133 - - [03/Mar/2014:21:54:40 +0100] "GET /images/flash/monoslideshow.xml HTTP/1.1" 200 3149 "http://www.modeinstitut-berlin.de/images/flash/monoslideshow.swf" "Mozilla/5.0 (Windows NT 6.1; Trident/7.0; MAMD; rv:11.0) like Gecko"
87.155.81.133 - - [03/Mar/2014:21:54:40 +0100] "GET /images/motive/slideshow/images/084-A-Design-Award-2013.jpg HTTP/1.1" 200 232895 "http://www.modeinstitut-berlin.de/images/flash/monoslideshow.swf" "Mozilla/5.0 (Windows NT 6.1; Trident/7.0; MAMD; rv:11.0) like Gecko"
87.155.81.133 - - [03/Mar/2014:21:54:41 +0100] "GET /images/motive/slideshow/images/085-A-Design-Award-2013.jpg HTTP/1.1" 200 251517 "http://www.modeinstitut-berlin.de/images/flash/monoslideshow.swf" "Mozilla/5.0 (Windows NT 6.1; Trident/7.0; MAMD; rv:11.0) like Gecko"
87.155.81.133 - - [03/Mar/2014:21:54:42 +0100] "GET /images/motive/slideshow/images/087.jpg HTTP/1.1" 200 225348 "http://www.modeinstitut-berlin.de/images/flash/monoslideshow.swf" "Mozilla/5.0 (Windows NT 6.1; Trident/7.0; MAMD; rv:11.0) like Gecko"
87.155.81.133 - - [03/Mar/2014:21:54:48 +0100] "GET /images/motive/slideshow/images/088.jpg HTTP/1.1" 200 136016 "http://www.modeinstitut-berlin.de/images/flash/monoslideshow.swf" "Mozilla/5.0 (Windows NT 6.1; Trident/7.0; MAMD; rv:11.0) like Gecko"
87.155.81.133 - - [03/Mar/2014:21:54:48 +0100] "GET /images/layout/nav-hover-1.jpg HTTP/1.1" 200 746 "http://www.modeinstitut-berlin.de/referenzen/galerie/" "Mozilla/5.0 (Windows NT 6.1; Trident/7.0; MAMD; rv:11.0) like Gecko"
87.155.81.133 - - [03/Mar/2014:21:54:55 +0100] "GET /images/motive/slideshow/images/089.jpg HTTP/1.1" 200 212364 "http://www.modeinstitut-berlin.de/images/flash/monoslideshow.swf" "Mozilla/5.0 (Windows NT 6.1; Trident/7.0; MAMD; rv:11.0) like Gecko"
87.155.81.133 - - [03/Mar/2014:21:55:02 +0100] "GET /images/motive/slideshow/images/090.jpg HTTP/1.1" 200 130130 "http://www.modeinstitut-berlin.de/images/flash/monoslideshow.swf" "Mozilla/5.0 (Windows NT 6.1; Trident/7.0; MAMD; rv:11.0) like Gecko"
87.155.81.133 - - [03/Mar/2014:21:55:09 +0100] "GET /images/motive/slideshow/images/091.jpg HTTP/1.1" 200 191243 "http://www.modeinstitut-berlin.de/images/flash/monoslideshow.swf" "Mozilla/5.0 (Windows NT 6.1; Trident/7.0; MAMD; rv:11.0) like Gecko"
87.155.81.133 - - [03/Mar/2014:21:55:16 +0100] "GET /images/motive/slideshow/images/092.jpg HTTP/1.1" 200 198240 "http://www.modeinstitut-berlin.de/images/flash/monoslideshow.swf" "Mozilla/5.0 (Windows NT 6.1; Trident/7.0; MAMD; rv:11.0) like Gecko"
87.155.81.133 - - [03/Mar/2014:21:55:23 +0100] "GET /images/motive/slideshow/images/093.jpg HTTP/1.1" 200 221696 "http://www.modeinstitut-berlin.de/images/flash/monoslideshow.swf" "Mozilla/5.0 (Windows NT 6.1; Trident/7.0; MAMD; rv:11.0) like Gecko"
79.214.234.181 - - [03/Mar/2014:22:00:50 +0100] "GET / HTTP/1.1" 200 2050 "-" "Mozilla/5.0 (X11; Ubuntu; Linux x86_64; rv:27.0) Gecko/20100101 Firefox/27.0"
79.214.234.181 - - [03/Mar/2014:22:00:51 +0100] "GET /favicon.ico HTTP/1.1" 404 1256 "-" "Mozilla/5.0 (X11; Ubuntu; Linux x86_64; rv:27.0) Gecko/20100101 Firefox/27.0"
79.214.234.181 - - [03/Mar/2014:22:00:54 +0100] "GET /bestellsystem/kundenlogin/ HTTP/1.1" 200 4528 "http://www.modeinstitut-berlin.de/" "Mozilla/5.0 (X11; Ubuntu; Linux x86_64; rv:27.0) Gecko/20100101 Firefox/27.0"
84.189.59.229 - - [03/Mar/2014:22:02:32 +0100] "GET /unternehmen/servicecenter/Service-Center-Berlin-Pankow/ HTTP/1.1" 200 7904 "https://www.google.de/" "Mozilla/5.0 (iPhone; CPU iPhone OS 7_0_4 like Mac OS X) AppleWebKit/537.51.1 (KHTML, like Gecko) Version/7.0 Mobile/11B554a Safari/9537.53"
84.189.59.229 - - [03/Mar/2014:22:02:32 +0100] "GET /css/newstyles.css HTTP/1.1" 200 9734 "http://www.modeinstitut-berlin.de/unternehmen/servicecenter/Service-Center-Berlin-Pankow/" "Mozilla/5.0 (iPhone; CPU iPhone OS 7_0_4 like Mac OS X) AppleWebKit/537.51.1 (KHTML, like Gecko) Version/7.0 Mobile/11B554a Safari/9537.53"
84.189.59.229 - - [03/Mar/2014:22:02:32 +0100] "GET /Scripts/AC_RunActiveContent.js HTTP/1.1" 200 8029 "http://www.modeinstitut-berlin.de/unternehmen/servicecenter/Service-Center-Berlin-Pankow/" "Mozilla/5.0 (iPhone; CPU iPhone OS 7_0_4 like Mac OS X) AppleWebKit/537.51.1 (KHTML, like Gecko) Version/7.0 Mobile/11B554a Safari/9537.53"
84.189.59.229 - - [03/Mar/2014:22:02:33 +0100] "GET /includes/hover.js HTTP/1.1" 200 411 "http://www.modeinstitut-berlin.de/unternehmen/servicecenter/Service-Center-Berlin-Pankow/" "Mozilla/5.0 (iPhone; CPU iPhone OS 7_0_4 like Mac OS X) AppleWebKit/537.51.1 (KHTML, like Gecko) Version/7.0 Mobile/11B554a Safari/9537.53"
84.189.59.229 - - [03/Mar/2014:22:02:33 +0100] "GET /images/layout/spc.gif HTTP/1.1" 200 43 "http://www.modeinstitut-berlin.de/unternehmen/servicecenter/Service-Center-Berlin-Pankow/" "Mozilla/5.0 (iPhone; CPU iPhone OS 7_0_4 like Mac OS X) AppleWebKit/537.51.1 (KHTML, like Gecko) Version/7.0 Mobile/11B554a Safari/9537.53"
84.189.59.229 - - [03/Mar/2014:22:02:33 +0100] "GET /images/motive/logos/BVG-klein.jpg HTTP/1.1" 200 20899 "http://www.modeinstitut-berlin.de/unternehmen/servicecenter/Service-Center-Berlin-Pankow/" "Mozilla/5.0 (iPhone; CPU iPhone OS 7_0_4 like Mac OS X) AppleWebKit/537.51.1 (KHTML, like Gecko) Version/7.0 Mobile/11B554a Safari/9537.53"
84.189.59.229 - - [03/Mar/2014:22:02:33 +0100] "GET /images/layout/global-bg.jpg HTTP/1.1" 200 917 "http://www.modeinstitut-berlin.de/unternehmen/servicecenter/Service-Center-Berlin-Pankow/" "Mozilla/5.0 (iPhone; CPU iPhone OS 7_0_4 like Mac OS X) AppleWebKit/537.51.1 (KHTML, like Gecko) Version/7.0 Mobile/11B554a Safari/9537.53"
84.189.59.229 - - [03/Mar/2014:22:02:33 +0100] "GET /images/layout/link.gif HTTP/1.1" 200 52 "http://www.modeinstitut-berlin.de/unternehmen/servicecenter/Service-Center-Berlin-Pankow/" "Mozilla/5.0 (iPhone; CPU iPhone OS 7_0_4 like Mac OS X) AppleWebKit/537.51.1 (KHTML, like Gecko) Version/7.0 Mobile/11B554a Safari/9537.53"
84.189.59.229 - - [03/Mar/2014:22:02:33 +0100] "GET /images/motive/logos/globeground-klein.jpg HTTP/1.1" 200 17185 "http://www.modeinstitut-berlin.de/unternehmen/servicecenter/Service-Center-Berlin-Pankow/" "Mozilla/5.0 (iPhone; CPU iPhone OS 7_0_4 like Mac OS X) AppleWebKit/537.51.1 (KHTML, like Gecko) Version/7.0 Mobile/11B554a Safari/9537.53"
84.189.59.229 - - [03/Mar/2014:22:02:33 +0100] "GET /images/motive/logos/SIBA-klein.jpg HTTP/1.1" 200 24854 "http://www.modeinstitut-berlin.de/unternehmen/servicecenter/Service-Center-Berlin-Pankow/" "Mozilla/5.0 (iPhone; CPU iPhone OS 7_0_4 like Mac OS X) AppleWebKit/537.51.1 (KHTML, like Gecko) Version/7.0 Mobile/11B554a Safari/9537.53"
84.189.59.229 - - [03/Mar/2014:22:02:33 +0100] "GET /images/motive/logos/BT-klein.jpg HTTP/1.1" 200 20652 "http://www.modeinstitut-berlin.de/unternehmen/servicecenter/Service-Center-Berlin-Pankow/" "Mozilla/5.0 (iPhone; CPU iPhone OS 7_0_4 like Mac OS X) AppleWebKit/537.51.1 (KHTML, like Gecko) Version/7.0 Mobile/11B554a Safari/9537.53"
84.189.59.229 - - [03/Mar/2014:22:02:33 +0100] "GET /images/layout/bg-content-big-1.jpg HTTP/1.1" 200 46493 "http://www.modeinstitut-berlin.de/unternehmen/servicecenter/Service-Center-Berlin-Pankow/" "Mozilla/5.0 (iPhone; CPU iPhone OS 7_0_4 like Mac OS X) AppleWebKit/537.51.1 (KHTML, like Gecko) Version/7.0 Mobile/11B554a Safari/9537.53"
84.189.59.229 - - [03/Mar/2014:22:02:33 +0100] "GET /images/layout/bg-navi.jpg HTTP/1.1" 200 3342 "http://www.modeinstitut-berlin.de/unternehmen/servicecenter/Service-Center-Berlin-Pankow/" "Mozilla/5.0 (iPhone; CPU iPhone OS 7_0_4 like Mac OS X) AppleWebKit/537.51.1 (KHTML, like Gecko) Version/7.0 Mobile/11B554a Safari/9537.53"
84.189.59.229 - - [03/Mar/2014:22:02:33 +0100] "GET /images/layout/wrapper-bg.jpg HTTP/1.1" 200 126878 "http://www.modeinstitut-berlin.de/unternehmen/servicecenter/Service-Center-Berlin-Pankow/" "Mozilla/5.0 (iPhone; CPU iPhone OS 7_0_4 like Mac OS X) AppleWebKit/537.51.1 (KHTML, like Gecko) Version/7.0 Mobile/11B554a Safari/9537.53"
84.189.59.229 - - [03/Mar/2014:22:03:13 +0100] "GET /images/layout/nav-hover-all.jpg HTTP/1.1" 200 332 "http://www.modeinstitut-berlin.de/unternehmen/servicecenter/Service-Center-Berlin-Pankow/" "Mozilla/5.0 (iPhone; CPU iPhone OS 7_0_4 like Mac OS X) AppleWebKit/537.51.1 (KHTML, like Gecko) Version/7.0 Mobile/11B554a Safari/9537.53"
84.189.59.229 - - [03/Mar/2014:22:03:13 +0100] "GET /images/layout/nav-drop-foot.png HTTP/1.1" 200 42670 "http://www.modeinstitut-berlin.de/unternehmen/servicecenter/Service-Center-Berlin-Pankow/" "Mozilla/5.0 (iPhone; CPU iPhone OS 7_0_4 like Mac OS X) AppleWebKit/537.51.1 (KHTML, like Gecko) Version/7.0 Mobile/11B554a Safari/9537.53"
84.189.59.229 - - [03/Mar/2014:22:03:15 +0100] "GET /kontakt/kontaktdaten/ HTTP/1.1" 200 6304 "http://www.modeinstitut-berlin.de/unternehmen/servicecenter/Service-Center-Berlin-Pankow/" "Mozilla/5.0 (iPhone; CPU iPhone OS 7_0_4 like Mac OS X) AppleWebKit/537.51.1 (KHTML, like Gecko) Version/7.0 Mobile/11B554a Safari/9537.53"
84.189.59.229 - - [03/Mar/2014:22:03:16 +0100] "GET /images/motive/image-sidebox_gsg.jpg HTTP/1.1" 200 165404 "http://www.modeinstitut-berlin.de/kontakt/kontaktdaten/" "Mozilla/5.0 (iPhone; CPU iPhone OS 7_0_4 like Mac OS X) AppleWebKit/537.51.1 (KHTML, like Gecko) Version/7.0 Mobile/11B554a Safari/9537.53"
84.189.59.229 - - [03/Mar/2014:22:03:25 +0100] "GET / HTTP/1.1" 200 2050 "http://www.modeinstitut-berlin.de/kontakt/kontaktdaten/" "Mozilla/5.0 (iPhone; CPU iPhone OS 7_0_4 like Mac OS X) AppleWebKit/537.51.1 (KHTML, like Gecko) Version/7.0 Mobile/11B554a Safari/9537.53"
84.189.59.229 - - [03/Mar/2014:22:03:25 +0100] "GET /images/layout/nav-hover-1.jpg HTTP/1.1" 200 746 "http://www.modeinstitut-berlin.de/kontakt/kontaktdaten/" "Mozilla/5.0 (iPhone; CPU iPhone OS 7_0_4 like Mac OS X) AppleWebKit/537.51.1 (KHTML, like Gecko) Version/7.0 Mobile/11B554a Safari/9537.53"
84.189.59.229 - - [03/Mar/2014:22:03:26 +0100] "GET /images/layout/bg-sidebox-plain1.jpg HTTP/1.1" 200 10064 "http://www.modeinstitut-berlin.de/" "Mozilla/5.0 (iPhone; CPU iPhone OS 7_0_4 like Mac OS X) AppleWebKit/537.51.1 (KHTML, like Gecko) Version/7.0 Mobile/11B554a Safari/9537.53"
84.189.59.229 - - [03/Mar/2014:22:03:26 +0100] "GET /images/motive/Logo9001_5.png HTTP/1.1" 200 19358 "http://www.modeinstitut-berlin.de/" "Mozilla/5.0 (iPhone; CPU iPhone OS 7_0_4 like Mac OS X) AppleWebKit/537.51.1 (KHTML, like Gecko) Version/7.0 Mobile/11B554a Safari/9537.53"
84.189.59.229 - - [03/Mar/2014:22:03:42 +0100] "GET /impressum/ HTTP/1.1" 200 5301 "http://www.modeinstitut-berlin.de/" "Mozilla/5.0 (iPhone; CPU iPhone OS 7_0_4 like Mac OS X) AppleWebKit/537.51.1 (KHTML, like Gecko) Version/7.0 Mobile/11B554a Safari/9537.53"
84.189.59.229 - - [03/Mar/2014:22:03:50 +0100] "GET /unternehmen/servicecenter/Service-Center-Berlin-Schoeneberg/ HTTP/1.1" 200 7491 "https://www.google.de/" "Mozilla/5.0 (iPhone; CPU iPhone OS 7_0_4 like Mac OS X) AppleWebKit/537.51.1 (KHTML, like Gecko) Version/7.0 Mobile/11B554a Safari/9537.53"
84.189.59.229 - - [03/Mar/2014:22:03:51 +0100] "GET /images/motive/logos/Ordnungsamt-klein.jpg HTTP/1.1" 200 20993 "http://www.modeinstitut-berlin.de/unternehmen/servicecenter/Service-Center-Berlin-Schoeneberg/" "Mozilla/5.0 (iPhone; CPU iPhone OS 7_0_4 like Mac OS X) AppleWebKit/537.51.1 (KHTML, like Gecko) Version/7.0 Mobile/11B554a Safari/9537.53"
62.122.80.36 - - [03/Mar/2014:22:18:43 +0100] "GET /images/layout/nav-drop-foot.png HTTP/1.0" 304 - "-" "Mozilla/4.0 (compatible;)"
157.56.93.62 - - [03/Mar/2014:22:32:48 +0100] "GET /unternehmen/servicecenter/Service-Center-Berlin-Pankow/ HTTP/1.1" 200 7904 "-" "Mozilla/5.0 (compatible; bingbot/2.0; +http://www.bing.com/bingbot.htm)"
207.233.48.100 - - [03/Mar/2014:22:38:45 +0100] "GET /images/motive/logos/frasec.jpg HTTP/1.1" 200 19377 "-" "Mozilla/5.0 (Windows NT 6.1; WOW64; rv:22.0) Gecko/20100101 Firefox/22.0"
157.56.92.147 - - [03/Mar/2014:22:50:49 +0100] "GET /robots.txt HTTP/1.1" 200 317 "-" "Mozilla/5.0 (compatible; bingbot/2.0; +http://www.bing.com/bingbot.htm)"
137.110.244.137 - - [03/Mar/2014:22:55:05 +0100] "GET /robots.txt HTTP/1.1" 200 317 "-" "www.integromedb.org/Crawler"
137.110.244.137 - - [03/Mar/2014:22:55:06 +0100] "GET /unternehmen/aktuelles/red-dot-design-award/ HTTP/1.1" 200 5647 "-" "www.integromedb.org/Crawler"
157.56.92.147 - - [03/Mar/2014:22:55:09 +0100] "GET /dienstkleidung/ HTTP/1.1" 200 10206 "-" "Mozilla/5.0 (compatible; bingbot/2.0; +http://www.bing.com/bingbot.htm)"
157.56.92.147 - - [03/Mar/2014:22:56:04 +0100] "GET /images/flash/logistik.swf HTTP/1.1" 200 419069 "-" "Mozilla/5.0 (compatible; bingbot/2.0; +http://www.bing.com/bingbot.htm)"
157.56.92.147 - - [03/Mar/2014:22:56:06 +0100] "GET /images/layout/link.gif HTTP/1.1" 200 52 "-" "Mozilla/5.0 (compatible; bingbot/2.0; +http://www.bing.com/bingbot.htm)"
157.55.35.81 - - [03/Mar/2014:22:56:23 +0100] "GET /images/layout/wrapper-bg.jpg HTTP/1.1" 200 126878 "-" "Mozilla/5.0 (compatible; bingbot/2.0; +http://www.bing.com/bingbot.htm)"
157.56.92.176 - - [03/Mar/2014:22:56:47 +0100] "GET /images/layout/global-bg.jpg HTTP/1.1" 200 917 "-" "Mozilla/5.0 (compatible; bingbot/2.0; +http://www.bing.com/bingbot.htm)"
103.31.200.92 - - [03/Mar/2014:23:03:35 +0100] "GET /robots.txt HTTP/1.0" 200 317 "http://www.modeinstitut-berlin.de/robots.txt" "Mozilla/4.0 (compatible; MSIE 8.0; Windows NT 5.1; Trident/4.0; .NET CLR 2.0.50727; .NET CLR 3.0.4506.2152; .NET CLR 3.5.30729)"
103.31.200.92 - - [03/Mar/2014:23:03:36 +0100] "GET / HTTP/1.0" 200 6854 "http://www.modeinstitut-berlin.de/" "Mozilla/4.0 (compatible; MSIE 8.0; Windows NT 5.1; Trident/4.0; .NET CLR 2.0.50727; .NET CLR 3.0.4506.2152; .NET CLR 3.5.30729)"
103.31.200.92 - - [03/Mar/2014:23:06:37 +0100] "GET /Scripts/AC_RunActiveContent.js HTTP/1.0" 200 8029 "http://www.modeinstitut-berlin.de/Scripts/AC_RunActiveContent.js" "Mozilla/4.0 (compatible; MSIE 8.0; Windows NT 5.1; Trident/4.0; .NET CLR 2.0.50727; .NET CLR 3.0.4506.2152; .NET CLR 3.5.30729)"
103.31.200.92 - - [03/Mar/2014:23:06:38 +0100] "GET /includes/hover.js HTTP/1.0" 200 411 "http://www.modeinstitut-berlin.de/includes/hover.js" "Mozilla/4.0 (compatible; MSIE 8.0; Windows NT 5.1; Trident/4.0; .NET CLR 2.0.50727; .NET CLR 3.0.4506.2152; .NET CLR 3.5.30729)"
62.122.80.36 - - [03/Mar/2014:23:19:40 +0100] "GET /images/layout/wrapper-bg.jpg HTTP/1.0" 304 - "-" "Mozilla/4.0 (compatible;)"
66.249.65.104 - - [03/Mar/2014:23:35:00 +0100] "GET /robots.txt HTTP/1.1" 200 317 "-" "Mozilla/5.0 (compatible; Googlebot/2.1; +http://www.google.com/bot.html)"
66.249.65.104 - - [03/Mar/2014:23:35:00 +0100] "GET /unternehmen/aktuelles/ HTTP/1.1" 200 5767 "-" "Mozilla/5.0 (iPhone; CPU iPhone OS 6_0 like Mac OS X) AppleWebKit/536.26 (KHTML, like Gecko) Version/6.0 Mobile/10A5376e Safari/8536.25 (compatible; Googlebot/2.1; +http://www.google.com/bot.html)"
62.122.80.36 - - [03/Mar/2014:23:51:56 +0100] "GET /includes/hover.js HTTP/1.0" 304 - "-" "Mozilla/4.0 (compatible;)"
199.30.25.212 - - [03/Mar/2014:23:56:32 +0100] "GET /css/newstyles.css HTTP/1.1" 200 9734 "http://www.modeinstitut-berlin.de/dienstkleidung/" "Mozilla/5.0 (Windows NT 6.1; WOW64) AppleWebKit/534+ (KHTML, like Gecko) BingPreview/1.0b"
199.30.25.212 - - [03/Mar/2014:23:56:33 +0100] "GET /js/dw_scroll_c.js HTTP/1.1" 200 36858 "http://www.modeinstitut-berlin.de/dienstkleidung/" "Mozilla/5.0 (Windows NT 6.1; WOW64) AppleWebKit/534+ (KHTML, like Gecko) BingPreview/1.0b"
199.30.25.212 - - [03/Mar/2014:23:56:34 +0100] "GET /css/scroll_v.css HTTP/1.1" 200 1437 "http://www.modeinstitut-berlin.de/dienstkleidung/" "Mozilla/5.0 (Windows NT 6.1; WOW64) AppleWebKit/534+ (KHTML, like Gecko) BingPreview/1.0b"
199.30.25.212 - - [03/Mar/2014:23:56:36 +0100] "GET /images/tri-up.gif HTTP/1.1" 200 62 "http://www.modeinstitut-berlin.de/dienstkleidung/" "Mozilla/5.0 (Windows NT 6.1; WOW64) AppleWebKit/534+ (KHTML, like Gecko) BingPreview/1.0b"
199.30.25.212 - - [03/Mar/2014:23:56:36 +0100] "GET /images/tri-dn.gif HTTP/1.1" 200 63 "http://www.modeinstitut-berlin.de/dienstkleidung/" "Mozilla/5.0 (Windows NT 6.1; WOW64) AppleWebKit/534+ (KHTML, like Gecko) BingPreview/1.0b"
66.249.65.136 - - [04/Mar/2014:00:03:52 +0100] "GET /unternehmen/aktuelles/Pressetermin-BVG/Galerie-Pressetermin-BVG/ HTTP/1.1" 200 4873 "-" "Mozilla/5.0 (iPhone; CPU iPhone OS 6_0 like Mac OS X) AppleWebKit/536.26 (KHTML, like Gecko) Version/6.0 Mobile/10A5376e Safari/8536.25 (compatible; Googlebot/2.1; +http://www.google.com/bot.html)"
220.181.108.76 - - [04/Mar/2014:00:05:05 +0100] "GET / HTTP/1.1" 200 6854 "-" "Mozilla/5.0 (compatible; Baiduspider/2.0; +http://www.baidu.com/search/spider.html)"
123.125.71.13 - - [04/Mar/2014:00:06:09 +0100] "GET / HTTP/1.1" 200 6854 "-" "Mozilla/5.0 (compatible; Baiduspider/2.0; +http://www.baidu.com/search/spider.html)"
62.122.80.36 - - [04/Mar/2014:00:28:31 +0100] "GET /Scripts/AC_RunActiveContent.js HTTP/1.0" 304 - "-" "Mozilla/4.0 (compatible;)"
199.192.207.146 - - [04/Mar/2014:00:28:57 +0100] "GET /robots.txt HTTP/1.0" 301 368 "-" "Mozilla/5.0 (compatible; MJ12bot/v1.4.4; http://www.majestic12.co.uk/bot.php?+)"
199.192.207.146 - - [04/Mar/2014:00:28:57 +0100] "GET /robots.txt HTTP/1.0" 200 317 "-" "Mozilla/5.0 (compatible; MJ12bot/v1.4.4; http://www.majestic12.co.uk/bot.php?+)"
199.192.207.146 - - [04/Mar/2014:00:28:59 +0100] "GET / HTTP/1.0" 301 358 "-" "Mozilla/5.0 (compatible; MJ12bot/v1.4.4; http://www.majestic12.co.uk/bot.php?+)"
199.192.207.146 - - [04/Mar/2014:00:28:59 +0100] "GET /robots.txt HTTP/1.0" 200 317 "-" "Mozilla/5.0 (compatible; MJ12bot/v1.4.4; http://www.majestic12.co.uk/bot.php?+)"
199.192.207.146 - - [04/Mar/2014:00:29:01 +0100] "GET / HTTP/1.0" 200 2050 "-" "Mozilla/5.0 (compatible; MJ12bot/v1.4.4; http://www.majestic12.co.uk/bot.php?+)"
95.91.255.64 - - [04/Mar/2014:00:42:31 +0100] "GET / HTTP/1.1" 200 2050 "https://www.google.de/" "Mozilla/5.0 (Windows NT 6.1) AppleWebKit/537.36 (KHTML, like Gecko) Chrome/33.0.1750.117 Safari/537.36"
95.91.255.64 - - [04/Mar/2014:00:42:32 +0100] "GET /css/newstyles.css HTTP/1.1" 200 9734 "http://www.modeinstitut-berlin.de/" "Mozilla/5.0 (Windows NT 6.1) AppleWebKit/537.36 (KHTML, like Gecko) Chrome/33.0.1750.117 Safari/537.36"
95.91.255.64 - - [04/Mar/2014:00:42:32 +0100] "GET /Scripts/AC_RunActiveContent.js HTTP/1.1" 200 8029 "http://www.modeinstitut-berlin.de/" "Mozilla/5.0 (Windows NT 6.1) AppleWebKit/537.36 (KHTML, like Gecko) Chrome/33.0.1750.117 Safari/537.36"
95.91.255.64 - - [04/Mar/2014:00:42:32 +0100] "GET /includes/hover.js HTTP/1.1" 200 411 "http://www.modeinstitut-berlin.de/" "Mozilla/5.0 (Windows NT 6.1) AppleWebKit/537.36 (KHTML, like Gecko) Chrome/33.0.1750.117 Safari/537.36"
95.91.255.64 - - [04/Mar/2014:00:42:32 +0100] "GET /images/motive/Logo9001_5.png HTTP/1.1" 200 19358 "http://www.modeinstitut-berlin.de/" "Mozilla/5.0 (Windows NT 6.1) AppleWebKit/537.36 (KHTML, like Gecko) Chrome/33.0.1750.117 Safari/537.36"
95.91.255.64 - - [04/Mar/2014:00:42:32 +0100] "GET /images/layout/global-bg.jpg HTTP/1.1" 200 917 "http://www.modeinstitut-berlin.de/" "Mozilla/5.0 (Windows NT 6.1) AppleWebKit/537.36 (KHTML, like Gecko) Chrome/33.0.1750.117 Safari/537.36"
95.91.255.64 - - [04/Mar/2014:00:42:32 +0100] "GET /images/layout/bg-navi.jpg HTTP/1.1" 200 3342 "http://www.modeinstitut-berlin.de/" "Mozilla/5.0 (Windows NT 6.1) AppleWebKit/537.36 (KHTML, like Gecko) Chrome/33.0.1750.117 Safari/537.36"
95.91.255.64 - - [04/Mar/2014:00:42:32 +0100] "GET /images/layout/link.gif HTTP/1.1" 200 52 "http://www.modeinstitut-berlin.de/" "Mozilla/5.0 (Windows NT 6.1) AppleWebKit/537.36 (KHTML, like Gecko) Chrome/33.0.1750.117 Safari/537.36"
95.91.255.64 - - [04/Mar/2014:00:42:32 +0100] "GET /images/layout/bg-sidebox-plain1.jpg HTTP/1.1" 200 10064 "http://www.modeinstitut-berlin.de/" "Mozilla/5.0 (Windows NT 6.1) AppleWebKit/537.36 (KHTML, like Gecko) Chrome/33.0.1750.117 Safari/537.36"
95.91.255.64 - - [04/Mar/2014:00:42:32 +0100] "GET /images/layout/bg-content-big-1.jpg HTTP/1.1" 200 46493 "http://www.modeinstitut-berlin.de/" "Mozilla/5.0 (Windows NT 6.1) AppleWebKit/537.36 (KHTML, like Gecko) Chrome/33.0.1750.117 Safari/537.36"
95.91.255.64 - - [04/Mar/2014:00:42:32 +0100] "GET /images/layout/wrapper-bg.jpg HTTP/1.1" 200 126878 "http://www.modeinstitut-berlin.de/" "Mozilla/5.0 (Windows NT 6.1) AppleWebKit/537.36 (KHTML, like Gecko) Chrome/33.0.1750.117 Safari/537.36"
95.91.255.64 - - [04/Mar/2014:00:42:33 +0100] "GET /favicon.ico HTTP/1.1" 404 1256 "-" "Mozilla/5.0 (Windows NT 6.1) AppleWebKit/537.36 (KHTML, like Gecko) Chrome/33.0.1750.117 Safari/537.36"
95.91.255.64 - - [04/Mar/2014:00:42:34 +0100] "GET /images/layout/nav-hover-all.jpg HTTP/1.1" 200 332 "http://www.modeinstitut-berlin.de/" "Mozilla/5.0 (Windows NT 6.1) AppleWebKit/537.36 (KHTML, like Gecko) Chrome/33.0.1750.117 Safari/537.36"
95.91.255.64 - - [04/Mar/2014:00:42:34 +0100] "GET /images/layout/nav-drop-foot.png HTTP/1.1" 200 42670 "http://www.modeinstitut-berlin.de/" "Mozilla/5.0 (Windows NT 6.1) AppleWebKit/537.36 (KHTML, like Gecko) Chrome/33.0.1750.117 Safari/537.36"
95.91.255.64 - - [04/Mar/2014:00:42:33 +0100] "GET /video/video.swf HTTP/1.1" 200 3107187 "http://www.modeinstitut-berlin.de/" "Mozilla/5.0 (Windows NT 6.1) AppleWebKit/537.36 (KHTML, like Gecko) Chrome/33.0.1750.117 Safari/537.36"
198.72.102.181 - - [04/Mar/2014:00:42:39 +0100] "GET /images/motive/Logo9001_5.png HTTP/1.1" 200 19358 "-" "Mozilla/5.0 (Windows NT 6.1; WOW64) AppleWebKit/535.19 (KHTML, like Gecko) Chrome/18.0.1025.142 Safari/535.19"
95.91.255.64 - - [04/Mar/2014:00:43:06 +0100] "GET /unternehmen/stellenangebote/ HTTP/1.1" 200 5152 "http://www.modeinstitut-berlin.de/" "Mozilla/5.0 (Windows NT 6.1) AppleWebKit/537.36 (KHTML, like Gecko) Chrome/33.0.1750.117 Safari/537.36"
95.91.255.64 - - [04/Mar/2014:00:43:07 +0100] "GET /images/layout/spc.gif HTTP/1.1" 200 43 "http://www.modeinstitut-berlin.de/unternehmen/stellenangebote/" "Mozilla/5.0 (Windows NT 6.1) AppleWebKit/537.36 (KHTML, like Gecko) Chrome/33.0.1750.117 Safari/537.36"
95.91.255.64 - - [04/Mar/2014:00:43:20 +0100] "GET /kontakt/kontaktformular/ HTTP/1.1" 200 1793 "http://www.modeinstitut-berlin.de/unternehmen/stellenangebote/" "Mozilla/5.0 (Windows NT 6.1) AppleWebKit/537.36 (KHTML, like Gecko) Chrome/33.0.1750.117 Safari/537.36"
95.91.255.64 - - [04/Mar/2014:00:43:44 +0100] "GET /unternehmen/firmenprofil/ HTTP/1.1" 200 1948 "http://www.modeinstitut-berlin.de/kontakt/kontaktformular/" "Mozilla/5.0 (Windows NT 6.1) AppleWebKit/537.36 (KHTML, like Gecko) Chrome/33.0.1750.117 Safari/537.36"
95.91.255.64 - - [04/Mar/2014:00:43:45 +0100] "GET /images/motive/image-sidebox_gsg.jpg HTTP/1.1" 200 165404 "http://www.modeinstitut-berlin.de/unternehmen/firmenprofil/" "Mozilla/5.0 (Windows NT 6.1) AppleWebKit/537.36 (KHTML, like Gecko) Chrome/33.0.1750.117 Safari/537.36"
108.163.146.26 - - [04/Mar/2014:00:43:51 +0100] "GET /unternehmen/firmenprofil/ HTTP/1.1" 200 6712 "-" "Mozilla/5.0 (Windows NT 6.1; WOW64; rv:11.0) Gecko/20100101 Firefox/11.0"
5.153.21.34 - - [04/Mar/2014:00:43:52 +0100] "GET / HTTP/1.1" 200 2050 "-" "Mozilla/4.0 (compatible; MSIE 6.0; Windows NT 5.1; SV1; CrystalSemanticsBot http://www.crystalsemantics.com/user-agent/)"
198.72.106.190 - - [04/Mar/2014:00:43:52 +0100] "GET /images/motive/image-sidebox_gsg.jpg HTTP/1.1" 200 165404 "-" "Mozilla/5.0 (Windows NT 6.1; WOW64) AppleWebKit/535.19 (KHTML, like Gecko) Chrome/18.0.1025.142 Safari/535.19"
95.91.255.64 - - [04/Mar/2014:00:45:50 +0100] "GET /unternehmen/zertifizierung/ HTTP/1.1" 200 5619 "http://www.modeinstitut-berlin.de/unternehmen/firmenprofil/" "Mozilla/5.0 (Windows NT 6.1) AppleWebKit/537.36 (KHTML, like Gecko) Chrome/33.0.1750.117 Safari/537.36"
95.91.255.64 - - [04/Mar/2014:00:45:51 +0100] "GET /images/motive/iso-9001.jpg HTTP/1.1" 200 23239 "http://www.modeinstitut-berlin.de/unternehmen/zertifizierung/" "Mozilla/5.0 (Windows NT 6.1) AppleWebKit/537.36 (KHTML, like Gecko) Chrome/33.0.1750.117 Safari/537.36"
95.91.255.64 - - [04/Mar/2014:00:45:51 +0100] "GET /images/motive/iso-40001.jpg HTTP/1.1" 200 23088 "http://www.modeinstitut-berlin.de/unternehmen/zertifizierung/" "Mozilla/5.0 (Windows NT 6.1) AppleWebKit/537.36 (KHTML, like Gecko) Chrome/33.0.1750.117 Safari/537.36"
95.91.255.64 - - [04/Mar/2014:00:45:51 +0100] "GET /images/motive/nachhaltigkeit.jpg HTTP/1.1" 200 23775 "http://www.modeinstitut-berlin.de/unternehmen/zertifizierung/" "Mozilla/5.0 (Windows NT 6.1) AppleWebKit/537.36 (KHTML, like Gecko) Chrome/33.0.1750.117 Safari/537.36"
95.91.255.64 - - [04/Mar/2014:00:46:32 +0100] "GET /unternehmen/aktuelles/ HTTP/1.1" 200 5767 "http://www.modeinstitut-berlin.de/unternehmen/zertifizierung/" "Mozilla/5.0 (Windows NT 6.1) AppleWebKit/537.36 (KHTML, like Gecko) Chrome/33.0.1750.117 Safari/537.36"
95.91.255.64 - - [04/Mar/2014:00:47:32 +0100] "GET /unternehmen/aktuelles/wowereit/ HTTP/1.1" 200 7480 "http://www.modeinstitut-berlin.de/unternehmen/aktuelles/" "Mozilla/5.0 (Windows NT 6.1) AppleWebKit/537.36 (KHTML, like Gecko) Chrome/33.0.1750.117 Safari/537.36"
95.91.255.64 - - [04/Mar/2014:00:47:33 +0100] "GET /css/lightbox.css HTTP/1.1" 200 2036 "http://www.modeinstitut-berlin.de/unternehmen/aktuelles/wowereit/" "Mozilla/5.0 (Windows NT 6.1) AppleWebKit/537.36 (KHTML, like Gecko) Chrome/33.0.1750.117 Safari/537.36"
95.91.255.64 - - [04/Mar/2014:00:47:34 +0100] "GET /js/lightbox.js HTTP/1.1" 200 31714 "http://www.modeinstitut-berlin.de/unternehmen/aktuelles/wowereit/" "Mozilla/5.0 (Windows NT 6.1) AppleWebKit/537.36 (KHTML, like Gecko) Chrome/33.0.1750.117 Safari/537.36"
95.91.255.64 - - [04/Mar/2014:00:47:34 +0100] "GET /js/scriptaculous.js?load=effects HTTP/1.1" 200 2152 "http://www.modeinstitut-berlin.de/unternehmen/aktuelles/wowereit/" "Mozilla/5.0 (Windows NT 6.1) AppleWebKit/537.36 (KHTML, like Gecko) Chrome/33.0.1750.117 Safari/537.36"
95.91.255.64 - - [04/Mar/2014:00:47:34 +0100] "GET /js/prototype.js HTTP/1.1" 200 47603 "http://www.modeinstitut-berlin.de/unternehmen/aktuelles/wowereit/" "Mozilla/5.0 (Windows NT 6.1) AppleWebKit/537.36 (KHTML, like Gecko) Chrome/33.0.1750.117 Safari/537.36"
95.91.255.64 - - [04/Mar/2014:00:47:34 +0100] "GET /images/motive/image-sidebox_wowereit.jpg HTTP/1.1" 200 50518 "http://www.modeinstitut-berlin.de/unternehmen/aktuelles/wowereit/" "Mozilla/5.0 (Windows NT 6.1) AppleWebKit/537.36 (KHTML, like Gecko) Chrome/33.0.1750.117 Safari/537.36"
95.91.255.64 - - [04/Mar/2014:00:47:35 +0100] "GET /js/effects.js HTTP/1.1" 200 31969 "http://www.modeinstitut-berlin.de/unternehmen/aktuelles/wowereit/" "Mozilla/5.0 (Windows NT 6.1) AppleWebKit/537.36 (KHTML, like Gecko) Chrome/33.0.1750.117 Safari/537.36"
95.91.255.64 - - [04/Mar/2014:00:47:35 +0100] "GET /images/images/loading.gif HTTP/1.1" 200 2767 "http://www.modeinstitut-berlin.de/unternehmen/aktuelles/wowereit/" "Mozilla/5.0 (Windows NT 6.1) AppleWebKit/537.36 (KHTML, like Gecko) Chrome/33.0.1750.117 Safari/537.36"
95.91.255.64 - - [04/Mar/2014:00:47:35 +0100] "GET /images/images/closelabel.gif HTTP/1.1" 200 979 "http://www.modeinstitut-berlin.de/unternehmen/aktuelles/wowereit/" "Mozilla/5.0 (Windows NT 6.1) AppleWebKit/537.36 (KHTML, like Gecko) Chrome/33.0.1750.117 Safari/537.36"
95.91.255.64 - - [04/Mar/2014:00:47:37 +0100] "GET /images/blank.gif HTTP/1.1" 404 1256 "http://www.modeinstitut-berlin.de/unternehmen/aktuelles/wowereit/" "Mozilla/5.0 (Windows NT 6.1) AppleWebKit/537.36 (KHTML, like Gecko) Chrome/33.0.1750.117 Safari/537.36"
108.163.146.26 - - [04/Mar/2014:00:47:42 +0100] "GET /unternehmen/aktuelles/wowereit/ HTTP/1.1" 200 7480 "-" "Mozilla/5.0 (Windows NT 6.1; WOW64; rv:11.0) Gecko/20100101 Firefox/11.0"
198.72.102.181 - - [04/Mar/2014:00:47:42 +0100] "GET /images/motive/image-sidebox_wowereit.jpg HTTP/1.1" 200 50518 "-" "Mozilla/5.0 (Windows NT 6.1; WOW64) AppleWebKit/535.19 (KHTML, like Gecko) Chrome/18.0.1025.142 Safari/535.19"
95.91.255.64 - - [04/Mar/2014:00:48:43 +0100] "GET /images/motive/wowereit/wowereit_1.jpg HTTP/1.1" 200 97153 "http://www.modeinstitut-berlin.de/unternehmen/aktuelles/wowereit/" "Mozilla/5.0 (Windows NT 6.1) AppleWebKit/537.36 (KHTML, like Gecko) Chrome/33.0.1750.117 Safari/537.36"
95.91.255.64 - - [04/Mar/2014:00:48:43 +0100] "GET /images/motive/wowereit/wowereit_2.jpg HTTP/1.1" 200 95358 "http://www.modeinstitut-berlin.de/unternehmen/aktuelles/wowereit/" "Mozilla/5.0 (Windows NT 6.1) AppleWebKit/537.36 (KHTML, like Gecko) Chrome/33.0.1750.117 Safari/537.36"
198.72.106.181 - - [04/Mar/2014:00:48:45 +0100] "GET /images/motive/wowereit/wowereit_1.jpg HTTP/1.1" 200 97153 "-" "Mozilla/5.0 (Windows NT 6.1; WOW64) AppleWebKit/535.19 (KHTML, like Gecko) Chrome/18.0.1025.142 Safari/535.19"
95.91.255.64 - - [04/Mar/2014:00:48:54 +0100] "GET /images/images/nextlabel.gif HTTP/1.1" 200 1252 "http://www.modeinstitut-berlin.de/unternehmen/aktuelles/wowereit/" "Mozilla/5.0 (Windows NT 6.1) AppleWebKit/537.36 (KHTML, like Gecko) Chrome/33.0.1750.117 Safari/537.36"
95.91.255.64 - - [04/Mar/2014:00:48:57 +0100] "GET /images/motive/wowereit/wowereit_3.jpg HTTP/1.1" 200 74100 "http://www.modeinstitut-berlin.de/unternehmen/aktuelles/wowereit/" "Mozilla/5.0 (Windows NT 6.1) AppleWebKit/537.36 (KHTML, like Gecko) Chrome/33.0.1750.117 Safari/537.36"
198.72.102.183 - - [04/Mar/2014:00:48:59 +0100] "GET /images/motive/wowereit/wowereit_2.jpg HTTP/1.1" 200 95358 "-" "Mozilla/5.0 (Windows NT 6.1; WOW64) AppleWebKit/535.19 (KHTML, like Gecko) Chrome/18.0.1025.142 Safari/535.19"
95.91.255.64 - - [04/Mar/2014:00:49:03 +0100] "GET /images/motive/wowereit/wowereit_4.jpg HTTP/1.1" 200 59871 "http://www.modeinstitut-berlin.de/unternehmen/aktuelles/wowereit/" "Mozilla/5.0 (Windows NT 6.1) AppleWebKit/537.36 (KHTML, like Gecko) Chrome/33.0.1750.117 Safari/537.36"
198.72.102.183 - - [04/Mar/2014:00:49:03 +0100] "GET /images/motive/wowereit/wowereit_3.jpg HTTP/1.1" 200 74100 "-" "Mozilla/5.0 (Windows NT 6.1; WOW64) AppleWebKit/535.19 (KHTML, like Gecko) Chrome/18.0.1025.142 Safari/535.19"
95.91.255.64 - - [04/Mar/2014:00:49:13 +0100] "GET /images/motive/wowereit/wowereit_5.jpg HTTP/1.1" 200 69996 "http://www.modeinstitut-berlin.de/unternehmen/aktuelles/wowereit/" "Mozilla/5.0 (Windows NT 6.1) AppleWebKit/537.36 (KHTML, like Gecko) Chrome/33.0.1750.117 Safari/537.36"
198.72.106.180 - - [04/Mar/2014:00:49:14 +0100] "GET /images/motive/wowereit/wowereit_4.jpg HTTP/1.1" 200 59871 "-" "Mozilla/5.0 (Windows NT 6.1; WOW64) AppleWebKit/535.19 (KHTML, like Gecko) Chrome/18.0.1025.142 Safari/535.19"
95.91.255.64 - - [04/Mar/2014:00:49:17 +0100] "GET /images/motive/wowereit/wowereit_6.jpg HTTP/1.1" 200 70590 "http://www.modeinstitut-berlin.de/unternehmen/aktuelles/wowereit/" "Mozilla/5.0 (Windows NT 6.1) AppleWebKit/537.36 (KHTML, like Gecko) Chrome/33.0.1750.117 Safari/537.36"
198.72.106.180 - - [04/Mar/2014:00:49:17 +0100] "GET /images/motive/wowereit/wowereit_5.jpg HTTP/1.1" 200 69996 "-" "Mozilla/5.0 (Windows NT 6.1; WOW64) AppleWebKit/535.19 (KHTML, like Gecko) Chrome/18.0.1025.142 Safari/535.19"
95.91.255.64 - - [04/Mar/2014:00:49:25 +0100] "GET /images/motive/wowereit/wowereit_7.jpg HTTP/1.1" 200 85923 "http://www.modeinstitut-berlin.de/unternehmen/aktuelles/wowereit/" "Mozilla/5.0 (Windows NT 6.1) AppleWebKit/537.36 (KHTML, like Gecko) Chrome/33.0.1750.117 Safari/537.36"
198.72.102.183 - - [04/Mar/2014:00:49:26 +0100] "GET /images/motive/wowereit/wowereit_6.jpg HTTP/1.1" 200 70590 "-" "Mozilla/5.0 (Windows NT 6.1; WOW64) AppleWebKit/535.19 (KHTML, like Gecko) Chrome/18.0.1025.142 Safari/535.19"
95.91.255.64 - - [04/Mar/2014:00:49:30 +0100] "GET /images/motive/wowereit/wowereit_8.jpg HTTP/1.1" 200 68106 "http://www.modeinstitut-berlin.de/unternehmen/aktuelles/wowereit/" "Mozilla/5.0 (Windows NT 6.1) AppleWebKit/537.36 (KHTML, like Gecko) Chrome/33.0.1750.117 Safari/537.36"
198.72.106.179 - - [04/Mar/2014:00:49:31 +0100] "GET /images/motive/wowereit/wowereit_7.jpg HTTP/1.1" 200 85923 "-" "Mozilla/5.0 (Windows NT 6.1; WOW64) AppleWebKit/535.19 (KHTML, like Gecko) Chrome/18.0.1025.142 Safari/535.19"
95.91.255.64 - - [04/Mar/2014:00:49:39 +0100] "GET /images/motive/wowereit/wowereit_9.jpg HTTP/1.1" 200 87836 "http://www.modeinstitut-berlin.de/unternehmen/aktuelles/wowereit/" "Mozilla/5.0 (Windows NT 6.1) AppleWebKit/537.36 (KHTML, like Gecko) Chrome/33.0.1750.117 Safari/537.36"
198.72.106.190 - - [04/Mar/2014:00:49:40 +0100] "GET /images/motive/wowereit/wowereit_8.jpg HTTP/1.1" 200 68106 "-" "Mozilla/5.0 (Windows NT 6.1; WOW64) AppleWebKit/535.19 (KHTML, like Gecko) Chrome/18.0.1025.142 Safari/535.19"
95.91.255.64 - - [04/Mar/2014:00:49:44 +0100] "GET /images/motive/wowereit/wowereit_10.jpg HTTP/1.1" 200 74237 "http://www.modeinstitut-berlin.de/unternehmen/aktuelles/wowereit/" "Mozilla/5.0 (Windows NT 6.1) AppleWebKit/537.36 (KHTML, like Gecko) Chrome/33.0.1750.117 Safari/537.36"
198.72.106.190 - - [04/Mar/2014:00:49:46 +0100] "GET /images/motive/wowereit/wowereit_9.jpg HTTP/1.1" 200 87836 "-" "Mozilla/5.0 (Windows NT 6.1; WOW64) AppleWebKit/535.19 (KHTML, like Gecko) Chrome/18.0.1025.142 Safari/535.19"
95.91.255.64 - - [04/Mar/2014:00:49:52 +0100] "GET /images/motive/wowereit/wowereit_11.jpg HTTP/1.1" 200 85349 "http://www.modeinstitut-berlin.de/unternehmen/aktuelles/wowereit/" "Mozilla/5.0 (Windows NT 6.1) AppleWebKit/537.36 (KHTML, like Gecko) Chrome/33.0.1750.117 Safari/537.36"
198.72.102.181 - - [04/Mar/2014:00:49:52 +0100] "GET /images/motive/wowereit/wowereit_10.jpg HTTP/1.1" 200 74237 "-" "Mozilla/5.0 (Windows NT 6.1; WOW64) AppleWebKit/535.19 (KHTML, like Gecko) Chrome/18.0.1025.142 Safari/535.19"
95.91.255.64 - - [04/Mar/2014:00:50:01 +0100] "GET /images/motive/wowereit/wowereit_12.jpg HTTP/1.1" 200 97997 "http://www.modeinstitut-berlin.de/unternehmen/aktuelles/wowereit/" "Mozilla/5.0 (Windows NT 6.1) AppleWebKit/537.36 (KHTML, like Gecko) Chrome/33.0.1750.117 Safari/537.36"
198.72.106.190 - - [04/Mar/2014:00:50:02 +0100] "GET /images/motive/wowereit/wowereit_11.jpg HTTP/1.1" 200 85349 "-" "Mozilla/5.0 (Windows NT 6.1; WOW64) AppleWebKit/535.19 (KHTML, like Gecko) Chrome/18.0.1025.142 Safari/535.19"
198.72.106.181 - - [04/Mar/2014:00:50:09 +0100] "GET /images/motive/wowereit/wowereit_12.jpg HTTP/1.1" 200 97997 "-" "Mozilla/5.0 (Windows NT 6.1; WOW64) AppleWebKit/535.19 (KHTML, like Gecko) Chrome/18.0.1025.142 Safari/535.19"
95.91.255.64 - - [04/Mar/2014:00:50:27 +0100] "GET /unternehmen/aktuelles/ HTTP/1.1" 200 5767 "http://www.modeinstitut-berlin.de/unternehmen/aktuelles/wowereit/" "Mozilla/5.0 (Windows NT 6.1) AppleWebKit/537.36 (KHTML, like Gecko) Chrome/33.0.1750.117 Safari/537.36"
95.91.255.64 - - [04/Mar/2014:00:50:43 +0100] "GET /unternehmen/aktuelles/Strickgarn-Lanura/ HTTP/1.1" 200 5900 "http://www.modeinstitut-berlin.de/unternehmen/aktuelles/" "Mozilla/5.0 (Windows NT 6.1) AppleWebKit/537.36 (KHTML, like Gecko) Chrome/33.0.1750.117 Safari/537.36"
95.91.255.64 - - [04/Mar/2014:00:50:44 +0100] "GET /images/motive/image-sidebox-Lanura-Garn.jpg HTTP/1.1" 200 97087 "http://www.modeinstitut-berlin.de/unternehmen/aktuelles/Strickgarn-Lanura/" "Mozilla/5.0 (Windows NT 6.1) AppleWebKit/537.36 (KHTML, like Gecko) Chrome/33.0.1750.117 Safari/537.36"
108.163.146.26 - - [04/Mar/2014:00:50:50 +0100] "GET /unternehmen/aktuelles/Strickgarn-Lanura/ HTTP/1.1" 200 5900 "-" "Mozilla/5.0 (Windows NT 6.1; WOW64; rv:11.0) Gecko/20100101 Firefox/11.0"
198.72.106.179 - - [04/Mar/2014:00:50:51 +0100] "GET /images/motive/image-sidebox-Lanura-Garn.jpg HTTP/1.1" 200 97087 "-" "Mozilla/5.0 (Windows NT 6.1; WOW64) AppleWebKit/535.19 (KHTML, like Gecko) Chrome/18.0.1025.142 Safari/535.19"
95.91.255.64 - - [04/Mar/2014:00:51:37 +0100] "GET /unternehmen/aktuelles/ HTTP/1.1" 200 5767 "http://www.modeinstitut-berlin.de/unternehmen/aktuelles/Strickgarn-Lanura/" "Mozilla/5.0 (Windows NT 6.1) AppleWebKit/537.36 (KHTML, like Gecko) Chrome/33.0.1750.117 Safari/537.36"
95.91.255.64 - - [04/Mar/2014:00:52:19 +0100] "GET /unternehmen/aktuelles/A-Design-Award-2013/ HTTP/1.1" 200 5434 "http://www.modeinstitut-berlin.de/unternehmen/aktuelles/" "Mozilla/5.0 (Windows NT 6.1) AppleWebKit/537.36 (KHTML, like Gecko) Chrome/33.0.1750.117 Safari/537.36"
95.91.255.64 - - [04/Mar/2014:00:52:20 +0100] "GET /images/motive/A-Design-Award-Winner-logo-small.jpg HTTP/1.1" 200 15001 "http://www.modeinstitut-berlin.de/unternehmen/aktuelles/A-Design-Award-2013/" "Mozilla/5.0 (Windows NT 6.1) AppleWebKit/537.36 (KHTML, like Gecko) Chrome/33.0.1750.117 Safari/537.36"
95.91.255.64 - - [04/Mar/2014:00:52:20 +0100] "GET /images/motive/image-sidebox_A-Design-Award-2013.jpg HTTP/1.1" 200 61796 "http://www.modeinstitut-berlin.de/unternehmen/aktuelles/A-Design-Award-2013/" "Mozilla/5.0 (Windows NT 6.1) AppleWebKit/537.36 (KHTML, like Gecko) Chrome/33.0.1750.117 Safari/537.36"
108.163.146.25 - - [04/Mar/2014:00:52:26 +0100] "GET /unternehmen/aktuelles/A-Design-Award-2013/ HTTP/1.1" 200 5434 "-" "Mozilla/5.0 (Windows NT 6.1; WOW64; rv:11.0) Gecko/20100101 Firefox/11.0"
198.72.106.190 - - [04/Mar/2014:00:52:27 +0100] "GET /images/motive/image-sidebox_A-Design-Award-2013.jpg HTTP/1.1" 200 61796 "-" "Mozilla/5.0 (Windows NT 6.1; WOW64) AppleWebKit/535.19 (KHTML, like Gecko) Chrome/18.0.1025.142 Safari/535.19"
37.58.71.199 - - [04/Mar/2014:00:53:04 +0100] "GET /unternehmen/aktuelles/A-Design-Award-2013? HTTP/1.1" 301 405 "-" "Mozilla/5.0 (Windows NT 6.1; WOW64) AppleWebKit/536.11 (KHTML, like Gecko) Chrome/20.0.1132.57 Safari/536.11 RPT-HTTPClient/0.3-3"
37.58.71.199 - - [04/Mar/2014:00:53:04 +0100] "GET /unternehmen/aktuelles/A-Design-Award-2013/? HTTP/1.1" 200 5434 "-" "Mozilla/5.0 (Windows NT 6.1; WOW64) AppleWebKit/536.11 (KHTML, like Gecko) Chrome/20.0.1132.57 Safari/536.11 RPT-HTTPClient/0.3-3"
98.137.206.48 - - [04/Mar/2014:00:53:05 +0100] "GET /robots.txt HTTP/1.1" 200 317 "-" "Mozilla/5.0 (compatible; Yahoo! Slurp; http://help.yahoo.com/help/us/ysearch/slurp)"
98.137.206.48 - - [04/Mar/2014:00:53:05 +0100] "GET / HTTP/1.1" 200 6854 "-" "Mozilla/5.0 (YahooYSMcm/3.0.0; http://help.yahoo.com)"
37.58.71.199 - - [04/Mar/2014:00:53:41 +0100] "GET /unternehmen/aktuelles/A-Design-Award-2013? HTTP/1.1" 301 405 "-" "Mozilla/5.0 (Windows NT 6.1; WOW64) AppleWebKit/536.11 (KHTML, like Gecko) Chrome/20.0.1132.57 Safari/536.11 RPT-HTTPClient/0.3-3"
37.58.71.199 - - [04/Mar/2014:00:53:41 +0100] "GET /unternehmen/aktuelles/A-Design-Award-2013/? HTTP/1.1" 200 5434 "-" "Mozilla/5.0 (Windows NT 6.1; WOW64) AppleWebKit/536.11 (KHTML, like Gecko) Chrome/20.0.1132.57 Safari/536.11 RPT-HTTPClient/0.3-3"
95.91.255.64 - - [04/Mar/2014:00:53:50 +0100] "GET /images/layout/nav-hover-1.jpg HTTP/1.1" 200 746 "http://www.modeinstitut-berlin.de/unternehmen/aktuelles/A-Design-Award-2013/" "Mozilla/5.0 (Windows NT 6.1) AppleWebKit/537.36 (KHTML, like Gecko) Chrome/33.0.1750.117 Safari/537.36"
95.91.255.64 - - [04/Mar/2014:00:53:59 +0100] "GET /unternehmen/aktuelles/ HTTP/1.1" 200 5767 "http://www.modeinstitut-berlin.de/unternehmen/aktuelles/A-Design-Award-2013/" "Mozilla/5.0 (Windows NT 6.1) AppleWebKit/537.36 (KHTML, like Gecko) Chrome/33.0.1750.117 Safari/537.36"
95.91.255.64 - - [04/Mar/2014:00:54:25 +0100] "GET /unternehmen/aktuelles/Pressetermin-BVG/ HTTP/1.1" 200 5774 "http://www.modeinstitut-berlin.de/unternehmen/aktuelles/" "Mozilla/5.0 (Windows NT 6.1) AppleWebKit/537.36 (KHTML, like Gecko) Chrome/33.0.1750.117 Safari/537.36"
95.91.255.64 - - [04/Mar/2014:00:54:26 +0100] "GET /images/motive/image-sidebox_BVG-Dienstkleidung.jpg HTTP/1.1" 200 94229 "http://www.modeinstitut-berlin.de/unternehmen/aktuelles/Pressetermin-BVG/" "Mozilla/5.0 (Windows NT 6.1) AppleWebKit/537.36 (KHTML, like Gecko) Chrome/33.0.1750.117 Safari/537.36"
198.72.106.168 - - [04/Mar/2014:00:54:31 +0100] "GET /unternehmen/aktuelles/Pressetermin-BVG/ HTTP/1.1" 200 5774 "-" "Mozilla/5.0 (Windows NT 6.1; WOW64; rv:11.0) Gecko/20100101 Firefox/11.0"
198.72.106.183 - - [04/Mar/2014:00:54:33 +0100] "GET /images/motive/image-sidebox_BVG-Dienstkleidung.jpg HTTP/1.1" 200 94229 "-" "Mozilla/5.0 (Windows NT 6.1; WOW64) AppleWebKit/535.19 (KHTML, like Gecko) Chrome/18.0.1025.142 Safari/535.19"
95.91.255.64 - - [04/Mar/2014:00:54:39 +0100] "GET /unternehmen/aktuelles/Pressetermin-BVG/Galerie-Pressetermin-BVG HTTP/1.1" 301 426 "http://www.modeinstitut-berlin.de/unternehmen/aktuelles/Pressetermin-BVG/" "Mozilla/5.0 (Windows NT 6.1) AppleWebKit/537.36 (KHTML, like Gecko) Chrome/33.0.1750.117 Safari/537.36"
95.91.255.64 - - [04/Mar/2014:00:54:39 +0100] "GET /unternehmen/aktuelles/Pressetermin-BVG/Galerie-Pressetermin-BVG/ HTTP/1.1" 200 4873 "http://www.modeinstitut-berlin.de/unternehmen/aktuelles/Pressetermin-BVG/" "Mozilla/5.0 (Windows NT 6.1) AppleWebKit/537.36 (KHTML, like Gecko) Chrome/33.0.1750.117 Safari/537.36"
95.91.255.64 - - [04/Mar/2014:00:54:40 +0100] "GET /js/swfobject.js HTTP/1.1" 200 10220 "http://www.modeinstitut-berlin.de/unternehmen/aktuelles/Pressetermin-BVG/Galerie-Pressetermin-BVG/" "Mozilla/5.0 (Windows NT 6.1) AppleWebKit/537.36 (KHTML, like Gecko) Chrome/33.0.1750.117 Safari/537.36"
95.91.255.64 - - [04/Mar/2014:00:54:40 +0100] "GET /images/layout/bg-content-refs2.jpg HTTP/1.1" 200 28935 "http://www.modeinstitut-berlin.de/unternehmen/aktuelles/Pressetermin-BVG/Galerie-Pressetermin-BVG/" "Mozilla/5.0 (Windows NT 6.1) AppleWebKit/537.36 (KHTML, like Gecko) Chrome/33.0.1750.117 Safari/537.36"
95.91.255.64 - - [04/Mar/2014:00:54:41 +0100] "GET /images/flash/monoslideshow.swf HTTP/1.1" 200 107761 "http://www.modeinstitut-berlin.de/unternehmen/aktuelles/Pressetermin-BVG/Galerie-Pressetermin-BVG/" "Mozilla/5.0 (Windows NT 6.1) AppleWebKit/537.36 (KHTML, like Gecko) Chrome/33.0.1750.117 Safari/537.36"
95.91.255.64 - - [04/Mar/2014:00:54:42 +0100] "GET /images/flash/monoslideshow-Pressetermin-BVG.xml HTTP/1.1" 200 2945 "http://www.modeinstitut-berlin.de/unternehmen/aktuelles/Pressetermin-BVG/Galerie-Pressetermin-BVG/" "Mozilla/5.0 (Windows NT 6.1) AppleWebKit/537.36 (KHTML, like Gecko) Chrome/33.0.1750.117 Safari/537.36"
95.91.255.64 - - [04/Mar/2014:00:54:43 +0100] "GET /images/motive/slideshow/images/Pressetermin-BVG-01.jpg HTTP/1.1" 200 167257 "http://www.modeinstitut-berlin.de/unternehmen/aktuelles/Pressetermin-BVG/Galerie-Pressetermin-BVG/" "Mozilla/5.0 (Windows NT 6.1) AppleWebKit/537.36 (KHTML, like Gecko) Chrome/33.0.1750.117 Safari/537.36"
95.91.255.64 - - [04/Mar/2014:00:54:44 +0100] "GET /images/motive/slideshow/images/Pressetermin-BVG-02.jpg HTTP/1.1" 200 107465 "http://www.modeinstitut-berlin.de/unternehmen/aktuelles/Pressetermin-BVG/Galerie-Pressetermin-BVG/" "Mozilla/5.0 (Windows NT 6.1) AppleWebKit/537.36 (KHTML, like Gecko) Chrome/33.0.1750.117 Safari/537.36"
95.91.255.64 - - [04/Mar/2014:00:54:44 +0100] "GET /images/motive/slideshow/images/Pressetermin-BVG-03.jpg HTTP/1.1" 200 114454 "http://www.modeinstitut-berlin.de/unternehmen/aktuelles/Pressetermin-BVG/Galerie-Pressetermin-BVG/" "Mozilla/5.0 (Windows NT 6.1) AppleWebKit/537.36 (KHTML, like Gecko) Chrome/33.0.1750.117 Safari/537.36"
95.91.255.64 - - [04/Mar/2014:00:54:51 +0100] "GET /images/motive/slideshow/images/Pressetermin-BVG-04.jpg HTTP/1.1" 200 163984 "http://www.modeinstitut-berlin.de/unternehmen/aktuelles/Pressetermin-BVG/Galerie-Pressetermin-BVG/" "Mozilla/5.0 (Windows NT 6.1) AppleWebKit/537.36 (KHTML, like Gecko) Chrome/33.0.1750.117 Safari/537.36"
