87.123.188.88 - - [02/Mar/2014:12:31:58 +0100] "GET /includes/hover.js HTTP/1.1" 200 411 "http://www.modeinstitut-berlin.de/dienstkleidung/" "Mozilla/5.0 (Macintosh; Intel Mac OS X 10_9_1) AppleWebKit/537.73.11 (KHTML, like Gecko) Version/7.0.1 Safari/537.73.11"
87.123.188.88 - - [02/Mar/2014:12:31:59 +0100] "GET /images/layout/global-bg.jpg HTTP/1.1" 200 917 "http://www.modeinstitut-berlin.de/dienstkleidung/" "Mozilla/5.0 (Macintosh; Intel Mac OS X 10_9_1) AppleWebKit/537.73.11 (KHTML, like Gecko) Version/7.0.1 Safari/537.73.11"
87.123.188.88 - - [02/Mar/2014:12:31:59 +0100] "GET /css/scroll_v.css HTTP/1.1" 200 1437 "http://www.modeinstitut-berlin.de/dienstkleidung/" "Mozilla/5.0 (Macintosh; Intel Mac OS X 10_9_1) AppleWebKit/537.73.11 (KHTML, like Gecko) Version/7.0.1 Safari/537.73.11"
87.123.188.88 - - [02/Mar/2014:12:31:59 +0100] "GET /images/layout/bg-navi.jpg HTTP/1.1" 200 3342 "http://www.modeinstitut-berlin.de/dienstkleidung/" "Mozilla/5.0 (Macintosh; Intel Mac OS X 10_9_1) AppleWebKit/537.73.11 (KHTML, like Gecko) Version/7.0.1 Safari/537.73.11"
87.123.188.88 - - [02/Mar/2014:12:31:59 +0100] "GET /images/layout/bg-content-big-1.jpg HTTP/1.1" 200 46493 "http://www.modeinstitut-berlin.de/dienstkleidung/" "Mozilla/5.0 (Macintosh; Intel Mac OS X 10_9_1) AppleWebKit/537.73.11 (KHTML, like Gecko) Version/7.0.1 Safari/537.73.11"
87.123.188.88 - - [02/Mar/2014:12:31:59 +0100] "GET /images/layout/link.gif HTTP/1.1" 200 52 "http://www.modeinstitut-berlin.de/dienstkleidung/" "Mozilla/5.0 (Macintosh; Intel Mac OS X 10_9_1) AppleWebKit/537.73.11 (KHTML, like Gecko) Version/7.0.1 Safari/537.73.11"
87.123.188.88 - - [02/Mar/2014:12:31:59 +0100] "GET /images/layout/wrapper-bg.jpg HTTP/1.1" 200 126878 "http://www.modeinstitut-berlin.de/dienstkleidung/" "Mozilla/5.0 (Macintosh; Intel Mac OS X 10_9_1) AppleWebKit/537.73.11 (KHTML, like Gecko) Version/7.0.1 Safari/537.73.11"
87.123.188.88 - - [02/Mar/2014:12:31:59 +0100] "GET /images/tri-up.gif HTTP/1.1" 200 62 "http://www.modeinstitut-berlin.de/dienstkleidung/" "Mozilla/5.0 (Macintosh; Intel Mac OS X 10_9_1) AppleWebKit/537.73.11 (KHTML, like Gecko) Version/7.0.1 Safari/537.73.11"
87.123.188.88 - - [02/Mar/2014:12:31:59 +0100] "GET /images/tri-dn.gif HTTP/1.1" 200 63 "http://www.modeinstitut-berlin.de/dienstkleidung/" "Mozilla/5.0 (Macintosh; Intel Mac OS X 10_9_1) AppleWebKit/537.73.11 (KHTML, like Gecko) Version/7.0.1 Safari/537.73.11"
87.123.188.88 - - [02/Mar/2014:12:31:59 +0100] "GET /favicon.ico HTTP/1.1" 404 1256 "http://www.modeinstitut-berlin.de/dienstkleidung/" "Mozilla/5.0 (Macintosh; Intel Mac OS X 10_9_1) AppleWebKit/537.73.11 (KHTML, like Gecko) Version/7.0.1 Safari/537.73.11"
87.123.188.88 - - [02/Mar/2014:12:32:00 +0100] "GET /images/flash/logistik.swf HTTP/1.1" 200 419069 "http://www.modeinstitut-berlin.de/dienstkleidung/" "Mozilla/5.0 (Macintosh; Intel Mac OS X 10_9_1) AppleWebKit/537.73.11 (KHTML, like Gecko) Version/7.0.1 Safari/537.73.11"
87.123.188.88 - - [02/Mar/2014:12:34:33 +0100] "GET / HTTP/1.1" 200 2050 "-" "Mozilla/5.0 (Macintosh; Intel Mac OS X 10_9_1) AppleWebKit/537.73.11 (KHTML, like Gecko) Version/7.0.1 Safari/537.73.11"
87.123.188.88 - - [02/Mar/2014:12:34:33 +0100] "GET /images/motive/Logo9001_5.png HTTP/1.1" 200 19358 "http://www.modeinstitut-berlin.de/" "Mozilla/5.0 (Macintosh; Intel Mac OS X 10_9_1) AppleWebKit/537.73.11 (KHTML, like Gecko) Version/7.0.1 Safari/537.73.11"
87.123.188.88 - - [02/Mar/2014:12:34:33 +0100] "GET /images/layout/bg-sidebox-plain1.jpg HTTP/1.1" 200 10064 "http://www.modeinstitut-berlin.de/" "Mozilla/5.0 (Macintosh; Intel Mac OS X 10_9_1) AppleWebKit/537.73.11 (KHTML, like Gecko) Version/7.0.1 Safari/537.73.11"
87.123.188.88 - - [02/Mar/2014:12:34:44 +0100] "GET /dienstkleidung/ HTTP/1.1" 200 10206 "http://www.google.de/url?sa=t&rct=j&q=&esrc=s&source=web&cd=5&ved=0CDwQjBAwBA&url=http%3A%2F%2Fwww.modeinstitut-berlin.de%2Fdienstkleidung%2F&ei=-xYTU8TPJM_bsgaUmIHAAQ&usg=AFQjCNHkG4nrbab_PB4PtlhkOaFyUhvgwg&bvm=bv.62286460,d.Yms" "Mozilla/5.0 (Macintosh; Intel Mac OS X 10_9_1) AppleWebKit/537.73.11 (KHTML, like Gecko) Version/7.0.1 Safari/537.73.11"
87.123.188.88 - - [02/Mar/2014:12:34:58 +0100] "GET /produkt/design/ HTTP/1.1" 200 6495 "http://www.modeinstitut-berlin.de/dienstkleidung/" "Mozilla/5.0 (Macintosh; Intel Mac OS X 10_9_1) AppleWebKit/537.73.11 (KHTML, like Gecko) Version/7.0.1 Safari/537.73.11"
87.123.188.88 - - [02/Mar/2014:12:34:58 +0100] "GET /images/layout/bg-content-big-2.jpg HTTP/1.1" 200 38423 "http://www.modeinstitut-berlin.de/produkt/design/" "Mozilla/5.0 (Macintosh; Intel Mac OS X 10_9_1) AppleWebKit/537.73.11 (KHTML, like Gecko) Version/7.0.1 Safari/537.73.11"
87.123.188.88 - - [02/Mar/2014:12:34:58 +0100] "GET /images/flash/design.swf HTTP/1.1" 200 210329 "http://www.modeinstitut-berlin.de/produkt/design/" "Mozilla/5.0 (Macintosh; Intel Mac OS X 10_9_1) AppleWebKit/537.73.11 (KHTML, like Gecko) Version/7.0.1 Safari/537.73.11"
87.123.188.88 - - [02/Mar/2014:12:35:07 +0100] "GET /produkt/design/dienstkleidung/ HTTP/1.1" 200 6773 "http://www.modeinstitut-berlin.de/produkt/design/" "Mozilla/5.0 (Macintosh; Intel Mac OS X 10_9_1) AppleWebKit/537.73.11 (KHTML, like Gecko) Version/7.0.1 Safari/537.73.11"
87.123.188.88 - - [02/Mar/2014:12:35:08 +0100] "GET /images/flash/dienstkleidung.swf HTTP/1.1" 200 253220 "http://www.modeinstitut-berlin.de/produkt/design/dienstkleidung/" "Mozilla/5.0 (Macintosh; Intel Mac OS X 10_9_1) AppleWebKit/537.73.11 (KHTML, like Gecko) Version/7.0.1 Safari/537.73.11"
84.181.251.167 - - [02/Mar/2014:12:35:20 +0100] "GET /bestellsystem/kundenlogin/ HTTP/1.1" 200 4528 "http://www.google.de/url?sa=t&rct=j&q=&esrc=s&source=web&cd=2&ved=0CDgQjBAwAQ&url=http%3A%2F%2Fwww.modeinstitut-berlin.de%2Fbestellsystem%2Fkundenlogin%2F&ei=ExcTU6LvLIiMtQbH7ICoDA&usg=AFQjCNEbo3WEGUXkO7AR33iGik8mipk3xA&bvm=bv.62286460,d.Yms" "Mozilla/5.0 (Windows NT 5.1; rv:24.0) Gecko/20100101 Firefox/24.0"
84.181.251.167 - - [02/Mar/2014:12:35:21 +0100] "GET /css/newstyles.css HTTP/1.1" 200 9734 "http://www.modeinstitut-berlin.de/bestellsystem/kundenlogin/" "Mozilla/5.0 (Windows NT 5.1; rv:24.0) Gecko/20100101 Firefox/24.0"
84.181.251.167 - - [02/Mar/2014:12:35:21 +0100] "GET /Scripts/AC_RunActiveContent.js HTTP/1.1" 200 8029 "http://www.modeinstitut-berlin.de/bestellsystem/kundenlogin/" "Mozilla/5.0 (Windows NT 5.1; rv:24.0) Gecko/20100101 Firefox/24.0"
84.181.251.167 - - [02/Mar/2014:12:35:21 +0100] "GET /includes/hover.js HTTP/1.1" 200 411 "http://www.modeinstitut-berlin.de/bestellsystem/kundenlogin/" "Mozilla/5.0 (Windows NT 5.1; rv:24.0) Gecko/20100101 Firefox/24.0"
84.181.251.167 - - [02/Mar/2014:12:35:21 +0100] "GET /images/layout/global-bg.jpg HTTP/1.1" 200 917 "http://www.modeinstitut-berlin.de/css/newstyles.css" "Mozilla/5.0 (Windows NT 5.1; rv:24.0) Gecko/20100101 Firefox/24.0"
84.181.251.167 - - [02/Mar/2014:12:35:22 +0100] "GET /images/layout/bg-navi.jpg HTTP/1.1" 200 3342 "http://www.modeinstitut-berlin.de/css/newstyles.css" "Mozilla/5.0 (Windows NT 5.1; rv:24.0) Gecko/20100101 Firefox/24.0"
84.181.251.167 - - [02/Mar/2014:12:35:22 +0100] "GET /images/layout/link.gif HTTP/1.1" 200 52 "http://www.modeinstitut-berlin.de/css/newstyles.css" "Mozilla/5.0 (Windows NT 5.1; rv:24.0) Gecko/20100101 Firefox/24.0"
84.181.251.167 - - [02/Mar/2014:12:35:22 +0100] "GET /images/layout/bg-content-big-1.jpg HTTP/1.1" 200 46493 "http://www.modeinstitut-berlin.de/css/newstyles.css" "Mozilla/5.0 (Windows NT 5.1; rv:24.0) Gecko/20100101 Firefox/24.0"
84.181.251.167 - - [02/Mar/2014:12:35:22 +0100] "GET /images/layout/wrapper-bg.jpg HTTP/1.1" 200 126878 "http://www.modeinstitut-berlin.de/css/newstyles.css" "Mozilla/5.0 (Windows NT 5.1; rv:24.0) Gecko/20100101 Firefox/24.0"
84.181.251.167 - - [02/Mar/2014:12:35:23 +0100] "GET /favicon.ico HTTP/1.1" 404 1256 "-" "Mozilla/5.0 (Windows NT 5.1; rv:24.0) Gecko/20100101 Firefox/24.0"
84.181.251.167 - - [02/Mar/2014:12:35:23 +0100] "GET /favicon.ico HTTP/1.1" 404 1256 "-" "Mozilla/5.0 (Windows NT 5.1; rv:24.0) Gecko/20100101 Firefox/24.0"
87.123.188.88 - - [02/Mar/2014:12:35:27 +0100] "GET /images/layout/nav-hover-all.jpg HTTP/1.1" 200 332 "http://www.modeinstitut-berlin.de/produkt/design/dienstkleidung/" "Mozilla/5.0 (Macintosh; Intel Mac OS X 10_9_1) AppleWebKit/537.73.11 (KHTML, like Gecko) Version/7.0.1 Safari/537.73.11"
87.123.188.88 - - [02/Mar/2014:12:35:27 +0100] "GET /images/layout/nav-drop-foot.png HTTP/1.1" 200 42670 "http://www.modeinstitut-berlin.de/produkt/design/dienstkleidung/" "Mozilla/5.0 (Macintosh; Intel Mac OS X 10_9_1) AppleWebKit/537.73.11 (KHTML, like Gecko) Version/7.0.1 Safari/537.73.11"
87.123.188.88 - - [02/Mar/2014:12:35:44 +0100] "GET /images/layout/nav-hover-1.jpg HTTP/1.1" 200 746 "http://www.modeinstitut-berlin.de/produkt/design/dienstkleidung/" "Mozilla/5.0 (Macintosh; Intel Mac OS X 10_9_1) AppleWebKit/537.73.11 (KHTML, like Gecko) Version/7.0.1 Safari/537.73.11"
87.123.188.88 - - [02/Mar/2014:12:35:45 +0100] "GET / HTTP/1.1" 200 2050 "http://www.modeinstitut-berlin.de/produkt/design/dienstkleidung/" "Mozilla/5.0 (Macintosh; Intel Mac OS X 10_9_1) AppleWebKit/537.73.11 (KHTML, like Gecko) Version/7.0.1 Safari/537.73.11"
87.123.188.88 - - [02/Mar/2014:12:35:45 +0100] "GET /video/video.swf HTTP/1.1" 200 3107187 "http://www.modeinstitut-berlin.de/" "Mozilla/5.0 (Macintosh; Intel Mac OS X 10_9_1) AppleWebKit/537.73.11 (KHTML, like Gecko) Version/7.0.1 Safari/537.73.11"
87.123.188.88 - - [02/Mar/2014:12:35:53 +0100] "GET /bestellsystem/kundenlogin/ HTTP/1.1" 200 4528 "http://www.modeinstitut-berlin.de/" "Mozilla/5.0 (Macintosh; Intel Mac OS X 10_9_1) AppleWebKit/537.73.11 (KHTML, like Gecko) Version/7.0.1 Safari/537.73.11"
84.181.251.167 - - [02/Mar/2014:12:36:18 +0100] "GET /images/layout/nav-hover-1.jpg HTTP/1.1" 200 746 "http://www.modeinstitut-berlin.de/css/newstyles.css" "Mozilla/5.0 (Windows NT 5.1; rv:24.0) Gecko/20100101 Firefox/24.0"
84.181.251.167 - - [02/Mar/2014:12:36:24 +0100] "GET /images/layout/nav-hover-all.jpg HTTP/1.1" 200 332 "http://www.modeinstitut-berlin.de/css/newstyles.css" "Mozilla/5.0 (Windows NT 5.1; rv:24.0) Gecko/20100101 Firefox/24.0"
84.181.251.167 - - [02/Mar/2014:12:36:24 +0100] "GET /images/layout/nav-drop-foot.png HTTP/1.1" 200 42670 "http://www.modeinstitut-berlin.de/css/newstyles.css" "Mozilla/5.0 (Windows NT 5.1; rv:24.0) Gecko/20100101 Firefox/24.0"
84.181.251.167 - - [02/Mar/2014:12:37:15 +0100] "GET /produkt/design/ HTTP/1.1" 200 6495 "http://www.modeinstitut-berlin.de/bestellsystem/kundenlogin/" "Mozilla/5.0 (Windows NT 5.1; rv:24.0) Gecko/20100101 Firefox/24.0"
84.181.251.167 - - [02/Mar/2014:12:37:16 +0100] "GET /images/layout/bg-sidebox-plain1.jpg HTTP/1.1" 200 10064 "http://www.modeinstitut-berlin.de/css/newstyles.css" "Mozilla/5.0 (Windows NT 5.1; rv:24.0) Gecko/20100101 Firefox/24.0"
84.181.251.167 - - [02/Mar/2014:12:37:16 +0100] "GET /images/layout/bg-content-big-2.jpg HTTP/1.1" 200 38423 "http://www.modeinstitut-berlin.de/css/newstyles.css" "Mozilla/5.0 (Windows NT 5.1; rv:24.0) Gecko/20100101 Firefox/24.0"
84.181.251.167 - - [02/Mar/2014:12:37:16 +0100] "GET /images/flash/design.swf HTTP/1.1" 200 210329 "http://www.modeinstitut-berlin.de/produkt/design/" "Mozilla/5.0 (Windows NT 5.1; rv:24.0) Gecko/20100101 Firefox/24.0"
87.123.188.88 - - [02/Mar/2014:12:37:29 +0100] "GET /kontakt/kontaktdaten/ HTTP/1.1" 200 6304 "http://www.modeinstitut-berlin.de/bestellsystem/kundenlogin/" "Mozilla/5.0 (Macintosh; Intel Mac OS X 10_9_1) AppleWebKit/537.73.11 (KHTML, like Gecko) Version/7.0.1 Safari/537.73.11"
87.123.188.88 - - [02/Mar/2014:12:37:29 +0100] "GET /images/layout/spc.gif HTTP/1.1" 200 43 "http://www.modeinstitut-berlin.de/kontakt/kontaktdaten/" "Mozilla/5.0 (Macintosh; Intel Mac OS X 10_9_1) AppleWebKit/537.73.11 (KHTML, like Gecko) Version/7.0.1 Safari/537.73.11"
87.123.188.88 - - [02/Mar/2014:12:37:29 +0100] "GET /images/motive/image-sidebox_gsg.jpg HTTP/1.1" 200 165404 "http://www.modeinstitut-berlin.de/kontakt/kontaktdaten/" "Mozilla/5.0 (Macintosh; Intel Mac OS X 10_9_1) AppleWebKit/537.73.11 (KHTML, like Gecko) Version/7.0.1 Safari/537.73.11"
84.181.251.167 - - [02/Mar/2014:12:37:31 +0100] "GET /produkt/design/verkehrsunternehmen/ HTTP/1.1" 200 6651 "http://www.modeinstitut-berlin.de/produkt/design/" "Mozilla/5.0 (Windows NT 5.1; rv:24.0) Gecko/20100101 Firefox/24.0"
84.181.251.167 - - [02/Mar/2014:12:37:32 +0100] "GET /images/flash/verkehrsunternehmen.swf HTTP/1.1" 200 297886 "http://www.modeinstitut-berlin.de/produkt/design/verkehrsunternehmen/" "Mozilla/5.0 (Windows NT 5.1; rv:24.0) Gecko/20100101 Firefox/24.0"
87.123.188.88 - - [02/Mar/2014:12:37:44 +0100] "GET / HTTP/1.1" 200 2050 "http://www.modeinstitut-berlin.de/kontakt/kontaktdaten/" "Mozilla/5.0 (Macintosh; Intel Mac OS X 10_9_1) AppleWebKit/537.73.11 (KHTML, like Gecko) Version/7.0.1 Safari/537.73.11"
87.123.188.88 - - [02/Mar/2014:12:38:02 +0100] "GET /images/layout/nav-hover-end.jpg HTTP/1.1" 200 780 "http://www.modeinstitut-berlin.de/" "Mozilla/5.0 (Macintosh; Intel Mac OS X 10_9_1) AppleWebKit/537.73.11 (KHTML, like Gecko) Version/7.0.1 Safari/537.73.11"
84.181.251.167 - - [02/Mar/2014:12:38:14 +0100] "GET /produkt/design/verkehrsunternehmen/ HTTP/1.1" 200 6651 "http://www.modeinstitut-berlin.de/produkt/design/verkehrsunternehmen/" "Mozilla/5.0 (Windows NT 5.1; rv:24.0) Gecko/20100101 Firefox/24.0"
87.123.188.88 - - [02/Mar/2014:12:38:19 +0100] "GET /berufsbekleidung/ HTTP/1.1" 200 10474 "http://www.modeinstitut-berlin.de/" "Mozilla/5.0 (Macintosh; Intel Mac OS X 10_9_1) AppleWebKit/537.73.11 (KHTML, like Gecko) Version/7.0.1 Safari/537.73.11"
87.123.188.88 - - [02/Mar/2014:12:38:42 +0100] "GET /produkt/design/ HTTP/1.1" 200 6495 "http://www.modeinstitut-berlin.de/berufsbekleidung/" "Mozilla/5.0 (Macintosh; Intel Mac OS X 10_9_1) AppleWebKit/537.73.11 (KHTML, like Gecko) Version/7.0.1 Safari/537.73.11"
84.181.251.167 - - [02/Mar/2014:12:38:48 +0100] "GET /produkt/design/hotelbekleidung/ HTTP/1.1" 200 6525 "http://www.modeinstitut-berlin.de/produkt/design/verkehrsunternehmen/" "Mozilla/5.0 (Windows NT 5.1; rv:24.0) Gecko/20100101 Firefox/24.0"
87.123.188.88 - - [02/Mar/2014:12:38:48 +0100] "GET /produkt/design/industrie/ HTTP/1.1" 200 6419 "http://www.modeinstitut-berlin.de/produkt/design/" "Mozilla/5.0 (Macintosh; Intel Mac OS X 10_9_1) AppleWebKit/537.73.11 (KHTML, like Gecko) Version/7.0.1 Safari/537.73.11"
87.123.188.88 - - [02/Mar/2014:12:38:49 +0100] "GET /images/flash/industrie.swf HTTP/1.1" 200 98733 "http://www.modeinstitut-berlin.de/produkt/design/industrie/" "Mozilla/5.0 (Macintosh; Intel Mac OS X 10_9_1) AppleWebKit/537.73.11 (KHTML, like Gecko) Version/7.0.1 Safari/537.73.11"
84.181.251.167 - - [02/Mar/2014:12:38:49 +0100] "GET /images/flash/hotels.swf HTTP/1.1" 200 559251 "http://www.modeinstitut-berlin.de/produkt/design/hotelbekleidung/" "Mozilla/5.0 (Windows NT 5.1; rv:24.0) Gecko/20100101 Firefox/24.0"
87.123.188.88 - - [02/Mar/2014:12:39:11 +0100] "GET /bestellsystem/kundenlogin/ HTTP/1.1" 200 4528 "http://www.modeinstitut-berlin.de/produkt/design/industrie/" "Mozilla/5.0 (Macintosh; Intel Mac OS X 10_9_1) AppleWebKit/537.73.11 (KHTML, like Gecko) Version/7.0.1 Safari/537.73.11"
87.123.188.88 - - [02/Mar/2014:12:39:29 +0100] "GET /kontakt/kontaktdaten/index.php HTTP/1.1" 200 6304 "http://www.modeinstitut-berlin.de/bestellsystem/kundenlogin/" "Mozilla/5.0 (Macintosh; Intel Mac OS X 10_9_1) AppleWebKit/537.73.11 (KHTML, like Gecko) Version/7.0.1 Safari/537.73.11"
84.181.251.167 - - [02/Mar/2014:12:39:37 +0100] "GET /produkt/design/dienstkleidung/ HTTP/1.1" 200 6773 "http://www.modeinstitut-berlin.de/produkt/design/hotelbekleidung/" "Mozilla/5.0 (Windows NT 5.1; rv:24.0) Gecko/20100101 Firefox/24.0"
84.181.251.167 - - [02/Mar/2014:12:39:38 +0100] "GET /images/flash/dienstkleidung.swf HTTP/1.1" 200 253220 "http://www.modeinstitut-berlin.de/produkt/design/dienstkleidung/" "Mozilla/5.0 (Windows NT 5.1; rv:24.0) Gecko/20100101 Firefox/24.0"
87.123.188.88 - - [02/Mar/2014:12:39:56 +0100] "GET / HTTP/1.1" 200 2050 "-" "Mozilla/5.0 (Macintosh; Intel Mac OS X 10_9_1) AppleWebKit/537.73.11 (KHTML, like Gecko) Version/7.0.1 Safari/537.73.11"
84.181.251.167 - - [02/Mar/2014:12:40:13 +0100] "GET /produkt/design/behoerden/ HTTP/1.1" 200 6562 "http://www.modeinstitut-berlin.de/produkt/design/dienstkleidung/" "Mozilla/5.0 (Windows NT 5.1; rv:24.0) Gecko/20100101 Firefox/24.0"
84.181.251.167 - - [02/Mar/2014:12:40:13 +0100] "GET /images/flash/behoerden.swf HTTP/1.1" 200 99022 "http://www.modeinstitut-berlin.de/produkt/design/behoerden/" "Mozilla/5.0 (Windows NT 5.1; rv:24.0) Gecko/20100101 Firefox/24.0"
84.181.251.167 - - [02/Mar/2014:12:40:37 +0100] "GET /produkt/design/industrie/ HTTP/1.1" 200 6419 "http://www.modeinstitut-berlin.de/produkt/design/behoerden/" "Mozilla/5.0 (Windows NT 5.1; rv:24.0) Gecko/20100101 Firefox/24.0"
84.181.251.167 - - [02/Mar/2014:12:40:38 +0100] "GET /images/flash/industrie.swf HTTP/1.1" 200 98733 "http://www.modeinstitut-berlin.de/produkt/design/industrie/" "Mozilla/5.0 (Windows NT 5.1; rv:24.0) Gecko/20100101 Firefox/24.0"
66.249.65.72 - - [02/Mar/2014:12:41:25 +0100] "GET /unternehmen/servicecenter/Service-Center-Berlin-Pankow/ HTTP/1.1" 200 7904 "-" "Mozilla/5.0 (iPhone; CPU iPhone OS 6_0 like Mac OS X) AppleWebKit/536.26 (KHTML, like Gecko) Version/6.0 Mobile/10A5376e Safari/8536.25 (compatible; Googlebot/2.1; +http://www.google.com/bot.html)"
84.181.251.167 - - [02/Mar/2014:12:41:27 +0100] "GET /produkt/produktion/ HTTP/1.1" 200 6399 "http://www.modeinstitut-berlin.de/produkt/design/industrie/" "Mozilla/5.0 (Windows NT 5.1; rv:24.0) Gecko/20100101 Firefox/24.0"
84.181.251.167 - - [02/Mar/2014:12:41:28 +0100] "GET /images/flash/produktion.swf HTTP/1.1" 200 426162 "http://www.modeinstitut-berlin.de/produkt/produktion/" "Mozilla/5.0 (Windows NT 5.1; rv:24.0) Gecko/20100101 Firefox/24.0"
84.181.251.167 - - [02/Mar/2014:12:41:40 +0100] "GET /produkt/service/ HTTP/1.1" 200 6034 "http://www.modeinstitut-berlin.de/produkt/produktion/" "Mozilla/5.0 (Windows NT 5.1; rv:24.0) Gecko/20100101 Firefox/24.0"
84.181.251.167 - - [02/Mar/2014:12:41:41 +0100] "GET /images/flash/service.swf HTTP/1.1" 200 170498 "http://www.modeinstitut-berlin.de/produkt/service/" "Mozilla/5.0 (Windows NT 5.1; rv:24.0) Gecko/20100101 Firefox/24.0"
84.181.251.167 - - [02/Mar/2014:12:41:49 +0100] "GET / HTTP/1.1" 200 2050 "http://www.modeinstitut-berlin.de/produkt/service/" "Mozilla/5.0 (Windows NT 5.1; rv:24.0) Gecko/20100101 Firefox/24.0"
84.181.251.167 - - [02/Mar/2014:12:41:50 +0100] "GET /images/motive/Logo9001_5.png HTTP/1.1" 200 19358 "http://www.modeinstitut-berlin.de/" "Mozilla/5.0 (Windows NT 5.1; rv:24.0) Gecko/20100101 Firefox/24.0"
84.181.251.167 - - [02/Mar/2014:12:41:50 +0100] "GET /video/video.swf HTTP/1.1" 200 3107187 "http://www.modeinstitut-berlin.de/" "Mozilla/5.0 (Windows NT 5.1; rv:24.0) Gecko/20100101 Firefox/24.0"
84.181.251.167 - - [02/Mar/2014:12:42:12 +0100] "GET /firmenkleidung/ HTTP/1.1" 200 2182 "http://www.modeinstitut-berlin.de/" "Mozilla/5.0 (Windows NT 5.1; rv:24.0) Gecko/20100101 Firefox/24.0"
84.181.251.167 - - [02/Mar/2014:12:42:13 +0100] "GET /images/flash/logistik.swf HTTP/1.1" 200 419069 "http://www.modeinstitut-berlin.de/firmenkleidung/" "Mozilla/5.0 (Windows NT 5.1; rv:24.0) Gecko/20100101 Firefox/24.0"
84.181.251.167 - - [02/Mar/2014:12:42:20 +0100] "GET /produkt/design/ HTTP/1.1" 200 6495 "http://www.modeinstitut-berlin.de/firmenkleidung/" "Mozilla/5.0 (Windows NT 5.1; rv:24.0) Gecko/20100101 Firefox/24.0"
84.181.251.167 - - [02/Mar/2014:12:42:55 +0100] "GET /produkt/design/verkehrsunternehmen/ HTTP/1.1" 200 6651 "http://www.modeinstitut-berlin.de/produkt/design/" "Mozilla/5.0 (Windows NT 5.1; rv:24.0) Gecko/20100101 Firefox/24.0"
84.181.251.167 - - [02/Mar/2014:12:43:27 +0100] "GET /bestellsystem/kundenlogin/ HTTP/1.1" 200 4528 "http://www.modeinstitut-berlin.de/produkt/design/verkehrsunternehmen/" "Mozilla/5.0 (Windows NT 5.1; rv:24.0) Gecko/20100101 Firefox/24.0"
84.181.251.167 - - [02/Mar/2014:12:45:00 +0100] "GET /unternehmen/servicecenter/ HTTP/1.1" 200 5785 "http://www.google.de/url?sa=t&rct=j&q=&esrc=s&source=web&cd=5&ved=0CDwQjBAwBA&url=http%3A%2F%2Fwww.modeinstitut-berlin.de%2Funternehmen%2Fservicecenter%2F&ei=ExcTU6LvLIiMtQbH7ICoDA&usg=AFQjCNFBkCj8nyzgR7co684nk5M-w_mM6Q&bvm=bv.62286460,d.Yms" "Mozilla/5.0 (Windows NT 5.1; rv:24.0) Gecko/20100101 Firefox/24.0"
84.181.251.167 - - [02/Mar/2014:12:45:01 +0100] "GET /images/layout/spc.gif HTTP/1.1" 200 43 "http://www.modeinstitut-berlin.de/unternehmen/servicecenter/" "Mozilla/5.0 (Windows NT 5.1; rv:24.0) Gecko/20100101 Firefox/24.0"
84.181.251.167 - - [02/Mar/2014:12:45:01 +0100] "GET /images/motive/image-sidebox_deutschland.jpg HTTP/1.1" 200 30846 "http://www.modeinstitut-berlin.de/unternehmen/servicecenter/" "Mozilla/5.0 (Windows NT 5.1; rv:24.0) Gecko/20100101 Firefox/24.0"
84.181.251.167 - - [02/Mar/2014:12:45:50 +0100] "GET /dienstkleidung/ HTTP/1.1" 200 10206 "http://www.google.de/url?sa=t&rct=j&q=&esrc=s&source=web&cd=4&ved=0CEgQjBAwAw&url=http%3A%2F%2Fwww.modeinstitut-berlin.de%2Fdienstkleidung%2F&ei=ExcTU6LvLIiMtQbH7ICoDA&usg=AFQjCNHkG4nrbab_PB4PtlhkOaFyUhvgwg&bvm=bv.62286460,d.Yms" "Mozilla/5.0 (Windows NT 5.1; rv:24.0) Gecko/20100101 Firefox/24.0"
84.181.251.167 - - [02/Mar/2014:12:45:51 +0100] "GET /js/dw_scroll_c.js HTTP/1.1" 200 36858 "http://www.modeinstitut-berlin.de/dienstkleidung/" "Mozilla/5.0 (Windows NT 5.1; rv:24.0) Gecko/20100101 Firefox/24.0"
84.181.251.167 - - [02/Mar/2014:12:45:52 +0100] "GET /css/scroll_v.css HTTP/1.1" 200 1437 "http://www.modeinstitut-berlin.de/dienstkleidung/" "Mozilla/5.0 (Windows NT 5.1; rv:24.0) Gecko/20100101 Firefox/24.0"
84.181.251.167 - - [02/Mar/2014:12:45:52 +0100] "GET /images/tri-up.gif HTTP/1.1" 200 62 "http://www.modeinstitut-berlin.de/css/scroll_v.css" "Mozilla/5.0 (Windows NT 5.1; rv:24.0) Gecko/20100101 Firefox/24.0"
84.181.251.167 - - [02/Mar/2014:12:45:52 +0100] "GET /images/tri-dn.gif HTTP/1.1" 200 63 "http://www.modeinstitut-berlin.de/css/scroll_v.css" "Mozilla/5.0 (Windows NT 5.1; rv:24.0) Gecko/20100101 Firefox/24.0"
84.181.251.167 - - [02/Mar/2014:12:46:03 +0100] "GET /produkt/design/ HTTP/1.1" 200 6495 "http://www.modeinstitut-berlin.de/dienstkleidung/" "Mozilla/5.0 (Windows NT 5.1; rv:24.0) Gecko/20100101 Firefox/24.0"
84.181.251.167 - - [02/Mar/2014:12:46:09 +0100] "GET /produkt/design/verkehrsunternehmen/ HTTP/1.1" 200 6651 "http://www.modeinstitut-berlin.de/produkt/design/" "Mozilla/5.0 (Windows NT 5.1; rv:24.0) Gecko/20100101 Firefox/24.0"
84.181.251.167 - - [02/Mar/2014:12:46:14 +0100] "GET /produkt/design/verkehrsunternehmen/ HTTP/1.1" 200 6651 "http://www.modeinstitut-berlin.de/produkt/design/verkehrsunternehmen/" "Mozilla/5.0 (Windows NT 5.1; rv:24.0) Gecko/20100101 Firefox/24.0"
84.181.251.167 - - [02/Mar/2014:12:46:32 +0100] "GET /produkt/logistik/ HTTP/1.1" 200 6302 "http://www.modeinstitut-berlin.de/produkt/design/verkehrsunternehmen/" "Mozilla/5.0 (Windows NT 5.1; rv:24.0) Gecko/20100101 Firefox/24.0"
84.181.251.167 - - [02/Mar/2014:12:46:56 +0100] "GET /unternehmen/firmenprofil/ HTTP/1.1" 200 1948 "http://www.modeinstitut-berlin.de/produkt/logistik/" "Mozilla/5.0 (Windows NT 5.1; rv:24.0) Gecko/20100101 Firefox/24.0"
84.181.251.167 - - [02/Mar/2014:12:46:57 +0100] "GET /images/motive/image-sidebox_gsg.jpg HTTP/1.1" 200 165404 "http://www.modeinstitut-berlin.de/unternehmen/firmenprofil/" "Mozilla/5.0 (Windows NT 5.1; rv:24.0) Gecko/20100101 Firefox/24.0"
84.181.251.167 - - [02/Mar/2014:12:47:05 +0100] "GET / HTTP/1.1" 200 2050 "http://www.modeinstitut-berlin.de/unternehmen/firmenprofil/" "Mozilla/5.0 (Windows NT 5.1; rv:24.0) Gecko/20100101 Firefox/24.0"
82.211.42.177 - - [02/Mar/2014:12:47:27 +0100] "HEAD / HTTP/1.1" 200 - "http://www.link-im-internet.de" "Mozilla/5.0 (compatible; MSIE 9.0; Windows NT 6.1; WOW64; Trident/5.0)"
82.211.42.177 - - [02/Mar/2014:12:47:27 +0100] "HEAD /unternehmen/corporate-fashion/ HTTP/1.1" 301 - "http://www.link-im-internet.de" "Mozilla/5.0 (compatible; MSIE 9.0; Windows NT 6.1; WOW64; Trident/5.0)"
82.211.42.177 - - [02/Mar/2014:12:47:27 +0100] "HEAD / HTTP/1.1" 200 - "http://www.link-im-internet.de" "Mozilla/5.0 (compatible; MSIE 9.0; Windows NT 6.1; WOW64; Trident/5.0)"
84.181.251.167 - - [02/Mar/2014:12:47:39 +0100] "GET /referenzen/galerie/ HTTP/1.1" 200 4854 "http://www.modeinstitut-berlin.de/" "Mozilla/5.0 (Windows NT 5.1; rv:24.0) Gecko/20100101 Firefox/24.0"
84.181.251.167 - - [02/Mar/2014:12:47:39 +0100] "GET /js/swfobject.js HTTP/1.1" 200 10220 "http://www.modeinstitut-berlin.de/referenzen/galerie/" "Mozilla/5.0 (Windows NT 5.1; rv:24.0) Gecko/20100101 Firefox/24.0"
84.181.251.167 - - [02/Mar/2014:12:47:39 +0100] "GET /images/layout/bg-content-refs2.jpg HTTP/1.1" 200 28935 "http://www.modeinstitut-berlin.de/css/newstyles.css" "Mozilla/5.0 (Windows NT 5.1; rv:24.0) Gecko/20100101 Firefox/24.0"
84.181.251.167 - - [02/Mar/2014:12:47:40 +0100] "GET /images/flash/monoslideshow.swf HTTP/1.1" 200 107761 "http://www.modeinstitut-berlin.de/referenzen/galerie/" "Mozilla/5.0 (Windows NT 5.1; rv:24.0) Gecko/20100101 Firefox/24.0"
84.181.251.167 - - [02/Mar/2014:12:47:40 +0100] "GET /images/flash/monoslideshow.xml HTTP/1.1" 200 3149 "http://www.modeinstitut-berlin.de/images/flash/monoslideshow.swf" "Mozilla/5.0 (Windows NT 5.1; rv:24.0) Gecko/20100101 Firefox/24.0"
84.181.251.167 - - [02/Mar/2014:12:47:40 +0100] "GET /images/motive/slideshow/images/084-A-Design-Award-2013.jpg HTTP/1.1" 200 232895 "http://www.modeinstitut-berlin.de/images/flash/monoslideshow.swf" "Mozilla/5.0 (Windows NT 5.1; rv:24.0) Gecko/20100101 Firefox/24.0"
84.181.251.167 - - [02/Mar/2014:12:47:41 +0100] "GET /images/motive/slideshow/images/085-A-Design-Award-2013.jpg HTTP/1.1" 200 251517 "http://www.modeinstitut-berlin.de/images/flash/monoslideshow.swf" "Mozilla/5.0 (Windows NT 5.1; rv:24.0) Gecko/20100101 Firefox/24.0"
84.181.251.167 - - [02/Mar/2014:12:47:42 +0100] "GET /images/motive/slideshow/images/087.jpg HTTP/1.1" 200 225348 "http://www.modeinstitut-berlin.de/images/flash/monoslideshow.swf" "Mozilla/5.0 (Windows NT 5.1; rv:24.0) Gecko/20100101 Firefox/24.0"
84.181.251.167 - - [02/Mar/2014:12:47:48 +0100] "GET /images/motive/slideshow/images/088.jpg HTTP/1.1" 200 136016 "http://www.modeinstitut-berlin.de/images/flash/monoslideshow.swf" "Mozilla/5.0 (Windows NT 5.1; rv:24.0) Gecko/20100101 Firefox/24.0"
84.181.251.167 - - [02/Mar/2014:12:47:55 +0100] "GET /images/motive/slideshow/images/089.jpg HTTP/1.1" 200 212364 "http://www.modeinstitut-berlin.de/images/flash/monoslideshow.swf" "Mozilla/5.0 (Windows NT 5.1; rv:24.0) Gecko/20100101 Firefox/24.0"
84.181.251.167 - - [02/Mar/2014:12:48:02 +0100] "GET /images/motive/slideshow/images/090.jpg HTTP/1.1" 200 130130 "http://www.modeinstitut-berlin.de/images/flash/monoslideshow.swf" "Mozilla/5.0 (Windows NT 5.1; rv:24.0) Gecko/20100101 Firefox/24.0"
84.181.251.167 - - [02/Mar/2014:12:48:09 +0100] "GET /images/motive/slideshow/images/091.jpg HTTP/1.1" 200 191243 "http://www.modeinstitut-berlin.de/images/flash/monoslideshow.swf" "Mozilla/5.0 (Windows NT 5.1; rv:24.0) Gecko/20100101 Firefox/24.0"
84.181.251.167 - - [02/Mar/2014:12:48:13 +0100] "GET /images/layout/nav-hover-end.jpg HTTP/1.1" 200 780 "http://www.modeinstitut-berlin.de/css/newstyles.css" "Mozilla/5.0 (Windows NT 5.1; rv:24.0) Gecko/20100101 Firefox/24.0"
84.181.251.167 - - [02/Mar/2014:12:48:14 +0100] "GET /impressum/ HTTP/1.1" 200 5301 "http://www.modeinstitut-berlin.de/referenzen/galerie/" "Mozilla/5.0 (Windows NT 5.1; rv:24.0) Gecko/20100101 Firefox/24.0"
84.181.251.167 - - [02/Mar/2014:12:50:51 +0100] "GET /produkt/design/verkehrsunternehmen/ HTTP/1.1" 200 6651 "http://www.google.de/url?sa=t&rct=j&q=&esrc=s&source=web&cd=7&ved=0CEwQjBAwBg&url=http%3A%2F%2Fwww.modeinstitut-berlin.de%2Fprodukt%2Fdesign%2Fverkehrsunternehmen%2F&ei=ExcTU6LvLIiMtQbH7ICoDA&usg=AFQjCNEgUH_6U1Hby6VehwxCHeHjKNH4oA&bvm=bv.62286460,d.Yms" "Mozilla/5.0 (Windows NT 5.1; rv:24.0) Gecko/20100101 Firefox/24.0"
84.181.251.167 - - [02/Mar/2014:12:54:39 +0100] "GET / HTTP/1.1" 200 2050 "http://web2.cylex.de/reviews/viewcompanywebsite.aspx?firmaName=modeinstitut-berlin-gmbh&companyId=1299925" "Mozilla/5.0 (Windows NT 5.1; rv:24.0) Gecko/20100101 Firefox/24.0"
84.181.251.167 - - [02/Mar/2014:12:54:59 +0100] "GET /unternehmensbekleidung/ HTTP/1.1" 200 2308 "http://www.modeinstitut-berlin.de/" "Mozilla/5.0 (Windows NT 5.1; rv:24.0) Gecko/20100101 Firefox/24.0"
84.181.251.167 - - [02/Mar/2014:12:55:07 +0100] "GET /corporate-fashion/ HTTP/1.1" 200 10715 "http://www.modeinstitut-berlin.de/" "Mozilla/5.0 (Windows NT 5.1; rv:24.0) Gecko/20100101 Firefox/24.0"
84.181.251.167 - - [02/Mar/2014:12:55:32 +0100] "GET /produkt/design/ HTTP/1.1" 200 6495 "http://www.modeinstitut-berlin.de/corporate-fashion/" "Mozilla/5.0 (Windows NT 5.1; rv:24.0) Gecko/20100101 Firefox/24.0"
84.181.251.167 - - [02/Mar/2014:12:56:15 +0100] "GET / HTTP/1.1" 200 2050 "http://web2.cylex.de/reviews/viewcompanywebsite.aspx?firmaName=modeinstitut-berlin-gmbh&companyId=1299925" "Mozilla/5.0 (Windows NT 5.1; rv:24.0) Gecko/20100101 Firefox/24.0"
84.181.251.167 - - [02/Mar/2014:12:56:21 +0100] "GET /kontakt/kontaktdaten/ HTTP/1.1" 200 6304 "http://www.modeinstitut-berlin.de/" "Mozilla/5.0 (Windows NT 5.1; rv:24.0) Gecko/20100101 Firefox/24.0"
62.122.80.40 - - [02/Mar/2014:13:14:04 +0100] "GET /bestellsystem/kundenlogin/ HTTP/1.0" 200 4528 "-" "Mozilla/4.0 (compatible; MSIE 8.0; Windows NT 6.0; Trident/4.0; SLCC1; .NET CLR 2.0.50727; .NET CLR 3.0.30729; .NET CLR 1.1.4322; .NET CLR 3.5.30729; .NET4.0C; .NET4.0E; MS-RTC LM 8; Unicredit Group; Unicredit)"
62.122.80.40 - - [02/Mar/2014:13:14:04 +0100] "GET /css/newstyles.css HTTP/1.0" 304 - "http://www.modeinstitut-berlin.de/bestellsystem/kundenlogin/" "Mozilla/4.0 (compatible; MSIE 8.0; Windows NT 6.0; Trident/4.0; SLCC1; .NET CLR 2.0.50727; .NET CLR 3.0.30729; .NET CLR 1.1.4322; .NET CLR 3.5.30729; .NET4.0C; .NET4.0E; MS-RTC LM 8; Unicredit Group; Unicredit)"
62.122.80.40 - - [02/Mar/2014:13:14:04 +0100] "GET /includes/hover.js HTTP/1.0" 304 - "http://www.modeinstitut-berlin.de/bestellsystem/kundenlogin/" "Mozilla/4.0 (compatible; MSIE 8.0; Windows NT 6.0; Trident/4.0; SLCC1; .NET CLR 2.0.50727; .NET CLR 3.0.30729; .NET CLR 1.1.4322; .NET CLR 3.5.30729; .NET4.0C; .NET4.0E; MS-RTC LM 8; Unicredit Group; Unicredit)"
62.122.80.40 - - [02/Mar/2014:13:14:04 +0100] "GET /Scripts/AC_RunActiveContent.js HTTP/1.0" 304 - "http://www.modeinstitut-berlin.de/bestellsystem/kundenlogin/" "Mozilla/4.0 (compatible; MSIE 8.0; Windows NT 6.0; Trident/4.0; SLCC1; .NET CLR 2.0.50727; .NET CLR 3.0.30729; .NET CLR 1.1.4322; .NET CLR 3.5.30729; .NET4.0C; .NET4.0E; MS-RTC LM 8; Unicredit Group; Unicredit)"
62.122.80.40 - - [02/Mar/2014:13:14:04 +0100] "GET /images/layout/global-bg.jpg HTTP/1.0" 304 - "http://www.modeinstitut-berlin.de/bestellsystem/kundenlogin/" "Mozilla/4.0 (compatible; MSIE 8.0; Windows NT 6.0; Trident/4.0; SLCC1; .NET CLR 2.0.50727; .NET CLR 3.0.30729; .NET CLR 1.1.4322; .NET CLR 3.5.30729; .NET4.0C; .NET4.0E; MS-RTC LM 8; Unicredit Group; Unicredit)"
62.122.80.40 - - [02/Mar/2014:13:14:04 +0100] "GET /images/layout/bg-content-big-1.jpg HTTP/1.0" 304 - "http://www.modeinstitut-berlin.de/bestellsystem/kundenlogin/" "Mozilla/4.0 (compatible; MSIE 8.0; Windows NT 6.0; Trident/4.0; SLCC1; .NET CLR 2.0.50727; .NET CLR 3.0.30729; .NET CLR 1.1.4322; .NET CLR 3.5.30729; .NET4.0C; .NET4.0E; MS-RTC LM 8; Unicredit Group; Unicredit)"
62.122.80.40 - - [02/Mar/2014:13:14:04 +0100] "GET /images/layout/bg-navi.jpg HTTP/1.0" 304 - "http://www.modeinstitut-berlin.de/bestellsystem/kundenlogin/" "Mozilla/4.0 (compatible; MSIE 8.0; Windows NT 6.0; Trident/4.0; SLCC1; .NET CLR 2.0.50727; .NET CLR 3.0.30729; .NET CLR 1.1.4322; .NET CLR 3.5.30729; .NET4.0C; .NET4.0E; MS-RTC LM 8; Unicredit Group; Unicredit)"
62.122.80.40 - - [02/Mar/2014:13:14:04 +0100] "GET /images/layout/link.gif HTTP/1.0" 304 - "http://www.modeinstitut-berlin.de/bestellsystem/kundenlogin/" "Mozilla/4.0 (compatible; MSIE 8.0; Windows NT 6.0; Trident/4.0; SLCC1; .NET CLR 2.0.50727; .NET CLR 3.0.30729; .NET CLR 1.1.4322; .NET CLR 3.5.30729; .NET4.0C; .NET4.0E; MS-RTC LM 8; Unicredit Group; Unicredit)"
62.122.80.40 - - [02/Mar/2014:13:14:04 +0100] "GET /images/layout/nav-drop-foot.png HTTP/1.0" 304 - "http://www.modeinstitut-berlin.de/bestellsystem/kundenlogin/" "Mozilla/4.0 (compatible; MSIE 8.0; Windows NT 6.0; Trident/4.0; SLCC1; .NET CLR 2.0.50727; .NET CLR 3.0.30729; .NET CLR 1.1.4322; .NET CLR 3.5.30729; .NET4.0C; .NET4.0E; MS-RTC LM 8; Unicredit Group; Unicredit)"
62.122.80.40 - - [02/Mar/2014:13:14:04 +0100] "GET /images/layout/wrapper-bg.jpg HTTP/1.0" 304 - "http://www.modeinstitut-berlin.de/bestellsystem/kundenlogin/" "Mozilla/4.0 (compatible; MSIE 8.0; Windows NT 6.0; Trident/4.0; SLCC1; .NET CLR 2.0.50727; .NET CLR 3.0.30729; .NET CLR 1.1.4322; .NET CLR 3.5.30729; .NET4.0C; .NET4.0E; MS-RTC LM 8; Unicredit Group; Unicredit)"
62.122.80.40 - - [02/Mar/2014:13:14:04 +0100] "GET /favicon.ico HTTP/1.0" 404 1256 "-" "Mozilla/4.0 (compatible; MSIE 8.0; Windows NT 6.0; Trident/4.0; SLCC1; .NET CLR 2.0.50727; .NET CLR 3.0.30729; .NET CLR 1.1.4322; .NET CLR 3.5.30729; .NET4.0C; .NET4.0E; MS-RTC LM 8; Unicredit Group; Unicredit)"
84.181.251.167 - - [02/Mar/2014:13:15:24 +0100] "GET / HTTP/1.1" 200 2050 "http://www.google.de/url?sa=t&rct=j&q=&esrc=s&source=web&cd=1&ved=0CC8QFjAA&url=http%3A%2F%2Fwww.modeinstitut-berlin.de%2F&ei=ExcTU6LvLIiMtQbH7ICoDA&usg=AFQjCNGV1Fr5FizdOKg_EBKnjKkFrlfWEQ&bvm=bv.62286460,d.Yms" "Mozilla/5.0 (Windows NT 5.1; rv:24.0) Gecko/20100101 Firefox/24.0"
84.181.251.167 - - [02/Mar/2014:13:15:33 +0100] "GET / HTTP/1.1" 200 2050 "http://www.modeinstitut-berlin.de/" "Mozilla/5.0 (Windows NT 5.1; rv:24.0) Gecko/20100101 Firefox/24.0"
84.181.251.167 - - [02/Mar/2014:13:15:47 +0100] "GET /unternehmen/aktuelles/ HTTP/1.1" 200 5767 "http://www.modeinstitut-berlin.de/" "Mozilla/5.0 (Windows NT 5.1; rv:24.0) Gecko/20100101 Firefox/24.0"
62.122.80.40 - - [02/Mar/2014:13:15:51 +0100] "GET /images/layout/nav-hover-end.jpg HTTP/1.0" 304 - "http://www.modeinstitut-berlin.de/bestellsystem/kundenlogin/" "Mozilla/4.0 (compatible; MSIE 8.0; Windows NT 6.0; Trident/4.0; SLCC1; .NET CLR 2.0.50727; .NET CLR 3.0.30729; .NET CLR 1.1.4322; .NET CLR 3.5.30729; .NET4.0C; .NET4.0E; MS-RTC LM 8; Unicredit Group; Unicredit)"
84.181.251.167 - - [02/Mar/2014:13:16:11 +0100] "GET /unternehmen/aktuelles/Pressetermin-BVG/ HTTP/1.1" 200 5774 "http://www.modeinstitut-berlin.de/unternehmen/aktuelles/" "Mozilla/5.0 (Windows NT 5.1; rv:24.0) Gecko/20100101 Firefox/24.0"
84.181.251.167 - - [02/Mar/2014:13:16:11 +0100] "GET /images/motive/image-sidebox_BVG-Dienstkleidung.jpg HTTP/1.1" 200 94229 "http://www.modeinstitut-berlin.de/unternehmen/aktuelles/Pressetermin-BVG/" "Mozilla/5.0 (Windows NT 5.1; rv:24.0) Gecko/20100101 Firefox/24.0"
84.181.251.167 - - [02/Mar/2014:13:16:19 +0100] "GET /unternehmen/aktuelles/Pressetermin-BVG/Galerie-Pressetermin-BVG HTTP/1.1" 301 426 "http://www.modeinstitut-berlin.de/unternehmen/aktuelles/Pressetermin-BVG/" "Mozilla/5.0 (Windows NT 5.1; rv:24.0) Gecko/20100101 Firefox/24.0"
84.181.251.167 - - [02/Mar/2014:13:16:19 +0100] "GET /unternehmen/aktuelles/Pressetermin-BVG/Galerie-Pressetermin-BVG/ HTTP/1.1" 200 4873 "http://www.modeinstitut-berlin.de/unternehmen/aktuelles/Pressetermin-BVG/" "Mozilla/5.0 (Windows NT 5.1; rv:24.0) Gecko/20100101 Firefox/24.0"
84.181.251.167 - - [02/Mar/2014:13:16:20 +0100] "GET /images/flash/monoslideshow-Pressetermin-BVG.xml HTTP/1.1" 200 2945 "http://www.modeinstitut-berlin.de/images/flash/monoslideshow.swf" "Mozilla/5.0 (Windows NT 5.1; rv:24.0) Gecko/20100101 Firefox/24.0"
84.181.251.167 - - [02/Mar/2014:13:16:20 +0100] "GET /images/motive/slideshow/images/Pressetermin-BVG-01.jpg HTTP/1.1" 200 167257 "http://www.modeinstitut-berlin.de/images/flash/monoslideshow.swf" "Mozilla/5.0 (Windows NT 5.1; rv:24.0) Gecko/20100101 Firefox/24.0"
84.181.251.167 - - [02/Mar/2014:13:16:21 +0100] "GET /images/motive/slideshow/images/Pressetermin-BVG-02.jpg HTTP/1.1" 200 107465 "http://www.modeinstitut-berlin.de/images/flash/monoslideshow.swf" "Mozilla/5.0 (Windows NT 5.1; rv:24.0) Gecko/20100101 Firefox/24.0"
84.181.251.167 - - [02/Mar/2014:13:16:21 +0100] "GET /images/motive/slideshow/images/Pressetermin-BVG-03.jpg HTTP/1.1" 200 114454 "http://www.modeinstitut-berlin.de/images/flash/monoslideshow.swf" "Mozilla/5.0 (Windows NT 5.1; rv:24.0) Gecko/20100101 Firefox/24.0"
84.181.251.167 - - [02/Mar/2014:13:16:28 +0100] "GET /images/motive/slideshow/images/Pressetermin-BVG-04.jpg HTTP/1.1" 200 163984 "http://www.modeinstitut-berlin.de/images/flash/monoslideshow.swf" "Mozilla/5.0 (Windows NT 5.1; rv:24.0) Gecko/20100101 Firefox/24.0"
84.181.251.167 - - [02/Mar/2014:13:16:35 +0100] "GET /images/motive/slideshow/images/Pressetermin-BVG-05.jpg HTTP/1.1" 200 117940 "http://www.modeinstitut-berlin.de/images/flash/monoslideshow.swf" "Mozilla/5.0 (Windows NT 5.1; rv:24.0) Gecko/20100101 Firefox/24.0"
84.181.251.167 - - [02/Mar/2014:13:16:40 +0100] "GET /images/motive/slideshow/images/Pressetermin-BVG-06.jpg HTTP/1.1" 200 117714 "http://www.modeinstitut-berlin.de/images/flash/monoslideshow.swf" "Mozilla/5.0 (Windows NT 5.1; rv:24.0) Gecko/20100101 Firefox/24.0"
84.181.251.167 - - [02/Mar/2014:13:16:48 +0100] "GET /images/motive/slideshow/images/Pressetermin-BVG-07.jpg HTTP/1.1" 200 110063 "http://www.modeinstitut-berlin.de/images/flash/monoslideshow.swf" "Mozilla/5.0 (Windows NT 5.1; rv:24.0) Gecko/20100101 Firefox/24.0"
84.181.251.167 - - [02/Mar/2014:13:16:53 +0100] "GET /images/motive/slideshow/images/Pressetermin-BVG-08.jpg HTTP/1.1" 200 115402 "http://www.modeinstitut-berlin.de/images/flash/monoslideshow.swf" "Mozilla/5.0 (Windows NT 5.1; rv:24.0) Gecko/20100101 Firefox/24.0"
84.181.251.167 - - [02/Mar/2014:13:16:56 +0100] "GET /images/motive/slideshow/images/Pressetermin-BVG-09.jpg HTTP/1.1" 200 139698 "http://www.modeinstitut-berlin.de/images/flash/monoslideshow.swf" "Mozilla/5.0 (Windows NT 5.1; rv:24.0) Gecko/20100101 Firefox/24.0"
84.181.251.167 - - [02/Mar/2014:13:16:58 +0100] "GET /images/motive/slideshow/images/Pressetermin-BVG-10.jpg HTTP/1.1" 200 151288 "http://www.modeinstitut-berlin.de/images/flash/monoslideshow.swf" "Mozilla/5.0 (Windows NT 5.1; rv:24.0) Gecko/20100101 Firefox/24.0"
84.181.251.167 - - [02/Mar/2014:13:17:27 +0100] "GET /produkt/design/ HTTP/1.1" 200 6495 "http://www.modeinstitut-berlin.de/unternehmen/aktuelles/Pressetermin-BVG/Galerie-Pressetermin-BVG/" "Mozilla/5.0 (Windows NT 5.1; rv:24.0) Gecko/20100101 Firefox/24.0"
84.181.251.167 - - [02/Mar/2014:13:17:37 +0100] "GET /produkt/design/verkehrsunternehmen/ HTTP/1.1" 200 6651 "http://www.modeinstitut-berlin.de/produkt/design/" "Mozilla/5.0 (Windows NT 5.1; rv:24.0) Gecko/20100101 Firefox/24.0"
84.181.251.167 - - [02/Mar/2014:13:17:39 +0100] "GET /produkt/design/verkehrsunternehmen/ HTTP/1.1" 200 6651 "http://www.modeinstitut-berlin.de/produkt/design/verkehrsunternehmen/" "Mozilla/5.0 (Windows NT 5.1; rv:24.0) Gecko/20100101 Firefox/24.0"
84.181.251.167 - - [02/Mar/2014:13:17:40 +0100] "GET /produkt/design/verkehrsunternehmen/ HTTP/1.1" 200 6651 "http://www.modeinstitut-berlin.de/produkt/design/verkehrsunternehmen/" "Mozilla/5.0 (Windows NT 5.1; rv:24.0) Gecko/20100101 Firefox/24.0"
84.181.251.167 - - [02/Mar/2014:13:18:10 +0100] "GET /bestellsystem/kundenlogin/ HTTP/1.1" 200 4528 "http://www.google.de/url?sa=t&rct=j&q=&esrc=s&source=web&cd=2&ved=0CDgQjBAwAQ&url=http%3A%2F%2Fwww.modeinstitut-berlin.de%2Fbestellsystem%2Fkundenlogin%2F&ei=ExcTU6LvLIiMtQbH7ICoDA&usg=AFQjCNEbo3WEGUXkO7AR33iGik8mipk3xA&bvm=bv.62286460,d.Yms" "Mozilla/5.0 (Windows NT 5.1; rv:24.0) Gecko/20100101 Firefox/24.0"
84.181.251.167 - - [02/Mar/2014:13:18:20 +0100] "GET /kontakt/kontaktdaten/index.php HTTP/1.1" 200 6304 "http://www.modeinstitut-berlin.de/bestellsystem/kundenlogin/" "Mozilla/5.0 (Windows NT 5.1; rv:24.0) Gecko/20100101 Firefox/24.0"
84.181.251.167 - - [02/Mar/2014:13:18:59 +0100] "GET /kontakt/kontaktformular/ HTTP/1.1" 200 1795 "http://www.modeinstitut-berlin.de/kontakt/kontaktdaten/index.php" "Mozilla/5.0 (Windows NT 5.1; rv:24.0) Gecko/20100101 Firefox/24.0"
62.122.80.40 - - [02/Mar/2014:13:23:14 +0100] "GET /retourenbeleg HTTP/1.0" 301 376 "http://shop-modeinstitut-berlin.zugseil.com/oac/flash.swf" "Mozilla/4.0 (compatible; MSIE 8.0; Windows NT 6.0; Trident/4.0; SLCC1; .NET CLR 2.0.50727; .NET CLR 3.0.30729; .NET CLR 1.1.4322; .NET CLR 3.5.30729; .NET4.0C; .NET4.0E; MS-RTC LM 8; Unicredit Group; Unicredit)"
62.122.80.40 - - [02/Mar/2014:13:23:14 +0100] "GET /retourenbeleg/ HTTP/1.0" 200 5338 "http://shop-modeinstitut-berlin.zugseil.com/oac/flash.swf" "Mozilla/4.0 (compatible; MSIE 8.0; Windows NT 6.0; Trident/4.0; SLCC1; .NET CLR 2.0.50727; .NET CLR 3.0.30729; .NET CLR 1.1.4322; .NET CLR 3.5.30729; .NET4.0C; .NET4.0E; MS-RTC LM 8; Unicredit Group; Unicredit)"
62.122.80.40 - - [02/Mar/2014:13:23:14 +0100] "GET /css/newstyles.css HTTP/1.0" 304 - "http://www.modeinstitut-berlin.de/retourenbeleg/" "Mozilla/4.0 (compatible; MSIE 8.0; Windows NT 6.0; Trident/4.0; SLCC1; .NET CLR 2.0.50727; .NET CLR 3.0.30729; .NET CLR 1.1.4322; .NET CLR 3.5.30729; .NET4.0C; .NET4.0E; MS-RTC LM 8; Unicredit Group; Unicredit)"
62.122.80.40 - - [02/Mar/2014:13:23:14 +0100] "GET /images/layout/global-bg.jpg HTTP/1.0" 304 - "http://www.modeinstitut-berlin.de/retourenbeleg/" "Mozilla/4.0 (compatible; MSIE 8.0; Windows NT 6.0; Trident/4.0; SLCC1; .NET CLR 2.0.50727; .NET CLR 3.0.30729; .NET CLR 1.1.4322; .NET CLR 3.5.30729; .NET4.0C; .NET4.0E; MS-RTC LM 8; Unicredit Group; Unicredit)"
62.122.80.40 - - [02/Mar/2014:13:23:14 +0100] "GET /includes/hover.js HTTP/1.0" 304 - "http://www.modeinstitut-berlin.de/retourenbeleg/" "Mozilla/4.0 (compatible; MSIE 8.0; Windows NT 6.0; Trident/4.0; SLCC1; .NET CLR 2.0.50727; .NET CLR 3.0.30729; .NET CLR 1.1.4322; .NET CLR 3.5.30729; .NET4.0C; .NET4.0E; MS-RTC LM 8; Unicredit Group; Unicredit)"
62.122.80.40 - - [02/Mar/2014:13:23:14 +0100] "GET /Scripts/AC_RunActiveContent.js HTTP/1.0" 304 - "http://www.modeinstitut-berlin.de/retourenbeleg/" "Mozilla/4.0 (compatible; MSIE 8.0; Windows NT 6.0; Trident/4.0; SLCC1; .NET CLR 2.0.50727; .NET CLR 3.0.30729; .NET CLR 1.1.4322; .NET CLR 3.5.30729; .NET4.0C; .NET4.0E; MS-RTC LM 8; Unicredit Group; Unicredit)"
62.122.80.40 - - [02/Mar/2014:13:23:14 +0100] "GET /images/layout/wrapper-bg.jpg HTTP/1.0" 304 - "http://www.modeinstitut-berlin.de/retourenbeleg/" "Mozilla/4.0 (compatible; MSIE 8.0; Windows NT 6.0; Trident/4.0; SLCC1; .NET CLR 2.0.50727; .NET CLR 3.0.30729; .NET CLR 1.1.4322; .NET CLR 3.5.30729; .NET4.0C; .NET4.0E; MS-RTC LM 8; Unicredit Group; Unicredit)"
62.122.80.40 - - [02/Mar/2014:13:23:14 +0100] "GET /images/layout/bg-navi.jpg HTTP/1.0" 304 - "http://www.modeinstitut-berlin.de/retourenbeleg/" "Mozilla/4.0 (compatible; MSIE 8.0; Windows NT 6.0; Trident/4.0; SLCC1; .NET CLR 2.0.50727; .NET CLR 3.0.30729; .NET CLR 1.1.4322; .NET CLR 3.5.30729; .NET4.0C; .NET4.0E; MS-RTC LM 8; Unicredit Group; Unicredit)"
62.122.80.40 - - [02/Mar/2014:13:23:14 +0100] "GET /images/layout/link.gif HTTP/1.0" 304 - "http://www.modeinstitut-berlin.de/retourenbeleg/" "Mozilla/4.0 (compatible; MSIE 8.0; Windows NT 6.0; Trident/4.0; SLCC1; .NET CLR 2.0.50727; .NET CLR 3.0.30729; .NET CLR 1.1.4322; .NET CLR 3.5.30729; .NET4.0C; .NET4.0E; MS-RTC LM 8; Unicredit Group; Unicredit)"
62.122.80.40 - - [02/Mar/2014:13:23:14 +0100] "GET /images/layout/bg-content-big-1.jpg HTTP/1.0" 304 - "http://www.modeinstitut-berlin.de/retourenbeleg/" "Mozilla/4.0 (compatible; MSIE 8.0; Windows NT 6.0; Trident/4.0; SLCC1; .NET CLR 2.0.50727; .NET CLR 3.0.30729; .NET CLR 1.1.4322; .NET CLR 3.5.30729; .NET4.0C; .NET4.0E; MS-RTC LM 8; Unicredit Group; Unicredit)"
62.122.80.40 - - [02/Mar/2014:13:23:14 +0100] "GET /images/layout/nav-drop-foot.png HTTP/1.0" 304 - "http://www.modeinstitut-berlin.de/retourenbeleg/" "Mozilla/4.0 (compatible; MSIE 8.0; Windows NT 6.0; Trident/4.0; SLCC1; .NET CLR 2.0.50727; .NET CLR 3.0.30729; .NET CLR 1.1.4322; .NET CLR 3.5.30729; .NET4.0C; .NET4.0E; MS-RTC LM 8; Unicredit Group; Unicredit)"
62.122.80.40 - - [02/Mar/2014:13:23:14 +0100] "GET /favicon.ico HTTP/1.0" 404 1256 "-" "Mozilla/4.0 (compatible; MSIE 8.0; Windows NT 6.0; Trident/4.0; SLCC1; .NET CLR 2.0.50727; .NET CLR 3.0.30729; .NET CLR 1.1.4322; .NET CLR 3.5.30729; .NET4.0C; .NET4.0E; MS-RTC LM 8; Unicredit Group; Unicredit)"
141.8.147.12 - - [02/Mar/2014:13:38:46 +0100] "GET /robots.txt HTTP/1.1" 200 317 "-" "Mozilla/5.0 (compatible; YandexBot/3.0; +http://yandex.com/bots)"
62.122.80.40 - - [02/Mar/2014:13:41:17 +0100] "GET /retourenbeleg HTTP/1.0" 301 376 "http://shop-modeinstitut-berlin.zugseil.com/oac/flash.swf" "Mozilla/4.0 (compatible; MSIE 8.0; Windows NT 6.0; Trident/4.0; SLCC1; .NET CLR 2.0.50727; .NET CLR 3.0.30729; .NET CLR 1.1.4322; .NET CLR 3.5.30729; .NET4.0C; .NET4.0E; MS-RTC LM 8; Unicredit Group; Unicredit)"
62.122.80.40 - - [02/Mar/2014:13:41:17 +0100] "GET /retourenbeleg/ HTTP/1.0" 200 5338 "http://shop-modeinstitut-berlin.zugseil.com/oac/flash.swf" "Mozilla/4.0 (compatible; MSIE 8.0; Windows NT 6.0; Trident/4.0; SLCC1; .NET CLR 2.0.50727; .NET CLR 3.0.30729; .NET CLR 1.1.4322; .NET CLR 3.5.30729; .NET4.0C; .NET4.0E; MS-RTC LM 8; Unicredit Group; Unicredit)"
62.122.80.40 - - [02/Mar/2014:13:41:17 +0100] "GET /css/newstyles.css HTTP/1.0" 304 - "http://www.modeinstitut-berlin.de/retourenbeleg/" "Mozilla/4.0 (compatible; MSIE 8.0; Windows NT 6.0; Trident/4.0; SLCC1; .NET CLR 2.0.50727; .NET CLR 3.0.30729; .NET CLR 1.1.4322; .NET CLR 3.5.30729; .NET4.0C; .NET4.0E; MS-RTC LM 8; Unicredit Group; Unicredit)"
62.122.80.40 - - [02/Mar/2014:13:41:17 +0100] "GET /images/layout/global-bg.jpg HTTP/1.0" 304 - "http://www.modeinstitut-berlin.de/retourenbeleg/" "Mozilla/4.0 (compatible; MSIE 8.0; Windows NT 6.0; Trident/4.0; SLCC1; .NET CLR 2.0.50727; .NET CLR 3.0.30729; .NET CLR 1.1.4322; .NET CLR 3.5.30729; .NET4.0C; .NET4.0E; MS-RTC LM 8; Unicredit Group; Unicredit)"
62.122.80.40 - - [02/Mar/2014:13:41:17 +0100] "GET /Scripts/AC_RunActiveContent.js HTTP/1.0" 304 - "http://www.modeinstitut-berlin.de/retourenbeleg/" "Mozilla/4.0 (compatible; MSIE 8.0; Windows NT 6.0; Trident/4.0; SLCC1; .NET CLR 2.0.50727; .NET CLR 3.0.30729; .NET CLR 1.1.4322; .NET CLR 3.5.30729; .NET4.0C; .NET4.0E; MS-RTC LM 8; Unicredit Group; Unicredit)"
62.122.80.40 - - [02/Mar/2014:13:41:17 +0100] "GET /includes/hover.js HTTP/1.0" 304 - "http://www.modeinstitut-berlin.de/retourenbeleg/" "Mozilla/4.0 (compatible; MSIE 8.0; Windows NT 6.0; Trident/4.0; SLCC1; .NET CLR 2.0.50727; .NET CLR 3.0.30729; .NET CLR 1.1.4322; .NET CLR 3.5.30729; .NET4.0C; .NET4.0E; MS-RTC LM 8; Unicredit Group; Unicredit)"
62.122.80.40 - - [02/Mar/2014:13:41:17 +0100] "GET /images/layout/wrapper-bg.jpg HTTP/1.0" 304 - "http://www.modeinstitut-berlin.de/retourenbeleg/" "Mozilla/4.0 (compatible; MSIE 8.0; Windows NT 6.0; Trident/4.0; SLCC1; .NET CLR 2.0.50727; .NET CLR 3.0.30729; .NET CLR 1.1.4322; .NET CLR 3.5.30729; .NET4.0C; .NET4.0E; MS-RTC LM 8; Unicredit Group; Unicredit)"
62.122.80.40 - - [02/Mar/2014:13:41:17 +0100] "GET /images/layout/bg-navi.jpg HTTP/1.0" 304 - "http://www.modeinstitut-berlin.de/retourenbeleg/" "Mozilla/4.0 (compatible; MSIE 8.0; Windows NT 6.0; Trident/4.0; SLCC1; .NET CLR 2.0.50727; .NET CLR 3.0.30729; .NET CLR 1.1.4322; .NET CLR 3.5.30729; .NET4.0C; .NET4.0E; MS-RTC LM 8; Unicredit Group; Unicredit)"
62.122.80.40 - - [02/Mar/2014:13:41:17 +0100] "GET /images/layout/bg-content-big-1.jpg HTTP/1.0" 304 - "http://www.modeinstitut-berlin.de/retourenbeleg/" "Mozilla/4.0 (compatible; MSIE 8.0; Windows NT 6.0; Trident/4.0; SLCC1; .NET CLR 2.0.50727; .NET CLR 3.0.30729; .NET CLR 1.1.4322; .NET CLR 3.5.30729; .NET4.0C; .NET4.0E; MS-RTC LM 8; Unicredit Group; Unicredit)"
62.122.80.40 - - [02/Mar/2014:13:41:17 +0100] "GET /images/layout/link.gif HTTP/1.0" 304 - "http://www.modeinstitut-berlin.de/retourenbeleg/" "Mozilla/4.0 (compatible; MSIE 8.0; Windows NT 6.0; Trident/4.0; SLCC1; .NET CLR 2.0.50727; .NET CLR 3.0.30729; .NET CLR 1.1.4322; .NET CLR 3.5.30729; .NET4.0C; .NET4.0E; MS-RTC LM 8; Unicredit Group; Unicredit)"
62.122.80.40 - - [02/Mar/2014:13:41:17 +0100] "GET /images/layout/nav-drop-foot.png HTTP/1.0" 304 - "http://www.modeinstitut-berlin.de/retourenbeleg/" "Mozilla/4.0 (compatible; MSIE 8.0; Windows NT 6.0; Trident/4.0; SLCC1; .NET CLR 2.0.50727; .NET CLR 3.0.30729; .NET CLR 1.1.4322; .NET CLR 3.5.30729; .NET4.0C; .NET4.0E; MS-RTC LM 8; Unicredit Group; Unicredit)"
101.226.168.245 - - [02/Mar/2014:13:41:48 +0100] "GET / HTTP/1.1" 200 2050 "http://www.modeinstitut-berlin.de/" "Mozilla/4.0 (compatible; MSIE 8.0; Windows NT 6.1; Trident/4.0; SLCC2; .NET CLR 2.0.50727; .NET CLR 3.5.30729; .NET CLR 3.0.30729; Media Center PC 6.0; MDDR; .NET4.0C; .NET4.0E; .NET CLR 1.1.4322; Tablet PC 2.0); 360Spider"
101.226.168.247 - - [02/Mar/2014:13:41:55 +0100] "GET / HTTP/1.1" 301 358 "http://modeinstitut-berlin.de/" "Mozilla/4.0 (compatible; MSIE 8.0; Windows NT 6.1; Trident/4.0; SLCC2; .NET CLR 2.0.50727; .NET CLR 3.5.30729; .NET CLR 3.0.30729; Media Center PC 6.0; MDDR; .NET4.0C; .NET4.0E; .NET CLR 1.1.4322; Tablet PC 2.0); 360Spider"
101.226.168.249 - - [02/Mar/2014:13:41:59 +0100] "GET / HTTP/1.1" 200 2050 "http://www.modeinstitut-berlin.de/" "Mozilla/4.0 (compatible; MSIE 8.0; Windows NT 6.1; Trident/4.0; SLCC2; .NET CLR 2.0.50727; .NET CLR 3.5.30729; .NET CLR 3.0.30729; Media Center PC 6.0; MDDR; .NET4.0C; .NET4.0E; .NET CLR 1.1.4322; Tablet PC 2.0); 360Spider"
65.55.52.118 - - [02/Mar/2014:13:53:06 +0100] "GET /robots.txt HTTP/1.1" 200 317 "-" "Mozilla/5.0 (compatible; bingbot/2.0; +http://www.bing.com/bingbot.htm)"
65.55.52.118 - - [02/Mar/2014:13:54:07 +0100] "GET /produkt/logistik/ HTTP/1.1" 200 6302 "-" "Mozilla/5.0 (compatible; bingbot/2.0; +http://www.bing.com/bingbot.htm)"
