212.91.246.65 - - [04/Feb/2014:14:12:09 +0100] "GET /images/motive/image-sidebox_BVG-Dienstkleidung.jpg HTTP/1.1" 200 94229 "http://www.modeinstitut-berlin.de/unternehmen/aktuelles/Pressetermin-BVG/" "Mozilla/5.0 (Windows NT 6.1; WOW64; rv:25.0) Gecko/20100101 Firefox/25.0"
95.91.243.29 - - [04/Feb/2014:14:12:09 +0100] "GET /referenzen/referenzstatements/ HTTP/1.1" 200 4884 "http://www.modeinstitut-berlin.de/referenzen/auszug/" "Mozilla/5.0 (Windows NT 6.1; rv:26.0) Gecko/20100101 Firefox/26.0"
95.91.243.29 - - [04/Feb/2014:14:12:10 +0100] "GET /js/swfobject.js HTTP/1.1" 200 10220 "http://www.modeinstitut-berlin.de/referenzen/referenzstatements/" "Mozilla/5.0 (Windows NT 6.1; rv:26.0) Gecko/20100101 Firefox/26.0"
95.91.243.29 - - [04/Feb/2014:14:12:10 +0100] "GET /images/layout/bg-content-refs2.jpg HTTP/1.1" 200 28935 "http://www.modeinstitut-berlin.de/css/newstyles.css" "Mozilla/5.0 (Windows NT 6.1; rv:26.0) Gecko/20100101 Firefox/26.0"
95.91.243.29 - - [04/Feb/2014:14:12:10 +0100] "GET /images/flash/monoslideshow.swf HTTP/1.1" 200 107761 "http://www.modeinstitut-berlin.de/referenzen/referenzstatements/" "Mozilla/5.0 (Windows NT 6.1; rv:26.0) Gecko/20100101 Firefox/26.0"
95.91.243.29 - - [04/Feb/2014:14:12:10 +0100] "GET /images/flash/monoslideshow-statements.xml HTTP/1.1" 200 2118 "http://www.modeinstitut-berlin.de/images/flash/monoslideshow.swf" "Mozilla/5.0 (Windows NT 6.1; rv:26.0) Gecko/20100101 Firefox/26.0"
95.91.243.29 - - [04/Feb/2014:14:12:11 +0100] "GET /images/motive/slideshow/thumbnails/statements-arosa.jpg HTTP/1.1" 200 14748 "http://www.modeinstitut-berlin.de/images/flash/monoslideshow.swf" "Mozilla/5.0 (Windows NT 6.1; rv:26.0) Gecko/20100101 Firefox/26.0"
95.91.243.29 - - [04/Feb/2014:14:12:11 +0100] "GET /images/motive/slideshow/thumbnails/statements-bt.jpg HTTP/1.1" 200 17133 "http://www.modeinstitut-berlin.de/images/flash/monoslideshow.swf" "Mozilla/5.0 (Windows NT 6.1; rv:26.0) Gecko/20100101 Firefox/26.0"
95.91.243.29 - - [04/Feb/2014:14:12:11 +0100] "GET /images/motive/slideshow/thumbnails/statements-bvg.jpg HTTP/1.1" 200 15367 "http://www.modeinstitut-berlin.de/images/flash/monoslideshow.swf" "Mozilla/5.0 (Windows NT 6.1; rv:26.0) Gecko/20100101 Firefox/26.0"
95.91.243.29 - - [04/Feb/2014:14:12:11 +0100] "GET /images/motive/slideshow/thumbnails/statements-frasec.jpg HTTP/1.1" 200 17134 "http://www.modeinstitut-berlin.de/images/flash/monoslideshow.swf" "Mozilla/5.0 (Windows NT 6.1; rv:26.0) Gecko/20100101 Firefox/26.0"
95.91.243.29 - - [04/Feb/2014:14:12:11 +0100] "GET /images/motive/slideshow/thumbnails/statements-kameha.jpg HTTP/1.1" 200 14980 "http://www.modeinstitut-berlin.de/images/flash/monoslideshow.swf" "Mozilla/5.0 (Windows NT 6.1; rv:26.0) Gecko/20100101 Firefox/26.0"
95.91.243.29 - - [04/Feb/2014:14:12:11 +0100] "GET /images/motive/slideshow/thumbnails/statements-melia.jpg HTTP/1.1" 200 15576 "http://www.modeinstitut-berlin.de/images/flash/monoslideshow.swf" "Mozilla/5.0 (Windows NT 6.1; rv:26.0) Gecko/20100101 Firefox/26.0"
95.91.243.29 - - [04/Feb/2014:14:12:11 +0100] "GET /images/motive/slideshow/thumbnails/statements-vag.jpg HTTP/1.1" 200 17367 "http://www.modeinstitut-berlin.de/images/flash/monoslideshow.swf" "Mozilla/5.0 (Windows NT 6.1; rv:26.0) Gecko/20100101 Firefox/26.0"
95.91.243.29 - - [04/Feb/2014:14:12:11 +0100] "GET /images/motive/slideshow/thumbnails/statements-vgf.jpg HTTP/1.1" 200 15000 "http://www.modeinstitut-berlin.de/images/flash/monoslideshow.swf" "Mozilla/5.0 (Windows NT 6.1; rv:26.0) Gecko/20100101 Firefox/26.0"
95.91.243.29 - - [04/Feb/2014:14:12:12 +0100] "GET /images/motive/slideshow/images/statements-bvg.jpg HTTP/1.1" 200 130858 "http://www.modeinstitut-berlin.de/images/flash/monoslideshow.swf" "Mozilla/5.0 (Windows NT 6.1; rv:26.0) Gecko/20100101 Firefox/26.0"
95.91.243.29 - - [04/Feb/2014:14:12:13 +0100] "GET /images/motive/slideshow/images/statements-frasec.jpg HTTP/1.1" 200 120800 "http://www.modeinstitut-berlin.de/images/flash/monoslideshow.swf" "Mozilla/5.0 (Windows NT 6.1; rv:26.0) Gecko/20100101 Firefox/26.0"
95.91.243.29 - - [04/Feb/2014:14:12:13 +0100] "GET /images/motive/slideshow/images/statements-kameha.jpg HTTP/1.1" 200 149922 "http://www.modeinstitut-berlin.de/images/flash/monoslideshow.swf" "Mozilla/5.0 (Windows NT 6.1; rv:26.0) Gecko/20100101 Firefox/26.0"
212.91.246.65 - - [04/Feb/2014:14:12:16 +0100] "GET /unternehmen/aktuelles/Pressetermin-BVG/Galerie-Pressetermin-BVG HTTP/1.1" 301 426 "http://www.modeinstitut-berlin.de/unternehmen/aktuelles/Pressetermin-BVG/" "Mozilla/5.0 (Windows NT 6.1; WOW64; rv:25.0) Gecko/20100101 Firefox/25.0"
95.91.243.29 - - [04/Feb/2014:14:12:16 +0100] "GET /referenzen/galerie/ HTTP/1.1" 200 4854 "http://www.modeinstitut-berlin.de/referenzen/referenzstatements/" "Mozilla/5.0 (Windows NT 6.1; rv:26.0) Gecko/20100101 Firefox/26.0"
212.91.246.65 - - [04/Feb/2014:14:12:16 +0100] "GET /unternehmen/aktuelles/Pressetermin-BVG/Galerie-Pressetermin-BVG/ HTTP/1.1" 200 4873 "http://www.modeinstitut-berlin.de/unternehmen/aktuelles/Pressetermin-BVG/" "Mozilla/5.0 (Windows NT 6.1; WOW64; rv:25.0) Gecko/20100101 Firefox/25.0"
212.91.246.65 - - [04/Feb/2014:14:12:16 +0100] "GET /images/flash/monoslideshow-Pressetermin-BVG.xml HTTP/1.1" 200 2945 "http://www.modeinstitut-berlin.de/images/flash/monoslideshow.swf" "Mozilla/5.0 (Windows NT 6.1; WOW64; rv:25.0) Gecko/20100101 Firefox/25.0"
212.91.246.65 - - [04/Feb/2014:14:12:16 +0100] "GET /images/motive/slideshow/images/Pressetermin-BVG-01.jpg HTTP/1.1" 200 167257 "http://www.modeinstitut-berlin.de/images/flash/monoslideshow.swf" "Mozilla/5.0 (Windows NT 6.1; WOW64; rv:25.0) Gecko/20100101 Firefox/25.0"
212.91.246.65 - - [04/Feb/2014:14:12:17 +0100] "GET /images/motive/slideshow/images/Pressetermin-BVG-02.jpg HTTP/1.1" 200 107465 "http://www.modeinstitut-berlin.de/images/flash/monoslideshow.swf" "Mozilla/5.0 (Windows NT 6.1; WOW64; rv:25.0) Gecko/20100101 Firefox/25.0"
212.91.246.65 - - [04/Feb/2014:14:12:17 +0100] "GET /images/motive/slideshow/images/Pressetermin-BVG-03.jpg HTTP/1.1" 200 114454 "http://www.modeinstitut-berlin.de/images/flash/monoslideshow.swf" "Mozilla/5.0 (Windows NT 6.1; WOW64; rv:25.0) Gecko/20100101 Firefox/25.0"
95.91.243.29 - - [04/Feb/2014:14:12:17 +0100] "GET /images/flash/monoslideshow.xml HTTP/1.1" 200 3149 "http://www.modeinstitut-berlin.de/images/flash/monoslideshow.swf" "Mozilla/5.0 (Windows NT 6.1; rv:26.0) Gecko/20100101 Firefox/26.0"
95.91.243.29 - - [04/Feb/2014:14:12:17 +0100] "GET /images/motive/slideshow/images/084-A-Design-Award-2013.jpg HTTP/1.1" 200 232895 "http://www.modeinstitut-berlin.de/images/flash/monoslideshow.swf" "Mozilla/5.0 (Windows NT 6.1; rv:26.0) Gecko/20100101 Firefox/26.0"
95.91.243.29 - - [04/Feb/2014:14:12:17 +0100] "GET /images/motive/slideshow/images/085-A-Design-Award-2013.jpg HTTP/1.1" 200 251517 "http://www.modeinstitut-berlin.de/images/flash/monoslideshow.swf" "Mozilla/5.0 (Windows NT 6.1; rv:26.0) Gecko/20100101 Firefox/26.0"
95.91.243.29 - - [04/Feb/2014:14:12:17 +0100] "GET /images/motive/slideshow/images/087.jpg HTTP/1.1" 200 225348 "http://www.modeinstitut-berlin.de/images/flash/monoslideshow.swf" "Mozilla/5.0 (Windows NT 6.1; rv:26.0) Gecko/20100101 Firefox/26.0"
212.91.246.65 - - [04/Feb/2014:14:12:21 +0100] "GET /images/motive/slideshow/images/Pressetermin-BVG-04.jpg HTTP/1.1" 200 163984 "http://www.modeinstitut-berlin.de/images/flash/monoslideshow.swf" "Mozilla/5.0 (Windows NT 6.1; WOW64; rv:25.0) Gecko/20100101 Firefox/25.0"
85.158.138.20 - - [04/Feb/2014:14:12:22 +0100] "GET /images/layout/nav-hover-all.jpg HTTP/1.0" 200 332 "http://www.modeinstitut-berlin.de/bestellsystem/kundenlogin/" "Mozilla/4.0 (compatible; MSIE 8.0; Windows NT 6.1; WOW64; Trident/4.0; SLCC2; .NET CLR 2.0.50727; .NET CLR 3.5.30729; .NET CLR 3.0.30729; Media Center PC 6.0; .NET4.0C; .NET4.0E)"
212.91.246.65 - - [04/Feb/2014:14:12:23 +0100] "GET /images/motive/slideshow/images/Pressetermin-BVG-05.jpg HTTP/1.1" 200 117940 "http://www.modeinstitut-berlin.de/images/flash/monoslideshow.swf" "Mozilla/5.0 (Windows NT 6.1; WOW64; rv:25.0) Gecko/20100101 Firefox/25.0"
212.91.246.65 - - [04/Feb/2014:14:12:24 +0100] "GET /images/motive/slideshow/images/Pressetermin-BVG-06.jpg HTTP/1.1" 200 117714 "http://www.modeinstitut-berlin.de/images/flash/monoslideshow.swf" "Mozilla/5.0 (Windows NT 6.1; WOW64; rv:25.0) Gecko/20100101 Firefox/25.0"
95.91.243.29 - - [04/Feb/2014:14:12:24 +0100] "GET /images/motive/slideshow/images/088.jpg HTTP/1.1" 200 136016 "http://www.modeinstitut-berlin.de/images/flash/monoslideshow.swf" "Mozilla/5.0 (Windows NT 6.1; rv:26.0) Gecko/20100101 Firefox/26.0"
212.91.246.65 - - [04/Feb/2014:14:12:25 +0100] "GET /images/motive/slideshow/images/Pressetermin-BVG-07.jpg HTTP/1.1" 200 110063 "http://www.modeinstitut-berlin.de/images/flash/monoslideshow.swf" "Mozilla/5.0 (Windows NT 6.1; WOW64; rv:25.0) Gecko/20100101 Firefox/25.0"
85.158.138.20 - - [04/Feb/2014:14:12:26 +0100] "GET /bestellsystem/kundenlogin/ HTTP/1.0" 200 4528 "http://www.modeinstitut-berlin.de/bestellsystem/kundenlogin/" "Mozilla/4.0 (compatible; MSIE 8.0; Windows NT 6.1; WOW64; Trident/4.0; SLCC2; .NET CLR 2.0.50727; .NET CLR 3.5.30729; .NET CLR 3.0.30729; Media Center PC 6.0; .NET4.0C; .NET4.0E)"
212.91.246.65 - - [04/Feb/2014:14:12:26 +0100] "GET /images/motive/slideshow/images/Pressetermin-BVG-08.jpg HTTP/1.1" 200 115402 "http://www.modeinstitut-berlin.de/images/flash/monoslideshow.swf" "Mozilla/5.0 (Windows NT 6.1; WOW64; rv:25.0) Gecko/20100101 Firefox/25.0"
95.91.243.29 - - [04/Feb/2014:14:12:28 +0100] "GET /bestellsystem/kundenlogin/ HTTP/1.1" 200 4528 "http://www.modeinstitut-berlin.de/referenzen/galerie/" "Mozilla/5.0 (Windows NT 6.1; rv:26.0) Gecko/20100101 Firefox/26.0"
212.91.246.65 - - [04/Feb/2014:14:12:28 +0100] "GET /images/motive/slideshow/images/Pressetermin-BVG-09.jpg HTTP/1.1" 200 139698 "http://www.modeinstitut-berlin.de/images/flash/monoslideshow.swf" "Mozilla/5.0 (Windows NT 6.1; WOW64; rv:25.0) Gecko/20100101 Firefox/25.0"
212.91.246.65 - - [04/Feb/2014:14:12:30 +0100] "GET /images/motive/slideshow/images/Pressetermin-BVG-10.jpg HTTP/1.1" 200 151288 "http://www.modeinstitut-berlin.de/images/flash/monoslideshow.swf" "Mozilla/5.0 (Windows NT 6.1; WOW64; rv:25.0) Gecko/20100101 Firefox/25.0"
95.91.243.29 - - [04/Feb/2014:14:12:36 +0100] "GET /kontakt/kontaktdaten/index.php HTTP/1.1" 200 6304 "http://www.modeinstitut-berlin.de/bestellsystem/kundenlogin/" "Mozilla/5.0 (Windows NT 6.1; rv:26.0) Gecko/20100101 Firefox/26.0"
95.91.243.29 - - [04/Feb/2014:14:12:36 +0100] "GET /images/motive/image-sidebox_gsg.jpg HTTP/1.1" 200 165404 "http://www.modeinstitut-berlin.de/kontakt/kontaktdaten/index.php" "Mozilla/5.0 (Windows NT 6.1; rv:26.0) Gecko/20100101 Firefox/26.0"
95.91.243.29 - - [04/Feb/2014:14:12:46 +0100] "GET /bestellsystem/kundenlogin/ HTTP/1.1" 200 4528 "http://www.modeinstitut-berlin.de/kontakt/kontaktdaten/index.php" "Mozilla/5.0 (Windows NT 6.1; rv:26.0) Gecko/20100101 Firefox/26.0"
85.158.138.20 - - [04/Feb/2014:14:13:02 +0100] "GET /images/layout/nav-hover-end.jpg HTTP/1.0" 200 780 "http://www.modeinstitut-berlin.de/bestellsystem/kundenlogin/" "Mozilla/4.0 (compatible; MSIE 8.0; Windows NT 6.1; WOW64; Trident/4.0; SLCC2; .NET CLR 2.0.50727; .NET CLR 3.5.30729; .NET CLR 3.0.30729; Media Center PC 6.0; .NET4.0C; .NET4.0E)"
85.158.138.20 - - [04/Feb/2014:14:13:03 +0100] "GET /kontakt/kontaktdaten/index.php HTTP/1.0" 200 6304 "http://www.modeinstitut-berlin.de/bestellsystem/kundenlogin/" "Mozilla/4.0 (compatible; MSIE 8.0; Windows NT 6.1; WOW64; Trident/4.0; SLCC2; .NET CLR 2.0.50727; .NET CLR 3.5.30729; .NET CLR 3.0.30729; Media Center PC 6.0; .NET4.0C; .NET4.0E)"
95.91.243.29 - - [04/Feb/2014:14:13:16 +0100] "GET /kontakt/kontaktdaten/index.php HTTP/1.1" 200 6304 "http://www.modeinstitut-berlin.de/bestellsystem/kundenlogin/" "Mozilla/5.0 (Windows NT 6.1; rv:26.0) Gecko/20100101 Firefox/26.0"
85.158.138.20 - - [04/Feb/2014:14:13:22 +0100] "GET /unternehmen/servicecenter/ HTTP/1.0" 200 5785 "http://www.modeinstitut-berlin.de/kontakt/kontaktdaten/index.php" "Mozilla/4.0 (compatible; MSIE 8.0; Windows NT 6.1; WOW64; Trident/4.0; SLCC2; .NET CLR 2.0.50727; .NET CLR 3.5.30729; .NET CLR 3.0.30729; Media Center PC 6.0; .NET4.0C; .NET4.0E)"
85.158.138.20 - - [04/Feb/2014:14:13:22 +0100] "GET /images/motive/image-sidebox_deutschland.jpg HTTP/1.0" 200 30846 "http://www.modeinstitut-berlin.de/unternehmen/servicecenter/" "Mozilla/4.0 (compatible; MSIE 8.0; Windows NT 6.1; WOW64; Trident/4.0; SLCC2; .NET CLR 2.0.50727; .NET CLR 3.5.30729; .NET CLR 3.0.30729; Media Center PC 6.0; .NET4.0C; .NET4.0E)"
85.158.138.20 - - [04/Feb/2014:14:13:25 +0100] "GET /unternehmen/servicecenter/Service-Center-Frankfurt/ HTTP/1.0" 200 7384 "http://www.modeinstitut-berlin.de/unternehmen/servicecenter/" "Mozilla/4.0 (compatible; MSIE 8.0; Windows NT 6.1; WOW64; Trident/4.0; SLCC2; .NET CLR 2.0.50727; .NET CLR 3.5.30729; .NET CLR 3.0.30729; Media Center PC 6.0; .NET4.0C; .NET4.0E)"
85.158.138.20 - - [04/Feb/2014:14:13:26 +0100] "GET /images/motive/logos/vgf.jpg HTTP/1.0" 200 14122 "http://www.modeinstitut-berlin.de/unternehmen/servicecenter/Service-Center-Frankfurt/" "Mozilla/4.0 (compatible; MSIE 8.0; Windows NT 6.1; WOW64; Trident/4.0; SLCC2; .NET CLR 2.0.50727; .NET CLR 3.5.30729; .NET CLR 3.0.30729; Media Center PC 6.0; .NET4.0C; .NET4.0E)"
85.158.138.20 - - [04/Feb/2014:14:13:26 +0100] "GET /images/motive/logos/frasec.jpg HTTP/1.0" 200 19377 "http://www.modeinstitut-berlin.de/unternehmen/servicecenter/Service-Center-Frankfurt/" "Mozilla/4.0 (compatible; MSIE 8.0; Windows NT 6.1; WOW64; Trident/4.0; SLCC2; .NET CLR 2.0.50727; .NET CLR 3.5.30729; .NET CLR 3.0.30729; Media Center PC 6.0; .NET4.0C; .NET4.0E)"
85.158.138.20 - - [04/Feb/2014:14:13:26 +0100] "GET /images/motive/logos/fis-klein.jpg HTTP/1.0" 200 31738 "http://www.modeinstitut-berlin.de/unternehmen/servicecenter/Service-Center-Frankfurt/" "Mozilla/4.0 (compatible; MSIE 8.0; Windows NT 6.1; WOW64; Trident/4.0; SLCC2; .NET CLR 2.0.50727; .NET CLR 3.5.30729; .NET CLR 3.0.30729; Media Center PC 6.0; .NET4.0C; .NET4.0E)"
95.91.243.29 - - [04/Feb/2014:14:13:28 +0100] "GET /impressum/ HTTP/1.1" 200 5301 "http://www.modeinstitut-berlin.de/kontakt/kontaktdaten/index.php" "Mozilla/5.0 (Windows NT 6.1; rv:26.0) Gecko/20100101 Firefox/26.0"
85.158.138.20 - - [04/Feb/2014:14:14:08 +0100] "GET /produkt/design/ HTTP/1.0" 200 6495 "http://www.modeinstitut-berlin.de/kontakt/kontaktdaten/index.php" "Mozilla/4.0 (compatible; MSIE 8.0; Windows NT 6.1; WOW64; Trident/4.0; SLCC2; .NET CLR 2.0.50727; .NET CLR 3.5.30729; .NET CLR 3.0.30729; Media Center PC 6.0; .NET4.0C; .NET4.0E)"
85.158.138.20 - - [04/Feb/2014:14:14:08 +0100] "GET /images/layout/bg-content-big-2.jpg HTTP/1.0" 200 38423 "http://www.modeinstitut-berlin.de/produkt/design/" "Mozilla/4.0 (compatible; MSIE 8.0; Windows NT 6.1; WOW64; Trident/4.0; SLCC2; .NET CLR 2.0.50727; .NET CLR 3.5.30729; .NET CLR 3.0.30729; Media Center PC 6.0; .NET4.0C; .NET4.0E)"
85.158.138.20 - - [04/Feb/2014:14:14:08 +0100] "GET /images/flash/design.swf HTTP/1.0" 200 210329 "http://www.modeinstitut-berlin.de/produkt/design/" "Mozilla/4.0 (compatible; MSIE 8.0; Windows NT 6.1; WOW64; Trident/4.0; SLCC2; .NET CLR 2.0.50727; .NET CLR 3.5.30729; .NET CLR 3.0.30729; Media Center PC 6.0; .NET4.0C; .NET4.0E)"
85.158.138.20 - - [04/Feb/2014:14:14:12 +0100] "GET /produkt/design/dienstkleidung/ HTTP/1.0" 200 6773 "http://www.modeinstitut-berlin.de/produkt/design/" "Mozilla/4.0 (compatible; MSIE 8.0; Windows NT 6.1; WOW64; Trident/4.0; SLCC2; .NET CLR 2.0.50727; .NET CLR 3.5.30729; .NET CLR 3.0.30729; Media Center PC 6.0; .NET4.0C; .NET4.0E)"
85.158.138.20 - - [04/Feb/2014:14:14:12 +0100] "GET /images/flash/dienstkleidung.swf HTTP/1.0" 200 253220 "http://www.modeinstitut-berlin.de/produkt/design/dienstkleidung/" "Mozilla/4.0 (compatible; MSIE 8.0; Windows NT 6.1; WOW64; Trident/4.0; SLCC2; .NET CLR 2.0.50727; .NET CLR 3.5.30729; .NET CLR 3.0.30729; Media Center PC 6.0; .NET4.0C; .NET4.0E)"
85.158.138.20 - - [04/Feb/2014:14:14:15 +0100] "GET /produkt/design/behoerden/ HTTP/1.0" 200 6562 "http://www.modeinstitut-berlin.de/produkt/design/dienstkleidung/" "Mozilla/4.0 (compatible; MSIE 8.0; Windows NT 6.1; WOW64; Trident/4.0; SLCC2; .NET CLR 2.0.50727; .NET CLR 3.5.30729; .NET CLR 3.0.30729; Media Center PC 6.0; .NET4.0C; .NET4.0E)"
85.158.138.20 - - [04/Feb/2014:14:14:15 +0100] "GET /images/flash/behoerden.swf HTTP/1.0" 200 99022 "http://www.modeinstitut-berlin.de/produkt/design/behoerden/" "Mozilla/4.0 (compatible; MSIE 8.0; Windows NT 6.1; WOW64; Trident/4.0; SLCC2; .NET CLR 2.0.50727; .NET CLR 3.5.30729; .NET CLR 3.0.30729; Media Center PC 6.0; .NET4.0C; .NET4.0E)"
85.158.138.20 - - [04/Feb/2014:14:14:24 +0100] "GET /produkt/design/hotelbekleidung/ HTTP/1.0" 200 6525 "http://www.modeinstitut-berlin.de/produkt/design/behoerden/" "Mozilla/4.0 (compatible; MSIE 8.0; Windows NT 6.1; WOW64; Trident/4.0; SLCC2; .NET CLR 2.0.50727; .NET CLR 3.5.30729; .NET CLR 3.0.30729; Media Center PC 6.0; .NET4.0C; .NET4.0E)"
85.158.138.20 - - [04/Feb/2014:14:14:24 +0100] "GET /images/flash/hotels.swf HTTP/1.0" 200 559251 "http://www.modeinstitut-berlin.de/produkt/design/hotelbekleidung/" "Mozilla/4.0 (compatible; MSIE 8.0; Windows NT 6.1; WOW64; Trident/4.0; SLCC2; .NET CLR 2.0.50727; .NET CLR 3.5.30729; .NET CLR 3.0.30729; Media Center PC 6.0; .NET4.0C; .NET4.0E)"
85.158.138.20 - - [04/Feb/2014:14:14:28 +0100] "GET /produkt/design/verkehrsunternehmen/ HTTP/1.0" 200 6651 "http://www.modeinstitut-berlin.de/produkt/design/hotelbekleidung/" "Mozilla/4.0 (compatible; MSIE 8.0; Windows NT 6.1; WOW64; Trident/4.0; SLCC2; .NET CLR 2.0.50727; .NET CLR 3.5.30729; .NET CLR 3.0.30729; Media Center PC 6.0; .NET4.0C; .NET4.0E)"
85.158.138.20 - - [04/Feb/2014:14:14:28 +0100] "GET /images/flash/verkehrsunternehmen.swf HTTP/1.0" 200 297886 "http://www.modeinstitut-berlin.de/produkt/design/verkehrsunternehmen/" "Mozilla/4.0 (compatible; MSIE 8.0; Windows NT 6.1; WOW64; Trident/4.0; SLCC2; .NET CLR 2.0.50727; .NET CLR 3.5.30729; .NET CLR 3.0.30729; Media Center PC 6.0; .NET4.0C; .NET4.0E)"
85.158.138.20 - - [04/Feb/2014:14:14:31 +0100] "GET /produkt/design/industrie/ HTTP/1.0" 200 6419 "http://www.modeinstitut-berlin.de/produkt/design/verkehrsunternehmen/" "Mozilla/4.0 (compatible; MSIE 8.0; Windows NT 6.1; WOW64; Trident/4.0; SLCC2; .NET CLR 2.0.50727; .NET CLR 3.5.30729; .NET CLR 3.0.30729; Media Center PC 6.0; .NET4.0C; .NET4.0E)"
85.158.138.20 - - [04/Feb/2014:14:14:31 +0100] "GET /images/flash/industrie.swf HTTP/1.0" 200 98733 "http://www.modeinstitut-berlin.de/produkt/design/industrie/" "Mozilla/4.0 (compatible; MSIE 8.0; Windows NT 6.1; WOW64; Trident/4.0; SLCC2; .NET CLR 2.0.50727; .NET CLR 3.5.30729; .NET CLR 3.0.30729; Media Center PC 6.0; .NET4.0C; .NET4.0E)"
85.158.138.20 - - [04/Feb/2014:14:14:39 +0100] "GET /produkt/design/verkehrsunternehmen/ HTTP/1.0" 200 6651 "http://www.modeinstitut-berlin.de/produkt/design/industrie/" "Mozilla/4.0 (compatible; MSIE 8.0; Windows NT 6.1; WOW64; Trident/4.0; SLCC2; .NET CLR 2.0.50727; .NET CLR 3.5.30729; .NET CLR 3.0.30729; Media Center PC 6.0; .NET4.0C; .NET4.0E)"
85.158.138.20 - - [04/Feb/2014:14:15:05 +0100] "GET /kontakt/kontaktdaten/ HTTP/1.0" 200 6304 "http://www.modeinstitut-berlin.de/produkt/design/verkehrsunternehmen/" "Mozilla/4.0 (compatible; MSIE 8.0; Windows NT 6.1; WOW64; Trident/4.0; SLCC2; .NET CLR 2.0.50727; .NET CLR 3.5.30729; .NET CLR 3.0.30729; Media Center PC 6.0; .NET4.0C; .NET4.0E)"
212.91.246.65 - - [04/Feb/2014:14:21:58 +0100] "GET /unternehmen/aktuelles/ HTTP/1.1" 200 5767 "http://www.modeinstitut-berlin.de/unternehmen/aktuelles/Pressetermin-BVG/Galerie-Pressetermin-BVG/" "Mozilla/5.0 (Windows NT 6.1; WOW64; rv:25.0) Gecko/20100101 Firefox/25.0"
212.91.246.65 - - [04/Feb/2014:14:22:01 +0100] "GET /kontakt/kontaktdaten/ HTTP/1.1" 200 6304 "http://www.modeinstitut-berlin.de/unternehmen/aktuelles/" "Mozilla/5.0 (Windows NT 6.1; WOW64; rv:25.0) Gecko/20100101 Firefox/25.0"
212.91.246.65 - - [04/Feb/2014:14:22:01 +0100] "GET /images/layout/spc.gif HTTP/1.1" 200 43 "http://www.modeinstitut-berlin.de/kontakt/kontaktdaten/" "Mozilla/5.0 (Windows NT 6.1; WOW64; rv:25.0) Gecko/20100101 Firefox/25.0"
212.91.246.65 - - [04/Feb/2014:14:22:01 +0100] "GET /images/motive/image-sidebox_gsg.jpg HTTP/1.1" 200 165404 "http://www.modeinstitut-berlin.de/kontakt/kontaktdaten/" "Mozilla/5.0 (Windows NT 6.1; WOW64; rv:25.0) Gecko/20100101 Firefox/25.0"
212.91.246.65 - - [04/Feb/2014:14:22:03 +0100] "GET /unternehmen/servicecenter/ HTTP/1.1" 200 5785 "http://www.modeinstitut-berlin.de/kontakt/kontaktdaten/" "Mozilla/5.0 (Windows NT 6.1; WOW64; rv:25.0) Gecko/20100101 Firefox/25.0"
212.91.246.65 - - [04/Feb/2014:14:22:03 +0100] "GET /images/motive/image-sidebox_deutschland.jpg HTTP/1.1" 200 30846 "http://www.modeinstitut-berlin.de/unternehmen/servicecenter/" "Mozilla/5.0 (Windows NT 6.1; WOW64; rv:25.0) Gecko/20100101 Firefox/25.0"
212.91.246.65 - - [04/Feb/2014:14:22:04 +0100] "GET /impressum/ HTTP/1.1" 200 5301 "http://www.modeinstitut-berlin.de/unternehmen/servicecenter/" "Mozilla/5.0 (Windows NT 6.1; WOW64; rv:25.0) Gecko/20100101 Firefox/25.0"
62.158.25.214 - - [04/Feb/2014:14:22:45 +0100] "GET / HTTP/1.1" 200 2050 "-" "Mozilla/5.0 (Macintosh; Intel Mac OS X 10_9_1) AppleWebKit/537.36 (KHTML, like Gecko) Chrome/32.0.1700.107 Safari/537.36"
62.158.25.214 - - [04/Feb/2014:14:22:45 +0100] "GET /css/newstyles.css HTTP/1.1" 200 9734 "http://www.modeinstitut-berlin.de/" "Mozilla/5.0 (Macintosh; Intel Mac OS X 10_9_1) AppleWebKit/537.36 (KHTML, like Gecko) Chrome/32.0.1700.107 Safari/537.36"
62.158.25.214 - - [04/Feb/2014:14:22:45 +0100] "GET /Scripts/AC_RunActiveContent.js HTTP/1.1" 200 8029 "http://www.modeinstitut-berlin.de/" "Mozilla/5.0 (Macintosh; Intel Mac OS X 10_9_1) AppleWebKit/537.36 (KHTML, like Gecko) Chrome/32.0.1700.107 Safari/537.36"
62.158.25.214 - - [04/Feb/2014:14:22:45 +0100] "GET /images/motive/Logo9001_5.png HTTP/1.1" 200 19358 "http://www.modeinstitut-berlin.de/" "Mozilla/5.0 (Macintosh; Intel Mac OS X 10_9_1) AppleWebKit/537.36 (KHTML, like Gecko) Chrome/32.0.1700.107 Safari/537.36"
62.158.25.214 - - [04/Feb/2014:14:22:45 +0100] "GET /includes/hover.js HTTP/1.1" 200 411 "http://www.modeinstitut-berlin.de/" "Mozilla/5.0 (Macintosh; Intel Mac OS X 10_9_1) AppleWebKit/537.36 (KHTML, like Gecko) Chrome/32.0.1700.107 Safari/537.36"
62.158.25.214 - - [04/Feb/2014:14:22:46 +0100] "GET /images/layout/global-bg.jpg HTTP/1.1" 200 917 "http://www.modeinstitut-berlin.de/" "Mozilla/5.0 (Macintosh; Intel Mac OS X 10_9_1) AppleWebKit/537.36 (KHTML, like Gecko) Chrome/32.0.1700.107 Safari/537.36"
62.158.25.214 - - [04/Feb/2014:14:22:46 +0100] "GET /images/layout/bg-navi.jpg HTTP/1.1" 200 3342 "http://www.modeinstitut-berlin.de/" "Mozilla/5.0 (Macintosh; Intel Mac OS X 10_9_1) AppleWebKit/537.36 (KHTML, like Gecko) Chrome/32.0.1700.107 Safari/537.36"
62.158.25.214 - - [04/Feb/2014:14:22:46 +0100] "GET /images/layout/bg-content-big-1.jpg HTTP/1.1" 200 46493 "http://www.modeinstitut-berlin.de/" "Mozilla/5.0 (Macintosh; Intel Mac OS X 10_9_1) AppleWebKit/537.36 (KHTML, like Gecko) Chrome/32.0.1700.107 Safari/537.36"
62.158.25.214 - - [04/Feb/2014:14:22:46 +0100] "GET /images/layout/bg-sidebox-plain1.jpg HTTP/1.1" 200 10064 "http://www.modeinstitut-berlin.de/" "Mozilla/5.0 (Macintosh; Intel Mac OS X 10_9_1) AppleWebKit/537.36 (KHTML, like Gecko) Chrome/32.0.1700.107 Safari/537.36"
62.158.25.214 - - [04/Feb/2014:14:22:46 +0100] "GET /images/layout/link.gif HTTP/1.1" 200 52 "http://www.modeinstitut-berlin.de/" "Mozilla/5.0 (Macintosh; Intel Mac OS X 10_9_1) AppleWebKit/537.36 (KHTML, like Gecko) Chrome/32.0.1700.107 Safari/537.36"
62.158.25.214 - - [04/Feb/2014:14:22:46 +0100] "GET /images/layout/wrapper-bg.jpg HTTP/1.1" 200 126878 "http://www.modeinstitut-berlin.de/" "Mozilla/5.0 (Macintosh; Intel Mac OS X 10_9_1) AppleWebKit/537.36 (KHTML, like Gecko) Chrome/32.0.1700.107 Safari/537.36"
62.158.25.214 - - [04/Feb/2014:14:22:46 +0100] "GET /favicon.ico HTTP/1.1" 404 1256 "-" "Mozilla/5.0 (Macintosh; Intel Mac OS X 10_9_1) AppleWebKit/537.36 (KHTML, like Gecko) Chrome/32.0.1700.107 Safari/537.36"
62.158.25.214 - - [04/Feb/2014:14:22:47 +0100] "GET /images/layout/nav-drop-foot.png HTTP/1.1" 200 42670 "http://www.modeinstitut-berlin.de/" "Mozilla/5.0 (Macintosh; Intel Mac OS X 10_9_1) AppleWebKit/537.36 (KHTML, like Gecko) Chrome/32.0.1700.107 Safari/537.36"
62.158.25.214 - - [04/Feb/2014:14:22:47 +0100] "GET /images/layout/nav-hover-all.jpg HTTP/1.1" 200 332 "http://www.modeinstitut-berlin.de/" "Mozilla/5.0 (Macintosh; Intel Mac OS X 10_9_1) AppleWebKit/537.36 (KHTML, like Gecko) Chrome/32.0.1700.107 Safari/537.36"
62.158.25.214 - - [04/Feb/2014:14:22:46 +0100] "GET /video/video.swf HTTP/1.1" 200 3107187 "http://www.modeinstitut-berlin.de/" "Mozilla/5.0 (Macintosh; Intel Mac OS X 10_9_1) AppleWebKit/537.36 (KHTML, like Gecko) Chrome/32.0.1700.107 Safari/537.36"
62.158.25.214 - - [04/Feb/2014:14:22:48 +0100] "GET /bestellsystem/kundenlogin/ HTTP/1.1" 200 4528 "http://www.modeinstitut-berlin.de/" "Mozilla/5.0 (Macintosh; Intel Mac OS X 10_9_1) AppleWebKit/537.36 (KHTML, like Gecko) Chrome/32.0.1700.107 Safari/537.36"
195.243.126.34 - - [04/Feb/2014:14:23:13 +0100] "GET /bestellsystem/kundenlogin/ HTTP/1.1" 200 4528 "http://www.bing.com/search?q=modeinstitut+berlin&form=MSNH15&mkt=de-de&qs=SC&sk=&pq=modinsti&sp=1&sc=8-8" "Mozilla/5.0 (compatible; MSIE 9.0; Windows NT 6.1; Trident/5.0)"
195.243.126.34 - - [04/Feb/2014:14:23:13 +0100] "GET /css/newstyles.css HTTP/1.1" 304 - "http://www.modeinstitut-berlin.de/bestellsystem/kundenlogin/" "Mozilla/5.0 (compatible; MSIE 9.0; Windows NT 6.1; Trident/5.0)"
195.243.126.34 - - [04/Feb/2014:14:23:13 +0100] "GET /images/layout/global-bg.jpg HTTP/1.1" 304 - "http://www.modeinstitut-berlin.de/bestellsystem/kundenlogin/" "Mozilla/5.0 (compatible; MSIE 9.0; Windows NT 6.1; Trident/5.0)"
195.243.126.34 - - [04/Feb/2014:14:23:13 +0100] "GET /Scripts/AC_RunActiveContent.js HTTP/1.1" 304 - "http://www.modeinstitut-berlin.de/bestellsystem/kundenlogin/" "Mozilla/5.0 (compatible; MSIE 9.0; Windows NT 6.1; Trident/5.0)"
195.243.126.34 - - [04/Feb/2014:14:23:13 +0100] "GET /includes/hover.js HTTP/1.1" 304 - "http://www.modeinstitut-berlin.de/bestellsystem/kundenlogin/" "Mozilla/5.0 (compatible; MSIE 9.0; Windows NT 6.1; Trident/5.0)"
195.243.126.34 - - [04/Feb/2014:14:23:13 +0100] "GET /images/layout/wrapper-bg.jpg HTTP/1.1" 304 - "http://www.modeinstitut-berlin.de/bestellsystem/kundenlogin/" "Mozilla/5.0 (compatible; MSIE 9.0; Windows NT 6.1; Trident/5.0)"
195.243.126.34 - - [04/Feb/2014:14:23:13 +0100] "GET /images/layout/bg-navi.jpg HTTP/1.1" 304 - "http://www.modeinstitut-berlin.de/bestellsystem/kundenlogin/" "Mozilla/5.0 (compatible; MSIE 9.0; Windows NT 6.1; Trident/5.0)"
195.243.126.34 - - [04/Feb/2014:14:23:13 +0100] "GET /images/layout/bg-content-big-1.jpg HTTP/1.1" 304 - "http://www.modeinstitut-berlin.de/bestellsystem/kundenlogin/" "Mozilla/5.0 (compatible; MSIE 9.0; Windows NT 6.1; Trident/5.0)"
195.243.126.34 - - [04/Feb/2014:14:23:13 +0100] "GET /images/layout/nav-drop-foot.png HTTP/1.1" 304 - "http://www.modeinstitut-berlin.de/bestellsystem/kundenlogin/" "Mozilla/5.0 (compatible; MSIE 9.0; Windows NT 6.1; Trident/5.0)"
195.243.126.34 - - [04/Feb/2014:14:23:13 +0100] "GET /images/layout/link.gif HTTP/1.1" 304 - "http://www.modeinstitut-berlin.de/bestellsystem/kundenlogin/" "Mozilla/5.0 (compatible; MSIE 9.0; Windows NT 6.1; Trident/5.0)"
188.103.235.249 - - [04/Feb/2014:14:25:02 +0100] "GET / HTTP/1.1" 200 2050 "http://www.bing.com/search?q=modeinstitut%20berlin&pc=conduit&ptag=A771E5B760E6A432790F&form=CONMHP&conlogo=CT3210127" "Mozilla/5.0 (Windows NT 6.1; WOW64; rv:26.0) Gecko/20100101 Firefox/26.0"
188.103.235.249 - - [04/Feb/2014:14:25:02 +0100] "GET /favicon.ico HTTP/1.1" 404 1256 "-" "Mozilla/5.0 (Windows NT 6.1; WOW64; rv:26.0) Gecko/20100101 Firefox/26.0"
188.103.235.249 - - [04/Feb/2014:14:25:03 +0100] "GET /css/newstyles.css HTTP/1.1" 200 9734 "http://www.modeinstitut-berlin.de/" "Mozilla/5.0 (Windows NT 6.1; WOW64; rv:26.0) Gecko/20100101 Firefox/26.0"
188.103.235.249 - - [04/Feb/2014:14:25:03 +0100] "GET /Scripts/AC_RunActiveContent.js HTTP/1.1" 200 8029 "http://www.modeinstitut-berlin.de/" "Mozilla/5.0 (Windows NT 6.1; WOW64; rv:26.0) Gecko/20100101 Firefox/26.0"
188.103.235.249 - - [04/Feb/2014:14:25:03 +0100] "GET /includes/hover.js HTTP/1.1" 200 411 "http://www.modeinstitut-berlin.de/" "Mozilla/5.0 (Windows NT 6.1; WOW64; rv:26.0) Gecko/20100101 Firefox/26.0"
188.103.235.249 - - [04/Feb/2014:14:25:03 +0100] "GET /images/motive/Logo9001_5.png HTTP/1.1" 200 19358 "http://www.modeinstitut-berlin.de/" "Mozilla/5.0 (Windows NT 6.1; WOW64; rv:26.0) Gecko/20100101 Firefox/26.0"
188.103.235.249 - - [04/Feb/2014:14:25:03 +0100] "GET /images/layout/global-bg.jpg HTTP/1.1" 200 917 "http://www.modeinstitut-berlin.de/css/newstyles.css" "Mozilla/5.0 (Windows NT 6.1; WOW64; rv:26.0) Gecko/20100101 Firefox/26.0"
188.103.235.249 - - [04/Feb/2014:14:25:03 +0100] "GET /images/layout/bg-navi.jpg HTTP/1.1" 200 3342 "http://www.modeinstitut-berlin.de/css/newstyles.css" "Mozilla/5.0 (Windows NT 6.1; WOW64; rv:26.0) Gecko/20100101 Firefox/26.0"
188.103.235.249 - - [04/Feb/2014:14:25:04 +0100] "GET /images/layout/bg-sidebox-plain1.jpg HTTP/1.1" 200 10064 "http://www.modeinstitut-berlin.de/css/newstyles.css" "Mozilla/5.0 (Windows NT 6.1; WOW64; rv:26.0) Gecko/20100101 Firefox/26.0"
188.103.235.249 - - [04/Feb/2014:14:25:04 +0100] "GET /images/layout/link.gif HTTP/1.1" 200 52 "http://www.modeinstitut-berlin.de/css/newstyles.css" "Mozilla/5.0 (Windows NT 6.1; WOW64; rv:26.0) Gecko/20100101 Firefox/26.0"
188.103.235.249 - - [04/Feb/2014:14:25:04 +0100] "GET /images/layout/bg-content-big-1.jpg HTTP/1.1" 200 46493 "http://www.modeinstitut-berlin.de/css/newstyles.css" "Mozilla/5.0 (Windows NT 6.1; WOW64; rv:26.0) Gecko/20100101 Firefox/26.0"
188.103.235.249 - - [04/Feb/2014:14:25:03 +0100] "GET /images/layout/wrapper-bg.jpg HTTP/1.1" 200 126878 "http://www.modeinstitut-berlin.de/css/newstyles.css" "Mozilla/5.0 (Windows NT 6.1; WOW64; rv:26.0) Gecko/20100101 Firefox/26.0"
188.103.235.249 - - [04/Feb/2014:14:25:16 +0100] "GET /images/layout/nav-hover-1.jpg HTTP/1.1" 200 746 "http://www.modeinstitut-berlin.de/css/newstyles.css" "Mozilla/5.0 (Windows NT 6.1; WOW64; rv:26.0) Gecko/20100101 Firefox/26.0"
188.103.235.249 - - [04/Feb/2014:14:25:18 +0100] "GET /images/layout/nav-hover-all.jpg HTTP/1.1" 200 332 "http://www.modeinstitut-berlin.de/css/newstyles.css" "Mozilla/5.0 (Windows NT 6.1; WOW64; rv:26.0) Gecko/20100101 Firefox/26.0"
188.103.235.249 - - [04/Feb/2014:14:25:18 +0100] "GET /images/layout/nav-drop-foot.png HTTP/1.1" 200 42670 "http://www.modeinstitut-berlin.de/css/newstyles.css" "Mozilla/5.0 (Windows NT 6.1; WOW64; rv:26.0) Gecko/20100101 Firefox/26.0"
188.103.235.249 - - [04/Feb/2014:14:25:03 +0100] "GET /video/video.swf HTTP/1.1" 200 3107187 "http://www.modeinstitut-berlin.de/" "Mozilla/5.0 (Windows NT 6.1; WOW64; rv:26.0) Gecko/20100101 Firefox/26.0"
188.103.235.249 - - [04/Feb/2014:14:25:22 +0100] "GET /favicon.ico HTTP/1.1" 404 1256 "-" "Mozilla/5.0 (Windows NT 6.1; WOW64; rv:26.0) Gecko/20100101 Firefox/26.0"
188.103.235.249 - - [04/Feb/2014:14:25:22 +0100] "GET /favicon.ico HTTP/1.1" 404 1256 "-" "Mozilla/5.0 (Windows NT 6.1; WOW64; rv:26.0) Gecko/20100101 Firefox/26.0"
188.103.235.249 - - [04/Feb/2014:14:25:22 +0100] "GET /favicon.ico HTTP/1.1" 404 1256 "-" "Mozilla/5.0 (Windows NT 6.1; WOW64; rv:26.0) Gecko/20100101 Firefox/26.0"
188.103.235.249 - - [04/Feb/2014:14:25:22 +0100] "GET /favicon.ico HTTP/1.1" 404 1256 "-" "Mozilla/5.0 (Windows NT 6.1; WOW64; rv:26.0) Gecko/20100101 Firefox/26.0"
188.103.235.249 - - [04/Feb/2014:14:25:28 +0100] "GET /bestellsystem/kundenlogin/ HTTP/1.1" 200 4528 "http://www.modeinstitut-berlin.de/" "Mozilla/5.0 (Windows NT 6.1; WOW64; rv:26.0) Gecko/20100101 Firefox/26.0"
188.103.235.249 - - [04/Feb/2014:14:25:29 +0100] "GET /favicon.ico HTTP/1.1" 404 1256 "-" "Mozilla/5.0 (Windows NT 6.1; WOW64; rv:26.0) Gecko/20100101 Firefox/26.0"
188.103.235.249 - - [04/Feb/2014:14:25:29 +0100] "GET /favicon.ico HTTP/1.1" 404 1256 "-" "Mozilla/5.0 (Windows NT 6.1; WOW64; rv:26.0) Gecko/20100101 Firefox/26.0"
85.180.135.216 - - [04/Feb/2014:14:25:43 +0100] "GET / HTTP/1.1" 200 2050 "http://www.google.de/url?sa=t&rct=j&q=&esrc=s&frm=1&source=web&cd=1&sqi=2&ved=0CC0QFjAA&url=http%3A%2F%2Fwww.modeinstitut-berlin.de%2F&ei=PurwUvjbOIfLswb774GQDQ&usg=AFQjCNGV1Fr5FizdOKg_EBKnjKkFrlfWEQ&bvm=bv.60444564,d.Yms" "Mozilla/5.0 (compatible; MSIE 10.0; Windows NT 6.2; WOW64; Trident/6.0; MAARJS)"
85.180.135.216 - - [04/Feb/2014:14:25:44 +0100] "GET /css/newstyles.css HTTP/1.1" 200 9734 "http://www.modeinstitut-berlin.de/" "Mozilla/5.0 (compatible; MSIE 10.0; Windows NT 6.2; WOW64; Trident/6.0; MAARJS)"
85.180.135.216 - - [04/Feb/2014:14:25:44 +0100] "GET /Scripts/AC_RunActiveContent.js HTTP/1.1" 200 8029 "http://www.modeinstitut-berlin.de/" "Mozilla/5.0 (compatible; MSIE 10.0; Windows NT 6.2; WOW64; Trident/6.0; MAARJS)"
85.180.135.216 - - [04/Feb/2014:14:25:44 +0100] "GET /includes/hover.js HTTP/1.1" 200 411 "http://www.modeinstitut-berlin.de/" "Mozilla/5.0 (compatible; MSIE 10.0; Windows NT 6.2; WOW64; Trident/6.0; MAARJS)"
85.180.135.216 - - [04/Feb/2014:14:25:44 +0100] "GET /images/motive/Logo9001_5.png HTTP/1.1" 200 19358 "http://www.modeinstitut-berlin.de/" "Mozilla/5.0 (compatible; MSIE 10.0; Windows NT 6.2; WOW64; Trident/6.0; MAARJS)"
85.180.135.216 - - [04/Feb/2014:14:25:44 +0100] "GET /images/layout/global-bg.jpg HTTP/1.1" 200 917 "http://www.modeinstitut-berlin.de/" "Mozilla/5.0 (compatible; MSIE 10.0; Windows NT 6.2; WOW64; Trident/6.0; MAARJS)"
85.180.135.216 - - [04/Feb/2014:14:25:44 +0100] "GET /css/iepngfix.htc HTTP/1.1" 200 2995 "-" "Mozilla/5.0 (compatible; MSIE 10.0; Windows NT 6.2; WOW64; Trident/6.0; MAARJS)"
85.180.135.216 - - [04/Feb/2014:14:25:44 +0100] "GET /images/layout/bg-sidebox-plain1.jpg HTTP/1.1" 200 10064 "http://www.modeinstitut-berlin.de/" "Mozilla/5.0 (compatible; MSIE 10.0; Windows NT 6.2; WOW64; Trident/6.0; MAARJS)"
85.180.135.216 - - [04/Feb/2014:14:25:44 +0100] "GET /images/layout/bg-content-big-1.jpg HTTP/1.1" 200 46493 "http://www.modeinstitut-berlin.de/" "Mozilla/5.0 (compatible; MSIE 10.0; Windows NT 6.2; WOW64; Trident/6.0; MAARJS)"
85.180.135.216 - - [04/Feb/2014:14:25:44 +0100] "GET /images/layout/bg-navi.jpg HTTP/1.1" 200 3342 "http://www.modeinstitut-berlin.de/" "Mozilla/5.0 (compatible; MSIE 10.0; Windows NT 6.2; WOW64; Trident/6.0; MAARJS)"
85.180.135.216 - - [04/Feb/2014:14:25:44 +0100] "GET /images/layout/link.gif HTTP/1.1" 200 52 "http://www.modeinstitut-berlin.de/" "Mozilla/5.0 (compatible; MSIE 10.0; Windows NT 6.2; WOW64; Trident/6.0; MAARJS)"
85.180.135.216 - - [04/Feb/2014:14:25:44 +0100] "GET /images/layout/wrapper-bg.jpg HTTP/1.1" 200 126878 "http://www.modeinstitut-berlin.de/" "Mozilla/5.0 (compatible; MSIE 10.0; Windows NT 6.2; WOW64; Trident/6.0; MAARJS)"
85.180.135.216 - - [04/Feb/2014:14:25:44 +0100] "GET /video/video.swf HTTP/1.1" 200 3107187 "http://www.modeinstitut-berlin.de/" "Mozilla/5.0 (compatible; MSIE 10.0; Windows NT 6.2; WOW64; Trident/6.0; MAARJS)"
85.180.135.216 - - [04/Feb/2014:14:25:57 +0100] "GET /images/layout/nav-hover-all.jpg HTTP/1.1" 200 332 "http://www.modeinstitut-berlin.de/" "Mozilla/5.0 (compatible; MSIE 10.0; Windows NT 6.2; WOW64; Trident/6.0; MAARJS)"
85.180.135.216 - - [04/Feb/2014:14:25:57 +0100] "GET /images/layout/nav-drop-foot.png HTTP/1.1" 200 42670 "http://www.modeinstitut-berlin.de/" "Mozilla/5.0 (compatible; MSIE 10.0; Windows NT 6.2; WOW64; Trident/6.0; MAARJS)"
79.215.130.242 - - [04/Feb/2014:14:26:33 +0100] "GET / HTTP/1.1" 200 2050 "https://www.google.de/" "Mozilla/5.0 (Windows NT 6.0) AppleWebKit/537.36 (KHTML, like Gecko) Chrome/32.0.1700.102 Safari/537.36"
79.215.130.242 - - [04/Feb/2014:14:26:33 +0100] "GET /css/newstyles.css HTTP/1.1" 200 9734 "http://www.modeinstitut-berlin.de/" "Mozilla/5.0 (Windows NT 6.0) AppleWebKit/537.36 (KHTML, like Gecko) Chrome/32.0.1700.102 Safari/537.36"
79.215.130.242 - - [04/Feb/2014:14:26:33 +0100] "GET /Scripts/AC_RunActiveContent.js HTTP/1.1" 200 8029 "http://www.modeinstitut-berlin.de/" "Mozilla/5.0 (Windows NT 6.0) AppleWebKit/537.36 (KHTML, like Gecko) Chrome/32.0.1700.102 Safari/537.36"
79.215.130.242 - - [04/Feb/2014:14:26:33 +0100] "GET /includes/hover.js HTTP/1.1" 200 411 "http://www.modeinstitut-berlin.de/" "Mozilla/5.0 (Windows NT 6.0) AppleWebKit/537.36 (KHTML, like Gecko) Chrome/32.0.1700.102 Safari/537.36"
79.215.130.242 - - [04/Feb/2014:14:26:33 +0100] "GET /images/motive/Logo9001_5.png HTTP/1.1" 200 19358 "http://www.modeinstitut-berlin.de/" "Mozilla/5.0 (Windows NT 6.0) AppleWebKit/537.36 (KHTML, like Gecko) Chrome/32.0.1700.102 Safari/537.36"
79.215.130.242 - - [04/Feb/2014:14:26:33 +0100] "GET /images/layout/global-bg.jpg HTTP/1.1" 200 917 "http://www.modeinstitut-berlin.de/" "Mozilla/5.0 (Windows NT 6.0) AppleWebKit/537.36 (KHTML, like Gecko) Chrome/32.0.1700.102 Safari/537.36"
79.215.130.242 - - [04/Feb/2014:14:26:33 +0100] "GET /images/layout/bg-navi.jpg HTTP/1.1" 200 3342 "http://www.modeinstitut-berlin.de/" "Mozilla/5.0 (Windows NT 6.0) AppleWebKit/537.36 (KHTML, like Gecko) Chrome/32.0.1700.102 Safari/537.36"
79.215.130.242 - - [04/Feb/2014:14:26:34 +0100] "GET /images/layout/bg-sidebox-plain1.jpg HTTP/1.1" 200 10064 "http://www.modeinstitut-berlin.de/" "Mozilla/5.0 (Windows NT 6.0) AppleWebKit/537.36 (KHTML, like Gecko) Chrome/32.0.1700.102 Safari/537.36"
79.215.130.242 - - [04/Feb/2014:14:26:34 +0100] "GET /images/layout/link.gif HTTP/1.1" 200 52 "http://www.modeinstitut-berlin.de/" "Mozilla/5.0 (Windows NT 6.0) AppleWebKit/537.36 (KHTML, like Gecko) Chrome/32.0.1700.102 Safari/537.36"
79.215.130.242 - - [04/Feb/2014:14:26:33 +0100] "GET /images/layout/bg-content-big-1.jpg HTTP/1.1" 200 46493 "http://www.modeinstitut-berlin.de/" "Mozilla/5.0 (Windows NT 6.0) AppleWebKit/537.36 (KHTML, like Gecko) Chrome/32.0.1700.102 Safari/537.36"
79.215.130.242 - - [04/Feb/2014:14:26:33 +0100] "GET /images/layout/wrapper-bg.jpg HTTP/1.1" 200 126878 "http://www.modeinstitut-berlin.de/" "Mozilla/5.0 (Windows NT 6.0) AppleWebKit/537.36 (KHTML, like Gecko) Chrome/32.0.1700.102 Safari/537.36"
79.215.130.242 - - [04/Feb/2014:14:26:34 +0100] "GET /favicon.ico HTTP/1.1" 404 1256 "-" "Mozilla/5.0 (Windows NT 6.0) AppleWebKit/537.36 (KHTML, like Gecko) Chrome/32.0.1700.102 Safari/537.36"
79.215.130.242 - - [04/Feb/2014:14:26:39 +0100] "GET /images/layout/nav-drop-foot.png HTTP/1.1" 200 42670 "http://www.modeinstitut-berlin.de/" "Mozilla/5.0 (Windows NT 6.0) AppleWebKit/537.36 (KHTML, like Gecko) Chrome/32.0.1700.102 Safari/537.36"
79.215.130.242 - - [04/Feb/2014:14:26:39 +0100] "GET /images/layout/nav-hover-all.jpg HTTP/1.1" 200 332 "http://www.modeinstitut-berlin.de/" "Mozilla/5.0 (Windows NT 6.0) AppleWebKit/537.36 (KHTML, like Gecko) Chrome/32.0.1700.102 Safari/537.36"
79.215.130.242 - - [04/Feb/2014:14:26:34 +0100] "GET /video/video.swf HTTP/1.1" 200 3107187 "http://www.modeinstitut-berlin.de/" "Mozilla/5.0 (Windows NT 6.0) AppleWebKit/537.36 (KHTML, like Gecko) Chrome/32.0.1700.102 Safari/537.36"
79.215.130.242 - - [04/Feb/2014:14:26:43 +0100] "GET /unternehmen/stellenangebote/ HTTP/1.1" 200 5152 "http://www.modeinstitut-berlin.de/" "Mozilla/5.0 (Windows NT 6.0) AppleWebKit/537.36 (KHTML, like Gecko) Chrome/32.0.1700.102 Safari/537.36"
79.215.130.242 - - [04/Feb/2014:14:26:43 +0100] "GET /images/layout/spc.gif HTTP/1.1" 200 43 "http://www.modeinstitut-berlin.de/unternehmen/stellenangebote/" "Mozilla/5.0 (Windows NT 6.0) AppleWebKit/537.36 (KHTML, like Gecko) Chrome/32.0.1700.102 Safari/537.36"
212.91.246.65 - - [04/Feb/2014:14:26:57 +0100] "GET / HTTP/1.1" 200 6854 "-" "Mozilla/5.0 (Windows NT 6.1; WOW64; rv:25.0) Gecko/20100101 Firefox/25.0"
212.91.246.65 - - [04/Feb/2014:14:26:57 +0100] "GET /css/newstyles.css HTTP/1.1" 200 9734 "http://www.modeinstitut-berlin.de/" "Mozilla/5.0 (Windows NT 6.1; WOW64; rv:25.0) Gecko/20100101 Firefox/25.0"
212.91.246.65 - - [04/Feb/2014:14:26:57 +0100] "GET /Scripts/AC_RunActiveContent.js HTTP/1.1" 200 8029 "http://www.modeinstitut-berlin.de/" "Mozilla/5.0 (Windows NT 6.1; WOW64; rv:25.0) Gecko/20100101 Firefox/25.0"
212.91.246.65 - - [04/Feb/2014:14:26:57 +0100] "GET /includes/hover.js HTTP/1.1" 200 411 "http://www.modeinstitut-berlin.de/" "Mozilla/5.0 (Windows NT 6.1; WOW64; rv:25.0) Gecko/20100101 Firefox/25.0"
212.91.246.65 - - [04/Feb/2014:14:26:57 +0100] "GET /images/layout/global-bg.jpg HTTP/1.1" 200 917 "http://www.modeinstitut-berlin.de/css/newstyles.css" "Mozilla/5.0 (Windows NT 6.1; WOW64; rv:25.0) Gecko/20100101 Firefox/25.0"
212.91.246.65 - - [04/Feb/2014:14:26:57 +0100] "GET /images/motive/Logo9001_5.png HTTP/1.1" 200 19358 "http://www.modeinstitut-berlin.de/" "Mozilla/5.0 (Windows NT 6.1; WOW64; rv:25.0) Gecko/20100101 Firefox/25.0"
212.91.246.65 - - [04/Feb/2014:14:26:57 +0100] "GET /images/layout/bg-navi.jpg HTTP/1.1" 200 3342 "http://www.modeinstitut-berlin.de/css/newstyles.css" "Mozilla/5.0 (Windows NT 6.1; WOW64; rv:25.0) Gecko/20100101 Firefox/25.0"
212.91.246.65 - - [04/Feb/2014:14:26:57 +0100] "GET /images/layout/bg-sidebox-plain1.jpg HTTP/1.1" 200 10064 "http://www.modeinstitut-berlin.de/css/newstyles.css" "Mozilla/5.0 (Windows NT 6.1; WOW64; rv:25.0) Gecko/20100101 Firefox/25.0"
212.91.246.65 - - [04/Feb/2014:14:26:57 +0100] "GET /images/layout/bg-content-big-1.jpg HTTP/1.1" 200 46493 "http://www.modeinstitut-berlin.de/css/newstyles.css" "Mozilla/5.0 (Windows NT 6.1; WOW64; rv:25.0) Gecko/20100101 Firefox/25.0"
212.91.246.65 - - [04/Feb/2014:14:26:57 +0100] "GET /images/layout/wrapper-bg.jpg HTTP/1.1" 200 126878 "http://www.modeinstitut-berlin.de/css/newstyles.css" "Mozilla/5.0 (Windows NT 6.1; WOW64; rv:25.0) Gecko/20100101 Firefox/25.0"
212.91.246.65 - - [04/Feb/2014:14:26:57 +0100] "GET /images/layout/link.gif HTTP/1.1" 200 52 "http://www.modeinstitut-berlin.de/css/newstyles.css" "Mozilla/5.0 (Windows NT 6.1; WOW64; rv:25.0) Gecko/20100101 Firefox/25.0"
212.91.246.65 - - [04/Feb/2014:14:26:57 +0100] "GET /video/video.swf HTTP/1.1" 200 3107187 "http://www.modeinstitut-berlin.de/" "Mozilla/5.0 (Windows NT 6.1; WOW64; rv:25.0) Gecko/20100101 Firefox/25.0"
212.91.246.65 - - [04/Feb/2014:14:26:58 +0100] "GET /favicon.ico HTTP/1.1" 404 1256 "-" "Mozilla/5.0 (Windows NT 6.1; WOW64; rv:25.0) Gecko/20100101 Firefox/25.0"
212.91.246.65 - - [04/Feb/2014:14:26:58 +0100] "GET /favicon.ico HTTP/1.1" 404 1256 "-" "Mozilla/5.0 (Windows NT 6.1; WOW64; rv:25.0) Gecko/20100101 Firefox/25.0"
141.8.147.12 - - [04/Feb/2014:14:29:34 +0100] "GET /robots.txt HTTP/1.1" 301 367 "-" "Mozilla/5.0 (compatible; YandexBot/3.0; +http://yandex.com/bots)"
141.8.147.12 - - [04/Feb/2014:14:29:36 +0100] "GET / HTTP/1.1" 301 357 "-" "Mozilla/5.0 (compatible; YandexBot/3.0; +http://yandex.com/bots)"
141.8.147.12 - - [04/Feb/2014:14:29:37 +0100] "GET /robots.txt HTTP/1.1" 200 317 "-" "Mozilla/5.0 (compatible; YandexBot/3.0; +http://yandex.com/bots)"
141.8.147.12 - - [04/Feb/2014:14:29:39 +0100] "GET / HTTP/1.1" 200 2050 "-" "Mozilla/5.0 (compatible; YandexBot/3.0; +http://yandex.com/bots)"
80.187.106.85 - - [04/Feb/2014:14:29:54 +0100] "GET / HTTP/1.1" 200 2050 "http://www.google.de/url?url=http://www.modeinstitut-berlin.de/&q=modeinst&rct=j&sa=X&source=suggest&ct=res&oi=suggest_nav&usg=AFQjCNGebYfjSo0pqNQGbOFz5utytzXJFA&oq=modeinst&gs_l=mobile-gws-hp..1.0j5j0l3.3406.6897.0.11320.9.9.0.5.5.0.328.2124.0j4j3j2.9.0....0...1c.1j4.32.mobile-gws-hp..1.8.781.ME4dtvWF2gI" "Mozilla/5.0 (Linux; Android 4.2.2; de-de; SAMSUNG GT-I9195 Build/JDQ39) AppleWebKit/535.19 (KHTML, like Gecko) Version/1.0 Chrome/18.0.1025.308 Mobile Safari/535.19"
80.187.106.85 - - [04/Feb/2014:14:29:54 +0100] "GET /Scripts/AC_RunActiveContent.js HTTP/1.1" 200 8029 "http://www.modeinstitut-berlin.de/" "Mozilla/5.0 (Linux; Android 4.2.2; de-de; SAMSUNG GT-I9195 Build/JDQ39) AppleWebKit/535.19 (KHTML, like Gecko) Version/1.0 Chrome/18.0.1025.308 Mobile Safari/535.19"
80.187.106.85 - - [04/Feb/2014:14:29:54 +0100] "GET /css/newstyles.css HTTP/1.1" 200 9734 "http://www.modeinstitut-berlin.de/" "Mozilla/5.0 (Linux; Android 4.2.2; de-de; SAMSUNG GT-I9195 Build/JDQ39) AppleWebKit/535.19 (KHTML, like Gecko) Version/1.0 Chrome/18.0.1025.308 Mobile Safari/535.19"
80.187.106.85 - - [04/Feb/2014:14:29:55 +0100] "GET /images/motive/Logo9001_5.png HTTP/1.1" 200 19358 "http://www.modeinstitut-berlin.de/" "Mozilla/5.0 (Linux; Android 4.2.2; de-de; SAMSUNG GT-I9195 Build/JDQ39) AppleWebKit/535.19 (KHTML, like Gecko) Version/1.0 Chrome/18.0.1025.308 Mobile Safari/535.19"
80.187.106.85 - - [04/Feb/2014:14:29:55 +0100] "GET /includes/hover.js HTTP/1.1" 200 411 "http://www.modeinstitut-berlin.de/" "Mozilla/5.0 (Linux; Android 4.2.2; de-de; SAMSUNG GT-I9195 Build/JDQ39) AppleWebKit/535.19 (KHTML, like Gecko) Version/1.0 Chrome/18.0.1025.308 Mobile Safari/535.19"
80.187.106.85 - - [04/Feb/2014:14:29:55 +0100] "GET /images/layout/global-bg.jpg HTTP/1.1" 200 917 "http://www.modeinstitut-berlin.de/" "Mozilla/5.0 (Linux; Android 4.2.2; de-de; SAMSUNG GT-I9195 Build/JDQ39) AppleWebKit/535.19 (KHTML, like Gecko) Version/1.0 Chrome/18.0.1025.308 Mobile Safari/535.19"
80.187.106.85 - - [04/Feb/2014:14:29:55 +0100] "GET /images/layout/bg-navi.jpg HTTP/1.1" 200 3342 "http://www.modeinstitut-berlin.de/" "Mozilla/5.0 (Linux; Android 4.2.2; de-de; SAMSUNG GT-I9195 Build/JDQ39) AppleWebKit/535.19 (KHTML, like Gecko) Version/1.0 Chrome/18.0.1025.308 Mobile Safari/535.19"
80.187.106.85 - - [04/Feb/2014:14:29:55 +0100] "GET /images/layout/bg-sidebox-plain1.jpg HTTP/1.1" 200 10064 "http://www.modeinstitut-berlin.de/" "Mozilla/5.0 (Linux; Android 4.2.2; de-de; SAMSUNG GT-I9195 Build/JDQ39) AppleWebKit/535.19 (KHTML, like Gecko) Version/1.0 Chrome/18.0.1025.308 Mobile Safari/535.19"
80.187.106.85 - - [04/Feb/2014:14:29:55 +0100] "GET /images/layout/bg-content-big-1.jpg HTTP/1.1" 200 46493 "http://www.modeinstitut-berlin.de/" "Mozilla/5.0 (Linux; Android 4.2.2; de-de; SAMSUNG GT-I9195 Build/JDQ39) AppleWebKit/535.19 (KHTML, like Gecko) Version/1.0 Chrome/18.0.1025.308 Mobile Safari/535.19"
80.187.106.85 - - [04/Feb/2014:14:29:55 +0100] "GET /images/layout/link.gif HTTP/1.1" 200 52 "http://www.modeinstitut-berlin.de/" "Mozilla/5.0 (Linux; Android 4.2.2; de-de; SAMSUNG GT-I9195 Build/JDQ39) AppleWebKit/535.19 (KHTML, like Gecko) Version/1.0 Chrome/18.0.1025.308 Mobile Safari/535.19"
80.187.106.85 - - [04/Feb/2014:14:29:55 +0100] "GET /images/layout/wrapper-bg.jpg HTTP/1.1" 200 126878 "http://www.modeinstitut-berlin.de/" "Mozilla/5.0 (Linux; Android 4.2.2; de-de; SAMSUNG GT-I9195 Build/JDQ39) AppleWebKit/535.19 (KHTML, like Gecko) Version/1.0 Chrome/18.0.1025.308 Mobile Safari/535.19"
80.187.106.85 - - [04/Feb/2014:14:29:56 +0100] "GET /favicon.ico HTTP/1.1" 404 1256 "-" "Mozilla/5.0 (Linux; Android 4.2.2; de-de; SAMSUNG GT-I9195 Build/JDQ39) AppleWebKit/535.19 (KHTML, like Gecko) Version/1.0 Chrome/18.0.1025.308 Mobile Safari/535.19"
80.187.106.85 - - [04/Feb/2014:14:29:56 +0100] "GET /apple-touch-icon-precomposed.png HTTP/1.1" 404 1256 "-" "Mozilla/5.0 (Linux; Android 4.2.2; de-de; SAMSUNG GT-I9195 Build/JDQ39) AppleWebKit/535.19 (KHTML, like Gecko) Version/1.0 Chrome/18.0.1025.308 Mobile Safari/535.19"
80.187.106.85 - - [04/Feb/2014:14:29:56 +0100] "GET /apple-touch-icon.png HTTP/1.1" 404 1256 "-" "Mozilla/5.0 (Linux; Android 4.2.2; de-de; SAMSUNG GT-I9195 Build/JDQ39) AppleWebKit/535.19 (KHTML, like Gecko) Version/1.0 Chrome/18.0.1025.308 Mobile Safari/535.19"
80.187.106.85 - - [04/Feb/2014:14:30:07 +0100] "GET /images/layout/nav-hover-all.jpg HTTP/1.1" 200 332 "http://www.modeinstitut-berlin.de/" "Mozilla/5.0 (Linux; Android 4.2.2; de-de; SAMSUNG GT-I9195 Build/JDQ39) AppleWebKit/535.19 (KHTML, like Gecko) Version/1.0 Chrome/18.0.1025.308 Mobile Safari/535.19"
80.187.106.85 - - [04/Feb/2014:14:30:07 +0100] "GET /images/layout/nav-drop-foot.png HTTP/1.1" 200 42670 "http://www.modeinstitut-berlin.de/" "Mozilla/5.0 (Linux; Android 4.2.2; de-de; SAMSUNG GT-I9195 Build/JDQ39) AppleWebKit/535.19 (KHTML, like Gecko) Version/1.0 Chrome/18.0.1025.308 Mobile Safari/535.19"
80.187.106.85 - - [04/Feb/2014:14:30:15 +0100] "GET /kontakt/kontaktdaten/ HTTP/1.1" 200 6304 "http://www.modeinstitut-berlin.de/" "Mozilla/5.0 (Linux; Android 4.2.2; de-de; SAMSUNG GT-I9195 Build/JDQ39) AppleWebKit/535.19 (KHTML, like Gecko) Version/1.0 Chrome/18.0.1025.308 Mobile Safari/535.19"
80.187.106.85 - - [04/Feb/2014:14:30:15 +0100] "GET /images/layout/spc.gif HTTP/1.1" 200 43 "http://www.modeinstitut-berlin.de/kontakt/kontaktdaten/" "Mozilla/5.0 (Linux; Android 4.2.2; de-de; SAMSUNG GT-I9195 Build/JDQ39) AppleWebKit/535.19 (KHTML, like Gecko) Version/1.0 Chrome/18.0.1025.308 Mobile Safari/535.19"
80.187.106.85 - - [04/Feb/2014:14:30:15 +0100] "GET /images/motive/image-sidebox_gsg.jpg HTTP/1.1" 200 165404 "http://www.modeinstitut-berlin.de/kontakt/kontaktdaten/" "Mozilla/5.0 (Linux; Android 4.2.2; de-de; SAMSUNG GT-I9195 Build/JDQ39) AppleWebKit/535.19 (KHTML, like Gecko) Version/1.0 Chrome/18.0.1025.308 Mobile Safari/535.19"
85.180.146.233 - - [04/Feb/2014:14:30:16 +0100] "GET /images/layout/nav-hover-end.jpg HTTP/1.1" 200 780 "http://www.modeinstitut-berlin.de/" "Mozilla/5.0 (compatible; MSIE 10.0; Windows NT 6.2; WOW64; Trident/6.0; MAARJS)"
85.180.146.233 - - [04/Feb/2014:14:30:32 +0100] "GET /images/layout/nav-hover-1.jpg HTTP/1.1" 200 746 "http://www.modeinstitut-berlin.de/" "Mozilla/5.0 (compatible; MSIE 10.0; Windows NT 6.2; WOW64; Trident/6.0; MAARJS)"
85.180.146.233 - - [04/Feb/2014:14:30:33 +0100] "GET / HTTP/1.1" 200 2050 "http://www.modeinstitut-berlin.de/" "Mozilla/5.0 (compatible; MSIE 10.0; Windows NT 6.2; WOW64; Trident/6.0; MAARJS)"
