178.77.126.55 - - [01/Feb/2014:16:15:44 +0100] "GET / HTTP/1.1" 200 6854 "-" "Mozilla/5.0 (compatible; CareerBot/1.1; +http://www.career-x.de/bot.html)"
178.77.126.55 - - [01/Feb/2014:16:15:44 +0100] "GET /unternehmensbekleidung/ HTTP/1.1" 200 6595 "-" "Mozilla/5.0 (compatible; CareerBot/1.1; +http://www.career-x.de/bot.html)"
91.36.134.248 - - [01/Feb/2014:16:17:06 +0100] "GET / HTTP/1.1" 200 2050 "https://www.google.de/" "Mozilla/5.0 (Windows NT 6.1) AppleWebKit/537.36 (KHTML, like Gecko) Chrome/32.0.1700.102 Safari/537.36"
91.36.134.248 - - [01/Feb/2014:16:17:06 +0100] "GET /css/newstyles.css HTTP/1.1" 200 9734 "http://www.modeinstitut-berlin.de/" "Mozilla/5.0 (Windows NT 6.1) AppleWebKit/537.36 (KHTML, like Gecko) Chrome/32.0.1700.102 Safari/537.36"
91.36.134.248 - - [01/Feb/2014:16:17:06 +0100] "GET /Scripts/AC_RunActiveContent.js HTTP/1.1" 200 8029 "http://www.modeinstitut-berlin.de/" "Mozilla/5.0 (Windows NT 6.1) AppleWebKit/537.36 (KHTML, like Gecko) Chrome/32.0.1700.102 Safari/537.36"
91.36.134.248 - - [01/Feb/2014:16:17:06 +0100] "GET /includes/hover.js HTTP/1.1" 200 411 "http://www.modeinstitut-berlin.de/" "Mozilla/5.0 (Windows NT 6.1) AppleWebKit/537.36 (KHTML, like Gecko) Chrome/32.0.1700.102 Safari/537.36"
91.36.134.248 - - [01/Feb/2014:16:17:06 +0100] "GET /images/motive/Logo9001_5.png HTTP/1.1" 200 19358 "http://www.modeinstitut-berlin.de/" "Mozilla/5.0 (Windows NT 6.1) AppleWebKit/537.36 (KHTML, like Gecko) Chrome/32.0.1700.102 Safari/537.36"
91.36.134.248 - - [01/Feb/2014:16:17:06 +0100] "GET /images/layout/global-bg.jpg HTTP/1.1" 200 917 "http://www.modeinstitut-berlin.de/" "Mozilla/5.0 (Windows NT 6.1) AppleWebKit/537.36 (KHTML, like Gecko) Chrome/32.0.1700.102 Safari/537.36"
91.36.134.248 - - [01/Feb/2014:16:17:06 +0100] "GET /images/layout/bg-navi.jpg HTTP/1.1" 200 3342 "http://www.modeinstitut-berlin.de/" "Mozilla/5.0 (Windows NT 6.1) AppleWebKit/537.36 (KHTML, like Gecko) Chrome/32.0.1700.102 Safari/537.36"
91.36.134.248 - - [01/Feb/2014:16:17:06 +0100] "GET /images/layout/bg-sidebox-plain1.jpg HTTP/1.1" 200 10064 "http://www.modeinstitut-berlin.de/" "Mozilla/5.0 (Windows NT 6.1) AppleWebKit/537.36 (KHTML, like Gecko) Chrome/32.0.1700.102 Safari/537.36"
91.36.134.248 - - [01/Feb/2014:16:17:06 +0100] "GET /images/layout/link.gif HTTP/1.1" 200 52 "http://www.modeinstitut-berlin.de/" "Mozilla/5.0 (Windows NT 6.1) AppleWebKit/537.36 (KHTML, like Gecko) Chrome/32.0.1700.102 Safari/537.36"
91.36.134.248 - - [01/Feb/2014:16:17:06 +0100] "GET /images/layout/bg-content-big-1.jpg HTTP/1.1" 200 46493 "http://www.modeinstitut-berlin.de/" "Mozilla/5.0 (Windows NT 6.1) AppleWebKit/537.36 (KHTML, like Gecko) Chrome/32.0.1700.102 Safari/537.36"
91.36.134.248 - - [01/Feb/2014:16:17:06 +0100] "GET /images/layout/wrapper-bg.jpg HTTP/1.1" 200 126878 "http://www.modeinstitut-berlin.de/" "Mozilla/5.0 (Windows NT 6.1) AppleWebKit/537.36 (KHTML, like Gecko) Chrome/32.0.1700.102 Safari/537.36"
91.36.134.248 - - [01/Feb/2014:16:17:06 +0100] "GET /favicon.ico HTTP/1.1" 404 1256 "-" "Mozilla/5.0 (Windows NT 6.1) AppleWebKit/537.36 (KHTML, like Gecko) Chrome/32.0.1700.102 Safari/537.36"
91.36.134.248 - - [01/Feb/2014:16:17:06 +0100] "GET /video/video.swf HTTP/1.1" 200 3107187 "http://www.modeinstitut-berlin.de/" "Mozilla/5.0 (Windows NT 6.1) AppleWebKit/537.36 (KHTML, like Gecko) Chrome/32.0.1700.102 Safari/537.36"
91.36.134.248 - - [01/Feb/2014:16:17:15 +0100] "GET /images/layout/nav-hover-1.jpg HTTP/1.1" 200 746 "http://www.modeinstitut-berlin.de/" "Mozilla/5.0 (Windows NT 6.1) AppleWebKit/537.36 (KHTML, like Gecko) Chrome/32.0.1700.102 Safari/537.36"
91.36.134.248 - - [01/Feb/2014:16:17:17 +0100] "GET / HTTP/1.1" 200 2050 "http://www.modeinstitut-berlin.de/" "Mozilla/5.0 (Windows NT 6.1) AppleWebKit/537.36 (KHTML, like Gecko) Chrome/32.0.1700.102 Safari/537.36"
91.36.134.248 - - [01/Feb/2014:16:17:19 +0100] "GET /images/layout/nav-drop-foot.png HTTP/1.1" 200 42670 "http://www.modeinstitut-berlin.de/" "Mozilla/5.0 (Windows NT 6.1) AppleWebKit/537.36 (KHTML, like Gecko) Chrome/32.0.1700.102 Safari/537.36"
91.36.134.248 - - [01/Feb/2014:16:17:19 +0100] "GET /images/layout/nav-hover-all.jpg HTTP/1.1" 200 332 "http://www.modeinstitut-berlin.de/" "Mozilla/5.0 (Windows NT 6.1) AppleWebKit/537.36 (KHTML, like Gecko) Chrome/32.0.1700.102 Safari/537.36"
91.36.134.248 - - [01/Feb/2014:16:17:23 +0100] "GET /bestellsystem/kundenlogin/ HTTP/1.1" 200 4528 "http://www.modeinstitut-berlin.de/" "Mozilla/5.0 (Windows NT 6.1) AppleWebKit/537.36 (KHTML, like Gecko) Chrome/32.0.1700.102 Safari/537.36"
92.202.43.142 - - [01/Feb/2014:16:29:53 +0100] "GET /bestellsystem/kundenlogin/ HTTP/1.1" 200 4528 "http://www.google.de/url?sa=t&rct=j&q=&esrc=s&source=web&cd=2&ved=0CDYQjBAwAQ&url=http%3A%2F%2Fwww.modeinstitut-berlin.de%2Fbestellsystem%2Fkundenlogin%2F&ei=nRLtUojqIrLT7AaS9YCIBQ&usg=AFQjCNEbo3WEGUXkO7AR33iGik8mipk3xA&bvm=bv.60444564,d.bGE" "Mozilla/5.0 (Windows NT 6.3; WOW64; rv:26.0) Gecko/20100101 Firefox/26.0"
92.202.43.142 - - [01/Feb/2014:16:29:53 +0100] "GET /favicon.ico HTTP/1.1" 404 1256 "-" "Mozilla/5.0 (Windows NT 6.3; WOW64; rv:26.0) Gecko/20100101 Firefox/26.0"
92.202.43.142 - - [01/Feb/2014:16:29:53 +0100] "GET /favicon.ico HTTP/1.1" 404 1256 "-" "Mozilla/5.0 (Windows NT 6.3; WOW64; rv:26.0) Gecko/20100101 Firefox/26.0"
208.115.111.73 - - [01/Feb/2014:16:33:46 +0100] "GET /produkt/produktion/ HTTP/1.1" 200 6399 "-" "Mozilla/5.0 (compatible; Ezooms/1.0; help@moz.com)"
178.19.232.21 - - [01/Feb/2014:16:40:35 +0100] "GET / HTTP/1.1" 200 2050 "https://www.google.de/" "Mozilla/5.0 (Windows NT 6.3; WOW64) AppleWebKit/537.36 (KHTML, like Gecko) Chrome/32.0.1700.102 Safari/537.36"
178.19.232.21 - - [01/Feb/2014:16:40:36 +0100] "GET /css/newstyles.css HTTP/1.1" 200 9734 "http://www.modeinstitut-berlin.de/" "Mozilla/5.0 (Windows NT 6.3; WOW64) AppleWebKit/537.36 (KHTML, like Gecko) Chrome/32.0.1700.102 Safari/537.36"
178.19.232.21 - - [01/Feb/2014:16:40:36 +0100] "GET /Scripts/AC_RunActiveContent.js HTTP/1.1" 200 8029 "http://www.modeinstitut-berlin.de/" "Mozilla/5.0 (Windows NT 6.3; WOW64) AppleWebKit/537.36 (KHTML, like Gecko) Chrome/32.0.1700.102 Safari/537.36"
178.19.232.21 - - [01/Feb/2014:16:40:36 +0100] "GET /images/layout/global-bg.jpg HTTP/1.1" 200 917 "http://www.modeinstitut-berlin.de/" "Mozilla/5.0 (Windows NT 6.3; WOW64) AppleWebKit/537.36 (KHTML, like Gecko) Chrome/32.0.1700.102 Safari/537.36"
178.19.232.21 - - [01/Feb/2014:16:40:36 +0100] "GET /includes/hover.js HTTP/1.1" 200 411 "http://www.modeinstitut-berlin.de/" "Mozilla/5.0 (Windows NT 6.3; WOW64) AppleWebKit/537.36 (KHTML, like Gecko) Chrome/32.0.1700.102 Safari/537.36"
178.19.232.21 - - [01/Feb/2014:16:40:36 +0100] "GET /images/layout/bg-navi.jpg HTTP/1.1" 200 3342 "http://www.modeinstitut-berlin.de/" "Mozilla/5.0 (Windows NT 6.3; WOW64) AppleWebKit/537.36 (KHTML, like Gecko) Chrome/32.0.1700.102 Safari/537.36"
178.19.232.21 - - [01/Feb/2014:16:40:36 +0100] "GET /images/layout/bg-sidebox-plain1.jpg HTTP/1.1" 200 10064 "http://www.modeinstitut-berlin.de/" "Mozilla/5.0 (Windows NT 6.3; WOW64) AppleWebKit/537.36 (KHTML, like Gecko) Chrome/32.0.1700.102 Safari/537.36"
178.19.232.21 - - [01/Feb/2014:16:40:36 +0100] "GET /images/layout/link.gif HTTP/1.1" 200 52 "http://www.modeinstitut-berlin.de/" "Mozilla/5.0 (Windows NT 6.3; WOW64) AppleWebKit/537.36 (KHTML, like Gecko) Chrome/32.0.1700.102 Safari/537.36"
178.19.232.21 - - [01/Feb/2014:16:40:36 +0100] "GET /images/motive/Logo9001_5.png HTTP/1.1" 200 19358 "http://www.modeinstitut-berlin.de/" "Mozilla/5.0 (Windows NT 6.3; WOW64) AppleWebKit/537.36 (KHTML, like Gecko) Chrome/32.0.1700.102 Safari/537.36"
178.19.232.21 - - [01/Feb/2014:16:40:36 +0100] "GET /images/layout/bg-content-big-1.jpg HTTP/1.1" 200 46493 "http://www.modeinstitut-berlin.de/" "Mozilla/5.0 (Windows NT 6.3; WOW64) AppleWebKit/537.36 (KHTML, like Gecko) Chrome/32.0.1700.102 Safari/537.36"
178.19.232.21 - - [01/Feb/2014:16:40:36 +0100] "GET /images/layout/wrapper-bg.jpg HTTP/1.1" 200 126878 "http://www.modeinstitut-berlin.de/" "Mozilla/5.0 (Windows NT 6.3; WOW64) AppleWebKit/537.36 (KHTML, like Gecko) Chrome/32.0.1700.102 Safari/537.36"
178.19.232.21 - - [01/Feb/2014:16:40:38 +0100] "GET /favicon.ico HTTP/1.1" 404 1256 "-" "Mozilla/5.0 (Windows NT 6.3; WOW64) AppleWebKit/537.36 (KHTML, like Gecko) Chrome/32.0.1700.102 Safari/537.36"
178.19.232.21 - - [01/Feb/2014:16:40:37 +0100] "GET /video/video.swf HTTP/1.1" 200 3107187 "http://www.modeinstitut-berlin.de/" "Mozilla/5.0 (Windows NT 6.3; WOW64) AppleWebKit/537.36 (KHTML, like Gecko) Chrome/32.0.1700.102 Safari/537.36"
178.19.232.21 - - [01/Feb/2014:16:40:50 +0100] "GET /images/layout/nav-hover-1.jpg HTTP/1.1" 200 746 "http://www.modeinstitut-berlin.de/" "Mozilla/5.0 (Windows NT 6.3; WOW64) AppleWebKit/537.36 (KHTML, like Gecko) Chrome/32.0.1700.102 Safari/537.36"
178.19.232.21 - - [01/Feb/2014:16:40:50 +0100] "GET /images/layout/nav-drop-foot.png HTTP/1.1" 200 42670 "http://www.modeinstitut-berlin.de/" "Mozilla/5.0 (Windows NT 6.3; WOW64) AppleWebKit/537.36 (KHTML, like Gecko) Chrome/32.0.1700.102 Safari/537.36"
178.19.232.21 - - [01/Feb/2014:16:40:50 +0100] "GET /images/layout/nav-hover-all.jpg HTTP/1.1" 200 332 "http://www.modeinstitut-berlin.de/" "Mozilla/5.0 (Windows NT 6.3; WOW64) AppleWebKit/537.36 (KHTML, like Gecko) Chrome/32.0.1700.102 Safari/537.36"
178.19.232.21 - - [01/Feb/2014:16:41:28 +0100] "GET /bestellsystem/kundenlogin/ HTTP/1.1" 200 4528 "https://www.google.de/" "Mozilla/5.0 (Windows NT 6.3; WOW64) AppleWebKit/537.36 (KHTML, like Gecko) Chrome/32.0.1700.102 Safari/537.36"
31.61.136.37 - - [01/Feb/2014:16:42:35 +0100] "GET / HTTP/1.1" 200 2050 "https://www.google.pl/" "Mozilla/5.0 (X11; Linux x86_64) AppleWebKit/537.36 (KHTML, like Gecko) Chrome/32.0.1700.99 Safari/537.36"
31.61.136.37 - - [01/Feb/2014:16:42:37 +0100] "GET /css/newstyles.css HTTP/1.1" 200 9734 "http://www.modeinstitut-berlin.de/" "Mozilla/5.0 (X11; Linux x86_64) AppleWebKit/537.36 (KHTML, like Gecko) Chrome/32.0.1700.99 Safari/537.36"
31.61.136.37 - - [01/Feb/2014:16:42:37 +0100] "GET /Scripts/AC_RunActiveContent.js HTTP/1.1" 200 8029 "http://www.modeinstitut-berlin.de/" "Mozilla/5.0 (X11; Linux x86_64) AppleWebKit/537.36 (KHTML, like Gecko) Chrome/32.0.1700.99 Safari/537.36"
31.61.136.37 - - [01/Feb/2014:16:42:37 +0100] "GET /includes/hover.js HTTP/1.1" 200 411 "http://www.modeinstitut-berlin.de/" "Mozilla/5.0 (X11; Linux x86_64) AppleWebKit/537.36 (KHTML, like Gecko) Chrome/32.0.1700.99 Safari/537.36"
31.61.136.37 - - [01/Feb/2014:16:42:37 +0100] "GET /images/layout/global-bg.jpg HTTP/1.1" 200 917 "http://www.modeinstitut-berlin.de/" "Mozilla/5.0 (X11; Linux x86_64) AppleWebKit/537.36 (KHTML, like Gecko) Chrome/32.0.1700.99 Safari/537.36"
31.61.136.37 - - [01/Feb/2014:16:42:37 +0100] "GET /images/motive/Logo9001_5.png HTTP/1.1" 200 19358 "http://www.modeinstitut-berlin.de/" "Mozilla/5.0 (X11; Linux x86_64) AppleWebKit/537.36 (KHTML, like Gecko) Chrome/32.0.1700.99 Safari/537.36"
31.61.136.37 - - [01/Feb/2014:16:42:37 +0100] "GET /images/layout/bg-navi.jpg HTTP/1.1" 200 3342 "http://www.modeinstitut-berlin.de/" "Mozilla/5.0 (X11; Linux x86_64) AppleWebKit/537.36 (KHTML, like Gecko) Chrome/32.0.1700.99 Safari/537.36"
31.61.136.37 - - [01/Feb/2014:16:42:37 +0100] "GET /images/layout/bg-sidebox-plain1.jpg HTTP/1.1" 200 10064 "http://www.modeinstitut-berlin.de/" "Mozilla/5.0 (X11; Linux x86_64) AppleWebKit/537.36 (KHTML, like Gecko) Chrome/32.0.1700.99 Safari/537.36"
31.61.136.37 - - [01/Feb/2014:16:42:37 +0100] "GET /images/layout/link.gif HTTP/1.1" 200 52 "http://www.modeinstitut-berlin.de/" "Mozilla/5.0 (X11; Linux x86_64) AppleWebKit/537.36 (KHTML, like Gecko) Chrome/32.0.1700.99 Safari/537.36"
31.61.136.37 - - [01/Feb/2014:16:42:37 +0100] "GET /images/layout/bg-content-big-1.jpg HTTP/1.1" 200 46493 "http://www.modeinstitut-berlin.de/" "Mozilla/5.0 (X11; Linux x86_64) AppleWebKit/537.36 (KHTML, like Gecko) Chrome/32.0.1700.99 Safari/537.36"
31.61.136.37 - - [01/Feb/2014:16:42:37 +0100] "GET /images/layout/wrapper-bg.jpg HTTP/1.1" 200 126878 "http://www.modeinstitut-berlin.de/" "Mozilla/5.0 (X11; Linux x86_64) AppleWebKit/537.36 (KHTML, like Gecko) Chrome/32.0.1700.99 Safari/537.36"
31.61.136.37 - - [01/Feb/2014:16:42:38 +0100] "GET /favicon.ico HTTP/1.1" 404 1256 "-" "Mozilla/5.0 (Linux; Android 4.4.2; Nexus 7 Build/KOT49H) AppleWebKit/537.36 (KHTML, like Gecko) Chrome/32.0.1700.99 Safari/537.36"
31.61.136.37 - - [01/Feb/2014:16:42:43 +0100] "GET /images/layout/nav-drop-foot.png HTTP/1.1" 200 42670 "http://www.modeinstitut-berlin.de/" "Mozilla/5.0 (X11; Linux x86_64) AppleWebKit/537.36 (KHTML, like Gecko) Chrome/32.0.1700.99 Safari/537.36"
31.61.136.37 - - [01/Feb/2014:16:42:43 +0100] "GET /images/layout/nav-hover-all.jpg HTTP/1.1" 200 332 "http://www.modeinstitut-berlin.de/" "Mozilla/5.0 (X11; Linux x86_64) AppleWebKit/537.36 (KHTML, like Gecko) Chrome/32.0.1700.99 Safari/537.36"
66.249.73.213 - - [01/Feb/2014:16:59:18 +0100] "GET /unternehmen/stellenangebote/ HTTP/1.1" 200 5152 "-" "Mozilla/5.0 (compatible; Googlebot/2.1; +http://www.google.com/bot.html)"
157.56.93.50 - - [01/Feb/2014:17:01:49 +0100] "GET /robots.txt HTTP/1.1" 200 317 "-" "Mozilla/5.0 (compatible; bingbot/2.0; +http://www.bing.com/bingbot.htm)"
5.199.136.130 - - [01/Feb/2014:17:03:05 +0100] "GET /robots.txt HTTP/1.1" 200 317 "-" "Mozilla/5.0 (compatible; waybackarchive.org/1.0; +spider@waybackarchive.org)"
5.199.136.130 - - [01/Feb/2014:17:03:09 +0100] "GET /images/motive/logos/rnv-logo.jpg HTTP/1.1" 200 13013 "-" "Mozilla/5.0 (compatible; waybackarchive.org/1.0; +spider@waybackarchive.org)"
85.179.45.85 - - [01/Feb/2014:17:04:33 +0100] "GET / HTTP/1.1" 200 2050 "https://www.google.de/" "Mozilla/5.0 (Windows NT 6.1; WOW64) AppleWebKit/537.36 (KHTML, like Gecko) Chrome/32.0.1700.102 Safari/537.36"
85.179.45.85 - - [01/Feb/2014:17:04:33 +0100] "GET /css/newstyles.css HTTP/1.1" 200 9734 "http://www.modeinstitut-berlin.de/" "Mozilla/5.0 (Windows NT 6.1; WOW64) AppleWebKit/537.36 (KHTML, like Gecko) Chrome/32.0.1700.102 Safari/537.36"
85.179.45.85 - - [01/Feb/2014:17:04:33 +0100] "GET /Scripts/AC_RunActiveContent.js HTTP/1.1" 200 8029 "http://www.modeinstitut-berlin.de/" "Mozilla/5.0 (Windows NT 6.1; WOW64) AppleWebKit/537.36 (KHTML, like Gecko) Chrome/32.0.1700.102 Safari/537.36"
85.179.45.85 - - [01/Feb/2014:17:04:33 +0100] "GET /includes/hover.js HTTP/1.1" 200 411 "http://www.modeinstitut-berlin.de/" "Mozilla/5.0 (Windows NT 6.1; WOW64) AppleWebKit/537.36 (KHTML, like Gecko) Chrome/32.0.1700.102 Safari/537.36"
85.179.45.85 - - [01/Feb/2014:17:04:33 +0100] "GET /images/motive/Logo9001_5.png HTTP/1.1" 200 19358 "http://www.modeinstitut-berlin.de/" "Mozilla/5.0 (Windows NT 6.1; WOW64) AppleWebKit/537.36 (KHTML, like Gecko) Chrome/32.0.1700.102 Safari/537.36"
85.179.45.85 - - [01/Feb/2014:17:04:33 +0100] "GET /images/layout/global-bg.jpg HTTP/1.1" 200 917 "http://www.modeinstitut-berlin.de/" "Mozilla/5.0 (Windows NT 6.1; WOW64) AppleWebKit/537.36 (KHTML, like Gecko) Chrome/32.0.1700.102 Safari/537.36"
85.179.45.85 - - [01/Feb/2014:17:04:33 +0100] "GET /images/layout/bg-navi.jpg HTTP/1.1" 200 3342 "http://www.modeinstitut-berlin.de/" "Mozilla/5.0 (Windows NT 6.1; WOW64) AppleWebKit/537.36 (KHTML, like Gecko) Chrome/32.0.1700.102 Safari/537.36"
85.179.45.85 - - [01/Feb/2014:17:04:33 +0100] "GET /images/layout/link.gif HTTP/1.1" 200 52 "http://www.modeinstitut-berlin.de/" "Mozilla/5.0 (Windows NT 6.1; WOW64) AppleWebKit/537.36 (KHTML, like Gecko) Chrome/32.0.1700.102 Safari/537.36"
85.179.45.85 - - [01/Feb/2014:17:04:33 +0100] "GET /images/layout/bg-sidebox-plain1.jpg HTTP/1.1" 200 10064 "http://www.modeinstitut-berlin.de/" "Mozilla/5.0 (Windows NT 6.1; WOW64) AppleWebKit/537.36 (KHTML, like Gecko) Chrome/32.0.1700.102 Safari/537.36"
85.179.45.85 - - [01/Feb/2014:17:04:33 +0100] "GET /images/layout/bg-content-big-1.jpg HTTP/1.1" 200 46493 "http://www.modeinstitut-berlin.de/" "Mozilla/5.0 (Windows NT 6.1; WOW64) AppleWebKit/537.36 (KHTML, like Gecko) Chrome/32.0.1700.102 Safari/537.36"
85.179.45.85 - - [01/Feb/2014:17:04:33 +0100] "GET /images/layout/wrapper-bg.jpg HTTP/1.1" 200 126878 "http://www.modeinstitut-berlin.de/" "Mozilla/5.0 (Windows NT 6.1; WOW64) AppleWebKit/537.36 (KHTML, like Gecko) Chrome/32.0.1700.102 Safari/537.36"
85.179.45.85 - - [01/Feb/2014:17:04:33 +0100] "GET /favicon.ico HTTP/1.1" 404 1256 "-" "Mozilla/5.0 (Windows NT 6.1; WOW64) AppleWebKit/537.36 (KHTML, like Gecko) Chrome/32.0.1700.102 Safari/537.36"
85.179.45.85 - - [01/Feb/2014:17:04:33 +0100] "GET /video/video.swf HTTP/1.1" 200 3107187 "http://www.modeinstitut-berlin.de/" "Mozilla/5.0 (Windows NT 6.1; WOW64) AppleWebKit/537.36 (KHTML, like Gecko) Chrome/32.0.1700.102 Safari/537.36"
85.179.45.85 - - [01/Feb/2014:17:04:35 +0100] "GET /images/layout/nav-hover-all.jpg HTTP/1.1" 200 332 "http://www.modeinstitut-berlin.de/" "Mozilla/5.0 (Windows NT 6.1; WOW64) AppleWebKit/537.36 (KHTML, like Gecko) Chrome/32.0.1700.102 Safari/537.36"
85.179.45.85 - - [01/Feb/2014:17:04:35 +0100] "GET /images/layout/nav-drop-foot.png HTTP/1.1" 200 42670 "http://www.modeinstitut-berlin.de/" "Mozilla/5.0 (Windows NT 6.1; WOW64) AppleWebKit/537.36 (KHTML, like Gecko) Chrome/32.0.1700.102 Safari/537.36"
85.179.45.85 - - [01/Feb/2014:17:04:39 +0100] "GET /images/layout/nav-hover-1.jpg HTTP/1.1" 200 746 "http://www.modeinstitut-berlin.de/" "Mozilla/5.0 (Windows NT 6.1; WOW64) AppleWebKit/537.36 (KHTML, like Gecko) Chrome/32.0.1700.102 Safari/537.36"
85.179.45.85 - - [01/Feb/2014:17:04:45 +0100] "GET /berufsbekleidung/ HTTP/1.1" 200 10474 "http://www.modeinstitut-berlin.de/" "Mozilla/5.0 (Windows NT 6.1; WOW64) AppleWebKit/537.36 (KHTML, like Gecko) Chrome/32.0.1700.102 Safari/537.36"
85.179.45.85 - - [01/Feb/2014:17:04:45 +0100] "GET /js/dw_scroll_c.js HTTP/1.1" 200 36858 "http://www.modeinstitut-berlin.de/berufsbekleidung/" "Mozilla/5.0 (Windows NT 6.1; WOW64) AppleWebKit/537.36 (KHTML, like Gecko) Chrome/32.0.1700.102 Safari/537.36"
85.179.45.85 - - [01/Feb/2014:17:04:45 +0100] "GET /css/scroll_v.css HTTP/1.1" 200 1437 "http://www.modeinstitut-berlin.de/berufsbekleidung/" "Mozilla/5.0 (Windows NT 6.1; WOW64) AppleWebKit/537.36 (KHTML, like Gecko) Chrome/32.0.1700.102 Safari/537.36"
85.179.45.85 - - [01/Feb/2014:17:04:45 +0100] "GET /images/tri-dn.gif HTTP/1.1" 200 63 "http://www.modeinstitut-berlin.de/berufsbekleidung/" "Mozilla/5.0 (Windows NT 6.1; WOW64) AppleWebKit/537.36 (KHTML, like Gecko) Chrome/32.0.1700.102 Safari/537.36"
85.179.45.85 - - [01/Feb/2014:17:04:45 +0100] "GET /images/tri-up.gif HTTP/1.1" 200 62 "http://www.modeinstitut-berlin.de/berufsbekleidung/" "Mozilla/5.0 (Windows NT 6.1; WOW64) AppleWebKit/537.36 (KHTML, like Gecko) Chrome/32.0.1700.102 Safari/537.36"
85.179.45.85 - - [01/Feb/2014:17:04:45 +0100] "GET /images/flash/logistik.swf HTTP/1.1" 200 419069 "http://www.modeinstitut-berlin.de/berufsbekleidung/" "Mozilla/5.0 (Windows NT 6.1; WOW64) AppleWebKit/537.36 (KHTML, like Gecko) Chrome/32.0.1700.102 Safari/537.36"
157.56.93.50 - - [01/Feb/2014:17:11:29 +0100] "GET /unternehmen/aktuelles/ HTTP/1.1" 200 5767 "-" "Mozilla/5.0 (compatible; bingbot/2.0; +http://www.bing.com/bingbot.htm)"
66.249.73.213 - - [01/Feb/2014:17:20:36 +0100] "GET /unternehmen/aktuelles/Pressetermin-BVG/ HTTP/1.1" 200 5774 "-" "Mozilla/5.0 (iPhone; CPU iPhone OS 6_0 like Mac OS X) AppleWebKit/536.26 (KHTML, like Gecko) Version/6.0 Mobile/10A5376e Safari/8536.25 (compatible; Googlebot-Mobile/2.1; +http://www.google.com/bot.html)"
78.55.80.85 - - [01/Feb/2014:17:46:38 +0100] "GET /corporate-fashion/ HTTP/1.1" 200 10715 "http://www.google.de/url?sa=t&rct=j&q=&esrc=s&source=web&cd=2&ved=0CEsQFjAB&url=http%3A%2F%2Fwww.modeinstitut-berlin.de%2Fcorporate-fashion%2F&ei=NiTtUsXfMNKWhQei-oGoBg&usg=AFQjCNGwJ47CpOihb8M_Mnc-RYywu6fiGA&bvm=bv.60444564,d.ZG4" "Mozilla/5.0 (Macintosh; Intel Mac OS X 10.5; rv:16.0) Gecko/20100101 Firefox/16.0"
78.55.80.85 - - [01/Feb/2014:17:46:38 +0100] "GET /css/newstyles.css HTTP/1.1" 200 9734 "http://www.modeinstitut-berlin.de/corporate-fashion/" "Mozilla/5.0 (Macintosh; Intel Mac OS X 10.5; rv:16.0) Gecko/20100101 Firefox/16.0"
78.55.80.85 - - [01/Feb/2014:17:46:38 +0100] "GET /Scripts/AC_RunActiveContent.js HTTP/1.1" 200 8029 "http://www.modeinstitut-berlin.de/corporate-fashion/" "Mozilla/5.0 (Macintosh; Intel Mac OS X 10.5; rv:16.0) Gecko/20100101 Firefox/16.0"
78.55.80.85 - - [01/Feb/2014:17:46:38 +0100] "GET /js/dw_scroll_c.js HTTP/1.1" 200 36858 "http://www.modeinstitut-berlin.de/corporate-fashion/" "Mozilla/5.0 (Macintosh; Intel Mac OS X 10.5; rv:16.0) Gecko/20100101 Firefox/16.0"
78.55.80.85 - - [01/Feb/2014:17:46:38 +0100] "GET /includes/hover.js HTTP/1.1" 200 411 "http://www.modeinstitut-berlin.de/corporate-fashion/" "Mozilla/5.0 (Macintosh; Intel Mac OS X 10.5; rv:16.0) Gecko/20100101 Firefox/16.0"
78.55.80.85 - - [01/Feb/2014:17:46:38 +0100] "GET /images/layout/global-bg.jpg HTTP/1.1" 200 917 "http://www.modeinstitut-berlin.de/css/newstyles.css" "Mozilla/5.0 (Macintosh; Intel Mac OS X 10.5; rv:16.0) Gecko/20100101 Firefox/16.0"
78.55.80.85 - - [01/Feb/2014:17:46:39 +0100] "GET /css/scroll_v.css HTTP/1.1" 200 1437 "http://www.modeinstitut-berlin.de/corporate-fashion/" "Mozilla/5.0 (Macintosh; Intel Mac OS X 10.5; rv:16.0) Gecko/20100101 Firefox/16.0"
78.55.80.85 - - [01/Feb/2014:17:46:39 +0100] "GET /images/layout/bg-navi.jpg HTTP/1.1" 200 3342 "http://www.modeinstitut-berlin.de/css/newstyles.css" "Mozilla/5.0 (Macintosh; Intel Mac OS X 10.5; rv:16.0) Gecko/20100101 Firefox/16.0"
78.55.80.85 - - [01/Feb/2014:17:46:39 +0100] "GET /images/layout/bg-content-big-1.jpg HTTP/1.1" 200 46493 "http://www.modeinstitut-berlin.de/css/newstyles.css" "Mozilla/5.0 (Macintosh; Intel Mac OS X 10.5; rv:16.0) Gecko/20100101 Firefox/16.0"
78.55.80.85 - - [01/Feb/2014:17:46:39 +0100] "GET /images/layout/link.gif HTTP/1.1" 200 52 "http://www.modeinstitut-berlin.de/css/newstyles.css" "Mozilla/5.0 (Macintosh; Intel Mac OS X 10.5; rv:16.0) Gecko/20100101 Firefox/16.0"
78.55.80.85 - - [01/Feb/2014:17:46:39 +0100] "GET /images/layout/wrapper-bg.jpg HTTP/1.1" 200 126878 "http://www.modeinstitut-berlin.de/css/newstyles.css" "Mozilla/5.0 (Macintosh; Intel Mac OS X 10.5; rv:16.0) Gecko/20100101 Firefox/16.0"
78.55.80.85 - - [01/Feb/2014:17:46:39 +0100] "GET /images/flash/logistik.swf HTTP/1.1" 200 419069 "http://www.modeinstitut-berlin.de/corporate-fashion/" "Mozilla/5.0 (Macintosh; Intel Mac OS X 10.5; rv:16.0) Gecko/20100101 Firefox/16.0"
78.55.80.85 - - [01/Feb/2014:17:46:39 +0100] "GET /favicon.ico HTTP/1.1" 404 1256 "-" "Mozilla/5.0 (Macintosh; Intel Mac OS X 10.5; rv:16.0) Gecko/20100101 Firefox/16.0"
78.55.80.85 - - [01/Feb/2014:17:46:39 +0100] "GET /images/tri-up.gif HTTP/1.1" 200 62 "http://www.modeinstitut-berlin.de/css/scroll_v.css" "Mozilla/5.0 (Macintosh; Intel Mac OS X 10.5; rv:16.0) Gecko/20100101 Firefox/16.0"
78.55.80.85 - - [01/Feb/2014:17:46:39 +0100] "GET /images/tri-dn.gif HTTP/1.1" 200 63 "http://www.modeinstitut-berlin.de/css/scroll_v.css" "Mozilla/5.0 (Macintosh; Intel Mac OS X 10.5; rv:16.0) Gecko/20100101 Firefox/16.0"
78.55.80.85 - - [01/Feb/2014:17:46:43 +0100] "GET /images/layout/nav-hover-all.jpg HTTP/1.1" 200 332 "http://www.modeinstitut-berlin.de/css/newstyles.css" "Mozilla/5.0 (Macintosh; Intel Mac OS X 10.5; rv:16.0) Gecko/20100101 Firefox/16.0"
78.55.80.85 - - [01/Feb/2014:17:46:43 +0100] "GET /images/layout/nav-drop-foot.png HTTP/1.1" 200 42670 "http://www.modeinstitut-berlin.de/css/newstyles.css" "Mozilla/5.0 (Macintosh; Intel Mac OS X 10.5; rv:16.0) Gecko/20100101 Firefox/16.0"
78.55.80.85 - - [01/Feb/2014:17:46:46 +0100] "GET /referenzen/auszug/ HTTP/1.1" 200 6434 "http://www.modeinstitut-berlin.de/corporate-fashion/" "Mozilla/5.0 (Macintosh; Intel Mac OS X 10.5; rv:16.0) Gecko/20100101 Firefox/16.0"
78.55.80.85 - - [01/Feb/2014:17:46:46 +0100] "GET /images/motive/logos/Pin-Mail.jpg HTTP/1.1" 200 18155 "http://www.modeinstitut-berlin.de/referenzen/auszug/" "Mozilla/5.0 (Macintosh; Intel Mac OS X 10.5; rv:16.0) Gecko/20100101 Firefox/16.0"
78.55.80.85 - - [01/Feb/2014:17:46:46 +0100] "GET /images/motive/logos/bvg.jpg HTTP/1.1" 200 17033 "http://www.modeinstitut-berlin.de/referenzen/auszug/" "Mozilla/5.0 (Macintosh; Intel Mac OS X 10.5; rv:16.0) Gecko/20100101 Firefox/16.0"
78.55.80.85 - - [01/Feb/2014:17:46:46 +0100] "GET /images/motive/logos/bayrischer.jpg HTTP/1.1" 200 15953 "http://www.modeinstitut-berlin.de/referenzen/auszug/" "Mozilla/5.0 (Macintosh; Intel Mac OS X 10.5; rv:16.0) Gecko/20100101 Firefox/16.0"
78.55.80.85 - - [01/Feb/2014:17:46:47 +0100] "GET /images/motive/logos/frasec.jpg HTTP/1.1" 200 19377 "http://www.modeinstitut-berlin.de/referenzen/auszug/" "Mozilla/5.0 (Macintosh; Intel Mac OS X 10.5; rv:16.0) Gecko/20100101 Firefox/16.0"
78.55.80.85 - - [01/Feb/2014:17:46:47 +0100] "GET /images/motive/logos/deutschepost.gif HTTP/1.1" 200 1468 "http://www.modeinstitut-berlin.de/referenzen/auszug/" "Mozilla/5.0 (Macintosh; Intel Mac OS X 10.5; rv:16.0) Gecko/20100101 Firefox/16.0"
78.55.80.85 - - [01/Feb/2014:17:46:47 +0100] "GET /images/motive/logos/BT-Logo.png HTTP/1.1" 200 8730 "http://www.modeinstitut-berlin.de/referenzen/auszug/" "Mozilla/5.0 (Macintosh; Intel Mac OS X 10.5; rv:16.0) Gecko/20100101 Firefox/16.0"
78.55.80.85 - - [01/Feb/2014:17:46:47 +0100] "GET /images/motive/logos/mvb.jpg HTTP/1.1" 200 20330 "http://www.modeinstitut-berlin.de/referenzen/auszug/" "Mozilla/5.0 (Macintosh; Intel Mac OS X 10.5; rv:16.0) Gecko/20100101 Firefox/16.0"
78.55.80.85 - - [01/Feb/2014:17:46:47 +0100] "GET /images/motive/logos/mvg.jpg HTTP/1.1" 200 16049 "http://www.modeinstitut-berlin.de/referenzen/auszug/" "Mozilla/5.0 (Macintosh; Intel Mac OS X 10.5; rv:16.0) Gecko/20100101 Firefox/16.0"
78.55.80.85 - - [01/Feb/2014:17:46:47 +0100] "GET /images/motive/logos/Logo-Kameha-Grand-Bonn.jpg HTTP/1.1" 200 17221 "http://www.modeinstitut-berlin.de/referenzen/auszug/" "Mozilla/5.0 (Macintosh; Intel Mac OS X 10.5; rv:16.0) Gecko/20100101 Firefox/16.0"
78.55.80.85 - - [01/Feb/2014:17:46:47 +0100] "GET /images/motive/logos/rnv-logo.jpg HTTP/1.1" 200 13013 "http://www.modeinstitut-berlin.de/referenzen/auszug/" "Mozilla/5.0 (Macintosh; Intel Mac OS X 10.5; rv:16.0) Gecko/20100101 Firefox/16.0"
78.55.80.85 - - [01/Feb/2014:17:46:47 +0100] "GET /images/motive/logos/fis.jpg HTTP/1.1" 200 20913 "http://www.modeinstitut-berlin.de/referenzen/auszug/" "Mozilla/5.0 (Macintosh; Intel Mac OS X 10.5; rv:16.0) Gecko/20100101 Firefox/16.0"
78.55.80.85 - - [01/Feb/2014:17:46:47 +0100] "GET /images/motive/logos/melia2.jpg HTTP/1.1" 200 6337 "http://www.modeinstitut-berlin.de/referenzen/auszug/" "Mozilla/5.0 (Macintosh; Intel Mac OS X 10.5; rv:16.0) Gecko/20100101 Firefox/16.0"
78.55.80.85 - - [01/Feb/2014:17:46:47 +0100] "GET /images/motive/logos/vgf.jpg HTTP/1.1" 200 14122 "http://www.modeinstitut-berlin.de/referenzen/auszug/" "Mozilla/5.0 (Macintosh; Intel Mac OS X 10.5; rv:16.0) Gecko/20100101 Firefox/16.0"
78.55.80.85 - - [01/Feb/2014:17:46:47 +0100] "GET /images/motive/logos/lvb.jpg HTTP/1.1" 200 24555 "http://www.modeinstitut-berlin.de/referenzen/auszug/" "Mozilla/5.0 (Macintosh; Intel Mac OS X 10.5; rv:16.0) Gecko/20100101 Firefox/16.0"
78.55.80.85 - - [01/Feb/2014:17:46:47 +0100] "GET /images/motive/logos/globeground.jpg HTTP/1.1" 200 16348 "http://www.modeinstitut-berlin.de/referenzen/auszug/" "Mozilla/5.0 (Macintosh; Intel Mac OS X 10.5; rv:16.0) Gecko/20100101 Firefox/16.0"
78.55.80.85 - - [01/Feb/2014:17:46:47 +0100] "GET /images/motive/logos/bundestag.jpg HTTP/1.1" 200 18038 "http://www.modeinstitut-berlin.de/referenzen/auszug/" "Mozilla/5.0 (Macintosh; Intel Mac OS X 10.5; rv:16.0) Gecko/20100101 Firefox/16.0"
78.55.80.85 - - [01/Feb/2014:17:46:47 +0100] "GET /images/motive/logos/gegenbauer.jpg HTTP/1.1" 200 15498 "http://www.modeinstitut-berlin.de/referenzen/auszug/" "Mozilla/5.0 (Macintosh; Intel Mac OS X 10.5; rv:16.0) Gecko/20100101 Firefox/16.0"
78.55.80.85 - - [01/Feb/2014:17:46:47 +0100] "GET /images/motive/logos/vag.jpg HTTP/1.1" 200 13744 "http://www.modeinstitut-berlin.de/referenzen/auszug/" "Mozilla/5.0 (Macintosh; Intel Mac OS X 10.5; rv:16.0) Gecko/20100101 Firefox/16.0"
78.55.80.85 - - [01/Feb/2014:17:46:47 +0100] "GET /images/layout/bg-content-refs1.jpg HTTP/1.1" 200 39149 "http://www.modeinstitut-berlin.de/css/newstyles.css" "Mozilla/5.0 (Macintosh; Intel Mac OS X 10.5; rv:16.0) Gecko/20100101 Firefox/16.0"
78.55.80.85 - - [01/Feb/2014:17:46:57 +0100] "GET /referenzen/galerie/ HTTP/1.1" 200 4854 "http://www.modeinstitut-berlin.de/referenzen/auszug/" "Mozilla/5.0 (Macintosh; Intel Mac OS X 10.5; rv:16.0) Gecko/20100101 Firefox/16.0"
78.55.80.85 - - [01/Feb/2014:17:46:57 +0100] "GET /js/swfobject.js HTTP/1.1" 200 10220 "http://www.modeinstitut-berlin.de/referenzen/galerie/" "Mozilla/5.0 (Macintosh; Intel Mac OS X 10.5; rv:16.0) Gecko/20100101 Firefox/16.0"
78.55.80.85 - - [01/Feb/2014:17:46:57 +0100] "GET /images/layout/bg-content-refs2.jpg HTTP/1.1" 200 28935 "http://www.modeinstitut-berlin.de/css/newstyles.css" "Mozilla/5.0 (Macintosh; Intel Mac OS X 10.5; rv:16.0) Gecko/20100101 Firefox/16.0"
78.55.80.85 - - [01/Feb/2014:17:46:57 +0100] "GET /images/flash/monoslideshow.swf HTTP/1.1" 200 107761 "http://www.modeinstitut-berlin.de/referenzen/galerie/" "Mozilla/5.0 (Macintosh; Intel Mac OS X 10.5; rv:16.0) Gecko/20100101 Firefox/16.0"
78.55.80.85 - - [01/Feb/2014:17:46:58 +0100] "GET /images/flash/monoslideshow.xml HTTP/1.1" 200 3149 "http://www.modeinstitut-berlin.de/images/flash/monoslideshow.swf" "Mozilla/5.0 (Macintosh; Intel Mac OS X 10.5; rv:16.0) Gecko/20100101 Firefox/16.0"
78.55.80.85 - - [01/Feb/2014:17:46:58 +0100] "GET /images/motive/slideshow/images/084-A-Design-Award-2013.jpg HTTP/1.1" 200 232895 "http://www.modeinstitut-berlin.de/images/flash/monoslideshow.swf" "Mozilla/5.0 (Macintosh; Intel Mac OS X 10.5; rv:16.0) Gecko/20100101 Firefox/16.0"
78.55.80.85 - - [01/Feb/2014:17:46:58 +0100] "GET /images/motive/slideshow/images/085-A-Design-Award-2013.jpg HTTP/1.1" 200 251517 "http://www.modeinstitut-berlin.de/images/flash/monoslideshow.swf" "Mozilla/5.0 (Macintosh; Intel Mac OS X 10.5; rv:16.0) Gecko/20100101 Firefox/16.0"
78.55.80.85 - - [01/Feb/2014:17:46:58 +0100] "GET /images/motive/slideshow/images/087.jpg HTTP/1.1" 200 225348 "http://www.modeinstitut-berlin.de/images/flash/monoslideshow.swf" "Mozilla/5.0 (Macintosh; Intel Mac OS X 10.5; rv:16.0) Gecko/20100101 Firefox/16.0"
78.55.80.85 - - [01/Feb/2014:17:47:05 +0100] "GET /images/motive/slideshow/images/088.jpg HTTP/1.1" 200 136016 "http://www.modeinstitut-berlin.de/images/flash/monoslideshow.swf" "Mozilla/5.0 (Macintosh; Intel Mac OS X 10.5; rv:16.0) Gecko/20100101 Firefox/16.0"
78.55.80.85 - - [01/Feb/2014:17:47:11 +0100] "GET /images/layout/nav-hover-1.jpg HTTP/1.1" 200 746 "http://www.modeinstitut-berlin.de/css/newstyles.css" "Mozilla/5.0 (Macintosh; Intel Mac OS X 10.5; rv:16.0) Gecko/20100101 Firefox/16.0"
78.55.80.85 - - [01/Feb/2014:17:47:12 +0100] "GET /images/motive/slideshow/images/089.jpg HTTP/1.1" 200 212364 "http://www.modeinstitut-berlin.de/images/flash/monoslideshow.swf" "Mozilla/5.0 (Macintosh; Intel Mac OS X 10.5; rv:16.0) Gecko/20100101 Firefox/16.0"
79.205.218.60 - - [01/Feb/2014:17:56:07 +0100] "GET / HTTP/1.1" 200 2050 "http://jobboerse.arbeitsagentur.de/vamJB/stellenangeboteFinden.html?execution=e1s2&benc=D3vgmDtumTlhFG0oquXt%2Fuk9JaRCcRaYTN1TEoTutiJfgCWonqCXXMJSGQexpuQM" "Mozilla/5.0 (Windows NT 5.1; rv:26.0) Gecko/20100101 Firefox/26.0"
79.205.218.60 - - [01/Feb/2014:17:56:07 +0100] "GET /css/newstyles.css HTTP/1.1" 200 9734 "http://www.modeinstitut-berlin.de/" "Mozilla/5.0 (Windows NT 5.1; rv:26.0) Gecko/20100101 Firefox/26.0"
79.205.218.60 - - [01/Feb/2014:17:56:08 +0100] "GET /Scripts/AC_RunActiveContent.js HTTP/1.1" 200 8029 "http://www.modeinstitut-berlin.de/" "Mozilla/5.0 (Windows NT 5.1; rv:26.0) Gecko/20100101 Firefox/26.0"
79.205.218.60 - - [01/Feb/2014:17:56:08 +0100] "GET /includes/hover.js HTTP/1.1" 200 411 "http://www.modeinstitut-berlin.de/" "Mozilla/5.0 (Windows NT 5.1; rv:26.0) Gecko/20100101 Firefox/26.0"
79.205.218.60 - - [01/Feb/2014:17:56:08 +0100] "GET /images/motive/Logo9001_5.png HTTP/1.1" 200 19358 "http://www.modeinstitut-berlin.de/" "Mozilla/5.0 (Windows NT 5.1; rv:26.0) Gecko/20100101 Firefox/26.0"
79.205.218.60 - - [01/Feb/2014:17:56:08 +0100] "GET /images/layout/global-bg.jpg HTTP/1.1" 200 917 "http://www.modeinstitut-berlin.de/css/newstyles.css" "Mozilla/5.0 (Windows NT 5.1; rv:26.0) Gecko/20100101 Firefox/26.0"
79.205.218.60 - - [01/Feb/2014:17:56:08 +0100] "GET /images/layout/bg-navi.jpg HTTP/1.1" 200 3342 "http://www.modeinstitut-berlin.de/css/newstyles.css" "Mozilla/5.0 (Windows NT 5.1; rv:26.0) Gecko/20100101 Firefox/26.0"
79.205.218.60 - - [01/Feb/2014:17:56:08 +0100] "GET /images/layout/bg-content-big-1.jpg HTTP/1.1" 200 46493 "http://www.modeinstitut-berlin.de/css/newstyles.css" "Mozilla/5.0 (Windows NT 5.1; rv:26.0) Gecko/20100101 Firefox/26.0"
79.205.218.60 - - [01/Feb/2014:17:56:08 +0100] "GET /images/layout/bg-sidebox-plain1.jpg HTTP/1.1" 200 10064 "http://www.modeinstitut-berlin.de/css/newstyles.css" "Mozilla/5.0 (Windows NT 5.1; rv:26.0) Gecko/20100101 Firefox/26.0"
79.205.218.60 - - [01/Feb/2014:17:56:08 +0100] "GET /images/layout/link.gif HTTP/1.1" 200 52 "http://www.modeinstitut-berlin.de/css/newstyles.css" "Mozilla/5.0 (Windows NT 5.1; rv:26.0) Gecko/20100101 Firefox/26.0"
79.205.218.60 - - [01/Feb/2014:17:56:08 +0100] "GET /images/layout/wrapper-bg.jpg HTTP/1.1" 200 126878 "http://www.modeinstitut-berlin.de/css/newstyles.css" "Mozilla/5.0 (Windows NT 5.1; rv:26.0) Gecko/20100101 Firefox/26.0"
79.205.218.60 - - [01/Feb/2014:17:56:08 +0100] "GET /video/video.swf HTTP/1.1" 200 3107187 "http://www.modeinstitut-berlin.de/" "Mozilla/5.0 (Windows NT 5.1; rv:26.0) Gecko/20100101 Firefox/26.0"
79.205.218.60 - - [01/Feb/2014:17:56:24 +0100] "GET /images/layout/nav-hover-all.jpg HTTP/1.1" 200 332 "http://www.modeinstitut-berlin.de/css/newstyles.css" "Mozilla/5.0 (Windows NT 5.1; rv:26.0) Gecko/20100101 Firefox/26.0"
79.205.218.60 - - [01/Feb/2014:17:56:24 +0100] "GET /images/layout/nav-drop-foot.png HTTP/1.1" 200 42670 "http://www.modeinstitut-berlin.de/css/newstyles.css" "Mozilla/5.0 (Windows NT 5.1; rv:26.0) Gecko/20100101 Firefox/26.0"
79.205.218.60 - - [01/Feb/2014:17:56:24 +0100] "GET /images/layout/nav-hover-1.jpg HTTP/1.1" 200 746 "http://www.modeinstitut-berlin.de/css/newstyles.css" "Mozilla/5.0 (Windows NT 5.1; rv:26.0) Gecko/20100101 Firefox/26.0"
79.205.218.60 - - [01/Feb/2014:17:56:28 +0100] "GET /favicon.ico HTTP/1.1" 404 1256 "-" "Mozilla/5.0 (Windows NT 5.1; rv:26.0) Gecko/20100101 Firefox/26.0"
79.205.218.60 - - [01/Feb/2014:17:56:28 +0100] "GET /unternehmen/firmenprofil/ HTTP/1.1" 200 1948 "http://www.modeinstitut-berlin.de/" "Mozilla/5.0 (Windows NT 5.1; rv:26.0) Gecko/20100101 Firefox/26.0"
79.205.218.60 - - [01/Feb/2014:17:56:28 +0100] "GET /images/layout/spc.gif HTTP/1.1" 200 43 "http://www.modeinstitut-berlin.de/unternehmen/firmenprofil/" "Mozilla/5.0 (Windows NT 5.1; rv:26.0) Gecko/20100101 Firefox/26.0"
80.137.80.156 - - [01/Feb/2014:17:56:29 +0100] "GET / HTTP/1.1" 200 2050 "http://www.google.de/url?sa=t&rct=j&q=&esrc=s&source=web&cd=1&sqi=2&ved=0CC0QFjAA&url=http%3A%2F%2Fwww.modeinstitut-berlin.de%2F&ei=4ibtUo-XD4LStQbekYHwAg&usg=AFQjCNGV1Fr5FizdOKg_EBKnjKkFrlfWEQ&bvm=bv.60444564,d.Yms" "Mozilla/5.0 (Windows NT 6.0; rv:26.0) Gecko/20100101 Firefox/26.0"
79.205.218.60 - - [01/Feb/2014:17:56:28 +0100] "GET /images/motive/image-sidebox_gsg.jpg HTTP/1.1" 200 165404 "http://www.modeinstitut-berlin.de/unternehmen/firmenprofil/" "Mozilla/5.0 (Windows NT 5.1; rv:26.0) Gecko/20100101 Firefox/26.0"
80.137.80.156 - - [01/Feb/2014:17:56:29 +0100] "GET /css/newstyles.css HTTP/1.1" 200 9734 "http://www.modeinstitut-berlin.de/" "Mozilla/5.0 (Windows NT 6.0; rv:26.0) Gecko/20100101 Firefox/26.0"
80.137.80.156 - - [01/Feb/2014:17:56:29 +0100] "GET /Scripts/AC_RunActiveContent.js HTTP/1.1" 200 8029 "http://www.modeinstitut-berlin.de/" "Mozilla/5.0 (Windows NT 6.0; rv:26.0) Gecko/20100101 Firefox/26.0"
80.137.80.156 - - [01/Feb/2014:17:56:29 +0100] "GET /images/motive/Logo9001_5.png HTTP/1.1" 200 19358 "http://www.modeinstitut-berlin.de/" "Mozilla/5.0 (Windows NT 6.0; rv:26.0) Gecko/20100101 Firefox/26.0"
80.137.80.156 - - [01/Feb/2014:17:56:29 +0100] "GET /includes/hover.js HTTP/1.1" 200 411 "http://www.modeinstitut-berlin.de/" "Mozilla/5.0 (Windows NT 6.0; rv:26.0) Gecko/20100101 Firefox/26.0"
80.137.80.156 - - [01/Feb/2014:17:56:30 +0100] "GET /images/layout/global-bg.jpg HTTP/1.1" 200 917 "http://www.modeinstitut-berlin.de/css/newstyles.css" "Mozilla/5.0 (Windows NT 6.0; rv:26.0) Gecko/20100101 Firefox/26.0"
80.137.80.156 - - [01/Feb/2014:17:56:30 +0100] "GET /images/layout/bg-navi.jpg HTTP/1.1" 200 3342 "http://www.modeinstitut-berlin.de/css/newstyles.css" "Mozilla/5.0 (Windows NT 6.0; rv:26.0) Gecko/20100101 Firefox/26.0"
80.137.80.156 - - [01/Feb/2014:17:56:30 +0100] "GET /images/layout/bg-content-big-1.jpg HTTP/1.1" 200 46493 "http://www.modeinstitut-berlin.de/css/newstyles.css" "Mozilla/5.0 (Windows NT 6.0; rv:26.0) Gecko/20100101 Firefox/26.0"
80.137.80.156 - - [01/Feb/2014:17:56:30 +0100] "GET /images/layout/bg-sidebox-plain1.jpg HTTP/1.1" 200 10064 "http://www.modeinstitut-berlin.de/css/newstyles.css" "Mozilla/5.0 (Windows NT 6.0; rv:26.0) Gecko/20100101 Firefox/26.0"
80.137.80.156 - - [01/Feb/2014:17:56:30 +0100] "GET /images/layout/link.gif HTTP/1.1" 200 52 "http://www.modeinstitut-berlin.de/css/newstyles.css" "Mozilla/5.0 (Windows NT 6.0; rv:26.0) Gecko/20100101 Firefox/26.0"
80.137.80.156 - - [01/Feb/2014:17:56:30 +0100] "GET /images/layout/wrapper-bg.jpg HTTP/1.1" 200 126878 "http://www.modeinstitut-berlin.de/css/newstyles.css" "Mozilla/5.0 (Windows NT 6.0; rv:26.0) Gecko/20100101 Firefox/26.0"
80.137.80.156 - - [01/Feb/2014:17:56:30 +0100] "GET /video/video.swf HTTP/1.1" 200 3107187 "http://www.modeinstitut-berlin.de/" "Mozilla/5.0 (Windows NT 6.0; rv:26.0) Gecko/20100101 Firefox/26.0"
80.137.80.156 - - [01/Feb/2014:17:56:33 +0100] "GET /images/layout/nav-hover-end.jpg HTTP/1.1" 200 780 "http://www.modeinstitut-berlin.de/css/newstyles.css" "Mozilla/5.0 (Windows NT 6.0; rv:26.0) Gecko/20100101 Firefox/26.0"
80.137.80.156 - - [01/Feb/2014:17:56:33 +0100] "GET /favicon.ico HTTP/1.1" 404 1256 "-" "Mozilla/5.0 (Windows NT 6.0; rv:26.0) Gecko/20100101 Firefox/26.0"
80.137.80.156 - - [01/Feb/2014:17:56:33 +0100] "GET /favicon.ico HTTP/1.1" 404 1256 "-" "Mozilla/5.0 (Windows NT 6.0; rv:26.0) Gecko/20100101 Firefox/26.0"
80.137.80.156 - - [01/Feb/2014:17:56:34 +0100] "GET /images/layout/nav-hover-all.jpg HTTP/1.1" 200 332 "http://www.modeinstitut-berlin.de/css/newstyles.css" "Mozilla/5.0 (Windows NT 6.0; rv:26.0) Gecko/20100101 Firefox/26.0"
80.137.80.156 - - [01/Feb/2014:17:56:34 +0100] "GET /images/layout/nav-drop-foot.png HTTP/1.1" 200 42670 "http://www.modeinstitut-berlin.de/css/newstyles.css" "Mozilla/5.0 (Windows NT 6.0; rv:26.0) Gecko/20100101 Firefox/26.0"
79.205.218.60 - - [01/Feb/2014:17:56:37 +0100] "GET /images/layout/nav-hover-end.jpg HTTP/1.1" 200 780 "http://www.modeinstitut-berlin.de/css/newstyles.css" "Mozilla/5.0 (Windows NT 5.1; rv:26.0) Gecko/20100101 Firefox/26.0"
80.137.80.156 - - [01/Feb/2014:17:56:42 +0100] "GET /images/layout/nav-hover-1.jpg HTTP/1.1" 200 746 "http://www.modeinstitut-berlin.de/css/newstyles.css" "Mozilla/5.0 (Windows NT 6.0; rv:26.0) Gecko/20100101 Firefox/26.0"
80.137.80.156 - - [01/Feb/2014:17:56:47 +0100] "GET / HTTP/1.1" 200 2050 "http://www.modeinstitut-berlin.de/" "Mozilla/5.0 (Windows NT 6.0; rv:26.0) Gecko/20100101 Firefox/26.0"
80.137.80.156 - - [01/Feb/2014:17:56:53 +0100] "GET /bestellsystem/kundenlogin/ HTTP/1.1" 200 4528 "http://www.modeinstitut-berlin.de/" "Mozilla/5.0 (Windows NT 6.0; rv:26.0) Gecko/20100101 Firefox/26.0"
79.205.218.60 - - [01/Feb/2014:17:57:10 +0100] "GET /unternehmen/aktuelles/ HTTP/1.1" 200 5767 "http://www.modeinstitut-berlin.de/unternehmen/firmenprofil/" "Mozilla/5.0 (Windows NT 5.1; rv:26.0) Gecko/20100101 Firefox/26.0"
79.205.218.60 - - [01/Feb/2014:17:57:19 +0100] "GET /unternehmen/servicecenter/ HTTP/1.1" 200 5785 "http://www.modeinstitut-berlin.de/unternehmen/aktuelles/" "Mozilla/5.0 (Windows NT 5.1; rv:26.0) Gecko/20100101 Firefox/26.0"
79.205.218.60 - - [01/Feb/2014:17:57:20 +0100] "GET /images/motive/image-sidebox_deutschland.jpg HTTP/1.1" 200 30846 "http://www.modeinstitut-berlin.de/unternehmen/servicecenter/" "Mozilla/5.0 (Windows NT 5.1; rv:26.0) Gecko/20100101 Firefox/26.0"
79.205.218.60 - - [01/Feb/2014:17:57:35 +0100] "GET /produkt/logistik/ HTTP/1.1" 200 6302 "http://www.modeinstitut-berlin.de/unternehmen/servicecenter/" "Mozilla/5.0 (Windows NT 5.1; rv:26.0) Gecko/20100101 Firefox/26.0"
79.205.218.60 - - [01/Feb/2014:17:57:35 +0100] "GET /images/flash/logistik.swf HTTP/1.1" 200 419069 "http://www.modeinstitut-berlin.de/produkt/logistik/" "Mozilla/5.0 (Windows NT 5.1; rv:26.0) Gecko/20100101 Firefox/26.0"
37.58.71.199 - - [01/Feb/2014:17:57:49 +0100] "GET /unternehmen/firmenprofil? HTTP/1.1" 301 388 "-" "Mozilla/5.0 (Windows NT 6.1; WOW64) AppleWebKit/536.11 (KHTML, like Gecko) Chrome/20.0.1132.57 Safari/536.11 RPT-HTTPClient/0.3-3"
37.58.71.199 - - [01/Feb/2014:17:57:49 +0100] "GET /? HTTP/1.1" 200 2050 "-" "Mozilla/5.0 (Windows NT 6.1; WOW64) AppleWebKit/536.11 (KHTML, like Gecko) Chrome/20.0.1132.57 Safari/536.11 RPT-HTTPClient/0.3-3"
37.58.71.199 - - [01/Feb/2014:17:57:49 +0100] "GET /unternehmen/firmenprofil/? HTTP/1.1" 200 1948 "-" "Mozilla/5.0 (Windows NT 6.1; WOW64) AppleWebKit/536.11 (KHTML, like Gecko) Chrome/20.0.1132.57 Safari/536.11 RPT-HTTPClient/0.3-3"
79.205.218.60 - - [01/Feb/2014:17:57:52 +0100] "GET /produkt/produktion/ HTTP/1.1" 200 6399 "http://www.modeinstitut-berlin.de/produkt/logistik/" "Mozilla/5.0 (Windows NT 5.1; rv:26.0) Gecko/20100101 Firefox/26.0"
79.205.218.60 - - [01/Feb/2014:17:57:53 +0100] "GET /images/flash/produktion.swf HTTP/1.1" 200 426162 "http://www.modeinstitut-berlin.de/produkt/produktion/" "Mozilla/5.0 (Windows NT 5.1; rv:26.0) Gecko/20100101 Firefox/26.0"
5.199.136.130 - - [01/Feb/2014:17:58:09 +0100] "GET /images/motive/logos/bayrischer.jpg HTTP/1.1" 200 15953 "-" "Mozilla/5.0 (compatible; waybackarchive.org/1.0; +spider@waybackarchive.org)"
37.58.71.199 - - [01/Feb/2014:17:58:54 +0100] "GET /produkt/produktion? HTTP/1.1" 301 382 "-" "Mozilla/5.0 (Windows NT 6.1; WOW64) AppleWebKit/536.11 (KHTML, like Gecko) Chrome/20.0.1132.57 Safari/536.11 RPT-HTTPClient/0.3-3"
37.58.71.199 - - [01/Feb/2014:17:58:54 +0100] "GET /produkt/produktion/? HTTP/1.1" 200 6399 "-" "Mozilla/5.0 (Windows NT 6.1; WOW64) AppleWebKit/536.11 (KHTML, like Gecko) Chrome/20.0.1132.57 Safari/536.11 RPT-HTTPClient/0.3-3"
66.249.73.213 - - [01/Feb/2014:18:20:50 +0100] "GET /unternehmen/aktuelles/Dienstkleidung-BVG/ HTTP/1.1" 200 5292 "-" "Mozilla/5.0 (compatible; Googlebot/2.1; +http://www.google.com/bot.html)"
216.107.154.208 - - [01/Feb/2014:18:25:51 +0100] "GET / HTTP/1.1" 301 358 "-" "Java/1.4.1_04"
216.107.154.208 - - [01/Feb/2014:18:25:52 +0100] "GET / HTTP/1.1" 200 6854 "-" "Java/1.4.1_04"
162.243.90.208 - - [01/Feb/2014:18:25:54 +0100] "GET /robots.txt HTTP/1.1" 200 317 "-" "Mozilla/5.0 (compatible; spbot/4.0.6; +http://www.seoprofiler.com/bot )"
216.107.154.208 - - [01/Feb/2014:18:25:58 +0100] "GET /Scripts/AC_RunActiveContent.js HTTP/1.1" 301 388 "-" "Java/1.4.1_04"
216.107.154.208 - - [01/Feb/2014:18:25:58 +0100] "GET /Scripts/AC_RunActiveContent.js HTTP/1.1" 200 8029 "-" "Java/1.4.1_04"
162.243.90.208 - - [01/Feb/2014:18:26:00 +0100] "GET / HTTP/1.1" 200 2050 "-" "Mozilla/5.0 (compatible; spbot/4.0.6; +http://www.seoprofiler.com/bot )"
162.243.90.208 - - [01/Feb/2014:18:26:00 +0100] "GET /impressum/ HTTP/1.1" 200 5301 "http://www.modeinstitut-berlin.de/" "Mozilla/5.0 (compatible; spbot/4.0.6; +http://www.seoprofiler.com/bot )"
162.243.90.208 - - [01/Feb/2014:18:26:04 +0100] "GET /firmenkleidung/ HTTP/1.1" 200 2182 "http://www.modeinstitut-berlin.de/" "Mozilla/5.0 (compatible; spbot/4.0.6; +http://www.seoprofiler.com/bot )"
216.107.154.208 - - [01/Feb/2014:18:26:05 +0100] "GET /berufsbekleidung HTTP/1.1" 301 374 "-" "Java/1.4.1_04"
216.107.154.208 - - [01/Feb/2014:18:26:05 +0100] "GET /berufsbekleidung HTTP/1.1" 301 379 "-" "Java/1.4.1_04"
216.107.154.208 - - [01/Feb/2014:18:26:05 +0100] "GET /berufsbekleidung/ HTTP/1.1" 200 10474 "-" "Java/1.4.1_04"
216.107.154.208 - - [01/Feb/2014:18:26:06 +0100] "GET /corporate-fashion HTTP/1.1" 301 375 "-" "Java/1.4.1_04"
216.107.154.208 - - [01/Feb/2014:18:26:06 +0100] "GET /corporate-fashion HTTP/1.1" 301 380 "-" "Java/1.4.1_04"
216.107.154.208 - - [01/Feb/2014:18:26:06 +0100] "GET /corporate-fashion/ HTTP/1.1" 200 10715 "-" "Java/1.4.1_04"
162.243.90.208 - - [01/Feb/2014:18:26:09 +0100] "GET /produkt/design/ HTTP/1.1" 200 6495 "http://www.modeinstitut-berlin.de/" "Mozilla/5.0 (compatible; spbot/4.0.6; +http://www.seoprofiler.com/bot )"
162.243.90.208 - - [01/Feb/2014:18:26:14 +0100] "GET /dienstkleidung/ HTTP/1.1" 200 10206 "http://www.modeinstitut-berlin.de/" "Mozilla/5.0 (compatible; spbot/4.0.6; +http://www.seoprofiler.com/bot )"
216.107.154.208 - - [01/Feb/2014:18:26:15 +0100] "GET /dienstkleidung HTTP/1.1" 301 372 "-" "Java/1.4.1_04"
216.107.154.208 - - [01/Feb/2014:18:26:15 +0100] "GET /dienstkleidung HTTP/1.1" 301 377 "-" "Java/1.4.1_04"
216.107.154.208 - - [01/Feb/2014:18:26:15 +0100] "GET /dienstkleidung/ HTTP/1.1" 200 10206 "-" "Java/1.4.1_04"
162.243.90.208 - - [01/Feb/2014:18:26:20 +0100] "GET /produkt/service/ HTTP/1.1" 200 6034 "http://www.modeinstitut-berlin.de/" "Mozilla/5.0 (compatible; spbot/4.0.6; +http://www.seoprofiler.com/bot )"
216.107.154.208 - - [01/Feb/2014:18:26:20 +0100] "GET /firmenkleidung HTTP/1.1" 301 372 "-" "Java/1.4.1_04"
216.107.154.208 - - [01/Feb/2014:18:26:20 +0100] "GET /firmenkleidung HTTP/1.1" 301 377 "-" "Java/1.4.1_04"
216.107.154.208 - - [01/Feb/2014:18:26:20 +0100] "GET /firmenkleidung/ HTTP/1.1" 200 6420 "-" "Java/1.4.1_04"
216.107.154.208 - - [01/Feb/2014:18:26:21 +0100] "GET /impressum HTTP/1.1" 301 367 "-" "Java/1.4.1_04"
216.107.154.208 - - [01/Feb/2014:18:26:21 +0100] "GET /impressum HTTP/1.1" 301 372 "-" "Java/1.4.1_04"
216.107.154.208 - - [01/Feb/2014:18:26:21 +0100] "GET /impressum/ HTTP/1.1" 200 5301 "-" "Java/1.4.1_04"
216.107.154.208 - - [01/Feb/2014:18:26:21 +0100] "GET /includes/hover.js HTTP/1.1" 301 375 "-" "Java/1.4.1_04"
216.107.154.208 - - [01/Feb/2014:18:26:21 +0100] "GET /includes/hover.js HTTP/1.1" 200 411 "-" "Java/1.4.1_04"
216.107.154.208 - - [01/Feb/2014:18:26:24 +0100] "GET /unternehmensbekleidung HTTP/1.1" 301 380 "-" "Java/1.4.1_04"
162.243.90.208 - - [01/Feb/2014:18:26:24 +0100] "GET /berufsbekleidung/ HTTP/1.1" 200 10474 "http://www.modeinstitut-berlin.de/" "Mozilla/5.0 (compatible; spbot/4.0.6; +http://www.seoprofiler.com/bot )"
216.107.154.208 - - [01/Feb/2014:18:26:25 +0100] "GET /unternehmensbekleidung HTTP/1.1" 301 385 "-" "Java/1.4.1_04"
216.107.154.208 - - [01/Feb/2014:18:26:25 +0100] "GET /unternehmensbekleidung/ HTTP/1.1" 200 6595 "-" "Java/1.4.1_04"
216.107.154.208 - - [01/Feb/2014:18:26:27 +0100] "GET /js/dw_scroll_c.js HTTP/1.1" 301 375 "-" "Java/1.4.1_04"
216.107.154.208 - - [01/Feb/2014:18:26:27 +0100] "GET /js/dw_scroll_c.js HTTP/1.1" 200 36858 "-" "Java/1.4.1_04"
162.243.90.208 - - [01/Feb/2014:18:26:29 +0100] "GET /produkt/logistik/ HTTP/1.1" 200 6302 "http://www.modeinstitut-berlin.de/" "Mozilla/5.0 (compatible; spbot/4.0.6; +http://www.seoprofiler.com/bot )"
162.243.90.208 - - [01/Feb/2014:18:26:34 +0100] "GET /corporate-fashion/ HTTP/1.1" 200 10715 "http://www.modeinstitut-berlin.de/" "Mozilla/5.0 (compatible; spbot/4.0.6; +http://www.seoprofiler.com/bot )"
162.243.90.208 - - [01/Feb/2014:18:26:40 +0100] "GET /referenzen/auszug/ HTTP/1.1" 200 6434 "http://www.modeinstitut-berlin.de/" "Mozilla/5.0 (compatible; spbot/4.0.6; +http://www.seoprofiler.com/bot )"
162.243.90.208 - - [01/Feb/2014:18:26:44 +0100] "GET /produkt/produktion/ HTTP/1.1" 200 6399 "http://www.modeinstitut-berlin.de/" "Mozilla/5.0 (compatible; spbot/4.0.6; +http://www.seoprofiler.com/bot )"
216.107.154.208 - - [01/Feb/2014:18:26:47 +0100] "GET /impressum/googleanalytics.php HTTP/1.1" 301 387 "-" "Java/1.4.1_04"
216.107.154.208 - - [01/Feb/2014:18:26:47 +0100] "GET /impressum/googleanalytics.php HTTP/1.1" 200 5867 "-" "Java/1.4.1_04"
216.107.154.208 - - [01/Feb/2014:18:26:48 +0100] "GET /impressum/haftungsausschluss.php HTTP/1.1" 301 390 "-" "Java/1.4.1_04"
216.107.154.208 - - [01/Feb/2014:18:26:48 +0100] "GET /impressum/haftungsausschluss.php HTTP/1.1" 200 5952 "-" "Java/1.4.1_04"
216.107.154.208 - - [01/Feb/2014:18:26:48 +0100] "GET /js/'+file;var media=(dw_Util.getOptBool(bScreenOnly))?' HTTP/1.1" 301 373 "-" "Java/1.4.1_04"
216.107.154.208 - - [01/Feb/2014:18:26:48 +0100] "GET /js/'+file%3bvar HTTP/1.1" 404 1256 "-" "Java/1.4.1_04"
216.107.154.208 - - [01/Feb/2014:18:26:49 +0100] "GET /impressum/index.php HTTP/1.1" 301 377 "-" "Java/1.4.1_04"
216.107.154.208 - - [01/Feb/2014:18:26:49 +0100] "GET /impressum/index.php HTTP/1.1" 200 5301 "-" "Java/1.4.1_04"
162.243.90.208 - - [01/Feb/2014:18:26:49 +0100] "GET /referenzen/galerie/ HTTP/1.1" 200 4854 "http://www.modeinstitut-berlin.de/" "Mozilla/5.0 (compatible; spbot/4.0.6; +http://www.seoprofiler.com/bot )"
162.243.90.208 - - [01/Feb/2014:18:26:54 +0100] "GET /kontakt/kontaktdaten/ HTTP/1.1" 200 6304 "http://www.modeinstitut-berlin.de/" "Mozilla/5.0 (compatible; spbot/4.0.6; +http://www.seoprofiler.com/bot )"
216.107.154.208 - - [01/Feb/2014:18:26:57 +0100] "GET /impressum/haftungsausschluss2.php HTTP/1.1" 301 391 "-" "Java/1.4.1_04"
162.243.90.208 - - [01/Feb/2014:18:26:59 +0100] "GET /unternehmen/aktuelles/ HTTP/1.1" 200 5767 "http://www.modeinstitut-berlin.de/" "Mozilla/5.0 (compatible; spbot/4.0.6; +http://www.seoprofiler.com/bot )"
216.107.154.208 - - [01/Feb/2014:18:26:59 +0100] "GET /impressum/haftungsausschluss2.php HTTP/1.1" 200 5598 "-" "Java/1.4.1_04"
