162.243.90.208 - - [01/Feb/2014:18:27:05 +0100] "GET /unternehmensbekleidung/ HTTP/1.1" 200 2308 "http://www.modeinstitut-berlin.de/" "Mozilla/5.0 (compatible; spbot/4.0.6; +http://www.seoprofiler.com/bot )"
216.107.154.208 - - [01/Feb/2014:18:27:07 +0100] "GET /bestellsystem/kundenlogin HTTP/1.1" 301 383 "-" "Java/1.4.1_04"
216.107.154.208 - - [01/Feb/2014:18:27:07 +0100] "GET /bestellsystem/kundenlogin HTTP/1.1" 301 388 "-" "Java/1.4.1_04"
216.107.154.208 - - [01/Feb/2014:18:27:07 +0100] "GET /bestellsystem/kundenlogin/ HTTP/1.1" 200 4528 "-" "Java/1.4.1_04"
162.243.90.208 - - [01/Feb/2014:18:27:09 +0100] "GET /kontakt/kontaktformular/ HTTP/1.1" 200 1794 "http://www.modeinstitut-berlin.de/" "Mozilla/5.0 (compatible; spbot/4.0.6; +http://www.seoprofiler.com/bot )"
216.107.154.208 - - [01/Feb/2014:18:27:11 +0100] "GET /images/motive/Logo9001_5.png HTTP/1.1" 301 386 "-" "Java/1.4.1_04"
216.107.154.208 - - [01/Feb/2014:18:27:14 +0100] "GET /images/motive/Logo9001_5.png HTTP/1.1" 200 19358 "-" "Java/1.4.1_04"
162.243.90.208 - - [01/Feb/2014:18:27:14 +0100] "GET /produkt/design/behoerden/ HTTP/1.1" 200 6562 "http://www.modeinstitut-berlin.de/produkt/design/" "Mozilla/5.0 (compatible; spbot/4.0.6; +http://www.seoprofiler.com/bot )"
162.243.90.208 - - [01/Feb/2014:18:27:19 +0100] "GET /produkt/design/industrie/ HTTP/1.1" 200 6419 "http://www.modeinstitut-berlin.de/produkt/design/" "Mozilla/5.0 (compatible; spbot/4.0.6; +http://www.seoprofiler.com/bot )"
162.243.90.208 - - [01/Feb/2014:18:27:24 +0100] "GET /unternehmen/firmenprofil/ HTTP/1.1" 200 1948 "http://www.modeinstitut-berlin.de/" "Mozilla/5.0 (compatible; spbot/4.0.6; +http://www.seoprofiler.com/bot )"
162.243.90.208 - - [01/Feb/2014:18:27:30 +0100] "GET /bestellsystem/kundenlogin/ HTTP/1.1" 200 4528 "http://www.modeinstitut-berlin.de/" "Mozilla/5.0 (compatible; spbot/4.0.6; +http://www.seoprofiler.com/bot )"
216.107.154.208 - - [01/Feb/2014:18:27:30 +0100] "GET /kontakt/kontaktdaten HTTP/1.1" 301 378 "-" "Java/1.4.1_04"
216.107.154.208 - - [01/Feb/2014:18:27:31 +0100] "GET /kontakt/kontaktdaten HTTP/1.1" 301 383 "-" "Java/1.4.1_04"
216.107.154.208 - - [01/Feb/2014:18:27:32 +0100] "GET /kontakt/kontaktdaten/ HTTP/1.1" 200 6304 "-" "Java/1.4.1_04"
216.107.154.208 - - [01/Feb/2014:18:27:33 +0100] "GET /kontakt/kontaktformular HTTP/1.1" 301 381 "-" "Java/1.4.1_04"
216.107.154.208 - - [01/Feb/2014:18:27:33 +0100] "GET /kontakt/kontaktformular HTTP/1.1" 301 386 "-" "Java/1.4.1_04"
216.107.154.208 - - [01/Feb/2014:18:27:33 +0100] "GET /kontakt/kontaktformular/ HTTP/1.1" 200 6000 "-" "Java/1.4.1_04"
162.243.90.208 - - [01/Feb/2014:18:27:34 +0100] "GET /unternehmen/servicecenter/ HTTP/1.1" 200 5785 "http://www.modeinstitut-berlin.de/" "Mozilla/5.0 (compatible; spbot/4.0.6; +http://www.seoprofiler.com/bot )"
216.107.154.208 - - [01/Feb/2014:18:27:39 +0100] "GET /produkt/design HTTP/1.1" 301 372 "-" "Java/1.4.1_04"
216.107.154.208 - - [01/Feb/2014:18:27:39 +0100] "GET /produkt/design HTTP/1.1" 301 377 "-" "Java/1.4.1_04"
216.107.154.208 - - [01/Feb/2014:18:27:39 +0100] "GET /produkt/design/ HTTP/1.1" 200 6495 "-" "Java/1.4.1_04"
162.243.90.208 - - [01/Feb/2014:18:27:40 +0100] "GET /unternehmen/zertifizierung/ HTTP/1.1" 200 5619 "http://www.modeinstitut-berlin.de/" "Mozilla/5.0 (compatible; spbot/4.0.6; +http://www.seoprofiler.com/bot )"
216.107.154.208 - - [01/Feb/2014:18:27:43 +0100] "GET /produkt/logistik HTTP/1.1" 301 374 "-" "Java/1.4.1_04"
216.107.154.208 - - [01/Feb/2014:18:27:43 +0100] "GET /produkt/logistik HTTP/1.1" 301 379 "-" "Java/1.4.1_04"
216.107.154.208 - - [01/Feb/2014:18:27:43 +0100] "GET /produkt/logistik/ HTTP/1.1" 200 6302 "-" "Java/1.4.1_04"
216.107.154.208 - - [01/Feb/2014:18:27:44 +0100] "GET /produkt/produktion HTTP/1.1" 301 376 "-" "Java/1.4.1_04"
216.107.154.208 - - [01/Feb/2014:18:27:44 +0100] "GET /produkt/produktion HTTP/1.1" 301 381 "-" "Java/1.4.1_04"
162.243.90.208 - - [01/Feb/2014:18:27:44 +0100] "GET /unternehmen/stellenangebote/ HTTP/1.1" 200 5152 "http://www.modeinstitut-berlin.de/" "Mozilla/5.0 (compatible; spbot/4.0.6; +http://www.seoprofiler.com/bot )"
216.107.154.208 - - [01/Feb/2014:18:27:47 +0100] "GET /produkt/produktion/ HTTP/1.1" 200 6399 "-" "Java/1.4.1_04"
162.243.90.208 - - [01/Feb/2014:18:27:51 +0100] "GET /impressum/googleanalytics.php HTTP/1.1" 200 5867 "http://www.modeinstitut-berlin.de/impressum/" "Mozilla/5.0 (compatible; spbot/4.0.6; +http://www.seoprofiler.com/bot )"
162.243.90.208 - - [01/Feb/2014:18:27:54 +0100] "GET /impressum/index.php HTTP/1.1" 200 5301 "http://www.modeinstitut-berlin.de/impressum/googleanalytics.php" "Mozilla/5.0 (compatible; spbot/4.0.6; +http://www.seoprofiler.com/bot )"
216.107.154.208 - - [01/Feb/2014:18:27:55 +0100] "GET /produkt/service HTTP/1.1" 301 373 "-" "Java/1.4.1_04"
216.107.154.208 - - [01/Feb/2014:18:27:56 +0100] "GET /produkt/service HTTP/1.1" 301 378 "-" "Java/1.4.1_04"
216.107.154.208 - - [01/Feb/2014:18:27:56 +0100] "GET /produkt/service/ HTTP/1.1" 200 6034 "-" "Java/1.4.1_04"
216.107.154.208 - - [01/Feb/2014:18:27:57 +0100] "GET /referenzen/auszug HTTP/1.1" 301 375 "-" "Java/1.4.1_04"
216.107.154.208 - - [01/Feb/2014:18:27:57 +0100] "GET /referenzen/auszug HTTP/1.1" 301 380 "-" "Java/1.4.1_04"
216.107.154.208 - - [01/Feb/2014:18:27:57 +0100] "GET /referenzen/auszug/ HTTP/1.1" 200 6434 "-" "Java/1.4.1_04"
216.107.154.208 - - [01/Feb/2014:18:27:58 +0100] "GET /referenzen/galerie HTTP/1.1" 301 376 "-" "Java/1.4.1_04"
216.107.154.208 - - [01/Feb/2014:18:27:58 +0100] "GET /referenzen/galerie HTTP/1.1" 301 381 "-" "Java/1.4.1_04"
216.107.154.208 - - [01/Feb/2014:18:27:59 +0100] "GET /referenzen/galerie/ HTTP/1.1" 200 4854 "-" "Java/1.4.1_04"
216.107.154.208 - - [01/Feb/2014:18:27:59 +0100] "GET /js/swfobject.js HTTP/1.1" 301 373 "-" "Java/1.4.1_04"
162.243.90.208 - - [01/Feb/2014:18:28:00 +0100] "GET /referenzen/referenzstatements/ HTTP/1.1" 200 4884 "http://www.modeinstitut-berlin.de/" "Mozilla/5.0 (compatible; spbot/4.0.6; +http://www.seoprofiler.com/bot )"
216.107.154.208 - - [01/Feb/2014:18:28:03 +0100] "GET /js/swfobject.js HTTP/1.1" 200 10220 "-" "Java/1.4.1_04"
162.243.90.208 - - [01/Feb/2014:18:28:04 +0100] "GET /produkt/design/dienstkleidung/ HTTP/1.1" 200 6773 "http://www.modeinstitut-berlin.de/produkt/design/" "Mozilla/5.0 (compatible; spbot/4.0.6; +http://www.seoprofiler.com/bot )"
162.243.90.208 - - [01/Feb/2014:18:28:09 +0100] "GET /kontakt/kontaktdaten/index.php HTTP/1.1" 200 6304 "http://www.modeinstitut-berlin.de/bestellsystem/kundenlogin/" "Mozilla/5.0 (compatible; spbot/4.0.6; +http://www.seoprofiler.com/bot )"
216.107.154.208 - - [01/Feb/2014:18:28:12 +0100] "GET /referenzen/referenzstatements HTTP/1.1" 301 387 "-" "Java/1.4.1_04"
216.107.154.208 - - [01/Feb/2014:18:28:12 +0100] "GET /referenzen/referenzstatements HTTP/1.1" 301 392 "-" "Java/1.4.1_04"
162.243.90.208 - - [01/Feb/2014:18:28:14 +0100] "GET /produkt/design/hotelbekleidung/ HTTP/1.1" 200 6525 "http://www.modeinstitut-berlin.de/produkt/design/" "Mozilla/5.0 (compatible; spbot/4.0.6; +http://www.seoprofiler.com/bot )"
216.107.154.208 - - [01/Feb/2014:18:28:14 +0100] "GET /referenzen/referenzstatements/ HTTP/1.1" 200 4884 "-" "Java/1.4.1_04"
216.107.154.208 - - [01/Feb/2014:18:28:15 +0100] "GET /unternehmen/aktuelles HTTP/1.1" 301 379 "-" "Java/1.4.1_04"
216.107.154.208 - - [01/Feb/2014:18:28:16 +0100] "GET /unternehmen/aktuelles HTTP/1.1" 301 384 "-" "Java/1.4.1_04"
216.107.154.208 - - [01/Feb/2014:18:28:16 +0100] "GET /unternehmen/aktuelles/ HTTP/1.1" 200 5767 "-" "Java/1.4.1_04"
162.243.90.208 - - [01/Feb/2014:18:28:19 +0100] "GET /unternehmen/aktuelles/wowereit/ HTTP/1.1" 200 7480 "http://www.modeinstitut-berlin.de/unternehmen/aktuelles/" "Mozilla/5.0 (compatible; spbot/4.0.6; +http://www.seoprofiler.com/bot )"
216.107.154.208 - - [01/Feb/2014:18:28:22 +0100] "GET /unternehmen/firmenprofil HTTP/1.1" 301 382 "-" "Java/1.4.1_04"
216.107.154.208 - - [01/Feb/2014:18:28:23 +0100] "GET /unternehmen/firmenprofil HTTP/1.1" 301 387 "-" "Java/1.4.1_04"
216.107.154.208 - - [01/Feb/2014:18:28:23 +0100] "GET /unternehmen/firmenprofil/ HTTP/1.1" 200 6712 "-" "Java/1.4.1_04"
162.243.90.208 - - [01/Feb/2014:18:28:24 +0100] "GET /impressum/haftungsausschluss.php HTTP/1.1" 200 5952 "http://www.modeinstitut-berlin.de/impressum/" "Mozilla/5.0 (compatible; spbot/4.0.6; +http://www.seoprofiler.com/bot )"
162.243.90.208 - - [01/Feb/2014:18:28:29 +0100] "GET /impressum/haftungsausschluss2.php HTTP/1.1" 200 5598 "http://www.modeinstitut-berlin.de/impressum/haftungsausschluss.php" "Mozilla/5.0 (compatible; spbot/4.0.6; +http://www.seoprofiler.com/bot )"
216.107.154.208 - - [01/Feb/2014:18:28:30 +0100] "GET /unternehmen/servicecenter HTTP/1.1" 301 383 "-" "Java/1.4.1_04"
216.107.154.208 - - [01/Feb/2014:18:28:31 +0100] "GET /unternehmen/servicecenter HTTP/1.1" 301 388 "-" "Java/1.4.1_04"
216.107.154.208 - - [01/Feb/2014:18:28:31 +0100] "GET /unternehmen/servicecenter/ HTTP/1.1" 200 5785 "-" "Java/1.4.1_04"
216.107.154.208 - - [01/Feb/2014:18:28:34 +0100] "GET /unternehmen/stellenangebote HTTP/1.1" 301 385 "-" "Java/1.4.1_04"
162.243.90.208 - - [01/Feb/2014:18:28:35 +0100] "GET /produkt/design/verkehrsunternehmen/ HTTP/1.1" 200 6651 "http://www.modeinstitut-berlin.de/produkt/design/" "Mozilla/5.0 (compatible; spbot/4.0.6; +http://www.seoprofiler.com/bot )"
162.243.90.208 - - [01/Feb/2014:18:28:39 +0100] "GET /unternehmen/aktuelles/spende-japan/ HTTP/1.1" 200 5863 "http://www.modeinstitut-berlin.de/unternehmen/aktuelles/" "Mozilla/5.0 (compatible; spbot/4.0.6; +http://www.seoprofiler.com/bot )"
216.107.154.208 - - [01/Feb/2014:18:28:42 +0100] "GET /unternehmen/stellenangebote HTTP/1.1" 301 390 "-" "Java/1.4.1_04"
216.107.154.208 - - [01/Feb/2014:18:28:42 +0100] "GET /unternehmen/stellenangebote/ HTTP/1.1" 200 5152 "-" "Java/1.4.1_04"
216.107.154.208 - - [01/Feb/2014:18:28:42 +0100] "GET /unternehmen/zertifizierung HTTP/1.1" 301 384 "-" "Java/1.4.1_04"
216.107.154.208 - - [01/Feb/2014:18:28:43 +0100] "GET /unternehmen/zertifizierung HTTP/1.1" 301 389 "-" "Java/1.4.1_04"
216.107.154.208 - - [01/Feb/2014:18:28:43 +0100] "GET /unternehmen/zertifizierung/ HTTP/1.1" 200 5619 "-" "Java/1.4.1_04"
162.243.90.208 - - [01/Feb/2014:18:28:45 +0100] "GET /unternehmen/aktuelles/sechstagerennen/ HTTP/1.1" 200 5322 "http://www.modeinstitut-berlin.de/unternehmen/aktuelles/" "Mozilla/5.0 (compatible; spbot/4.0.6; +http://www.seoprofiler.com/bot )"
162.243.90.208 - - [01/Feb/2014:18:28:49 +0100] "GET /unternehmen/aktuelles/Pressetermin-BVG/ HTTP/1.1" 200 5774 "http://www.modeinstitut-berlin.de/unternehmen/aktuelles/" "Mozilla/5.0 (compatible; spbot/4.0.6; +http://www.seoprofiler.com/bot )"
162.243.90.208 - - [01/Feb/2014:18:28:55 +0100] "GET /unternehmen/aktuelles/Strickgarn-Lanura/ HTTP/1.1" 200 5900 "http://www.modeinstitut-berlin.de/unternehmen/aktuelles/" "Mozilla/5.0 (compatible; spbot/4.0.6; +http://www.seoprofiler.com/bot )"
216.107.154.208 - - [01/Feb/2014:18:28:55 +0100] "GET /kontakt/kontaktdaten/index.php HTTP/1.1" 301 388 "-" "Java/1.4.1_04"
216.107.154.208 - - [01/Feb/2014:18:28:55 +0100] "GET /kontakt/kontaktdaten/index.php HTTP/1.1" 200 6304 "-" "Java/1.4.1_04"
216.107.154.208 - - [01/Feb/2014:18:28:57 +0100] "GET /unternehmen/aktuelles/A-Design-Award-2013 HTTP/1.1" 301 399 "-" "Java/1.4.1_04"
216.107.154.208 - - [01/Feb/2014:18:28:57 +0100] "GET /unternehmen/aktuelles/A-Design-Award-2013 HTTP/1.1" 301 404 "-" "Java/1.4.1_04"
216.107.154.208 - - [01/Feb/2014:18:28:58 +0100] "GET /unternehmen/aktuelles/A-Design-Award-2013/ HTTP/1.1" 200 5434 "-" "Java/1.4.1_04"
162.243.90.208 - - [01/Feb/2014:18:28:59 +0100] "GET /unternehmen/aktuelles/Dienstkleidung-BVG/ HTTP/1.1" 200 5292 "http://www.modeinstitut-berlin.de/unternehmen/aktuelles/" "Mozilla/5.0 (compatible; spbot/4.0.6; +http://www.seoprofiler.com/bot )"
216.107.154.208 - - [01/Feb/2014:18:28:59 +0100] "GET /produkt/design/behoerden HTTP/1.1" 301 382 "-" "Java/1.4.1_04"
216.107.154.208 - - [01/Feb/2014:18:28:59 +0100] "GET /produkt/design/behoerden HTTP/1.1" 301 387 "-" "Java/1.4.1_04"
216.107.154.208 - - [01/Feb/2014:18:29:00 +0100] "GET /produkt/design/behoerden/ HTTP/1.1" 200 6562 "-" "Java/1.4.1_04"
162.243.90.208 - - [01/Feb/2014:18:29:05 +0100] "GET /unternehmen/aktuelles/A-Design-Award-2013/ HTTP/1.1" 200 5434 "http://www.modeinstitut-berlin.de/" "Mozilla/5.0 (compatible; spbot/4.0.6; +http://www.seoprofiler.com/bot )"
216.107.154.208 - - [01/Feb/2014:18:29:09 +0100] "GET /produkt/design/dienstkleidung HTTP/1.1" 301 387 "-" "Java/1.4.1_04"
162.243.90.208 - - [01/Feb/2014:18:29:09 +0100] "GET /unternehmen/aktuelles/red-dot-design-award/ HTTP/1.1" 200 5647 "http://www.modeinstitut-berlin.de/unternehmen/aktuelles/" "Mozilla/5.0 (compatible; spbot/4.0.6; +http://www.seoprofiler.com/bot )"
216.107.154.208 - - [01/Feb/2014:18:29:14 +0100] "GET /produkt/design/dienstkleidung HTTP/1.1" 301 392 "-" "Java/1.4.1_04"
162.243.90.208 - - [01/Feb/2014:18:29:14 +0100] "GET /unternehmen/servicecenter/Service-Center-Leipzig/ HTTP/1.1" 200 6937 "http://www.modeinstitut-berlin.de/unternehmen/servicecenter/" "Mozilla/5.0 (compatible; spbot/4.0.6; +http://www.seoprofiler.com/bot )"
216.107.154.208 - - [01/Feb/2014:18:29:16 +0100] "GET /produkt/design/dienstkleidung/ HTTP/1.1" 200 6773 "-" "Java/1.4.1_04"
162.243.90.208 - - [01/Feb/2014:18:29:19 +0100] "GET /unternehmen/aktuelles/Alpine-Fox-Logistikpartner/ HTTP/1.1" 200 1956 "http://www.modeinstitut-berlin.de/unternehmen/aktuelles/" "Mozilla/5.0 (compatible; spbot/4.0.6; +http://www.seoprofiler.com/bot )"
216.107.154.208 - - [01/Feb/2014:18:29:19 +0100] "GET /produkt/design/hotelbekleidung HTTP/1.1" 301 388 "-" "Java/1.4.1_04"
216.107.154.208 - - [01/Feb/2014:18:29:19 +0100] "GET /produkt/design/hotelbekleidung HTTP/1.1" 301 393 "-" "Java/1.4.1_04"
216.107.154.208 - - [01/Feb/2014:18:29:20 +0100] "GET /produkt/design/hotelbekleidung/ HTTP/1.1" 200 6525 "-" "Java/1.4.1_04"
216.107.154.208 - - [01/Feb/2014:18:29:22 +0100] "GET /produkt/design/industrie HTTP/1.1" 301 382 "-" "Java/1.4.1_04"
216.107.154.208 - - [01/Feb/2014:18:29:22 +0100] "GET /produkt/design/industrie HTTP/1.1" 301 387 "-" "Java/1.4.1_04"
216.107.154.208 - - [01/Feb/2014:18:29:22 +0100] "GET /produkt/design/industrie/ HTTP/1.1" 200 6419 "-" "Java/1.4.1_04"
162.243.90.208 - - [01/Feb/2014:18:29:24 +0100] "GET /unternehmen/servicecenter/Service-Center-Frankfurt/ HTTP/1.1" 200 7384 "http://www.modeinstitut-berlin.de/unternehmen/servicecenter/" "Mozilla/5.0 (compatible; spbot/4.0.6; +http://www.seoprofiler.com/bot )"
162.243.90.208 - - [01/Feb/2014:18:29:30 +0100] "GET /unternehmen/aktuelles/familienfreundlicher_betrieb/ HTTP/1.1" 200 5456 "http://www.modeinstitut-berlin.de/unternehmen/aktuelles/" "Mozilla/5.0 (compatible; spbot/4.0.6; +http://www.seoprofiler.com/bot )"
162.243.90.208 - - [01/Feb/2014:18:29:34 +0100] "GET /unternehmen/zertifizierung/Nachhaltigkeitsmanagement/ HTTP/1.1" 200 4921 "http://www.modeinstitut-berlin.de/unternehmen/zertifizierung/" "Mozilla/5.0 (compatible; spbot/4.0.6; +http://www.seoprofiler.com/bot )"
216.107.154.208 - - [01/Feb/2014:18:29:36 +0100] "GET /produkt/design/verkehrsunternehmen HTTP/1.1" 301 392 "-" "Java/1.4.1_04"
216.107.154.208 - - [01/Feb/2014:18:29:36 +0100] "GET /produkt/design/verkehrsunternehmen HTTP/1.1" 301 397 "-" "Java/1.4.1_04"
216.107.154.208 - - [01/Feb/2014:18:29:36 +0100] "GET /produkt/design/verkehrsunternehmen/ HTTP/1.1" 200 6651 "-" "Java/1.4.1_04"
216.107.154.208 - - [01/Feb/2014:18:29:38 +0100] "GET /images/motive/logos/BT-Logo.png HTTP/1.1" 301 389 "-" "Java/1.4.1_04"
216.107.154.208 - - [01/Feb/2014:18:29:38 +0100] "GET /images/motive/logos/BT-Logo.png HTTP/1.1" 200 8730 "-" "Java/1.4.1_04"
162.243.90.208 - - [01/Feb/2014:18:29:40 +0100] "GET /unternehmen/servicecenter/Service-Center-Berlin-Pankow/ HTTP/1.1" 200 7904 "http://www.modeinstitut-berlin.de/unternehmen/servicecenter/" "Mozilla/5.0 (compatible; spbot/4.0.6; +http://www.seoprofiler.com/bot )"
216.107.154.208 - - [01/Feb/2014:18:29:40 +0100] "GET /unternehmen/aktuelles/Alpine-Fox-Logistikpartner HTTP/1.1" 301 406 "-" "Java/1.4.1_04"
216.107.154.208 - - [01/Feb/2014:18:29:41 +0100] "GET /unternehmen/aktuelles/Alpine-Fox-Logistikpartner HTTP/1.1" 301 411 "-" "Java/1.4.1_04"
216.107.154.208 - - [01/Feb/2014:18:29:42 +0100] "GET /unternehmen/aktuelles/Alpine-Fox-Logistikpartner/ HTTP/1.1" 200 6545 "-" "Java/1.4.1_04"
216.107.154.208 - - [01/Feb/2014:18:29:42 +0100] "GET /js/lightbox.js HTTP/1.1" 301 372 "-" "Java/1.4.1_04"
216.107.154.208 - - [01/Feb/2014:18:29:43 +0100] "GET /js/lightbox.js HTTP/1.1" 200 31714 "-" "Java/1.4.1_04"
162.243.90.208 - - [01/Feb/2014:18:29:44 +0100] "GET /unternehmen/zertifizierung/Qualitaetsmanagement-ISO-9001/ HTTP/1.1" 200 5326 "http://www.modeinstitut-berlin.de/unternehmen/zertifizierung/" "Mozilla/5.0 (compatible; spbot/4.0.6; +http://www.seoprofiler.com/bot )"
216.107.154.208 - - [01/Feb/2014:18:29:49 +0100] "GET /js/prototype.js HTTP/1.1" 301 373 "-" "Java/1.4.1_04"
162.243.90.208 - - [01/Feb/2014:18:29:50 +0100] "GET /unternehmen/servicecenter/Service-Center-Berlin-Schoeneberg/ HTTP/1.1" 200 7491 "http://www.modeinstitut-berlin.de/unternehmen/servicecenter/" "Mozilla/5.0 (compatible; spbot/4.0.6; +http://www.seoprofiler.com/bot )"
216.107.154.208 - - [01/Feb/2014:18:29:49 +0100] "GET /js/prototype.js HTTP/1.1" 200 47603 "-" "Java/1.4.1_04"
216.107.154.208 - - [01/Feb/2014:18:29:51 +0100] "GET /js/scriptaculous.js?load=effects HTTP/1.1" 301 390 "-" "Java/1.4.1_04"
216.107.154.208 - - [01/Feb/2014:18:29:51 +0100] "GET /js/scriptaculous.js?load=effects HTTP/1.1" 200 2152 "-" "Java/1.4.1_04"
216.107.154.208 - - [01/Feb/2014:18:29:51 +0100] "GET /js/'+libraryName+' HTTP/1.1" 301 376 "-" "Java/1.4.1_04"
216.107.154.208 - - [01/Feb/2014:18:29:51 +0100] "GET /js/'+libraryName+' HTTP/1.1" 404 1256 "-" "Java/1.4.1_04"
216.107.154.208 - - [01/Feb/2014:18:29:53 +0100] "GET /unternehmen/aktuelles/Dienstkleidung-BVG HTTP/1.1" 301 398 "-" "Java/1.4.1_04"
216.107.154.208 - - [01/Feb/2014:18:29:54 +0100] "GET /unternehmen/aktuelles/Dienstkleidung-BVG HTTP/1.1" 301 403 "-" "Java/1.4.1_04"
162.243.90.208 - - [01/Feb/2014:18:29:54 +0100] "GET /unternehmen/zertifizierung/Umweltmanagementsystem-ISO-14001/ HTTP/1.1" 200 5040 "http://www.modeinstitut-berlin.de/unternehmen/aktuelles/" "Mozilla/5.0 (compatible; spbot/4.0.6; +http://www.seoprofiler.com/bot )"
216.107.154.208 - - [01/Feb/2014:18:29:54 +0100] "GET /unternehmen/aktuelles/Dienstkleidung-BVG/ HTTP/1.1" 200 5292 "-" "Java/1.4.1_04"
162.243.90.208 - - [01/Feb/2014:18:29:59 +0100] "GET /unternehmen/aktuelles/Pressetermin-BVG/Galerie-Pressetermin-BVG HTTP/1.1" 301 426 "http://www.modeinstitut-berlin.de/unternehmen/aktuelles/Pressetermin-BVG/" "Mozilla/5.0 (compatible; spbot/4.0.6; +http://www.seoprofiler.com/bot )"
216.107.154.208 - - [01/Feb/2014:18:30:07 +0100] "GET /unternehmen/aktuelles/Pressetermin-BVG HTTP/1.1" 301 396 "-" "Java/1.4.1_04"
216.107.154.208 - - [01/Feb/2014:18:30:07 +0100] "GET /unternehmen/aktuelles/Pressetermin-BVG HTTP/1.1" 301 401 "-" "Java/1.4.1_04"
216.107.154.208 - - [01/Feb/2014:18:30:08 +0100] "GET /unternehmen/aktuelles/Pressetermin-BVG/ HTTP/1.1" 200 5774 "-" "Java/1.4.1_04"
216.107.154.208 - - [01/Feb/2014:18:30:09 +0100] "GET /unternehmen/aktuelles/Strickgarn-Lanura HTTP/1.1" 301 397 "-" "Java/1.4.1_04"
216.107.154.208 - - [01/Feb/2014:18:30:09 +0100] "GET /unternehmen/aktuelles/Strickgarn-Lanura HTTP/1.1" 301 402 "-" "Java/1.4.1_04"
216.107.154.208 - - [01/Feb/2014:18:30:09 +0100] "GET /unternehmen/aktuelles/Strickgarn-Lanura/ HTTP/1.1" 200 5900 "-" "Java/1.4.1_04"
80.187.106.85 - - [01/Feb/2014:18:33:23 +0100] "GET / HTTP/1.1" 200 2050 "-" "Mozilla/5.0 (iPhone; CPU iPhone OS 7_0_4 like Mac OS X) AppleWebKit/537.51.1 (KHTML, like Gecko) Version/7.0 Mobile/11B554a Safari/9537.53"
80.187.106.85 - - [01/Feb/2014:18:33:23 +0100] "GET /css/newstyles.css HTTP/1.1" 304 - "http://www.modeinstitut-berlin.de/" "Mozilla/5.0 (iPhone; CPU iPhone OS 7_0_4 like Mac OS X) AppleWebKit/537.51.1 (KHTML, like Gecko) Version/7.0 Mobile/11B554a Safari/9537.53"
80.187.106.85 - - [01/Feb/2014:18:33:24 +0100] "GET /Scripts/AC_RunActiveContent.js HTTP/1.1" 304 - "http://www.modeinstitut-berlin.de/" "Mozilla/5.0 (iPhone; CPU iPhone OS 7_0_4 like Mac OS X) AppleWebKit/537.51.1 (KHTML, like Gecko) Version/7.0 Mobile/11B554a Safari/9537.53"
80.187.106.85 - - [01/Feb/2014:18:33:24 +0100] "GET /includes/hover.js HTTP/1.1" 304 - "http://www.modeinstitut-berlin.de/" "Mozilla/5.0 (iPhone; CPU iPhone OS 7_0_4 like Mac OS X) AppleWebKit/537.51.1 (KHTML, like Gecko) Version/7.0 Mobile/11B554a Safari/9537.53"
80.187.106.85 - - [01/Feb/2014:18:33:24 +0100] "GET /images/layout/global-bg.jpg HTTP/1.1" 304 - "http://www.modeinstitut-berlin.de/" "Mozilla/5.0 (iPhone; CPU iPhone OS 7_0_4 like Mac OS X) AppleWebKit/537.51.1 (KHTML, like Gecko) Version/7.0 Mobile/11B554a Safari/9537.53"
80.187.106.85 - - [01/Feb/2014:18:33:24 +0100] "GET /images/layout/bg-navi.jpg HTTP/1.1" 304 - "http://www.modeinstitut-berlin.de/" "Mozilla/5.0 (iPhone; CPU iPhone OS 7_0_4 like Mac OS X) AppleWebKit/537.51.1 (KHTML, like Gecko) Version/7.0 Mobile/11B554a Safari/9537.53"
80.187.106.85 - - [01/Feb/2014:18:33:24 +0100] "GET /images/layout/link.gif HTTP/1.1" 304 - "http://www.modeinstitut-berlin.de/" "Mozilla/5.0 (iPhone; CPU iPhone OS 7_0_4 like Mac OS X) AppleWebKit/537.51.1 (KHTML, like Gecko) Version/7.0 Mobile/11B554a Safari/9537.53"
80.187.106.85 - - [01/Feb/2014:18:33:24 +0100] "GET /images/layout/wrapper-bg.jpg HTTP/1.1" 304 - "http://www.modeinstitut-berlin.de/" "Mozilla/5.0 (iPhone; CPU iPhone OS 7_0_4 like Mac OS X) AppleWebKit/537.51.1 (KHTML, like Gecko) Version/7.0 Mobile/11B554a Safari/9537.53"
80.187.106.85 - - [01/Feb/2014:18:33:24 +0100] "GET /images/layout/bg-content-big-1.jpg HTTP/1.1" 304 - "http://www.modeinstitut-berlin.de/" "Mozilla/5.0 (iPhone; CPU iPhone OS 7_0_4 like Mac OS X) AppleWebKit/537.51.1 (KHTML, like Gecko) Version/7.0 Mobile/11B554a Safari/9537.53"
79.212.153.213 - - [01/Feb/2014:18:36:29 +0100] "GET / HTTP/1.1" 301 358 "-" "Mozilla/4.0 (compatible; MSIE 8.0; Windows NT 5.1; Trident/4.0; BTRS114393; GTB7.5; .NET CLR 1.1.4322; MS-RTC LM 8; .NET CLR 2.0.50727; .NET CLR 3.0.04506.30; .NET CLR 3.0.4506.2152; .NET CLR 3.5.30729; OfficeLiveConnector.1.5; OfficeLivePatch.1.3; .NET4.0C)"
79.212.153.213 - - [01/Feb/2014:18:36:29 +0100] "GET / HTTP/1.1" 200 2050 "-" "Mozilla/4.0 (compatible; MSIE 8.0; Windows NT 5.1; Trident/4.0; BTRS114393; GTB7.5; .NET CLR 1.1.4322; MS-RTC LM 8; .NET CLR 2.0.50727; .NET CLR 3.0.04506.30; .NET CLR 3.0.4506.2152; .NET CLR 3.5.30729; OfficeLiveConnector.1.5; OfficeLivePatch.1.3; .NET4.0C)"
79.212.153.213 - - [01/Feb/2014:18:36:29 +0100] "GET /css/newstyles.css HTTP/1.1" 200 9734 "http://www.modeinstitut-berlin.de/" "Mozilla/4.0 (compatible; MSIE 8.0; Windows NT 5.1; Trident/4.0; BTRS114393; GTB7.5; .NET CLR 1.1.4322; MS-RTC LM 8; .NET CLR 2.0.50727; .NET CLR 3.0.04506.30; .NET CLR 3.0.4506.2152; .NET CLR 3.5.30729; OfficeLiveConnector.1.5; OfficeLivePatch.1.3; .NET4.0C)"
79.212.153.213 - - [01/Feb/2014:18:36:30 +0100] "GET /images/layout/global-bg.jpg HTTP/1.1" 200 917 "http://www.modeinstitut-berlin.de/" "Mozilla/4.0 (compatible; MSIE 8.0; Windows NT 5.1; Trident/4.0; BTRS114393; GTB7.5; .NET CLR 1.1.4322; MS-RTC LM 8; .NET CLR 2.0.50727; .NET CLR 3.0.04506.30; .NET CLR 3.0.4506.2152; .NET CLR 3.5.30729; OfficeLiveConnector.1.5; OfficeLivePatch.1.3; .NET4.0C)"
79.212.153.213 - - [01/Feb/2014:18:36:30 +0100] "GET /includes/hover.js HTTP/1.1" 200 411 "http://www.modeinstitut-berlin.de/" "Mozilla/4.0 (compatible; MSIE 8.0; Windows NT 5.1; Trident/4.0; BTRS114393; GTB7.5; .NET CLR 1.1.4322; MS-RTC LM 8; .NET CLR 2.0.50727; .NET CLR 3.0.04506.30; .NET CLR 3.0.4506.2152; .NET CLR 3.5.30729; OfficeLiveConnector.1.5; OfficeLivePatch.1.3; .NET4.0C)"
79.212.153.213 - - [01/Feb/2014:18:36:30 +0100] "GET /Scripts/AC_RunActiveContent.js HTTP/1.1" 200 8029 "http://www.modeinstitut-berlin.de/" "Mozilla/4.0 (compatible; MSIE 8.0; Windows NT 5.1; Trident/4.0; BTRS114393; GTB7.5; .NET CLR 1.1.4322; MS-RTC LM 8; .NET CLR 2.0.50727; .NET CLR 3.0.04506.30; .NET CLR 3.0.4506.2152; .NET CLR 3.5.30729; OfficeLiveConnector.1.5; OfficeLivePatch.1.3; .NET4.0C)"
79.212.153.213 - - [01/Feb/2014:18:36:30 +0100] "GET /images/motive/Logo9001_5.png HTTP/1.1" 200 19358 "http://www.modeinstitut-berlin.de/" "Mozilla/4.0 (compatible; MSIE 8.0; Windows NT 5.1; Trident/4.0; BTRS114393; GTB7.5; .NET CLR 1.1.4322; MS-RTC LM 8; .NET CLR 2.0.50727; .NET CLR 3.0.04506.30; .NET CLR 3.0.4506.2152; .NET CLR 3.5.30729; OfficeLiveConnector.1.5; OfficeLivePatch.1.3; .NET4.0C)"
79.212.153.213 - - [01/Feb/2014:18:36:30 +0100] "GET /images/layout/bg-navi.jpg HTTP/1.1" 200 3342 "http://www.modeinstitut-berlin.de/" "Mozilla/4.0 (compatible; MSIE 8.0; Windows NT 5.1; Trident/4.0; BTRS114393; GTB7.5; .NET CLR 1.1.4322; MS-RTC LM 8; .NET CLR 2.0.50727; .NET CLR 3.0.04506.30; .NET CLR 3.0.4506.2152; .NET CLR 3.5.30729; OfficeLiveConnector.1.5; OfficeLivePatch.1.3; .NET4.0C)"
79.212.153.213 - - [01/Feb/2014:18:36:30 +0100] "GET /images/layout/wrapper-bg.jpg HTTP/1.1" 200 126878 "http://www.modeinstitut-berlin.de/" "Mozilla/4.0 (compatible; MSIE 8.0; Windows NT 5.1; Trident/4.0; BTRS114393; GTB7.5; .NET CLR 1.1.4322; MS-RTC LM 8; .NET CLR 2.0.50727; .NET CLR 3.0.04506.30; .NET CLR 3.0.4506.2152; .NET CLR 3.5.30729; OfficeLiveConnector.1.5; OfficeLivePatch.1.3; .NET4.0C)"
79.212.153.213 - - [01/Feb/2014:18:36:48 +0100] "GET /images/layout/link.gif HTTP/1.1" 200 52 "http://www.modeinstitut-berlin.de/" "Mozilla/4.0 (compatible; MSIE 8.0; Windows NT 5.1; Trident/4.0; BTRS114393; GTB7.5; .NET CLR 1.1.4322; MS-RTC LM 8; .NET CLR 2.0.50727; .NET CLR 3.0.04506.30; .NET CLR 3.0.4506.2152; .NET CLR 3.5.30729; OfficeLiveConnector.1.5; OfficeLivePatch.1.3; .NET4.0C)"
79.212.153.213 - - [01/Feb/2014:18:36:48 +0100] "GET /css/iepngfix.htc HTTP/1.1" 200 2995 "-" "Mozilla/4.0 (compatible; MSIE 8.0; Windows NT 5.1; Trident/4.0; BTRS114393; GTB7.5; .NET CLR 1.1.4322; MS-RTC LM 8; .NET CLR 2.0.50727; .NET CLR 3.0.04506.30; .NET CLR 3.0.4506.2152; .NET CLR 3.5.30729; OfficeLiveConnector.1.5; OfficeLivePatch.1.3; .NET4.0C)"
79.212.153.213 - - [01/Feb/2014:18:36:48 +0100] "GET /images/layout/bg-sidebox-plain1.jpg HTTP/1.1" 200 10064 "http://www.modeinstitut-berlin.de/" "Mozilla/4.0 (compatible; MSIE 8.0; Windows NT 5.1; Trident/4.0; BTRS114393; GTB7.5; .NET CLR 1.1.4322; MS-RTC LM 8; .NET CLR 2.0.50727; .NET CLR 3.0.04506.30; .NET CLR 3.0.4506.2152; .NET CLR 3.5.30729; OfficeLiveConnector.1.5; OfficeLivePatch.1.3; .NET4.0C)"
79.212.153.213 - - [01/Feb/2014:18:36:48 +0100] "GET /images/layout/bg-content-big-1.jpg HTTP/1.1" 200 46493 "http://www.modeinstitut-berlin.de/" "Mozilla/4.0 (compatible; MSIE 8.0; Windows NT 5.1; Trident/4.0; BTRS114393; GTB7.5; .NET CLR 1.1.4322; MS-RTC LM 8; .NET CLR 2.0.50727; .NET CLR 3.0.04506.30; .NET CLR 3.0.4506.2152; .NET CLR 3.5.30729; OfficeLiveConnector.1.5; OfficeLivePatch.1.3; .NET4.0C)"
79.212.153.213 - - [01/Feb/2014:18:36:48 +0100] "GET /images/layout/nav-drop-foot.png HTTP/1.1" 200 42670 "http://www.modeinstitut-berlin.de/" "Mozilla/4.0 (compatible; MSIE 8.0; Windows NT 5.1; Trident/4.0; BTRS114393; GTB7.5; .NET CLR 1.1.4322; MS-RTC LM 8; .NET CLR 2.0.50727; .NET CLR 3.0.04506.30; .NET CLR 3.0.4506.2152; .NET CLR 3.5.30729; OfficeLiveConnector.1.5; OfficeLivePatch.1.3; .NET4.0C)"
79.212.153.213 - - [01/Feb/2014:18:36:48 +0100] "GET /video/video.swf HTTP/1.1" 200 3107187 "http://www.modeinstitut-berlin.de/" "Mozilla/4.0 (compatible; MSIE 8.0; Windows NT 5.1; Trident/4.0; BTRS114393; GTB7.5; .NET CLR 1.1.4322; MS-RTC LM 8; .NET CLR 2.0.50727; .NET CLR 3.0.04506.30; .NET CLR 3.0.4506.2152; .NET CLR 3.5.30729; OfficeLiveConnector.1.5; OfficeLivePatch.1.3; .NET4.0C)"
79.212.153.213 - - [01/Feb/2014:18:36:59 +0100] "GET /favicon.ico HTTP/1.1" 404 1256 "-" "Mozilla/4.0 (compatible; MSIE 8.0; Windows NT 5.1; Trident/4.0; BTRS114393; GTB7.5; .NET CLR 1.1.4322; MS-RTC LM 8; .NET CLR 2.0.50727; .NET CLR 3.0.04506.30; .NET CLR 3.0.4506.2152; .NET CLR 3.5.30729; OfficeLiveConnector.1.5; OfficeLivePatch.1.3; .NET4.0C)"
79.212.153.213 - - [01/Feb/2014:18:37:10 +0100] "GET /images/layout/nav-hover-all.jpg HTTP/1.1" 200 332 "http://www.modeinstitut-berlin.de/" "Mozilla/4.0 (compatible; MSIE 8.0; Windows NT 5.1; Trident/4.0; BTRS114393; GTB7.5; .NET CLR 1.1.4322; MS-RTC LM 8; .NET CLR 2.0.50727; .NET CLR 3.0.04506.30; .NET CLR 3.0.4506.2152; .NET CLR 3.5.30729; OfficeLiveConnector.1.5; OfficeLivePatch.1.3; .NET4.0C)"
79.212.153.213 - - [01/Feb/2014:18:37:15 +0100] "GET /images/layout/nav-hover-1.jpg HTTP/1.1" 200 746 "http://www.modeinstitut-berlin.de/" "Mozilla/4.0 (compatible; MSIE 8.0; Windows NT 5.1; Trident/4.0; BTRS114393; GTB7.5; .NET CLR 1.1.4322; MS-RTC LM 8; .NET CLR 2.0.50727; .NET CLR 3.0.04506.30; .NET CLR 3.0.4506.2152; .NET CLR 3.5.30729; OfficeLiveConnector.1.5; OfficeLivePatch.1.3; .NET4.0C)"
79.212.153.213 - - [01/Feb/2014:18:37:18 +0100] "GET /produkt/design/ HTTP/1.1" 200 6495 "http://www.modeinstitut-berlin.de/" "Mozilla/4.0 (compatible; MSIE 8.0; Windows NT 5.1; Trident/4.0; BTRS114393; GTB7.5; .NET CLR 1.1.4322; MS-RTC LM 8; .NET CLR 2.0.50727; .NET CLR 3.0.04506.30; .NET CLR 3.0.4506.2152; .NET CLR 3.5.30729; OfficeLiveConnector.1.5; OfficeLivePatch.1.3; .NET4.0C)"
79.212.153.213 - - [01/Feb/2014:18:37:19 +0100] "GET /images/layout/bg-content-big-2.jpg HTTP/1.1" 200 38423 "http://www.modeinstitut-berlin.de/produkt/design/" "Mozilla/4.0 (compatible; MSIE 8.0; Windows NT 5.1; Trident/4.0; BTRS114393; GTB7.5; .NET CLR 1.1.4322; MS-RTC LM 8; .NET CLR 2.0.50727; .NET CLR 3.0.04506.30; .NET CLR 3.0.4506.2152; .NET CLR 3.5.30729; OfficeLiveConnector.1.5; OfficeLivePatch.1.3; .NET4.0C)"
79.212.153.213 - - [01/Feb/2014:18:37:19 +0100] "GET /images/flash/design.swf HTTP/1.1" 200 210329 "http://www.modeinstitut-berlin.de/produkt/design/" "Mozilla/4.0 (compatible; MSIE 8.0; Windows NT 5.1; Trident/4.0; BTRS114393; GTB7.5; .NET CLR 1.1.4322; MS-RTC LM 8; .NET CLR 2.0.50727; .NET CLR 3.0.04506.30; .NET CLR 3.0.4506.2152; .NET CLR 3.5.30729; OfficeLiveConnector.1.5; OfficeLivePatch.1.3; .NET4.0C)"
79.212.153.213 - - [01/Feb/2014:18:37:19 +0100] "GET /favicon.ico HTTP/1.1" 404 1256 "-" "Mozilla/4.0 (compatible; MSIE 8.0; Windows NT 5.1; Trident/4.0; BTRS114393; GTB7.5; .NET CLR 1.1.4322; MS-RTC LM 8; .NET CLR 2.0.50727; .NET CLR 3.0.04506.30; .NET CLR 3.0.4506.2152; .NET CLR 3.5.30729; OfficeLiveConnector.1.5; OfficeLivePatch.1.3; .NET4.0C)"
79.212.153.213 - - [01/Feb/2014:18:37:21 +0100] "GET /produkt/design/hotelbekleidung/ HTTP/1.1" 200 6525 "http://www.modeinstitut-berlin.de/produkt/design/" "Mozilla/4.0 (compatible; MSIE 8.0; Windows NT 5.1; Trident/4.0; BTRS114393; GTB7.5; .NET CLR 1.1.4322; MS-RTC LM 8; .NET CLR 2.0.50727; .NET CLR 3.0.04506.30; .NET CLR 3.0.4506.2152; .NET CLR 3.5.30729; OfficeLiveConnector.1.5; OfficeLivePatch.1.3; .NET4.0C)"
79.212.153.213 - - [01/Feb/2014:18:37:21 +0100] "GET /images/flash/hotels.swf HTTP/1.1" 200 559251 "http://www.modeinstitut-berlin.de/produkt/design/hotelbekleidung/" "Mozilla/4.0 (compatible; MSIE 8.0; Windows NT 5.1; Trident/4.0; BTRS114393; GTB7.5; .NET CLR 1.1.4322; MS-RTC LM 8; .NET CLR 2.0.50727; .NET CLR 3.0.04506.30; .NET CLR 3.0.4506.2152; .NET CLR 3.5.30729; OfficeLiveConnector.1.5; OfficeLivePatch.1.3; .NET4.0C)"
5.102.173.71 - - [01/Feb/2014:18:37:54 +0100] "GET /robots.txt HTTP/1.1" 200 317 "-" "Mozilla/5.0 (compatible; MojeekBot/0.6; http://www.mojeek.com/bot.html)"
5.102.173.71 - - [01/Feb/2014:18:37:54 +0100] "GET /unternehmen/aktuelles/sechstagerennen/ HTTP/1.1" 200 5322 "-" "Mozilla/5.0 (compatible; MojeekBot/0.6; http://www.mojeek.com/bot.html)"
79.212.153.213 - - [01/Feb/2014:18:37:56 +0100] "GET /produkt/design/behoerden/ HTTP/1.1" 200 6562 "http://www.modeinstitut-berlin.de/produkt/design/hotelbekleidung/" "Mozilla/4.0 (compatible; MSIE 8.0; Windows NT 5.1; Trident/4.0; BTRS114393; GTB7.5; .NET CLR 1.1.4322; MS-RTC LM 8; .NET CLR 2.0.50727; .NET CLR 3.0.04506.30; .NET CLR 3.0.4506.2152; .NET CLR 3.5.30729; OfficeLiveConnector.1.5; OfficeLivePatch.1.3; .NET4.0C)"
79.212.153.213 - - [01/Feb/2014:18:37:56 +0100] "GET /images/flash/behoerden.swf HTTP/1.1" 200 99022 "http://www.modeinstitut-berlin.de/produkt/design/behoerden/" "Mozilla/4.0 (compatible; MSIE 8.0; Windows NT 5.1; Trident/4.0; BTRS114393; GTB7.5; .NET CLR 1.1.4322; MS-RTC LM 8; .NET CLR 2.0.50727; .NET CLR 3.0.04506.30; .NET CLR 3.0.4506.2152; .NET CLR 3.5.30729; OfficeLiveConnector.1.5; OfficeLivePatch.1.3; .NET4.0C)"
79.212.153.213 - - [01/Feb/2014:18:37:59 +0100] "GET /produkt/design/industrie/ HTTP/1.1" 200 6419 "http://www.modeinstitut-berlin.de/produkt/design/behoerden/" "Mozilla/4.0 (compatible; MSIE 8.0; Windows NT 5.1; Trident/4.0; BTRS114393; GTB7.5; .NET CLR 1.1.4322; MS-RTC LM 8; .NET CLR 2.0.50727; .NET CLR 3.0.04506.30; .NET CLR 3.0.4506.2152; .NET CLR 3.5.30729; OfficeLiveConnector.1.5; OfficeLivePatch.1.3; .NET4.0C)"
79.212.153.213 - - [01/Feb/2014:18:37:59 +0100] "GET /images/flash/industrie.swf HTTP/1.1" 200 98733 "http://www.modeinstitut-berlin.de/produkt/design/industrie/" "Mozilla/4.0 (compatible; MSIE 8.0; Windows NT 5.1; Trident/4.0; BTRS114393; GTB7.5; .NET CLR 1.1.4322; MS-RTC LM 8; .NET CLR 2.0.50727; .NET CLR 3.0.04506.30; .NET CLR 3.0.4506.2152; .NET CLR 3.5.30729; OfficeLiveConnector.1.5; OfficeLivePatch.1.3; .NET4.0C)"
79.212.153.213 - - [01/Feb/2014:18:38:03 +0100] "GET /referenzen/auszug/ HTTP/1.1" 200 6434 "http://www.modeinstitut-berlin.de/produkt/design/industrie/" "Mozilla/4.0 (compatible; MSIE 8.0; Windows NT 5.1; Trident/4.0; BTRS114393; GTB7.5; .NET CLR 1.1.4322; MS-RTC LM 8; .NET CLR 2.0.50727; .NET CLR 3.0.04506.30; .NET CLR 3.0.4506.2152; .NET CLR 3.5.30729; OfficeLiveConnector.1.5; OfficeLivePatch.1.3; .NET4.0C)"
79.212.153.213 - - [01/Feb/2014:18:38:03 +0100] "GET /images/motive/logos/Pin-Mail.jpg HTTP/1.1" 200 18155 "http://www.modeinstitut-berlin.de/referenzen/auszug/" "Mozilla/4.0 (compatible; MSIE 8.0; Windows NT 5.1; Trident/4.0; BTRS114393; GTB7.5; .NET CLR 1.1.4322; MS-RTC LM 8; .NET CLR 2.0.50727; .NET CLR 3.0.04506.30; .NET CLR 3.0.4506.2152; .NET CLR 3.5.30729; OfficeLiveConnector.1.5; OfficeLivePatch.1.3; .NET4.0C)"
79.212.153.213 - - [01/Feb/2014:18:38:03 +0100] "GET /images/motive/logos/bvg.jpg HTTP/1.1" 200 17033 "http://www.modeinstitut-berlin.de/referenzen/auszug/" "Mozilla/4.0 (compatible; MSIE 8.0; Windows NT 5.1; Trident/4.0; BTRS114393; GTB7.5; .NET CLR 1.1.4322; MS-RTC LM 8; .NET CLR 2.0.50727; .NET CLR 3.0.04506.30; .NET CLR 3.0.4506.2152; .NET CLR 3.5.30729; OfficeLiveConnector.1.5; OfficeLivePatch.1.3; .NET4.0C)"
79.212.153.213 - - [01/Feb/2014:18:38:03 +0100] "GET /images/motive/logos/frasec.jpg HTTP/1.1" 200 19377 "http://www.modeinstitut-berlin.de/referenzen/auszug/" "Mozilla/4.0 (compatible; MSIE 8.0; Windows NT 5.1; Trident/4.0; BTRS114393; GTB7.5; .NET CLR 1.1.4322; MS-RTC LM 8; .NET CLR 2.0.50727; .NET CLR 3.0.04506.30; .NET CLR 3.0.4506.2152; .NET CLR 3.5.30729; OfficeLiveConnector.1.5; OfficeLivePatch.1.3; .NET4.0C)"
79.212.153.213 - - [01/Feb/2014:18:38:03 +0100] "GET /images/motive/logos/mvb.jpg HTTP/1.1" 200 20330 "http://www.modeinstitut-berlin.de/referenzen/auszug/" "Mozilla/4.0 (compatible; MSIE 8.0; Windows NT 5.1; Trident/4.0; BTRS114393; GTB7.5; .NET CLR 1.1.4322; MS-RTC LM 8; .NET CLR 2.0.50727; .NET CLR 3.0.04506.30; .NET CLR 3.0.4506.2152; .NET CLR 3.5.30729; OfficeLiveConnector.1.5; OfficeLivePatch.1.3; .NET4.0C)"
79.212.153.213 - - [01/Feb/2014:18:38:03 +0100] "GET /images/motive/logos/bayrischer.jpg HTTP/1.1" 200 15953 "http://www.modeinstitut-berlin.de/referenzen/auszug/" "Mozilla/4.0 (compatible; MSIE 8.0; Windows NT 5.1; Trident/4.0; BTRS114393; GTB7.5; .NET CLR 1.1.4322; MS-RTC LM 8; .NET CLR 2.0.50727; .NET CLR 3.0.04506.30; .NET CLR 3.0.4506.2152; .NET CLR 3.5.30729; OfficeLiveConnector.1.5; OfficeLivePatch.1.3; .NET4.0C)"
79.212.153.213 - - [01/Feb/2014:18:38:03 +0100] "GET /images/motive/logos/Logo-Kameha-Grand-Bonn.jpg HTTP/1.1" 200 17221 "http://www.modeinstitut-berlin.de/referenzen/auszug/" "Mozilla/4.0 (compatible; MSIE 8.0; Windows NT 5.1; Trident/4.0; BTRS114393; GTB7.5; .NET CLR 1.1.4322; MS-RTC LM 8; .NET CLR 2.0.50727; .NET CLR 3.0.04506.30; .NET CLR 3.0.4506.2152; .NET CLR 3.5.30729; OfficeLiveConnector.1.5; OfficeLivePatch.1.3; .NET4.0C)"
79.212.153.213 - - [01/Feb/2014:18:38:03 +0100] "GET /images/motive/logos/BT-Logo.png HTTP/1.1" 200 8730 "http://www.modeinstitut-berlin.de/referenzen/auszug/" "Mozilla/4.0 (compatible; MSIE 8.0; Windows NT 5.1; Trident/4.0; BTRS114393; GTB7.5; .NET CLR 1.1.4322; MS-RTC LM 8; .NET CLR 2.0.50727; .NET CLR 3.0.04506.30; .NET CLR 3.0.4506.2152; .NET CLR 3.5.30729; OfficeLiveConnector.1.5; OfficeLivePatch.1.3; .NET4.0C)"
79.212.153.213 - - [01/Feb/2014:18:38:03 +0100] "GET /images/motive/logos/melia2.jpg HTTP/1.1" 200 6337 "http://www.modeinstitut-berlin.de/referenzen/auszug/" "Mozilla/4.0 (compatible; MSIE 8.0; Windows NT 5.1; Trident/4.0; BTRS114393; GTB7.5; .NET CLR 1.1.4322; MS-RTC LM 8; .NET CLR 2.0.50727; .NET CLR 3.0.04506.30; .NET CLR 3.0.4506.2152; .NET CLR 3.5.30729; OfficeLiveConnector.1.5; OfficeLivePatch.1.3; .NET4.0C)"
79.212.153.213 - - [01/Feb/2014:18:38:03 +0100] "GET /images/motive/logos/fis.jpg HTTP/1.1" 200 20913 "http://www.modeinstitut-berlin.de/referenzen/auszug/" "Mozilla/4.0 (compatible; MSIE 8.0; Windows NT 5.1; Trident/4.0; BTRS114393; GTB7.5; .NET CLR 1.1.4322; MS-RTC LM 8; .NET CLR 2.0.50727; .NET CLR 3.0.04506.30; .NET CLR 3.0.4506.2152; .NET CLR 3.5.30729; OfficeLiveConnector.1.5; OfficeLivePatch.1.3; .NET4.0C)"
79.212.153.213 - - [01/Feb/2014:18:38:03 +0100] "GET /images/motive/logos/mvg.jpg HTTP/1.1" 200 16049 "http://www.modeinstitut-berlin.de/referenzen/auszug/" "Mozilla/4.0 (compatible; MSIE 8.0; Windows NT 5.1; Trident/4.0; BTRS114393; GTB7.5; .NET CLR 1.1.4322; MS-RTC LM 8; .NET CLR 2.0.50727; .NET CLR 3.0.04506.30; .NET CLR 3.0.4506.2152; .NET CLR 3.5.30729; OfficeLiveConnector.1.5; OfficeLivePatch.1.3; .NET4.0C)"
79.212.153.213 - - [01/Feb/2014:18:38:03 +0100] "GET /images/motive/logos/vgf.jpg HTTP/1.1" 200 14122 "http://www.modeinstitut-berlin.de/referenzen/auszug/" "Mozilla/4.0 (compatible; MSIE 8.0; Windows NT 5.1; Trident/4.0; BTRS114393; GTB7.5; .NET CLR 1.1.4322; MS-RTC LM 8; .NET CLR 2.0.50727; .NET CLR 3.0.04506.30; .NET CLR 3.0.4506.2152; .NET CLR 3.5.30729; OfficeLiveConnector.1.5; OfficeLivePatch.1.3; .NET4.0C)"
79.212.153.213 - - [01/Feb/2014:18:38:03 +0100] "GET /images/motive/logos/lvb.jpg HTTP/1.1" 200 24555 "http://www.modeinstitut-berlin.de/referenzen/auszug/" "Mozilla/4.0 (compatible; MSIE 8.0; Windows NT 5.1; Trident/4.0; BTRS114393; GTB7.5; .NET CLR 1.1.4322; MS-RTC LM 8; .NET CLR 2.0.50727; .NET CLR 3.0.04506.30; .NET CLR 3.0.4506.2152; .NET CLR 3.5.30729; OfficeLiveConnector.1.5; OfficeLivePatch.1.3; .NET4.0C)"
79.212.153.213 - - [01/Feb/2014:18:38:03 +0100] "GET /images/motive/logos/bundestag.jpg HTTP/1.1" 200 18038 "http://www.modeinstitut-berlin.de/referenzen/auszug/" "Mozilla/4.0 (compatible; MSIE 8.0; Windows NT 5.1; Trident/4.0; BTRS114393; GTB7.5; .NET CLR 1.1.4322; MS-RTC LM 8; .NET CLR 2.0.50727; .NET CLR 3.0.04506.30; .NET CLR 3.0.4506.2152; .NET CLR 3.5.30729; OfficeLiveConnector.1.5; OfficeLivePatch.1.3; .NET4.0C)"
79.212.153.213 - - [01/Feb/2014:18:38:03 +0100] "GET /images/motive/logos/globeground.jpg HTTP/1.1" 200 16348 "http://www.modeinstitut-berlin.de/referenzen/auszug/" "Mozilla/4.0 (compatible; MSIE 8.0; Windows NT 5.1; Trident/4.0; BTRS114393; GTB7.5; .NET CLR 1.1.4322; MS-RTC LM 8; .NET CLR 2.0.50727; .NET CLR 3.0.04506.30; .NET CLR 3.0.4506.2152; .NET CLR 3.5.30729; OfficeLiveConnector.1.5; OfficeLivePatch.1.3; .NET4.0C)"
79.212.153.213 - - [01/Feb/2014:18:38:03 +0100] "GET /images/motive/logos/gegenbauer.jpg HTTP/1.1" 200 15498 "http://www.modeinstitut-berlin.de/referenzen/auszug/" "Mozilla/4.0 (compatible; MSIE 8.0; Windows NT 5.1; Trident/4.0; BTRS114393; GTB7.5; .NET CLR 1.1.4322; MS-RTC LM 8; .NET CLR 2.0.50727; .NET CLR 3.0.04506.30; .NET CLR 3.0.4506.2152; .NET CLR 3.5.30729; OfficeLiveConnector.1.5; OfficeLivePatch.1.3; .NET4.0C)"
79.212.153.213 - - [01/Feb/2014:18:38:03 +0100] "GET /images/motive/logos/vag.jpg HTTP/1.1" 200 13744 "http://www.modeinstitut-berlin.de/referenzen/auszug/" "Mozilla/4.0 (compatible; MSIE 8.0; Windows NT 5.1; Trident/4.0; BTRS114393; GTB7.5; .NET CLR 1.1.4322; MS-RTC LM 8; .NET CLR 2.0.50727; .NET CLR 3.0.04506.30; .NET CLR 3.0.4506.2152; .NET CLR 3.5.30729; OfficeLiveConnector.1.5; OfficeLivePatch.1.3; .NET4.0C)"
79.212.153.213 - - [01/Feb/2014:18:38:04 +0100] "GET /images/layout/bg-content-refs1.jpg HTTP/1.1" 200 39149 "http://www.modeinstitut-berlin.de/referenzen/auszug/" "Mozilla/4.0 (compatible; MSIE 8.0; Windows NT 5.1; Trident/4.0; BTRS114393; GTB7.5; .NET CLR 1.1.4322; MS-RTC LM 8; .NET CLR 2.0.50727; .NET CLR 3.0.04506.30; .NET CLR 3.0.4506.2152; .NET CLR 3.5.30729; OfficeLiveConnector.1.5; OfficeLivePatch.1.3; .NET4.0C)"
79.212.153.213 - - [01/Feb/2014:18:38:04 +0100] "GET /images/motive/logos/deutschepost.gif HTTP/1.1" 200 1468 "http://www.modeinstitut-berlin.de/referenzen/auszug/" "Mozilla/4.0 (compatible; MSIE 8.0; Windows NT 5.1; Trident/4.0; BTRS114393; GTB7.5; .NET CLR 1.1.4322; MS-RTC LM 8; .NET CLR 2.0.50727; .NET CLR 3.0.04506.30; .NET CLR 3.0.4506.2152; .NET CLR 3.5.30729; OfficeLiveConnector.1.5; OfficeLivePatch.1.3; .NET4.0C)"
79.212.153.213 - - [01/Feb/2014:18:38:04 +0100] "GET /images/motive/logos/rnv-logo.jpg HTTP/1.1" 200 13013 "http://www.modeinstitut-berlin.de/referenzen/auszug/" "Mozilla/4.0 (compatible; MSIE 8.0; Windows NT 5.1; Trident/4.0; BTRS114393; GTB7.5; .NET CLR 1.1.4322; MS-RTC LM 8; .NET CLR 2.0.50727; .NET CLR 3.0.04506.30; .NET CLR 3.0.4506.2152; .NET CLR 3.5.30729; OfficeLiveConnector.1.5; OfficeLivePatch.1.3; .NET4.0C)"
79.212.153.213 - - [01/Feb/2014:18:38:07 +0100] "GET /referenzen/galerie/ HTTP/1.1" 200 4854 "http://www.modeinstitut-berlin.de/referenzen/auszug/" "Mozilla/4.0 (compatible; MSIE 8.0; Windows NT 5.1; Trident/4.0; BTRS114393; GTB7.5; .NET CLR 1.1.4322; MS-RTC LM 8; .NET CLR 2.0.50727; .NET CLR 3.0.04506.30; .NET CLR 3.0.4506.2152; .NET CLR 3.5.30729; OfficeLiveConnector.1.5; OfficeLivePatch.1.3; .NET4.0C)"
79.212.153.213 - - [01/Feb/2014:18:38:08 +0100] "GET /js/swfobject.js HTTP/1.1" 200 10220 "http://www.modeinstitut-berlin.de/referenzen/galerie/" "Mozilla/4.0 (compatible; MSIE 8.0; Windows NT 5.1; Trident/4.0; BTRS114393; GTB7.5; .NET CLR 1.1.4322; MS-RTC LM 8; .NET CLR 2.0.50727; .NET CLR 3.0.04506.30; .NET CLR 3.0.4506.2152; .NET CLR 3.5.30729; OfficeLiveConnector.1.5; OfficeLivePatch.1.3; .NET4.0C)"
79.212.153.213 - - [01/Feb/2014:18:38:08 +0100] "GET /images/layout/bg-content-refs2.jpg HTTP/1.1" 200 28935 "http://www.modeinstitut-berlin.de/referenzen/galerie/" "Mozilla/4.0 (compatible; MSIE 8.0; Windows NT 5.1; Trident/4.0; BTRS114393; GTB7.5; .NET CLR 1.1.4322; MS-RTC LM 8; .NET CLR 2.0.50727; .NET CLR 3.0.04506.30; .NET CLR 3.0.4506.2152; .NET CLR 3.5.30729; OfficeLiveConnector.1.5; OfficeLivePatch.1.3; .NET4.0C)"
79.212.153.213 - - [01/Feb/2014:18:38:08 +0100] "GET /images/flash/monoslideshow.swf HTTP/1.1" 200 107761 "http://www.modeinstitut-berlin.de/referenzen/galerie/" "Mozilla/4.0 (compatible; MSIE 8.0; Windows NT 5.1; Trident/4.0; BTRS114393; GTB7.5; .NET CLR 1.1.4322; MS-RTC LM 8; .NET CLR 2.0.50727; .NET CLR 3.0.04506.30; .NET CLR 3.0.4506.2152; .NET CLR 3.5.30729; OfficeLiveConnector.1.5; OfficeLivePatch.1.3; .NET4.0C)"
79.212.153.213 - - [01/Feb/2014:18:38:09 +0100] "GET /images/flash/monoslideshow.xml HTTP/1.1" 200 3149 "http://www.modeinstitut-berlin.de/images/flash/monoslideshow.swf" "Mozilla/4.0 (compatible; MSIE 8.0; Windows NT 5.1; Trident/4.0; BTRS114393; GTB7.5; .NET CLR 1.1.4322; MS-RTC LM 8; .NET CLR 2.0.50727; .NET CLR 3.0.04506.30; .NET CLR 3.0.4506.2152; .NET CLR 3.5.30729; OfficeLiveConnector.1.5; OfficeLivePatch.1.3; .NET4.0C)"
79.212.153.213 - - [01/Feb/2014:18:38:09 +0100] "GET /images/motive/slideshow/images/084-A-Design-Award-2013.jpg HTTP/1.1" 200 232895 "http://www.modeinstitut-berlin.de/images/flash/monoslideshow.swf" "Mozilla/4.0 (compatible; MSIE 8.0; Windows NT 5.1; Trident/4.0; BTRS114393; GTB7.5; .NET CLR 1.1.4322; MS-RTC LM 8; .NET CLR 2.0.50727; .NET CLR 3.0.04506.30; .NET CLR 3.0.4506.2152; .NET CLR 3.5.30729; OfficeLiveConnector.1.5; OfficeLivePatch.1.3; .NET4.0C)"
79.212.153.213 - - [01/Feb/2014:18:38:09 +0100] "GET /images/motive/slideshow/images/085-A-Design-Award-2013.jpg HTTP/1.1" 200 251517 "http://www.modeinstitut-berlin.de/images/flash/monoslideshow.swf" "Mozilla/4.0 (compatible; MSIE 8.0; Windows NT 5.1; Trident/4.0; BTRS114393; GTB7.5; .NET CLR 1.1.4322; MS-RTC LM 8; .NET CLR 2.0.50727; .NET CLR 3.0.04506.30; .NET CLR 3.0.4506.2152; .NET CLR 3.5.30729; OfficeLiveConnector.1.5; OfficeLivePatch.1.3; .NET4.0C)"
79.212.153.213 - - [01/Feb/2014:18:38:10 +0100] "GET /images/motive/slideshow/images/087.jpg HTTP/1.1" 200 225348 "http://www.modeinstitut-berlin.de/images/flash/monoslideshow.swf" "Mozilla/4.0 (compatible; MSIE 8.0; Windows NT 5.1; Trident/4.0; BTRS114393; GTB7.5; .NET CLR 1.1.4322; MS-RTC LM 8; .NET CLR 2.0.50727; .NET CLR 3.0.04506.30; .NET CLR 3.0.4506.2152; .NET CLR 3.5.30729; OfficeLiveConnector.1.5; OfficeLivePatch.1.3; .NET4.0C)"
79.212.153.213 - - [01/Feb/2014:18:38:17 +0100] "GET /images/motive/slideshow/images/088.jpg HTTP/1.1" 200 136016 "http://www.modeinstitut-berlin.de/images/flash/monoslideshow.swf" "Mozilla/4.0 (compatible; MSIE 8.0; Windows NT 5.1; Trident/4.0; BTRS114393; GTB7.5; .NET CLR 1.1.4322; MS-RTC LM 8; .NET CLR 2.0.50727; .NET CLR 3.0.04506.30; .NET CLR 3.0.4506.2152; .NET CLR 3.5.30729; OfficeLiveConnector.1.5; OfficeLivePatch.1.3; .NET4.0C)"
79.212.153.213 - - [01/Feb/2014:18:38:24 +0100] "GET /images/motive/slideshow/images/089.jpg HTTP/1.1" 200 212364 "http://www.modeinstitut-berlin.de/images/flash/monoslideshow.swf" "Mozilla/4.0 (compatible; MSIE 8.0; Windows NT 5.1; Trident/4.0; BTRS114393; GTB7.5; .NET CLR 1.1.4322; MS-RTC LM 8; .NET CLR 2.0.50727; .NET CLR 3.0.04506.30; .NET CLR 3.0.4506.2152; .NET CLR 3.5.30729; OfficeLiveConnector.1.5; OfficeLivePatch.1.3; .NET4.0C)"
79.212.153.213 - - [01/Feb/2014:18:38:32 +0100] "GET /images/motive/slideshow/images/090.jpg HTTP/1.1" 200 130130 "http://www.modeinstitut-berlin.de/images/flash/monoslideshow.swf" "Mozilla/4.0 (compatible; MSIE 8.0; Windows NT 5.1; Trident/4.0; BTRS114393; GTB7.5; .NET CLR 1.1.4322; MS-RTC LM 8; .NET CLR 2.0.50727; .NET CLR 3.0.04506.30; .NET CLR 3.0.4506.2152; .NET CLR 3.5.30729; OfficeLiveConnector.1.5; OfficeLivePatch.1.3; .NET4.0C)"
5.102.173.71 - - [01/Feb/2014:18:38:33 +0100] "GET /robots.txt HTTP/1.1" 200 317 "-" "Mozilla/5.0 (compatible; MojeekBot/0.6; http://www.mojeek.com/bot.html)"
5.102.173.71 - - [01/Feb/2014:18:38:33 +0100] "GET /unternehmen/aktuelles/familienfreundlicher_betrieb/ HTTP/1.1" 200 5456 "-" "Mozilla/5.0 (compatible; MojeekBot/0.6; http://www.mojeek.com/bot.html)"
79.212.153.213 - - [01/Feb/2014:18:38:40 +0100] "GET /images/motive/slideshow/images/091.jpg HTTP/1.1" 200 191243 "http://www.modeinstitut-berlin.de/images/flash/monoslideshow.swf" "Mozilla/4.0 (compatible; MSIE 8.0; Windows NT 5.1; Trident/4.0; BTRS114393; GTB7.5; .NET CLR 1.1.4322; MS-RTC LM 8; .NET CLR 2.0.50727; .NET CLR 3.0.04506.30; .NET CLR 3.0.4506.2152; .NET CLR 3.5.30729; OfficeLiveConnector.1.5; OfficeLivePatch.1.3; .NET4.0C)"
79.212.153.213 - - [01/Feb/2014:18:38:47 +0100] "GET /images/motive/slideshow/images/092.jpg HTTP/1.1" 200 198240 "http://www.modeinstitut-berlin.de/images/flash/monoslideshow.swf" "Mozilla/4.0 (compatible; MSIE 8.0; Windows NT 5.1; Trident/4.0; BTRS114393; GTB7.5; .NET CLR 1.1.4322; MS-RTC LM 8; .NET CLR 2.0.50727; .NET CLR 3.0.04506.30; .NET CLR 3.0.4506.2152; .NET CLR 3.5.30729; OfficeLiveConnector.1.5; OfficeLivePatch.1.3; .NET4.0C)"
79.212.153.213 - - [01/Feb/2014:18:38:55 +0100] "GET /images/motive/slideshow/images/093.jpg HTTP/1.1" 200 221696 "http://www.modeinstitut-berlin.de/images/flash/monoslideshow.swf" "Mozilla/4.0 (compatible; MSIE 8.0; Windows NT 5.1; Trident/4.0; BTRS114393; GTB7.5; .NET CLR 1.1.4322; MS-RTC LM 8; .NET CLR 2.0.50727; .NET CLR 3.0.04506.30; .NET CLR 3.0.4506.2152; .NET CLR 3.5.30729; OfficeLiveConnector.1.5; OfficeLivePatch.1.3; .NET4.0C)"
79.212.153.213 - - [01/Feb/2014:18:39:03 +0100] "GET /images/motive/slideshow/images/094.jpg HTTP/1.1" 200 205759 "http://www.modeinstitut-berlin.de/images/flash/monoslideshow.swf" "Mozilla/4.0 (compatible; MSIE 8.0; Windows NT 5.1; Trident/4.0; BTRS114393; GTB7.5; .NET CLR 1.1.4322; MS-RTC LM 8; .NET CLR 2.0.50727; .NET CLR 3.0.04506.30; .NET CLR 3.0.4506.2152; .NET CLR 3.5.30729; OfficeLiveConnector.1.5; OfficeLivePatch.1.3; .NET4.0C)"
79.212.153.213 - - [01/Feb/2014:18:39:10 +0100] "GET /images/motive/slideshow/images/095.jpg HTTP/1.1" 200 139866 "http://www.modeinstitut-berlin.de/images/flash/monoslideshow.swf" "Mozilla/4.0 (compatible; MSIE 8.0; Windows NT 5.1; Trident/4.0; BTRS114393; GTB7.5; .NET CLR 1.1.4322; MS-RTC LM 8; .NET CLR 2.0.50727; .NET CLR 3.0.04506.30; .NET CLR 3.0.4506.2152; .NET CLR 3.5.30729; OfficeLiveConnector.1.5; OfficeLivePatch.1.3; .NET4.0C)"
79.212.153.213 - - [01/Feb/2014:18:39:18 +0100] "GET /images/motive/slideshow/images/096.jpg HTTP/1.1" 200 159319 "http://www.modeinstitut-berlin.de/images/flash/monoslideshow.swf" "Mozilla/4.0 (compatible; MSIE 8.0; Windows NT 5.1; Trident/4.0; BTRS114393; GTB7.5; .NET CLR 1.1.4322; MS-RTC LM 8; .NET CLR 2.0.50727; .NET CLR 3.0.04506.30; .NET CLR 3.0.4506.2152; .NET CLR 3.5.30729; OfficeLiveConnector.1.5; OfficeLivePatch.1.3; .NET4.0C)"
