66.249.78.10 - - [01/Oct/2015:02:35:16 +0200] "GET /robots.txt HTTP/1.1" 404 1256 "-" "Mozilla/5.0 (compatible; Googlebot/2.1; +http://www.google.com/bot.html)"
66.249.78.10 - - [01/Oct/2015:02:35:16 +0200] "GET /impressum.html HTTP/1.1" 304 - "-" "Mozilla/5.0 (compatible; Googlebot/2.1; +http://www.google.com/bot.html)"
66.249.78.3 - - [01/Oct/2015:03:17:04 +0200] "GET / HTTP/1.1" 200 3632 "-" "Mozilla/5.0 (iPhone; CPU iPhone OS 8_3 like Mac OS X) AppleWebKit/600.1.4 (KHTML, like Gecko) Version/8.0 Mobile/12F70 Safari/600.1.4 (compatible; Googlebot/2.1; +http://www.google.com/bot.html)"
144.76.8.132 - - [01/Oct/2015:05:10:43 +0200] "GET /robots.txt HTTP/1.0" 404 1256 "-" "Mozilla/5.0 (compatible; MJ12bot/v1.4.5; http://www.majestic12.co.uk/bot.php?+)"
144.76.8.132 - - [01/Oct/2015:05:10:44 +0200] "GET /impressum.html HTTP/1.0" 200 4742 "-" "Mozilla/5.0 (compatible; MJ12bot/v1.4.5; http://www.majestic12.co.uk/bot.php?+)"
144.76.8.132 - - [01/Oct/2015:05:10:46 +0200] "GET /kontakt.html HTTP/1.0" 200 4348 "-" "Mozilla/5.0 (compatible; MJ12bot/v1.4.5; http://www.majestic12.co.uk/bot.php?+)"
66.249.78.249 - - [01/Oct/2015:09:18:19 +0200] "GET / HTTP/1.1" 200 3632 "-" "Mozilla/5.0 (compatible; Googlebot/2.1; +http://www.google.com/bot.html)"
66.249.78.3 - - [01/Oct/2015:11:31:30 +0200] "GET / HTTP/1.1" 200 3632 "-" "Mozilla/5.0 (compatible; Googlebot/2.1; +http://www.google.com/bot.html)"
66.249.78.10 - - [01/Oct/2015:15:02:25 +0200] "GET /robots.txt HTTP/1.1" 404 1256 "-" "Mozilla/5.0 (compatible; Googlebot/2.1; +http://www.google.com/bot.html)"
66.249.78.3 - - [01/Oct/2015:15:02:25 +0200] "GET /apple-app-site-association HTTP/1.1" 404 1256 "-" "Mozilla/5.0 (compatible; Googlebot/2.1; +http://www.google.com/bot.html)"
66.249.78.249 - - [01/Oct/2015:17:40:42 +0200] "GET /robots.txt HTTP/1.1" 404 1256 "-" "Mozilla/5.0 (compatible; Googlebot/2.1; +http://www.google.com/bot.html)"
66.249.67.38 - - [01/Oct/2015:17:40:42 +0200] "GET / HTTP/1.1" 200 3632 "-" "Mozilla/5.0 (compatible; Googlebot/2.1; +http://www.google.com/bot.html)"
66.249.69.7 - - [01/Oct/2015:19:13:11 +0200] "GET /robots.txt HTTP/1.1" 404 1256 "-" "Mozilla/5.0 (compatible; Googlebot/2.1; +http://www.google.com/bot.html)"
66.249.69.15 - - [01/Oct/2015:19:13:12 +0200] "GET / HTTP/1.1" 200 3632 "-" "Mozilla/5.0 (compatible; Googlebot/2.1; +http://www.google.com/bot.html)"
66.249.69.15 - - [01/Oct/2015:21:10:33 +0200] "GET / HTTP/1.1" 200 3632 "-" "Mozilla/5.0 (compatible; Googlebot/2.1; +http://www.google.com/bot.html)"
85.14.248.165 - - [02/Oct/2015:02:26:32 +0200] "GET /robots.txt HTTP/1.1" 404 1256 "-" "Mozilla/5.0 (compatible; seoscanners.net/1; +spider@seoscanners.net)"
85.14.248.165 - - [02/Oct/2015:02:26:32 +0200] "GET /kontakt.html HTTP/1.1" 200 4348 "-" "Mozilla/5.0 (compatible; seoscanners.net/1; +spider@seoscanners.net)"
85.14.248.165 - - [02/Oct/2015:02:56:56 +0200] "GET /robots.txt HTTP/1.1" 404 1256 "-" "Mozilla/5.0 (compatible; seoscanners.net/1; +spider@seoscanners.net)"
85.14.248.165 - - [02/Oct/2015:02:56:56 +0200] "GET /impressum.html HTTP/1.1" 200 4742 "-" "Mozilla/5.0 (compatible; seoscanners.net/1; +spider@seoscanners.net)"
66.249.69.127 - - [02/Oct/2015:04:07:56 +0200] "GET / HTTP/1.1" 200 3632 "-" "Mozilla/5.0 (compatible; Googlebot/2.1; +http://www.google.com/bot.html)"
188.40.88.130 - - [02/Oct/2015:06:02:34 +0200] "GET /robots.txt HTTP/1.1" 404 1256 "-" "Mozilla/5.0 (compatible; MetaJobBot; http://www.metajob.de/crawler)"
188.40.88.130 - - [02/Oct/2015:06:02:34 +0200] "GET / HTTP/1.1" 200 3632 "-" "Mozilla/5.0 (compatible; MetaJobBot; http://www.metajob.de/crawler)"
188.40.88.130 - - [02/Oct/2015:06:02:47 +0200] "GET /impressum.html HTTP/1.1" 200 4742 "-" "Mozilla/5.0 (compatible; MetaJobBot; http://www.metajob.de/crawler)"
87.98.241.73 - - [02/Oct/2015:08:53:35 +0200] "GET / HTTP/1.1" 200 3632 "-" "Mozilla/5.0 (Macintosh; Intel Mac OS X 10_9_2) AppleWebKit/537.36 (KHTML, like Gecko) Chrome/33.0.1750.152 Safari/537.36"
87.98.241.73 - - [02/Oct/2015:09:33:51 +0200] "GET /impressum.html HTTP/1.1" 200 4742 "-" "Mozilla/5.0 (Macintosh; Intel Mac OS X 10_9_2) AppleWebKit/537.36 (KHTML, like Gecko) Chrome/33.0.1750.152 Safari/537.36"
87.98.241.73 - - [02/Oct/2015:09:33:51 +0200] "GET /kontakt.html HTTP/1.1" 200 4348 "-" "Mozilla/5.0 (Macintosh; Intel Mac OS X 10_9_2) AppleWebKit/537.36 (KHTML, like Gecko) Chrome/33.0.1750.152 Safari/537.36"
87.98.241.73 - - [02/Oct/2015:10:58:52 +0200] "GET /index.html HTTP/1.1" 200 3632 "-" "Mozilla/5.0 (Macintosh; Intel Mac OS X 10_9_2) AppleWebKit/537.36 (KHTML, like Gecko) Chrome/33.0.1750.152 Safari/537.36"
188.40.88.130 - - [02/Oct/2015:22:21:13 +0200] "GET /robots.txt HTTP/1.1" 404 1256 "-" "Mozilla/5.0 (compatible; MetaJobBot; http://www.metajob.de/crawler)"
188.40.88.130 - - [02/Oct/2015:22:21:13 +0200] "GET /kontakt.html HTTP/1.1" 200 4348 "-" "Mozilla/5.0 (compatible; MetaJobBot; http://www.metajob.de/crawler)"
85.14.248.165 - - [03/Oct/2015:01:55:05 +0200] "GET /robots.txt HTTP/1.1" 404 1256 "-" "Mozilla/5.0 (compatible; seoscanners.net/1; +spider@seoscanners.net)"
85.14.248.165 - - [03/Oct/2015:01:55:05 +0200] "GET /index.html HTTP/1.1" 200 3632 "-" "Mozilla/5.0 (compatible; seoscanners.net/1; +spider@seoscanners.net)"
151.80.31.129 - - [03/Oct/2015:07:50:29 +0200] "GET /robots.txt HTTP/1.1" 404 1256 "-" "Mozilla/5.0 (compatible; AhrefsBot/5.0; +http://ahrefs.com/robot/)"
66.249.64.221 - - [03/Oct/2015:08:54:50 +0200] "GET /robots.txt HTTP/1.1" 404 1256 "-" "Mozilla/5.0 (compatible; Googlebot/2.1; +http://www.google.com/bot.html)"
66.249.78.10 - - [03/Oct/2015:08:54:50 +0200] "GET / HTTP/1.1" 200 3632 "-" "Mozilla/5.0 (compatible; Googlebot/2.1; +http://www.google.com/bot.html)"
62.210.97.48 - - [03/Oct/2015:12:22:23 +0200] "GET /robots.txt HTTP/1.0" 404 1256 "-" "Mozilla/5.0 (compatible; MJ12bot/v1.4.5; http://www.majestic12.co.uk/bot.php?+)"
62.210.97.48 - - [03/Oct/2015:12:22:28 +0200] "GET /index.html HTTP/1.0" 200 3632 "-" "Mozilla/5.0 (compatible; MJ12bot/v1.4.5; http://www.majestic12.co.uk/bot.php?+)"
62.178.2.138 - - [03/Oct/2015:14:10:07 +0200] "GET /robots.txt HTTP/1.0" 404 1256 "-" "Mozilla/5.0 (compatible; MJ12bot/v1.4.5; http://www.majestic12.co.uk/bot.php?+)"
62.178.2.138 - - [03/Oct/2015:14:10:08 +0200] "GET /impressum.html HTTP/1.1" 200 4742 "-" "Mozilla/5.0 (compatible; MJ12bot/v1.4.5; http://www.majestic12.co.uk/bot.php?+)"
62.178.2.138 - - [03/Oct/2015:14:10:10 +0200] "GET /kontakt.html HTTP/1.1" 200 4348 "-" "Mozilla/5.0 (compatible; MJ12bot/v1.4.5; http://www.majestic12.co.uk/bot.php?+)"
46.4.120.3 - - [03/Oct/2015:17:39:15 +0200] "GET /robots.txt HTTP/1.0" 404 1256 "-" "Mozilla/5.0 (compatible; MJ12bot/v1.4.5; http://www.majestic12.co.uk/bot.php?+)"
46.4.120.3 - - [03/Oct/2015:17:39:18 +0200] "GET /index.html HTTP/1.0" 200 3632 "-" "Mozilla/5.0 (compatible; MJ12bot/v1.4.5; http://www.majestic12.co.uk/bot.php?+)"
66.249.78.3 - - [03/Oct/2015:21:33:07 +0200] "GET /robots.txt HTTP/1.1" 404 1256 "-" "Mozilla/5.0 (compatible; Googlebot/2.1; +http://www.google.com/bot.html)"
66.249.64.231 - - [03/Oct/2015:21:33:07 +0200] "GET /kontakt.html HTTP/1.1" 304 - "-" "Mozilla/5.0 (compatible; Googlebot/2.1; +http://www.google.com/bot.html)"
89.163.140.2 - - [04/Oct/2015:01:42:21 +0200] "GET /impressum.html HTTP/1.1" 200 4742 "-" "Mozilla/4.0 (compatible; MSIE 8.0; Windows NT 6.1; de) Opera 11.01"
188.40.88.130 - - [04/Oct/2015:02:15:43 +0200] "GET /robots.txt HTTP/1.1" 404 1256 "-" "Mozilla/5.0 (compatible; MetaJobBot; http://www.metajob.de/crawler)"
188.40.88.130 - - [04/Oct/2015:02:15:43 +0200] "GET /index.html HTTP/1.1" 200 3632 "-" "Mozilla/5.0 (compatible; MetaJobBot; http://www.metajob.de/crawler)"
89.163.140.2 - - [04/Oct/2015:08:28:46 +0200] "GET /kontakt.html HTTP/1.1" 200 4348 "-" "Mozilla/5.0 (Windows NT 6.1; WOW64) AppleWebKit/536.3 (KHTML, like Gecko) Chrome/19.0.1062.0 Safari/536.3"
88.198.16.153 - - [04/Oct/2015:09:24:18 +0200] "GET /robots.txt HTTP/1.0" 404 1256 "-" "Mozilla/5.0 (compatible; MJ12bot/v1.4.5; http://www.majestic12.co.uk/bot.php?+)"
88.198.16.153 - - [04/Oct/2015:09:24:20 +0200] "GET /index.html HTTP/1.0" 200 3632 "-" "Mozilla/5.0 (compatible; MJ12bot/v1.4.5; http://www.majestic12.co.uk/bot.php?+)"
66.249.78.10 - - [04/Oct/2015:22:29:02 +0200] "GET /robots.txt HTTP/1.1" 404 1256 "-" "Mozilla/5.0 (compatible; Googlebot/2.1; +http://www.google.com/bot.html)"
66.249.78.3 - - [04/Oct/2015:22:29:02 +0200] "GET / HTTP/1.1" 200 3632 "-" "Mozilla/5.0 (iPhone; CPU iPhone OS 8_3 like Mac OS X) AppleWebKit/600.1.4 (KHTML, like Gecko) Version/8.0 Mobile/12F70 Safari/600.1.4 (compatible; Googlebot/2.1; +http://www.google.com/bot.html)"
66.249.78.3 - - [04/Oct/2015:22:35:13 +0200] "GET /css/style.css HTTP/1.1" 200 1159 "-" "Mozilla/5.0 (compatible; Googlebot/2.1; +http://www.google.com/bot.html)"
157.55.39.40 - - [05/Oct/2015:22:06:33 +0200] "GET /robots.txt HTTP/1.1" 404 1256 "-" "Mozilla/5.0 (compatible; bingbot/2.0; +http://www.bing.com/bingbot.htm)"
157.55.39.40 - - [05/Oct/2015:22:06:38 +0200] "GET /impressum.html HTTP/1.1" 200 4742 "-" "Mozilla/5.0 (compatible; bingbot/2.0; +http://www.bing.com/bingbot.htm)"
157.55.39.40 - - [05/Oct/2015:22:06:54 +0200] "GET /robots.txt HTTP/1.1" 404 1256 "-" "Mozilla/5.0 (compatible; bingbot/2.0; +http://www.bing.com/bingbot.htm)"
157.55.39.40 - - [05/Oct/2015:22:06:54 +0200] "GET /robots.txt HTTP/1.1" 404 1256 "-" "Mozilla/5.0 (compatible; bingbot/2.0; +http://www.bing.com/bingbot.htm)"
157.55.39.40 - - [05/Oct/2015:22:06:54 +0200] "GET /robots.txt HTTP/1.1" 404 1256 "-" "Mozilla/5.0 (compatible; bingbot/2.0; +http://www.bing.com/bingbot.htm)"
207.46.13.38 - - [05/Oct/2015:22:07:00 +0200] "GET /robots.txt HTTP/1.1" 404 1256 "-" "Mozilla/5.0 (compatible; bingbot/2.0; +http://www.bing.com/bingbot.htm)"
207.46.13.38 - - [05/Oct/2015:22:07:00 +0200] "GET /js/plugins.js HTTP/1.1" 200 898 "-" "Mozilla/5.0 (compatible; bingbot/2.0; +http://www.bing.com/bingbot.htm)"
207.46.13.64 - - [05/Oct/2015:22:11:55 +0200] "GET /js/libs/modernizr-2.5.3.min.js HTTP/1.1" 200 15274 "-" "Mozilla/5.0 (compatible; bingbot/2.0; +http://www.bing.com/bingbot.htm)"
144.76.29.162 - - [06/Oct/2015:00:44:03 +0200] "GET /robots.txt HTTP/1.0" 404 1256 "-" "Mozilla/5.0 (compatible; MJ12bot/v1.4.5; http://www.majestic12.co.uk/bot.php?+)"
144.76.29.162 - - [06/Oct/2015:00:44:04 +0200] "GET /index.html HTTP/1.0" 200 3632 "-" "Mozilla/5.0 (compatible; MJ12bot/v1.4.5; http://www.majestic12.co.uk/bot.php?+)"
64.246.165.170 - - [06/Oct/2015:19:18:47 +0200] "GET /robots.txt HTTP/1.0" 404 1256 "-" "Mozilla/5.0 (Windows; U; Windows NT 5.1; en; rv:1.9.0.13) Gecko/2009073022 Firefox/3.5.2 (.NET CLR 3.5.30729) SurveyBot/2.3 (DomainTools)"
64.246.165.170 - - [06/Oct/2015:19:18:47 +0200] "GET / HTTP/1.1" 200 3632 "http://whois.domaintools.com/just-malerei.de" "Mozilla/5.0 (Windows; U; Windows NT 5.1; en; rv:1.9.0.13) Gecko/2009073022 Firefox/3.5.2 (.NET CLR 3.5.30729) SurveyBot/2.3 (DomainTools)"
66.249.65.83 - - [06/Oct/2015:22:25:20 +0200] "GET /robots.txt HTTP/1.1" 404 1256 "-" "Mozilla/5.0 (compatible; Googlebot/2.1; +http://www.google.com/bot.html)"
66.249.65.83 - - [06/Oct/2015:22:25:20 +0200] "GET / HTTP/1.1" 200 3632 "-" "Mozilla/5.0 (compatible; Googlebot/2.1; +http://www.google.com/bot.html)"
66.249.65.80 - - [06/Oct/2015:22:25:34 +0200] "GET /js/plugins.js HTTP/1.1" 200 898 "-" "Mozilla/5.0 (compatible; Googlebot/2.1; +http://www.google.com/bot.html)"
66.249.65.83 - - [06/Oct/2015:22:25:34 +0200] "GET /js/libs/modernizr-2.5.3.min.js HTTP/1.1" 200 15274 "-" "Mozilla/5.0 (compatible; Googlebot/2.1; +http://www.google.com/bot.html)"
66.249.65.83 - - [06/Oct/2015:22:25:35 +0200] "GET /css/style.css HTTP/1.1" 200 1159 "-" "Mozilla/5.0 (compatible; Googlebot/2.1; +http://www.google.com/bot.html)"
66.249.65.80 - - [07/Oct/2015:01:07:26 +0200] "GET / HTTP/1.1" 200 3632 "-" "Mozilla/5.0 (compatible; Googlebot/2.1; +http://www.google.com/bot.html)"
80.148.18.172 - - [07/Oct/2015:01:12:39 +0200] "GET / HTTP/1.1" 200 3632 "-" "Mozilla/4.0 (compatible; MSIE 8.0; Windows NT 5.1; Trident/4.0; .NET CLR 2.0.50727; .NET CLR 3.0.04506.648; .NET CLR 3.5.21022; .NET4.0C; .NET4.0E; .NET CLR 3.0.4506.2152; .NET CLR 3.5.30729)"
66.249.65.83 - - [07/Oct/2015:04:51:14 +0200] "GET / HTTP/1.1" 200 3632 "-" "Mozilla/5.0 (compatible; Googlebot/2.1; +http://www.google.com/bot.html)"
68.180.228.163 - - [07/Oct/2015:06:20:36 +0200] "GET /robots.txt HTTP/1.1" 404 1256 "-" "Mozilla/5.0 (compatible; Yahoo! Slurp; http://help.yahoo.com/help/us/ysearch/slurp)"
68.180.228.163 - - [07/Oct/2015:06:20:37 +0200] "GET /impressum.html HTTP/1.1" 200 4742 "-" "Mozilla/5.0 (compatible; Yahoo! Slurp; http://help.yahoo.com/help/us/ysearch/slurp)"
66.249.65.83 - - [07/Oct/2015:06:26:18 +0200] "GET /impressum.html HTTP/1.1" 200 4742 "-" "Mozilla/5.0 (compatible; Googlebot/2.1; +http://www.google.com/bot.html)"
54.90.80.52 - - [07/Oct/2015:09:58:23 +0200] "GET /robots.txt HTTP/1.0" 404 1256 "-" "InsideView/Nutch-1.5.1"
54.90.80.52 - - [07/Oct/2015:09:58:23 +0200] "GET / HTTP/1.0" 200 3632 "-" "InsideView/Nutch-1.5.1"
68.180.228.163 - - [07/Oct/2015:14:53:43 +0200] "GET /index.html HTTP/1.1" 200 3632 "-" "Mozilla/5.0 (compatible; Yahoo! Slurp; http://help.yahoo.com/help/us/ysearch/slurp)"
107.20.121.6 - - [07/Oct/2015:19:36:27 +0200] "GET /robots.txt HTTP/1.0" 404 1256 "-" "InsideView/Nutch-1.5.1"
107.20.121.6 - - [07/Oct/2015:19:36:28 +0200] "GET /js/plugins.js HTTP/1.0" 200 898 "-" "InsideView/Nutch-1.5.1"
46.4.123.172 - - [07/Oct/2015:20:46:14 +0200] "GET /robots.txt HTTP/1.0" 404 1256 "-" "Mozilla/5.0 (compatible; MJ12bot/v1.4.5; http://www.majestic12.co.uk/bot.php?+)"
46.4.123.172 - - [07/Oct/2015:20:46:16 +0200] "GET /index.html HTTP/1.0" 200 3632 "-" "Mozilla/5.0 (compatible; MJ12bot/v1.4.5; http://www.majestic12.co.uk/bot.php?+)"
107.20.121.6 - - [07/Oct/2015:21:31:29 +0200] "GET /kontakt.html HTTP/1.0" 200 4348 "-" "InsideView/Nutch-1.5.1"
107.20.121.6 - - [07/Oct/2015:21:48:55 +0200] "GET /js/libs/modernizr-2.5.3.min.js HTTP/1.0" 200 15274 "-" "InsideView/Nutch-1.5.1"
208.115.111.75 - - [08/Oct/2015:07:09:29 +0200] "GET /robots.txt HTTP/1.1" 404 1256 "-" "Mozilla/5.0 (compatible; DotBot/1.1; http://www.opensiteexplorer.org/dotbot, help@moz.com)"
208.115.111.75 - - [08/Oct/2015:08:15:58 +0200] "GET /index.html HTTP/1.1" 200 3632 "-" "Mozilla/5.0 (compatible; DotBot/1.1; http://www.opensiteexplorer.org/dotbot, help@moz.com)"
68.180.228.163 - - [08/Oct/2015:08:28:10 +0200] "GET /robots.txt HTTP/1.1" 404 1256 "-" "Mozilla/5.0 (compatible; Yahoo! Slurp; http://help.yahoo.com/help/us/ysearch/slurp)"
68.180.228.163 - - [08/Oct/2015:08:28:11 +0200] "GET /kontakt.html HTTP/1.1" 200 4348 "-" "Mozilla/5.0 (compatible; Yahoo! Slurp; http://help.yahoo.com/help/us/ysearch/slurp)"
66.249.78.249 - - [08/Oct/2015:12:30:13 +0200] "GET /robots.txt HTTP/1.1" 404 1256 "-" "Mozilla/5.0 (compatible; Googlebot/2.1; +http://www.google.com/bot.html)"
66.249.78.249 - - [08/Oct/2015:12:30:13 +0200] "GET / HTTP/1.1" 200 3632 "-" "Mozilla/5.0 (iPhone; CPU iPhone OS 8_3 like Mac OS X) AppleWebKit/600.1.4 (KHTML, like Gecko) Version/8.0 Mobile/12F70 Safari/600.1.4 (compatible; Googlebot/2.1; +http://www.google.com/bot.html)"
193.164.216.238 - - [09/Oct/2015:02:27:23 +0200] "GET /robots.txt HTTP/1.0" 404 1256 "-" "Mozilla/5.0 (compatible; MJ12bot/v1.4.5; http://www.majestic12.co.uk/bot.php?+)"
193.164.216.238 - - [09/Oct/2015:02:27:24 +0200] "GET /impressum.html HTTP/1.1" 200 4742 "-" "Mozilla/5.0 (compatible; MJ12bot/v1.4.5; http://www.majestic12.co.uk/bot.php?+)"
193.164.216.238 - - [09/Oct/2015:02:27:26 +0200] "GET /kontakt.html HTTP/1.1" 200 4348 "-" "Mozilla/5.0 (compatible; MJ12bot/v1.4.5; http://www.majestic12.co.uk/bot.php?+)"
167.114.172.224 - - [09/Oct/2015:03:30:37 +0200] "GET / HTTP/1.1" 200 3632 "-" "Mozilla/5.0 (compatible; Lipperhey-Kaus-Australis/5.0; +https://www.lipperhey.com/en/about/)"
167.114.172.224 - - [09/Oct/2015:03:30:41 +0200] "GET /robots.txt HTTP/1.1" 404 1256 "-" "Mozilla/5.0 (compatible; Lipperhey-Kaus-Australis/5.0; +https://www.lipperhey.com/en/about/)"
167.114.172.224 - - [09/Oct/2015:03:30:42 +0200] "GET / HTTP/1.1" 200 3632 "-" "Mozilla/5.0 (compatible; Lipperhey-Kaus-Australis/5.0; +https://www.lipperhey.com/en/about/)"
167.114.172.224 - - [09/Oct/2015:03:30:43 +0200] "GET /impressum.html HTTP/1.1" 200 4742 "-" "Mozilla/5.0 (compatible; Lipperhey-Kaus-Australis/5.0; +https://www.lipperhey.com/en/about/)"
167.114.172.224 - - [09/Oct/2015:03:30:44 +0200] "GET /kontakt.html HTTP/1.1" 200 4348 "-" "Mozilla/5.0 (compatible; Lipperhey-Kaus-Australis/5.0; +https://www.lipperhey.com/en/about/)"
167.114.172.224 - - [09/Oct/2015:03:30:45 +0200] "GET /index.html HTTP/1.1" 200 3632 "-" "Mozilla/5.0 (compatible; Lipperhey-Kaus-Australis/5.0; +https://www.lipperhey.com/en/about/)"
167.114.172.224 - - [09/Oct/2015:03:30:46 +0200] "GET / HTTP/1.1" 200 3632 "-" "Mozilla/5.0 (Linux; Android 4.0.4; Galaxy Nexus Build/IMM76B) AppleWebKit/535.19 (KHTML, like Gecko) Chrome/18.0.1025.133 Mobile Safari/535.19"
66.249.78.249 - - [09/Oct/2015:06:41:37 +0200] "GET /robots.txt HTTP/1.1" 404 1256 "-" "Mozilla/5.0 (compatible; Googlebot/2.1; +http://www.google.com/bot.html)"
66.249.78.10 - - [09/Oct/2015:06:41:37 +0200] "GET / HTTP/1.1" 200 3632 "-" "Mozilla/5.0 (iPhone; CPU iPhone OS 8_3 like Mac OS X) AppleWebKit/600.1.4 (KHTML, like Gecko) Version/8.0 Mobile/12F70 Safari/600.1.4 (compatible; Googlebot/2.1; +http://www.google.com/bot.html)"
176.9.25.72 - - [09/Oct/2015:07:11:58 +0200] "GET / HTTP/1.1" 200 3632 "www.bing.com" "Mozilla/5.0 (Windows NT 6.1; WOW64; Trident/7.0; MALC; rv:11.0) like Gecko"
176.9.25.72 - - [09/Oct/2015:07:11:59 +0200] "GET /impressum.html HTTP/1.1" 200 4742 "-" "Mozilla/5.0 (Windows NT 6.1; WOW64; Trident/7.0; MALC; rv:11.0) like Gecko"
176.9.25.72 - - [09/Oct/2015:07:12:00 +0200] "GET /kontakt.html HTTP/1.1" 200 4348 "-" "Mozilla/5.0 (Windows NT 6.1; WOW64; Trident/7.0; MALC; rv:11.0) like Gecko"
104.236.124.114 - - [09/Oct/2015:15:38:35 +0200] "GET / HTTP/1.0" 200 3632 "-" "Mozilla/5.0 (compatible; NetcraftSurveyAgent/1.0; +info@netcraft.com)"
208.115.113.91 - - [09/Oct/2015:17:37:34 +0200] "GET /robots.txt HTTP/1.1" 404 1256 "-" "Mozilla/5.0 (compatible; DotBot/1.1; http://www.opensiteexplorer.org/dotbot, help@moz.com)"
208.115.113.91 - - [09/Oct/2015:18:13:14 +0200] "GET /impressum.html HTTP/1.1" 200 4742 "-" "Mozilla/5.0 (compatible; DotBot/1.1; http://www.opensiteexplorer.org/dotbot, help@moz.com)"
195.154.200.93 - - [10/Oct/2015:00:15:09 +0200] "GET /robots.txt HTTP/1.0" 404 1256 "-" "Mozilla/5.0 (compatible; MJ12bot/v1.4.5; http://www.majestic12.co.uk/bot.php?+)"
195.154.200.93 - - [10/Oct/2015:00:15:36 +0200] "GET /index.html HTTP/1.0" 200 3632 "-" "Mozilla/5.0 (compatible; MJ12bot/v1.4.5; http://www.majestic12.co.uk/bot.php?+)"
91.65.169.237 - - [10/Oct/2015:01:30:40 +0200] "GET / HTTP/1.1" 200 3632 "-" "Mozilla/5.0 (X11; Linux x86_64) AppleWebKit/537.36 (KHTML, like Gecko) Chrome/43.0.2357.134 Safari/537.36"
66.249.78.249 - - [10/Oct/2015:09:02:19 +0200] "GET /robots.txt HTTP/1.1" 404 1256 "-" "Mozilla/5.0 (compatible; Googlebot/2.1; +http://www.google.com/bot.html)"
66.249.78.10 - - [10/Oct/2015:09:02:19 +0200] "GET / HTTP/1.1" 200 3632 "-" "Mozilla/5.0 (compatible; Googlebot/2.1; +http://www.google.com/bot.html)"
82.208.160.180 - - [10/Oct/2015:16:52:19 +0200] "GET / HTTP/1.1" 200 3632 "-" "Mozilla/5.0 (Windows; U; Windows NT 5.0; en-US; rv:1.4b) Gecko/20030516 Mozilla Firebird/0.6"
82.208.160.180 - - [10/Oct/2015:16:52:19 +0200] "GET /robots.txt HTTP/1.1" 404 1256 "-" "Mozilla/5.0 (Windows; U; Windows NT 5.0; en-US; rv:1.4b) Gecko/20030516 Mozilla Firebird/0.6"
82.208.160.180 - - [10/Oct/2015:16:52:19 +0200] "GET /impressum.html HTTP/1.1" 200 4742 "-" "Mozilla/5.0 (Windows; U; Windows NT 5.0; en-US; rv:1.4b) Gecko/20030516 Mozilla Firebird/0.6"
82.208.160.180 - - [10/Oct/2015:16:52:35 +0200] "GET /kontakt.html HTTP/1.1" 200 4348 "-" "Mozilla/5.0 (Windows; U; Windows NT 5.0; en-US; rv:1.4b) Gecko/20030516 Mozilla Firebird/0.6"
144.76.185.173 - - [10/Oct/2015:16:55:46 +0200] "GET /kontakt.html HTTP/1.1" 200 4348 "-" "Mozilla/5.0 (Windows NT 5.1; rv:11.0) Gecko Firefox/11.0"
144.76.185.173 - - [10/Oct/2015:16:55:46 +0200] "GET / HTTP/1.1" 200 3632 "-" "Mozilla/5.0 (Windows NT 5.1; rv:21.0) Gecko/20100101 Firefox/21.0"
144.76.185.173 - - [10/Oct/2015:16:55:46 +0200] "GET /impressum.html HTTP/1.1" 200 4742 "-" "Mozilla/5.0 (Macintosh; Intel Mac OS X 10_6_8) AppleWebKit/535.19 (KHTML, like Gecko) Chrome/18.0.1025.166 Safari/535.19"
188.165.15.203 - - [10/Oct/2015:22:21:42 +0200] "GET /kontakt.html HTTP/1.1" 200 4348 "-" "Mozilla/5.0 (compatible; AhrefsBot/5.0; +http://ahrefs.com/robot/)"
62.210.172.115 - - [11/Oct/2015:03:01:10 +0200] "GET /robots.txt HTTP/1.0" 404 1256 "-" "Mozilla/5.0 (compatible; MJ12bot/v1.4.5; http://www.majestic12.co.uk/bot.php?+)"
62.210.172.115 - - [11/Oct/2015:03:01:17 +0200] "GET /impressum.html HTTP/1.1" 200 4742 "-" "Mozilla/5.0 (compatible; MJ12bot/v1.4.5; http://www.majestic12.co.uk/bot.php?+)"
62.210.172.115 - - [11/Oct/2015:03:01:18 +0200] "GET /kontakt.html HTTP/1.1" 200 4348 "-" "Mozilla/5.0 (compatible; MJ12bot/v1.4.5; http://www.majestic12.co.uk/bot.php?+)"
188.165.15.203 - - [11/Oct/2015:10:49:36 +0200] "GET /index.html HTTP/1.1" 200 3632 "-" "Mozilla/5.0 (compatible; AhrefsBot/5.0; +http://ahrefs.com/robot/)"
62.210.246.137 - - [11/Oct/2015:20:25:36 +0200] "GET /robots.txt HTTP/1.0" 404 1256 "-" "Mozilla/5.0 (compatible; MJ12bot/v1.4.5; http://www.majestic12.co.uk/bot.php?+)"
62.210.246.137 - - [11/Oct/2015:20:25:38 +0200] "GET / HTTP/1.1" 200 3632 "-" "Mozilla/5.0 (compatible; MJ12bot/v1.4.5; http://www.majestic12.co.uk/bot.php?+)"
66.249.78.3 - - [11/Oct/2015:21:26:14 +0200] "GET /robots.txt HTTP/1.1" 404 1256 "-" "Mozilla/5.0 (compatible; Googlebot/2.1; +http://www.google.com/bot.html)"
66.249.78.10 - - [11/Oct/2015:21:26:14 +0200] "GET / HTTP/1.1" 200 3632 "-" "Mozilla/5.0 (compatible; Googlebot/2.1; +http://www.google.com/bot.html)"
66.249.67.38 - - [11/Oct/2015:21:26:25 +0200] "GET /css/style.css HTTP/1.1" 200 1159 "-" "Mozilla/5.0 (compatible; Googlebot/2.1; +http://www.google.com/bot.html)"
178.63.13.15 - - [11/Oct/2015:21:47:33 +0200] "GET /robots.txt HTTP/1.0" 404 1256 "-" "Mozilla/5.0 (compatible; MJ12bot/v1.4.5; http://www.majestic12.co.uk/bot.php?+)"
178.63.13.15 - - [11/Oct/2015:21:47:35 +0200] "GET /index.html HTTP/1.0" 200 3632 "-" "Mozilla/5.0 (compatible; MJ12bot/v1.4.5; http://www.majestic12.co.uk/bot.php?+)"
94.22.47.242 - - [12/Oct/2015:19:36:43 +0200] "GET /robots.txt HTTP/1.0" 404 1256 "-" "Mozilla/5.0 (compatible; MJ12bot/v1.4.5; http://www.majestic12.co.uk/bot.php?+)"
94.22.47.242 - - [12/Oct/2015:19:36:45 +0200] "GET / HTTP/1.0" 200 3632 "-" "Mozilla/5.0 (compatible; MJ12bot/v1.4.5; http://www.majestic12.co.uk/bot.php?+)"
208.115.111.75 - - [13/Oct/2015:01:20:34 +0200] "GET /robots.txt HTTP/1.1" 404 1256 "-" "Mozilla/5.0 (compatible; DotBot/1.1; http://www.opensiteexplorer.org/dotbot, help@moz.com)"
208.115.111.75 - - [13/Oct/2015:02:03:15 +0200] "GET /kontakt.html HTTP/1.1" 200 4348 "-" "Mozilla/5.0 (compatible; DotBot/1.1; http://www.opensiteexplorer.org/dotbot, help@moz.com)"
46.4.120.3 - - [13/Oct/2015:03:11:47 +0200] "GET /robots.txt HTTP/1.0" 404 1256 "-" "Mozilla/5.0 (compatible; MJ12bot/v1.4.5; http://www.majestic12.co.uk/bot.php?+)"
46.4.120.3 - - [13/Oct/2015:03:11:49 +0200] "GET /impressum.html HTTP/1.0" 200 4742 "-" "Mozilla/5.0 (compatible; MJ12bot/v1.4.5; http://www.majestic12.co.uk/bot.php?+)"
46.4.120.3 - - [13/Oct/2015:03:11:52 +0200] "GET /kontakt.html HTTP/1.0" 200 4348 "-" "Mozilla/5.0 (compatible; MJ12bot/v1.4.5; http://www.majestic12.co.uk/bot.php?+)"
85.14.248.165 - - [13/Oct/2015:06:29:50 +0200] "GET /captcha/captcha.php HTTP/1.1" 200 4332 "-" "Mozilla/5.0 (compatible; seoscanners.net/1; +spider@seoscanners.net)"
54.198.139.97 - - [13/Oct/2015:09:43:29 +0200] "GET /robots.txt HTTP/1.0" 404 1256 "-" "InsideView/Nutch-1.5.1"
54.198.139.97 - - [13/Oct/2015:09:43:29 +0200] "GET / HTTP/1.0" 200 3632 "-" "InsideView/Nutch-1.5.1"
66.249.67.38 - - [13/Oct/2015:10:19:07 +0200] "GET /robots.txt HTTP/1.1" 404 1256 "-" "Mozilla/5.0 (compatible; Googlebot/2.1; +http://www.google.com/bot.html)"
66.249.78.3 - - [13/Oct/2015:10:19:07 +0200] "GET / HTTP/1.1" 200 3632 "-" "Mozilla/5.0 (iPhone; CPU iPhone OS 8_3 like Mac OS X) AppleWebKit/600.1.4 (KHTML, like Gecko) Version/8.0 Mobile/12F70 Safari/600.1.4 (compatible; Googlebot/2.1; +http://www.google.com/bot.html)"
54.172.144.148 - - [13/Oct/2015:13:54:54 +0200] "GET / HTTP/1.1" 200 3632 "-" "Mozilla/5.0 (compatible& Googlebot/2.1& +http://www.google.com/bot.html)"
54.172.144.148 - - [13/Oct/2015:13:54:54 +0200] "GET / HTTP/1.1" 200 3632 "-" "Mozilla/5.0 (Linux; U; Android 4.0.3; ko-kr; LG-L160L Build/IML74K) AppleWebkit/534.30 (KHTML, like Gecko) Version/4.0 Mobile Safari/534.30"
178.63.49.74 - - [13/Oct/2015:15:10:41 +0200] "GET / HTTP/1.1" 200 3632 "-" "Mozilla/5.0 (Windows; U; Windows NT 5.1; de; rv:1.8.1.3) Gecko/20070309 Firefox/2.0.0.3"
178.63.49.74 - - [13/Oct/2015:15:10:41 +0200] "GET /robots.txt HTTP/1.1" 404 1256 "-" "libwww-perl/6.05"
178.63.49.74 - - [13/Oct/2015:15:10:41 +0200] "GET / HTTP/1.1" 200 3632 "-" "Mozilla/5.0 (Windows; U; Windows NT 5.1; de; rv:1.8.1.3) Gecko/20070309 Firefox/2.0.0.3"
178.63.49.74 - - [13/Oct/2015:15:10:41 +0200] "GET /impressum.html HTTP/1.1" 200 4742 "http://www.just-malerei.de/" "Mozilla/5.0 (Windows; U; Windows NT 5.1; de; rv:1.8.1.3) Gecko/20070309 Firefox/2.0.0.3"
178.63.49.74 - - [13/Oct/2015:15:10:41 +0200] "GET /index.html HTTP/1.1" 200 3632 "http://www.just-malerei.de/impressum.html" "Mozilla/5.0 (Windows; U; Windows NT 5.1; de; rv:1.8.1.3) Gecko/20070309 Firefox/2.0.0.3"
178.63.49.74 - - [13/Oct/2015:15:10:41 +0200] "GET /kontakt.html HTTP/1.1" 200 4348 "http://www.just-malerei.de/index.html" "Mozilla/5.0 (Windows; U; Windows NT 5.1; de; rv:1.8.1.3) Gecko/20070309 Firefox/2.0.0.3"
54.166.241.213 - - [13/Oct/2015:19:31:15 +0200] "GET /robots.txt HTTP/1.0" 404 1256 "-" "InsideView/Nutch-1.5.1"
54.166.241.213 - - [13/Oct/2015:19:31:15 +0200] "GET /js/plugins.js HTTP/1.0" 200 898 "-" "InsideView/Nutch-1.5.1"
54.166.241.213 - - [13/Oct/2015:21:24:21 +0200] "GET /kontakt.html HTTP/1.0" 200 4348 "-" "InsideView/Nutch-1.5.1"
54.166.241.213 - - [13/Oct/2015:21:38:12 +0200] "GET /js/libs/modernizr-2.5.3.min.js HTTP/1.0" 200 15274 "-" "InsideView/Nutch-1.5.1"
188.165.15.5 - - [14/Oct/2015:00:25:13 +0200] "GET /robots.txt HTTP/1.1" 404 1256 "-" "Mozilla/5.0 (compatible; AhrefsBot/5.0; +http://ahrefs.com/robot/)"
66.249.69.7 - - [14/Oct/2015:09:54:16 +0200] "GET /robots.txt HTTP/1.1" 404 1256 "-" "Mozilla/5.0 (compatible; Googlebot/2.1; +http://www.google.com/bot.html)"
66.249.69.127 - - [14/Oct/2015:09:54:17 +0200] "GET /impressum.html HTTP/1.1" 200 4742 "-" "Mozilla/5.0 (iPhone; CPU iPhone OS 8_3 like Mac OS X) AppleWebKit/600.1.4 (KHTML, like Gecko) Version/8.0 Mobile/12F70 Safari/600.1.4 (compatible; Googlebot/2.1; +http://www.google.com/bot.html)"
66.249.79.13 - - [14/Oct/2015:15:51:50 +0200] "GET /robots.txt HTTP/1.1" 404 1256 "-" "Mozilla/5.0 (compatible; Googlebot/2.1; +http://www.google.com/bot.html)"
66.249.79.10 - - [14/Oct/2015:15:51:50 +0200] "GET / HTTP/1.1" 200 3632 "-" "Mozilla/5.0 (iPhone; CPU iPhone OS 8_3 like Mac OS X) AppleWebKit/600.1.4 (KHTML, like Gecko) Version/8.0 Mobile/12F70 Safari/600.1.4 (compatible; Googlebot/2.1; +http://www.google.com/bot.html)"
66.249.79.10 - - [14/Oct/2015:15:56:22 +0200] "GET /js/libs/modernizr-2.5.3.min.js HTTP/1.1" 200 15274 "-" "Mozilla/5.0 (compatible; Googlebot/2.1; +http://www.google.com/bot.html)"
66.249.79.10 - - [14/Oct/2015:15:56:22 +0200] "GET /js/plugins.js HTTP/1.1" 200 898 "-" "Mozilla/5.0 (compatible; Googlebot/2.1; +http://www.google.com/bot.html)"
52.29.60.5 - - [14/Oct/2015:17:56:33 +0200] "GET /robots.txt HTTP/1.1" 404 1256 "-" "Mozilla/5.0 (compatible; Cliqzbot/1.0 +http://cliqz.com/company/cliqzbot)"
52.29.60.5 - - [14/Oct/2015:17:56:33 +0200] "GET / HTTP/1.1" 200 3632 "-" "Mozilla/5.0 (compatible; Cliqzbot/1.0 +http://cliqz.com/company/cliqzbot)"
82.208.160.180 - - [14/Oct/2015:18:26:20 +0200] "GET / HTTP/1.1" 200 3632 "-" "Mozilla/5.0 (X11; Ubuntu; Linux x86_64; rv:41.0) Gecko/20100101 Firefox/41.0"
82.208.160.180 - - [14/Oct/2015:18:26:21 +0200] "GET /js/libs/modernizr-2.5.3.min.js HTTP/1.1" 200 15274 "http://www.just-malerei.de/" "Mozilla/5.0 (X11; Ubuntu; Linux x86_64; rv:41.0) Gecko/20100101 Firefox/41.0"
82.208.160.180 - - [14/Oct/2015:18:26:21 +0200] "GET /css/style.css HTTP/1.1" 200 1159 "http://www.just-malerei.de/" "Mozilla/5.0 (X11; Ubuntu; Linux x86_64; rv:41.0) Gecko/20100101 Firefox/41.0"
82.208.160.180 - - [14/Oct/2015:18:26:21 +0200] "GET /js/plugins.js HTTP/1.1" 200 898 "http://www.just-malerei.de/" "Mozilla/5.0 (X11; Ubuntu; Linux x86_64; rv:41.0) Gecko/20100101 Firefox/41.0"
82.208.160.180 - - [14/Oct/2015:18:26:21 +0200] "GET /images/middle.png HTTP/1.1" 200 9561 "http://www.just-malerei.de/css/style.css" "Mozilla/5.0 (X11; Ubuntu; Linux x86_64; rv:41.0) Gecko/20100101 Firefox/41.0"
82.208.160.180 - - [14/Oct/2015:18:26:21 +0200] "GET /images/header.png HTTP/1.1" 200 139455 "http://www.just-malerei.de/css/style.css" "Mozilla/5.0 (X11; Ubuntu; Linux x86_64; rv:41.0) Gecko/20100101 Firefox/41.0"
82.208.160.180 - - [14/Oct/2015:18:26:21 +0200] "GET /images/footer.png HTTP/1.1" 200 148251 "http://www.just-malerei.de/css/style.css" "Mozilla/5.0 (X11; Ubuntu; Linux x86_64; rv:41.0) Gecko/20100101 Firefox/41.0"
82.208.160.180 - - [14/Oct/2015:18:26:22 +0200] "GET /favicon.ico HTTP/1.1" 200 93062 "-" "Mozilla/5.0 (X11; Ubuntu; Linux x86_64; rv:41.0) Gecko/20100101 Firefox/41.0"
66.249.79.16 - - [15/Oct/2015:00:32:26 +0200] "GET / HTTP/1.1" 200 3632 "-" "Mozilla/5.0 (compatible; Googlebot/2.1; +http://www.google.com/bot.html)"
66.249.79.13 - - [15/Oct/2015:00:32:46 +0200] "GET /css/style.css HTTP/1.1" 200 1159 "-" "Mozilla/5.0 (compatible; Googlebot/2.1; +http://www.google.com/bot.html)"
51.254.130.62 - - [15/Oct/2015:07:11:42 +0200] "GET /robots.txt HTTP/1.0" 404 1256 "-" "Mozilla/5.0 (compatible; MJ12bot/v1.4.5; http://www.majestic12.co.uk/bot.php?+)"
51.254.130.62 - - [15/Oct/2015:07:11:43 +0200] "GET /impressum.html HTTP/1.0" 200 4742 "-" "Mozilla/5.0 (compatible; MJ12bot/v1.4.5; http://www.majestic12.co.uk/bot.php?+)"
51.254.130.62 - - [15/Oct/2015:07:11:45 +0200] "GET /kontakt.html HTTP/1.0" 200 4348 "-" "Mozilla/5.0 (compatible; MJ12bot/v1.4.5; http://www.majestic12.co.uk/bot.php?+)"
66.249.78.10 - - [15/Oct/2015:20:29:00 +0200] "GET /robots.txt HTTP/1.1" 404 1256 "-" "Mozilla/5.0 (compatible; Googlebot/2.1; +http://www.google.com/bot.html)"
66.249.78.10 - - [15/Oct/2015:20:29:00 +0200] "GET / HTTP/1.1" 200 3632 "-" "Mozilla/5.0 (compatible; Googlebot/2.1; +http://www.google.com/bot.html)"
66.249.78.3 - - [16/Oct/2015:04:52:18 +0200] "GET / HTTP/1.1" 200 3632 "-" "Mozilla/5.0 (compatible; Googlebot/2.1; +http://www.google.com/bot.html)"
66.249.78.249 - - [16/Oct/2015:09:27:23 +0200] "GET /robots.txt HTTP/1.1" 404 1256 "-" "Mozilla/5.0 (compatible; Googlebot/2.1; +http://www.google.com/bot.html)"
66.249.78.10 - - [16/Oct/2015:09:27:23 +0200] "GET / HTTP/1.1" 200 3632 "-" "Mozilla/5.0 (compatible; Googlebot/2.1; +http://www.google.com/bot.html)"
66.249.78.3 - - [16/Oct/2015:12:42:02 +0200] "GET / HTTP/1.1" 200 3632 "-" "Mozilla/5.0 (compatible; Googlebot/2.1; +http://www.google.com/bot.html)"
207.46.13.151 - - [17/Oct/2015:04:22:15 +0200] "GET /robots.txt HTTP/1.1" 404 1256 "-" "Mozilla/5.0 (compatible; bingbot/2.0; +http://www.bing.com/bingbot.htm)"
207.46.13.151 - - [17/Oct/2015:04:22:28 +0200] "GET /css/style.css HTTP/1.1" 200 1159 "-" "Mozilla/5.0 (compatible; bingbot/2.0; +http://www.bing.com/bingbot.htm)"
207.46.13.151 - - [17/Oct/2015:04:23:22 +0200] "GET /js/plugins.js HTTP/1.1" 200 898 "-" "Mozilla/5.0 (compatible; bingbot/2.0; +http://www.bing.com/bingbot.htm)"
207.46.13.151 - - [17/Oct/2015:04:23:22 +0200] "GET /js/libs/modernizr-2.5.3.min.js HTTP/1.1" 200 15274 "-" "Mozilla/5.0 (compatible; bingbot/2.0; +http://www.bing.com/bingbot.htm)"
157.55.39.99 - - [17/Oct/2015:04:23:33 +0200] "GET /captcha/captcha.php HTTP/1.1" 200 4582 "-" "Mozilla/5.0 (compatible; bingbot/2.0; +http://www.bing.com/bingbot.htm)"
93.186.202.239 - - [18/Oct/2015:10:19:57 +0200] "GET /impressum.html HTTP/1.1" 200 4742 "-" "Mozilla/5.0 (Windows NT 6.1; rv:21.0) Gecko/20130401 Firefox/21.0"
93.186.202.239 - - [18/Oct/2015:10:19:57 +0200] "GET / HTTP/1.1" 200 3632 "-" "Mozilla/5.0 (Windows NT 6.1; rv:21.0) Gecko/20130328 Firefox/21.0"
93.186.202.239 - - [18/Oct/2015:10:19:57 +0200] "GET /kontakt.html HTTP/1.1" 200 4348 "-" "Mozilla/5.0 (Windows NT 6.1; WOW64) AppleWebKit/537.36 (KHTML, like Gecko) Chrome/43.0.2357.134 Safari/537.36"
69.197.169.202 - - [18/Oct/2015:10:35:03 +0200] "GET /wp-login.php HTTP/1.1" 404 1256 "-" "Mozilla/5.0 (compatible; MSIE 9.0; Windows NT 6.1; Trident/5.0)"
176.36.52.108 - - [19/Oct/2015:01:01:55 +0200] "GET /kontakt.html HTTP/1.1" 200 4348 "http://www.just-malerei.de/" "Opera/9.80 (Windows NT 6.2; Win64; x64) Presto/2.12.388 Version/12.16"
148.251.124.42 - - [19/Oct/2015:02:42:02 +0200] "GET /impressum.html HTTP/1.1" 200 4742 "-" "Mozilla/5.0 (compatible; MSIE 10.0; Windows NT 6.1; WOW64; Trident/6.0)"
144.76.201.69 - - [19/Oct/2015:02:42:02 +0200] "GET / HTTP/1.1" 200 3632 "-" "Mozilla/5.0 (Windows NT 5.0; rv:21.0) Gecko/20100101 Firefox/21.0"
158.69.200.185 - - [19/Oct/2015:08:44:02 +0200] "GET /robots.txt HTTP/1.0" 404 1256 "-" "Mozilla/5.0 (compatible; MJ12bot/v1.4.5; http://www.majestic12.co.uk/bot.php?+)"
158.69.200.185 - - [19/Oct/2015:08:44:04 +0200] "GET /impressum.html HTTP/1.0" 200 4742 "-" "Mozilla/5.0 (compatible; MJ12bot/v1.4.5; http://www.majestic12.co.uk/bot.php?+)"
158.69.200.185 - - [19/Oct/2015:08:44:07 +0200] "GET /kontakt.html HTTP/1.0" 200 4348 "-" "Mozilla/5.0 (compatible; MJ12bot/v1.4.5; http://www.majestic12.co.uk/bot.php?+)"
37.115.152.98 - - [20/Oct/2015:01:36:06 +0200] "GET /impressum.html HTTP/1.1" 200 4742 "http://www.just-malerei.de/" "Opera/9.80 (Windows NT 6.2; Win64; x64) Presto/2.12.388 Version/12.16"
188.165.15.188 - - [20/Oct/2015:02:42:22 +0200] "GET /robots.txt HTTP/1.1" 404 1256 "-" "Mozilla/5.0 (compatible; AhrefsBot/5.0; +http://ahrefs.com/robot/)"
66.249.78.10 - - [20/Oct/2015:09:00:49 +0200] "GET /robots.txt HTTP/1.1" 404 1256 "-" "Mozilla/5.0 (compatible; Googlebot/2.1; +http://www.google.com/bot.html)"
66.249.67.31 - - [20/Oct/2015:09:00:49 +0200] "GET / HTTP/1.1" 200 3632 "-" "Mozilla/5.0 (iPhone; CPU iPhone OS 8_3 like Mac OS X) AppleWebKit/600.1.4 (KHTML, like Gecko) Version/8.0 Mobile/12F70 Safari/600.1.4 (compatible; Googlebot/2.1; +http://www.google.com/bot.html)"
66.249.67.38 - - [20/Oct/2015:09:04:39 +0200] "GET /css/style.css HTTP/1.1" 200 1159 "-" "Mozilla/5.0 (compatible; Googlebot/2.1; +http://www.google.com/bot.html)"
66.249.67.158 - - [21/Oct/2015:07:04:05 +0200] "GET /robots.txt HTTP/1.1" 404 1256 "-" "Mozilla/5.0 (compatible; Googlebot/2.1; +http://www.google.com/bot.html)"
66.249.67.167 - - [21/Oct/2015:07:04:05 +0200] "GET / HTTP/1.1" 200 3632 "-" "Mozilla/5.0 (iPhone; CPU iPhone OS 8_3 like Mac OS X) AppleWebKit/600.1.4 (KHTML, like Gecko) Version/8.0 Mobile/12F70 Safari/600.1.4 (compatible; Googlebot/2.1; +http://www.google.com/bot.html)"
64.246.178.34 - - [21/Oct/2015:16:03:08 +0200] "GET /robots.txt HTTP/1.0" 404 1256 "-" "Mozilla/5.0 (Windows; U; Windows NT 5.1; en; rv:1.9.0.13) Gecko/2009073022 Firefox/3.5.2 (.NET CLR 3.5.30729) SurveyBot/2.3 (DomainTools)"
64.246.178.34 - - [21/Oct/2015:16:03:09 +0200] "GET / HTTP/1.1" 200 3632 "http://whois.domaintools.com/just-malerei.de" "Mozilla/5.0 (Windows; U; Windows NT 5.1; en; rv:1.9.0.13) Gecko/2009073022 Firefox/3.5.2 (.NET CLR 3.5.30729) SurveyBot/2.3 (DomainTools)"
62.210.152.87 - - [21/Oct/2015:16:45:12 +0200] "GET /robots.txt HTTP/1.0" 404 1256 "-" "Mozilla/5.0 (compatible; MJ12bot/v1.4.5; http://www.majestic12.co.uk/bot.php?+)"
62.210.152.87 - - [21/Oct/2015:16:45:13 +0200] "GET /impressum.html HTTP/1.0" 200 4742 "-" "Mozilla/5.0 (compatible; MJ12bot/v1.4.5; http://www.majestic12.co.uk/bot.php?+)"
62.210.152.87 - - [21/Oct/2015:16:45:14 +0200] "GET /kontakt.html HTTP/1.0" 200 4348 "-" "Mozilla/5.0 (compatible; MJ12bot/v1.4.5; http://www.majestic12.co.uk/bot.php?+)"
66.249.64.221 - - [22/Oct/2015:07:37:17 +0200] "GET /robots.txt HTTP/1.1" 404 1256 "-" "Mozilla/5.0 (compatible; Googlebot/2.1; +http://www.google.com/bot.html)"
66.249.64.231 - - [22/Oct/2015:07:37:18 +0200] "GET / HTTP/1.1" 200 3632 "-" "Mozilla/5.0 (iPhone; CPU iPhone OS 8_3 like Mac OS X) AppleWebKit/600.1.4 (KHTML, like Gecko) Version/8.0 Mobile/12F70 Safari/600.1.4 (compatible; Googlebot/2.1; +http://www.google.com/bot.html)"
66.249.64.221 - - [22/Oct/2015:09:10:15 +0200] "GET / HTTP/1.1" 200 3632 "-" "Mozilla/5.0 (compatible; Googlebot/2.1; +http://www.google.com/bot.html)"
66.249.67.38 - - [22/Oct/2015:17:09:57 +0200] "GET /robots.txt HTTP/1.1" 404 1256 "-" "Mozilla/5.0 (compatible; Googlebot/2.1; +http://www.google.com/bot.html)"
66.249.67.38 - - [22/Oct/2015:17:09:57 +0200] "GET / HTTP/1.1" 200 3632 "-" "Mozilla/5.0 (compatible; Googlebot/2.1; +http://www.google.com/bot.html)"
66.249.67.31 - - [23/Oct/2015:01:31:47 +0200] "GET / HTTP/1.1" 200 3632 "-" "Mozilla/5.0 (compatible; Googlebot/2.1; +http://www.google.com/bot.html)"
213.61.218.52 - - [23/Oct/2015:02:40:38 +0200] "GET / HTTP/1.1" 200 3632 "-" "-"
213.61.218.52 - - [23/Oct/2015:02:40:38 +0200] "GET / HTTP/1.1" 200 3632 "http://www.google.de/" "finbot"
213.61.218.52 - - [23/Oct/2015:02:40:38 +0200] "GET / HTTP/1.1" 200 3632 "http://www.google.de/" "Mozilla/5.0 (Linux; U; Android 4.1.2; de-de; GT-I8190 Build/JZO54K) AppleWebKit/534.30 (KHTML, like Gecko) Version/4.0 Mobile Safari/534.30"
66.249.79.16 - - [23/Oct/2015:10:19:25 +0200] "GET /robots.txt HTTP/1.1" 404 1256 "-" "Mozilla/5.0 (compatible; Googlebot/2.1; +http://www.google.com/bot.html)"
66.249.79.16 - - [23/Oct/2015:10:19:25 +0200] "GET / HTTP/1.1" 200 3632 "-" "Mozilla/5.0 (compatible; Googlebot/2.1; +http://www.google.com/bot.html)"
66.249.79.16 - - [23/Oct/2015:10:21:50 +0200] "GET /css/style.css HTTP/1.1" 200 1159 "-" "Mozilla/5.0 (compatible; Googlebot/2.1; +http://www.google.com/bot.html)"
157.55.39.170 - - [23/Oct/2015:13:16:37 +0200] "GET /robots.txt HTTP/1.1" 404 1256 "-" "Mozilla/5.0 (compatible; bingbot/2.0; +http://www.bing.com/bingbot.htm)"
157.55.39.166 - - [23/Oct/2015:13:16:47 +0200] "GET /impressum.html HTTP/1.1" 304 - "-" "Mozilla/5.0 (compatible; bingbot/2.0; +http://www.bing.com/bingbot.htm)"
91.121.169.194 - - [23/Oct/2015:16:40:56 +0200] "GET /robots.txt HTTP/1.0" 404 1256 "-" "Mozilla/5.0 (compatible; MJ12bot/v1.4.5; http://www.majestic12.co.uk/bot.php?+)"
91.121.169.194 - - [23/Oct/2015:16:41:01 +0200] "GET /impressum.html HTTP/1.0" 200 4742 "-" "Mozilla/5.0 (compatible; MJ12bot/v1.4.5; http://www.majestic12.co.uk/bot.php?+)"
91.121.169.194 - - [23/Oct/2015:16:41:07 +0200] "GET /kontakt.html HTTP/1.0" 200 4348 "-" "Mozilla/5.0 (compatible; MJ12bot/v1.4.5; http://www.majestic12.co.uk/bot.php?+)"
66.249.78.3 - - [23/Oct/2015:23:34:11 +0200] "GET /robots.txt HTTP/1.1" 404 1256 "-" "Mozilla/5.0 (compatible; Googlebot/2.1; +http://www.google.com/bot.html)"
66.249.78.3 - - [23/Oct/2015:23:34:11 +0200] "GET / HTTP/1.1" 200 3632 "-" "Mozilla/5.0 (iPhone; CPU iPhone OS 8_3 like Mac OS X) AppleWebKit/600.1.4 (KHTML, like Gecko) Version/8.0 Mobile/12F70 Safari/600.1.4 (compatible; Googlebot/2.1; +http://www.google.com/bot.html)"
188.165.15.152 - - [24/Oct/2015:00:17:00 +0200] "GET /robots.txt HTTP/1.1" 404 1256 "-" "Mozilla/5.0 (compatible; AhrefsBot/5.0; +http://ahrefs.com/robot/)"
66.249.65.83 - - [24/Oct/2015:23:37:29 +0200] "GET /robots.txt HTTP/1.1" 404 1256 "-" "Mozilla/5.0 (compatible; Googlebot/2.1; +http://www.google.com/bot.html)"
66.249.65.77 - - [24/Oct/2015:23:37:30 +0200] "GET / HTTP/1.1" 200 3632 "-" "Mozilla/5.0 (iPhone; CPU iPhone OS 8_3 like Mac OS X) AppleWebKit/600.1.4 (KHTML, like Gecko) Version/8.0 Mobile/12F70 Safari/600.1.4 (compatible; Googlebot/2.1; +http://www.google.com/bot.html)"
62.210.246.137 - - [25/Oct/2015:21:25:45 +0100] "GET /robots.txt HTTP/1.0" 404 1256 "-" "Mozilla/5.0 (compatible; MJ12bot/v1.4.5; http://www.majestic12.co.uk/bot.php?+)"
62.210.246.137 - - [25/Oct/2015:21:25:46 +0100] "GET /impressum.html HTTP/1.1" 200 4742 "-" "Mozilla/5.0 (compatible; MJ12bot/v1.4.5; http://www.majestic12.co.uk/bot.php?+)"
62.210.246.137 - - [25/Oct/2015:21:25:48 +0100] "GET /kontakt.html HTTP/1.1" 200 4348 "-" "Mozilla/5.0 (compatible; MJ12bot/v1.4.5; http://www.majestic12.co.uk/bot.php?+)"
66.249.78.249 - - [25/Oct/2015:22:38:23 +0100] "GET /robots.txt HTTP/1.1" 404 1256 "-" "Mozilla/5.0 (compatible; Googlebot/2.1; +http://www.google.com/bot.html)"
66.249.78.249 - - [25/Oct/2015:22:38:23 +0100] "GET / HTTP/1.1" 200 3632 "-" "Mozilla/5.0 (iPhone; CPU iPhone OS 8_3 like Mac OS X) AppleWebKit/600.1.4 (KHTML, like Gecko) Version/8.0 Mobile/12F70 Safari/600.1.4 (compatible; Googlebot/2.1; +http://www.google.com/bot.html)"
82.207.175.52 - - [26/Oct/2015:05:42:03 +0100] "GET / HTTP/1.1" 200 3632 "-" "Googlebot/2.1 (+http://www.googlebot.com/bot.html)"
66.249.78.10 - - [26/Oct/2015:23:24:35 +0100] "GET /robots.txt HTTP/1.1" 404 1256 "-" "Mozilla/5.0 (compatible; Googlebot/2.1; +http://www.google.com/bot.html)"
66.249.78.249 - - [26/Oct/2015:23:24:36 +0100] "GET / HTTP/1.1" 200 3632 "-" "Mozilla/5.0 (iPhone; CPU iPhone OS 8_3 like Mac OS X) AppleWebKit/600.1.4 (KHTML, like Gecko) Version/8.0 Mobile/12F70 Safari/600.1.4 (compatible; Googlebot/2.1; +http://www.google.com/bot.html)"
66.249.64.226 - - [26/Oct/2015:23:36:34 +0100] "GET /css/style.css HTTP/1.1" 200 1159 "-" "Mozilla/5.0 (compatible; Googlebot/2.1; +http://www.google.com/bot.html)"
52.29.71.250 - - [27/Oct/2015:18:37:51 +0100] "GET /robots.txt HTTP/1.1" 404 1256 "-" "Mozilla/5.0 (compatible; Cliqzbot/1.0 +http://cliqz.com/company/cliqzbot)"
52.29.71.250 - - [27/Oct/2015:18:37:58 +0100] "GET / HTTP/1.1" 200 3632 "-" "Mozilla/5.0 (compatible; Cliqzbot/1.0 +http://cliqz.com/company/cliqzbot)"
195.154.200.68 - - [28/Oct/2015:08:11:28 +0100] "GET /kontakt.html HTTP/1.0" 200 4348 "-" "Mozilla/5.0 (compatible; MJ12bot/v1.4.5; http://www.majestic12.co.uk/bot.php?+)"
66.249.78.10 - - [28/Oct/2015:08:13:01 +0100] "GET /robots.txt HTTP/1.1" 404 1256 "-" "Mozilla/5.0 (compatible; Googlebot/2.1; +http://www.google.com/bot.html)"
66.249.64.226 - - [28/Oct/2015:08:13:01 +0100] "GET / HTTP/1.1" 200 3632 "-" "Mozilla/5.0 (compatible; Googlebot/2.1; +http://www.google.com/bot.html)"
176.9.19.169 - - [28/Oct/2015:09:46:30 +0100] "GET /robots.txt HTTP/1.1" 404 1256 "-" "Mozilla/4.0 (compatible; MSIE 6.0; Windows NT 5.1; SV1; .NET CLR 1.1.4322)"
176.9.19.169 - - [28/Oct/2015:09:46:30 +0100] "GET / HTTP/1.1" 200 3632 "-" "Mozilla/4.0 (compatible; MSIE 6.0; Windows NT 5.1; SV1; .NET CLR 1.1.4322)"
176.9.19.169 - - [28/Oct/2015:09:46:30 +0100] "GET /impressum.html HTTP/1.1" 200 4742 "http://www.just-malerei.de/" "Mozilla/4.0 (compatible; MSIE 6.0; Windows NT 5.1; SV1; .NET CLR 1.1.4322)"
176.9.19.169 - - [28/Oct/2015:09:46:30 +0100] "GET /kontakt.html HTTP/1.1" 200 4348 "http://www.just-malerei.de/" "Mozilla/4.0 (compatible; MSIE 6.0; Windows NT 5.1; SV1; .NET CLR 1.1.4322)"
176.9.19.169 - - [28/Oct/2015:09:46:30 +0100] "GET /index.html HTTP/1.1" 200 3632 "http://www.just-malerei.de/impressum.html" "Mozilla/4.0 (compatible; MSIE 6.0; Windows NT 5.1; SV1; .NET CLR 1.1.4322)"
93.186.202.239 - - [28/Oct/2015:12:38:29 +0100] "GET /impressum.html HTTP/1.1" 200 4742 "-" "Mozilla/5.0 (compatible; MSIE 10.0; Windows NT 6.1; Trident/5.0)"
93.186.202.239 - - [28/Oct/2015:12:38:29 +0100] "GET / HTTP/1.1" 200 3632 "-" "Mozilla/5.0 (Macintosh; Intel Mac OS X 10.8; rv:21.0) Gecko/20100101 Firefox/21.0"
93.186.202.239 - - [28/Oct/2015:12:38:29 +0100] "GET /kontakt.html HTTP/1.1" 200 4348 "-" "Mozilla/5.0 (Windows NT 6.1; WOW64; rv:21.0) Gecko/20130331 Firefox/21.0"
157.55.39.128 - - [28/Oct/2015:17:11:53 +0100] "GET /robots.txt HTTP/1.1" 404 1256 "-" "Mozilla/5.0 (compatible; bingbot/2.0; +http://www.bing.com/bingbot.htm)"
157.55.39.128 - - [28/Oct/2015:17:12:03 +0100] "GET /index.html HTTP/1.1" 200 3632 "-" "Mozilla/5.0 (compatible; bingbot/2.0; +http://www.bing.com/bingbot.htm)"
40.77.167.92 - - [28/Oct/2015:17:13:02 +0100] "GET /robots.txt HTTP/1.1" 404 1256 "-" "Mozilla/5.0 (compatible; bingbot/2.0; +http://www.bing.com/bingbot.htm)"
40.77.167.92 - - [28/Oct/2015:17:13:03 +0100] "GET /robots.txt HTTP/1.1" 404 1256 "-" "Mozilla/5.0 (compatible; bingbot/2.0; +http://www.bing.com/bingbot.htm)"
40.77.167.93 - - [28/Oct/2015:17:13:12 +0100] "GET /js/libs/modernizr-2.5.3.min.js HTTP/1.1" 200 15274 "-" "Mozilla/5.0 (compatible; bingbot/2.0; +http://www.bing.com/bingbot.htm)"
40.77.167.90 - - [28/Oct/2015:17:13:17 +0100] "GET /css/style.css HTTP/1.1" 200 1159 "-" "Mozilla/5.0 (compatible; bingbot/2.0; +http://www.bing.com/bingbot.htm)"
40.77.167.90 - - [28/Oct/2015:17:13:17 +0100] "GET /js/plugins.js HTTP/1.1" 200 898 "-" "Mozilla/5.0 (compatible; bingbot/2.0; +http://www.bing.com/bingbot.htm)"
199.30.24.78 - - [28/Oct/2015:18:14:14 +0100] "GET /images/footer.png HTTP/1.1" 200 148251 "http://www.just-malerei.de/index.html" "Mozilla/5.0 (Windows NT 6.1; WOW64) AppleWebKit/534+ (KHTML, like Gecko) BingPreview/1.0b"
199.30.24.78 - - [28/Oct/2015:18:14:14 +0100] "GET /images/header.png HTTP/1.1" 200 139455 "http://www.just-malerei.de/index.html" "Mozilla/5.0 (Windows NT 6.1; WOW64) AppleWebKit/534+ (KHTML, like Gecko) BingPreview/1.0b"
199.30.24.78 - - [28/Oct/2015:18:14:18 +0100] "GET /images/middle.png HTTP/1.1" 200 9561 "http://www.just-malerei.de/index.html" "Mozilla/5.0 (Windows NT 6.1; WOW64) AppleWebKit/534+ (KHTML, like Gecko) BingPreview/1.0b"
66.249.78.10 - - [28/Oct/2015:21:12:07 +0100] "GET /robots.txt HTTP/1.1" 404 1256 "-" "Mozilla/5.0 (compatible; Googlebot/2.1; +http://www.google.com/bot.html)"
66.249.78.10 - - [28/Oct/2015:21:12:07 +0100] "GET / HTTP/1.1" 200 3632 "-" "Mozilla/5.0 (iPhone; CPU iPhone OS 8_3 like Mac OS X) AppleWebKit/600.1.4 (KHTML, like Gecko) Version/8.0 Mobile/12F70 Safari/600.1.4 (compatible; Googlebot/2.1; +http://www.google.com/bot.html)"
66.249.78.10 - - [29/Oct/2015:00:29:34 +0100] "GET / HTTP/1.1" 200 3632 "-" "Mozilla/5.0 (compatible; Googlebot/2.1; +http://www.google.com/bot.html)"
95.119.152.4 - - [29/Oct/2015:15:10:23 +0100] "GET / HTTP/1.1" 200 3632 "https://www.google.de/" "Mozilla/5.0 (Windows NT 6.1) AppleWebKit/537.36 (KHTML, like Gecko) Chrome/46.0.2490.80 Safari/537.36"
95.119.152.4 - - [29/Oct/2015:15:10:23 +0100] "GET /css/style.css HTTP/1.1" 200 1159 "http://www.just-malerei.de/" "Mozilla/5.0 (Windows NT 6.1) AppleWebKit/537.36 (KHTML, like Gecko) Chrome/46.0.2490.80 Safari/537.36"
95.119.152.4 - - [29/Oct/2015:15:10:23 +0100] "GET /js/libs/modernizr-2.5.3.min.js HTTP/1.1" 200 15274 "http://www.just-malerei.de/" "Mozilla/5.0 (Windows NT 6.1) AppleWebKit/537.36 (KHTML, like Gecko) Chrome/46.0.2490.80 Safari/537.36"
95.119.152.4 - - [29/Oct/2015:15:10:23 +0100] "GET /js/plugins.js HTTP/1.1" 200 898 "http://www.just-malerei.de/" "Mozilla/5.0 (Windows NT 6.1) AppleWebKit/537.36 (KHTML, like Gecko) Chrome/46.0.2490.80 Safari/537.36"
95.119.152.4 - - [29/Oct/2015:15:10:23 +0100] "GET /images/middle.png HTTP/1.1" 200 9561 "http://www.just-malerei.de/css/style.css" "Mozilla/5.0 (Windows NT 6.1) AppleWebKit/537.36 (KHTML, like Gecko) Chrome/46.0.2490.80 Safari/537.36"
95.119.152.4 - - [29/Oct/2015:15:10:23 +0100] "GET /images/header.png HTTP/1.1" 200 139455 "http://www.just-malerei.de/css/style.css" "Mozilla/5.0 (Windows NT 6.1) AppleWebKit/537.36 (KHTML, like Gecko) Chrome/46.0.2490.80 Safari/537.36"
95.119.152.4 - - [29/Oct/2015:15:10:23 +0100] "GET /images/footer.png HTTP/1.1" 200 148251 "http://www.just-malerei.de/css/style.css" "Mozilla/5.0 (Windows NT 6.1) AppleWebKit/537.36 (KHTML, like Gecko) Chrome/46.0.2490.80 Safari/537.36"
95.119.152.4 - - [29/Oct/2015:15:10:24 +0100] "GET /favicon.ico HTTP/1.1" 200 93062 "http://www.just-malerei.de/" "Mozilla/5.0 (Windows NT 6.1) AppleWebKit/537.36 (KHTML, like Gecko) Chrome/46.0.2490.80 Safari/537.36"
66.249.78.3 - - [29/Oct/2015:22:35:28 +0100] "GET /robots.txt HTTP/1.1" 404 1256 "-" "Mozilla/5.0 (compatible; Googlebot/2.1; +http://www.google.com/bot.html)"
66.249.78.249 - - [29/Oct/2015:22:35:28 +0100] "GET / HTTP/1.1" 200 3632 "-" "Mozilla/5.0 (iPhone; CPU iPhone OS 8_3 like Mac OS X) AppleWebKit/600.1.4 (KHTML, like Gecko) Version/8.0 Mobile/12F70 Safari/600.1.4 (compatible; Googlebot/2.1; +http://www.google.com/bot.html)"
66.249.78.10 - - [29/Oct/2015:22:46:03 +0100] "GET /js/libs/modernizr-2.5.3.min.js HTTP/1.1" 200 15274 "-" "Mozilla/5.0 (compatible; Googlebot/2.1; +http://www.google.com/bot.html)"
66.249.64.216 - - [29/Oct/2015:22:46:04 +0100] "GET /js/plugins.js HTTP/1.1" 200 898 "-" "Mozilla/5.0 (compatible; Googlebot/2.1; +http://www.google.com/bot.html)"
68.180.228.163 - - [30/Oct/2015:03:09:42 +0100] "GET /robots.txt HTTP/1.1" 404 1256 "-" "Mozilla/5.0 (compatible; Yahoo! Slurp; http://help.yahoo.com/help/us/ysearch/slurp)"
68.180.228.163 - - [30/Oct/2015:03:09:43 +0100] "GET / HTTP/1.1" 304 - "-" "Mozilla/5.0 (compatible; Yahoo! Slurp; http://help.yahoo.com/help/us/ysearch/slurp)"
178.63.13.15 - - [30/Oct/2015:09:11:46 +0100] "GET /robots.txt HTTP/1.0" 404 1256 "-" "Mozilla/5.0 (compatible; MJ12bot/v1.4.5; http://www.majestic12.co.uk/bot.php?+)"
178.63.13.15 - - [30/Oct/2015:09:11:50 +0100] "GET /impressum.html HTTP/1.0" 200 4742 "-" "Mozilla/5.0 (compatible; MJ12bot/v1.4.5; http://www.majestic12.co.uk/bot.php?+)"
178.63.13.15 - - [30/Oct/2015:09:11:54 +0100] "GET /kontakt.html HTTP/1.0" 200 4348 "-" "Mozilla/5.0 (compatible; MJ12bot/v1.4.5; http://www.majestic12.co.uk/bot.php?+)"
