27.153.251.209 - - [01/Dec/2014:01:34:41 +0100] "GET / HTTP/1.1" 200 3632 "-" "Mozilla/4.0 (compatible; MSIE 6.0; Windows NT 5.1; SV1; Mozilla/4.0 (compatible; MSIE 6.0; Windows NT 5.1; SV1) ; .NET CLR 1.0.3705)"
162.210.196.97 - - [01/Dec/2014:04:53:06 +0100] "GET /robots.txt HTTP/1.0" 404 1256 "-" "Mozilla/5.0 (compatible; MJ12bot/v1.4.5; http://www.majestic12.co.uk/bot.php?+)"
162.210.196.97 - - [01/Dec/2014:04:53:07 +0100] "GET /index.html HTTP/1.0" 200 3632 "-" "Mozilla/5.0 (compatible; MJ12bot/v1.4.5; http://www.majestic12.co.uk/bot.php?+)"
162.210.196.97 - - [01/Dec/2014:04:53:09 +0100] "GET /kontakt.html HTTP/1.0" 200 4348 "-" "Mozilla/5.0 (compatible; MJ12bot/v1.4.5; http://www.majestic12.co.uk/bot.php?+)"
208.115.111.75 - - [01/Dec/2014:05:07:04 +0100] "GET /robots.txt HTTP/1.1" 404 1256 "-" "Mozilla/5.0 (compatible; DotBot/1.1; http://www.opensiteexplorer.org/dotbot, help@moz.com)"
208.115.111.75 - - [01/Dec/2014:07:02:19 +0100] "GET /index.html HTTP/1.1" 200 3632 "-" "Mozilla/5.0 (compatible; DotBot/1.1; http://www.opensiteexplorer.org/dotbot, help@moz.com)"
66.249.64.14 - - [02/Dec/2014:00:30:42 +0100] "GET /robots.txt HTTP/1.1" 404 1256 "-" "Mozilla/5.0 (compatible; Googlebot/2.1; +http://www.google.com/bot.html)"
66.249.78.9 - - [02/Dec/2014:00:30:42 +0100] "GET / HTTP/1.1" 200 3632 "-" "Mozilla/5.0 (compatible; Googlebot/2.1; +http://www.google.com/bot.html)"
207.46.13.81 - - [02/Dec/2014:04:25:48 +0100] "GET /index.html HTTP/1.1" 200 3632 "-" "Mozilla/5.0 (compatible; bingbot/2.0; +http://www.bing.com/bingbot.htm)"
207.46.13.81 - - [02/Dec/2014:04:25:49 +0100] "GET / HTTP/1.1" 200 3632 "-" "Mozilla/5.0 (compatible; bingbot/2.0; +http://www.bing.com/bingbot.htm)"
207.46.13.87 - - [02/Dec/2014:05:14:10 +0100] "GET /impressum.html HTTP/1.1" 200 4742 "-" "Mozilla/5.0 (compatible; bingbot/2.0; +http://www.bing.com/bingbot.htm)"
178.63.14.15 - - [02/Dec/2014:15:50:57 +0100] "GET / HTTP/1.1" 200 3632 "-" "Mozilla/5.0 (Windows; U; Windows NT 5.1; de; rv:1.8.1.3) Gecko/20070309 Firefox/2.0.0.3"
178.63.14.15 - - [02/Dec/2014:15:50:57 +0100] "GET /robots.txt HTTP/1.1" 404 1256 "-" "libwww-perl/6.05"
178.63.14.15 - - [02/Dec/2014:15:50:57 +0100] "GET / HTTP/1.1" 200 3632 "-" "Mozilla/5.0 (Windows; U; Windows NT 5.1; de; rv:1.8.1.3) Gecko/20070309 Firefox/2.0.0.3"
178.63.14.15 - - [02/Dec/2014:15:50:57 +0100] "GET /impressum.html HTTP/1.1" 200 4742 "http://www.just-malerei.de/" "Mozilla/5.0 (Windows; U; Windows NT 5.1; de; rv:1.8.1.3) Gecko/20070309 Firefox/2.0.0.3"
178.63.14.15 - - [02/Dec/2014:15:50:57 +0100] "GET /index.html HTTP/1.1" 200 3632 "http://www.just-malerei.de/impressum.html" "Mozilla/5.0 (Windows; U; Windows NT 5.1; de; rv:1.8.1.3) Gecko/20070309 Firefox/2.0.0.3"
178.63.14.15 - - [02/Dec/2014:15:50:58 +0100] "GET /kontakt.html HTTP/1.1" 200 4348 "http://www.just-malerei.de/index.html" "Mozilla/5.0 (Windows; U; Windows NT 5.1; de; rv:1.8.1.3) Gecko/20070309 Firefox/2.0.0.3"
27.153.251.209 - - [02/Dec/2014:16:48:07 +0100] "GET / HTTP/1.1" 200 3632 "-" "Mozilla/4.0 (compatible; MSIE 6.0; Windows NT 5.1)"
212.86.219.134 - - [02/Dec/2014:22:56:11 +0100] "GET /robots.txt HTTP/1.1" 404 1256 "-" "Mozilla/5.0 (Macintosh; U; Intel Mac OS X 10_5_6; en-us) AppleWebKit/528.16 (KHTML, like Gecko) Version/4.0 Safari/528.16"
212.86.219.134 - - [02/Dec/2014:22:56:11 +0100] "GET / HTTP/1.1" 200 3632 "-" "Mozilla/5.0 (Macintosh; U; Intel Mac OS X 10_5_6; en-us) AppleWebKit/528.16 (KHTML, like Gecko) Version/4.0 Safari/528.16"
66.249.78.9 - - [03/Dec/2014:07:41:57 +0100] "GET /robots.txt HTTP/1.1" 404 1256 "-" "Mozilla/5.0 (compatible; Googlebot/2.1; +http://www.google.com/bot.html)"
66.249.78.252 - - [03/Dec/2014:07:41:57 +0100] "GET / HTTP/1.1" 200 3632 "-" "Mozilla/5.0 (iPhone; CPU iPhone OS 6_0 like Mac OS X) AppleWebKit/536.26 (KHTML, like Gecko) Version/6.0 Mobile/10A5376e Safari/8536.25 (compatible; Googlebot/2.1; +http://www.google.com/bot.html)"
66.249.78.252 - - [03/Dec/2014:09:11:43 +0100] "GET /js/plugins.js HTTP/1.1" 200 898 "-" "Mozilla/5.0 (compatible; Googlebot/2.1; +http://www.google.com/bot.html)"
66.249.78.9 - - [03/Dec/2014:11:32:54 +0100] "GET /css/style.css HTTP/1.1" 200 1159 "-" "Mozilla/5.0 (compatible; Googlebot/2.1; +http://www.google.com/bot.html)"
78.46.94.23 - - [03/Dec/2014:13:17:56 +0100] "GET /robots.txt HTTP/1.0" 404 1256 "-" "Mozilla/5.0 (compatible; MJ12bot/v1.4.5; http://www.majestic12.co.uk/bot.php?+)"
78.46.94.23 - - [03/Dec/2014:13:17:58 +0100] "GET /impressum.html HTTP/1.0" 200 4742 "-" "Mozilla/5.0 (compatible; MJ12bot/v1.4.5; http://www.majestic12.co.uk/bot.php?+)"
74.52.245.146 - - [03/Dec/2014:17:29:54 +0100] "GET / HTTP/1.0" 200 3632 "-" "Mozilla/5.0 (X11; U; Linux i686; en-US; rv:1.7.5) Gecko/20041107 Firefox/1.0"
91.108.78.33 - - [04/Dec/2014:17:02:39 +0100] "GET / HTTP/1.1" 200 3632 "-" "Mozilla/5.0 (Windows NT 6.1; WOW64; rv:18.0) Gecko/20100101 Firefox/18.0"
91.108.78.25 - - [04/Dec/2014:17:02:58 +0100] "GET / HTTP/1.1" 200 3632 "-" "Mozilla/5.0 (Windows NT 6.1; WOW64; rv:18.0) Gecko/20100101 Firefox/18.0"
91.108.78.25 - - [04/Dec/2014:17:02:58 +0100] "GET /impressum.html HTTP/1.1" 200 4742 "-" "Mozilla/5.0 (Windows NT 6.1; WOW64; rv:18.0) Gecko/20100101 Firefox/18.0"
91.108.71.73 - - [04/Dec/2014:17:03:46 +0100] "GET / HTTP/1.1" 200 3632 "-" "Mozilla/5.0 (Windows NT 6.1; WOW64; rv:18.0) Gecko/20100101 Firefox/18.0"
91.108.71.73 - - [04/Dec/2014:17:03:46 +0100] "GET /impressum.html HTTP/1.1" 200 4742 "-" "Mozilla/5.0 (Windows NT 6.1; WOW64; rv:18.0) Gecko/20100101 Firefox/18.0"
157.55.39.39 - - [04/Dec/2014:18:46:24 +0100] "GET /robots.txt HTTP/1.1" 404 1256 "-" "Mozilla/5.0 (compatible; bingbot/2.0; +http://www.bing.com/bingbot.htm)"
157.55.39.39 - - [04/Dec/2014:18:46:33 +0100] "GET /index.html HTTP/1.1" 304 - "-" "Mozilla/5.0 (compatible; bingbot/2.0; +http://www.bing.com/bingbot.htm)"
178.42.197.144 - - [04/Dec/2014:20:17:06 +0100] "GET / HTTP/1.1" 200 3632 "-" "Mozilla/5.0 (Windows NT 6.1; WOW64; rv:7.0.1) Gecko/20100101 Firefox/7.0.1"
213.239.208.23 - - [04/Dec/2014:20:54:12 +0100] "GET /impressum.html HTTP/1.0" 200 4742 "http://www.justizvollzugsanstalt-kleve.de/impressum/bartmann/index.php" "Mozilla/4.0 (compatible; MSIE 6.0; Windows NT 5.1; SV1; .NET CLR 1.1.4322)"
91.108.72.57 - - [04/Dec/2014:21:38:25 +0100] "GET / HTTP/1.1" 200 3632 "-" "Mozilla/5.0 (Windows NT 6.1; WOW64; rv:18.0) Gecko/20100101 Firefox/18.0"
91.108.72.57 - - [04/Dec/2014:21:38:35 +0100] "GET / HTTP/1.1" 200 3632 "-" "Mozilla/5.0 (Windows NT 6.1; WOW64; rv:18.0) Gecko/20100101 Firefox/18.0"
91.108.72.57 - - [04/Dec/2014:21:38:41 +0100] "GET / HTTP/1.1" 200 3632 "-" "Mozilla/5.0 (Windows NT 6.1; WOW64; rv:18.0) Gecko/20100101 Firefox/18.0"
162.243.212.212 - - [05/Dec/2014:20:31:48 +0100] "HEAD / HTTP/1.1" 200 - "http://www.netcraft.com/survey/" "Mozilla/4.0 (compatible; Netcraft Web Server Survey)"
208.115.111.75 - - [05/Dec/2014:22:46:52 +0100] "GET /robots.txt HTTP/1.1" 404 1256 "-" "Mozilla/5.0 (compatible; DotBot/1.1; http://www.opensiteexplorer.org/dotbot, help@moz.com)"
208.115.111.75 - - [05/Dec/2014:23:09:18 +0100] "GET / HTTP/1.1" 200 3632 "-" "Mozilla/5.0 (compatible; DotBot/1.1; http://www.opensiteexplorer.org/dotbot, help@moz.com)"
208.115.111.75 - - [07/Dec/2014:07:23:18 +0100] "GET /robots.txt HTTP/1.1" 404 1256 "-" "Mozilla/5.0 (compatible; DotBot/1.1; http://www.opensiteexplorer.org/dotbot, help@moz.com)"
208.115.111.75 - - [07/Dec/2014:07:55:26 +0100] "GET /kontakt.html HTTP/1.1" 200 4348 "-" "Mozilla/5.0 (compatible; DotBot/1.1; http://www.opensiteexplorer.org/dotbot, help@moz.com)"
162.210.196.98 - - [07/Dec/2014:13:19:56 +0100] "GET /robots.txt HTTP/1.0" 404 1256 "-" "Mozilla/5.0 (compatible; MJ12bot/v1.4.5; http://www.majestic12.co.uk/bot.php?+)"
162.210.196.98 - - [07/Dec/2014:13:19:58 +0100] "GET / HTTP/1.0" 200 3632 "-" "Mozilla/5.0 (compatible; MJ12bot/v1.4.5; http://www.majestic12.co.uk/bot.php?+)"
93.186.202.239 - - [08/Dec/2014:08:42:55 +0100] "GET / HTTP/1.1" 200 3632 "-" "Mozilla/5.0 (Windows NT 6.0; rv:14.0) Gecko/20100101 Firefox/14.0.1"
93.186.202.239 - - [08/Dec/2014:08:42:56 +0100] "GET /impressum.html HTTP/1.1" 200 4742 "-" "Mozilla/5.0 (Windows NT 6.1; de;rv:12.0) Gecko/20120403211507 Firefox/12.0"
93.186.202.239 - - [08/Dec/2014:08:42:56 +0100] "GET /kontakt.html HTTP/1.1" 200 4348 "-" "Mozilla/5.0 (Windows NT 6.1) AppleWebKit/537.22 (KHTML, like Gecko) Chrome/25.0.1364.169 Safari/537.22"
66.249.78.3 - - [08/Dec/2014:09:00:44 +0100] "GET /robots.txt HTTP/1.1" 404 1256 "-" "Mozilla/5.0 (compatible; Googlebot/2.1; +http://www.google.com/bot.html)"
66.249.78.3 - - [08/Dec/2014:09:00:44 +0100] "GET / HTTP/1.1" 200 3632 "-" "Mozilla/5.0 (iPhone; CPU iPhone OS 6_0 like Mac OS X) AppleWebKit/536.26 (KHTML, like Gecko) Version/6.0 Mobile/10A5376e Safari/8536.25 (compatible; Googlebot/2.1; +http://www.google.com/bot.html)"
66.249.78.253 - - [08/Dec/2014:09:37:03 +0100] "GET /js/libs/modernizr-2.5.3.min.js HTTP/1.1" 200 15274 "http://www.just-malerei.de/" "Mozilla/5.0 (compatible; Googlebot/2.1; +http://www.google.com/bot.html)"
157.55.39.39 - - [08/Dec/2014:13:23:26 +0100] "GET /robots.txt HTTP/1.1" 404 1256 "-" "Mozilla/5.0 (compatible; bingbot/2.0; +http://www.bing.com/bingbot.htm)"
157.55.39.40 - - [08/Dec/2014:13:24:00 +0100] "GET /index.html HTTP/1.1" 200 3632 "-" "Mozilla/5.0 (compatible; bingbot/2.0; +http://www.bing.com/bingbot.htm)"
66.249.78.10 - - [08/Dec/2014:14:29:46 +0100] "GET /css/style.css HTTP/1.1" 200 1159 "-" "Mozilla/5.0 (compatible; Googlebot/2.1; +http://www.google.com/bot.html)"
66.249.78.10 - - [08/Dec/2014:14:29:47 +0100] "GET /js/libs/modernizr-2.5.3.min.js HTTP/1.1" 200 15274 "-" "Mozilla/5.0 (compatible; Googlebot/2.1; +http://www.google.com/bot.html)"
157.55.39.39 - - [08/Dec/2014:19:04:24 +0100] "GET / HTTP/1.1" 304 - "-" "Mozilla/5.0 (compatible; bingbot/2.0; +http://www.bing.com/bingbot.htm)"
64.246.165.10 - - [09/Dec/2014:22:36:31 +0100] "GET /robots.txt HTTP/1.0" 404 1256 "-" "Mozilla/5.0 (Windows; U; Windows NT 5.1; en; rv:1.9.0.13) Gecko/2009073022 Firefox/3.5.2 (.NET CLR 3.5.30729) SurveyBot/2.3 (DomainTools)"
64.246.165.10 - - [09/Dec/2014:22:36:31 +0100] "GET / HTTP/1.1" 200 3632 "http://whois.domaintools.com/just-malerei.de" "Mozilla/5.0 (Windows; U; Windows NT 5.1; en; rv:1.9.0.13) Gecko/2009073022 Firefox/3.5.2 (.NET CLR 3.5.30729) SurveyBot/2.3 (DomainTools)"
162.243.251.204 - - [10/Dec/2014:15:46:49 +0100] "GET / HTTP/1.0" 200 3632 "-" "Mozilla/5.0 (compatible; NetcraftSurveyAgent/1.0; +info@netcraft.com)"
134.119.17.184 - - [11/Dec/2014:09:49:44 +0100] "GET / HTTP/1.1" 200 3632 "-" "Python-urllib/2.7"
54.164.28.57 - - [11/Dec/2014:13:42:24 +0100] "GET / HTTP/1.1" 200 3632 "-" "Mozilla/5.0 (compatible& Googlebot/2.1& +http://www.google.com/bot.html)"
58.20.54.248 - - [12/Dec/2014:16:36:52 +0100] "GET / HTTP/1.1" 200 3632 "-" "Mozilla/5.0 (Windows NT 6.1; WOW64; rv:31.0) Gecko/20100101 Firefox/31.0"
95.222.31.38 - - [12/Dec/2014:20:10:47 +0100] "GET / HTTP/1.1" 200 3632 "http://www.mbingenieure.de/partner.html" "Mozilla/5.0 (iPad; CPU OS 8_0 like Mac OS X) AppleWebKit/600.1.4 (KHTML, like Gecko) Version/8.0 Mobile/12A365 Safari/600.1.4"
95.222.31.38 - - [12/Dec/2014:20:10:47 +0100] "GET /css/style.css HTTP/1.1" 200 1159 "http://www.just-malerei.de/" "Mozilla/5.0 (iPad; CPU OS 8_0 like Mac OS X) AppleWebKit/600.1.4 (KHTML, like Gecko) Version/8.0 Mobile/12A365 Safari/600.1.4"
95.222.31.38 - - [12/Dec/2014:20:10:47 +0100] "GET /js/libs/modernizr-2.5.3.min.js HTTP/1.1" 200 15274 "http://www.just-malerei.de/" "Mozilla/5.0 (iPad; CPU OS 8_0 like Mac OS X) AppleWebKit/600.1.4 (KHTML, like Gecko) Version/8.0 Mobile/12A365 Safari/600.1.4"
95.222.31.38 - - [12/Dec/2014:20:10:48 +0100] "GET /js/plugins.js HTTP/1.1" 200 898 "http://www.just-malerei.de/" "Mozilla/5.0 (iPad; CPU OS 8_0 like Mac OS X) AppleWebKit/600.1.4 (KHTML, like Gecko) Version/8.0 Mobile/12A365 Safari/600.1.4"
95.222.31.38 - - [12/Dec/2014:20:10:48 +0100] "GET /images/middle.png HTTP/1.1" 200 9561 "http://www.just-malerei.de/" "Mozilla/5.0 (iPad; CPU OS 8_0 like Mac OS X) AppleWebKit/600.1.4 (KHTML, like Gecko) Version/8.0 Mobile/12A365 Safari/600.1.4"
95.222.31.38 - - [12/Dec/2014:20:10:48 +0100] "GET /images/header.png HTTP/1.1" 200 139455 "http://www.just-malerei.de/" "Mozilla/5.0 (iPad; CPU OS 8_0 like Mac OS X) AppleWebKit/600.1.4 (KHTML, like Gecko) Version/8.0 Mobile/12A365 Safari/600.1.4"
95.222.31.38 - - [12/Dec/2014:20:10:48 +0100] "GET /images/footer.png HTTP/1.1" 200 148251 "http://www.just-malerei.de/" "Mozilla/5.0 (iPad; CPU OS 8_0 like Mac OS X) AppleWebKit/600.1.4 (KHTML, like Gecko) Version/8.0 Mobile/12A365 Safari/600.1.4"
199.58.86.211 - - [15/Dec/2014:00:29:53 +0100] "GET /robots.txt HTTP/1.0" 404 1256 "-" "Mozilla/5.0 (compatible; MJ12bot/v1.4.5; http://www.majestic12.co.uk/bot.php?+)"
199.58.86.211 - - [15/Dec/2014:00:30:00 +0100] "GET / HTTP/1.0" 200 3632 "-" "Mozilla/5.0 (compatible; MJ12bot/v1.4.5; http://www.majestic12.co.uk/bot.php?+)"
176.9.19.169 - - [15/Dec/2014:04:32:34 +0100] "GET /robots.txt HTTP/1.1" 404 1256 "-" "Mozilla/4.0 (compatible; MSIE 6.0; Windows NT 5.1; SV1; .NET CLR 1.1.4322)"
176.9.19.169 - - [15/Dec/2014:04:32:34 +0100] "GET / HTTP/1.1" 200 3632 "-" "Mozilla/4.0 (compatible; MSIE 6.0; Windows NT 5.1; SV1; .NET CLR 1.1.4322)"
176.9.19.169 - - [15/Dec/2014:04:32:34 +0100] "GET /impressum.html HTTP/1.1" 200 4742 "http://www.just-malerei.de/" "Mozilla/4.0 (compatible; MSIE 6.0; Windows NT 5.1; SV1; .NET CLR 1.1.4322)"
176.9.19.169 - - [15/Dec/2014:04:32:34 +0100] "GET /kontakt.html HTTP/1.1" 200 4348 "http://www.just-malerei.de/" "Mozilla/4.0 (compatible; MSIE 6.0; Windows NT 5.1; SV1; .NET CLR 1.1.4322)"
176.9.19.169 - - [15/Dec/2014:04:32:34 +0100] "GET /index.html HTTP/1.1" 200 3632 "http://www.just-malerei.de/impressum.html" "Mozilla/4.0 (compatible; MSIE 6.0; Windows NT 5.1; SV1; .NET CLR 1.1.4322)"
54.164.147.231 - - [15/Dec/2014:17:45:44 +0100] "GET / HTTP/1.1" 200 3632 "-" "Mozilla/5.0 (compatible& Googlebot/2.1& +http://www.google.com/bot.html)"
85.177.192.111 - - [15/Dec/2014:22:45:07 +0100] "GET / HTTP/1.1" 200 3632 "-" "UserAgent: Apache-HttpClient/release (java 1.5)"
85.177.192.111 - - [15/Dec/2014:22:45:07 +0100] "GET /impressum.html HTTP/1.1" 200 4742 "-" "UserAgent: Apache-HttpClient/release (java 1.5)"
87.178.189.111 - - [15/Dec/2014:23:04:04 +0100] "GET / HTTP/1.1" 200 3632 "http://www.mbingenieure.de/partner.html" "Mozilla/5.0 (Windows NT 6.1; WOW64) AppleWebKit/537.36 (KHTML, like Gecko) Chrome/38.0.2125.111 Safari/537.36"
87.178.189.111 - - [15/Dec/2014:23:04:04 +0100] "GET /css/style.css HTTP/1.1" 200 1159 "http://www.just-malerei.de/" "Mozilla/5.0 (Windows NT 6.1; WOW64) AppleWebKit/537.36 (KHTML, like Gecko) Chrome/38.0.2125.111 Safari/537.36"
87.178.189.111 - - [15/Dec/2014:23:04:04 +0100] "GET /js/libs/modernizr-2.5.3.min.js HTTP/1.1" 200 15274 "http://www.just-malerei.de/" "Mozilla/5.0 (Windows NT 6.1; WOW64) AppleWebKit/537.36 (KHTML, like Gecko) Chrome/38.0.2125.111 Safari/537.36"
87.178.189.111 - - [15/Dec/2014:23:04:04 +0100] "GET /js/plugins.js HTTP/1.1" 200 898 "http://www.just-malerei.de/" "Mozilla/5.0 (Windows NT 6.1; WOW64) AppleWebKit/537.36 (KHTML, like Gecko) Chrome/38.0.2125.111 Safari/537.36"
87.178.189.111 - - [15/Dec/2014:23:04:04 +0100] "GET /images/middle.png HTTP/1.1" 200 9561 "http://www.just-malerei.de/css/style.css" "Mozilla/5.0 (Windows NT 6.1; WOW64) AppleWebKit/537.36 (KHTML, like Gecko) Chrome/38.0.2125.111 Safari/537.36"
87.178.189.111 - - [15/Dec/2014:23:04:04 +0100] "GET /images/header.png HTTP/1.1" 200 139455 "http://www.just-malerei.de/css/style.css" "Mozilla/5.0 (Windows NT 6.1; WOW64) AppleWebKit/537.36 (KHTML, like Gecko) Chrome/38.0.2125.111 Safari/537.36"
87.178.189.111 - - [15/Dec/2014:23:04:04 +0100] "GET /images/footer.png HTTP/1.1" 200 148251 "http://www.just-malerei.de/css/style.css" "Mozilla/5.0 (Windows NT 6.1; WOW64) AppleWebKit/537.36 (KHTML, like Gecko) Chrome/38.0.2125.111 Safari/537.36"
87.178.189.111 - - [15/Dec/2014:23:04:05 +0100] "GET /favicon.ico HTTP/1.1" 200 93062 "-" "Mozilla/5.0 (Windows NT 6.1; WOW64) AppleWebKit/537.36 (KHTML, like Gecko) Chrome/38.0.2125.111 Safari/537.36"
87.178.189.111 - - [15/Dec/2014:23:04:05 +0100] "GET /favicon.ico HTTP/1.1" 200 93062 "-" "Mozilla/4.0 (compatible; MSIE 7.0; Windows NT 5.1; Avant Browser)"
148.251.69.136 - - [16/Dec/2014:08:50:32 +0100] "GET / HTTP/1.1" 200 3632 "-" "Mozilla/5.0 (Windows NT 6.1; U;WOW64; de;rv:11.0) Gecko Firefox/11.0"
148.251.69.136 - - [16/Dec/2014:08:50:32 +0100] "GET /impressum.html HTTP/1.1" 200 4742 "-" "Mozilla/5.0 (Macintosh; U; Intel Mac OS X 10_5_8; zh-cn) AppleWebKit/533.18.1 (KHTML, like Gecko) Version/5.0.2 Safari/533.18.5"
148.251.69.136 - - [16/Dec/2014:08:50:32 +0100] "GET /kontakt.html HTTP/1.1" 200 4348 "-" "Mozilla/5.0 (Windows NT 6.1; rv:21.0) Gecko/20130328 Firefox/21.0"
120.37.209.242 - - [16/Dec/2014:11:44:34 +0100] "GET / HTTP/1.1" 200 3632 "-" "Mozilla/4.0 (compatible; MSIE 6.0; Windows NT 5.1; SV1; Mozilla/4.0 (compatible; MSIE 6.0; Windows NT 5.1; SV1) ; .NET CLR 2.0.50727 ; .NET CLR 4.0.30319)"
54.174.109.71 - - [16/Dec/2014:15:17:22 +0100] "GET / HTTP/1.1" 200 3632 "-" "Mozilla/5.0 (compatible& Googlebot/2.1& +http://www.google.com/bot.html)"
66.249.78.3 - - [16/Dec/2014:17:20:35 +0100] "GET /robots.txt HTTP/1.1" 404 1256 "-" "Mozilla/5.0 (compatible; Googlebot/2.1; +http://www.google.com/bot.html)"
66.249.78.3 - - [16/Dec/2014:17:20:35 +0100] "GET / HTTP/1.1" 200 3632 "-" "Mozilla/5.0 (iPhone; CPU iPhone OS 6_0 like Mac OS X) AppleWebKit/536.26 (KHTML, like Gecko) Version/6.0 Mobile/10A5376e Safari/8536.25 (compatible; Googlebot/2.1; +http://www.google.com/bot.html)"
66.249.78.10 - - [16/Dec/2014:17:28:30 +0100] "GET /js/plugins.js HTTP/1.1" 200 898 "-" "Mozilla/5.0 (compatible; Googlebot/2.1; +http://www.google.com/bot.html)"
66.249.78.253 - - [16/Dec/2014:17:28:31 +0100] "GET /css/style.css HTTP/1.1" 200 1159 "-" "Mozilla/5.0 (compatible; Googlebot/2.1; +http://www.google.com/bot.html)"
157.55.39.172 - - [16/Dec/2014:19:57:29 +0100] "GET /robots.txt HTTP/1.1" 404 1256 "-" "Mozilla/5.0 (compatible; bingbot/2.0; +http://www.bing.com/bingbot.htm)"
157.55.39.172 - - [16/Dec/2014:19:57:37 +0100] "GET /impressum.html HTTP/1.1" 200 4742 "-" "Mozilla/5.0 (compatible; bingbot/2.0; +http://www.bing.com/bingbot.htm)"
157.55.39.203 - - [16/Dec/2014:19:57:57 +0100] "GET /js/libs/modernizr-2.5.3.min.js HTTP/1.1" 200 15274 "-" "Mozilla/5.0 (compatible; bingbot/2.0; +http://www.bing.com/bingbot.htm)"
207.46.13.114 - - [16/Dec/2014:19:58:02 +0100] "GET /css/style.css HTTP/1.1" 200 1159 "-" "Mozilla/5.0 (compatible; bingbot/2.0; +http://www.bing.com/bingbot.htm)"
207.46.13.114 - - [16/Dec/2014:19:58:02 +0100] "GET /js/plugins.js HTTP/1.1" 200 898 "-" "Mozilla/5.0 (compatible; bingbot/2.0; +http://www.bing.com/bingbot.htm)"
157.55.39.39 - - [16/Dec/2014:19:58:07 +0100] "GET /robots.txt HTTP/1.1" 404 1256 "-" "Mozilla/5.0 (compatible; bingbot/2.0; +http://www.bing.com/bingbot.htm)"
208.115.113.91 - - [16/Dec/2014:21:02:05 +0100] "GET /robots.txt HTTP/1.1" 404 1256 "-" "Mozilla/5.0 (compatible; DotBot/1.1; http://www.opensiteexplorer.org/dotbot, help@moz.com)"
208.115.113.91 - - [16/Dec/2014:21:22:28 +0100] "GET /impressum.html HTTP/1.1" 200 4742 "-" "Mozilla/5.0 (compatible; DotBot/1.1; http://www.opensiteexplorer.org/dotbot, help@moz.com)"
157.55.39.172 - - [17/Dec/2014:02:54:58 +0100] "GET /impressum.html HTTP/1.1" 200 4742 "-" "Mozilla/5.0 (compatible; bingbot/2.0; +http://www.bing.com/bingbot.htm)"
66.249.78.3 - - [17/Dec/2014:11:32:19 +0100] "GET /robots.txt HTTP/1.1" 404 1256 "-" "Mozilla/5.0 (compatible; Googlebot/2.1; +http://www.google.com/bot.html)"
66.249.78.10 - - [17/Dec/2014:11:32:19 +0100] "GET / HTTP/1.1" 200 3632 "-" "Mozilla/5.0 (compatible; Googlebot/2.1; +http://www.google.com/bot.html)"
66.249.78.253 - - [17/Dec/2014:17:38:09 +0100] "GET / HTTP/1.1" 200 3632 "-" "Mozilla/5.0 (compatible; Googlebot/2.1; +http://www.google.com/bot.html)"
66.249.78.253 - - [17/Dec/2014:17:44:31 +0100] "GET /js/libs/modernizr-2.5.3.min.js HTTP/1.1" 200 15274 "http://www.just-malerei.de/" "Mozilla/5.0 (compatible; Googlebot/2.1; +http://www.google.com/bot.html)"
157.55.39.39 - - [17/Dec/2014:21:46:57 +0100] "GET /index.html HTTP/1.1" 200 3632 "-" "Mozilla/5.0 (compatible; bingbot/2.0; +http://www.bing.com/bingbot.htm)"
208.115.111.75 - - [17/Dec/2014:22:55:35 +0100] "GET /robots.txt HTTP/1.1" 404 1256 "-" "Mozilla/5.0 (compatible; DotBot/1.1; http://www.opensiteexplorer.org/dotbot, help@moz.com)"
208.115.111.75 - - [17/Dec/2014:23:17:36 +0100] "GET /index.html HTTP/1.1" 200 3632 "-" "Mozilla/5.0 (compatible; DotBot/1.1; http://www.opensiteexplorer.org/dotbot, help@moz.com)"
213.239.211.67 - - [17/Dec/2014:23:28:16 +0100] "GET / HTTP/1.1" 200 3632 "-" "Java/1.7.0_65"
66.249.78.10 - - [18/Dec/2014:15:31:04 +0100] "GET /robots.txt HTTP/1.1" 404 1256 "-" "Mozilla/5.0 (compatible; Googlebot/2.1; +http://www.google.com/bot.html)"
66.249.78.253 - - [18/Dec/2014:15:31:04 +0100] "GET /impressum.html HTTP/1.1" 200 4742 "-" "Mozilla/5.0 (iPhone; CPU iPhone OS 6_0 like Mac OS X) AppleWebKit/536.26 (KHTML, like Gecko) Version/6.0 Mobile/10A5376e Safari/8536.25 (compatible; Googlebot/2.1; +http://www.google.com/bot.html)"
69.30.241.2 - - [18/Dec/2014:18:35:06 +0100] "GET / HTTP/1.1" 200 3632 "-" "Mozilla/5.0 (Windows NT 6.1; WOW64) AppleWebKit/537.36 (KHTML, like Gecko) Chrome/36.0.1985.143 Safari/537.36"
208.110.85.226 - - [19/Dec/2014:09:51:44 +0100] "GET / HTTP/1.1" 200 3632 "-" "Mozilla/5.0 (Windows NT 6.1; WOW64) AppleWebKit/537.36 (KHTML, like Gecko) Chrome/36.0.1985.143 Safari/537.36"
208.110.85.226 - - [19/Dec/2014:18:07:51 +0100] "GET / HTTP/1.1" 200 3632 "-" "Mozilla/5.0 (Windows NT 6.1; WOW64) AppleWebKit/537.36 (KHTML, like Gecko) Chrome/36.0.1985.143 Safari/537.36"
66.249.78.253 - - [20/Dec/2014:01:00:19 +0100] "GET /robots.txt HTTP/1.1" 404 1256 "-" "Mozilla/5.0 (compatible; Googlebot/2.1; +http://www.google.com/bot.html)"
66.249.78.253 - - [20/Dec/2014:01:00:19 +0100] "GET / HTTP/1.1" 200 3632 "-" "Mozilla/5.0 (iPhone; CPU iPhone OS 6_0 like Mac OS X) AppleWebKit/536.26 (KHTML, like Gecko) Version/6.0 Mobile/10A5376e Safari/8536.25 (compatible; Googlebot/2.1; +http://www.google.com/bot.html)"
54.93.44.155 - - [20/Dec/2014:15:19:16 +0100] "GET / HTTP/1.1" 200 3632 "-" "Mozilla/5.0 (Windows NT 6.1; WOW64; rv:6.0a2) Gecko/20110613 Firefox/6.0a2"
208.115.111.75 - - [21/Dec/2014:02:53:06 +0100] "GET /robots.txt HTTP/1.1" 404 1256 "-" "Mozilla/5.0 (compatible; DotBot/1.1; http://www.opensiteexplorer.org/dotbot, help@moz.com)"
208.115.111.75 - - [21/Dec/2014:03:11:25 +0100] "GET / HTTP/1.1" 200 3632 "-" "Mozilla/5.0 (compatible; DotBot/1.1; http://www.opensiteexplorer.org/dotbot, help@moz.com)"
157.55.39.185 - - [21/Dec/2014:18:24:16 +0100] "GET /robots.txt HTTP/1.1" 404 1256 "-" "Mozilla/5.0 (compatible; bingbot/2.0; +http://www.bing.com/bingbot.htm)"
157.55.39.185 - - [21/Dec/2014:18:24:21 +0100] "GET /kontakt.html HTTP/1.1" 304 - "-" "Mozilla/5.0 (compatible; bingbot/2.0; +http://www.bing.com/bingbot.htm)"
157.55.39.185 - - [21/Dec/2014:21:32:11 +0100] "GET /index.html HTTP/1.1" 200 3632 "-" "Mozilla/5.0 (compatible; bingbot/2.0; +http://www.bing.com/bingbot.htm)"
157.55.39.185 - - [21/Dec/2014:21:32:17 +0100] "GET /robots.txt HTTP/1.1" 404 1256 "-" "Mozilla/5.0 (compatible; bingbot/2.0; +http://www.bing.com/bingbot.htm)"
157.55.39.218 - - [21/Dec/2014:21:32:22 +0100] "GET /css/style.css HTTP/1.1" 200 1159 "-" "Mozilla/5.0 (compatible; bingbot/2.0; +http://www.bing.com/bingbot.htm)"
157.55.39.218 - - [21/Dec/2014:21:32:22 +0100] "GET /js/plugins.js HTTP/1.1" 200 898 "-" "Mozilla/5.0 (compatible; bingbot/2.0; +http://www.bing.com/bingbot.htm)"
157.55.39.117 - - [21/Dec/2014:21:32:26 +0100] "GET /js/libs/modernizr-2.5.3.min.js HTTP/1.1" 200 15274 "-" "Mozilla/5.0 (compatible; bingbot/2.0; +http://www.bing.com/bingbot.htm)"
66.249.78.10 - - [22/Dec/2014:09:51:39 +0100] "GET /robots.txt HTTP/1.1" 404 1256 "-" "Mozilla/5.0 (compatible; Googlebot/2.1; +http://www.google.com/bot.html)"
66.249.78.10 - - [22/Dec/2014:09:51:39 +0100] "GET / HTTP/1.1" 200 3632 "-" "Mozilla/5.0 (iPhone; CPU iPhone OS 6_0 like Mac OS X) AppleWebKit/536.26 (KHTML, like Gecko) Version/6.0 Mobile/10A5376e Safari/8536.25 (compatible; Googlebot/2.1; +http://www.google.com/bot.html)"
208.115.111.75 - - [22/Dec/2014:10:47:26 +0100] "GET /robots.txt HTTP/1.1" 404 1256 "-" "Mozilla/5.0 (compatible; DotBot/1.1; http://www.opensiteexplorer.org/dotbot, help@moz.com)"
208.115.111.75 - - [22/Dec/2014:11:05:36 +0100] "GET /kontakt.html HTTP/1.1" 200 4348 "-" "Mozilla/5.0 (compatible; DotBot/1.1; http://www.opensiteexplorer.org/dotbot, help@moz.com)"
85.186.103.66 - - [22/Dec/2014:20:52:34 +0100] "GET / HTTP/1.1" 200 3632 "-" "Mozilla/4.0 (compatible; MSIE 6.0; Windows NT 5.1)"
64.246.165.210 - - [22/Dec/2014:22:25:22 +0100] "GET /robots.txt HTTP/1.0" 404 1256 "-" "Mozilla/5.0 (Windows; U; Windows NT 5.1; en; rv:1.9.0.13) Gecko/2009073022 Firefox/3.5.2 (.NET CLR 3.5.30729) SurveyBot/2.3 (DomainTools)"
64.246.165.210 - - [22/Dec/2014:22:25:23 +0100] "GET / HTTP/1.1" 200 3632 "http://whois.domaintools.com/just-malerei.de" "Mozilla/5.0 (Windows; U; Windows NT 5.1; en; rv:1.9.0.13) Gecko/2009073022 Firefox/3.5.2 (.NET CLR 3.5.30729) SurveyBot/2.3 (DomainTools)"
66.249.78.10 - - [23/Dec/2014:06:57:25 +0100] "GET /robots.txt HTTP/1.1" 404 1256 "-" "Mozilla/5.0 (compatible; Googlebot/2.1; +http://www.google.com/bot.html)"
66.249.78.253 - - [23/Dec/2014:06:57:26 +0100] "GET /js/libs/modernizr-2.5.3.min.js HTTP/1.1" 200 15274 "-" "Mozilla/5.0 (compatible; Googlebot/2.1; +http://www.google.com/bot.html)"
66.249.78.3 - - [23/Dec/2014:07:03:26 +0100] "GET /js/plugins.js HTTP/1.1" 200 898 "-" "Mozilla/5.0 (compatible; Googlebot/2.1; +http://www.google.com/bot.html)"
66.249.78.3 - - [23/Dec/2014:07:09:50 +0100] "GET /css/style.css HTTP/1.1" 200 1159 "-" "Mozilla/5.0 (compatible; Googlebot/2.1; +http://www.google.com/bot.html)"
88.198.1.77 - - [23/Dec/2014:07:25:21 +0100] "GET /robots.txt HTTP/1.1" 404 1256 "http://www.sitedomain.de/" "Sitedomain-Bot(Sitedomain-Bot 1.0, http://www.sitedomain.de/sitedomain-bot/)"
208.110.85.226 - - [23/Dec/2014:20:45:03 +0100] "GET / HTTP/1.1" 200 3632 "-" "Mozilla/5.0 (Windows NT 6.1; WOW64) AppleWebKit/537.36 (KHTML, like Gecko) Chrome/36.0.1985.143 Safari/537.36"
157.55.39.185 - - [25/Dec/2014:23:51:44 +0100] "GET /robots.txt HTTP/1.1" 404 1256 "-" "Mozilla/5.0 (compatible; bingbot/2.0; +http://www.bing.com/bingbot.htm)"
157.55.39.185 - - [25/Dec/2014:23:51:49 +0100] "GET / HTTP/1.1" 304 - "-" "Mozilla/5.0 (compatible; bingbot/2.0; +http://www.bing.com/bingbot.htm)"
157.55.39.186 - - [26/Dec/2014:00:26:15 +0100] "GET /index.html HTTP/1.1" 200 3632 "-" "Mozilla/5.0 (compatible; bingbot/2.0; +http://www.bing.com/bingbot.htm)"
144.76.155.8 - - [26/Dec/2014:05:56:30 +0100] "GET /kontakt.html HTTP/1.1" 200 4348 "-" "Mozilla/5.0 (Windows NT 6.1; WOW64) AppleWebKit/537.11 (KHTML, like Gecko) Chrome/23.0.1271.97 Safari/537.11"
148.251.124.42 - - [26/Dec/2014:05:56:30 +0100] "GET / HTTP/1.1" 200 3632 "-" "Mozilla/5.0 (X11; Linux x86_64) AppleWebKit/534.24 (KHTML, like Gecko) Chrome/11.0.696.34 Safari/534.24"
148.251.75.46 - - [26/Dec/2014:05:56:30 +0100] "GET /impressum.html HTTP/1.1" 200 4742 "-" "Mozilla/5.0 (Macintosh; Intel Mac OS X 10.8; rv:21.0) Gecko/20100101 Firefox/21.0"
212.23.103.132 - - [27/Dec/2014:17:59:10 +0100] "GET / HTTP/1.0" 200 3632 "http://www.google.com/" "Mozilla/5.0 (Linux; U; Android 4.2.2; pl-pl; PMP7079D3G_QUAD Build/JDQ39) AppleWebKit/534.30 (KHTML, like Gecko) Version/4.0 Safari/534.30"
212.23.103.132 - - [27/Dec/2014:17:59:11 +0100] "GET /css/style.css HTTP/1.0" 200 1159 "http://www.just-malerei.de/" "Mozilla/5.0 (Linux; U; Android 4.2.2; pl-pl; PMP7079D3G_QUAD Build/JDQ39) AppleWebKit/534.30 (KHTML, like Gecko) Version/4.0 Safari/534.30"
212.23.103.132 - - [27/Dec/2014:17:59:11 +0100] "GET /js/plugins.js HTTP/1.0" 200 898 "http://www.just-malerei.de/" "Mozilla/5.0 (Linux; U; Android 4.2.2; pl-pl; PMP7079D3G_QUAD Build/JDQ39) AppleWebKit/534.30 (KHTML, like Gecko) Version/4.0 Safari/534.30"
212.23.103.132 - - [27/Dec/2014:17:59:11 +0100] "GET /js/libs/modernizr-2.5.3.min.js HTTP/1.0" 200 15274 "http://www.just-malerei.de/" "Mozilla/5.0 (Linux; U; Android 4.2.2; pl-pl; PMP7079D3G_QUAD Build/JDQ39) AppleWebKit/534.30 (KHTML, like Gecko) Version/4.0 Safari/534.30"
212.23.103.132 - - [27/Dec/2014:17:59:11 +0100] "GET /images/middle.png HTTP/1.0" 200 9561 "http://www.just-malerei.de/" "Mozilla/5.0 (Linux; U; Android 4.2.2; pl-pl; PMP7079D3G_QUAD Build/JDQ39) AppleWebKit/534.30 (KHTML, like Gecko) Version/4.0 Safari/534.30"
212.23.103.132 - - [27/Dec/2014:17:59:11 +0100] "GET /images/header.png HTTP/1.0" 200 139455 "http://www.just-malerei.de/" "Mozilla/5.0 (Linux; U; Android 4.2.2; pl-pl; PMP7079D3G_QUAD Build/JDQ39) AppleWebKit/534.30 (KHTML, like Gecko) Version/4.0 Safari/534.30"
212.23.103.132 - - [27/Dec/2014:17:59:11 +0100] "GET /images/footer.png HTTP/1.0" 200 148251 "http://www.just-malerei.de/" "Mozilla/5.0 (Linux; U; Android 4.2.2; pl-pl; PMP7079D3G_QUAD Build/JDQ39) AppleWebKit/534.30 (KHTML, like Gecko) Version/4.0 Safari/534.30"
212.23.103.132 - - [27/Dec/2014:18:00:46 +0100] "GET /favicon.ico HTTP/1.0" 200 93062 "http://www.just-malerei.de/" "Mozilla/5.0 (Linux; U; Android 4.2.2; pl-pl; PMP7079D3G_QUAD Build/JDQ39) AppleWebKit/534.30 (KHTML, like Gecko) Version/4.0 Safari/534.30"
37.24.36.126 - - [27/Dec/2014:22:17:33 +0100] "GET / HTTP/1.1" 200 3632 "-" "-"
37.24.36.126 - - [27/Dec/2014:22:17:33 +0100] "GET / HTTP/1.1" 200 3632 "http://www.google.de/" "finbot"
37.24.36.126 - - [27/Dec/2014:22:17:34 +0100] "GET / HTTP/1.1" 200 3632 "http://www.google.de/" "Mozilla/5.0 (Linux; U; Android 4.1.2; de-de; GT-I8190 Build/JZO54K) AppleWebKit/534.30 (KHTML, like Gecko) Version/4.0 Mobile Safari/534.30"
66.249.78.3 - - [27/Dec/2014:23:49:18 +0100] "GET /robots.txt HTTP/1.1" 404 1256 "-" "Mozilla/5.0 (compatible; Googlebot/2.1; +http://www.google.com/bot.html)"
66.249.78.253 - - [27/Dec/2014:23:49:18 +0100] "GET / HTTP/1.1" 200 3632 "-" "Mozilla/5.0 (iPhone; CPU iPhone OS 6_0 like Mac OS X) AppleWebKit/536.26 (KHTML, like Gecko) Version/6.0 Mobile/10A5376e Safari/8536.25 (compatible; Googlebot/2.1; +http://www.google.com/bot.html)"
37.24.36.126 - - [27/Dec/2014:23:49:20 +0100] "GET / HTTP/1.1" 200 3632 "-" "-"
37.24.36.126 - - [27/Dec/2014:23:49:20 +0100] "GET / HTTP/1.1" 200 3632 "http://www.google.de/" "finbot"
37.24.36.126 - - [27/Dec/2014:23:49:20 +0100] "GET / HTTP/1.1" 200 3632 "http://www.google.de/" "Mozilla/5.0 (Linux; U; Android 4.1.2; de-de; GT-I8190 Build/JZO54K) AppleWebKit/534.30 (KHTML, like Gecko) Version/4.0 Mobile Safari/534.30"
199.30.24.132 - - [28/Dec/2014:01:11:45 +0100] "GET / HTTP/1.1" 200 3632 "-" "Mozilla/5.0 (iPhone; CPU iPhone OS 7_0 like Mac OS X) AppleWebKit/537.51.1 (KHTML, like Gecko) Version/7.0 Mobile/11A465 Safari/9537.53 BingPreview/1.0b"
157.55.39.186 - - [28/Dec/2014:01:11:45 +0100] "GET /robots.txt HTTP/1.1" 404 1256 "-" "Mozilla/5.0 (compatible; bingbot/2.0; +http://www.bing.com/bingbot.htm)"
199.30.24.132 - - [28/Dec/2014:01:11:46 +0100] "GET /css/style.css HTTP/1.1" 200 1159 "http://www.just-malerei.de/" "Mozilla/5.0 (iPhone; CPU iPhone OS 7_0 like Mac OS X) AppleWebKit/537.51.1 (KHTML, like Gecko) Version/7.0 Mobile/11A465 Safari/9537.53 BingPreview/1.0b"
199.30.24.132 - - [28/Dec/2014:01:11:46 +0100] "GET /js/libs/modernizr-2.5.3.min.js HTTP/1.1" 200 15274 "http://www.just-malerei.de/" "Mozilla/5.0 (iPhone; CPU iPhone OS 7_0 like Mac OS X) AppleWebKit/537.51.1 (KHTML, like Gecko) Version/7.0 Mobile/11A465 Safari/9537.53 BingPreview/1.0b"
199.30.24.132 - - [28/Dec/2014:01:11:47 +0100] "GET /js/plugins.js HTTP/1.1" 200 898 "http://www.just-malerei.de/" "Mozilla/5.0 (iPhone; CPU iPhone OS 7_0 like Mac OS X) AppleWebKit/537.51.1 (KHTML, like Gecko) Version/7.0 Mobile/11A465 Safari/9537.53 BingPreview/1.0b"
199.30.24.132 - - [28/Dec/2014:01:11:47 +0100] "GET /images/middle.png HTTP/1.1" 200 9561 "http://www.just-malerei.de/" "Mozilla/5.0 (iPhone; CPU iPhone OS 7_0 like Mac OS X) AppleWebKit/537.51.1 (KHTML, like Gecko) Version/7.0 Mobile/11A465 Safari/9537.53 BingPreview/1.0b"
157.55.39.186 - - [28/Dec/2014:01:11:48 +0100] "GET /robots.txt HTTP/1.1" 404 1256 "-" "Mozilla/5.0 (compatible; bingbot/2.0; +http://www.bing.com/bingbot.htm)"
199.30.24.132 - - [28/Dec/2014:01:11:47 +0100] "GET /images/footer.png HTTP/1.1" 200 148251 "http://www.just-malerei.de/" "Mozilla/5.0 (iPhone; CPU iPhone OS 7_0 like Mac OS X) AppleWebKit/537.51.1 (KHTML, like Gecko) Version/7.0 Mobile/11A465 Safari/9537.53 BingPreview/1.0b"
199.30.24.132 - - [28/Dec/2014:01:11:47 +0100] "GET /images/header.png HTTP/1.1" 200 139455 "http://www.just-malerei.de/" "Mozilla/5.0 (iPhone; CPU iPhone OS 7_0 like Mac OS X) AppleWebKit/537.51.1 (KHTML, like Gecko) Version/7.0 Mobile/11A465 Safari/9537.53 BingPreview/1.0b"
66.249.78.3 - - [28/Dec/2014:08:03:13 +0100] "GET /css/style.css HTTP/1.1" 200 1159 "-" "Mozilla/5.0 (compatible; Googlebot/2.1; +http://www.google.com/bot.html)"
54.191.212.73 - - [28/Dec/2014:12:29:29 +0100] "GET / HTTP/1.1" 200 3632 "-" "Mozilla/4.0 (compatible; MSIE 6.0; Windows NT 5.1; SV1; .NET CLR 2.0.50727; MAXTHON 2.0); Connect Us: webauth@cmcm.com"
54.191.212.73 - - [28/Dec/2014:12:29:30 +0100] "GET /js/libs/modernizr-2.5.3.min.js HTTP/1.1" 200 15274 "-" "Mozilla/4.0 (compatible; MSIE 6.0; Windows NT 5.1; SV1; .NET CLR 2.0.50727; MAXTHON 2.0); Connect Us: webauth@cmcm.com"
93.186.202.253 - - [28/Dec/2014:16:38:33 +0100] "GET /impressum.html HTTP/1.1" 200 4742 "-" "Mozilla/5.0 (Windows; U; Windows NT 6.1; en-US) AppleWebKit/533.19.4 (KHTML, like Gecko) Version/5.0.2 Safari/533.18.5"
93.186.202.253 - - [28/Dec/2014:16:38:35 +0100] "GET / HTTP/1.1" 200 3632 "-" "Mozilla/5.0 (X11; U; Linux i686; en-US; rv:1.9.1.16) Gecko/20120421 Gecko Firefox/11.0"
93.186.202.253 - - [28/Dec/2014:16:38:35 +0100] "GET /kontakt.html HTTP/1.1" 200 4348 "-" "Mozilla/5.0 (Windows NT 6.1) AppleWebKit/537.22 (KHTML, like Gecko) Chrome/25.0.1364.169 Safari/537.22"
66.249.78.253 - - [28/Dec/2014:22:35:47 +0100] "GET /robots.txt HTTP/1.1" 404 1256 "-" "Mozilla/5.0 (compatible; Googlebot/2.1; +http://www.google.com/bot.html)"
66.249.78.253 - - [28/Dec/2014:22:35:47 +0100] "GET / HTTP/1.1" 200 3632 "-" "Mozilla/5.0 (compatible; Googlebot/2.1; +http://www.google.com/bot.html)"
199.58.86.206 - - [29/Dec/2014:10:38:28 +0100] "GET /robots.txt HTTP/1.0" 404 1256 "-" "Mozilla/5.0 (compatible; MJ12bot/v1.4.5; http://www.majestic12.co.uk/bot.php?+)"
199.58.86.206 - - [29/Dec/2014:10:38:30 +0100] "GET / HTTP/1.0" 200 3632 "-" "Mozilla/5.0 (compatible; MJ12bot/v1.4.5; http://www.majestic12.co.uk/bot.php?+)"
46.19.33.241 - - [29/Dec/2014:14:44:20 +0100] "GET / HTTP/1.1" 200 3632 "-" "Mozilla/5.0 (Macintosh; Intel Mac OS X 10_10; rv:33.0) Gecko/20100101 Firefox/33.0"
87.178.174.63 - - [29/Dec/2014:22:29:18 +0100] "GET / HTTP/1.1" 200 3632 "-" "Mozilla/5.0 (Windows NT 6.1; WOW64) AppleWebKit/537.36 (KHTML, like Gecko) Chrome/39.0.2171.95 Safari/537.36"
87.178.174.63 - - [29/Dec/2014:22:29:18 +0100] "GET /css/style.css HTTP/1.1" 200 1159 "http://www.just-malerei.de/" "Mozilla/5.0 (Windows NT 6.1; WOW64) AppleWebKit/537.36 (KHTML, like Gecko) Chrome/39.0.2171.95 Safari/537.36"
87.178.174.63 - - [29/Dec/2014:22:29:18 +0100] "GET /js/libs/modernizr-2.5.3.min.js HTTP/1.1" 200 15274 "http://www.just-malerei.de/" "Mozilla/5.0 (Windows NT 6.1; WOW64) AppleWebKit/537.36 (KHTML, like Gecko) Chrome/39.0.2171.95 Safari/537.36"
87.178.174.63 - - [29/Dec/2014:22:29:18 +0100] "GET /js/plugins.js HTTP/1.1" 200 898 "http://www.just-malerei.de/" "Mozilla/5.0 (Windows NT 6.1; WOW64) AppleWebKit/537.36 (KHTML, like Gecko) Chrome/39.0.2171.95 Safari/537.36"
87.178.174.63 - - [29/Dec/2014:22:29:18 +0100] "GET /images/middle.png HTTP/1.1" 200 9561 "http://www.just-malerei.de/css/style.css" "Mozilla/5.0 (Windows NT 6.1; WOW64) AppleWebKit/537.36 (KHTML, like Gecko) Chrome/39.0.2171.95 Safari/537.36"
87.178.174.63 - - [29/Dec/2014:22:29:18 +0100] "GET /images/header.png HTTP/1.1" 200 139455 "http://www.just-malerei.de/css/style.css" "Mozilla/5.0 (Windows NT 6.1; WOW64) AppleWebKit/537.36 (KHTML, like Gecko) Chrome/39.0.2171.95 Safari/537.36"
87.178.174.63 - - [29/Dec/2014:22:29:18 +0100] "GET /images/footer.png HTTP/1.1" 200 148251 "http://www.just-malerei.de/css/style.css" "Mozilla/5.0 (Windows NT 6.1; WOW64) AppleWebKit/537.36 (KHTML, like Gecko) Chrome/39.0.2171.95 Safari/537.36"
87.178.174.63 - - [29/Dec/2014:22:29:18 +0100] "GET /favicon.ico HTTP/1.1" 200 93062 "-" "Mozilla/5.0 (Windows NT 6.1; WOW64) AppleWebKit/537.36 (KHTML, like Gecko) Chrome/39.0.2171.95 Safari/537.36"
87.178.174.63 - - [29/Dec/2014:22:29:27 +0100] "GET /impressum.html HTTP/1.1" 200 4742 "http://www.just-malerei.de/" "Mozilla/5.0 (Windows NT 6.1; WOW64) AppleWebKit/537.36 (KHTML, like Gecko) Chrome/39.0.2171.95 Safari/537.36"
87.178.174.63 - - [29/Dec/2014:22:29:27 +0100] "GET /images/middle1.png HTTP/1.1" 200 240127 "http://www.just-malerei.de/css/style.css" "Mozilla/5.0 (Windows NT 6.1; WOW64) AppleWebKit/537.36 (KHTML, like Gecko) Chrome/39.0.2171.95 Safari/537.36"
72.46.136.178 - - [30/Dec/2014:02:59:14 +0100] "GET / HTTP/1.1" 200 3632 "-" "Mozilla/4.0 (compatible; MSIE 6.0; Windows NT 5.1; SV1)"
66.249.78.10 - - [30/Dec/2014:08:56:43 +0100] "GET /robots.txt HTTP/1.1" 404 1256 "-" "Mozilla/5.0 (compatible; Googlebot/2.1; +http://www.google.com/bot.html)"
66.249.78.10 - - [30/Dec/2014:08:56:43 +0100] "GET / HTTP/1.1" 200 3632 "-" "Mozilla/5.0 (compatible; Googlebot/2.1; +http://www.google.com/bot.html)"
66.249.78.253 - - [30/Dec/2014:11:24:00 +0100] "GET /kontakt.html HTTP/1.1" 200 4348 "-" "Mozilla/5.0 (compatible; Googlebot/2.1; +http://www.google.com/bot.html)"
66.249.78.10 - - [30/Dec/2014:11:27:20 +0100] "GET /js/plugins.js HTTP/1.1" 200 898 "-" "Mozilla/5.0 (compatible; Googlebot/2.1; +http://www.google.com/bot.html)"
66.249.78.3 - - [30/Dec/2014:11:27:20 +0100] "GET /css/style.css HTTP/1.1" 200 1159 "-" "Mozilla/5.0 (compatible; Googlebot/2.1; +http://www.google.com/bot.html)"
66.249.78.10 - - [30/Dec/2014:11:27:40 +0100] "GET /js/libs/modernizr-2.5.3.min.js HTTP/1.1" 200 15274 "http://www.just-malerei.de/kontakt.html" "Mozilla/5.0 (compatible; Googlebot/2.1; +http://www.google.com/bot.html)"
66.249.78.10 - - [30/Dec/2014:14:35:40 +0100] "GET /js/libs/modernizr-2.5.3.min.js HTTP/1.1" 200 15274 "-" "Mozilla/5.0 (compatible; Googlebot/2.1; +http://www.google.com/bot.html)"
66.249.78.10 - - [30/Dec/2014:16:40:31 +0100] "GET /index.html HTTP/1.1" 200 3632 "-" "Mozilla/5.0 (compatible; Googlebot/2.1; +http://www.google.com/bot.html)"
78.54.107.235 - - [30/Dec/2014:20:32:17 +0100] "GET / HTTP/1.1" 200 3632 "-" "UserAgent: Apache-HttpClient/release (java 1.5)"
78.54.107.235 - - [30/Dec/2014:20:32:18 +0100] "GET /impressum.html HTTP/1.1" 200 4742 "-" "UserAgent: Apache-HttpClient/release (java 1.5)"
66.249.78.253 - - [30/Dec/2014:20:35:51 +0100] "GET / HTTP/1.1" 200 3632 "-" "Mozilla/5.0 (compatible; Googlebot/2.1; +http://www.google.com/bot.html)"
66.249.78.3 - - [30/Dec/2014:21:45:16 +0100] "GET /robots.txt HTTP/1.1" 404 1256 "-" "Mozilla/5.0 (compatible; Googlebot/2.1; +http://www.google.com/bot.html)"
66.249.78.3 - - [30/Dec/2014:21:45:17 +0100] "GET /kontakt.html HTTP/1.1" 304 - "-" "Mozilla/5.0 (compatible; Googlebot/2.1; +http://www.google.com/bot.html)"
66.249.78.10 - - [30/Dec/2014:22:29:46 +0100] "GET /impressum.html HTTP/1.1" 200 4742 "-" "Mozilla/5.0 (compatible; Googlebot/2.1; +http://www.google.com/bot.html)"
66.249.78.10 - - [30/Dec/2014:23:57:47 +0100] "GET / HTTP/1.1" 200 3632 "-" "Mozilla/5.0 (compatible; Googlebot/2.1; +http://www.google.com/bot.html)"
98.126.22.114 - - [31/Dec/2014:00:13:15 +0100] "GET /Fckeditor/editor/filemanager/browser/default/connectors/test.html HTTP/1.1" 404 1256 "-" "Mozilla/4.0 (compatible; Win32; WinHttp.WinHttpRequest.5)"
98.126.22.114 - - [31/Dec/2014:00:13:16 +0100] "GET /admin/fckeditor/editor/filemanager/browser/default/connectors/test.html HTTP/1.1" 404 1256 "-" "Mozilla/4.0 (compatible; Win32; WinHttp.WinHttpRequest.5)"
98.126.22.114 - - [31/Dec/2014:00:13:16 +0100] "GET /editor/editor/filemanager/browser/default/connectors/test.html HTTP/1.1" 404 1256 "-" "Mozilla/4.0 (compatible; Win32; WinHttp.WinHttpRequest.5)"
98.126.22.114 - - [31/Dec/2014:00:13:16 +0100] "GET /FCKeditor/editor/filemanager/connectors/uploadtest.html HTTP/1.1" 404 1256 "-" "Mozilla/4.0 (compatible; Win32; WinHttp.WinHttpRequest.5)"
98.126.22.114 - - [31/Dec/2014:00:13:16 +0100] "GET /admin/fckeditor/editor/filemanager/browser/default/connectors/uploadtest.html HTTP/1.1" 404 1256 "-" "Mozilla/4.0 (compatible; Win32; WinHttp.WinHttpRequest.5)"
98.126.22.114 - - [31/Dec/2014:00:13:16 +0100] "GET /editor/editor/filemanager/browser/default/connectors/uploadtest.html HTTP/1.1" 404 1256 "-" "Mozilla/4.0 (compatible; Win32; WinHttp.WinHttpRequest.5)"
98.126.22.114 - - [31/Dec/2014:00:13:16 +0100] "GET /Administrator/fckeditor/editor/filemanager/browser/default/connectors/test.html HTTP/1.1" 404 1256 "-" "Mozilla/4.0 (compatible; Win32; WinHttp.WinHttpRequest.5)"
98.126.22.114 - - [31/Dec/2014:00:13:17 +0100] "GET /Administrator/fckeditor/editor/filemanager/browser/default/connectors/uploadtest.html HTTP/1.1" 404 1256 "-" "Mozilla/4.0 (compatible; Win32; WinHttp.WinHttpRequest.5)"
66.249.78.3 - - [31/Dec/2014:02:23:56 +0100] "GET /kontakt.html HTTP/1.1" 304 - "-" "Mozilla/5.0 (compatible; Googlebot/2.1; +http://www.google.com/bot.html)"