66.249.78.252 - - [01/Oct/2014:04:14:59 +0200] "GET /robots.txt HTTP/1.1" 404 1256 "-" "Mozilla/5.0 (compatible; Googlebot/2.1; +http://www.google.com/bot.html)"
66.249.78.9 - - [01/Oct/2014:04:14:59 +0200] "GET / HTTP/1.1" 304 - "-" "Mozilla/5.0 (compatible; Googlebot/2.1; +http://www.google.com/bot.html)"
208.115.113.91 - - [01/Oct/2014:07:14:37 +0200] "GET /robots.txt HTTP/1.1" 404 1256 "-" "Mozilla/5.0 (compatible; DotBot/1.1; http://www.opensiteexplorer.org/dotbot, help@moz.com)"
208.115.113.91 - - [01/Oct/2014:11:29:54 +0200] "GET /impressum.html HTTP/1.1" 200 4742 "-" "Mozilla/5.0 (compatible; DotBot/1.1; http://www.opensiteexplorer.org/dotbot, help@moz.com)"
78.54.188.63 - - [01/Oct/2014:20:21:16 +0200] "GET / HTTP/1.1" 200 3632 "-" "UserAgent: Apache-HttpClient/release (java 1.5)"
78.54.188.63 - - [01/Oct/2014:20:21:16 +0200] "GET /impressum.html HTTP/1.1" 200 4742 "-" "UserAgent: Apache-HttpClient/release (java 1.5)"
66.249.78.9 - - [01/Oct/2014:21:01:49 +0200] "GET /robots.txt HTTP/1.1" 404 1256 "-" "Mozilla/5.0 (compatible; Googlebot/2.1; +http://www.google.com/bot.html)"
66.249.64.14 - - [01/Oct/2014:21:01:49 +0200] "GET / HTTP/1.1" 304 - "-" "Mozilla/5.0 (compatible; Googlebot/2.1; +http://www.google.com/bot.html)"
66.249.78.1 - - [02/Oct/2014:02:02:59 +0200] "GET /robots.txt HTTP/1.1" 404 1256 "-" "Mozilla/5.0 (compatible; Googlebot/2.1; +http://www.google.com/bot.html)"
66.249.78.1 - - [02/Oct/2014:02:02:59 +0200] "GET /impressum.html HTTP/1.1" 304 - "-" "Mozilla/5.0 (iPhone; CPU iPhone OS 6_0 like Mac OS X) AppleWebKit/536.26 (KHTML, like Gecko) Version/6.0 Mobile/10A5376e Safari/8536.25 (compatible; Googlebot/2.1; +http://www.google.com/bot.html)"
66.249.78.9 - - [02/Oct/2014:05:12:23 +0200] "GET /kontakt.html HTTP/1.1" 304 - "-" "Mozilla/5.0 (compatible; Googlebot/2.1; +http://www.google.com/bot.html)"
66.249.78.1 - - [02/Oct/2014:07:37:09 +0200] "GET /kontakt.html HTTP/1.1" 304 - "-" "Mozilla/5.0 (iPhone; CPU iPhone OS 6_0 like Mac OS X) AppleWebKit/536.26 (KHTML, like Gecko) Version/6.0 Mobile/10A5376e Safari/8536.25 (compatible; Googlebot/2.1; +http://www.google.com/bot.html)"
66.249.78.1 - - [02/Oct/2014:09:56:18 +0200] "GET / HTTP/1.1" 304 - "-" "Mozilla/5.0 (compatible; Googlebot/2.1; +http://www.google.com/bot.html)"
66.249.78.9 - - [02/Oct/2014:10:19:30 +0200] "GET /robots.txt HTTP/1.1" 404 1256 "-" "Mozilla/5.0 (compatible; Googlebot/2.1; +http://www.google.com/bot.html)"
66.249.78.1 - - [02/Oct/2014:10:19:30 +0200] "GET /impressum.html HTTP/1.1" 304 - "-" "Mozilla/5.0 (compatible; Googlebot/2.1; +http://www.google.com/bot.html)"
66.249.78.9 - - [02/Oct/2014:12:39:01 +0200] "GET /kontakt.html HTTP/1.1" 304 - "-" "Mozilla/5.0 (compatible; Googlebot/2.1; +http://www.google.com/bot.html)"
66.249.64.14 - - [02/Oct/2014:15:08:28 +0200] "GET /impressum.html HTTP/1.1" 304 - "-" "Mozilla/5.0 (iPhone; CPU iPhone OS 6_0 like Mac OS X) AppleWebKit/536.26 (KHTML, like Gecko) Version/6.0 Mobile/10A5376e Safari/8536.25 (compatible; Googlebot/2.1; +http://www.google.com/bot.html)"
66.249.78.252 - - [02/Oct/2014:19:08:20 +0200] "GET /kontakt.html HTTP/1.1" 304 - "-" "Mozilla/5.0 (compatible; Googlebot/2.1; +http://www.google.com/bot.html)"
157.55.39.184 - - [03/Oct/2014:05:50:06 +0200] "GET /robots.txt HTTP/1.1" 404 1256 "-" "Mozilla/5.0 (compatible; bingbot/2.0; +http://www.bing.com/bingbot.htm)"
157.55.39.182 - - [03/Oct/2014:05:50:17 +0200] "GET /impressum.html HTTP/1.1" 200 4742 "-" "Mozilla/5.0 (compatible; bingbot/2.0; +http://www.bing.com/bingbot.htm)"
199.58.86.211 - - [04/Oct/2014:10:17:15 +0200] "GET /robots.txt HTTP/1.0" 404 1256 "-" "Mozilla/5.0 (compatible; MJ12bot/v1.4.5; http://www.majestic12.co.uk/bot.php?+)"
199.58.86.211 - - [04/Oct/2014:10:17:16 +0200] "GET / HTTP/1.0" 200 3632 "-" "Mozilla/5.0 (compatible; MJ12bot/v1.4.5; http://www.majestic12.co.uk/bot.php?+)"
66.249.69.22 - - [05/Oct/2014:03:28:30 +0200] "GET /robots.txt HTTP/1.1" 404 1256 "-" "Mozilla/5.0 (compatible; Googlebot/2.1; +http://www.google.com/bot.html)"
66.249.69.246 - - [05/Oct/2014:03:28:31 +0200] "GET / HTTP/1.1" 200 3632 "-" "Mozilla/5.0 (iPhone; CPU iPhone OS 6_0 like Mac OS X) AppleWebKit/536.26 (KHTML, like Gecko) Version/6.0 Mobile/10A5376e Safari/8536.25 (compatible; Googlebot/2.1; +http://www.google.com/bot.html)"
66.249.69.246 - - [05/Oct/2014:04:51:35 +0200] "GET /js/plugins.js HTTP/1.1" 200 898 "-" "Mozilla/5.0 (compatible; Googlebot/2.1; +http://www.google.com/bot.html)"
66.249.69.246 - - [05/Oct/2014:04:51:36 +0200] "GET /css/style.css HTTP/1.1" 200 1159 "-" "Mozilla/5.0 (compatible; Googlebot/2.1; +http://www.google.com/bot.html)"
66.249.69.7 - - [05/Oct/2014:04:51:50 +0200] "GET /js/libs/modernizr-2.5.3.min.js HTTP/1.1" 200 15274 "-" "Mozilla/5.0 (compatible; Googlebot/2.1; +http://www.google.com/bot.html)"
64.246.187.42 - - [06/Oct/2014:13:17:24 +0200] "GET /robots.txt HTTP/1.0" 404 1256 "-" "Mozilla/5.0 (Windows; U; Windows NT 5.1; en; rv:1.9.0.13) Gecko/2009073022 Firefox/3.5.2 (.NET CLR 3.5.30729) SurveyBot/2.3 (DomainTools)"
64.246.187.42 - - [06/Oct/2014:13:17:24 +0200] "GET / HTTP/1.1" 200 3632 "http://whois.domaintools.com/just-malerei.de" "Mozilla/5.0 (Windows; U; Windows NT 5.1; en; rv:1.9.0.13) Gecko/2009073022 Firefox/3.5.2 (.NET CLR 3.5.30729) SurveyBot/2.3 (DomainTools)"
66.249.78.1 - - [06/Oct/2014:21:01:55 +0200] "GET /robots.txt HTTP/1.1" 404 1256 "-" "Mozilla/5.0 (compatible; Googlebot/2.1; +http://www.google.com/bot.html)"
66.249.78.1 - - [06/Oct/2014:21:01:55 +0200] "GET / HTTP/1.1" 304 - "-" "Mozilla/5.0 (iPhone; CPU iPhone OS 6_0 like Mac OS X) AppleWebKit/536.26 (KHTML, like Gecko) Version/6.0 Mobile/10A5376e Safari/8536.25 (compatible; Googlebot/2.1; +http://www.google.com/bot.html)"
66.249.78.1 - - [08/Oct/2014:02:13:24 +0200] "GET /robots.txt HTTP/1.1" 404 1256 "-" "Mozilla/5.0 (compatible; Googlebot/2.1; +http://www.google.com/bot.html)"
66.249.78.252 - - [08/Oct/2014:02:13:24 +0200] "GET / HTTP/1.1" 304 - "-" "Mozilla/5.0 (iPhone; CPU iPhone OS 6_0 like Mac OS X) AppleWebKit/536.26 (KHTML, like Gecko) Version/6.0 Mobile/10A5376e Safari/8536.25 (compatible; Googlebot/2.1; +http://www.google.com/bot.html)"
217.7.191.229 - - [08/Oct/2014:15:29:25 +0200] "GET / HTTP/1.1" 200 3632 "http://w4bcrm.intern.cm-ag/vtc/index.php?module=Leads&action=DetailView&record=206215&parenttab=Marketing" "Mozilla/5.0 (Windows NT 6.3; WOW64; rv:32.0) Gecko/20100101 Firefox/32.0"
217.7.191.229 - - [08/Oct/2014:15:29:25 +0200] "GET /css/style.css HTTP/1.1" 200 1159 "http://www.just-malerei.de/" "Mozilla/5.0 (Windows NT 6.3; WOW64; rv:32.0) Gecko/20100101 Firefox/32.0"
217.7.191.229 - - [08/Oct/2014:15:29:25 +0200] "GET /js/libs/modernizr-2.5.3.min.js HTTP/1.1" 200 15274 "http://www.just-malerei.de/" "Mozilla/5.0 (Windows NT 6.3; WOW64; rv:32.0) Gecko/20100101 Firefox/32.0"
217.7.191.229 - - [08/Oct/2014:15:29:25 +0200] "GET /js/plugins.js HTTP/1.1" 200 898 "http://www.just-malerei.de/" "Mozilla/5.0 (Windows NT 6.3; WOW64; rv:32.0) Gecko/20100101 Firefox/32.0"
217.7.191.229 - - [08/Oct/2014:15:29:25 +0200] "GET /images/middle.png HTTP/1.1" 200 9561 "http://www.just-malerei.de/css/style.css" "Mozilla/5.0 (Windows NT 6.3; WOW64; rv:32.0) Gecko/20100101 Firefox/32.0"
217.7.191.229 - - [08/Oct/2014:15:29:25 +0200] "GET /images/header.png HTTP/1.1" 200 139455 "http://www.just-malerei.de/css/style.css" "Mozilla/5.0 (Windows NT 6.3; WOW64; rv:32.0) Gecko/20100101 Firefox/32.0"
217.7.191.229 - - [08/Oct/2014:15:29:25 +0200] "GET /images/footer.png HTTP/1.1" 200 148251 "http://www.just-malerei.de/css/style.css" "Mozilla/5.0 (Windows NT 6.3; WOW64; rv:32.0) Gecko/20100101 Firefox/32.0"
217.7.191.229 - - [08/Oct/2014:15:29:26 +0200] "GET /favicon.ico HTTP/1.1" 200 93062 "-" "Mozilla/5.0 (Windows NT 6.3; WOW64; rv:32.0) Gecko/20100101 Firefox/32.0"
217.7.191.229 - - [08/Oct/2014:15:29:50 +0200] "GET /impressum.html HTTP/1.1" 200 4742 "http://www.just-malerei.de/" "Mozilla/5.0 (Windows NT 6.3; WOW64; rv:32.0) Gecko/20100101 Firefox/32.0"
217.7.191.229 - - [08/Oct/2014:15:29:50 +0200] "GET /images/middle1.png HTTP/1.1" 200 240127 "http://www.just-malerei.de/css/style.css" "Mozilla/5.0 (Windows NT 6.3; WOW64; rv:32.0) Gecko/20100101 Firefox/32.0"
217.7.191.229 - - [08/Oct/2014:15:29:59 +0200] "GET /index.html HTTP/1.1" 200 3632 "http://www.just-malerei.de/impressum.html" "Mozilla/5.0 (Windows NT 6.3; WOW64; rv:32.0) Gecko/20100101 Firefox/32.0"
104.131.193.195 - - [08/Oct/2014:17:28:58 +0200] "GET / HTTP/1.0" 200 3632 "-" "Mozilla/5.0 (compatible; NetcraftSurveyAgent/1.0; +info@netcraft.com)"
93.186.202.253 - - [08/Oct/2014:23:58:50 +0200] "GET /impressum.html HTTP/1.1" 200 4742 "-" "Mozilla/5.0 (compatible; MSIE 10.0; Windows NT 6.1; WOW64; Trident/6.0)"
93.186.202.253 - - [08/Oct/2014:23:58:51 +0200] "GET / HTTP/1.1" 200 3632 "-" "Mozilla/5.0 (Windows NT 6.2; rv:21.0) Gecko/20130326 Firefox/21.0"
88.198.56.239 - - [09/Oct/2014:00:02:34 +0200] "GET / HTTP/1.1" 200 3632 "-" "Mozilla/5.0 (Windows NT 6.1; U;WOW64; de;rv:11.0) Gecko Firefox/11.0"
144.76.185.173 - - [09/Oct/2014:00:02:34 +0200] "GET /impressum.html HTTP/1.1" 200 4742 "-" "Mozilla/5.0 (Windows NT 6.2; rv:21.0) Gecko/20130326 Firefox/21.0"
36.46.30.45 - - [10/Oct/2014:04:48:36 +0200] "GET /index.html HTTP/1.1" 200 3632 "http://cn.bing.com/search?q=Gerd+Just+Malerei+GmbH&qs=n&form=QBRE&pq=gerd+just+malerei+gmbh&sc=0-0&sp=-1&sk=&cvid=ffc0a9b0bc6442d4bbfbef5287d1e0f9" "Mozilla/5.0 (Windows NT 6.1; rv:32.0) Gecko/20100101 Firefox/32.0"
36.46.30.45 - - [10/Oct/2014:04:48:37 +0200] "GET /css/style.css HTTP/1.1" 200 1159 "http://www.just-malerei.de/index.html" "Mozilla/5.0 (Windows NT 6.1; rv:32.0) Gecko/20100101 Firefox/32.0"
36.46.30.45 - - [10/Oct/2014:04:48:37 +0200] "GET /js/libs/modernizr-2.5.3.min.js HTTP/1.1" 200 15274 "http://www.just-malerei.de/index.html" "Mozilla/5.0 (Windows NT 6.1; rv:32.0) Gecko/20100101 Firefox/32.0"
36.46.30.45 - - [10/Oct/2014:04:48:37 +0200] "GET /impressum.html HTTP/1.1" 200 4742 "http://cn.bing.com/search?q=Gerd+Just+Malerei+GmbH&qs=n&form=QBRE&pq=gerd+just+malerei+gmbh&sc=0-0&sp=-1&sk=&cvid=ffc0a9b0bc6442d4bbfbef5287d1e0f9" "Mozilla/5.0 (Windows NT 6.1; rv:32.0) Gecko/20100101 Firefox/32.0"
36.46.30.45 - - [10/Oct/2014:04:48:38 +0200] "GET /js/plugins.js HTTP/1.1" 200 898 "http://www.just-malerei.de/index.html" "Mozilla/5.0 (Windows NT 6.1; rv:32.0) Gecko/20100101 Firefox/32.0"
36.46.30.45 - - [10/Oct/2014:04:48:39 +0200] "GET /images/middle.png HTTP/1.1" 200 9561 "http://www.just-malerei.de/css/style.css" "Mozilla/5.0 (Windows NT 6.1; rv:32.0) Gecko/20100101 Firefox/32.0"
36.46.30.45 - - [10/Oct/2014:04:48:38 +0200] "GET /images/header.png HTTP/1.1" 200 139455 "http://www.just-malerei.de/css/style.css" "Mozilla/5.0 (Windows NT 6.1; rv:32.0) Gecko/20100101 Firefox/32.0"
36.46.30.45 - - [10/Oct/2014:04:48:39 +0200] "GET /images/middle1.png HTTP/1.1" 200 240127 "http://www.just-malerei.de/css/style.css" "Mozilla/5.0 (Windows NT 6.1; rv:32.0) Gecko/20100101 Firefox/32.0"
36.46.30.45 - - [10/Oct/2014:04:48:43 +0200] "GET /favicon.ico HTTP/1.1" 200 93062 "-" "Mozilla/5.0 (Windows NT 6.1; rv:32.0) Gecko/20100101 Firefox/32.0"
36.46.30.45 - - [10/Oct/2014:04:48:39 +0200] "GET /images/footer.png HTTP/1.1" 200 148251 "http://www.just-malerei.de/css/style.css" "Mozilla/5.0 (Windows NT 6.1; rv:32.0) Gecko/20100101 Firefox/32.0"
74.52.245.146 - - [10/Oct/2014:16:56:35 +0200] "GET / HTTP/1.0" 200 3632 "-" "Mozilla/5.0 (X11; U; Linux i686; en-US; rv:1.7.5) Gecko/20041107 Firefox/1.0"
157.55.39.142 - - [11/Oct/2014:04:58:18 +0200] "GET /robots.txt HTTP/1.1" 404 1256 "-" "Mozilla/5.0 (compatible; bingbot/2.0; +http://www.bing.com/bingbot.htm)"
157.55.39.142 - - [11/Oct/2014:04:58:40 +0200] "GET / HTTP/1.1" 200 3632 "-" "Mozilla/5.0 (compatible; bingbot/2.0; +http://www.bing.com/bingbot.htm)"
157.55.39.142 - - [11/Oct/2014:05:00:42 +0200] "GET /robots.txt HTTP/1.1" 404 1256 "-" "Mozilla/5.0 (compatible; bingbot/2.0; +http://www.bing.com/bingbot.htm)"
207.46.13.116 - - [11/Oct/2014:05:00:57 +0200] "GET /js/libs/modernizr-2.5.3.min.js HTTP/1.1" 200 15274 "-" "Mozilla/5.0 (compatible; bingbot/2.0; +http://www.bing.com/bingbot.htm)"
157.55.39.78 - - [11/Oct/2014:05:29:54 +0200] "GET /css/style.css HTTP/1.1" 200 1159 "-" "Mozilla/5.0 (compatible; bingbot/2.0; +http://www.bing.com/bingbot.htm)"
157.55.39.78 - - [11/Oct/2014:05:29:54 +0200] "GET /js/plugins.js HTTP/1.1" 200 898 "-" "Mozilla/5.0 (compatible; bingbot/2.0; +http://www.bing.com/bingbot.htm)"
108.59.8.70 - - [11/Oct/2014:13:54:07 +0200] "GET /robots.txt HTTP/1.0" 404 1256 "-" "Mozilla/5.0 (compatible; MJ12bot/v1.4.5; http://www.majestic12.co.uk/bot.php?+)"
108.59.8.70 - - [11/Oct/2014:13:54:09 +0200] "GET / HTTP/1.0" 200 3632 "-" "Mozilla/5.0 (compatible; MJ12bot/v1.4.5; http://www.majestic12.co.uk/bot.php?+)"
58.59.234.112 - - [13/Oct/2014:12:51:22 +0200] "GET /Fckeditor/editor/filemanager/browser/default/connectors/test.html HTTP/1.1" 404 1256 "-" "Mozilla/4.0 (compatible; Win32; WinHttp.WinHttpRequest.5)"
58.59.234.112 - - [13/Oct/2014:12:51:22 +0200] "GET /FCKeditor/editor/filemanager/connectors/test.html HTTP/1.1" 404 1256 "-" "Mozilla/4.0 (compatible; Win32; WinHttp.WinHttpRequest.5)"
58.59.234.112 - - [13/Oct/2014:12:51:22 +0200] "GET /admin/Fckeditor/editor/filemanager/browser/default/connectors/test.html HTTP/1.1" 404 1256 "-" "Mozilla/4.0 (compatible; Win32; WinHttp.WinHttpRequest.5)"
58.59.234.112 - - [13/Oct/2014:12:51:23 +0200] "GET /admin/FCKeditor/editor/filemanager/connectors/test.html HTTP/1.1" 404 1256 "-" "Mozilla/4.0 (compatible; Win32; WinHttp.WinHttpRequest.5)"
58.59.234.112 - - [13/Oct/2014:12:51:23 +0200] "GET /editor/editor/filemanager/browser/default/connectors/test.html HTTP/1.1" 404 1256 "-" "Mozilla/4.0 (compatible; Win32; WinHttp.WinHttpRequest.5)"
58.59.234.112 - - [13/Oct/2014:12:51:23 +0200] "GET /editor/editor/filemanager/connectors/test.html HTTP/1.1" 404 1256 "-" "Mozilla/4.0 (compatible; Win32; WinHttp.WinHttpRequest.5)"
207.46.13.62 - - [13/Oct/2014:21:26:02 +0200] "GET /robots.txt HTTP/1.1" 404 1256 "-" "Mozilla/5.0 (compatible; bingbot/2.0; +http://www.bing.com/bingbot.htm)"
207.46.13.62 - - [13/Oct/2014:21:27:48 +0200] "GET /kontakt.html HTTP/1.1" 200 4348 "-" "Mozilla/5.0 (compatible; bingbot/2.0; +http://www.bing.com/bingbot.htm)"
144.76.201.69 - - [14/Oct/2014:00:26:18 +0200] "GET / HTTP/1.1" 200 3632 "-" "Mozilla/5.0 (Windows NT 6.1; WOW64) AppleWebKit/537.11 (KHTML, like Gecko) Chrome/23.0.1271.97 Safari/537.11"
144.76.163.48 - - [14/Oct/2014:00:26:23 +0200] "GET /impressum.html HTTP/1.1" 200 4742 "-" "Mozilla/5.0 (Macintosh; Intel Mac OS X 1084) AppleWebKit/536.28.10 (KHTML like Gecko) Version/6.0.3 Safari/536.28.10"
37.120.162.91 - - [14/Oct/2014:02:03:04 +0200] "GET / HTTP/1.1" 200 3632 "http://www.google.de/?source=mog&gl=de" "Opera/9.10 (Windows NT 5.1; U; en)"
37.120.162.91 - - [14/Oct/2014:02:03:04 +0200] "GET / HTTP/1.1" 200 3632 "http://www.google.de/?source=mog&gl=de" "Opera/9.10 (Windows NT 5.1; U; en)"
37.120.162.91 - - [14/Oct/2014:02:03:04 +0200] "GET / HTTP/1.1" 200 3632 "http://www.google.de/?source=mog&gl=de" "Opera/9.10 (Windows NT 5.1; U; en)"
37.120.162.91 - - [14/Oct/2014:02:03:04 +0200] "GET /impressum.html HTTP/1.1" 200 4742 "http://www.google.de/?source=mog&gl=de" "Opera/9.10 (Windows NT 5.1; U; en)"
37.120.162.91 - - [14/Oct/2014:02:03:04 +0200] "GET /kontakt.html HTTP/1.1" 200 4348 "http://www.google.de/?source=mog&gl=de" "Opera/9.10 (Windows NT 5.1; U; en)"
37.120.162.91 - - [14/Oct/2014:02:03:04 +0200] "GET /impressum.html HTTP/1.1" 200 4742 "http://www.just-malerei.de" "Mozilla/4.0 (compatible; MSIE 8.0; Windows NT 5.1; Trident/4.0; 001_001; .NET CLR 1.1.4322; .NET CLR 2.0.50727; .NET CLR 3.0.4506.2152; .NET CLR 3.5.30729; InfoPath.1; 001_001; 001_001)"
37.120.162.91 - - [14/Oct/2014:02:03:47 +0200] "GET /kontakt.html HTTP/1.1" 200 4348 "http://www.just-malerei.de" "Mozilla/5.0 (X11; U; Linux x86_64; en-US; rv:1.9.2.13) Gecko/20101206 Ubuntu/10.10 (maverick) Firefox/3.6.13"
37.120.162.91 - - [14/Oct/2014:02:03:47 +0200] "GET /index.html HTTP/1.1" 200 3632 "http://www.just-malerei.de" "Mozilla/5.0 (Macintosh; U; Intel Mac OS X 10_6_2; en-US) AppleWebKit/533.1 (KHTML, like Gecko) Chrome/5.0.322.2 Safari/533.1"
37.120.162.91 - - [14/Oct/2014:02:03:48 +0200] "GET / HTTP/1.1" 200 3632 "http://www.just-malerei.de" "Mozilla/5.0 (X11; U; Linux x86_64; de; rv:1.8.1.12) Gecko/20080207 Ubuntu/7.10 (gutsy) Firefox/2.0.0.12"
207.46.13.62 - - [14/Oct/2014:02:52:56 +0200] "GET /kontakt.html HTTP/1.1" 304 - "-" "Mozilla/5.0 (compatible; bingbot/2.0; +http://www.bing.com/bingbot.htm)"
66.249.78.252 - - [14/Oct/2014:15:30:04 +0200] "GET /robots.txt HTTP/1.1" 404 1256 "-" "Mozilla/5.0 (compatible; Googlebot/2.1; +http://www.google.com/bot.html)"
66.249.78.252 - - [14/Oct/2014:15:30:04 +0200] "GET / HTTP/1.1" 200 3632 "-" "Mozilla/5.0 (iPhone; CPU iPhone OS 6_0 like Mac OS X) AppleWebKit/536.26 (KHTML, like Gecko) Version/6.0 Mobile/10A5376e Safari/8536.25 (compatible; Googlebot/2.1; +http://www.google.com/bot.html)"
66.249.78.9 - - [14/Oct/2014:15:39:05 +0200] "GET /css/style.css HTTP/1.1" 200 1159 "-" "Mozilla/5.0 (compatible; Googlebot/2.1; +http://www.google.com/bot.html)"
66.249.78.1 - - [14/Oct/2014:15:39:30 +0200] "GET /js/plugins.js HTTP/1.1" 200 898 "-" "Mozilla/5.0 (compatible; Googlebot/2.1; +http://www.google.com/bot.html)"
66.249.78.9 - - [14/Oct/2014:15:39:55 +0200] "GET /js/libs/modernizr-2.5.3.min.js HTTP/1.1" 200 15274 "-" "Mozilla/5.0 (compatible; Googlebot/2.1; +http://www.google.com/bot.html)"
66.249.78.1 - - [14/Oct/2014:15:40:20 +0200] "GET /js/libs/modernizr-2.5.3.min.js HTTP/1.1" 200 15274 "http://www.just-malerei.de/" "Mozilla/5.0 (compatible; Googlebot/2.1; +http://www.google.com/bot.html)"
157.55.39.48 - - [14/Oct/2014:18:35:03 +0200] "GET /robots.txt HTTP/1.1" 404 1256 "-" "Mozilla/5.0 (compatible; bingbot/2.0; +http://www.bing.com/bingbot.htm)"
157.55.39.48 - - [14/Oct/2014:18:35:09 +0200] "GET /impressum.html HTTP/1.1" 200 4742 "-" "Mozilla/5.0 (compatible; bingbot/2.0; +http://www.bing.com/bingbot.htm)"
207.46.13.62 - - [14/Oct/2014:18:35:26 +0200] "GET /robots.txt HTTP/1.1" 404 1256 "-" "Mozilla/5.0 (compatible; bingbot/2.0; +http://www.bing.com/bingbot.htm)"
157.55.39.253 - - [14/Oct/2014:18:35:30 +0200] "GET /css/style.css HTTP/1.1" 200 1159 "-" "Mozilla/5.0 (compatible; bingbot/2.0; +http://www.bing.com/bingbot.htm)"
157.55.39.253 - - [14/Oct/2014:18:35:31 +0200] "GET /js/plugins.js HTTP/1.1" 200 898 "-" "Mozilla/5.0 (compatible; bingbot/2.0; +http://www.bing.com/bingbot.htm)"
199.30.24.15 - - [14/Oct/2014:19:36:25 +0200] "GET /js/libs/modernizr-2.5.3.min.js HTTP/1.1" 200 15274 "http://www.just-malerei.de/impressum.html" "Mozilla/5.0 (Windows NT 6.1; WOW64) AppleWebKit/534+ (KHTML, like Gecko) BingPreview/1.0b"
199.30.24.15 - - [14/Oct/2014:19:36:27 +0200] "GET /images/header.png HTTP/1.1" 200 139455 "http://www.just-malerei.de/impressum.html" "Mozilla/5.0 (Windows NT 6.1; WOW64) AppleWebKit/534+ (KHTML, like Gecko) BingPreview/1.0b"
199.30.24.15 - - [14/Oct/2014:19:36:27 +0200] "GET /images/middle1.png HTTP/1.1" 200 240127 "http://www.just-malerei.de/impressum.html" "Mozilla/5.0 (Windows NT 6.1; WOW64) AppleWebKit/534+ (KHTML, like Gecko) BingPreview/1.0b"
66.249.78.252 - - [15/Oct/2014:00:20:44 +0200] "GET /js/libs/modernizr-2.5.3.min.js HTTP/1.1" 200 15274 "-" "Mozilla/5.0 (compatible; Googlebot/2.1; +http://www.google.com/bot.html)"
207.46.13.62 - - [16/Oct/2014:06:19:54 +0200] "GET /robots.txt HTTP/1.1" 404 1256 "-" "Mozilla/5.0 (compatible; bingbot/2.0; +http://www.bing.com/bingbot.htm)"
207.46.13.62 - - [16/Oct/2014:06:20:00 +0200] "GET /kontakt.html HTTP/1.1" 200 4348 "-" "Mozilla/5.0 (compatible; bingbot/2.0; +http://www.bing.com/bingbot.htm)"
78.54.102.71 - - [16/Oct/2014:20:22:12 +0200] "GET / HTTP/1.1" 200 3632 "-" "UserAgent: Apache-HttpClient/release (java 1.5)"
78.54.102.71 - - [16/Oct/2014:20:22:13 +0200] "GET /impressum.html HTTP/1.1" 200 4742 "-" "UserAgent: Apache-HttpClient/release (java 1.5)"
176.57.142.28 - - [17/Oct/2014:01:11:41 +0200] "GET / HTTP/1.1" 200 3632 "-" "Mozilla/5.0 (Windows NT 6.1; rv:21.0) Gecko/20130401 Firefox/21.0"
176.57.142.28 - - [17/Oct/2014:01:11:42 +0200] "GET /kontakt.html HTTP/1.1" 200 4348 "-" "Mozilla/5.0 (X11; U; Linux i686; en-US; rv:1.9.1.16) Gecko/20120421 Firefox/11.0"
176.57.142.28 - - [17/Oct/2014:01:11:42 +0200] "GET /impressum.html HTTP/1.1" 200 4742 "-" "Mozilla/5.0 (Windows NT 6.2; rv:21.0) Gecko/20130326 Firefox/21.0"
176.57.142.28 - - [17/Oct/2014:01:11:42 +0200] "GET /index.html HTTP/1.1" 200 3632 "-" "Mozilla/5.0 (Windows NT 5.1; rv:21.0) Gecko/20130331 Firefox/21.0"
82.207.137.1 - - [18/Oct/2014:05:32:12 +0200] "GET / HTTP/1.1" 200 3632 "-" "WWW-Mechanize/1.73"
82.207.137.1 - - [18/Oct/2014:05:32:12 +0200] "GET /impressum.html HTTP/1.1" 200 4742 "-" "WWW-Mechanize/1.73"
82.207.137.1 - - [18/Oct/2014:05:32:26 +0200] "GET /kontakt.html HTTP/1.1" 200 4348 "-" "WWW-Mechanize/1.73"
66.249.78.252 - - [18/Oct/2014:05:38:13 +0200] "GET /robots.txt HTTP/1.1" 404 1256 "-" "Mozilla/5.0 (compatible; Googlebot/2.1; +http://www.google.com/bot.html)"
66.249.78.252 - - [18/Oct/2014:05:38:13 +0200] "GET / HTTP/1.1" 200 3632 "-" "Mozilla/5.0 (compatible; Googlebot/2.1; +http://www.google.com/bot.html)"
162.210.196.100 - - [18/Oct/2014:12:57:44 +0200] "GET /robots.txt HTTP/1.0" 404 1256 "-" "Mozilla/5.0 (compatible; MJ12bot/v1.4.5; http://www.majestic12.co.uk/bot.php?+)"
162.210.196.100 - - [18/Oct/2014:12:57:46 +0200] "GET / HTTP/1.0" 200 3632 "-" "Mozilla/5.0 (compatible; MJ12bot/v1.4.5; http://www.majestic12.co.uk/bot.php?+)"
64.246.187.42 - - [18/Oct/2014:17:38:58 +0200] "GET /robots.txt HTTP/1.0" 404 1256 "-" "Mozilla/5.0 (Windows; U; Windows NT 5.1; en; rv:1.9.0.13) Gecko/2009073022 Firefox/3.5.2 (.NET CLR 3.5.30729) SurveyBot/2.3 (DomainTools)"
64.246.187.42 - - [18/Oct/2014:17:38:59 +0200] "GET / HTTP/1.1" 200 3632 "http://whois.domaintools.com/just-malerei.de" "Mozilla/5.0 (Windows; U; Windows NT 5.1; en; rv:1.9.0.13) Gecko/2009073022 Firefox/3.5.2 (.NET CLR 3.5.30729) SurveyBot/2.3 (DomainTools)"
66.249.78.1 - - [19/Oct/2014:08:32:29 +0200] "GET /robots.txt HTTP/1.1" 404 1256 "-" "Mozilla/5.0 (compatible; Googlebot/2.1; +http://www.google.com/bot.html)"
66.249.64.10 - - [19/Oct/2014:08:32:30 +0200] "GET / HTTP/1.1" 200 3632 "-" "Mozilla/5.0 (iPhone; CPU iPhone OS 6_0 like Mac OS X) AppleWebKit/536.26 (KHTML, like Gecko) Version/6.0 Mobile/10A5376e Safari/8536.25 (compatible; Googlebot/2.1; +http://www.google.com/bot.html)"
66.249.64.14 - - [19/Oct/2014:08:42:17 +0200] "GET /css/style.css HTTP/1.1" 200 1159 "-" "Mozilla/5.0 (compatible; Googlebot/2.1; +http://www.google.com/bot.html)"
208.115.111.75 - - [21/Oct/2014:00:01:20 +0200] "GET /robots.txt HTTP/1.1" 404 1256 "-" "Mozilla/5.0 (compatible; DotBot/1.1; http://www.opensiteexplorer.org/dotbot, help@moz.com)"
208.115.111.75 - - [21/Oct/2014:01:39:45 +0200] "GET /index.html HTTP/1.1" 200 3632 "-" "Mozilla/5.0 (compatible; DotBot/1.1; http://www.opensiteexplorer.org/dotbot, help@moz.com)"
66.249.78.252 - - [21/Oct/2014:16:20:39 +0200] "GET /robots.txt HTTP/1.1" 404 1256 "-" "Mozilla/5.0 (compatible; Googlebot/2.1; +http://www.google.com/bot.html)"
66.249.78.9 - - [21/Oct/2014:16:20:39 +0200] "GET / HTTP/1.1" 304 - "-" "Mozilla/5.0 (iPhone; CPU iPhone OS 6_0 like Mac OS X) AppleWebKit/536.26 (KHTML, like Gecko) Version/6.0 Mobile/10A5376e Safari/8536.25 (compatible; Googlebot/2.1; +http://www.google.com/bot.html)"
66.249.78.9 - - [21/Oct/2014:19:16:13 +0200] "GET /kontakt.html HTTP/1.1" 200 4348 "-" "Mozilla/5.0 (iPhone; CPU iPhone OS 6_0 like Mac OS X) AppleWebKit/536.26 (KHTML, like Gecko) Version/6.0 Mobile/10A5376e Safari/8536.25 (compatible; Googlebot/2.1; +http://www.google.com/bot.html)"
209.249.5.246 - - [22/Oct/2014:05:06:06 +0200] "GET /robots.txt HTTP/1.1" 404 1256 "-" "rogerbot/1.0 (http://moz.com/help/pro/what-is-rogerbot-, rogerbot-wherecat@moz.com)"
209.249.5.246 - - [22/Oct/2014:05:06:06 +0200] "GET / HTTP/1.1" 200 3632 "-" "rogerbot/1.0 (http://moz.com/help/pro/what-is-rogerbot-, rogerbot-wherecat@moz.com)"
209.249.5.246 - - [22/Oct/2014:05:06:08 +0200] "GET /index.html HTTP/1.1" 200 3632 "-" "rogerbot/1.0 (http://moz.com/help/pro/what-is-rogerbot-, rogerbot-wherecat@moz.com)"
209.249.5.246 - - [22/Oct/2014:05:06:10 +0200] "GET /kontakt.html HTTP/1.1" 200 4348 "-" "rogerbot/1.0 (http://moz.com/help/pro/what-is-rogerbot-, rogerbot-wherecat@moz.com)"
209.249.5.246 - - [22/Oct/2014:05:06:13 +0200] "GET /impressum.html HTTP/1.1" 200 4742 "-" "rogerbot/1.0 (http://moz.com/help/pro/what-is-rogerbot-, rogerbot-wherecat@moz.com)"
208.115.111.75 - - [24/Oct/2014:19:49:36 +0200] "GET /robots.txt HTTP/1.1" 404 1256 "-" "Mozilla/5.0 (compatible; DotBot/1.1; http://www.opensiteexplorer.org/dotbot, help@moz.com)"
208.115.111.75 - - [24/Oct/2014:20:10:37 +0200] "GET / HTTP/1.1" 200 3632 "-" "Mozilla/5.0 (compatible; DotBot/1.1; http://www.opensiteexplorer.org/dotbot, help@moz.com)"
66.249.78.9 - - [25/Oct/2014:13:05:26 +0200] "GET /robots.txt HTTP/1.1" 404 1256 "-" "Mozilla/5.0 (compatible; Googlebot/2.1; +http://www.google.com/bot.html)"
66.249.78.9 - - [25/Oct/2014:13:05:26 +0200] "GET / HTTP/1.1" 200 3632 "-" "Mozilla/5.0 (compatible; Googlebot/2.1; +http://www.google.com/bot.html)"
62.212.73.211 - - [25/Oct/2014:13:27:41 +0200] "GET /robots.txt HTTP/1.0" 404 1256 "-" "Mozilla/5.0 (compatible; MJ12bot/v1.4.5; http://www.majestic12.co.uk/bot.php?+)"
62.212.73.211 - - [25/Oct/2014:13:27:43 +0200] "GET / HTTP/1.0" 200 3632 "-" "Mozilla/5.0 (compatible; MJ12bot/v1.4.5; http://www.majestic12.co.uk/bot.php?+)"
66.249.65.98 - - [25/Oct/2014:15:47:37 +0200] "GET /robots.txt HTTP/1.1" 404 1256 "-" "Mozilla/5.0 (compatible; Googlebot/2.1; +http://www.google.com/bot.html)"
66.249.65.98 - - [25/Oct/2014:15:47:37 +0200] "GET /js/plugins.js HTTP/1.1" 200 898 "-" "Mozilla/5.0 (compatible; Googlebot/2.1; +http://www.google.com/bot.html)"
66.249.65.94 - - [25/Oct/2014:15:48:00 +0200] "GET /js/libs/modernizr-2.5.3.min.js HTTP/1.1" 200 15274 "-" "Mozilla/5.0 (compatible; Googlebot/2.1; +http://www.google.com/bot.html)"
66.249.65.102 - - [25/Oct/2014:15:48:24 +0200] "GET /css/style.css HTTP/1.1" 200 1159 "-" "Mozilla/5.0 (compatible; Googlebot/2.1; +http://www.google.com/bot.html)"
208.115.111.75 - - [26/Oct/2014:02:47:23 +0100] "GET /robots.txt HTTP/1.1" 404 1256 "-" "Mozilla/5.0 (compatible; DotBot/1.1; http://www.opensiteexplorer.org/dotbot, help@moz.com)"
208.115.111.75 - - [26/Oct/2014:04:22:06 +0100] "GET /kontakt.html HTTP/1.1" 200 4348 "-" "Mozilla/5.0 (compatible; DotBot/1.1; http://www.opensiteexplorer.org/dotbot, help@moz.com)"
66.249.65.94 - - [26/Oct/2014:09:33:55 +0100] "GET /robots.txt HTTP/1.1" 404 1256 "-" "Mozilla/5.0 (compatible; Googlebot/2.1; +http://www.google.com/bot.html)"
66.249.65.102 - - [26/Oct/2014:09:33:55 +0100] "GET /impressum.html HTTP/1.1" 200 4742 "-" "Mozilla/5.0 (compatible; Googlebot/2.1; +http://www.google.com/bot.html)"
148.251.75.46 - - [26/Oct/2014:19:35:50 +0100] "GET /impressum.html HTTP/1.1" 200 4742 "-" "Mozilla/5.0 (X11; Ubuntu; Linux x86_64; rv:14.0) Gecko/20100101 Firefox/14.0.1"
148.251.75.46 - - [26/Oct/2014:19:35:51 +0100] "GET /index.html HTTP/1.1" 200 3632 "-" "Mozilla/5.0 (X11; Ubuntu; Linux x86_64; rv:14.0) Gecko/20100101 Firefox/14.0.1"
148.251.75.46 - - [26/Oct/2014:19:35:51 +0100] "GET /kontakt.html HTTP/1.1" 200 4348 "-" "Mozilla/5.0 (Windows NT 6.2; Win64; x64;) Gecko/20100101 Firefox/20.0"
66.249.78.9 - - [27/Oct/2014:16:08:59 +0100] "GET /robots.txt HTTP/1.1" 404 1256 "-" "Mozilla/5.0 (compatible; Googlebot/2.1; +http://www.google.com/bot.html)"
66.249.78.1 - - [27/Oct/2014:16:08:59 +0100] "GET / HTTP/1.1" 200 3632 "-" "Mozilla/5.0 (iPhone; CPU iPhone OS 6_0 like Mac OS X) AppleWebKit/536.26 (KHTML, like Gecko) Version/6.0 Mobile/10A5376e Safari/8536.25 (compatible; Googlebot/2.1; +http://www.google.com/bot.html)"
157.55.39.238 - - [27/Oct/2014:18:50:35 +0100] "GET /robots.txt HTTP/1.1" 404 1256 "-" "Mozilla/5.0 (compatible; bingbot/2.0; +http://www.bing.com/bingbot.htm)"
157.55.39.33 - - [27/Oct/2014:18:50:43 +0100] "GET /impressum.html HTTP/1.1" 200 4742 "-" "Mozilla/5.0 (compatible; bingbot/2.0; +http://www.bing.com/bingbot.htm)"
157.55.39.238 - - [27/Oct/2014:18:53:05 +0100] "GET /kontakt.html HTTP/1.1" 200 4348 "-" "Mozilla/5.0 (compatible; bingbot/2.0; +http://www.bing.com/bingbot.htm)"
157.55.39.238 - - [27/Oct/2014:18:53:06 +0100] "GET /index.html HTTP/1.1" 200 3632 "-" "Mozilla/5.0 (compatible; bingbot/2.0; +http://www.bing.com/bingbot.htm)"
66.249.78.252 - - [30/Oct/2014:00:32:43 +0100] "GET /robots.txt HTTP/1.1" 404 1256 "-" "Mozilla/5.0 (compatible; Googlebot/2.1; +http://www.google.com/bot.html)"
66.249.78.1 - - [30/Oct/2014:00:32:43 +0100] "GET / HTTP/1.1" 304 - "-" "Mozilla/5.0 (iPhone; CPU iPhone OS 6_0 like Mac OS X) AppleWebKit/536.26 (KHTML, like Gecko) Version/6.0 Mobile/10A5376e Safari/8536.25 (compatible; Googlebot/2.1; +http://www.google.com/bot.html)"
54.171.43.179 - - [30/Oct/2014:13:54:58 +0100] "GET / HTTP/1.1" 200 3632 "-" "Mozilla/4.0 (compatible; MSIE 7.0; Windows NT 5.1; Trident/4.0; GTB5; .NET CLR 1.1.4322; InfoPath.1)"
217.7.191.229 - - [30/Oct/2014:14:15:24 +0100] "GET / HTTP/1.1" 200 3632 "http://w4bcrm.intern.cm-ag/vtc/index.php?module=Leads&action=DetailView&record=206215&parenttab=Marketing" "Mozilla/5.0 (Windows NT 6.3; WOW64; rv:32.0) Gecko/20100101 Firefox/32.0"
217.7.191.229 - - [30/Oct/2014:14:15:24 +0100] "GET /images/middle.png HTTP/1.1" 200 9561 "http://www.just-malerei.de/css/style.css" "Mozilla/5.0 (Windows NT 6.3; WOW64; rv:32.0) Gecko/20100101 Firefox/32.0"
217.7.191.229 - - [30/Oct/2014:14:15:24 +0100] "GET /images/header.png HTTP/1.1" 200 139455 "http://www.just-malerei.de/css/style.css" "Mozilla/5.0 (Windows NT 6.3; WOW64; rv:32.0) Gecko/20100101 Firefox/32.0"
217.7.191.229 - - [30/Oct/2014:14:15:24 +0100] "GET /images/footer.png HTTP/1.1" 200 148251 "http://www.just-malerei.de/css/style.css" "Mozilla/5.0 (Windows NT 6.3; WOW64; rv:32.0) Gecko/20100101 Firefox/32.0"
207.46.13.124 - - [31/Oct/2014:06:13:50 +0100] "GET /robots.txt HTTP/1.1" 404 1256 "-" "Mozilla/5.0 (compatible; bingbot/2.0; +http://www.bing.com/bingbot.htm)"
207.46.13.124 - - [31/Oct/2014:06:13:54 +0100] "GET / HTTP/1.1" 200 3632 "-" "Mozilla/5.0 (compatible; bingbot/2.0; +http://www.bing.com/bingbot.htm)"
199.30.24.182 - - [31/Oct/2014:06:13:55 +0100] "GET /css/style.css HTTP/1.1" 200 1159 "http://www.just-malerei.de/" "Mozilla/5.0 (Windows NT 6.1; WOW64) AppleWebKit/534+ (KHTML, like Gecko) BingPreview/1.0b"
199.30.24.182 - - [31/Oct/2014:06:13:55 +0100] "GET /js/libs/modernizr-2.5.3.min.js HTTP/1.1" 200 15274 "http://www.just-malerei.de/" "Mozilla/5.0 (Windows NT 6.1; WOW64) AppleWebKit/534+ (KHTML, like Gecko) BingPreview/1.0b"
199.30.24.182 - - [31/Oct/2014:06:13:56 +0100] "GET /js/plugins.js HTTP/1.1" 200 898 "http://www.just-malerei.de/" "Mozilla/5.0 (Windows NT 6.1; WOW64) AppleWebKit/534+ (KHTML, like Gecko) BingPreview/1.0b"
199.30.24.182 - - [31/Oct/2014:06:13:56 +0100] "GET /images/middle.png HTTP/1.1" 200 9561 "http://www.just-malerei.de/" "Mozilla/5.0 (Windows NT 6.1; WOW64) AppleWebKit/534+ (KHTML, like Gecko) BingPreview/1.0b"
199.30.24.182 - - [31/Oct/2014:06:13:56 +0100] "GET /images/header.png HTTP/1.1" 200 139455 "http://www.just-malerei.de/" "Mozilla/5.0 (Windows NT 6.1; WOW64) AppleWebKit/534+ (KHTML, like Gecko) BingPreview/1.0b"
199.30.24.182 - - [31/Oct/2014:06:13:56 +0100] "GET /images/footer.png HTTP/1.1" 200 148251 "http://www.just-malerei.de/" "Mozilla/5.0 (Windows NT 6.1; WOW64) AppleWebKit/534+ (KHTML, like Gecko) BingPreview/1.0b"
207.46.13.124 - - [31/Oct/2014:06:14:00 +0100] "GET /robots.txt HTTP/1.1" 404 1256 "-" "Mozilla/5.0 (compatible; bingbot/2.0; +http://www.bing.com/bingbot.htm)"
64.246.187.42 - - [31/Oct/2014:17:34:13 +0100] "GET /robots.txt HTTP/1.0" 404 1256 "-" "Mozilla/5.0 (Windows; U; Windows NT 5.1; en; rv:1.9.0.13) Gecko/2009073022 Firefox/3.5.2 (.NET CLR 3.5.30729) SurveyBot/2.3 (DomainTools)"
64.246.187.42 - - [31/Oct/2014:17:34:13 +0100] "GET / HTTP/1.1" 200 3632 "http://whois.domaintools.com/just-malerei.de" "Mozilla/5.0 (Windows; U; Windows NT 5.1; en; rv:1.9.0.13) Gecko/2009073022 Firefox/3.5.2 (.NET CLR 3.5.30729) SurveyBot/2.3 (DomainTools)"
78.50.166.189 - - [31/Oct/2014:20:54:37 +0100] "GET / HTTP/1.1" 200 3632 "-" "UserAgent: Apache-HttpClient/release (java 1.5)"
78.50.166.189 - - [31/Oct/2014:20:54:37 +0100] "GET /impressum.html HTTP/1.1" 200 4742 "-" "UserAgent: Apache-HttpClient/release (java 1.5)"