46.115.9.114 - - [15/Aug/2014:10:28:59 +0200] "GET /img/bsb_background.jpg HTTP/1.1" 200 84092 "http://www.bsb-schrott.de/wir-ueber-uns.html" "Mozilla/5.0 (Linux; U; Android 2.3.6; de-de; GT-I9070 Build/GINGERBREAD) AppleWebKit/533.1 (KHTML, like Gecko) Version/4.0 Mobile Safari/533.1"
46.115.9.114 - - [15/Aug/2014:10:29:02 +0200] "GET /css/gudea-italic-webfont.ttf HTTP/1.1" 200 44616 "http://www.bsb-schrott.de/wir-ueber-uns.html" "Mozilla/5.0 (Linux; U; Android 2.3.6; de-de; GT-I9070 Build/GINGERBREAD) AppleWebKit/533.1 (KHTML, like Gecko) Version/4.0 Mobile Safari/533.1"
46.115.9.114 - - [15/Aug/2014:10:29:00 +0200] "GET /img/content_bagger.png HTTP/1.1" 200 143701 "http://www.bsb-schrott.de/wir-ueber-uns.html" "Mozilla/5.0 (Linux; U; Android 2.3.6; de-de; GT-I9070 Build/GINGERBREAD) AppleWebKit/533.1 (KHTML, like Gecko) Version/4.0 Mobile Safari/533.1"
46.115.9.114 - - [15/Aug/2014:10:29:55 +0200] "GET /favicon.ico HTTP/1.1" 404 1256 "http://www.bsb-schrott.de/wir-ueber-uns.html" "Mozilla/5.0 (Linux; U; Android 2.3.6; de-de; GT-I9070 Build/GINGERBREAD) AppleWebKit/533.1 (KHTML, like Gecko) Version/4.0 Mobile Safari/533.1"
89.204.139.172 - - [15/Aug/2014:10:31:28 +0200] "GET /favicon.ico HTTP/1.1" 404 1256 "http://www.bsb-schrott.de/" "Mozilla/5.0 (Linux; U; Android 4.3; de-de; GT-I9305 Build/JSS15J) AppleWebKit/534.30 (KHTML, like Gecko) Version/4.0 Mobile Safari/534.30"
37.58.100.72 - - [15/Aug/2014:10:49:58 +0200] "GET /index.html HTTP/1.1" 200 3135 "-" "Mozilla/5.0 (compatible; AhrefsBot/5.0; +http://ahrefs.com/robot/)"
87.246.137.134 - - [15/Aug/2014:12:18:00 +0200] "GET / HTTP/1.1" 200 3135 "http://www.gelbeseiten.de/schrottplatz/berlin" "Mozilla/4.0 (compatible; MSIE 8.0; Windows NT 5.1; Trident/4.0; .NET CLR 1.1.4322; .NET CLR 2.0.50727; .NET CLR 3.0.04506.30; .NET CLR 3.0.4506.2152; .NET CLR 3.5.30729)"
66.249.69.96 - - [15/Aug/2014:15:07:05 +0200] "GET /robots.txt HTTP/1.1" 404 1256 "-" "Mozilla/5.0 (compatible; Googlebot/2.1; +http://www.google.com/bot.html)"
66.249.70.132 - - [15/Aug/2014:15:07:05 +0200] "GET /kontakt.html HTTP/1.1" 200 5302 "-" "DoCoMo/2.0 N905i(c100;TB;W24H16) (compatible; Googlebot-Mobile/2.1; +http://www.google.com/bot.html)"
94.23.222.183 - - [15/Aug/2014:17:13:37 +0200] "HEAD /img/referenzen/114.jpg HTTP/1.1" 200 - "-" "Mozilla/5.0 (Windows NT 6.1; WOW64) AppleWebKit/537.31 (KHTML, like Gecko) Chrome/26.0.1410.64 Safari/537.31"
94.23.222.183 - - [15/Aug/2014:17:13:38 +0200] "GET /img/referenzen/114.jpg HTTP/1.1" 200 291853 "-" "Mozilla/5.0 (Windows NT 6.1; WOW64) AppleWebKit/537.31 (KHTML, like Gecko) Chrome/26.0.1410.64 Safari/537.31"
91.121.107.25 - - [15/Aug/2014:18:10:03 +0200] "GET / HTTP/1.1" 200 3135 "-" "Mozilla/5.0 (Windows NT 6.1; WOW64) AppleWebKit/537.31 (KHTML, like Gecko) Chrome/26.0.1410.64 Safari/537.31"
91.121.107.25 - - [15/Aug/2014:18:10:05 +0200] "GET /kontakt.html HTTP/1.1" 200 5302 "-" "Mozilla/5.0 (Windows NT 6.1; WOW64) AppleWebKit/537.31 (KHTML, like Gecko) Chrome/26.0.1410.64 Safari/537.31"
91.121.107.25 - - [15/Aug/2014:18:10:07 +0200] "GET /referenzen.html HTTP/1.1" 200 4045 "-" "Mozilla/5.0 (Windows NT 6.1; WOW64) AppleWebKit/537.31 (KHTML, like Gecko) Chrome/26.0.1410.64 Safari/537.31"
91.121.107.25 - - [15/Aug/2014:18:10:10 +0200] "GET /css/jquery.fancybox-1.3.4.css HTTP/1.1" 200 8776 "-" "Mozilla/5.0 (Windows NT 6.1; WOW64) AppleWebKit/537.31 (KHTML, like Gecko) Chrome/26.0.1410.64 Safari/537.31"
91.121.107.25 - - [15/Aug/2014:18:10:11 +0200] "GET /js/jquery.mousewheel-3.0.4.pack.js HTTP/1.1" 200 1279 "-" "Mozilla/5.0 (Windows NT 6.1; WOW64) AppleWebKit/537.31 (KHTML, like Gecko) Chrome/26.0.1410.64 Safari/537.31"
91.121.107.25 - - [15/Aug/2014:18:10:15 +0200] "GET /js/jquery.fancybox-1.3.4.pack.js HTTP/1.1" 200 15624 "-" "Mozilla/5.0 (Windows NT 6.1; WOW64) AppleWebKit/537.31 (KHTML, like Gecko) Chrome/26.0.1410.64 Safari/537.31"
91.121.107.25 - - [15/Aug/2014:18:10:17 +0200] "GET /js/jquery-1.7.2.min.js HTTP/1.1" 200 94840 "-" "Mozilla/5.0 (Windows NT 6.1; WOW64) AppleWebKit/537.31 (KHTML, like Gecko) Chrome/26.0.1410.64 Safari/537.31"
91.121.107.25 - - [15/Aug/2014:18:10:20 +0200] "GET /a HTTP/1.1" 404 1256 "-" "Mozilla/5.0 (Windows NT 6.1; WOW64) AppleWebKit/537.31 (KHTML, like Gecko) Chrome/26.0.1410.64 Safari/537.31"
91.121.107.25 - - [15/Aug/2014:18:10:22 +0200] "GET /leistungen.html HTTP/1.1" 200 3224 "-" "Mozilla/5.0 (Windows NT 6.1; WOW64) AppleWebKit/537.31 (KHTML, like Gecko) Chrome/26.0.1410.64 Safari/537.31"
91.121.107.25 - - [15/Aug/2014:18:10:24 +0200] "GET /wir-ueber-uns.html HTTP/1.1" 200 5703 "-" "Mozilla/5.0 (Windows NT 6.1; WOW64) AppleWebKit/537.31 (KHTML, like Gecko) Chrome/26.0.1410.64 Safari/537.31"
91.121.107.25 - - [15/Aug/2014:18:10:28 +0200] "GET /index.html HTTP/1.1" 200 3135 "-" "Mozilla/5.0 (Windows NT 6.1; WOW64) AppleWebKit/537.31 (KHTML, like Gecko) Chrome/26.0.1410.64 Safari/537.31"
91.121.107.25 - - [15/Aug/2014:18:10:30 +0200] "GET /css/stylesheet.css HTTP/1.1" 200 6399 "-" "Mozilla/5.0 (Windows NT 6.1; WOW64) AppleWebKit/537.31 (KHTML, like Gecko) Chrome/26.0.1410.64 Safari/537.31"
94.23.222.183 - - [15/Aug/2014:19:59:35 +0200] "HEAD /img/fancy/fancy_nav_right.png HTTP/1.1" 200 - "-" "Mozilla/5.0 (Windows NT 6.1; WOW64) AppleWebKit/537.31 (KHTML, like Gecko) Chrome/26.0.1410.64 Safari/537.31"
94.23.222.183 - - [15/Aug/2014:20:00:40 +0200] "HEAD /img/referenzen/thumb/011.jpg HTTP/1.1" 200 - "-" "Mozilla/5.0 (Windows NT 6.1; WOW64) AppleWebKit/537.31 (KHTML, like Gecko) Chrome/26.0.1410.64 Safari/537.31"
94.23.32.171 - - [15/Aug/2014:20:08:23 +0200] "HEAD /img/referenzen/thumb/114.jpg HTTP/1.1" 200 - "-" "Mozilla/5.0 (Windows NT 6.1; WOW64) AppleWebKit/537.31 (KHTML, like Gecko) Chrome/26.0.1410.64 Safari/537.31"
37.59.56.77 - - [15/Aug/2014:20:09:42 +0200] "HEAD /img/bsb_background.jpg HTTP/1.1" 200 - "-" "Mozilla/5.0 (Windows NT 6.1; WOW64) AppleWebKit/537.31 (KHTML, like Gecko) Chrome/26.0.1410.64 Safari/537.31"
37.59.56.77 - - [15/Aug/2014:20:09:43 +0200] "GET /img/bsb_background.jpg HTTP/1.1" 200 84092 "-" "Mozilla/5.0 (Windows NT 6.1; WOW64) AppleWebKit/537.31 (KHTML, like Gecko) Chrome/26.0.1410.64 Safari/537.31"
94.23.222.183 - - [15/Aug/2014:20:10:19 +0200] "HEAD /img/referenzen/114.jpg HTTP/1.1" 200 - "-" "Mozilla/5.0 (Windows NT 6.1; WOW64) AppleWebKit/537.31 (KHTML, like Gecko) Chrome/26.0.1410.64 Safari/537.31"
94.23.222.183 - - [15/Aug/2014:20:10:20 +0200] "GET /img/referenzen/114.jpg HTTP/1.1" 200 291853 "-" "Mozilla/5.0 (Windows NT 6.1; WOW64) AppleWebKit/537.31 (KHTML, like Gecko) Chrome/26.0.1410.64 Safari/537.31"
37.59.56.77 - - [15/Aug/2014:20:23:19 +0200] "HEAD /img/fancy/fancy_close.png HTTP/1.1" 200 - "-" "Mozilla/5.0 (Windows NT 6.1; WOW64) AppleWebKit/537.31 (KHTML, like Gecko) Chrome/26.0.1410.64 Safari/537.31"
66.249.70.132 - - [15/Aug/2014:20:24:55 +0200] "GET /wir-ueber-uns.html HTTP/1.1" 200 5703 "-" "DoCoMo/2.0 N905i(c100;TB;W24H16) (compatible; Googlebot-Mobile/2.1; +http://www.google.com/bot.html)"
83.149.126.98 - - [15/Aug/2014:20:25:27 +0200] "GET /robots.txt HTTP/1.0" 404 1256 "-" "Mozilla/5.0 (compatible; MJ12bot/v1.4.5; http://www.majestic12.co.uk/bot.php?+)"
83.149.126.98 - - [15/Aug/2014:20:25:28 +0200] "GET / HTTP/1.0" 200 3135 "-" "Mozilla/5.0 (compatible; MJ12bot/v1.4.5; http://www.majestic12.co.uk/bot.php?+)"
94.23.32.171 - - [15/Aug/2014:20:29:29 +0200] "HEAD /img/gradient_navbar.png HTTP/1.1" 200 - "-" "Mozilla/5.0 (Windows NT 6.1; WOW64) AppleWebKit/537.31 (KHTML, like Gecko) Chrome/26.0.1410.64 Safari/537.31"
66.249.69.96 - - [15/Aug/2014:21:00:16 +0200] "GET /img/referenzen/114.jpg HTTP/1.1" 304 - "-" "Googlebot-Image/1.0"
66.249.69.112 - - [15/Aug/2014:22:02:10 +0200] "GET /wir-ueber-uns.html HTTP/1.1" 304 - "-" "Mozilla/5.0 (compatible; Googlebot/2.1; +http://www.google.com/bot.html)"
66.249.69.96 - - [15/Aug/2014:22:28:20 +0200] "GET / HTTP/1.1" 304 - "-" "Mozilla/5.0 (compatible; Googlebot/2.1; +http://www.google.com/bot.html)"
31.3.233.120 - - [15/Aug/2014:23:01:18 +0200] "GET / HTTP/1.1" 200 3135 "-" "-"
91.121.112.108 - - [15/Aug/2014:23:06:14 +0200] "HEAD /img/lvl.png HTTP/1.1" 200 - "-" "Mozilla/5.0 (Windows NT 6.1; WOW64) AppleWebKit/537.31 (KHTML, like Gecko) Chrome/26.0.1410.64 Safari/537.31"
37.59.56.77 - - [15/Aug/2014:23:28:38 +0200] "HEAD /img/fancy/fancy_shadow_ne.png HTTP/1.1" 200 - "-" "Mozilla/5.0 (Windows NT 6.1; WOW64) AppleWebKit/537.31 (KHTML, like Gecko) Chrome/26.0.1410.64 Safari/537.31"
37.59.56.77 - - [15/Aug/2014:23:28:41 +0200] "HEAD /img/fancy/fancy_shadow_sw.png HTTP/1.1" 200 - "-" "Mozilla/5.0 (Windows NT 6.1; WOW64) AppleWebKit/537.31 (KHTML, like Gecko) Chrome/26.0.1410.64 Safari/537.31"
37.59.56.76 - - [15/Aug/2014:23:31:10 +0200] "HEAD /img/nav.png HTTP/1.1" 200 - "-" "Mozilla/5.0 (Windows NT 6.1; WOW64) AppleWebKit/537.31 (KHTML, like Gecko) Chrome/26.0.1410.64 Safari/537.31"
37.59.56.77 - - [15/Aug/2014:23:35:59 +0200] "HEAD /img/fancy/fancy_title_over.png HTTP/1.1" 200 - "-" "Mozilla/5.0 (Windows NT 6.1; WOW64) AppleWebKit/537.31 (KHTML, like Gecko) Chrome/26.0.1410.64 Safari/537.31"
66.249.69.80 - - [15/Aug/2014:23:45:56 +0200] "GET /css/stylesheet.css HTTP/1.1" 200 6399 "-" "Mozilla/5.0 (compatible; Googlebot/2.1; +http://www.google.com/bot.html)"
91.121.112.108 - - [15/Aug/2014:23:47:08 +0200] "HEAD /img/content_bagger.png HTTP/1.1" 200 - "-" "Mozilla/5.0 (Windows NT 6.1; WOW64) AppleWebKit/537.31 (KHTML, like Gecko) Chrome/26.0.1410.64 Safari/537.31"
91.121.112.108 - - [15/Aug/2014:23:47:09 +0200] "GET /img/content_bagger.png HTTP/1.1" 200 143701 "-" "Mozilla/5.0 (Windows NT 6.1; WOW64) AppleWebKit/537.31 (KHTML, like Gecko) Chrome/26.0.1410.64 Safari/537.31"
66.249.69.96 - - [15/Aug/2014:23:53:27 +0200] "GET /pub/BSB_IWA_Zertifikat.pdf HTTP/1.1" 304 - "-" "Mozilla/5.0 (compatible; Googlebot/2.1; +http://www.google.com/bot.html)"
95.211.224.152 - - [16/Aug/2014:00:05:52 +0200] "HEAD /img/referenzen/PICT1324.jpg HTTP/1.1" 200 - "-" "Mozilla/5.0 (Windows NT 6.1; WOW64) AppleWebKit/537.31 (KHTML, like Gecko) Chrome/26.0.1410.64 Safari/537.31"
95.211.224.152 - - [16/Aug/2014:00:05:53 +0200] "GET /img/referenzen/PICT1324.jpg HTTP/1.1" 200 286993 "-" "Mozilla/5.0 (Windows NT 6.1; WOW64) AppleWebKit/537.31 (KHTML, like Gecko) Chrome/26.0.1410.64 Safari/537.31"
37.59.56.77 - - [16/Aug/2014:00:11:27 +0200] "HEAD /img/referenzen/PICT1325.jpg HTTP/1.1" 200 - "-" "Mozilla/5.0 (Windows NT 6.1; WOW64) AppleWebKit/537.31 (KHTML, like Gecko) Chrome/26.0.1410.64 Safari/537.31"
37.59.56.77 - - [16/Aug/2014:00:11:28 +0200] "GET /img/referenzen/PICT1325.jpg HTTP/1.1" 200 338707 "-" "Mozilla/5.0 (Windows NT 6.1; WOW64) AppleWebKit/537.31 (KHTML, like Gecko) Chrome/26.0.1410.64 Safari/537.31"
37.59.56.77 - - [16/Aug/2014:00:11:30 +0200] "GET /img/referenzen/PICT1325.jpg HTTP/1.1" 200 338707 "-" "Mozilla/5.0 (Windows NT 6.1; WOW64) AppleWebKit/537.31 (KHTML, like Gecko) Chrome/26.0.1410.64 Safari/537.31"
64.246.165.180 - - [16/Aug/2014:00:48:44 +0200] "GET /robots.txt HTTP/1.0" 404 1256 "-" "Mozilla/5.0 (Windows; U; Windows NT 5.1; en; rv:1.9.0.13) Gecko/2009073022 Firefox/3.5.2 (.NET CLR 3.5.30729) SurveyBot/2.3 (DomainTools)"
64.246.165.180 - - [16/Aug/2014:00:48:45 +0200] "GET / HTTP/1.1" 200 3135 "http://whois.domaintools.com/bsb-schrott.de" "Mozilla/5.0 (Windows; U; Windows NT 5.1; en; rv:1.9.0.13) Gecko/2009073022 Firefox/3.5.2 (.NET CLR 3.5.30729) SurveyBot/2.3 (DomainTools)"
66.249.69.80 - - [16/Aug/2014:01:12:00 +0200] "GET /kontakt.html HTTP/1.1" 304 - "-" "Mozilla/5.0 (compatible; Googlebot/2.1; +http://www.google.com/bot.html)"
94.23.32.171 - - [16/Aug/2014:01:18:18 +0200] "HEAD /img/referenzen/011.jpg HTTP/1.1" 200 - "-" "Mozilla/5.0 (Windows NT 6.1; WOW64) AppleWebKit/537.31 (KHTML, like Gecko) Chrome/26.0.1410.64 Safari/537.31"
94.23.32.171 - - [16/Aug/2014:01:18:19 +0200] "GET /img/referenzen/011.jpg HTTP/1.1" 200 161700 "-" "Mozilla/5.0 (Windows NT 6.1; WOW64) AppleWebKit/537.31 (KHTML, like Gecko) Chrome/26.0.1410.64 Safari/537.31"
37.59.56.77 - - [16/Aug/2014:01:18:56 +0200] "HEAD /img/header_banner.png HTTP/1.1" 200 - "-" "Mozilla/5.0 (Windows NT 6.1; WOW64) AppleWebKit/537.31 (KHTML, like Gecko) Chrome/26.0.1410.64 Safari/537.31"
37.59.56.77 - - [16/Aug/2014:01:18:57 +0200] "GET /img/header_banner.png HTTP/1.1" 200 22955 "-" "Mozilla/5.0 (Windows NT 6.1; WOW64) AppleWebKit/537.31 (KHTML, like Gecko) Chrome/26.0.1410.64 Safari/537.31"
94.23.32.171 - - [16/Aug/2014:01:19:11 +0200] "HEAD /img/gradient_navbar.png HTTP/1.1" 200 - "-" "Mozilla/5.0 (Windows NT 6.1; WOW64) AppleWebKit/537.31 (KHTML, like Gecko) Chrome/26.0.1410.64 Safari/537.31"
91.121.112.108 - - [16/Aug/2014:01:29:23 +0200] "HEAD /img/news.jpg HTTP/1.1" 200 - "-" "Mozilla/5.0 (Windows NT 6.1; WOW64) AppleWebKit/537.31 (KHTML, like Gecko) Chrome/26.0.1410.64 Safari/537.31"
66.249.69.112 - - [16/Aug/2014:02:04:23 +0200] "GET /impressum.html HTTP/1.1" 200 3432 "-" "Mozilla/5.0 (compatible; Googlebot/2.1; +http://www.google.com/bot.html)"
37.59.56.77 - - [16/Aug/2014:02:31:24 +0200] "HEAD /img/timeline.png HTTP/1.1" 200 - "-" "Mozilla/5.0 (Windows NT 6.1; WOW64) AppleWebKit/537.31 (KHTML, like Gecko) Chrome/26.0.1410.64 Safari/537.31"
37.59.56.77 - - [16/Aug/2014:02:41:03 +0200] "HEAD /img/referenzen/thumb/PICT1325.jpg HTTP/1.1" 200 - "-" "Mozilla/5.0 (Windows NT 6.1; WOW64) AppleWebKit/537.31 (KHTML, like Gecko) Chrome/26.0.1410.64 Safari/537.31"
94.23.32.171 - - [16/Aug/2014:02:49:45 +0200] "HEAD /img/shl.png HTTP/1.1" 200 - "-" "Mozilla/5.0 (Windows NT 6.1; WOW64) AppleWebKit/537.31 (KHTML, like Gecko) Chrome/26.0.1410.64 Safari/537.31"
66.249.69.112 - - [16/Aug/2014:03:03:18 +0200] "GET /wir-ueber-uns.html HTTP/1.1" 304 - "-" "Mozilla/5.0 (compatible; Googlebot/2.1; +http://www.google.com/bot.html)"
37.59.56.77 - - [16/Aug/2014:03:13:11 +0200] "HEAD /img/lhl.png HTTP/1.1" 200 - "-" "Mozilla/5.0 (Windows NT 6.1; WOW64) AppleWebKit/537.31 (KHTML, like Gecko) Chrome/26.0.1410.64 Safari/537.31"
94.23.222.183 - - [16/Aug/2014:03:16:27 +0200] "HEAD /img/gradient_left.png HTTP/1.1" 200 - "-" "Mozilla/5.0 (Windows NT 6.1; WOW64) AppleWebKit/537.31 (KHTML, like Gecko) Chrome/26.0.1410.64 Safari/537.31"
37.59.56.77 - - [16/Aug/2014:03:19:35 +0200] "HEAD /img/bsb_logo.jpg HTTP/1.1" 200 - "-" "Mozilla/5.0 (Windows NT 6.1; WOW64) AppleWebKit/537.31 (KHTML, like Gecko) Chrome/26.0.1410.64 Safari/537.31"
37.59.56.77 - - [16/Aug/2014:03:19:36 +0200] "GET /img/bsb_logo.jpg HTTP/1.1" 200 31271 "-" "Mozilla/5.0 (Windows NT 6.1; WOW64) AppleWebKit/537.31 (KHTML, like Gecko) Chrome/26.0.1410.64 Safari/537.31"
37.59.56.76 - - [16/Aug/2014:03:33:59 +0200] "HEAD /img/gradient_right.png HTTP/1.1" 200 - "-" "Mozilla/5.0 (Windows NT 6.1; WOW64) AppleWebKit/537.31 (KHTML, like Gecko) Chrome/26.0.1410.64 Safari/537.31"
37.59.56.76 - - [16/Aug/2014:03:36:13 +0200] "HEAD /img/fancy/fancy_title_right.png HTTP/1.1" 200 - "-" "Mozilla/5.0 (Windows NT 6.1; WOW64) AppleWebKit/537.31 (KHTML, like Gecko) Chrome/26.0.1410.64 Safari/537.31"
95.211.224.152 - - [16/Aug/2014:04:02:57 +0200] "HEAD /img/gradient_footer.png HTTP/1.1" 200 - "-" "Mozilla/5.0 (Windows NT 6.1; WOW64) AppleWebKit/537.31 (KHTML, like Gecko) Chrome/26.0.1410.64 Safari/537.31"
66.249.69.112 - - [16/Aug/2014:04:08:46 +0200] "GET /robots.txt HTTP/1.1" 404 1256 "-" "Mozilla/5.0 (compatible; Googlebot/2.1; +http://www.google.com/bot.html)"
66.249.69.80 - - [16/Aug/2014:04:08:46 +0200] "GET / HTTP/1.1" 304 - "-" "Mozilla/5.0 (compatible; Googlebot/2.1; +http://www.google.com/bot.html)"
94.23.32.171 - - [16/Aug/2014:04:14:41 +0200] "HEAD /img/fancy/fancy_title_left.png HTTP/1.1" 200 - "-" "Mozilla/5.0 (Windows NT 6.1; WOW64) AppleWebKit/537.31 (KHTML, like Gecko) Chrome/26.0.1410.64 Safari/537.31"
94.23.222.183 - - [16/Aug/2014:04:23:24 +0200] "HEAD /img/fancy/fancy_shadow_s.png HTTP/1.1" 200 - "-" "Mozilla/5.0 (Windows NT 6.1; WOW64) AppleWebKit/537.31 (KHTML, like Gecko) Chrome/26.0.1410.64 Safari/537.31"
94.23.32.171 - - [16/Aug/2014:04:28:23 +0200] "HEAD /img/referenzen/thumb/PICT1324.jpg HTTP/1.1" 200 - "-" "Mozilla/5.0 (Windows NT 6.1; WOW64) AppleWebKit/537.31 (KHTML, like Gecko) Chrome/26.0.1410.64 Safari/537.31"
91.121.112.108 - - [16/Aug/2014:04:47:39 +0200] "HEAD /img/fancy/fancy_shadow_n.png HTTP/1.1" 200 - "-" "Mozilla/5.0 (Windows NT 6.1; WOW64) AppleWebKit/537.31 (KHTML, like Gecko) Chrome/26.0.1410.64 Safari/537.31"
95.211.224.152 - - [16/Aug/2014:04:53:50 +0200] "HEAD /img/fancy/fancy_nav_left.png HTTP/1.1" 200 - "-" "Mozilla/5.0 (Windows NT 6.1; WOW64) AppleWebKit/537.31 (KHTML, like Gecko) Chrome/26.0.1410.64 Safari/537.31"
66.249.69.80 - - [16/Aug/2014:04:59:10 +0200] "GET /img/news.jpg HTTP/1.1" 304 - "-" "Googlebot-Image/1.0"
95.211.224.152 - - [16/Aug/2014:05:01:32 +0200] "HEAD /img/fancy/fancy_title_main.png HTTP/1.1" 200 - "-" "Mozilla/5.0 (Windows NT 6.1; WOW64) AppleWebKit/537.31 (KHTML, like Gecko) Chrome/26.0.1410.64 Safari/537.31"
91.121.112.108 - - [16/Aug/2014:05:07:15 +0200] "HEAD /img/gradient_header.png HTTP/1.1" 200 - "-" "Mozilla/5.0 (Windows NT 6.1; WOW64) AppleWebKit/537.31 (KHTML, like Gecko) Chrome/26.0.1410.64 Safari/537.31"
66.249.69.80 - - [16/Aug/2014:05:07:41 +0200] "GET /pub/BSB_IWA_Zertifikat.pdf HTTP/1.1" 304 - "-" "Mozilla/5.0 (compatible; Googlebot/2.1; +http://www.google.com/bot.html)"
94.23.222.183 - - [16/Aug/2014:05:48:48 +0200] "HEAD /img/fancy/fancy_shadow_s.png HTTP/1.1" 200 - "-" "Mozilla/5.0 (Windows NT 6.1; WOW64) AppleWebKit/537.31 (KHTML, like Gecko) Chrome/26.0.1410.64 Safari/537.31"
94.23.32.171 - - [16/Aug/2014:05:57:52 +0200] "HEAD /img/fancy/fancy_title_left.png HTTP/1.1" 200 - "-" "Mozilla/5.0 (Windows NT 6.1; WOW64) AppleWebKit/537.31 (KHTML, like Gecko) Chrome/26.0.1410.64 Safari/537.31"
66.249.69.112 - - [16/Aug/2014:06:00:04 +0200] "GET /kontakt.html HTTP/1.1" 304 - "-" "Mozilla/5.0 (compatible; Googlebot/2.1; +http://www.google.com/bot.html)"
94.23.32.171 - - [16/Aug/2014:06:10:32 +0200] "HEAD /img/referenzen/thumb/PICT1324.jpg HTTP/1.1" 200 - "-" "Mozilla/5.0 (Windows NT 6.1; WOW64) AppleWebKit/537.31 (KHTML, like Gecko) Chrome/26.0.1410.64 Safari/537.31"
91.121.112.108 - - [16/Aug/2014:06:16:50 +0200] "HEAD /img/fancy/fancy_shadow_n.png HTTP/1.1" 200 - "-" "Mozilla/5.0 (Windows NT 6.1; WOW64) AppleWebKit/537.31 (KHTML, like Gecko) Chrome/26.0.1410.64 Safari/537.31"
95.211.224.152 - - [16/Aug/2014:06:39:43 +0200] "HEAD /img/fancy/fancy_shadow_e.png HTTP/1.1" 200 - "-" "Mozilla/5.0 (Windows NT 6.1; WOW64) AppleWebKit/537.31 (KHTML, like Gecko) Chrome/26.0.1410.64 Safari/537.31"
95.211.224.152 - - [16/Aug/2014:06:52:50 +0200] "HEAD /img/fancy/fancy_shadow_se.png HTTP/1.1" 200 - "-" "Mozilla/5.0 (Windows NT 6.1; WOW64) AppleWebKit/537.31 (KHTML, like Gecko) Chrome/26.0.1410.64 Safari/537.31"
91.121.112.108 - - [16/Aug/2014:06:53:03 +0200] "HEAD /img/gradient_header.png HTTP/1.1" 200 - "-" "Mozilla/5.0 (Windows NT 6.1; WOW64) AppleWebKit/537.31 (KHTML, like Gecko) Chrome/26.0.1410.64 Safari/537.31"
66.249.69.80 - - [16/Aug/2014:07:05:32 +0200] "GET /impressum.html HTTP/1.1" 304 - "-" "Mozilla/5.0 (compatible; Googlebot/2.1; +http://www.google.com/bot.html)"
66.249.69.96 - - [16/Aug/2014:07:25:10 +0200] "GET /wir-ueber-uns.html HTTP/1.1" 304 - "-" "Mozilla/5.0 (compatible; Googlebot/2.1; +http://www.google.com/bot.html)"
95.211.224.152 - - [16/Aug/2014:08:13:46 +0200] "HEAD /img/iwa_cert.png HTTP/1.1" 200 - "-" "Mozilla/5.0 (Windows NT 6.1; WOW64) AppleWebKit/537.31 (KHTML, like Gecko) Chrome/26.0.1410.64 Safari/537.31"
95.211.224.152 - - [16/Aug/2014:08:13:47 +0200] "GET /img/iwa_cert.png HTTP/1.1" 200 38259 "-" "Mozilla/5.0 (Windows NT 6.1; WOW64) AppleWebKit/537.31 (KHTML, like Gecko) Chrome/26.0.1410.64 Safari/537.31"
95.211.224.152 - - [16/Aug/2014:08:28:44 +0200] "HEAD /img/fancy/fancy_loading.png HTTP/1.1" 200 - "-" "Mozilla/5.0 (Windows NT 6.1; WOW64) AppleWebKit/537.31 (KHTML, like Gecko) Chrome/26.0.1410.64 Safari/537.31"
95.211.224.152 - - [16/Aug/2014:08:42:13 +0200] "HEAD /img/fancy/fancy_shadow_se.png HTTP/1.1" 200 - "-" "Mozilla/5.0 (Windows NT 6.1; WOW64) AppleWebKit/537.31 (KHTML, like Gecko) Chrome/26.0.1410.64 Safari/537.31"
95.211.224.152 - - [16/Aug/2014:08:48:19 +0200] "HEAD /img/fancy/fancy_shadow_e.png HTTP/1.1" 200 - "-" "Mozilla/5.0 (Windows NT 6.1; WOW64) AppleWebKit/537.31 (KHTML, like Gecko) Chrome/26.0.1410.64 Safari/537.31"
95.211.224.152 - - [16/Aug/2014:09:32:40 +0200] "HEAD /img/iwa_cert.png HTTP/1.1" 200 - "-" "Mozilla/5.0 (Windows NT 6.1; WOW64) AppleWebKit/537.31 (KHTML, like Gecko) Chrome/26.0.1410.64 Safari/537.31"
95.211.224.152 - - [16/Aug/2014:09:32:41 +0200] "GET /img/iwa_cert.png HTTP/1.1" 200 38259 "-" "Mozilla/5.0 (Windows NT 6.1; WOW64) AppleWebKit/537.31 (KHTML, like Gecko) Chrome/26.0.1410.64 Safari/537.31"
148.251.232.203 - - [16/Aug/2014:11:02:21 +0200] "GET /robots.txt HTTP/1.1" 404 1256 "-" "Mozilla/5.0 (Windows NT 6.1; WOW64; rv:30.0) Gecko/20100101 Firefox/30.0"
148.251.232.203 - - [16/Aug/2014:11:02:21 +0200] "GET /wir-ueber-uns.html HTTP/1.1" 200 5703 "-" "Mozilla/5.0 (Windows NT 6.1; WOW64; rv:30.0) Gecko/20100101 Firefox/30.0"
148.251.232.203 - - [16/Aug/2014:11:02:21 +0200] "GET /robots.txt HTTP/1.1" 404 1256 "-" "Crawler powered by contentDetection (www.mindup.de)"
148.251.232.203 - - [16/Aug/2014:11:02:21 +0200] "GET /css/stylesheet.css HTTP/1.1" 200 6399 "-" "Crawler powered by contentDetection (www.mindup.de)"
148.251.232.203 - - [16/Aug/2014:11:02:21 +0200] "GET /index.html HTTP/1.1" 200 3135 "-" "Mozilla/5.0 (Windows NT 6.1; WOW64; rv:30.0) Gecko/20100101 Firefox/30.0"
148.251.232.203 - - [16/Aug/2014:11:02:21 +0200] "GET /robots.txt HTTP/1.1" 404 1256 "-" "Crawler powered by contentDetection (www.mindup.de)"
148.251.232.203 - - [16/Aug/2014:11:02:21 +0200] "GET /css/stylesheet.css HTTP/1.1" 200 6399 "-" "Crawler powered by contentDetection (www.mindup.de)"
148.251.232.203 - - [16/Aug/2014:11:02:22 +0200] "GET /leistungen.html HTTP/1.1" 200 3224 "-" "Mozilla/5.0 (Windows NT 6.1; WOW64; rv:30.0) Gecko/20100101 Firefox/30.0"
148.251.232.203 - - [16/Aug/2014:11:02:22 +0200] "GET /robots.txt HTTP/1.1" 404 1256 "-" "Crawler powered by contentDetection (www.mindup.de)"
148.251.232.203 - - [16/Aug/2014:11:02:22 +0200] "GET /css/stylesheet.css HTTP/1.1" 200 6399 "-" "Crawler powered by contentDetection (www.mindup.de)"
148.251.232.203 - - [16/Aug/2014:11:02:22 +0200] "GET /kontakt.html HTTP/1.1" 200 5302 "-" "Mozilla/5.0 (Windows NT 6.1; WOW64; rv:30.0) Gecko/20100101 Firefox/30.0"
148.251.232.203 - - [16/Aug/2014:11:02:22 +0200] "GET /robots.txt HTTP/1.1" 404 1256 "-" "Crawler powered by contentDetection (www.mindup.de)"
148.251.232.203 - - [16/Aug/2014:11:02:22 +0200] "GET /css/stylesheet.css HTTP/1.1" 200 6399 "-" "Crawler powered by contentDetection (www.mindup.de)"
148.251.232.203 - - [16/Aug/2014:11:02:22 +0200] "GET /robots.txt HTTP/1.1" 404 1256 "-" "Crawler powered by contentDetection (www.mindup.de)"
148.251.232.203 - - [16/Aug/2014:11:02:22 +0200] "GET /css/stylesheet.css HTTP/1.1" 200 6399 "-" "Crawler powered by contentDetection (www.mindup.de)"
91.121.107.25 - - [16/Aug/2014:11:15:07 +0200] "GET / HTTP/1.1" 200 3135 "-" "Mozilla/5.0 (Windows NT 6.1; WOW64) AppleWebKit/537.31 (KHTML, like Gecko) Chrome/26.0.1410.64 Safari/537.31"
91.121.107.25 - - [16/Aug/2014:11:15:08 +0200] "GET /kontakt.html HTTP/1.1" 200 5302 "-" "Mozilla/5.0 (Windows NT 6.1; WOW64) AppleWebKit/537.31 (KHTML, like Gecko) Chrome/26.0.1410.64 Safari/537.31"
91.121.107.25 - - [16/Aug/2014:11:15:10 +0200] "GET /referenzen.html HTTP/1.1" 200 4045 "-" "Mozilla/5.0 (Windows NT 6.1; WOW64) AppleWebKit/537.31 (KHTML, like Gecko) Chrome/26.0.1410.64 Safari/537.31"
91.121.107.25 - - [16/Aug/2014:11:15:11 +0200] "GET /css/jquery.fancybox-1.3.4.css HTTP/1.1" 200 8776 "-" "Mozilla/5.0 (Windows NT 6.1; WOW64) AppleWebKit/537.31 (KHTML, like Gecko) Chrome/26.0.1410.64 Safari/537.31"
91.121.107.25 - - [16/Aug/2014:11:15:13 +0200] "GET /js/jquery.mousewheel-3.0.4.pack.js HTTP/1.1" 200 1279 "-" "Mozilla/5.0 (Windows NT 6.1; WOW64) AppleWebKit/537.31 (KHTML, like Gecko) Chrome/26.0.1410.64 Safari/537.31"
91.121.107.25 - - [16/Aug/2014:11:15:15 +0200] "GET /js/jquery.fancybox-1.3.4.pack.js HTTP/1.1" 200 15624 "-" "Mozilla/5.0 (Windows NT 6.1; WOW64) AppleWebKit/537.31 (KHTML, like Gecko) Chrome/26.0.1410.64 Safari/537.31"
91.121.107.25 - - [16/Aug/2014:11:15:16 +0200] "GET /js/jquery-1.7.2.min.js HTTP/1.1" 200 94840 "-" "Mozilla/5.0 (Windows NT 6.1; WOW64) AppleWebKit/537.31 (KHTML, like Gecko) Chrome/26.0.1410.64 Safari/537.31"
91.121.107.25 - - [16/Aug/2014:11:15:19 +0200] "GET /a HTTP/1.1" 404 1256 "-" "Mozilla/5.0 (Windows NT 6.1; WOW64) AppleWebKit/537.31 (KHTML, like Gecko) Chrome/26.0.1410.64 Safari/537.31"
91.121.107.25 - - [16/Aug/2014:11:15:21 +0200] "GET /leistungen.html HTTP/1.1" 200 3224 "-" "Mozilla/5.0 (Windows NT 6.1; WOW64) AppleWebKit/537.31 (KHTML, like Gecko) Chrome/26.0.1410.64 Safari/537.31"
91.121.107.25 - - [16/Aug/2014:11:15:22 +0200] "GET /wir-ueber-uns.html HTTP/1.1" 200 5703 "-" "Mozilla/5.0 (Windows NT 6.1; WOW64) AppleWebKit/537.31 (KHTML, like Gecko) Chrome/26.0.1410.64 Safari/537.31"
91.121.107.25 - - [16/Aug/2014:11:15:23 +0200] "GET /index.html HTTP/1.1" 200 3135 "-" "Mozilla/5.0 (Windows NT 6.1; WOW64) AppleWebKit/537.31 (KHTML, like Gecko) Chrome/26.0.1410.64 Safari/537.31"
91.121.107.25 - - [16/Aug/2014:11:15:26 +0200] "GET /css/stylesheet.css HTTP/1.1" 200 6399 "-" "Mozilla/5.0 (Windows NT 6.1; WOW64) AppleWebKit/537.31 (KHTML, like Gecko) Chrome/26.0.1410.64 Safari/537.31"
94.23.222.183 - - [16/Aug/2014:11:20:08 +0200] "HEAD /img/referenzen/114.jpg HTTP/1.1" 200 - "-" "Mozilla/5.0 (Windows NT 6.1; WOW64) AppleWebKit/537.31 (KHTML, like Gecko) Chrome/26.0.1410.64 Safari/537.31"
94.23.222.183 - - [16/Aug/2014:11:20:09 +0200] "GET /img/referenzen/114.jpg HTTP/1.1" 200 291853 "-" "Mozilla/5.0 (Windows NT 6.1; WOW64) AppleWebKit/537.31 (KHTML, like Gecko) Chrome/26.0.1410.64 Safari/537.31"
37.59.56.77 - - [16/Aug/2014:11:44:49 +0200] "HEAD /img/fancy/fancy_title_over.png HTTP/1.1" 200 - "-" "Mozilla/5.0 (Windows NT 6.1; WOW64) AppleWebKit/537.31 (KHTML, like Gecko) Chrome/26.0.1410.64 Safari/537.31"
37.59.56.76 - - [16/Aug/2014:12:02:16 +0200] "HEAD /img/gradient_right.png HTTP/1.1" 200 - "-" "Mozilla/5.0 (Windows NT 6.1; WOW64) AppleWebKit/537.31 (KHTML, like Gecko) Chrome/26.0.1410.64 Safari/537.31"
91.121.112.108 - - [16/Aug/2014:12:03:39 +0200] "HEAD /img/news.jpg HTTP/1.1" 200 - "-" "Mozilla/5.0 (Windows NT 6.1; WOW64) AppleWebKit/537.31 (KHTML, like Gecko) Chrome/26.0.1410.64 Safari/537.31"
94.23.32.171 - - [16/Aug/2014:12:03:42 +0200] "HEAD /img/shl.png HTTP/1.1" 200 - "-" "Mozilla/5.0 (Windows NT 6.1; WOW64) AppleWebKit/537.31 (KHTML, like Gecko) Chrome/26.0.1410.64 Safari/537.31"
94.23.32.171 - - [16/Aug/2014:12:26:37 +0200] "HEAD /img/fancy/fancy_title_left.png HTTP/1.1" 200 - "-" "Mozilla/5.0 (Windows NT 6.1; WOW64) AppleWebKit/537.31 (KHTML, like Gecko) Chrome/26.0.1410.64 Safari/537.31"
37.59.56.76 - - [16/Aug/2014:12:48:53 +0200] "HEAD /img/nav.png HTTP/1.1" 200 - "-" "Mozilla/5.0 (Windows NT 6.1; WOW64) AppleWebKit/537.31 (KHTML, like Gecko) Chrome/26.0.1410.64 Safari/537.31"
37.59.56.76 - - [16/Aug/2014:13:10:06 +0200] "HEAD /img/fancy/fancy_title_right.png HTTP/1.1" 200 - "-" "Mozilla/5.0 (Windows NT 6.1; WOW64) AppleWebKit/537.31 (KHTML, like Gecko) Chrome/26.0.1410.64 Safari/537.31"
91.121.107.25 - - [16/Aug/2014:13:22:47 +0200] "GET / HTTP/1.1" 200 3135 "-" "Mozilla/5.0 (Windows NT 6.1; WOW64) AppleWebKit/537.31 (KHTML, like Gecko) Chrome/26.0.1410.64 Safari/537.31"
91.121.107.25 - - [16/Aug/2014:13:22:51 +0200] "GET /kontakt.html HTTP/1.1" 200 5302 "-" "Mozilla/5.0 (Windows NT 6.1; WOW64) AppleWebKit/537.31 (KHTML, like Gecko) Chrome/26.0.1410.64 Safari/537.31"
91.121.107.25 - - [16/Aug/2014:13:22:53 +0200] "GET /referenzen.html HTTP/1.1" 200 4045 "-" "Mozilla/5.0 (Windows NT 6.1; WOW64) AppleWebKit/537.31 (KHTML, like Gecko) Chrome/26.0.1410.64 Safari/537.31"
91.121.107.25 - - [16/Aug/2014:13:22:55 +0200] "GET /css/jquery.fancybox-1.3.4.css HTTP/1.1" 200 8776 "-" "Mozilla/5.0 (Windows NT 6.1; WOW64) AppleWebKit/537.31 (KHTML, like Gecko) Chrome/26.0.1410.64 Safari/537.31"
91.121.107.25 - - [16/Aug/2014:13:22:59 +0200] "GET /js/jquery.mousewheel-3.0.4.pack.js HTTP/1.1" 200 1279 "-" "Mozilla/5.0 (Windows NT 6.1; WOW64) AppleWebKit/537.31 (KHTML, like Gecko) Chrome/26.0.1410.64 Safari/537.31"
91.121.107.25 - - [16/Aug/2014:13:23:01 +0200] "GET /js/jquery.fancybox-1.3.4.pack.js HTTP/1.1" 200 15624 "-" "Mozilla/5.0 (Windows NT 6.1; WOW64) AppleWebKit/537.31 (KHTML, like Gecko) Chrome/26.0.1410.64 Safari/537.31"
91.121.107.25 - - [16/Aug/2014:13:23:04 +0200] "GET /js/jquery-1.7.2.min.js HTTP/1.1" 200 94840 "-" "Mozilla/5.0 (Windows NT 6.1; WOW64) AppleWebKit/537.31 (KHTML, like Gecko) Chrome/26.0.1410.64 Safari/537.31"
91.121.107.25 - - [16/Aug/2014:13:23:07 +0200] "GET /a HTTP/1.1" 404 1256 "-" "Mozilla/5.0 (Windows NT 6.1; WOW64) AppleWebKit/537.31 (KHTML, like Gecko) Chrome/26.0.1410.64 Safari/537.31"
91.121.107.25 - - [16/Aug/2014:13:23:10 +0200] "GET /leistungen.html HTTP/1.1" 200 3224 "-" "Mozilla/5.0 (Windows NT 6.1; WOW64) AppleWebKit/537.31 (KHTML, like Gecko) Chrome/26.0.1410.64 Safari/537.31"
91.121.107.25 - - [16/Aug/2014:13:23:13 +0200] "GET /wir-ueber-uns.html HTTP/1.1" 200 5703 "-" "Mozilla/5.0 (Windows NT 6.1; WOW64) AppleWebKit/537.31 (KHTML, like Gecko) Chrome/26.0.1410.64 Safari/537.31"
91.121.107.25 - - [16/Aug/2014:13:23:16 +0200] "GET /index.html HTTP/1.1" 200 3135 "-" "Mozilla/5.0 (Windows NT 6.1; WOW64) AppleWebKit/537.31 (KHTML, like Gecko) Chrome/26.0.1410.64 Safari/537.31"
91.121.107.25 - - [16/Aug/2014:13:23:19 +0200] "GET /css/stylesheet.css HTTP/1.1" 200 6399 "-" "Mozilla/5.0 (Windows NT 6.1; WOW64) AppleWebKit/537.31 (KHTML, like Gecko) Chrome/26.0.1410.64 Safari/537.31"
37.59.56.77 - - [16/Aug/2014:13:27:06 +0200] "HEAD /img/fancy/fancy_shadow_sw.png HTTP/1.1" 200 - "-" "Mozilla/5.0 (Windows NT 6.1; WOW64) AppleWebKit/537.31 (KHTML, like Gecko) Chrome/26.0.1410.64 Safari/537.31"
188.138.41.208 - - [16/Aug/2014:14:59:32 +0200] "GET / HTTP/1.1" 200 3135 "-" "Mozilla/5.0 (Windows NT 6.1; rv:24.0) Gecko/20100101 Firefox/24.0"
188.138.41.208 - - [16/Aug/2014:14:59:33 +0200] "GET /robots.txt HTTP/1.1" 404 1256 "-" "Mozilla/5.0 (Windows NT 6.1; rv:24.0) Gecko/20100101 Firefox/24.0"
188.138.41.208 - - [16/Aug/2014:14:59:33 +0200] "GET / HTTP/1.1" 200 3135 "-" "Mozilla/5.0 (X11; U; Linux i686; de; rv:1.9.0.1; compatible; iCjobs Stellenangebote Jobs; http://www.icjobs.de) Gecko/20100401 iCjobs/3.2.3"
188.138.41.208 - - [16/Aug/2014:14:59:33 +0200] "GET / HTTP/1.1" 200 3135 "-" "Mozilla/5.0 (Windows NT 6.1; rv:24.0) Gecko/20100101 Firefox/24.0"
188.138.41.208 - - [16/Aug/2014:14:59:35 +0200] "GET /favicon.ico HTTP/1.1" 404 1256 "-" "Mozilla/5.0 (Windows NT 6.1; rv:24.0) Gecko/20100101 Firefox/24.0"
188.138.41.208 - - [16/Aug/2014:14:59:35 +0200] "GET / HTTP/1.1" 200 3135 "-" "Mozilla/5.0 (Windows NT 6.1; rv:24.0) Gecko/20100101 Firefox/24.0"
188.138.41.208 - - [16/Aug/2014:14:59:37 +0200] "GET /css/stylesheet.css HTTP/1.1" 200 6399 "http://www.bsb-schrott.de/" "Mozilla/5.0 (Windows NT 6.1; rv:24.0) Gecko/20100101 Firefox/24.0"
188.138.41.208 - - [16/Aug/2014:14:59:39 +0200] "GET /wir-ueber-uns.html HTTP/1.1" 200 5703 "-" "Mozilla/5.0 (Windows NT 6.1; rv:24.0) Gecko/20100101 Firefox/24.0"
188.138.41.208 - - [16/Aug/2014:14:59:41 +0200] "GET /css/stylesheet.css HTTP/1.1" 200 6399 "http://www.bsb-schrott.de/wir-ueber-uns.html" "Mozilla/5.0 (Windows NT 6.1; rv:24.0) Gecko/20100101 Firefox/24.0"
188.138.41.208 - - [16/Aug/2014:14:59:42 +0200] "GET /kontakt.html HTTP/1.1" 200 5302 "-" "Mozilla/5.0 (Windows NT 6.1; rv:24.0) Gecko/20100101 Firefox/24.0"
188.138.41.208 - - [16/Aug/2014:15:00:00 +0200] "GET /css/stylesheet.css HTTP/1.1" 200 6399 "http://www.bsb-schrott.de/kontakt.html" "Mozilla/5.0 (Windows NT 6.1; rv:24.0) Gecko/20100101 Firefox/24.0"
188.138.41.208 - - [16/Aug/2014:15:00:04 +0200] "GET /index.html HTTP/1.1" 200 3135 "-" "Mozilla/5.0 (Windows NT 6.1; rv:24.0) Gecko/20100101 Firefox/24.0"
188.138.41.208 - - [16/Aug/2014:15:00:12 +0200] "GET /leistungen.html HTTP/1.1" 200 3224 "-" "Mozilla/5.0 (Windows NT 6.1; rv:24.0) Gecko/20100101 Firefox/24.0"
188.138.41.208 - - [16/Aug/2014:15:00:23 +0200] "GET /css/stylesheet.css HTTP/1.1" 200 6399 "http://www.bsb-schrott.de/leistungen.html" "Mozilla/5.0 (Windows NT 6.1; rv:24.0) Gecko/20100101 Firefox/24.0"
188.138.41.208 - - [16/Aug/2014:15:00:24 +0200] "GET /referenzen.html HTTP/1.1" 200 4045 "-" "Mozilla/5.0 (Windows NT 6.1; rv:24.0) Gecko/20100101 Firefox/24.0"
188.138.41.208 - - [16/Aug/2014:15:00:24 +0200] "GET /js/jquery-1.7.2.min.js HTTP/1.1" 200 94840 "http://www.bsb-schrott.de/referenzen.html" "Mozilla/5.0 (Windows NT 6.1; rv:24.0) Gecko/20100101 Firefox/24.0"
188.138.41.208 - - [16/Aug/2014:15:00:25 +0200] "GET /js/jquery.fancybox-1.3.4.pack.js HTTP/1.1" 200 15624 "http://www.bsb-schrott.de/referenzen.html" "Mozilla/5.0 (Windows NT 6.1; rv:24.0) Gecko/20100101 Firefox/24.0"
188.138.41.208 - - [16/Aug/2014:15:00:25 +0200] "GET /js/jquery.mousewheel-3.0.4.pack.js HTTP/1.1" 200 1279 "http://www.bsb-schrott.de/referenzen.html" "Mozilla/5.0 (Windows NT 6.1; rv:24.0) Gecko/20100101 Firefox/24.0"
188.138.41.208 - - [16/Aug/2014:15:00:25 +0200] "GET /css/stylesheet.css HTTP/1.1" 200 6399 "http://www.bsb-schrott.de/referenzen.html" "Mozilla/5.0 (Windows NT 6.1; rv:24.0) Gecko/20100101 Firefox/24.0"
188.138.41.208 - - [16/Aug/2014:15:00:27 +0200] "GET /css/jquery.fancybox-1.3.4.css HTTP/1.1" 200 8776 "http://www.bsb-schrott.de/referenzen.html" "Mozilla/5.0 (Windows NT 6.1; rv:24.0) Gecko/20100101 Firefox/24.0"
188.138.41.208 - - [16/Aug/2014:15:00:28 +0200] "GET /img/referenzen/011.jpg HTTP/1.1" 200 161700 "http://www.bsb-schrott.de/referenzen.html" "Mozilla/5.0 (Windows NT 6.1; rv:24.0) Gecko/20100101 Firefox/24.0"
188.138.41.208 - - [16/Aug/2014:15:00:47 +0200] "GET /pub/BSB_IWA_Zertifikat.pdf HTTP/1.1" 200 3096963 "-" "Mozilla/5.0 (Windows NT 6.1; rv:24.0) Gecko/20100101 Firefox/24.0"
37.59.56.77 - - [16/Aug/2014:15:11:21 +0200] "HEAD /img/header_banner.png HTTP/1.1" 200 - "-" "Mozilla/5.0 (Windows NT 6.1; WOW64) AppleWebKit/537.31 (KHTML, like Gecko) Chrome/26.0.1410.64 Safari/537.31"
37.59.56.77 - - [16/Aug/2014:15:11:22 +0200] "GET /img/header_banner.png HTTP/1.1" 200 22955 "-" "Mozilla/5.0 (Windows NT 6.1; WOW64) AppleWebKit/537.31 (KHTML, like Gecko) Chrome/26.0.1410.64 Safari/537.31"
2.201.0.62 - - [16/Aug/2014:15:14:04 +0200] "GET /impressum.html HTTP/1.1" 200 3432 "https://www.google.de/" "Mozilla/5.0 (iPhone; CPU iPhone OS 7_1_2 like Mac OS X) AppleWebKit/537.51.2 (KHTML, like Gecko) Version/7.0 Mobile/11D257 Safari/9537.53"
2.201.0.62 - - [16/Aug/2014:15:14:04 +0200] "GET /css/stylesheet.css HTTP/1.1" 200 6399 "http://www.bsb-schrott.de/impressum.html" "Mozilla/5.0 (iPhone; CPU iPhone OS 7_1_2 like Mac OS X) AppleWebKit/537.51.2 (KHTML, like Gecko) Version/7.0 Mobile/11D257 Safari/9537.53"
2.201.0.62 - - [16/Aug/2014:15:14:04 +0200] "GET /img/news.jpg HTTP/1.1" 200 7536 "http://www.bsb-schrott.de/impressum.html" "Mozilla/5.0 (iPhone; CPU iPhone OS 7_1_2 like Mac OS X) AppleWebKit/537.51.2 (KHTML, like Gecko) Version/7.0 Mobile/11D257 Safari/9537.53"
2.201.0.62 - - [16/Aug/2014:15:14:04 +0200] "GET /img/nav.png HTTP/1.1" 200 197 "http://www.bsb-schrott.de/impressum.html" "Mozilla/5.0 (iPhone; CPU iPhone OS 7_1_2 like Mac OS X) AppleWebKit/537.51.2 (KHTML, like Gecko) Version/7.0 Mobile/11D257 Safari/9537.53"
2.201.0.62 - - [16/Aug/2014:15:14:04 +0200] "GET /img/header_banner.png HTTP/1.1" 200 22955 "http://www.bsb-schrott.de/impressum.html" "Mozilla/5.0 (iPhone; CPU iPhone OS 7_1_2 like Mac OS X) AppleWebKit/537.51.2 (KHTML, like Gecko) Version/7.0 Mobile/11D257 Safari/9537.53"
2.201.0.62 - - [16/Aug/2014:15:14:04 +0200] "GET /img/gradient_header.png HTTP/1.1" 200 253 "http://www.bsb-schrott.de/impressum.html" "Mozilla/5.0 (iPhone; CPU iPhone OS 7_1_2 like Mac OS X) AppleWebKit/537.51.2 (KHTML, like Gecko) Version/7.0 Mobile/11D257 Safari/9537.53"
2.201.0.62 - - [16/Aug/2014:15:14:04 +0200] "GET /img/bsb_logo.jpg HTTP/1.1" 200 31271 "http://www.bsb-schrott.de/impressum.html" "Mozilla/5.0 (iPhone; CPU iPhone OS 7_1_2 like Mac OS X) AppleWebKit/537.51.2 (KHTML, like Gecko) Version/7.0 Mobile/11D257 Safari/9537.53"
2.201.0.62 - - [16/Aug/2014:15:14:04 +0200] "GET /img/content_bagger.png HTTP/1.1" 200 143701 "http://www.bsb-schrott.de/impressum.html" "Mozilla/5.0 (iPhone; CPU iPhone OS 7_1_2 like Mac OS X) AppleWebKit/537.51.2 (KHTML, like Gecko) Version/7.0 Mobile/11D257 Safari/9537.53"
2.201.0.62 - - [16/Aug/2014:15:14:04 +0200] "GET /img/iwa_cert.png HTTP/1.1" 200 38259 "http://www.bsb-schrott.de/impressum.html" "Mozilla/5.0 (iPhone; CPU iPhone OS 7_1_2 like Mac OS X) AppleWebKit/537.51.2 (KHTML, like Gecko) Version/7.0 Mobile/11D257 Safari/9537.53"
2.201.0.62 - - [16/Aug/2014:15:14:04 +0200] "GET /img/gradient_left.png HTTP/1.1" 200 135 "http://www.bsb-schrott.de/impressum.html" "Mozilla/5.0 (iPhone; CPU iPhone OS 7_1_2 like Mac OS X) AppleWebKit/537.51.2 (KHTML, like Gecko) Version/7.0 Mobile/11D257 Safari/9537.53"
2.201.0.62 - - [16/Aug/2014:15:14:04 +0200] "GET /img/bsb_background.jpg HTTP/1.1" 200 84092 "http://www.bsb-schrott.de/impressum.html" "Mozilla/5.0 (iPhone; CPU iPhone OS 7_1_2 like Mac OS X) AppleWebKit/537.51.2 (KHTML, like Gecko) Version/7.0 Mobile/11D257 Safari/9537.53"
2.201.0.62 - - [16/Aug/2014:15:14:04 +0200] "GET /css/gudea-regular-webfont.woff HTTP/1.1" 200 21616 "http://www.bsb-schrott.de/impressum.html" "Mozilla/5.0 (iPhone; CPU iPhone OS 7_1_2 like Mac OS X) AppleWebKit/537.51.2 (KHTML, like Gecko) Version/7.0 Mobile/11D257 Safari/9537.53"
2.201.0.62 - - [16/Aug/2014:15:14:04 +0200] "GET /img/gradient_footer.png HTTP/1.1" 200 140 "http://www.bsb-schrott.de/impressum.html" "Mozilla/5.0 (iPhone; CPU iPhone OS 7_1_2 like Mac OS X) AppleWebKit/537.51.2 (KHTML, like Gecko) Version/7.0 Mobile/11D257 Safari/9537.53"
2.201.0.62 - - [16/Aug/2014:15:14:04 +0200] "GET /img/gradient_navbar.png HTTP/1.1" 200 144 "http://www.bsb-schrott.de/impressum.html" "Mozilla/5.0 (iPhone; CPU iPhone OS 7_1_2 like Mac OS X) AppleWebKit/537.51.2 (KHTML, like Gecko) Version/7.0 Mobile/11D257 Safari/9537.53"
2.201.0.62 - - [16/Aug/2014:15:14:04 +0200] "GET /img/contentBg.png HTTP/1.1" 200 110 "http://www.bsb-schrott.de/impressum.html" "Mozilla/5.0 (iPhone; CPU iPhone OS 7_1_2 like Mac OS X) AppleWebKit/537.51.2 (KHTML, like Gecko) Version/7.0 Mobile/11D257 Safari/9537.53"
2.201.0.62 - - [16/Aug/2014:15:14:04 +0200] "GET /img/gradient_right.png HTTP/1.1" 200 127 "http://www.bsb-schrott.de/impressum.html" "Mozilla/5.0 (iPhone; CPU iPhone OS 7_1_2 like Mac OS X) AppleWebKit/537.51.2 (KHTML, like Gecko) Version/7.0 Mobile/11D257 Safari/9537.53"
2.201.0.62 - - [16/Aug/2014:15:14:04 +0200] "GET /css/gudea-bold-webfont.woff HTTP/1.1" 200 21884 "http://www.bsb-schrott.de/impressum.html" "Mozilla/5.0 (iPhone; CPU iPhone OS 7_1_2 like Mac OS X) AppleWebKit/537.51.2 (KHTML, like Gecko) Version/7.0 Mobile/11D257 Safari/9537.53"
2.201.0.62 - - [16/Aug/2014:15:14:04 +0200] "GET /img/lvl.png HTTP/1.1" 200 1441 "http://www.bsb-schrott.de/impressum.html" "Mozilla/5.0 (iPhone; CPU iPhone OS 7_1_2 like Mac OS X) AppleWebKit/537.51.2 (KHTML, like Gecko) Version/7.0 Mobile/11D257 Safari/9537.53"
2.201.0.62 - - [16/Aug/2014:15:14:42 +0200] "GET /leistungen.html HTTP/1.1" 200 3224 "http://www.bsb-schrott.de/impressum.html" "Mozilla/5.0 (iPhone; CPU iPhone OS 7_1_2 like Mac OS X) AppleWebKit/537.51.2 (KHTML, like Gecko) Version/7.0 Mobile/11D257 Safari/9537.53"
2.201.0.62 - - [16/Aug/2014:15:14:43 +0200] "GET /img/nav_activ.png HTTP/1.1" 200 520 "http://www.bsb-schrott.de/leistungen.html" "Mozilla/5.0 (iPhone; CPU iPhone OS 7_1_2 like Mac OS X) AppleWebKit/537.51.2 (KHTML, like Gecko) Version/7.0 Mobile/11D257 Safari/9537.53"
2.201.0.62 - - [16/Aug/2014:15:15:11 +0200] "GET /wir-ueber-uns.html HTTP/1.1" 200 5703 "http://www.bsb-schrott.de/leistungen.html" "Mozilla/5.0 (iPhone; CPU iPhone OS 7_1_2 like Mac OS X) AppleWebKit/537.51.2 (KHTML, like Gecko) Version/7.0 Mobile/11D257 Safari/9537.53"
2.201.0.62 - - [16/Aug/2014:15:15:12 +0200] "GET /img/timeline.png HTTP/1.1" 200 724 "http://www.bsb-schrott.de/wir-ueber-uns.html" "Mozilla/5.0 (iPhone; CPU iPhone OS 7_1_2 like Mac OS X) AppleWebKit/537.51.2 (KHTML, like Gecko) Version/7.0 Mobile/11D257 Safari/9537.53"
2.201.0.62 - - [16/Aug/2014:15:15:12 +0200] "GET /img/lhl.png HTTP/1.1" 200 1132 "http://www.bsb-schrott.de/wir-ueber-uns.html" "Mozilla/5.0 (iPhone; CPU iPhone OS 7_1_2 like Mac OS X) AppleWebKit/537.51.2 (KHTML, like Gecko) Version/7.0 Mobile/11D257 Safari/9537.53"
2.201.0.62 - - [16/Aug/2014:15:15:12 +0200] "GET /css/gudea-italic-webfont.woff HTTP/1.1" 200 25624 "http://www.bsb-schrott.de/wir-ueber-uns.html" "Mozilla/5.0 (iPhone; CPU iPhone OS 7_1_2 like Mac OS X) AppleWebKit/537.51.2 (KHTML, like Gecko) Version/7.0 Mobile/11D257 Safari/9537.53"
2.201.0.62 - - [16/Aug/2014:15:16:46 +0200] "GET /kontakt.html HTTP/1.1" 200 5302 "http://www.bsb-schrott.de/wir-ueber-uns.html" "Mozilla/5.0 (iPhone; CPU iPhone OS 7_1_2 like Mac OS X) AppleWebKit/537.51.2 (KHTML, like Gecko) Version/7.0 Mobile/11D257 Safari/9537.53"
2.201.0.62 - - [16/Aug/2014:15:18:55 +0200] "GET /index.html HTTP/1.1" 200 3135 "http://www.bsb-schrott.de/kontakt.html" "Mozilla/5.0 (iPhone; CPU iPhone OS 7_1_2 like Mac OS X) AppleWebKit/537.51.2 (KHTML, like Gecko) Version/7.0 Mobile/11D257 Safari/9537.53"
2.201.0.62 - - [16/Aug/2014:15:19:09 +0200] "GET / HTTP/1.1" 200 3135 "-" "Mozilla/5.0 (iPhone; CPU iPhone OS 7_1_2 like Mac OS X) AppleWebKit/537.51.2 (KHTML, like Gecko) Version/7.0 Mobile/11D257 Safari/9537.53"
95.211.224.152 - - [16/Aug/2014:15:31:30 +0200] "HEAD /img/fancy/fancy_title_main.png HTTP/1.1" 200 - "-" "Mozilla/5.0 (Windows NT 6.1; WOW64) AppleWebKit/537.31 (KHTML, like Gecko) Chrome/26.0.1410.64 Safari/537.31"
37.59.56.77 - - [16/Aug/2014:15:37:28 +0200] "HEAD /img/referenzen/thumb/PICT1325.jpg HTTP/1.1" 200 - "-" "Mozilla/5.0 (Windows NT 6.1; WOW64) AppleWebKit/537.31 (KHTML, like Gecko) Chrome/26.0.1410.64 Safari/537.31"
91.121.107.25 - - [16/Aug/2014:15:38:10 +0200] "GET / HTTP/1.1" 200 3135 "-" "Mozilla/5.0 (Windows NT 6.1; WOW64) AppleWebKit/537.31 (KHTML, like Gecko) Chrome/26.0.1410.64 Safari/537.31"
91.121.107.25 - - [16/Aug/2014:15:38:14 +0200] "GET /kontakt.html HTTP/1.1" 200 5302 "-" "Mozilla/5.0 (Windows NT 6.1; WOW64) AppleWebKit/537.31 (KHTML, like Gecko) Chrome/26.0.1410.64 Safari/537.31"
91.121.107.25 - - [16/Aug/2014:15:38:19 +0200] "GET /referenzen.html HTTP/1.1" 200 4045 "-" "Mozilla/5.0 (Windows NT 6.1; WOW64) AppleWebKit/537.31 (KHTML, like Gecko) Chrome/26.0.1410.64 Safari/537.31"
91.121.107.25 - - [16/Aug/2014:15:38:26 +0200] "GET /css/jquery.fancybox-1.3.4.css HTTP/1.1" 200 8776 "-" "Mozilla/5.0 (Windows NT 6.1; WOW64) AppleWebKit/537.31 (KHTML, like Gecko) Chrome/26.0.1410.64 Safari/537.31"
91.121.107.25 - - [16/Aug/2014:15:38:29 +0200] "GET /js/jquery.mousewheel-3.0.4.pack.js HTTP/1.1" 200 1279 "-" "Mozilla/5.0 (Windows NT 6.1; WOW64) AppleWebKit/537.31 (KHTML, like Gecko) Chrome/26.0.1410.64 Safari/537.31"
91.121.107.25 - - [16/Aug/2014:15:38:34 +0200] "GET /js/jquery.fancybox-1.3.4.pack.js HTTP/1.1" 200 15624 "-" "Mozilla/5.0 (Windows NT 6.1; WOW64) AppleWebKit/537.31 (KHTML, like Gecko) Chrome/26.0.1410.64 Safari/537.31"
91.121.107.25 - - [16/Aug/2014:15:38:40 +0200] "GET /js/jquery-1.7.2.min.js HTTP/1.1" 200 94840 "-" "Mozilla/5.0 (Windows NT 6.1; WOW64) AppleWebKit/537.31 (KHTML, like Gecko) Chrome/26.0.1410.64 Safari/537.31"
91.121.107.25 - - [16/Aug/2014:15:38:49 +0200] "GET /a HTTP/1.1" 404 1256 "-" "Mozilla/5.0 (Windows NT 6.1; WOW64) AppleWebKit/537.31 (KHTML, like Gecko) Chrome/26.0.1410.64 Safari/537.31"
91.121.107.25 - - [16/Aug/2014:15:38:51 +0200] "GET /leistungen.html HTTP/1.1" 200 3224 "-" "Mozilla/5.0 (Windows NT 6.1; WOW64) AppleWebKit/537.31 (KHTML, like Gecko) Chrome/26.0.1410.64 Safari/537.31"
91.121.107.25 - - [16/Aug/2014:15:39:00 +0200] "GET /wir-ueber-uns.html HTTP/1.1" 200 5703 "-" "Mozilla/5.0 (Windows NT 6.1; WOW64) AppleWebKit/537.31 (KHTML, like Gecko) Chrome/26.0.1410.64 Safari/537.31"
91.121.107.25 - - [16/Aug/2014:15:39:05 +0200] "GET /index.html HTTP/1.1" 200 3135 "-" "Mozilla/5.0 (Windows NT 6.1; WOW64) AppleWebKit/537.31 (KHTML, like Gecko) Chrome/26.0.1410.64 Safari/537.31"
91.121.107.25 - - [16/Aug/2014:15:39:10 +0200] "GET /css/stylesheet.css HTTP/1.1" 200 6399 "-" "Mozilla/5.0 (Windows NT 6.1; WOW64) AppleWebKit/537.31 (KHTML, like Gecko) Chrome/26.0.1410.64 Safari/537.31"
66.249.79.124 - - [16/Aug/2014:15:46:48 +0200] "GET /robots.txt HTTP/1.1" 404 1256 "-" "Mozilla/5.0 (compatible; Googlebot/2.1; +http://www.google.com/bot.html)"
66.249.79.150 - - [16/Aug/2014:15:46:49 +0200] "GET /img/referenzen/thumb/PICT1324.jpg HTTP/1.1" 304 - "-" "Googlebot-Image/1.0"
94.23.222.183 - - [16/Aug/2014:15:57:16 +0200] "HEAD /img/fancy/fancy_shadow_s.png HTTP/1.1" 200 - "-" "Mozilla/5.0 (Windows NT 6.1; WOW64) AppleWebKit/537.31 (KHTML, like Gecko) Chrome/26.0.1410.64 Safari/537.31"
94.23.222.183 - - [16/Aug/2014:16:44:43 +0200] "HEAD /img/fancy/fancy_nav_right.png HTTP/1.1" 200 - "-" "Mozilla/5.0 (Windows NT 6.1; WOW64) AppleWebKit/537.31 (KHTML, like Gecko) Chrome/26.0.1410.64 Safari/537.31"
91.121.112.108 - - [16/Aug/2014:16:54:33 +0200] "HEAD /img/gradient_header.png HTTP/1.1" 200 - "-" "Mozilla/5.0 (Windows NT 6.1; WOW64) AppleWebKit/537.31 (KHTML, like Gecko) Chrome/26.0.1410.64 Safari/537.31"
66.249.79.137 - - [16/Aug/2014:17:01:56 +0200] "GET /img/referenzen/PICT1324.jpg HTTP/1.1" 304 - "-" "Googlebot-Image/1.0"
94.23.222.183 - - [16/Aug/2014:17:12:15 +0200] "HEAD /img/referenzen/thumb/011.jpg HTTP/1.1" 200 - "-" "Mozilla/5.0 (Windows NT 6.1; WOW64) AppleWebKit/537.31 (KHTML, like Gecko) Chrome/26.0.1410.64 Safari/537.31"
37.58.100.69 - - [16/Aug/2014:17:25:01 +0200] "GET /robots.txt HTTP/1.1" 404 1256 "-" "Mozilla/5.0 (compatible; AhrefsBot/5.0; +http://ahrefs.com/robot/)"
91.121.112.108 - - [16/Aug/2014:17:27:10 +0200] "HEAD /img/content_bagger.png HTTP/1.1" 200 - "-" "Mozilla/5.0 (Windows NT 6.1; WOW64) AppleWebKit/537.31 (KHTML, like Gecko) Chrome/26.0.1410.64 Safari/537.31"
91.121.112.108 - - [16/Aug/2014:17:27:11 +0200] "GET /img/content_bagger.png HTTP/1.1" 200 143701 "-" "Mozilla/5.0 (Windows NT 6.1; WOW64) AppleWebKit/537.31 (KHTML, like Gecko) Chrome/26.0.1410.64 Safari/537.31"
94.23.222.183 - - [16/Aug/2014:18:28:01 +0200] "HEAD /img/referenzen/thumb/011.jpg HTTP/1.1" 200 - "-" "Mozilla/5.0 (Windows NT 6.1; WOW64) AppleWebKit/537.31 (KHTML, like Gecko) Chrome/26.0.1410.64 Safari/537.31"
91.121.112.108 - - [16/Aug/2014:18:30:23 +0200] "HEAD /img/fancy/fancy_shadow_n.png HTTP/1.1" 200 - "-" "Mozilla/5.0 (Windows NT 6.1; WOW64) AppleWebKit/537.31 (KHTML, like Gecko) Chrome/26.0.1410.64 Safari/537.31"
77.185.132.104 - - [16/Aug/2014:18:43:18 +0200] "GET / HTTP/1.1" 200 3135 "http://www.google.de/url?sa=t&rct=j&q=&esrc=s&source=web&cd=10&ved=0CHcQoAIwCQ&url=http%3A%2F%2Fwww.bsb-schrott.de%2F&ei=jIjvU9rjK6GP0AWqsoHYDQ&usg=AFQjCNEDqREvx0Tr5ZV-8Og1Vv-fFeOPRg&sig2=h0c2i2dt4vUzi-oZjSiidA&bvm=bv.73231344,d.d2k" "Mozilla/5.0 (Windows NT 6.1; rv:31.0) Gecko/20100101 Firefox/31.0"
77.185.132.104 - - [16/Aug/2014:18:43:19 +0200] "GET /css/stylesheet.css HTTP/1.1" 200 6399 "http://www.bsb-schrott.de/" "Mozilla/5.0 (Windows NT 6.1; rv:31.0) Gecko/20100101 Firefox/31.0"
77.185.132.104 - - [16/Aug/2014:18:43:19 +0200] "GET /img/news.jpg HTTP/1.1" 200 7536 "http://www.bsb-schrott.de/" "Mozilla/5.0 (Windows NT 6.1; rv:31.0) Gecko/20100101 Firefox/31.0"
77.185.132.104 - - [16/Aug/2014:18:43:19 +0200] "GET /img/gradient_header.png HTTP/1.1" 200 253 "http://www.bsb-schrott.de/css/stylesheet.css" "Mozilla/5.0 (Windows NT 6.1; rv:31.0) Gecko/20100101 Firefox/31.0"
77.185.132.104 - - [16/Aug/2014:18:43:19 +0200] "GET /img/bsb_logo.jpg HTTP/1.1" 200 31271 "http://www.bsb-schrott.de/css/stylesheet.css" "Mozilla/5.0 (Windows NT 6.1; rv:31.0) Gecko/20100101 Firefox/31.0"
77.185.132.104 - - [16/Aug/2014:18:43:19 +0200] "GET /img/header_banner.png HTTP/1.1" 200 22955 "http://www.bsb-schrott.de/css/stylesheet.css" "Mozilla/5.0 (Windows NT 6.1; rv:31.0) Gecko/20100101 Firefox/31.0"
77.185.132.104 - - [16/Aug/2014:18:43:19 +0200] "GET /img/nav_activ.png HTTP/1.1" 200 520 "http://www.bsb-schrott.de/css/stylesheet.css" "Mozilla/5.0 (Windows NT 6.1; rv:31.0) Gecko/20100101 Firefox/31.0"
77.185.132.104 - - [16/Aug/2014:18:43:19 +0200] "GET /img/nav.png HTTP/1.1" 200 197 "http://www.bsb-schrott.de/css/stylesheet.css" "Mozilla/5.0 (Windows NT 6.1; rv:31.0) Gecko/20100101 Firefox/31.0"
77.185.132.104 - - [16/Aug/2014:18:43:19 +0200] "GET /css/gudea-regular-webfont.woff HTTP/1.1" 200 21616 "http://www.bsb-schrott.de/css/stylesheet.css" "Mozilla/5.0 (Windows NT 6.1; rv:31.0) Gecko/20100101 Firefox/31.0"
77.185.132.104 - - [16/Aug/2014:18:43:19 +0200] "GET /css/gudea-bold-webfont.woff HTTP/1.1" 200 21884 "http://www.bsb-schrott.de/css/stylesheet.css" "Mozilla/5.0 (Windows NT 6.1; rv:31.0) Gecko/20100101 Firefox/31.0"
77.185.132.104 - - [16/Aug/2014:18:43:19 +0200] "GET /img/gradient_navbar.png HTTP/1.1" 200 144 "http://www.bsb-schrott.de/css/stylesheet.css" "Mozilla/5.0 (Windows NT 6.1; rv:31.0) Gecko/20100101 Firefox/31.0"
77.185.132.104 - - [16/Aug/2014:18:43:19 +0200] "GET /img/gradient_left.png HTTP/1.1" 200 135 "http://www.bsb-schrott.de/css/stylesheet.css" "Mozilla/5.0 (Windows NT 6.1; rv:31.0) Gecko/20100101 Firefox/31.0"
77.185.132.104 - - [16/Aug/2014:18:43:19 +0200] "GET /img/contentBg.png HTTP/1.1" 200 110 "http://www.bsb-schrott.de/css/stylesheet.css" "Mozilla/5.0 (Windows NT 6.1; rv:31.0) Gecko/20100101 Firefox/31.0"
77.185.132.104 - - [16/Aug/2014:18:43:19 +0200] "GET /img/iwa_cert.png HTTP/1.1" 200 38259 "http://www.bsb-schrott.de/css/stylesheet.css" "Mozilla/5.0 (Windows NT 6.1; rv:31.0) Gecko/20100101 Firefox/31.0"
