87.146.53.128 - - [30/Dec/2013:12:06:03 +0100] "GET /img/gradient_footer.png HTTP/1.1" 200 140 "http://www.bsb-schrott.de/" "Mozilla/5.0 (Windows NT 6.1; WOW64; Trident/7.0; tb-gmx/2.3.0; rv:11.0) like Gecko"
87.146.53.128 - - [30/Dec/2013:12:06:03 +0100] "GET /img/content_bagger.png HTTP/1.1" 200 143701 "http://www.bsb-schrott.de/" "Mozilla/5.0 (Windows NT 6.1; WOW64; Trident/7.0; tb-gmx/2.3.0; rv:11.0) like Gecko"
87.146.53.128 - - [30/Dec/2013:12:06:03 +0100] "GET /favicon.ico HTTP/1.1" 404 1256 "-" "Mozilla/5.0 (Windows NT 6.1; WOW64; Trident/7.0; tb-gmx/2.3.0; rv:11.0) like Gecko"
87.146.53.128 - - [30/Dec/2013:12:06:25 +0100] "GET /leistungen.html HTTP/1.1" 200 3224 "http://www.bsb-schrott.de/" "Mozilla/5.0 (Windows NT 6.1; WOW64; Trident/7.0; tb-gmx/2.3.0; rv:11.0) like Gecko"
87.146.53.128 - - [30/Dec/2013:12:06:25 +0100] "GET /favicon.ico HTTP/1.1" 404 1256 "-" "Mozilla/5.0 (Windows NT 6.1; WOW64; Trident/7.0; tb-gmx/2.3.0; rv:11.0) like Gecko"
87.146.53.128 - - [30/Dec/2013:12:06:49 +0100] "GET /wir-ueber-uns.html HTTP/1.1" 200 5703 "http://www.bsb-schrott.de/leistungen.html" "Mozilla/5.0 (Windows NT 6.1; WOW64; Trident/7.0; tb-gmx/2.3.0; rv:11.0) like Gecko"
87.146.53.128 - - [30/Dec/2013:12:06:50 +0100] "GET /img/timeline.png HTTP/1.1" 200 724 "http://www.bsb-schrott.de/wir-ueber-uns.html" "Mozilla/5.0 (Windows NT 6.1; WOW64; Trident/7.0; tb-gmx/2.3.0; rv:11.0) like Gecko"
87.146.53.128 - - [30/Dec/2013:12:06:49 +0100] "GET /css/gudea-italic-webfont.eot? HTTP/1.1" 200 44788 "http://www.bsb-schrott.de/wir-ueber-uns.html" "Mozilla/5.0 (Windows NT 6.1; WOW64; Trident/7.0; tb-gmx/2.3.0; rv:11.0) like Gecko"
87.146.53.128 - - [30/Dec/2013:12:06:50 +0100] "GET /img/lhl.png HTTP/1.1" 200 1132 "http://www.bsb-schrott.de/wir-ueber-uns.html" "Mozilla/5.0 (Windows NT 6.1; WOW64; Trident/7.0; tb-gmx/2.3.0; rv:11.0) like Gecko"
87.146.53.128 - - [30/Dec/2013:12:07:07 +0100] "GET /kontakt.html HTTP/1.1" 200 3830 "http://www.bsb-schrott.de/wir-ueber-uns.html" "Mozilla/5.0 (Windows NT 6.1; WOW64; Trident/7.0; tb-gmx/2.3.0; rv:11.0) like Gecko"
87.146.53.128 - - [30/Dec/2013:12:08:28 +0100] "GET /referenzen.html HTTP/1.1" 200 4045 "http://www.bsb-schrott.de/kontakt.html" "Mozilla/5.0 (Windows NT 6.1; WOW64; Trident/7.0; tb-gmx/2.3.0; rv:11.0) like Gecko"
87.146.53.128 - - [30/Dec/2013:12:08:28 +0100] "GET /js/jquery.fancybox-1.3.4.pack.js HTTP/1.1" 200 15624 "http://www.bsb-schrott.de/referenzen.html" "Mozilla/5.0 (Windows NT 6.1; WOW64; Trident/7.0; tb-gmx/2.3.0; rv:11.0) like Gecko"
87.146.53.128 - - [30/Dec/2013:12:08:28 +0100] "GET /css/jquery.fancybox-1.3.4.css HTTP/1.1" 200 8776 "http://www.bsb-schrott.de/referenzen.html" "Mozilla/5.0 (Windows NT 6.1; WOW64; Trident/7.0; tb-gmx/2.3.0; rv:11.0) like Gecko"
87.146.53.128 - - [30/Dec/2013:12:08:28 +0100] "GET /js/jquery.mousewheel-3.0.4.pack.js HTTP/1.1" 200 1279 "http://www.bsb-schrott.de/referenzen.html" "Mozilla/5.0 (Windows NT 6.1; WOW64; Trident/7.0; tb-gmx/2.3.0; rv:11.0) like Gecko"
87.146.53.128 - - [30/Dec/2013:12:08:28 +0100] "GET /img/referenzen/thumb/114.jpg HTTP/1.1" 200 7605 "http://www.bsb-schrott.de/referenzen.html" "Mozilla/5.0 (Windows NT 6.1; WOW64; Trident/7.0; tb-gmx/2.3.0; rv:11.0) like Gecko"
87.146.53.128 - - [30/Dec/2013:12:08:28 +0100] "GET /img/referenzen/thumb/011.jpg HTTP/1.1" 200 5938 "http://www.bsb-schrott.de/referenzen.html" "Mozilla/5.0 (Windows NT 6.1; WOW64; Trident/7.0; tb-gmx/2.3.0; rv:11.0) like Gecko"
87.146.53.128 - - [30/Dec/2013:12:08:28 +0100] "GET /img/referenzen/thumb/PICT1324.jpg HTTP/1.1" 200 9353 "http://www.bsb-schrott.de/referenzen.html" "Mozilla/5.0 (Windows NT 6.1; WOW64; Trident/7.0; tb-gmx/2.3.0; rv:11.0) like Gecko"
87.146.53.128 - - [30/Dec/2013:12:08:28 +0100] "GET /js/jquery-1.7.2.min.js HTTP/1.1" 200 94840 "http://www.bsb-schrott.de/referenzen.html" "Mozilla/5.0 (Windows NT 6.1; WOW64; Trident/7.0; tb-gmx/2.3.0; rv:11.0) like Gecko"
87.146.53.128 - - [30/Dec/2013:12:08:28 +0100] "GET /img/referenzen/thumb/PICT1325.jpg HTTP/1.1" 200 8059 "http://www.bsb-schrott.de/referenzen.html" "Mozilla/5.0 (Windows NT 6.1; WOW64; Trident/7.0; tb-gmx/2.3.0; rv:11.0) like Gecko"
87.146.53.128 - - [30/Dec/2013:12:08:28 +0100] "GET /img/fancy/blank.gif HTTP/1.1" 200 43 "http://www.bsb-schrott.de/referenzen.html" "Mozilla/5.0 (Windows NT 6.1; WOW64; Trident/7.0; tb-gmx/2.3.0; rv:11.0) like Gecko"
87.146.53.128 - - [30/Dec/2013:12:08:28 +0100] "GET /img/fancy/fancybox.png HTTP/1.1" 200 15287 "http://www.bsb-schrott.de/referenzen.html" "Mozilla/5.0 (Windows NT 6.1; WOW64; Trident/7.0; tb-gmx/2.3.0; rv:11.0) like Gecko"
87.146.53.128 - - [30/Dec/2013:12:08:28 +0100] "GET /img/referenzen/011.jpg HTTP/1.1" 200 161700 "http://www.bsb-schrott.de/referenzen.html" "Mozilla/5.0 (Windows NT 6.1; WOW64; Trident/7.0; tb-gmx/2.3.0; rv:11.0) like Gecko"
87.146.53.128 - - [30/Dec/2013:12:08:29 +0100] "GET /img/fancy/fancybox-y.png HTTP/1.1" 200 176 "http://www.bsb-schrott.de/referenzen.html" "Mozilla/5.0 (Windows NT 6.1; WOW64; Trident/7.0; tb-gmx/2.3.0; rv:11.0) like Gecko"
87.146.53.128 - - [30/Dec/2013:12:08:29 +0100] "GET /img/fancy/fancybox-x.png HTTP/1.1" 200 203 "http://www.bsb-schrott.de/referenzen.html" "Mozilla/5.0 (Windows NT 6.1; WOW64; Trident/7.0; tb-gmx/2.3.0; rv:11.0) like Gecko"
87.146.53.128 - - [30/Dec/2013:12:08:29 +0100] "GET /img/referenzen/114.jpg HTTP/1.1" 200 291853 "http://www.bsb-schrott.de/referenzen.html" "Mozilla/5.0 (Windows NT 6.1; WOW64; Trident/7.0; tb-gmx/2.3.0; rv:11.0) like Gecko"
66.249.78.62 - - [30/Dec/2013:12:23:52 +0100] "GET /referenzen.html HTTP/1.1" 304 - "-" "Mozilla/5.0 (iPhone; CPU iPhone OS 6_0 like Mac OS X) AppleWebKit/536.26 (KHTML, like Gecko) Version/6.0 Mobile/10A5376e Safari/8536.25 (compatible; Googlebot-Mobile/2.1; +http://www.google.com/bot.html)"
79.214.192.153 - - [30/Dec/2013:12:54:08 +0100] "GET /impressum.html HTTP/1.1" 200 3432 "-" "-"
66.249.78.62 - - [30/Dec/2013:15:53:21 +0100] "GET /robots.txt HTTP/1.1" 404 1256 "-" "Mozilla/5.0 (compatible; Googlebot/2.1; +http://www.google.com/bot.html)"
66.249.75.132 - - [30/Dec/2013:23:21:39 +0100] "GET /pub/BSB_IWA_Zertifikat.pdf HTTP/1.1" 304 - "-" "Mozilla/5.0 (iPhone; CPU iPhone OS 6_0 like Mac OS X) AppleWebKit/536.26 (KHTML, like Gecko) Version/6.0 Mobile/10A5376e Safari/8536.25 (compatible; Googlebot-Mobile/2.1; +http://www.google.com/bot.html)"
157.55.32.106 - - [31/Dec/2013:00:32:42 +0100] "GET /robots.txt HTTP/1.1" 404 1256 "-" "Mozilla/5.0 (compatible; bingbot/2.0; +http://www.bing.com/bingbot.htm)"
77.75.77.32 - - [31/Dec/2013:00:52:16 +0100] "GET /robots.txt HTTP/1.1" 404 1256 "-" "SeznamBot/3.0 (+http://fulltext.sblog.cz/)"
77.75.77.32 - - [31/Dec/2013:00:52:16 +0100] "GET /kontakt.html HTTP/1.1" 200 3830 "-" "SeznamBot/3.0 (+http://fulltext.sblog.cz/)"
157.55.32.106 - - [31/Dec/2013:00:53:52 +0100] "GET /referenzen.html HTTP/1.1" 200 4045 "-" "Mozilla/5.0 (compatible; bingbot/2.0; +http://www.bing.com/bingbot.htm)"
157.55.34.28 - - [31/Dec/2013:00:54:29 +0100] "GET /js/jquery.mousewheel-3.0.4.pack.js HTTP/1.1" 200 1279 "-" "Mozilla/5.0 (compatible; bingbot/2.0; +http://www.bing.com/bingbot.htm)"
157.55.34.28 - - [31/Dec/2013:00:57:49 +0100] "GET /js/jquery.fancybox-1.3.4.pack.js HTTP/1.1" 200 15624 "-" "Mozilla/5.0 (compatible; bingbot/2.0; +http://www.bing.com/bingbot.htm)"
157.55.32.84 - - [31/Dec/2013:02:46:43 +0100] "GET /robots.txt HTTP/1.1" 404 1256 "-" "Mozilla/5.0 (compatible; bingbot/2.0; +http://www.bing.com/bingbot.htm)"
157.55.32.84 - - [31/Dec/2013:02:47:12 +0100] "GET /js/jquery-1.7.2.min.js HTTP/1.1" 200 94840 "-" "Mozilla/5.0 (compatible; bingbot/2.0; +http://www.bing.com/bingbot.htm)"
178.203.102.210 - - [31/Dec/2013:03:50:18 +0100] "GET / HTTP/1.1" 200 3135 "http://www.gelbeseiten.de/schrottplatz/berlin" "Mozilla/5.0 (Windows; U; MSIE 9.0; Windows NT 9.0; en-US)"
66.249.78.62 - - [31/Dec/2013:03:58:43 +0100] "GET /robots.txt HTTP/1.1" 404 1256 "-" "Mozilla/5.0 (compatible; Googlebot/2.1; +http://www.google.com/bot.html)"
66.249.78.62 - - [31/Dec/2013:03:58:43 +0100] "GET /wir-ueber-uns.html HTTP/1.1" 200 5703 "-" "SAMSUNG-SGH-E250/1.0 Profile/MIDP-2.0 Configuration/CLDC-1.1 UP.Browser/6.2.3.3.c.1.101 (GUI) MMP/2.0 (compatible; Googlebot-Mobile/2.1; +http://www.google.com/bot.html)"
80.187.103.32 - - [31/Dec/2013:07:12:46 +0100] "GET /kontakt.html HTTP/1.1" 200 3830 "-" "Mozilla/5.0 (Linux; U; Android 4.0.3; de-de; MD_LIFETAB_P9516 Build/IML74K) AppleWebKit/534.30 (KHTML, like Gecko) Version/4.0 Safari/534.30"
80.187.103.32 - - [31/Dec/2013:07:12:46 +0100] "GET /css/stylesheet.css HTTP/1.1" 200 6398 "-" "Mozilla/5.0 (Linux; U; Android 4.0.3; de-de; MD_LIFETAB_P9516 Build/IML74K) AppleWebKit/534.30 (KHTML, like Gecko) Version/4.0 Safari/534.30"
80.187.103.32 - - [31/Dec/2013:07:12:47 +0100] "GET /img/news.jpg HTTP/1.1" 200 7536 "http://www.bsb-schrott.de/kontakt.html" "Mozilla/5.0 (Linux; U; Android 4.0.3; de-de; MD_LIFETAB_P9516 Build/IML74K) AppleWebKit/534.30 (KHTML, like Gecko) Version/4.0 Safari/534.30"
80.187.103.32 - - [31/Dec/2013:07:12:47 +0100] "GET /img/gradient_header.png HTTP/1.1" 200 253 "http://www.bsb-schrott.de/kontakt.html" "Mozilla/5.0 (Linux; U; Android 4.0.3; de-de; MD_LIFETAB_P9516 Build/IML74K) AppleWebKit/534.30 (KHTML, like Gecko) Version/4.0 Safari/534.30"
80.187.103.32 - - [31/Dec/2013:07:12:47 +0100] "GET /img/nav.png HTTP/1.1" 200 197 "http://www.bsb-schrott.de/kontakt.html" "Mozilla/5.0 (Linux; U; Android 4.0.3; de-de; MD_LIFETAB_P9516 Build/IML74K) AppleWebKit/534.30 (KHTML, like Gecko) Version/4.0 Safari/534.30"
80.187.103.32 - - [31/Dec/2013:07:12:47 +0100] "GET /img/nav_activ.png HTTP/1.1" 200 520 "http://www.bsb-schrott.de/kontakt.html" "Mozilla/5.0 (Linux; U; Android 4.0.3; de-de; MD_LIFETAB_P9516 Build/IML74K) AppleWebKit/534.30 (KHTML, like Gecko) Version/4.0 Safari/534.30"
80.187.103.32 - - [31/Dec/2013:07:12:47 +0100] "GET /img/bsb_logo.jpg HTTP/1.1" 200 31271 "http://www.bsb-schrott.de/kontakt.html" "Mozilla/5.0 (Linux; U; Android 4.0.3; de-de; MD_LIFETAB_P9516 Build/IML74K) AppleWebKit/534.30 (KHTML, like Gecko) Version/4.0 Safari/534.30"
80.187.103.32 - - [31/Dec/2013:07:12:47 +0100] "GET /img/header_banner.png HTTP/1.1" 200 22955 "http://www.bsb-schrott.de/kontakt.html" "Mozilla/5.0 (Linux; U; Android 4.0.3; de-de; MD_LIFETAB_P9516 Build/IML74K) AppleWebKit/534.30 (KHTML, like Gecko) Version/4.0 Safari/534.30"
80.187.103.32 - - [31/Dec/2013:07:12:47 +0100] "GET /img/iwa_cert.png HTTP/1.1" 200 38259 "http://www.bsb-schrott.de/kontakt.html" "Mozilla/5.0 (Linux; U; Android 4.0.3; de-de; MD_LIFETAB_P9516 Build/IML74K) AppleWebKit/534.30 (KHTML, like Gecko) Version/4.0 Safari/534.30"
80.187.103.32 - - [31/Dec/2013:07:12:49 +0100] "GET /img/gradient_navbar.png HTTP/1.1" 200 144 "http://www.bsb-schrott.de/kontakt.html" "Mozilla/5.0 (Linux; U; Android 4.0.3; de-de; MD_LIFETAB_P9516 Build/IML74K) AppleWebKit/534.30 (KHTML, like Gecko) Version/4.0 Safari/534.30"
80.187.103.32 - - [31/Dec/2013:07:12:49 +0100] "GET /img/bsb_background.jpg HTTP/1.1" 200 84092 "http://www.bsb-schrott.de/kontakt.html" "Mozilla/5.0 (Linux; U; Android 4.0.3; de-de; MD_LIFETAB_P9516 Build/IML74K) AppleWebKit/534.30 (KHTML, like Gecko) Version/4.0 Safari/534.30"
80.187.103.32 - - [31/Dec/2013:07:12:49 +0100] "GET /img/gradient_left.png HTTP/1.1" 200 135 "http://www.bsb-schrott.de/kontakt.html" "Mozilla/5.0 (Linux; U; Android 4.0.3; de-de; MD_LIFETAB_P9516 Build/IML74K) AppleWebKit/534.30 (KHTML, like Gecko) Version/4.0 Safari/534.30"
80.187.103.32 - - [31/Dec/2013:07:12:49 +0100] "GET /img/lvl.png HTTP/1.1" 200 1441 "http://www.bsb-schrott.de/kontakt.html" "Mozilla/5.0 (Linux; U; Android 4.0.3; de-de; MD_LIFETAB_P9516 Build/IML74K) AppleWebKit/534.30 (KHTML, like Gecko) Version/4.0 Safari/534.30"
80.187.103.32 - - [31/Dec/2013:07:12:49 +0100] "GET /img/lhl.png HTTP/1.1" 200 1132 "http://www.bsb-schrott.de/kontakt.html" "Mozilla/5.0 (Linux; U; Android 4.0.3; de-de; MD_LIFETAB_P9516 Build/IML74K) AppleWebKit/534.30 (KHTML, like Gecko) Version/4.0 Safari/534.30"
80.187.103.32 - - [31/Dec/2013:07:12:49 +0100] "GET /img/contentBg.png HTTP/1.1" 200 110 "http://www.bsb-schrott.de/kontakt.html" "Mozilla/5.0 (Linux; U; Android 4.0.3; de-de; MD_LIFETAB_P9516 Build/IML74K) AppleWebKit/534.30 (KHTML, like Gecko) Version/4.0 Safari/534.30"
80.187.103.32 - - [31/Dec/2013:07:12:49 +0100] "GET /img/gradient_right.png HTTP/1.1" 200 127 "http://www.bsb-schrott.de/kontakt.html" "Mozilla/5.0 (Linux; U; Android 4.0.3; de-de; MD_LIFETAB_P9516 Build/IML74K) AppleWebKit/534.30 (KHTML, like Gecko) Version/4.0 Safari/534.30"
80.187.103.32 - - [31/Dec/2013:07:12:49 +0100] "GET /img/gradient_footer.png HTTP/1.1" 200 140 "http://www.bsb-schrott.de/kontakt.html" "Mozilla/5.0 (Linux; U; Android 4.0.3; de-de; MD_LIFETAB_P9516 Build/IML74K) AppleWebKit/534.30 (KHTML, like Gecko) Version/4.0 Safari/534.30"
80.187.103.32 - - [31/Dec/2013:07:12:49 +0100] "GET /css/gudea-bold-webfont.ttf HTTP/1.1" 200 35992 "http://www.bsb-schrott.de/kontakt.html" "Mozilla/5.0 (Linux; U; Android 4.0.3; de-de; MD_LIFETAB_P9516 Build/IML74K) AppleWebKit/534.30 (KHTML, like Gecko) Version/4.0 Safari/534.30"
80.187.103.32 - - [31/Dec/2013:07:12:49 +0100] "GET /css/gudea-regular-webfont.ttf HTTP/1.1" 200 35968 "http://www.bsb-schrott.de/kontakt.html" "Mozilla/5.0 (Linux; U; Android 4.0.3; de-de; MD_LIFETAB_P9516 Build/IML74K) AppleWebKit/534.30 (KHTML, like Gecko) Version/4.0 Safari/534.30"
157.55.32.84 - - [31/Dec/2013:08:36:51 +0100] "GET /robots.txt HTTP/1.1" 404 1256 "-" "Mozilla/5.0 (compatible; bingbot/2.0; +http://www.bing.com/bingbot.htm)"
157.55.32.84 - - [31/Dec/2013:08:43:08 +0100] "GET /index.html HTTP/1.1" 200 3135 "-" "Mozilla/5.0 (compatible; bingbot/2.0; +http://www.bing.com/bingbot.htm)"
66.249.78.62 - - [31/Dec/2013:10:16:20 +0100] "GET / HTTP/1.1" 200 3135 "-" "Mozilla/5.0 (iPhone; CPU iPhone OS 6_0 like Mac OS X) AppleWebKit/536.26 (KHTML, like Gecko) Version/6.0 Mobile/10A5376e Safari/8536.25 (compatible; Googlebot-Mobile/2.1; +http://www.google.com/bot.html)"
66.249.78.62 - - [31/Dec/2013:10:25:23 +0100] "GET /css/stylesheet.css HTTP/1.1" 200 6398 "-" "Mozilla/5.0 (compatible; Googlebot/2.1; +http://www.google.com/bot.html)"
66.249.75.132 - - [31/Dec/2013:11:28:50 +0100] "GET /referenzen.html HTTP/1.1" 200 4045 "-" "DoCoMo/2.0 N905i(c100;TB;W24H16) (compatible; Googlebot-Mobile/2.1; +http://www.google.com/bot.html)"
66.249.78.62 - - [31/Dec/2013:14:10:16 +0100] "GET /impressum.html HTTP/1.1" 304 - "-" "Mozilla/5.0 (iPhone; CPU iPhone OS 6_0 like Mac OS X) AppleWebKit/536.26 (KHTML, like Gecko) Version/6.0 Mobile/10A5376e Safari/8536.25 (compatible; Googlebot-Mobile/2.1; +http://www.google.com/bot.html)"
66.249.78.62 - - [31/Dec/2013:14:22:11 +0100] "GET /robots.txt HTTP/1.1" 404 1256 "-" "Mozilla/5.0 (compatible; Googlebot/2.1; +http://www.google.com/bot.html)"
66.249.78.62 - - [31/Dec/2013:14:22:11 +0100] "GET /wir-ueber-uns.html HTTP/1.1" 304 - "-" "Mozilla/5.0 (iPhone; CPU iPhone OS 6_0 like Mac OS X) AppleWebKit/536.26 (KHTML, like Gecko) Version/6.0 Mobile/10A5376e Safari/8536.25 (compatible; Googlebot-Mobile/2.1; +http://www.google.com/bot.html)"
141.8.147.12 - - [31/Dec/2013:15:28:52 +0100] "GET /robots.txt HTTP/1.1" 404 1256 "-" "Mozilla/5.0 (compatible; YandexBot/3.0; +http://yandex.com/bots)"
141.8.147.12 - - [31/Dec/2013:16:30:50 +0100] "GET / HTTP/1.1" 200 3135 "-" "Mozilla/5.0 (compatible; YandexBot/3.0; +http://yandex.com/bots)"
66.249.78.62 - - [31/Dec/2013:17:43:25 +0100] "GET /kontakt.html HTTP/1.1" 304 - "-" "Mozilla/5.0 (iPhone; CPU iPhone OS 6_0 like Mac OS X) AppleWebKit/536.26 (KHTML, like Gecko) Version/6.0 Mobile/10A5376e Safari/8536.25 (compatible; Googlebot-Mobile/2.1; +http://www.google.com/bot.html)"
141.8.147.12 - - [31/Dec/2013:20:45:02 +0100] "GET /img/referenzen/thumb/PICT1324.jpg HTTP/1.1" 304 - "-" "Mozilla/5.0 (compatible; YandexImages/3.0; +http://yandex.com/bots)"
141.8.147.12 - - [31/Dec/2013:20:56:55 +0100] "GET /img/referenzen/PICT1324.jpg HTTP/1.1" 304 - "-" "Mozilla/5.0 (compatible; YandexImages/3.0; +http://yandex.com/bots)"
141.8.147.12 - - [31/Dec/2013:21:21:26 +0100] "GET /img/referenzen/thumb/011.jpg HTTP/1.1" 304 - "-" "Mozilla/5.0 (compatible; YandexImages/3.0; +http://yandex.com/bots)"
66.249.78.62 - - [31/Dec/2013:21:35:18 +0100] "GET /leistungen.html HTTP/1.1" 304 - "-" "Mozilla/5.0 (iPhone; CPU iPhone OS 6_0 like Mac OS X) AppleWebKit/536.26 (KHTML, like Gecko) Version/6.0 Mobile/10A5376e Safari/8536.25 (compatible; Googlebot-Mobile/2.1; +http://www.google.com/bot.html)"
141.8.147.12 - - [31/Dec/2013:23:07:13 +0100] "GET /img/referenzen/thumb/114.jpg HTTP/1.1" 304 - "-" "Mozilla/5.0 (compatible; YandexImages/3.0; +http://yandex.com/bots)"
141.8.147.12 - - [31/Dec/2013:23:52:00 +0100] "GET /img/news.jpg HTTP/1.1" 304 - "-" "Mozilla/5.0 (compatible; YandexImages/3.0; +http://yandex.com/bots)"