79.226.59.115 - - [24/Dec/2013:10:43:06 +0100] "GET /img/gradient_right.png HTTP/1.1" 200 127 "http://www.bsb-schrott.de/css/stylesheet.css" "Mozilla/5.0 (Windows NT 5.1; rv:26.0) Gecko/20100101 Firefox/26.0"
79.226.59.115 - - [24/Dec/2013:10:43:06 +0100] "GET /img/gradient_footer.png HTTP/1.1" 200 140 "http://www.bsb-schrott.de/css/stylesheet.css" "Mozilla/5.0 (Windows NT 5.1; rv:26.0) Gecko/20100101 Firefox/26.0"
79.226.59.115 - - [24/Dec/2013:10:43:05 +0100] "GET /img/content_bagger.png HTTP/1.1" 200 143701 "http://www.bsb-schrott.de/css/stylesheet.css" "Mozilla/5.0 (Windows NT 5.1; rv:26.0) Gecko/20100101 Firefox/26.0"
79.226.59.115 - - [24/Dec/2013:10:43:04 +0100] "GET /img/bsb_background.jpg HTTP/1.1" 200 84092 "http://www.bsb-schrott.de/css/stylesheet.css" "Mozilla/5.0 (Windows NT 5.1; rv:26.0) Gecko/20100101 Firefox/26.0"
79.226.59.115 - - [24/Dec/2013:10:43:13 +0100] "GET /favicon.ico HTTP/1.1" 404 1256 "-" "Mozilla/5.0 (Windows NT 5.1; rv:26.0) Gecko/20100101 Firefox/26.0"
79.226.59.115 - - [24/Dec/2013:10:43:18 +0100] "GET /kontakt.html HTTP/1.1" 200 3830 "http://www.bsb-schrott.de/" "Mozilla/5.0 (Windows NT 5.1; rv:26.0) Gecko/20100101 Firefox/26.0"
79.226.59.115 - - [24/Dec/2013:10:43:18 +0100] "GET /img/lhl.png HTTP/1.1" 200 1132 "http://www.bsb-schrott.de/css/stylesheet.css" "Mozilla/5.0 (Windows NT 5.1; rv:26.0) Gecko/20100101 Firefox/26.0"
79.226.59.115 - - [24/Dec/2013:10:45:29 +0100] "GET /leistungen.html HTTP/1.1" 200 3224 "http://www.bsb-schrott.de/kontakt.html" "Mozilla/5.0 (Windows NT 5.1; rv:26.0) Gecko/20100101 Firefox/26.0"
79.226.59.115 - - [24/Dec/2013:10:45:36 +0100] "GET /wir-ueber-uns.html HTTP/1.1" 200 5703 "http://www.bsb-schrott.de/leistungen.html" "Mozilla/5.0 (Windows NT 5.1; rv:26.0) Gecko/20100101 Firefox/26.0"
79.226.59.115 - - [24/Dec/2013:10:45:37 +0100] "GET /css/gudea-italic-webfont.woff HTTP/1.1" 200 25624 "http://www.bsb-schrott.de/css/stylesheet.css" "Mozilla/5.0 (Windows NT 5.1; rv:26.0) Gecko/20100101 Firefox/26.0"
79.226.59.115 - - [24/Dec/2013:10:45:37 +0100] "GET /img/timeline.png HTTP/1.1" 200 724 "http://www.bsb-schrott.de/css/stylesheet.css" "Mozilla/5.0 (Windows NT 5.1; rv:26.0) Gecko/20100101 Firefox/26.0"
79.226.59.115 - - [24/Dec/2013:10:49:04 +0100] "GET /index.html HTTP/1.1" 200 3135 "http://www.bsb-schrott.de/wir-ueber-uns.html" "Mozilla/5.0 (Windows NT 5.1; rv:26.0) Gecko/20100101 Firefox/26.0"
199.30.20.46 - - [24/Dec/2013:12:33:24 +0100] "GET /robots.txt HTTP/1.1" 404 1256 "-" "msnbot-media/1.1 (+http://search.msn.com/msnbot.htm)"
199.30.20.46 - - [24/Dec/2013:12:33:24 +0100] "GET /img/referenzen/PICT1324.jpg HTTP/1.1" 200 286993 "-" "msnbot-media/1.1 (+http://search.msn.com/msnbot.htm)"
66.249.76.158 - - [24/Dec/2013:13:34:10 +0100] "GET /robots.txt HTTP/1.1" 404 1256 "-" "Mozilla/5.0 (compatible; Googlebot/2.1; +http://www.google.com/bot.html)"
66.249.76.158 - - [24/Dec/2013:13:34:10 +0100] "GET /impressum.html HTTP/1.1" 304 - "-" "Mozilla/5.0 (iPhone; CPU iPhone OS 6_0 like Mac OS X) AppleWebKit/536.26 (KHTML, like Gecko) Version/6.0 Mobile/10A5376e Safari/8536.25 (compatible; Googlebot-Mobile/2.1; +http://www.google.com/bot.html)"
208.115.113.84 - - [24/Dec/2013:15:26:32 +0100] "GET /robots.txt HTTP/1.1" 404 1256 "-" "Mozilla/5.0 (compatible; Ezooms/1.0; help@moz.com)"
80.187.96.211 - - [24/Dec/2013:16:49:07 +0100] "GET /impressum.html HTTP/1.1" 200 3432 "http://www.google.de/search?ei=pay5UrmAJIrTswaL7YG4BA&q=Bsb+Schrott+&oq=Bsb+Schrott+&gs_l=mobile-gws-serp.3..0i22i30l2.17278.37222.0.38678.23.19.4.1.1.4.2466.24703.6-4j7j5j2.18.0.ernk_timecombined...0...1.1.32.mobile-gws-serp..5.18.16498.euDf4S9V3BA" "Mozilla/5.0 (Linux; U; Android 2.3.6; de-de; SAMSUNG GT-S5690/S5690BOLL1 Build/GINGERBREAD) AppleWebKit/533.1 (KHTML, like Gecko) Version/4.0 Mobile Safari/533.1"
80.187.96.211 - - [24/Dec/2013:16:49:07 +0100] "GET /css/stylesheet.css HTTP/1.1" 200 6398 "http://www.bsb-schrott.de/impressum.html" "Mozilla/5.0 (Linux; U; Android 2.3.6; de-de; SAMSUNG GT-S5690/S5690BOLL1 Build/GINGERBREAD) AppleWebKit/533.1 (KHTML, like Gecko) Version/4.0 Mobile Safari/533.1"
80.187.96.211 - - [24/Dec/2013:16:49:08 +0100] "GET /img/gradient_header.png HTTP/1.1" 200 253 "http://www.bsb-schrott.de/impressum.html" "Mozilla/5.0 (Linux; U; Android 2.3.6; de-de; SAMSUNG GT-S5690/S5690BOLL1 Build/GINGERBREAD) AppleWebKit/533.1 (KHTML, like Gecko) Version/4.0 Mobile Safari/533.1"
80.187.96.211 - - [24/Dec/2013:16:49:08 +0100] "GET /img/news.jpg HTTP/1.1" 200 7536 "http://www.bsb-schrott.de/impressum.html" "Mozilla/5.0 (Linux; U; Android 2.3.6; de-de; SAMSUNG GT-S5690/S5690BOLL1 Build/GINGERBREAD) AppleWebKit/533.1 (KHTML, like Gecko) Version/4.0 Mobile Safari/533.1"
80.187.96.211 - - [24/Dec/2013:16:49:08 +0100] "GET /img/gradient_right.png HTTP/1.1" 200 127 "http://www.bsb-schrott.de/impressum.html" "Mozilla/5.0 (Linux; U; Android 2.3.6; de-de; SAMSUNG GT-S5690/S5690BOLL1 Build/GINGERBREAD) AppleWebKit/533.1 (KHTML, like Gecko) Version/4.0 Mobile Safari/533.1"
80.187.96.211 - - [24/Dec/2013:16:49:08 +0100] "GET /img/gradient_footer.png HTTP/1.1" 200 140 "http://www.bsb-schrott.de/impressum.html" "Mozilla/5.0 (Linux; U; Android 2.3.6; de-de; SAMSUNG GT-S5690/S5690BOLL1 Build/GINGERBREAD) AppleWebKit/533.1 (KHTML, like Gecko) Version/4.0 Mobile Safari/533.1"
80.187.96.211 - - [24/Dec/2013:16:49:08 +0100] "GET /css/gudea-regular-webfont.ttf HTTP/1.1" 200 35968 "http://www.bsb-schrott.de/impressum.html" "Mozilla/5.0 (Linux; U; Android 2.3.6; de-de; SAMSUNG GT-S5690/S5690BOLL1 Build/GINGERBREAD) AppleWebKit/533.1 (KHTML, like Gecko) Version/4.0 Mobile Safari/533.1"
80.187.96.211 - - [24/Dec/2013:16:49:09 +0100] "GET /img/header_banner.png HTTP/1.1" 200 22955 "http://www.bsb-schrott.de/impressum.html" "Mozilla/5.0 (Linux; U; Android 2.3.6; de-de; SAMSUNG GT-S5690/S5690BOLL1 Build/GINGERBREAD) AppleWebKit/533.1 (KHTML, like Gecko) Version/4.0 Mobile Safari/533.1"
80.187.96.211 - - [24/Dec/2013:16:49:10 +0100] "GET /img/bsb_logo.jpg HTTP/1.1" 200 31271 "http://www.bsb-schrott.de/impressum.html" "Mozilla/5.0 (Linux; U; Android 2.3.6; de-de; SAMSUNG GT-S5690/S5690BOLL1 Build/GINGERBREAD) AppleWebKit/533.1 (KHTML, like Gecko) Version/4.0 Mobile Safari/533.1"
80.187.96.211 - - [24/Dec/2013:16:49:10 +0100] "GET /img/iwa_cert.png HTTP/1.1" 200 38259 "http://www.bsb-schrott.de/impressum.html" "Mozilla/5.0 (Linux; U; Android 2.3.6; de-de; SAMSUNG GT-S5690/S5690BOLL1 Build/GINGERBREAD) AppleWebKit/533.1 (KHTML, like Gecko) Version/4.0 Mobile Safari/533.1"
80.187.96.211 - - [24/Dec/2013:16:49:10 +0100] "GET /img/nav.png HTTP/1.1" 200 197 "http://www.bsb-schrott.de/impressum.html" "Mozilla/5.0 (Linux; U; Android 2.3.6; de-de; SAMSUNG GT-S5690/S5690BOLL1 Build/GINGERBREAD) AppleWebKit/533.1 (KHTML, like Gecko) Version/4.0 Mobile Safari/533.1"
80.187.96.211 - - [24/Dec/2013:16:49:10 +0100] "GET /img/gradient_navbar.png HTTP/1.1" 200 144 "http://www.bsb-schrott.de/impressum.html" "Mozilla/5.0 (Linux; U; Android 2.3.6; de-de; SAMSUNG GT-S5690/S5690BOLL1 Build/GINGERBREAD) AppleWebKit/533.1 (KHTML, like Gecko) Version/4.0 Mobile Safari/533.1"
80.187.96.211 - - [24/Dec/2013:16:49:10 +0100] "GET /img/bsb_background.jpg HTTP/1.1" 200 84092 "http://www.bsb-schrott.de/impressum.html" "Mozilla/5.0 (Linux; U; Android 2.3.6; de-de; SAMSUNG GT-S5690/S5690BOLL1 Build/GINGERBREAD) AppleWebKit/533.1 (KHTML, like Gecko) Version/4.0 Mobile Safari/533.1"
80.187.96.211 - - [24/Dec/2013:16:49:10 +0100] "GET /img/contentBg.png HTTP/1.1" 200 110 "http://www.bsb-schrott.de/impressum.html" "Mozilla/5.0 (Linux; U; Android 2.3.6; de-de; SAMSUNG GT-S5690/S5690BOLL1 Build/GINGERBREAD) AppleWebKit/533.1 (KHTML, like Gecko) Version/4.0 Mobile Safari/533.1"
80.187.96.211 - - [24/Dec/2013:16:49:10 +0100] "GET /img/gradient_left.png HTTP/1.1" 200 135 "http://www.bsb-schrott.de/impressum.html" "Mozilla/5.0 (Linux; U; Android 2.3.6; de-de; SAMSUNG GT-S5690/S5690BOLL1 Build/GINGERBREAD) AppleWebKit/533.1 (KHTML, like Gecko) Version/4.0 Mobile Safari/533.1"
80.187.96.211 - - [24/Dec/2013:16:49:10 +0100] "GET /img/content_bagger.png HTTP/1.1" 200 143701 "http://www.bsb-schrott.de/impressum.html" "Mozilla/5.0 (Linux; U; Android 2.3.6; de-de; SAMSUNG GT-S5690/S5690BOLL1 Build/GINGERBREAD) AppleWebKit/533.1 (KHTML, like Gecko) Version/4.0 Mobile Safari/533.1"
80.187.96.211 - - [24/Dec/2013:16:49:10 +0100] "GET /img/lvl.png HTTP/1.1" 200 1441 "http://www.bsb-schrott.de/impressum.html" "Mozilla/5.0 (Linux; U; Android 2.3.6; de-de; SAMSUNG GT-S5690/S5690BOLL1 Build/GINGERBREAD) AppleWebKit/533.1 (KHTML, like Gecko) Version/4.0 Mobile Safari/533.1"
80.187.96.211 - - [24/Dec/2013:16:49:12 +0100] "GET /css/gudea-bold-webfont.ttf HTTP/1.1" 200 35992 "http://www.bsb-schrott.de/impressum.html" "Mozilla/5.0 (Linux; U; Android 2.3.6; de-de; SAMSUNG GT-S5690/S5690BOLL1 Build/GINGERBREAD) AppleWebKit/533.1 (KHTML, like Gecko) Version/4.0 Mobile Safari/533.1"
208.115.113.84 - - [24/Dec/2013:17:04:49 +0100] "GET /referenzen.html HTTP/1.1" 200 4045 "-" "Mozilla/5.0 (compatible; Ezooms/1.0; help@moz.com)"
77.75.77.36 - - [24/Dec/2013:17:36:34 +0100] "GET /robots.txt HTTP/1.1" 404 1256 "-" "SeznamBot/3.0 (+http://fulltext.sblog.cz/)"
77.75.77.36 - - [24/Dec/2013:17:36:35 +0100] "GET /impressum.html HTTP/1.1" 200 3432 "-" "SeznamBot/3.0 (+http://fulltext.sblog.cz/)"
77.75.77.36 - - [24/Dec/2013:17:36:37 +0100] "GET / HTTP/1.1" 304 - "-" "SeznamBot/3.0 (+http://fulltext.sblog.cz/)"
5.255.253.79 - - [24/Dec/2013:23:57:49 +0100] "GET /robots.txt HTTP/1.1" 404 1256 "-" "Mozilla/5.0 (compatible; YandexImages/3.0; +http://yandex.com/bots)"
66.249.78.62 - - [25/Dec/2013:00:10:49 +0100] "GET /robots.txt HTTP/1.1" 404 1256 "-" "Mozilla/5.0 (compatible; Googlebot/2.1; +http://www.google.com/bot.html)"
66.249.66.132 - - [25/Dec/2013:00:10:49 +0100] "GET / HTTP/1.1" 200 3135 "-" "DoCoMo/2.0 N905i(c100;TB;W24H16) (compatible; Googlebot-Mobile/2.1; +http://www.google.com/bot.html)"
141.8.147.12 - - [25/Dec/2013:00:14:25 +0100] "GET /robots.txt HTTP/1.1" 404 1256 "-" "Mozilla/5.0 (compatible; YandexBot/3.0; +http://yandex.com/bots)"
5.255.253.79 - - [25/Dec/2013:00:21:08 +0100] "GET /img/referenzen/thumb/PICT1325.jpg HTTP/1.1" 304 - "-" "Mozilla/5.0 (compatible; YandexImages/3.0; +http://yandex.com/bots)"
5.255.253.79 - - [25/Dec/2013:00:44:36 +0100] "GET /img/referenzen/114.jpg HTTP/1.1" 304 - "-" "Mozilla/5.0 (compatible; YandexImages/3.0; +http://yandex.com/bots)"
66.249.78.62 - - [25/Dec/2013:01:04:47 +0100] "GET / HTTP/1.1" 200 3135 "-" "Mozilla/5.0 (iPhone; CPU iPhone OS 6_0 like Mac OS X) AppleWebKit/536.26 (KHTML, like Gecko) Version/6.0 Mobile/10A5376e Safari/8536.25 (compatible; Googlebot-Mobile/2.1; +http://www.google.com/bot.html)"
5.255.253.79 - - [25/Dec/2013:01:13:47 +0100] "GET /img/news.jpg HTTP/1.1" 304 - "-" "Mozilla/5.0 (compatible; YandexImages/3.0; +http://yandex.com/bots)"
66.249.78.62 - - [25/Dec/2013:01:15:01 +0100] "GET /css/stylesheet.css HTTP/1.1" 200 6398 "-" "Mozilla/5.0 (compatible; Googlebot/2.1; +http://www.google.com/bot.html)"
5.255.253.79 - - [25/Dec/2013:01:43:16 +0100] "GET /img/referenzen/thumb/PICT1324.jpg HTTP/1.1" 304 - "-" "Mozilla/5.0 (compatible; YandexImages/3.0; +http://yandex.com/bots)"
5.255.253.79 - - [25/Dec/2013:02:11:45 +0100] "GET /img/referenzen/thumb/011.jpg HTTP/1.1" 304 - "-" "Mozilla/5.0 (compatible; YandexImages/3.0; +http://yandex.com/bots)"
66.249.78.62 - - [25/Dec/2013:03:04:54 +0100] "GET /kontakt.html HTTP/1.1" 304 - "-" "Mozilla/5.0 (iPhone; CPU iPhone OS 6_0 like Mac OS X) AppleWebKit/536.26 (KHTML, like Gecko) Version/6.0 Mobile/10A5376e Safari/8536.25 (compatible; Googlebot-Mobile/2.1; +http://www.google.com/bot.html)"
5.255.253.79 - - [25/Dec/2013:03:17:42 +0100] "GET /img/referenzen/PICT1324.jpg HTTP/1.1" 304 - "-" "Mozilla/5.0 (compatible; YandexImages/3.0; +http://yandex.com/bots)"
5.255.253.79 - - [25/Dec/2013:04:12:50 +0100] "GET /img/referenzen/011.jpg HTTP/1.1" 304 - "-" "Mozilla/5.0 (compatible; YandexImages/3.0; +http://yandex.com/bots)"
141.8.147.12 - - [25/Dec/2013:04:14:33 +0100] "GET / HTTP/1.1" 200 3135 "-" "Mozilla/5.0 (compatible; YandexBot/3.0; +http://yandex.com/bots)"
5.255.253.79 - - [25/Dec/2013:05:33:17 +0100] "GET /img/referenzen/PICT1325.jpg HTTP/1.1" 304 - "-" "Mozilla/5.0 (compatible; YandexImages/3.0; +http://yandex.com/bots)"
66.249.78.62 - - [25/Dec/2013:07:38:22 +0100] "GET /pub/BSB_IWA_Zertifikat.pdf HTTP/1.1" 304 - "-" "Mozilla/5.0 (iPhone; CPU iPhone OS 6_0 like Mac OS X) AppleWebKit/536.26 (KHTML, like Gecko) Version/6.0 Mobile/10A5376e Safari/8536.25 (compatible; Googlebot-Mobile/2.1; +http://www.google.com/bot.html)"
5.255.253.79 - - [25/Dec/2013:07:42:10 +0100] "GET /img/referenzen/thumb/114.jpg HTTP/1.1" 304 - "-" "Mozilla/5.0 (compatible; YandexImages/3.0; +http://yandex.com/bots)"
109.70.2.222 - - [25/Dec/2013:11:56:34 +0100] "HEAD /robots.txt HTTP/1.1" 404 - "-" ""
66.249.78.62 - - [25/Dec/2013:13:13:44 +0100] "GET /robots.txt HTTP/1.1" 404 1256 "-" "Mozilla/5.0 (compatible; Googlebot/2.1; +http://www.google.com/bot.html)"
66.249.78.62 - - [25/Dec/2013:13:13:44 +0100] "GET /wir-ueber-uns.html HTTP/1.1" 304 - "-" "Mozilla/5.0 (iPhone; CPU iPhone OS 6_0 like Mac OS X) AppleWebKit/536.26 (KHTML, like Gecko) Version/6.0 Mobile/10A5376e Safari/8536.25 (compatible; Googlebot-Mobile/2.1; +http://www.google.com/bot.html)"
65.55.52.89 - - [25/Dec/2013:15:53:17 +0100] "GET /robots.txt HTTP/1.1" 404 1256 "-" "Mozilla/5.0 (compatible; bingbot/2.0; +http://www.bing.com/bingbot.htm)"
65.55.52.89 - - [25/Dec/2013:16:17:43 +0100] "GET /kontakt.html HTTP/1.1" 200 3830 "-" "Mozilla/5.0 (compatible; bingbot/2.0; +http://www.bing.com/bingbot.htm)"
141.8.147.12 - - [25/Dec/2013:16:24:14 +0100] "GET /robots.txt HTTP/1.1" 404 1256 "-" "Mozilla/5.0 (compatible; YandexBot/3.0; +http://yandex.com/bots)"
141.8.147.12 - - [25/Dec/2013:16:24:16 +0100] "GET /index.html HTTP/1.1" 304 - "-" "Mozilla/5.0 (compatible; YandexBot/3.0; +http://yandex.com/bots)"
65.55.52.89 - - [25/Dec/2013:17:47:16 +0100] "GET /robots.txt HTTP/1.1" 404 1256 "-" "Mozilla/5.0 (compatible; bingbot/2.0; +http://www.bing.com/bingbot.htm)"
65.55.52.89 - - [25/Dec/2013:17:47:49 +0100] "GET /css/stylesheet.css HTTP/1.1" 200 6398 "-" "Mozilla/5.0 (compatible; bingbot/2.0; +http://www.bing.com/bingbot.htm)"
66.249.78.62 - - [25/Dec/2013:18:52:12 +0100] "GET /robots.txt HTTP/1.1" 404 1256 "-" "Mozilla/5.0 (compatible; Googlebot/2.1; +http://www.google.com/bot.html)"
66.249.78.62 - - [25/Dec/2013:18:52:12 +0100] "GET / HTTP/1.1" 200 3135 "-" "Mozilla/5.0 (compatible; Googlebot/2.1; +http://www.google.com/bot.html)"
2.201.0.223 - - [25/Dec/2013:19:23:43 +0100] "GET / HTTP/1.1" 200 3135 "https://www.google.de/" "Mozilla/5.0 (Linux; U; Android 4.1.2; de-de; SAMSUNG GT-I9300/I9300XXEMRH Build/JZO54K) AppleWebKit/534.30 (KHTML, like Gecko) Version/4.0 Mobile Safari/534.30"
2.201.0.223 - - [25/Dec/2013:19:23:43 +0100] "GET /css/stylesheet.css HTTP/1.1" 200 6398 "http://www.bsb-schrott.de/" "Mozilla/5.0 (Linux; U; Android 4.1.2; de-de; SAMSUNG GT-I9300/I9300XXEMRH Build/JZO54K) AppleWebKit/534.30 (KHTML, like Gecko) Version/4.0 Mobile Safari/534.30"
2.201.0.223 - - [25/Dec/2013:19:23:43 +0100] "GET /img/gradient_header.png HTTP/1.1" 200 253 "http://www.bsb-schrott.de/" "Mozilla/5.0 (Linux; U; Android 4.1.2; de-de; SAMSUNG GT-I9300/I9300XXEMRH Build/JZO54K) AppleWebKit/534.30 (KHTML, like Gecko) Version/4.0 Mobile Safari/534.30"
2.201.0.223 - - [25/Dec/2013:19:23:43 +0100] "GET /img/bsb_logo.jpg HTTP/1.1" 200 31271 "http://www.bsb-schrott.de/" "Mozilla/5.0 (Linux; U; Android 4.1.2; de-de; SAMSUNG GT-I9300/I9300XXEMRH Build/JZO54K) AppleWebKit/534.30 (KHTML, like Gecko) Version/4.0 Mobile Safari/534.30"
2.201.0.223 - - [25/Dec/2013:19:23:43 +0100] "GET /img/news.jpg HTTP/1.1" 200 7536 "http://www.bsb-schrott.de/" "Mozilla/5.0 (Linux; U; Android 4.1.2; de-de; SAMSUNG GT-I9300/I9300XXEMRH Build/JZO54K) AppleWebKit/534.30 (KHTML, like Gecko) Version/4.0 Mobile Safari/534.30"
2.201.0.223 - - [25/Dec/2013:19:23:43 +0100] "GET /img/header_banner.png HTTP/1.1" 200 22955 "http://www.bsb-schrott.de/" "Mozilla/5.0 (Linux; U; Android 4.1.2; de-de; SAMSUNG GT-I9300/I9300XXEMRH Build/JZO54K) AppleWebKit/534.30 (KHTML, like Gecko) Version/4.0 Mobile Safari/534.30"
2.201.0.223 - - [25/Dec/2013:19:23:43 +0100] "GET /img/nav_activ.png HTTP/1.1" 200 520 "http://www.bsb-schrott.de/" "Mozilla/5.0 (Linux; U; Android 4.1.2; de-de; SAMSUNG GT-I9300/I9300XXEMRH Build/JZO54K) AppleWebKit/534.30 (KHTML, like Gecko) Version/4.0 Mobile Safari/534.30"
2.201.0.223 - - [25/Dec/2013:19:23:43 +0100] "GET /img/iwa_cert.png HTTP/1.1" 200 38259 "http://www.bsb-schrott.de/" "Mozilla/5.0 (Linux; U; Android 4.1.2; de-de; SAMSUNG GT-I9300/I9300XXEMRH Build/JZO54K) AppleWebKit/534.30 (KHTML, like Gecko) Version/4.0 Mobile Safari/534.30"
2.201.0.223 - - [25/Dec/2013:19:23:43 +0100] "GET /img/nav.png HTTP/1.1" 200 197 "http://www.bsb-schrott.de/" "Mozilla/5.0 (Linux; U; Android 4.1.2; de-de; SAMSUNG GT-I9300/I9300XXEMRH Build/JZO54K) AppleWebKit/534.30 (KHTML, like Gecko) Version/4.0 Mobile Safari/534.30"
2.201.0.223 - - [25/Dec/2013:19:23:43 +0100] "GET /img/gradient_navbar.png HTTP/1.1" 200 144 "http://www.bsb-schrott.de/" "Mozilla/5.0 (Linux; U; Android 4.1.2; de-de; SAMSUNG GT-I9300/I9300XXEMRH Build/JZO54K) AppleWebKit/534.30 (KHTML, like Gecko) Version/4.0 Mobile Safari/534.30"
2.201.0.223 - - [25/Dec/2013:19:23:43 +0100] "GET /img/gradient_left.png HTTP/1.1" 200 135 "http://www.bsb-schrott.de/" "Mozilla/5.0 (Linux; U; Android 4.1.2; de-de; SAMSUNG GT-I9300/I9300XXEMRH Build/JZO54K) AppleWebKit/534.30 (KHTML, like Gecko) Version/4.0 Mobile Safari/534.30"
2.201.0.223 - - [25/Dec/2013:19:23:43 +0100] "GET /css/gudea-regular-webfont.woff HTTP/1.1" 200 21616 "http://www.bsb-schrott.de/" "Mozilla/5.0 (Linux; U; Android 4.1.2; de-de; SAMSUNG GT-I9300/I9300XXEMRH Build/JZO54K) AppleWebKit/534.30 (KHTML, like Gecko) Version/4.0 Mobile Safari/534.30"
2.201.0.223 - - [25/Dec/2013:19:23:43 +0100] "GET /img/contentBg.png HTTP/1.1" 200 110 "http://www.bsb-schrott.de/" "Mozilla/5.0 (Linux; U; Android 4.1.2; de-de; SAMSUNG GT-I9300/I9300XXEMRH Build/JZO54K) AppleWebKit/534.30 (KHTML, like Gecko) Version/4.0 Mobile Safari/534.30"
2.201.0.223 - - [25/Dec/2013:19:23:43 +0100] "GET /css/gudea-bold-webfont.woff HTTP/1.1" 200 21884 "http://www.bsb-schrott.de/" "Mozilla/5.0 (Linux; U; Android 4.1.2; de-de; SAMSUNG GT-I9300/I9300XXEMRH Build/JZO54K) AppleWebKit/534.30 (KHTML, like Gecko) Version/4.0 Mobile Safari/534.30"
2.201.0.223 - - [25/Dec/2013:19:23:43 +0100] "GET /img/bsb_background.jpg HTTP/1.1" 200 84092 "http://www.bsb-schrott.de/" "Mozilla/5.0 (Linux; U; Android 4.1.2; de-de; SAMSUNG GT-I9300/I9300XXEMRH Build/JZO54K) AppleWebKit/534.30 (KHTML, like Gecko) Version/4.0 Mobile Safari/534.30"
2.201.0.223 - - [25/Dec/2013:19:23:44 +0100] "GET /img/gradient_right.png HTTP/1.1" 200 127 "http://www.bsb-schrott.de/" "Mozilla/5.0 (Linux; U; Android 4.1.2; de-de; SAMSUNG GT-I9300/I9300XXEMRH Build/JZO54K) AppleWebKit/534.30 (KHTML, like Gecko) Version/4.0 Mobile Safari/534.30"
2.201.0.223 - - [25/Dec/2013:19:23:44 +0100] "GET /img/content_bagger.png HTTP/1.1" 200 143701 "http://www.bsb-schrott.de/" "Mozilla/5.0 (Linux; U; Android 4.1.2; de-de; SAMSUNG GT-I9300/I9300XXEMRH Build/JZO54K) AppleWebKit/534.30 (KHTML, like Gecko) Version/4.0 Mobile Safari/534.30"
2.201.0.223 - - [25/Dec/2013:19:23:45 +0100] "GET /img/lvl.png HTTP/1.1" 200 1441 "http://www.bsb-schrott.de/" "Mozilla/5.0 (Linux; U; Android 4.1.2; de-de; SAMSUNG GT-I9300/I9300XXEMRH Build/JZO54K) AppleWebKit/534.30 (KHTML, like Gecko) Version/4.0 Mobile Safari/534.30"
2.201.0.223 - - [25/Dec/2013:19:23:45 +0100] "GET /img/gradient_footer.png HTTP/1.1" 200 140 "http://www.bsb-schrott.de/" "Mozilla/5.0 (Linux; U; Android 4.1.2; de-de; SAMSUNG GT-I9300/I9300XXEMRH Build/JZO54K) AppleWebKit/534.30 (KHTML, like Gecko) Version/4.0 Mobile Safari/534.30"
2.201.0.223 - - [25/Dec/2013:19:23:46 +0100] "GET /favicon.ico HTTP/1.1" 404 1256 "http://www.bsb-schrott.de/" "Mozilla/5.0 (Linux; U; Android 4.1.2; de-de; SAMSUNG GT-I9300/I9300XXEMRH Build/JZO54K) AppleWebKit/534.30 (KHTML, like Gecko) Version/4.0 Mobile Safari/534.30"
46.115.67.169 - - [25/Dec/2013:20:26:47 +0100] "GET / HTTP/1.1" 200 3135 "http://www.google.de/search?output=search&sclient=psy-ab&q=bsb+schrott&btnK=" "Mozilla/5.0 (X11; Linux x86_64) AppleWebKit/534.24 (KHTML, like Gecko) Chrome/11.0.696.34 Safari/534.24"
46.115.67.169 - - [25/Dec/2013:20:26:49 +0100] "GET /css/stylesheet.css HTTP/1.1" 200 6398 "http://www.bsb-schrott.de/" "Mozilla/5.0 (X11; Linux x86_64) AppleWebKit/534.24 (KHTML, like Gecko) Chrome/11.0.696.34 Safari/534.24"
46.115.67.169 - - [25/Dec/2013:20:26:49 +0100] "GET /img/news.jpg HTTP/1.1" 200 7536 "http://www.bsb-schrott.de/" "Mozilla/5.0 (X11; Linux x86_64) AppleWebKit/534.24 (KHTML, like Gecko) Chrome/11.0.696.34 Safari/534.24"
46.115.67.169 - - [25/Dec/2013:20:26:51 +0100] "GET /img/gradient_header.png HTTP/1.1" 200 253 "http://www.bsb-schrott.de/" "Mozilla/5.0 (X11; Linux x86_64) AppleWebKit/534.24 (KHTML, like Gecko) Chrome/11.0.696.34 Safari/534.24"
46.115.67.169 - - [25/Dec/2013:20:26:54 +0100] "GET /img/nav_activ.png HTTP/1.1" 200 520 "http://www.bsb-schrott.de/" "Mozilla/5.0 (X11; Linux x86_64) AppleWebKit/534.24 (KHTML, like Gecko) Chrome/11.0.696.34 Safari/534.24"
46.115.67.169 - - [25/Dec/2013:20:26:54 +0100] "GET /img/nav.png HTTP/1.1" 200 197 "http://www.bsb-schrott.de/" "Mozilla/5.0 (X11; Linux x86_64) AppleWebKit/534.24 (KHTML, like Gecko) Chrome/11.0.696.34 Safari/534.24"
46.115.67.169 - - [25/Dec/2013:20:26:54 +0100] "GET /img/gradient_navbar.png HTTP/1.1" 200 144 "http://www.bsb-schrott.de/" "Mozilla/5.0 (X11; Linux x86_64) AppleWebKit/534.24 (KHTML, like Gecko) Chrome/11.0.696.34 Safari/534.24"
46.115.67.169 - - [25/Dec/2013:20:26:55 +0100] "GET /img/gradient_left.png HTTP/1.1" 200 135 "http://www.bsb-schrott.de/" "Mozilla/5.0 (X11; Linux x86_64) AppleWebKit/534.24 (KHTML, like Gecko) Chrome/11.0.696.34 Safari/534.24"
46.115.67.169 - - [25/Dec/2013:20:26:55 +0100] "GET /img/contentBg.png HTTP/1.1" 200 110 "http://www.bsb-schrott.de/" "Mozilla/5.0 (X11; Linux x86_64) AppleWebKit/534.24 (KHTML, like Gecko) Chrome/11.0.696.34 Safari/534.24"
46.115.67.169 - - [25/Dec/2013:20:26:55 +0100] "GET /img/lvl.png HTTP/1.1" 200 1441 "http://www.bsb-schrott.de/" "Mozilla/5.0 (X11; Linux x86_64) AppleWebKit/534.24 (KHTML, like Gecko) Chrome/11.0.696.34 Safari/534.24"
46.115.67.169 - - [25/Dec/2013:20:26:55 +0100] "GET /img/gradient_right.png HTTP/1.1" 200 127 "http://www.bsb-schrott.de/" "Mozilla/5.0 (X11; Linux x86_64) AppleWebKit/534.24 (KHTML, like Gecko) Chrome/11.0.696.34 Safari/534.24"
46.115.67.169 - - [25/Dec/2013:20:26:56 +0100] "GET /img/gradient_footer.png HTTP/1.1" 200 140 "http://www.bsb-schrott.de/" "Mozilla/5.0 (X11; Linux x86_64) AppleWebKit/534.24 (KHTML, like Gecko) Chrome/11.0.696.34 Safari/534.24"
46.115.67.169 - - [25/Dec/2013:20:26:53 +0100] "GET /img/bsb_logo.jpg HTTP/1.1" 200 31271 "http://www.bsb-schrott.de/" "Mozilla/5.0 (X11; Linux x86_64) AppleWebKit/534.24 (KHTML, like Gecko) Chrome/11.0.696.34 Safari/534.24"
46.115.67.169 - - [25/Dec/2013:20:26:53 +0100] "GET /img/header_banner.png HTTP/1.1" 200 22955 "http://www.bsb-schrott.de/" "Mozilla/5.0 (X11; Linux x86_64) AppleWebKit/534.24 (KHTML, like Gecko) Chrome/11.0.696.34 Safari/534.24"
46.115.67.169 - - [25/Dec/2013:20:26:56 +0100] "GET /css/gudea-regular-webfont.woff HTTP/1.1" 200 21616 "http://www.bsb-schrott.de/" "Mozilla/5.0 (X11; Linux x86_64) AppleWebKit/534.24 (KHTML, like Gecko) Chrome/11.0.696.34 Safari/534.24"
46.115.67.169 - - [25/Dec/2013:20:26:56 +0100] "GET /css/gudea-bold-webfont.woff HTTP/1.1" 200 21884 "http://www.bsb-schrott.de/" "Mozilla/5.0 (X11; Linux x86_64) AppleWebKit/534.24 (KHTML, like Gecko) Chrome/11.0.696.34 Safari/534.24"
46.115.67.169 - - [25/Dec/2013:20:26:54 +0100] "GET /img/iwa_cert.png HTTP/1.1" 200 38259 "http://www.bsb-schrott.de/" "Mozilla/5.0 (X11; Linux x86_64) AppleWebKit/534.24 (KHTML, like Gecko) Chrome/11.0.696.34 Safari/534.24"
46.115.67.169 - - [25/Dec/2013:20:26:55 +0100] "GET /img/content_bagger.png HTTP/1.1" 200 143701 "http://www.bsb-schrott.de/" "Mozilla/5.0 (X11; Linux x86_64) AppleWebKit/534.24 (KHTML, like Gecko) Chrome/11.0.696.34 Safari/534.24"
46.115.67.169 - - [25/Dec/2013:20:26:54 +0100] "GET /img/bsb_background.jpg HTTP/1.1" 200 84092 "http://www.bsb-schrott.de/" "Mozilla/5.0 (X11; Linux x86_64) AppleWebKit/534.24 (KHTML, like Gecko) Chrome/11.0.696.34 Safari/534.24"
46.115.67.169 - - [25/Dec/2013:20:27:40 +0100] "GET /leistungen.html HTTP/1.1" 200 3224 "http://www.bsb-schrott.de/" "Mozilla/5.0 (X11; Linux x86_64) AppleWebKit/534.24 (KHTML, like Gecko) Chrome/11.0.696.34 Safari/534.24"
46.115.67.169 - - [25/Dec/2013:20:27:42 +0100] "GET /img/bsb_background.jpg HTTP/1.1" 206 1 "http://www.bsb-schrott.de/leistungen.html" "Mozilla/5.0 (X11; Linux x86_64) AppleWebKit/534.24 (KHTML, like Gecko) Chrome/11.0.696.34 Safari/534.24"
46.115.67.169 - - [25/Dec/2013:20:27:42 +0100] "GET /img/content_bagger.png HTTP/1.1" 206 1 "http://www.bsb-schrott.de/leistungen.html" "Mozilla/5.0 (X11; Linux x86_64) AppleWebKit/534.24 (KHTML, like Gecko) Chrome/11.0.696.34 Safari/534.24"
46.115.67.169 - - [25/Dec/2013:20:27:43 +0100] "GET /img/bsb_background.jpg HTTP/1.1" 206 48844 "http://www.bsb-schrott.de/leistungen.html" "Mozilla/5.0 (X11; Linux x86_64) AppleWebKit/534.24 (KHTML, like Gecko) Chrome/11.0.696.34 Safari/534.24"
46.115.67.169 - - [25/Dec/2013:20:27:44 +0100] "GET /img/content_bagger.png HTTP/1.1" 206 113305 "http://www.bsb-schrott.de/leistungen.html" "Mozilla/5.0 (X11; Linux x86_64) AppleWebKit/534.24 (KHTML, like Gecko) Chrome/11.0.696.34 Safari/534.24"
46.115.67.169 - - [25/Dec/2013:20:27:50 +0100] "GET /referenzen.html HTTP/1.1" 200 4045 "http://www.bsb-schrott.de/leistungen.html" "Mozilla/5.0 (X11; Linux x86_64) AppleWebKit/534.24 (KHTML, like Gecko) Chrome/11.0.696.34 Safari/534.24"
46.115.67.169 - - [25/Dec/2013:20:27:52 +0100] "GET /js/jquery.mousewheel-3.0.4.pack.js HTTP/1.1" 200 1279 "http://www.bsb-schrott.de/referenzen.html" "Mozilla/5.0 (X11; Linux x86_64) AppleWebKit/534.24 (KHTML, like Gecko) Chrome/11.0.696.34 Safari/534.24"
46.115.67.169 - - [25/Dec/2013:20:27:53 +0100] "GET /css/jquery.fancybox-1.3.4.css HTTP/1.1" 200 8776 "http://www.bsb-schrott.de/referenzen.html" "Mozilla/5.0 (X11; Linux x86_64) AppleWebKit/534.24 (KHTML, like Gecko) Chrome/11.0.696.34 Safari/534.24"
46.115.67.169 - - [25/Dec/2013:20:27:52 +0100] "GET /js/jquery.fancybox-1.3.4.pack.js HTTP/1.1" 200 15624 "http://www.bsb-schrott.de/referenzen.html" "Mozilla/5.0 (X11; Linux x86_64) AppleWebKit/534.24 (KHTML, like Gecko) Chrome/11.0.696.34 Safari/534.24"
46.115.67.169 - - [25/Dec/2013:20:27:51 +0100] "GET /js/jquery-1.7.2.min.js HTTP/1.1" 200 94840 "http://www.bsb-schrott.de/referenzen.html" "Mozilla/5.0 (X11; Linux x86_64) AppleWebKit/534.24 (KHTML, like Gecko) Chrome/11.0.696.34 Safari/534.24"
46.115.67.169 - - [25/Dec/2013:20:28:21 +0100] "GET /img/referenzen/thumb/011.jpg HTTP/1.1" 200 5938 "http://www.bsb-schrott.de/referenzen.html" "Mozilla/5.0 (X11; Linux x86_64) AppleWebKit/534.24 (KHTML, like Gecko) Chrome/11.0.696.34 Safari/534.24"
46.115.67.169 - - [25/Dec/2013:20:28:23 +0100] "GET /img/bsb_background.jpg HTTP/1.1" 206 1 "http://www.bsb-schrott.de/referenzen.html" "Mozilla/5.0 (X11; Linux x86_64) AppleWebKit/534.24 (KHTML, like Gecko) Chrome/11.0.696.34 Safari/534.24"
46.115.67.169 - - [25/Dec/2013:20:28:23 +0100] "GET /img/referenzen/thumb/114.jpg HTTP/1.1" 200 7605 "http://www.bsb-schrott.de/referenzen.html" "Mozilla/5.0 (X11; Linux x86_64) AppleWebKit/534.24 (KHTML, like Gecko) Chrome/11.0.696.34 Safari/534.24"
46.115.67.169 - - [25/Dec/2013:20:28:24 +0100] "GET /img/referenzen/thumb/PICT1324.jpg HTTP/1.1" 200 9353 "http://www.bsb-schrott.de/referenzen.html" "Mozilla/5.0 (X11; Linux x86_64) AppleWebKit/534.24 (KHTML, like Gecko) Chrome/11.0.696.34 Safari/534.24"
46.115.67.169 - - [25/Dec/2013:20:28:24 +0100] "GET /img/referenzen/thumb/PICT1325.jpg HTTP/1.1" 200 8059 "http://www.bsb-schrott.de/referenzen.html" "Mozilla/5.0 (X11; Linux x86_64) AppleWebKit/534.24 (KHTML, like Gecko) Chrome/11.0.696.34 Safari/534.24"
46.115.67.169 - - [25/Dec/2013:20:28:25 +0100] "GET /img/bsb_background.jpg HTTP/1.1" 206 39990 "http://www.bsb-schrott.de/referenzen.html" "Mozilla/5.0 (X11; Linux x86_64) AppleWebKit/534.24 (KHTML, like Gecko) Chrome/11.0.696.34 Safari/534.24"
46.115.67.169 - - [25/Dec/2013:20:28:25 +0100] "GET /img/fancy/fancybox.png HTTP/1.1" 200 15287 "http://www.bsb-schrott.de/referenzen.html" "Mozilla/5.0 (X11; Linux x86_64) AppleWebKit/534.24 (KHTML, like Gecko) Chrome/11.0.696.34 Safari/534.24"
46.115.67.169 - - [25/Dec/2013:20:28:25 +0100] "GET /img/referenzen/011.jpg HTTP/1.1" 200 161700 "http://www.bsb-schrott.de/referenzen.html" "Mozilla/5.0 (X11; Linux x86_64) AppleWebKit/534.24 (KHTML, like Gecko) Chrome/11.0.696.34 Safari/534.24"
66.249.78.62 - - [25/Dec/2013:20:34:58 +0100] "GET /leistungen.html HTTP/1.1" 304 - "-" "Mozilla/5.0 (iPhone; CPU iPhone OS 6_0 like Mac OS X) AppleWebKit/536.26 (KHTML, like Gecko) Version/6.0 Mobile/10A5376e Safari/8536.25 (compatible; Googlebot-Mobile/2.1; +http://www.google.com/bot.html)"
66.249.78.62 - - [25/Dec/2013:20:47:42 +0100] "GET /referenzen.html HTTP/1.1" 304 - "-" "Mozilla/5.0 (iPhone; CPU iPhone OS 6_0 like Mac OS X) AppleWebKit/536.26 (KHTML, like Gecko) Version/6.0 Mobile/10A5376e Safari/8536.25 (compatible; Googlebot-Mobile/2.1; +http://www.google.com/bot.html)"
66.249.78.62 - - [25/Dec/2013:22:46:44 +0100] "GET /impressum.html HTTP/1.1" 200 3432 "-" "SAMSUNG-SGH-E250/1.0 Profile/MIDP-2.0 Configuration/CLDC-1.1 UP.Browser/6.2.3.3.c.1.101 (GUI) MMP/2.0 (compatible; Googlebot-Mobile/2.1; +http://www.google.com/bot.html)"
80.28.103.121 - - [25/Dec/2013:22:54:07 +0100] "GET / HTTP/1.1" 200 3135 "-" "Mozilla/4.0 (compatible; MSIE 6.0; Windows NT 5.1; .NET CLR 1.1.4322)"
79.193.162.56 - - [26/Dec/2013:02:02:04 +0100] "GET / HTTP/1.1" 200 3135 "-" "Mozilla/5.0 (Linux; U; Android 2.3.6; de-de; SAMSUNG GT-S5690/S5690BOLL1 Build/GINGERBREAD) AppleWebKit/533.1 (KHTML, like Gecko) Version/4.0 Mobile Safari/533.1"
79.193.162.56 - - [26/Dec/2013:02:02:05 +0100] "GET /css/stylesheet.css HTTP/1.1" 200 6398 "http://www.bsb-schrott.de/" "Mozilla/5.0 (Linux; U; Android 2.3.6; de-de; SAMSUNG GT-S5690/S5690BOLL1 Build/GINGERBREAD) AppleWebKit/533.1 (KHTML, like Gecko) Version/4.0 Mobile Safari/533.1"
79.193.162.56 - - [26/Dec/2013:02:02:05 +0100] "GET /img/news.jpg HTTP/1.1" 200 7536 "http://www.bsb-schrott.de/" "Mozilla/5.0 (Linux; U; Android 2.3.6; de-de; SAMSUNG GT-S5690/S5690BOLL1 Build/GINGERBREAD) AppleWebKit/533.1 (KHTML, like Gecko) Version/4.0 Mobile Safari/533.1"
79.193.162.56 - - [26/Dec/2013:02:02:05 +0100] "GET /img/gradient_header.png HTTP/1.1" 304 - "http://www.bsb-schrott.de/" "Mozilla/5.0 (Linux; U; Android 2.3.6; de-de; SAMSUNG GT-S5690/S5690BOLL1 Build/GINGERBREAD) AppleWebKit/533.1 (KHTML, like Gecko) Version/4.0 Mobile Safari/533.1"
79.193.162.56 - - [26/Dec/2013:02:02:05 +0100] "GET /img/gradient_right.png HTTP/1.1" 304 - "http://www.bsb-schrott.de/" "Mozilla/5.0 (Linux; U; Android 2.3.6; de-de; SAMSUNG GT-S5690/S5690BOLL1 Build/GINGERBREAD) AppleWebKit/533.1 (KHTML, like Gecko) Version/4.0 Mobile Safari/533.1"
79.193.162.56 - - [26/Dec/2013:02:02:05 +0100] "GET /img/bsb_logo.jpg HTTP/1.1" 200 31271 "http://www.bsb-schrott.de/" "Mozilla/5.0 (Linux; U; Android 2.3.6; de-de; SAMSUNG GT-S5690/S5690BOLL1 Build/GINGERBREAD) AppleWebKit/533.1 (KHTML, like Gecko) Version/4.0 Mobile Safari/533.1"
79.193.162.56 - - [26/Dec/2013:02:02:05 +0100] "GET /img/nav_activ.png HTTP/1.1" 200 520 "http://www.bsb-schrott.de/" "Mozilla/5.0 (Linux; U; Android 2.3.6; de-de; SAMSUNG GT-S5690/S5690BOLL1 Build/GINGERBREAD) AppleWebKit/533.1 (KHTML, like Gecko) Version/4.0 Mobile Safari/533.1"
79.193.162.56 - - [26/Dec/2013:02:02:05 +0100] "GET /img/lvl.png HTTP/1.1" 200 1441 "http://www.bsb-schrott.de/" "Mozilla/5.0 (Linux; U; Android 2.3.6; de-de; SAMSUNG GT-S5690/S5690BOLL1 Build/GINGERBREAD) AppleWebKit/533.1 (KHTML, like Gecko) Version/4.0 Mobile Safari/533.1"
79.193.162.56 - - [26/Dec/2013:02:02:05 +0100] "GET /img/gradient_left.png HTTP/1.1" 200 135 "http://www.bsb-schrott.de/" "Mozilla/5.0 (Linux; U; Android 2.3.6; de-de; SAMSUNG GT-S5690/S5690BOLL1 Build/GINGERBREAD) AppleWebKit/533.1 (KHTML, like Gecko) Version/4.0 Mobile Safari/533.1"
79.193.162.56 - - [26/Dec/2013:02:02:05 +0100] "GET /img/contentBg.png HTTP/1.1" 200 110 "http://www.bsb-schrott.de/" "Mozilla/5.0 (Linux; U; Android 2.3.6; de-de; SAMSUNG GT-S5690/S5690BOLL1 Build/GINGERBREAD) AppleWebKit/533.1 (KHTML, like Gecko) Version/4.0 Mobile Safari/533.1"
79.193.162.56 - - [26/Dec/2013:02:02:05 +0100] "GET /img/nav.png HTTP/1.1" 200 197 "http://www.bsb-schrott.de/" "Mozilla/5.0 (Linux; U; Android 2.3.6; de-de; SAMSUNG GT-S5690/S5690BOLL1 Build/GINGERBREAD) AppleWebKit/533.1 (KHTML, like Gecko) Version/4.0 Mobile Safari/533.1"
79.193.162.56 - - [26/Dec/2013:02:02:05 +0100] "GET /img/gradient_footer.png HTTP/1.1" 304 - "http://www.bsb-schrott.de/" "Mozilla/5.0 (Linux; U; Android 2.3.6; de-de; SAMSUNG GT-S5690/S5690BOLL1 Build/GINGERBREAD) AppleWebKit/533.1 (KHTML, like Gecko) Version/4.0 Mobile Safari/533.1"
79.193.162.56 - - [26/Dec/2013:02:02:05 +0100] "GET /img/gradient_navbar.png HTTP/1.1" 200 144 "http://www.bsb-schrott.de/" "Mozilla/5.0 (Linux; U; Android 2.3.6; de-de; SAMSUNG GT-S5690/S5690BOLL1 Build/GINGERBREAD) AppleWebKit/533.1 (KHTML, like Gecko) Version/4.0 Mobile Safari/533.1"
79.193.162.56 - - [26/Dec/2013:02:02:05 +0100] "GET /img/header_banner.png HTTP/1.1" 200 22955 "http://www.bsb-schrott.de/" "Mozilla/5.0 (Linux; U; Android 2.3.6; de-de; SAMSUNG GT-S5690/S5690BOLL1 Build/GINGERBREAD) AppleWebKit/533.1 (KHTML, like Gecko) Version/4.0 Mobile Safari/533.1"
79.193.162.56 - - [26/Dec/2013:02:02:05 +0100] "GET /img/iwa_cert.png HTTP/1.1" 200 38259 "http://www.bsb-schrott.de/" "Mozilla/5.0 (Linux; U; Android 2.3.6; de-de; SAMSUNG GT-S5690/S5690BOLL1 Build/GINGERBREAD) AppleWebKit/533.1 (KHTML, like Gecko) Version/4.0 Mobile Safari/533.1"
79.193.162.56 - - [26/Dec/2013:02:02:05 +0100] "GET /css/gudea-regular-webfont.ttf HTTP/1.1" 200 35968 "http://www.bsb-schrott.de/" "Mozilla/5.0 (Linux; U; Android 2.3.6; de-de; SAMSUNG GT-S5690/S5690BOLL1 Build/GINGERBREAD) AppleWebKit/533.1 (KHTML, like Gecko) Version/4.0 Mobile Safari/533.1"
79.193.162.56 - - [26/Dec/2013:02:02:05 +0100] "GET /img/bsb_background.jpg HTTP/1.1" 200 84092 "http://www.bsb-schrott.de/" "Mozilla/5.0 (Linux; U; Android 2.3.6; de-de; SAMSUNG GT-S5690/S5690BOLL1 Build/GINGERBREAD) AppleWebKit/533.1 (KHTML, like Gecko) Version/4.0 Mobile Safari/533.1"
79.193.162.56 - - [26/Dec/2013:02:02:05 +0100] "GET /css/gudea-bold-webfont.ttf HTTP/1.1" 200 35992 "http://www.bsb-schrott.de/" "Mozilla/5.0 (Linux; U; Android 2.3.6; de-de; SAMSUNG GT-S5690/S5690BOLL1 Build/GINGERBREAD) AppleWebKit/533.1 (KHTML, like Gecko) Version/4.0 Mobile Safari/533.1"
79.193.162.56 - - [26/Dec/2013:02:02:06 +0100] "GET /img/content_bagger.png HTTP/1.1" 200 143701 "http://www.bsb-schrott.de/" "Mozilla/5.0 (Linux; U; Android 2.3.6; de-de; SAMSUNG GT-S5690/S5690BOLL1 Build/GINGERBREAD) AppleWebKit/533.1 (KHTML, like Gecko) Version/4.0 Mobile Safari/533.1"
79.193.162.56 - - [26/Dec/2013:02:02:07 +0100] "GET /favicon.ico HTTP/1.1" 404 1256 "http://www.bsb-schrott.de/" "Mozilla/5.0 (Linux; U; Android 2.3.6; de-de; SAMSUNG GT-S5690/S5690BOLL1 Build/GINGERBREAD) AppleWebKit/533.1 (KHTML, like Gecko) Version/4.0 Mobile Safari/533.1"
141.8.147.12 - - [26/Dec/2013:07:27:42 +0100] "GET /robots.txt HTTP/1.1" 404 1256 "-" "Mozilla/5.0 (compatible; YandexBot/3.0; +http://yandex.com/bots)"
66.249.78.62 - - [26/Dec/2013:08:22:49 +0100] "GET /robots.txt HTTP/1.1" 404 1256 "-" "Mozilla/5.0 (compatible; Googlebot/2.1; +http://www.google.com/bot.html)"
66.249.78.62 - - [26/Dec/2013:08:22:50 +0100] "GET / HTTP/1.1" 200 3135 "-" "Mozilla/5.0 (iPhone; CPU iPhone OS 6_0 like Mac OS X) AppleWebKit/536.26 (KHTML, like Gecko) Version/6.0 Mobile/10A5376e Safari/8536.25 (compatible; Googlebot-Mobile/2.1; +http://www.google.com/bot.html)"
66.249.78.62 - - [26/Dec/2013:08:25:47 +0100] "GET /css/stylesheet.css HTTP/1.1" 200 6398 "-" "Mozilla/5.0 (compatible; Googlebot/2.1; +http://www.google.com/bot.html)"
157.55.35.112 - - [26/Dec/2013:11:11:48 +0100] "GET /robots.txt HTTP/1.1" 404 1256 "-" "Mozilla/5.0 (compatible; bingbot/2.0; +http://www.bing.com/bingbot.htm)"
157.55.35.112 - - [26/Dec/2013:11:19:31 +0100] "GET / HTTP/1.1" 200 3135 "-" "Mozilla/5.0 (compatible; bingbot/2.0; +http://www.bing.com/bingbot.htm)"
157.55.32.143 - - [26/Dec/2013:12:15:20 +0100] "GET / HTTP/1.1" 200 3135 "-" "Mozilla/5.0 (compatible; bingbot/2.0; +http://www.bing.com/bingbot.htm)"
31.148.246.235 - - [26/Dec/2013:12:22:54 +0100] "GET /kontakt.html HTTP/1.1" 200 3830 "-" "Mozilla/5.0 (X11; Linux x86_64; rv:2.0.1) Gecko/20110506 Firefox/4.0.1"
157.56.93.186 - - [26/Dec/2013:13:16:44 +0100] "GET /robots.txt HTTP/1.1" 404 1256 "-" "Mozilla/5.0 (compatible; bingbot/2.0; +http://www.bing.com/bingbot.htm)"
157.56.93.186 - - [26/Dec/2013:13:17:28 +0100] "GET /css/gudea-regular-webfont.ttf HTTP/1.1" 200 35968 "-" "Mozilla/5.0 (compatible; bingbot/2.0; +http://www.bing.com/bingbot.htm)"
157.56.93.186 - - [26/Dec/2013:13:21:41 +0100] "GET /css/gudea-regular-webfont.svg HTTP/1.1" 200 49818 "-" "Mozilla/5.0 (compatible; bingbot/2.0; +http://www.bing.com/bingbot.htm)"
157.56.92.152 - - [26/Dec/2013:13:39:14 +0100] "GET /css/gudea-bold-webfont.svg HTTP/1.1" 200 48897 "-" "Mozilla/5.0 (compatible; bingbot/2.0; +http://www.bing.com/bingbot.htm)"
157.56.92.152 - - [26/Dec/2013:13:39:15 +0100] "GET /css/gudea-bold-webfont.ttf HTTP/1.1" 200 35992 "-" "Mozilla/5.0 (compatible; bingbot/2.0; +http://www.bing.com/bingbot.htm)"
89.204.130.134 - - [26/Dec/2013:14:00:09 +0100] "GET / HTTP/1.1" 200 3135 "http://www.google.de/search?ei=7ye8Urz4JYrHsga1z4GIDA&q=bsb+schrott&oq=bsb+sc&gs_l=mobile-gws-serp.1.1.0l5.36915.47381.0.49495.22.14.8.0.0.5.528.4287.2-8j4j1j1.14.0....0...1c.1.32.mobile-gws-serp..9.13.2735.SXuoFrvlU18" "Mozilla/5.0 (Linux; U; Android 4.1.2; de-de; GT-I8190 Build/JZO54K) AppleWebKit/534.30 (KHTML, like Gecko) Version/4.0 Mobile Safari/534.30"
89.204.130.134 - - [26/Dec/2013:14:00:09 +0100] "GET /css/stylesheet.css HTTP/1.1" 200 6398 "http://www.bsb-schrott.de/" "Mozilla/5.0 (Linux; U; Android 4.1.2; de-de; GT-I8190 Build/JZO54K) AppleWebKit/534.30 (KHTML, like Gecko) Version/4.0 Mobile Safari/534.30"
89.204.130.134 - - [26/Dec/2013:14:00:09 +0100] "GET /img/news.jpg HTTP/1.1" 200 7536 "http://www.bsb-schrott.de/" "Mozilla/5.0 (Linux; U; Android 4.1.2; de-de; GT-I8190 Build/JZO54K) AppleWebKit/534.30 (KHTML, like Gecko) Version/4.0 Mobile Safari/534.30"
89.204.130.134 - - [26/Dec/2013:14:00:10 +0100] "GET /img/gradient_header.png HTTP/1.1" 200 253 "http://www.bsb-schrott.de/" "Mozilla/5.0 (Linux; U; Android 4.1.2; de-de; GT-I8190 Build/JZO54K) AppleWebKit/534.30 (KHTML, like Gecko) Version/4.0 Mobile Safari/534.30"
89.204.130.134 - - [26/Dec/2013:14:00:10 +0100] "GET /img/header_banner.png HTTP/1.1" 200 22955 "http://www.bsb-schrott.de/" "Mozilla/5.0 (Linux; U; Android 4.1.2; de-de; GT-I8190 Build/JZO54K) AppleWebKit/534.30 (KHTML, like Gecko) Version/4.0 Mobile Safari/534.30"
89.204.130.134 - - [26/Dec/2013:14:00:10 +0100] "GET /img/nav_activ.png HTTP/1.1" 200 520 "http://www.bsb-schrott.de/" "Mozilla/5.0 (Linux; U; Android 4.1.2; de-de; GT-I8190 Build/JZO54K) AppleWebKit/534.30 (KHTML, like Gecko) Version/4.0 Mobile Safari/534.30"
89.204.130.134 - - [26/Dec/2013:14:00:10 +0100] "GET /img/nav.png HTTP/1.1" 200 197 "http://www.bsb-schrott.de/" "Mozilla/5.0 (Linux; U; Android 4.1.2; de-de; GT-I8190 Build/JZO54K) AppleWebKit/534.30 (KHTML, like Gecko) Version/4.0 Mobile Safari/534.30"
89.204.130.134 - - [26/Dec/2013:14:00:10 +0100] "GET /img/gradient_navbar.png HTTP/1.1" 200 144 "http://www.bsb-schrott.de/" "Mozilla/5.0 (Linux; U; Android 4.1.2; de-de; GT-I8190 Build/JZO54K) AppleWebKit/534.30 (KHTML, like Gecko) Version/4.0 Mobile Safari/534.30"
89.204.130.134 - - [26/Dec/2013:14:00:10 +0100] "GET /img/gradient_left.png HTTP/1.1" 200 135 "http://www.bsb-schrott.de/" "Mozilla/5.0 (Linux; U; Android 4.1.2; de-de; GT-I8190 Build/JZO54K) AppleWebKit/534.30 (KHTML, like Gecko) Version/4.0 Mobile Safari/534.30"
89.204.130.134 - - [26/Dec/2013:14:00:10 +0100] "GET /img/lvl.png HTTP/1.1" 200 1441 "http://www.bsb-schrott.de/" "Mozilla/5.0 (Linux; U; Android 4.1.2; de-de; GT-I8190 Build/JZO54K) AppleWebKit/534.30 (KHTML, like Gecko) Version/4.0 Mobile Safari/534.30"
89.204.130.134 - - [26/Dec/2013:14:00:10 +0100] "GET /img/contentBg.png HTTP/1.1" 200 110 "http://www.bsb-schrott.de/" "Mozilla/5.0 (Linux; U; Android 4.1.2; de-de; GT-I8190 Build/JZO54K) AppleWebKit/534.30 (KHTML, like Gecko) Version/4.0 Mobile Safari/534.30"
89.204.130.134 - - [26/Dec/2013:14:00:10 +0100] "GET /img/bsb_logo.jpg HTTP/1.1" 200 31271 "http://www.bsb-schrott.de/" "Mozilla/5.0 (Linux; U; Android 4.1.2; de-de; GT-I8190 Build/JZO54K) AppleWebKit/534.30 (KHTML, like Gecko) Version/4.0 Mobile Safari/534.30"
89.204.130.134 - - [26/Dec/2013:14:00:10 +0100] "GET /img/iwa_cert.png HTTP/1.1" 200 38259 "http://www.bsb-schrott.de/" "Mozilla/5.0 (Linux; U; Android 4.1.2; de-de; GT-I8190 Build/JZO54K) AppleWebKit/534.30 (KHTML, like Gecko) Version/4.0 Mobile Safari/534.30"
89.204.130.134 - - [26/Dec/2013:14:00:10 +0100] "GET /img/bsb_background.jpg HTTP/1.1" 200 84092 "http://www.bsb-schrott.de/" "Mozilla/5.0 (Linux; U; Android 4.1.2; de-de; GT-I8190 Build/JZO54K) AppleWebKit/534.30 (KHTML, like Gecko) Version/4.0 Mobile Safari/534.30"
89.204.130.134 - - [26/Dec/2013:14:00:11 +0100] "GET /img/content_bagger.png HTTP/1.1" 200 143701 "http://www.bsb-schrott.de/" "Mozilla/5.0 (Linux; U; Android 4.1.2; de-de; GT-I8190 Build/JZO54K) AppleWebKit/534.30 (KHTML, like Gecko) Version/4.0 Mobile Safari/534.30"
89.204.130.134 - - [26/Dec/2013:14:00:12 +0100] "GET /img/gradient_right.png HTTP/1.1" 200 127 "http://www.bsb-schrott.de/" "Mozilla/5.0 (Linux; U; Android 4.1.2; de-de; GT-I8190 Build/JZO54K) AppleWebKit/534.30 (KHTML, like Gecko) Version/4.0 Mobile Safari/534.30"
89.204.130.134 - - [26/Dec/2013:14:00:12 +0100] "GET /img/gradient_footer.png HTTP/1.1" 200 140 "http://www.bsb-schrott.de/" "Mozilla/5.0 (Linux; U; Android 4.1.2; de-de; GT-I8190 Build/JZO54K) AppleWebKit/534.30 (KHTML, like Gecko) Version/4.0 Mobile Safari/534.30"
89.204.130.134 - - [26/Dec/2013:14:00:12 +0100] "GET /css/gudea-bold-webfont.woff HTTP/1.1" 200 21884 "http://www.bsb-schrott.de/" "Mozilla/5.0 (Linux; U; Android 4.1.2; de-de; GT-I8190 Build/JZO54K) AppleWebKit/534.30 (KHTML, like Gecko) Version/4.0 Mobile Safari/534.30"
89.204.130.134 - - [26/Dec/2013:14:00:12 +0100] "GET /css/gudea-regular-webfont.woff HTTP/1.1" 200 21616 "http://www.bsb-schrott.de/" "Mozilla/5.0 (Linux; U; Android 4.1.2; de-de; GT-I8190 Build/JZO54K) AppleWebKit/534.30 (KHTML, like Gecko) Version/4.0 Mobile Safari/534.30"
89.204.130.134 - - [26/Dec/2013:14:00:13 +0100] "GET /favicon.ico HTTP/1.1" 404 1256 "http://www.bsb-schrott.de/" "Mozilla/5.0 (Linux; U; Android 4.1.2; de-de; GT-I8190 Build/JZO54K) AppleWebKit/534.30 (KHTML, like Gecko) Version/4.0 Mobile Safari/534.30"
89.204.130.134 - - [26/Dec/2013:14:00:23 +0100] "GET /wir-ueber-uns.html HTTP/1.1" 200 5703 "http://www.bsb-schrott.de/" "Mozilla/5.0 (Linux; U; Android 4.1.2; de-de; GT-I8190 Build/JZO54K) AppleWebKit/534.30 (KHTML, like Gecko) Version/4.0 Mobile Safari/534.30"
89.204.130.134 - - [26/Dec/2013:14:00:25 +0100] "GET /img/timeline.png HTTP/1.1" 200 724 "http://www.bsb-schrott.de/wir-ueber-uns.html" "Mozilla/5.0 (Linux; U; Android 4.1.2; de-de; GT-I8190 Build/JZO54K) AppleWebKit/534.30 (KHTML, like Gecko) Version/4.0 Mobile Safari/534.30"
89.204.130.134 - - [26/Dec/2013:14:00:25 +0100] "GET /img/lhl.png HTTP/1.1" 200 1132 "http://www.bsb-schrott.de/wir-ueber-uns.html" "Mozilla/5.0 (Linux; U; Android 4.1.2; de-de; GT-I8190 Build/JZO54K) AppleWebKit/534.30 (KHTML, like Gecko) Version/4.0 Mobile Safari/534.30"
89.204.130.134 - - [26/Dec/2013:14:00:25 +0100] "GET /css/gudea-italic-webfont.woff HTTP/1.1" 200 25624 "http://www.bsb-schrott.de/wir-ueber-uns.html" "Mozilla/5.0 (Linux; U; Android 4.1.2; de-de; GT-I8190 Build/JZO54K) AppleWebKit/534.30 (KHTML, like Gecko) Version/4.0 Mobile Safari/534.30"
66.249.64.8 - - [26/Dec/2013:14:10:07 +0100] "GET /robots.txt HTTP/1.1" 404 1256 "-" "Mozilla/5.0 (compatible; Googlebot/2.1; +http://www.google.com/bot.html)"
66.249.64.6 - - [26/Dec/2013:14:10:07 +0100] "GET /impressum.html HTTP/1.1" 304 - "-" "Mozilla/5.0 (iPhone; CPU iPhone OS 6_0 like Mac OS X) AppleWebKit/536.26 (KHTML, like Gecko) Version/6.0 Mobile/10A5376e Safari/8536.25 (compatible; Googlebot-Mobile/2.1; +http://www.google.com/bot.html)"
141.8.147.12 - - [26/Dec/2013:16:33:43 +0100] "GET / HTTP/1.1" 200 3135 "-" "Mozilla/5.0 (compatible; YandexBot/3.0; +http://yandex.com/bots)"
66.249.76.158 - - [26/Dec/2013:21:00:36 +0100] "GET /impressum.html HTTP/1.1" 200 3432 "-" "DoCoMo/2.0 N905i(c100;TB;W24H16) (compatible; Googlebot-Mobile/2.1; +http://www.google.com/bot.html)"
66.249.64.6 - - [27/Dec/2013:00:45:56 +0100] "GET /wir-ueber-uns.html HTTP/1.1" 304 - "-" "Mozilla/5.0 (iPhone; CPU iPhone OS 6_0 like Mac OS X) AppleWebKit/536.26 (KHTML, like Gecko) Version/6.0 Mobile/10A5376e Safari/8536.25 (compatible; Googlebot-Mobile/2.1; +http://www.google.com/bot.html)"
141.8.147.12 - - [27/Dec/2013:02:54:46 +0100] "GET /robots.txt HTTP/1.1" 404 1256 "-" "Mozilla/5.0 (compatible; YandexBot/3.0; +http://yandex.com/bots)"
141.8.147.12 - - [27/Dec/2013:02:54:48 +0100] "GET /referenzen.html HTTP/1.1" 304 - "-" "Mozilla/5.0 (compatible; YandexBot/3.0; +http://yandex.com/bots)"
182.118.35.18 - - [27/Dec/2013:07:52:48 +0100] "GET /robots.txt HTTP/1.1" 404 1256 "http://www.bsb-schrott.de/robots.txt" "Mozilla/4.0 (compatible; MSIE 8.0; Windows NT 6.1; Trident/4.0; SLCC2; .NET CLR 2.0.50727; .NET CLR 3.5.30729; .NET CLR 3.0.30729; Media Center PC 6.0; MDDR; .NET4.0C; .NET4.0E; .NET CLR 1.1.4322; Tablet PC 2.0)"
79.216.89.251 - - [27/Dec/2013:07:56:50 +0100] "GET /wir-ueber-uns.html HTTP/1.1" 200 5703 "http://www.google.de/url?sa=t&rct=j&q=&esrc=s&source=web&cd=2&ved=0CEEQFjAB&url=http%3A%2F%2Fwww.bsb-schrott.de%2Fwir-ueber-uns.html&ei=HCS9UpjgEcvbsgbE9YD4Bg&usg=AFQjCNEcl5BJtH8B9NQVGyskjWGoG05eow&bvm=bv.58187178,d.Yms" "Mozilla/5.0 (Windows NT 6.1; WOW64; rv:26.0) Gecko/20100101 Firefox/26.0"
79.216.89.251 - - [27/Dec/2013:07:56:50 +0100] "GET /css/stylesheet.css HTTP/1.1" 200 6398 "http://www.bsb-schrott.de/wir-ueber-uns.html" "Mozilla/5.0 (Windows NT 6.1; WOW64; rv:26.0) Gecko/20100101 Firefox/26.0"
79.216.89.251 - - [27/Dec/2013:07:56:50 +0100] "GET /img/news.jpg HTTP/1.1" 200 7536 "http://www.bsb-schrott.de/wir-ueber-uns.html" "Mozilla/5.0 (Windows NT 6.1; WOW64; rv:26.0) Gecko/20100101 Firefox/26.0"
79.216.89.251 - - [27/Dec/2013:07:56:50 +0100] "GET /img/gradient_header.png HTTP/1.1" 200 253 "http://www.bsb-schrott.de/css/stylesheet.css" "Mozilla/5.0 (Windows NT 6.1; WOW64; rv:26.0) Gecko/20100101 Firefox/26.0"
79.216.89.251 - - [27/Dec/2013:07:56:50 +0100] "GET /css/gudea-regular-webfont.woff HTTP/1.1" 200 21616 "http://www.bsb-schrott.de/css/stylesheet.css" "Mozilla/5.0 (Windows NT 6.1; WOW64; rv:26.0) Gecko/20100101 Firefox/26.0"
79.216.89.251 - - [27/Dec/2013:07:56:50 +0100] "GET /img/bsb_logo.jpg HTTP/1.1" 200 31271 "http://www.bsb-schrott.de/css/stylesheet.css" "Mozilla/5.0 (Windows NT 6.1; WOW64; rv:26.0) Gecko/20100101 Firefox/26.0"
79.216.89.251 - - [27/Dec/2013:07:56:50 +0100] "GET /img/header_banner.png HTTP/1.1" 200 22955 "http://www.bsb-schrott.de/css/stylesheet.css" "Mozilla/5.0 (Windows NT 6.1; WOW64; rv:26.0) Gecko/20100101 Firefox/26.0"
79.216.89.251 - - [27/Dec/2013:07:56:50 +0100] "GET /img/nav.png HTTP/1.1" 200 197 "http://www.bsb-schrott.de/css/stylesheet.css" "Mozilla/5.0 (Windows NT 6.1; WOW64; rv:26.0) Gecko/20100101 Firefox/26.0"
79.216.89.251 - - [27/Dec/2013:07:56:50 +0100] "GET /css/gudea-bold-webfont.woff HTTP/1.1" 200 21884 "http://www.bsb-schrott.de/css/stylesheet.css" "Mozilla/5.0 (Windows NT 6.1; WOW64; rv:26.0) Gecko/20100101 Firefox/26.0"
79.216.89.251 - - [27/Dec/2013:07:56:50 +0100] "GET /css/gudea-italic-webfont.woff HTTP/1.1" 200 25624 "http://www.bsb-schrott.de/css/stylesheet.css" "Mozilla/5.0 (Windows NT 6.1; WOW64; rv:26.0) Gecko/20100101 Firefox/26.0"
79.216.89.251 - - [27/Dec/2013:07:56:50 +0100] "GET /img/nav_activ.png HTTP/1.1" 200 520 "http://www.bsb-schrott.de/css/stylesheet.css" "Mozilla/5.0 (Windows NT 6.1; WOW64; rv:26.0) Gecko/20100101 Firefox/26.0"
79.216.89.251 - - [27/Dec/2013:07:56:50 +0100] "GET /img/gradient_navbar.png HTTP/1.1" 200 144 "http://www.bsb-schrott.de/css/stylesheet.css" "Mozilla/5.0 (Windows NT 6.1; WOW64; rv:26.0) Gecko/20100101 Firefox/26.0"
79.216.89.251 - - [27/Dec/2013:07:56:50 +0100] "GET /img/gradient_left.png HTTP/1.1" 200 135 "http://www.bsb-schrott.de/css/stylesheet.css" "Mozilla/5.0 (Windows NT 6.1; WOW64; rv:26.0) Gecko/20100101 Firefox/26.0"
79.216.89.251 - - [27/Dec/2013:07:56:50 +0100] "GET /img/contentBg.png HTTP/1.1" 200 110 "http://www.bsb-schrott.de/css/stylesheet.css" "Mozilla/5.0 (Windows NT 6.1; WOW64; rv:26.0) Gecko/20100101 Firefox/26.0"
79.216.89.251 - - [27/Dec/2013:07:56:50 +0100] "GET /img/iwa_cert.png HTTP/1.1" 200 38259 "http://www.bsb-schrott.de/css/stylesheet.css" "Mozilla/5.0 (Windows NT 6.1; WOW64; rv:26.0) Gecko/20100101 Firefox/26.0"
79.216.89.251 - - [27/Dec/2013:07:56:50 +0100] "GET /img/bsb_background.jpg HTTP/1.1" 200 84092 "http://www.bsb-schrott.de/css/stylesheet.css" "Mozilla/5.0 (Windows NT 6.1; WOW64; rv:26.0) Gecko/20100101 Firefox/26.0"
