27.184.253.217 - - [17/May/2013:02:55:28 +0200] "GET /img/gradient_header.png HTTP/1.1" 200 253 "http://www.bsb-schrott.de/" "Mozilla/4.0 (Windows; U; Windows NT 5.1; zh-TW; rv:1.9.0.11)"
27.184.253.217 - - [17/May/2013:02:55:28 +0200] "GET /img/nav.png HTTP/1.1" 200 197 "http://www.bsb-schrott.de/" "Mozilla/4.0 (Windows; U; Windows NT 5.1; zh-TW; rv:1.9.0.11)"
27.184.253.217 - - [17/May/2013:02:55:29 +0200] "GET /img/nav_activ.png HTTP/1.1" 200 520 "http://www.bsb-schrott.de/" "Mozilla/4.0 (Windows; U; Windows NT 5.1; zh-TW; rv:1.9.0.11)"
27.184.253.217 - - [17/May/2013:02:55:28 +0200] "GET /img/header_banner.png HTTP/1.1" 200 22955 "http://www.bsb-schrott.de/" "Mozilla/4.0 (Windows; U; Windows NT 5.1; zh-TW; rv:1.9.0.11)"
27.184.253.217 - - [17/May/2013:02:55:29 +0200] "GET /img/bsb_logo.jpg HTTP/1.1" 200 31271 "http://www.bsb-schrott.de/" "Mozilla/4.0 (Windows; U; Windows NT 5.1; zh-TW; rv:1.9.0.11)"
27.184.253.217 - - [17/May/2013:02:55:29 +0200] "GET /img/gradient_left.png HTTP/1.1" 200 135 "http://www.bsb-schrott.de/" "Mozilla/4.0 (Windows; U; Windows NT 5.1; zh-TW; rv:1.9.0.11)"
27.184.253.217 - - [17/May/2013:02:55:29 +0200] "GET /img/contentBg.png HTTP/1.1" 200 110 "http://www.bsb-schrott.de/" "Mozilla/4.0 (Windows; U; Windows NT 5.1; zh-TW; rv:1.9.0.11)"
27.184.253.217 - - [17/May/2013:02:55:29 +0200] "GET /img/gradient_right.png HTTP/1.1" 200 127 "http://www.bsb-schrott.de/" "Mozilla/4.0 (Windows; U; Windows NT 5.1; zh-TW; rv:1.9.0.11)"
27.184.253.217 - - [17/May/2013:02:55:29 +0200] "GET /img/lvl.png HTTP/1.1" 200 1441 "http://www.bsb-schrott.de/" "Mozilla/4.0 (Windows; U; Windows NT 5.1; zh-TW; rv:1.9.0.11)"
27.184.253.217 - - [17/May/2013:02:55:29 +0200] "GET /img/gradient_footer.png HTTP/1.1" 200 140 "http://www.bsb-schrott.de/" "Mozilla/4.0 (Windows; U; Windows NT 5.1; zh-TW; rv:1.9.0.11)"
27.184.253.217 - - [17/May/2013:02:55:28 +0200] "GET /css/gudea-regular-webfont.eot? HTTP/1.1" 200 36144 "http://www.bsb-schrott.de/" "Mozilla/4.0 (Windows; U; Windows NT 5.1; zh-TW; rv:1.9.0.11)"
27.184.253.217 - - [17/May/2013:02:55:28 +0200] "GET /css/gudea-italic-webfont.eot? HTTP/1.1" 200 44788 "http://www.bsb-schrott.de/" "Mozilla/4.0 (Windows; U; Windows NT 5.1; zh-TW; rv:1.9.0.11)"
27.184.253.217 - - [17/May/2013:02:55:29 +0200] "GET /img/iwa_cert.png HTTP/1.1" 200 38259 "http://www.bsb-schrott.de/" "Mozilla/4.0 (Windows; U; Windows NT 5.1; zh-TW; rv:1.9.0.11)"
27.184.253.217 - - [17/May/2013:02:55:29 +0200] "GET /img/bsb_background.jpg HTTP/1.1" 200 84092 "http://www.bsb-schrott.de/" "Mozilla/4.0 (Windows; U; Windows NT 5.1; zh-TW; rv:1.9.0.11)"
27.184.253.217 - - [17/May/2013:02:55:29 +0200] "GET /img/content_bagger.png HTTP/1.1" 200 143701 "http://www.bsb-schrott.de/" "Mozilla/4.0 (Windows; U; Windows NT 5.1; zh-TW; rv:1.9.0.11)"
27.184.253.217 - - [17/May/2013:02:56:41 +0200] "GET /kontakt.html HTTP/1.1" 200 3830 "http://www.bsb-schrott.de/" "Mozilla/4.0 (Windows; U; Windows NT 5.1; zh-TW; rv:1.9.0.11)"
27.184.253.217 - - [17/May/2013:02:56:42 +0200] "GET /img/lhl.png HTTP/1.1" 200 1132 "http://www.bsb-schrott.de/kontakt.html" "Mozilla/4.0 (Windows; U; Windows NT 5.1; zh-TW; rv:1.9.0.11)"
220.181.127.124 - - [17/May/2013:03:00:24 +0200] "GET / HTTP/1.1" 200 3135 "http://www.bsb-schrott.de/" "Mozilla/4.0 (compatible; MSIE 8.0; Windows NT 6.1; Trident/4.0; SLCC2; .NET CLR 2.0.50727; .NET CLR 3.5.30729; .NET CLR 3.0.30729; Media Center PC 6.0; Tablet PC 2.0)"
220.181.132.197 - - [17/May/2013:03:07:07 +0200] "GET / HTTP/1.1" 200 3135 "-" "Mozilla/5.0 (X11; Linux x86_64) AppleWebKit/536.11 (KHTML, like Gecko) DumpRenderTree/0.0.0.0 Safari/536.11"
220.181.132.197 - - [17/May/2013:03:07:08 +0200] "GET /css/stylesheet.css HTTP/1.1" 200 6398 "http://www.bsb-schrott.de/" "Mozilla/5.0 (X11; Linux x86_64) AppleWebKit/536.11 (KHTML, like Gecko) DumpRenderTree/0.0.0.0 Safari/536.11"
220.181.132.197 - - [17/May/2013:03:07:09 +0200] "GET /css/gudea-regular-webfont.woff HTTP/1.1" 200 21616 "http://www.bsb-schrott.de/" "Mozilla/5.0 (X11; Linux x86_64) AppleWebKit/536.11 (KHTML, like Gecko) DumpRenderTree/0.0.0.0 Safari/536.11"
220.181.132.197 - - [17/May/2013:03:07:09 +0200] "GET /css/gudea-bold-webfont.woff HTTP/1.1" 200 21884 "http://www.bsb-schrott.de/" "Mozilla/5.0 (X11; Linux x86_64) AppleWebKit/536.11 (KHTML, like Gecko) DumpRenderTree/0.0.0.0 Safari/536.11"
27.184.253.217 - - [17/May/2013:03:33:51 +0200] "GET /leistungen.html HTTP/1.1" 200 3224 "http://www.google.at/search?q=Buntmetalle&newwindow=1&hl=de-AT&gbv=1&ie=UTF-8&prmd=ivns&ei=HYiVUeTBD8zQkQWn14GQDg&start=110&sa=N" "Mozilla/4.0 (Windows; U; Windows NT 5.1; zh-TW; rv:1.9.0.11)"
27.184.253.217 - - [17/May/2013:03:33:52 +0200] "GET /img/news.jpg HTTP/1.1" 200 7536 "http://www.bsb-schrott.de/leistungen.html" "Mozilla/4.0 (Windows; U; Windows NT 5.1; zh-TW; rv:1.9.0.11)"
27.184.253.217 - - [17/May/2013:03:33:52 +0200] "GET /css/stylesheet.css HTTP/1.1" 200 6398 "http://www.bsb-schrott.de/leistungen.html" "Mozilla/4.0 (Windows; U; Windows NT 5.1; zh-TW; rv:1.9.0.11)"
27.184.253.217 - - [17/May/2013:03:33:53 +0200] "GET /css/gudea-regular-webfont.eot? HTTP/1.1" 200 36144 "http://www.bsb-schrott.de/leistungen.html" "Mozilla/4.0 (Windows; U; Windows NT 5.1; zh-TW; rv:1.9.0.11)"
27.184.253.217 - - [17/May/2013:03:33:53 +0200] "GET /img/header_banner.png HTTP/1.1" 200 22955 "http://www.bsb-schrott.de/leistungen.html" "Mozilla/4.0 (Windows; U; Windows NT 5.1; zh-TW; rv:1.9.0.11)"
27.184.253.217 - - [17/May/2013:03:33:54 +0200] "GET /img/gradient_header.png HTTP/1.1" 200 253 "http://www.bsb-schrott.de/leistungen.html" "Mozilla/4.0 (Windows; U; Windows NT 5.1; zh-TW; rv:1.9.0.11)"
27.184.253.217 - - [17/May/2013:03:33:54 +0200] "GET /img/contentBg.png HTTP/1.1" 200 110 "http://www.bsb-schrott.de/leistungen.html" "Mozilla/4.0 (Windows; U; Windows NT 5.1; zh-TW; rv:1.9.0.11)"
27.184.253.217 - - [17/May/2013:03:33:54 +0200] "GET /img/lvl.png HTTP/1.1" 200 1441 "http://www.bsb-schrott.de/leistungen.html" "Mozilla/4.0 (Windows; U; Windows NT 5.1; zh-TW; rv:1.9.0.11)"
27.184.253.217 - - [17/May/2013:03:33:54 +0200] "GET /img/bsb_logo.jpg HTTP/1.1" 200 31271 "http://www.bsb-schrott.de/leistungen.html" "Mozilla/4.0 (Windows; U; Windows NT 5.1; zh-TW; rv:1.9.0.11)"
27.184.253.217 - - [17/May/2013:03:33:54 +0200] "GET /img/nav.png HTTP/1.1" 200 197 "http://www.bsb-schrott.de/leistungen.html" "Mozilla/4.0 (Windows; U; Windows NT 5.1; zh-TW; rv:1.9.0.11)"
27.184.253.217 - - [17/May/2013:03:33:54 +0200] "GET /img/gradient_navbar.png HTTP/1.1" 200 144 "http://www.bsb-schrott.de/leistungen.html" "Mozilla/4.0 (Windows; U; Windows NT 5.1; zh-TW; rv:1.9.0.11)"
27.184.253.217 - - [17/May/2013:03:33:54 +0200] "GET /img/nav_activ.png HTTP/1.1" 200 520 "http://www.bsb-schrott.de/leistungen.html" "Mozilla/4.0 (Windows; U; Windows NT 5.1; zh-TW; rv:1.9.0.11)"
27.184.253.217 - - [17/May/2013:03:33:55 +0200] "GET /img/gradient_right.png HTTP/1.1" 200 127 "http://www.bsb-schrott.de/leistungen.html" "Mozilla/4.0 (Windows; U; Windows NT 5.1; zh-TW; rv:1.9.0.11)"
27.184.253.217 - - [17/May/2013:03:33:55 +0200] "GET /img/gradient_footer.png HTTP/1.1" 200 140 "http://www.bsb-schrott.de/leistungen.html" "Mozilla/4.0 (Windows; U; Windows NT 5.1; zh-TW; rv:1.9.0.11)"
27.184.253.217 - - [17/May/2013:03:33:55 +0200] "GET /img/gradient_left.png HTTP/1.1" 200 135 "http://www.bsb-schrott.de/leistungen.html" "Mozilla/4.0 (Windows; U; Windows NT 5.1; zh-TW; rv:1.9.0.11)"
27.184.253.217 - - [17/May/2013:03:33:54 +0200] "GET /img/iwa_cert.png HTTP/1.1" 200 38259 "http://www.bsb-schrott.de/leistungen.html" "Mozilla/4.0 (Windows; U; Windows NT 5.1; zh-TW; rv:1.9.0.11)"
27.184.253.217 - - [17/May/2013:03:33:54 +0200] "GET /css/gudea-bold-webfont.eot? HTTP/1.1" 200 36156 "http://www.bsb-schrott.de/leistungen.html" "Mozilla/4.0 (Windows; U; Windows NT 5.1; zh-TW; rv:1.9.0.11)"
27.184.253.217 - - [17/May/2013:03:33:54 +0200] "GET /css/gudea-italic-webfont.eot? HTTP/1.1" 200 44788 "http://www.bsb-schrott.de/leistungen.html" "Mozilla/4.0 (Windows; U; Windows NT 5.1; zh-TW; rv:1.9.0.11)"
27.184.253.217 - - [17/May/2013:03:33:54 +0200] "GET /img/bsb_background.jpg HTTP/1.1" 200 84092 "http://www.bsb-schrott.de/leistungen.html" "Mozilla/4.0 (Windows; U; Windows NT 5.1; zh-TW; rv:1.9.0.11)"
27.184.253.217 - - [17/May/2013:03:33:54 +0200] "GET /img/content_bagger.png HTTP/1.1" 200 143701 "http://www.bsb-schrott.de/leistungen.html" "Mozilla/4.0 (Windows; U; Windows NT 5.1; zh-TW; rv:1.9.0.11)"
27.184.253.217 - - [17/May/2013:03:34:34 +0200] "GET /kontakt.html HTTP/1.1" 200 3830 "http://www.bsb-schrott.de/leistungen.html" "Mozilla/4.0 (Windows; U; Windows NT 5.1; zh-TW; rv:1.9.0.11)"
27.184.253.217 - - [17/May/2013:03:34:35 +0200] "GET /img/lhl.png HTTP/1.1" 200 1132 "http://www.bsb-schrott.de/kontakt.html" "Mozilla/4.0 (Windows; U; Windows NT 5.1; zh-TW; rv:1.9.0.11)"
208.115.113.84 - - [17/May/2013:08:10:37 +0200] "GET /robots.txt HTTP/1.1" 404 1256 "-" "Mozilla/5.0 (compatible; Ezooms/1.0; ezooms.bot@gmail.com)"
37.5.128.75 - - [17/May/2013:08:22:56 +0200] "GET /impressum.html HTTP/1.1" 200 3432 "http://www.google.de/url?sa=t&rct=j&q=schrott%20bernd%20berlin&source=web&cd=1&ved=0CEAQFjAA&url=http%3A%2F%2Fwww.bsb-schrott.de%2Fimpressum.html&ei=hMyVUbGyLc-UswaAuIHQAw&usg=AFQjCNEZH1tbuhsuMlf_oKzURQk-KOEMnA&bvm=bv.46751780,d.Yms" "Mozilla/5.0 (compatible; MSIE 9.0; Windows NT 6.1; WOW64; Trident/5.0)"
37.5.128.75 - - [17/May/2013:08:22:56 +0200] "GET /css/stylesheet.css HTTP/1.1" 200 6398 "http://www.bsb-schrott.de/impressum.html" "Mozilla/5.0 (compatible; MSIE 9.0; Windows NT 6.1; WOW64; Trident/5.0)"
37.5.128.75 - - [17/May/2013:08:22:56 +0200] "GET /img/news.jpg HTTP/1.1" 200 7536 "http://www.bsb-schrott.de/impressum.html" "Mozilla/5.0 (compatible; MSIE 9.0; Windows NT 6.1; WOW64; Trident/5.0)"
37.5.128.75 - - [17/May/2013:08:22:56 +0200] "GET /css/gudea-regular-webfont.eot? HTTP/1.1" 200 36144 "http://www.bsb-schrott.de/impressum.html" "Mozilla/5.0 (compatible; MSIE 9.0; Windows NT 6.1; WOW64; Trident/5.0)"
37.5.128.75 - - [17/May/2013:08:22:56 +0200] "GET /css/gudea-bold-webfont.eot? HTTP/1.1" 200 36156 "http://www.bsb-schrott.de/impressum.html" "Mozilla/5.0 (compatible; MSIE 9.0; Windows NT 6.1; WOW64; Trident/5.0)"
37.5.128.75 - - [17/May/2013:08:22:56 +0200] "GET /img/nav.png HTTP/1.1" 200 197 "http://www.bsb-schrott.de/impressum.html" "Mozilla/5.0 (compatible; MSIE 9.0; Windows NT 6.1; WOW64; Trident/5.0)"
37.5.128.75 - - [17/May/2013:08:22:56 +0200] "GET /img/header_banner.png HTTP/1.1" 200 22955 "http://www.bsb-schrott.de/impressum.html" "Mozilla/5.0 (compatible; MSIE 9.0; Windows NT 6.1; WOW64; Trident/5.0)"
37.5.128.75 - - [17/May/2013:08:22:56 +0200] "GET /img/gradient_header.png HTTP/1.1" 200 253 "http://www.bsb-schrott.de/impressum.html" "Mozilla/5.0 (compatible; MSIE 9.0; Windows NT 6.1; WOW64; Trident/5.0)"
37.5.128.75 - - [17/May/2013:08:22:56 +0200] "GET /img/gradient_navbar.png HTTP/1.1" 200 144 "http://www.bsb-schrott.de/impressum.html" "Mozilla/5.0 (compatible; MSIE 9.0; Windows NT 6.1; WOW64; Trident/5.0)"
37.5.128.75 - - [17/May/2013:08:22:56 +0200] "GET /img/iwa_cert.png HTTP/1.1" 200 38259 "http://www.bsb-schrott.de/impressum.html" "Mozilla/5.0 (compatible; MSIE 9.0; Windows NT 6.1; WOW64; Trident/5.0)"
37.5.128.75 - - [17/May/2013:08:22:56 +0200] "GET /img/gradient_left.png HTTP/1.1" 200 135 "http://www.bsb-schrott.de/impressum.html" "Mozilla/5.0 (compatible; MSIE 9.0; Windows NT 6.1; WOW64; Trident/5.0)"
37.5.128.75 - - [17/May/2013:08:22:57 +0200] "GET /img/lvl.png HTTP/1.1" 200 1441 "http://www.bsb-schrott.de/impressum.html" "Mozilla/5.0 (compatible; MSIE 9.0; Windows NT 6.1; WOW64; Trident/5.0)"
37.5.128.75 - - [17/May/2013:08:22:57 +0200] "GET /img/gradient_footer.png HTTP/1.1" 200 140 "http://www.bsb-schrott.de/impressum.html" "Mozilla/5.0 (compatible; MSIE 9.0; Windows NT 6.1; WOW64; Trident/5.0)"
37.5.128.75 - - [17/May/2013:08:22:56 +0200] "GET /img/content_bagger.png HTTP/1.1" 200 143701 "http://www.bsb-schrott.de/impressum.html" "Mozilla/5.0 (compatible; MSIE 9.0; Windows NT 6.1; WOW64; Trident/5.0)"
37.5.128.75 - - [17/May/2013:08:22:57 +0200] "GET /img/contentBg.png HTTP/1.1" 200 110 "http://www.bsb-schrott.de/impressum.html" "Mozilla/5.0 (compatible; MSIE 9.0; Windows NT 6.1; WOW64; Trident/5.0)"
37.5.128.75 - - [17/May/2013:08:22:57 +0200] "GET /img/gradient_right.png HTTP/1.1" 200 127 "http://www.bsb-schrott.de/impressum.html" "Mozilla/5.0 (compatible; MSIE 9.0; Windows NT 6.1; WOW64; Trident/5.0)"
37.5.128.75 - - [17/May/2013:08:22:57 +0200] "GET /img/bsb_logo.jpg HTTP/1.1" 200 31271 "http://www.bsb-schrott.de/impressum.html" "Mozilla/5.0 (compatible; MSIE 9.0; Windows NT 6.1; WOW64; Trident/5.0)"
37.5.128.75 - - [17/May/2013:08:22:56 +0200] "GET /img/bsb_background.jpg HTTP/1.1" 200 84092 "http://www.bsb-schrott.de/impressum.html" "Mozilla/5.0 (compatible; MSIE 9.0; Windows NT 6.1; WOW64; Trident/5.0)"
37.5.128.75 - - [17/May/2013:08:22:57 +0200] "GET /favicon.ico HTTP/1.1" 404 1256 "-" "Mozilla/5.0 (compatible; MSIE 9.0; Windows NT 6.1; WOW64; Trident/5.0)"
37.5.128.75 - - [17/May/2013:08:23:21 +0200] "GET /img/nav_activ.png HTTP/1.1" 200 520 "http://www.bsb-schrott.de/impressum.html" "Mozilla/5.0 (compatible; MSIE 9.0; Windows NT 6.1; WOW64; Trident/5.0)"
37.5.128.75 - - [17/May/2013:08:23:22 +0200] "GET /wir-ueber-uns.html HTTP/1.1" 200 5703 "http://www.bsb-schrott.de/impressum.html" "Mozilla/5.0 (compatible; MSIE 9.0; Windows NT 6.1; WOW64; Trident/5.0)"
37.5.128.75 - - [17/May/2013:08:23:23 +0200] "GET /img/lhl.png HTTP/1.1" 200 1132 "http://www.bsb-schrott.de/wir-ueber-uns.html" "Mozilla/5.0 (compatible; MSIE 9.0; Windows NT 6.1; WOW64; Trident/5.0)"
37.5.128.75 - - [17/May/2013:08:23:23 +0200] "GET /css/gudea-italic-webfont.eot? HTTP/1.1" 200 44788 "http://www.bsb-schrott.de/wir-ueber-uns.html" "Mozilla/5.0 (compatible; MSIE 9.0; Windows NT 6.1; WOW64; Trident/5.0)"
37.5.128.75 - - [17/May/2013:08:23:23 +0200] "GET /img/timeline.png HTTP/1.1" 200 724 "http://www.bsb-schrott.de/wir-ueber-uns.html" "Mozilla/5.0 (compatible; MSIE 9.0; Windows NT 6.1; WOW64; Trident/5.0)"
37.5.128.75 - - [17/May/2013:08:23:23 +0200] "GET /favicon.ico HTTP/1.1" 404 1256 "-" "Mozilla/5.0 (compatible; MSIE 9.0; Windows NT 6.1; WOW64; Trident/5.0)"
37.5.128.75 - - [17/May/2013:08:24:02 +0200] "GET /leistungen.html HTTP/1.1" 200 3224 "http://www.bsb-schrott.de/wir-ueber-uns.html" "Mozilla/5.0 (compatible; MSIE 9.0; Windows NT 6.1; WOW64; Trident/5.0)"
37.5.128.75 - - [17/May/2013:08:24:04 +0200] "GET /referenzen.html HTTP/1.1" 200 4045 "http://www.bsb-schrott.de/leistungen.html" "Mozilla/5.0 (compatible; MSIE 9.0; Windows NT 6.1; WOW64; Trident/5.0)"
37.5.128.75 - - [17/May/2013:08:24:04 +0200] "GET /js/jquery.fancybox-1.3.4.pack.js HTTP/1.1" 200 15624 "http://www.bsb-schrott.de/referenzen.html" "Mozilla/5.0 (compatible; MSIE 9.0; Windows NT 6.1; WOW64; Trident/5.0)"
37.5.128.75 - - [17/May/2013:08:24:05 +0200] "GET /js/jquery.mousewheel-3.0.4.pack.js HTTP/1.1" 200 1279 "http://www.bsb-schrott.de/referenzen.html" "Mozilla/5.0 (compatible; MSIE 9.0; Windows NT 6.1; WOW64; Trident/5.0)"
37.5.128.75 - - [17/May/2013:08:24:05 +0200] "GET /img/referenzen/thumb/011.jpg HTTP/1.1" 200 5938 "http://www.bsb-schrott.de/referenzen.html" "Mozilla/5.0 (compatible; MSIE 9.0; Windows NT 6.1; WOW64; Trident/5.0)"
37.5.128.75 - - [17/May/2013:08:24:05 +0200] "GET /img/referenzen/thumb/114.jpg HTTP/1.1" 200 7605 "http://www.bsb-schrott.de/referenzen.html" "Mozilla/5.0 (compatible; MSIE 9.0; Windows NT 6.1; WOW64; Trident/5.0)"
37.5.128.75 - - [17/May/2013:08:24:05 +0200] "GET /css/jquery.fancybox-1.3.4.css HTTP/1.1" 200 8776 "http://www.bsb-schrott.de/referenzen.html" "Mozilla/5.0 (compatible; MSIE 9.0; Windows NT 6.1; WOW64; Trident/5.0)"
37.5.128.75 - - [17/May/2013:08:24:05 +0200] "GET /img/referenzen/thumb/PICT1324.jpg HTTP/1.1" 200 9353 "http://www.bsb-schrott.de/referenzen.html" "Mozilla/5.0 (compatible; MSIE 9.0; Windows NT 6.1; WOW64; Trident/5.0)"
37.5.128.75 - - [17/May/2013:08:24:05 +0200] "GET /img/referenzen/thumb/PICT1325.jpg HTTP/1.1" 200 8059 "http://www.bsb-schrott.de/referenzen.html" "Mozilla/5.0 (compatible; MSIE 9.0; Windows NT 6.1; WOW64; Trident/5.0)"
37.5.128.75 - - [17/May/2013:08:24:04 +0200] "GET /js/jquery-1.7.2.min.js HTTP/1.1" 200 94840 "http://www.bsb-schrott.de/referenzen.html" "Mozilla/5.0 (compatible; MSIE 9.0; Windows NT 6.1; WOW64; Trident/5.0)"
37.5.128.75 - - [17/May/2013:08:24:05 +0200] "GET /img/fancy/fancybox.png HTTP/1.1" 200 15287 "http://www.bsb-schrott.de/referenzen.html" "Mozilla/5.0 (compatible; MSIE 9.0; Windows NT 6.1; WOW64; Trident/5.0)"
37.5.128.75 - - [17/May/2013:08:24:05 +0200] "GET /img/referenzen/011.jpg HTTP/1.1" 200 161700 "http://www.bsb-schrott.de/referenzen.html" "Mozilla/5.0 (compatible; MSIE 9.0; Windows NT 6.1; WOW64; Trident/5.0)"
37.5.128.75 - - [17/May/2013:08:24:06 +0200] "GET /img/fancy/fancybox-x.png HTTP/1.1" 200 203 "http://www.bsb-schrott.de/referenzen.html" "Mozilla/5.0 (compatible; MSIE 9.0; Windows NT 6.1; WOW64; Trident/5.0)"
37.5.128.75 - - [17/May/2013:08:24:06 +0200] "GET /img/fancy/fancybox-y.png HTTP/1.1" 200 176 "http://www.bsb-schrott.de/referenzen.html" "Mozilla/5.0 (compatible; MSIE 9.0; Windows NT 6.1; WOW64; Trident/5.0)"
37.5.128.75 - - [17/May/2013:08:24:06 +0200] "GET /img/fancy/blank.gif HTTP/1.1" 200 43 "http://www.bsb-schrott.de/referenzen.html" "Mozilla/5.0 (compatible; MSIE 9.0; Windows NT 6.1; WOW64; Trident/5.0)"
37.5.128.75 - - [17/May/2013:08:24:06 +0200] "GET /img/referenzen/114.jpg HTTP/1.1" 200 291853 "http://www.bsb-schrott.de/referenzen.html" "Mozilla/5.0 (compatible; MSIE 9.0; Windows NT 6.1; WOW64; Trident/5.0)"
37.5.128.75 - - [17/May/2013:08:24:18 +0200] "GET /img/referenzen/PICT1324.jpg HTTP/1.1" 200 286993 "http://www.bsb-schrott.de/referenzen.html" "Mozilla/5.0 (compatible; MSIE 9.0; Windows NT 6.1; WOW64; Trident/5.0)"
37.5.128.75 - - [17/May/2013:08:24:30 +0200] "GET /img/referenzen/PICT1325.jpg HTTP/1.1" 200 338707 "http://www.bsb-schrott.de/referenzen.html" "Mozilla/5.0 (compatible; MSIE 9.0; Windows NT 6.1; WOW64; Trident/5.0)"
37.5.128.75 - - [17/May/2013:08:27:53 +0200] "GET /kontakt.html HTTP/1.1" 200 3830 "http://www.bsb-schrott.de/referenzen.html" "Mozilla/5.0 (compatible; MSIE 9.0; Windows NT 6.1; WOW64; Trident/5.0)"
77.185.34.109 - - [17/May/2013:08:35:34 +0200] "GET / HTTP/1.1" 200 3135 "http://www.google.de/url?sa=t&rct=j&q=www.bsb-schrott.de&source=web&cd=1&sqi=2&ved=0CEkQFjAA&url=http%3A%2F%2Fwww.bsb-schrott.de%2F&ei=c8-VUaGRCfHb4QTTwIGoCg&usg=AFQjCNEDqREvx0Tr5ZV-8Og1Vv-fFeOPRg&bvm=bv.46471029,d.bGE" "Mozilla/5.0 (compatible; MSIE 9.0; Windows NT 6.0; Trident/5.0; tb-webde/2.1.0)"
77.185.34.109 - - [17/May/2013:08:35:34 +0200] "GET /css/stylesheet.css HTTP/1.1" 200 6398 "http://www.bsb-schrott.de/" "Mozilla/5.0 (compatible; MSIE 9.0; Windows NT 6.0; Trident/5.0; tb-webde/2.1.0)"
77.185.34.109 - - [17/May/2013:08:35:34 +0200] "GET /img/news.jpg HTTP/1.1" 200 7536 "http://www.bsb-schrott.de/" "Mozilla/5.0 (compatible; MSIE 9.0; Windows NT 6.0; Trident/5.0; tb-webde/2.1.0)"
77.185.34.109 - - [17/May/2013:08:35:35 +0200] "GET /css/gudea-regular-webfont.eot? HTTP/1.1" 200 36144 "http://www.bsb-schrott.de/" "Mozilla/5.0 (compatible; MSIE 9.0; Windows NT 6.0; Trident/5.0; tb-webde/2.1.0)"
77.185.34.109 - - [17/May/2013:08:35:35 +0200] "GET /css/gudea-bold-webfont.eot? HTTP/1.1" 200 36156 "http://www.bsb-schrott.de/" "Mozilla/5.0 (compatible; MSIE 9.0; Windows NT 6.0; Trident/5.0; tb-webde/2.1.0)"
77.185.34.109 - - [17/May/2013:08:35:35 +0200] "GET /img/gradient_left.png HTTP/1.1" 200 135 "http://www.bsb-schrott.de/" "Mozilla/5.0 (compatible; MSIE 9.0; Windows NT 6.0; Trident/5.0; tb-webde/2.1.0)"
77.185.34.109 - - [17/May/2013:08:35:35 +0200] "GET /img/lvl.png HTTP/1.1" 200 1441 "http://www.bsb-schrott.de/" "Mozilla/5.0 (compatible; MSIE 9.0; Windows NT 6.0; Trident/5.0; tb-webde/2.1.0)"
77.185.34.109 - - [17/May/2013:08:35:35 +0200] "GET /img/nav_activ.png HTTP/1.1" 200 520 "http://www.bsb-schrott.de/" "Mozilla/5.0 (compatible; MSIE 9.0; Windows NT 6.0; Trident/5.0; tb-webde/2.1.0)"
77.185.34.109 - - [17/May/2013:08:35:35 +0200] "GET /img/header_banner.png HTTP/1.1" 200 22955 "http://www.bsb-schrott.de/" "Mozilla/5.0 (compatible; MSIE 9.0; Windows NT 6.0; Trident/5.0; tb-webde/2.1.0)"
77.185.34.109 - - [17/May/2013:08:35:35 +0200] "GET /img/gradient_navbar.png HTTP/1.1" 200 144 "http://www.bsb-schrott.de/" "Mozilla/5.0 (compatible; MSIE 9.0; Windows NT 6.0; Trident/5.0; tb-webde/2.1.0)"
77.185.34.109 - - [17/May/2013:08:35:35 +0200] "GET /img/bsb_logo.jpg HTTP/1.1" 200 31271 "http://www.bsb-schrott.de/" "Mozilla/5.0 (compatible; MSIE 9.0; Windows NT 6.0; Trident/5.0; tb-webde/2.1.0)"
77.185.34.109 - - [17/May/2013:08:35:35 +0200] "GET /img/gradient_header.png HTTP/1.1" 200 253 "http://www.bsb-schrott.de/" "Mozilla/5.0 (compatible; MSIE 9.0; Windows NT 6.0; Trident/5.0; tb-webde/2.1.0)"
77.185.34.109 - - [17/May/2013:08:35:35 +0200] "GET /img/gradient_footer.png HTTP/1.1" 200 140 "http://www.bsb-schrott.de/" "Mozilla/5.0 (compatible; MSIE 9.0; Windows NT 6.0; Trident/5.0; tb-webde/2.1.0)"
77.185.34.109 - - [17/May/2013:08:35:35 +0200] "GET /img/gradient_right.png HTTP/1.1" 200 127 "http://www.bsb-schrott.de/" "Mozilla/5.0 (compatible; MSIE 9.0; Windows NT 6.0; Trident/5.0; tb-webde/2.1.0)"
77.185.34.109 - - [17/May/2013:08:35:35 +0200] "GET /img/iwa_cert.png HTTP/1.1" 200 38259 "http://www.bsb-schrott.de/" "Mozilla/5.0 (compatible; MSIE 9.0; Windows NT 6.0; Trident/5.0; tb-webde/2.1.0)"
77.185.34.109 - - [17/May/2013:08:35:35 +0200] "GET /img/contentBg.png HTTP/1.1" 200 110 "http://www.bsb-schrott.de/" "Mozilla/5.0 (compatible; MSIE 9.0; Windows NT 6.0; Trident/5.0; tb-webde/2.1.0)"
77.185.34.109 - - [17/May/2013:08:35:35 +0200] "GET /img/nav.png HTTP/1.1" 200 197 "http://www.bsb-schrott.de/" "Mozilla/5.0 (compatible; MSIE 9.0; Windows NT 6.0; Trident/5.0; tb-webde/2.1.0)"
77.185.34.109 - - [17/May/2013:08:35:35 +0200] "GET /img/bsb_background.jpg HTTP/1.1" 200 84092 "http://www.bsb-schrott.de/" "Mozilla/5.0 (compatible; MSIE 9.0; Windows NT 6.0; Trident/5.0; tb-webde/2.1.0)"
77.185.34.109 - - [17/May/2013:08:35:35 +0200] "GET /img/content_bagger.png HTTP/1.1" 200 143701 "http://www.bsb-schrott.de/" "Mozilla/5.0 (compatible; MSIE 9.0; Windows NT 6.0; Trident/5.0; tb-webde/2.1.0)"
77.185.34.109 - - [17/May/2013:08:35:36 +0200] "GET /favicon.ico HTTP/1.1" 404 1256 "-" "Mozilla/5.0 (compatible; MSIE 9.0; Windows NT 6.0; Trident/5.0; tb-webde/2.1.0)"
77.185.34.109 - - [17/May/2013:08:36:11 +0200] "GET /kontakt.html HTTP/1.1" 200 3830 "http://www.bsb-schrott.de/" "Mozilla/5.0 (compatible; MSIE 9.0; Windows NT 6.0; Trident/5.0; tb-webde/2.1.0)"
77.185.34.109 - - [17/May/2013:08:36:11 +0200] "GET /img/lhl.png HTTP/1.1" 200 1132 "http://www.bsb-schrott.de/kontakt.html" "Mozilla/5.0 (compatible; MSIE 9.0; Windows NT 6.0; Trident/5.0; tb-webde/2.1.0)"
77.185.34.109 - - [17/May/2013:08:36:12 +0200] "GET /favicon.ico HTTP/1.1" 404 1256 "-" "Mozilla/5.0 (compatible; MSIE 9.0; Windows NT 6.0; Trident/5.0; tb-webde/2.1.0)"
77.185.34.109 - - [17/May/2013:08:55:38 +0200] "GET /wir-ueber-uns.html HTTP/1.1" 200 5703 "http://www.bsb-schrott.de/" "Mozilla/5.0 (compatible; MSIE 9.0; Windows NT 6.0; Trident/5.0; tb-webde/2.1.0)"
77.185.34.109 - - [17/May/2013:08:55:38 +0200] "GET /img/timeline.png HTTP/1.1" 200 724 "http://www.bsb-schrott.de/wir-ueber-uns.html" "Mozilla/5.0 (compatible; MSIE 9.0; Windows NT 6.0; Trident/5.0; tb-webde/2.1.0)"
77.185.34.109 - - [17/May/2013:08:55:38 +0200] "GET /css/gudea-italic-webfont.eot? HTTP/1.1" 200 44788 "http://www.bsb-schrott.de/wir-ueber-uns.html" "Mozilla/5.0 (compatible; MSIE 9.0; Windows NT 6.0; Trident/5.0; tb-webde/2.1.0)"
77.185.34.109 - - [17/May/2013:08:55:43 +0200] "GET /leistungen.html HTTP/1.1" 200 3224 "http://www.bsb-schrott.de/wir-ueber-uns.html" "Mozilla/5.0 (compatible; MSIE 9.0; Windows NT 6.0; Trident/5.0; tb-webde/2.1.0)"
77.185.34.109 - - [17/May/2013:08:55:51 +0200] "GET /referenzen.html HTTP/1.1" 200 4045 "http://www.bsb-schrott.de/leistungen.html" "Mozilla/5.0 (compatible; MSIE 9.0; Windows NT 6.0; Trident/5.0; tb-webde/2.1.0)"
77.185.34.109 - - [17/May/2013:08:55:51 +0200] "GET /js/jquery.mousewheel-3.0.4.pack.js HTTP/1.1" 200 1279 "http://www.bsb-schrott.de/referenzen.html" "Mozilla/5.0 (compatible; MSIE 9.0; Windows NT 6.0; Trident/5.0; tb-webde/2.1.0)"
77.185.34.109 - - [17/May/2013:08:55:51 +0200] "GET /img/referenzen/thumb/011.jpg HTTP/1.1" 200 5938 "http://www.bsb-schrott.de/referenzen.html" "Mozilla/5.0 (compatible; MSIE 9.0; Windows NT 6.0; Trident/5.0; tb-webde/2.1.0)"
77.185.34.109 - - [17/May/2013:08:55:51 +0200] "GET /img/referenzen/thumb/PICT1324.jpg HTTP/1.1" 200 9353 "http://www.bsb-schrott.de/referenzen.html" "Mozilla/5.0 (compatible; MSIE 9.0; Windows NT 6.0; Trident/5.0; tb-webde/2.1.0)"
77.185.34.109 - - [17/May/2013:08:55:51 +0200] "GET /js/jquery.fancybox-1.3.4.pack.js HTTP/1.1" 200 15624 "http://www.bsb-schrott.de/referenzen.html" "Mozilla/5.0 (compatible; MSIE 9.0; Windows NT 6.0; Trident/5.0; tb-webde/2.1.0)"
77.185.34.109 - - [17/May/2013:08:55:51 +0200] "GET /css/jquery.fancybox-1.3.4.css HTTP/1.1" 200 8776 "http://www.bsb-schrott.de/referenzen.html" "Mozilla/5.0 (compatible; MSIE 9.0; Windows NT 6.0; Trident/5.0; tb-webde/2.1.0)"
77.185.34.109 - - [17/May/2013:08:55:51 +0200] "GET /img/referenzen/thumb/114.jpg HTTP/1.1" 200 7605 "http://www.bsb-schrott.de/referenzen.html" "Mozilla/5.0 (compatible; MSIE 9.0; Windows NT 6.0; Trident/5.0; tb-webde/2.1.0)"
77.185.34.109 - - [17/May/2013:08:55:51 +0200] "GET /img/referenzen/thumb/PICT1325.jpg HTTP/1.1" 200 8059 "http://www.bsb-schrott.de/referenzen.html" "Mozilla/5.0 (compatible; MSIE 9.0; Windows NT 6.0; Trident/5.0; tb-webde/2.1.0)"
77.185.34.109 - - [17/May/2013:08:55:51 +0200] "GET /js/jquery-1.7.2.min.js HTTP/1.1" 200 94840 "http://www.bsb-schrott.de/referenzen.html" "Mozilla/5.0 (compatible; MSIE 9.0; Windows NT 6.0; Trident/5.0; tb-webde/2.1.0)"
77.185.34.109 - - [17/May/2013:08:55:52 +0200] "GET /img/fancy/fancybox.png HTTP/1.1" 200 15287 "http://www.bsb-schrott.de/referenzen.html" "Mozilla/5.0 (compatible; MSIE 9.0; Windows NT 6.0; Trident/5.0; tb-webde/2.1.0)"
77.185.34.109 - - [17/May/2013:08:55:52 +0200] "GET /img/fancy/fancybox-x.png HTTP/1.1" 200 203 "http://www.bsb-schrott.de/referenzen.html" "Mozilla/5.0 (compatible; MSIE 9.0; Windows NT 6.0; Trident/5.0; tb-webde/2.1.0)"
77.185.34.109 - - [17/May/2013:08:55:52 +0200] "GET /img/fancy/fancybox-y.png HTTP/1.1" 200 176 "http://www.bsb-schrott.de/referenzen.html" "Mozilla/5.0 (compatible; MSIE 9.0; Windows NT 6.0; Trident/5.0; tb-webde/2.1.0)"
77.185.34.109 - - [17/May/2013:08:55:52 +0200] "GET /img/fancy/blank.gif HTTP/1.1" 200 43 "http://www.bsb-schrott.de/referenzen.html" "Mozilla/5.0 (compatible; MSIE 9.0; Windows NT 6.0; Trident/5.0; tb-webde/2.1.0)"
77.185.34.109 - - [17/May/2013:08:55:51 +0200] "GET /img/referenzen/011.jpg HTTP/1.1" 200 161700 "http://www.bsb-schrott.de/referenzen.html" "Mozilla/5.0 (compatible; MSIE 9.0; Windows NT 6.0; Trident/5.0; tb-webde/2.1.0)"
77.185.34.109 - - [17/May/2013:08:55:53 +0200] "GET /img/referenzen/114.jpg HTTP/1.1" 200 291853 "http://www.bsb-schrott.de/referenzen.html" "Mozilla/5.0 (compatible; MSIE 9.0; Windows NT 6.0; Trident/5.0; tb-webde/2.1.0)"
77.185.34.109 - - [17/May/2013:08:56:10 +0200] "GET /img/referenzen/PICT1324.jpg HTTP/1.1" 200 286993 "http://www.bsb-schrott.de/referenzen.html" "Mozilla/5.0 (compatible; MSIE 9.0; Windows NT 6.0; Trident/5.0; tb-webde/2.1.0)"
77.185.34.109 - - [17/May/2013:08:56:26 +0200] "GET /img/referenzen/PICT1325.jpg HTTP/1.1" 200 338707 "http://www.bsb-schrott.de/referenzen.html" "Mozilla/5.0 (compatible; MSIE 9.0; Windows NT 6.0; Trident/5.0; tb-webde/2.1.0)"
109.45.0.43 - - [17/May/2013:09:46:22 +0200] "GET /leistungen.html HTTP/1.1" 304 - "-" "Mozilla/5.0 (Linux; U; Android 4.1.2; de-de; SAMSUNG GT-I9305/I9305XXBLL5 Build/JZO54K) AppleWebKit/534.30 (KHTML, like Gecko) Version/4.0 Mobile Safari/534.30"
109.45.0.43 - - [17/May/2013:09:46:23 +0200] "GET /favicon.ico HTTP/1.1" 404 1256 "http://www.bsb-schrott.de/leistungen.html" "Mozilla/5.0 (Linux; U; Android 4.1.2; de-de; SAMSUNG GT-I9305/I9305XXBLL5 Build/JZO54K) AppleWebKit/534.30 (KHTML, like Gecko) Version/4.0 Mobile Safari/534.30"
208.115.113.84 - - [17/May/2013:10:11:18 +0200] "GET /impressum.html HTTP/1.1" 200 3432 "-" "Mozilla/5.0 (compatible; Ezooms/1.0; ezooms.bot@gmail.com)"
199.19.249.196 - - [17/May/2013:11:07:52 +0200] "GET / HTTP/1.1" 200 3135 "-" "Mozilla/4.0 (compatible; MSIE 7.0; Windows NT 5.1; InfoPath.1; .NET CLR 2.0.50727; .NET CLR 1.1.4322; MS-RTC LM 8; .NET CLR 3.0.4506.2152; .NET CLR 3.5.30729)"
62.169.4.90 - - [17/May/2013:11:07:52 +0200] "GET / HTTP/1.1" 200 3135 "http://www.google.de/url?sa=t&rct=j&q=www.berlinbuntmetall&source=web&cd=7&sqi=2&ved=0CE0QFjAG&url=http%3A%2F%2Fwww.bsb-schrott.de%2F&ei=EPOVUbC5CcnnswbQzoGgCQ&usg=AFQjCNEDqREvx0Tr5ZV-8Og1Vv-fFeOPRg&bvm=bv.46751780,d.Yms" "Mozilla/5.0 (compatible; MSIE 9.0; Windows NT 6.1; WOW64; Trident/5.0)"
62.169.4.90 - - [17/May/2013:11:07:52 +0200] "GET /css/stylesheet.css HTTP/1.1" 200 6398 "http://www.bsb-schrott.de/" "Mozilla/5.0 (compatible; MSIE 9.0; Windows NT 6.1; WOW64; Trident/5.0)"
62.169.4.90 - - [17/May/2013:11:07:52 +0200] "GET /img/news.jpg HTTP/1.1" 200 7536 "http://www.bsb-schrott.de/" "Mozilla/5.0 (compatible; MSIE 9.0; Windows NT 6.1; WOW64; Trident/5.0)"
199.19.249.196 - - [17/May/2013:11:07:52 +0200] "GET /css/gudea-regular-webfont.eot? HTTP/1.1" 200 36144 "-" "Mozilla/4.0 (compatible; MSIE 7.0; Windows NT 5.1; InfoPath.1; .NET CLR 2.0.50727; .NET CLR 1.1.4322; MS-RTC LM 8; .NET CLR 3.0.4506.2152; .NET CLR 3.5.30729)"
62.169.4.90 - - [17/May/2013:11:07:53 +0200] "GET /img/nav_activ.png HTTP/1.1" 200 520 "http://www.bsb-schrott.de/" "Mozilla/5.0 (compatible; MSIE 9.0; Windows NT 6.1; WOW64; Trident/5.0)"
62.169.4.90 - - [17/May/2013:11:07:53 +0200] "GET /img/contentBg.png HTTP/1.1" 200 110 "http://www.bsb-schrott.de/" "Mozilla/5.0 (compatible; MSIE 9.0; Windows NT 6.1; WOW64; Trident/5.0)"
62.169.4.90 - - [17/May/2013:11:07:53 +0200] "GET /css/gudea-regular-webfont.eot? HTTP/1.1" 200 36144 "http://www.bsb-schrott.de/" "Mozilla/5.0 (compatible; MSIE 9.0; Windows NT 6.1; WOW64; Trident/5.0)"
199.19.249.196 - - [17/May/2013:11:07:53 +0200] "GET /css/gudea-bold-webfont.eot? HTTP/1.1" 200 36156 "-" "Mozilla/4.0 (compatible; MSIE 7.0; Windows NT 5.1; InfoPath.1; .NET CLR 2.0.50727; .NET CLR 1.1.4322; MS-RTC LM 8; .NET CLR 3.0.4506.2152; .NET CLR 3.5.30729)"
62.169.4.90 - - [17/May/2013:11:07:53 +0200] "GET /img/header_banner.png HTTP/1.1" 200 22955 "http://www.bsb-schrott.de/" "Mozilla/5.0 (compatible; MSIE 9.0; Windows NT 6.1; WOW64; Trident/5.0)"
62.169.4.90 - - [17/May/2013:11:07:53 +0200] "GET /img/iwa_cert.png HTTP/1.1" 200 38259 "http://www.bsb-schrott.de/" "Mozilla/5.0 (compatible; MSIE 9.0; Windows NT 6.1; WOW64; Trident/5.0)"
62.169.4.90 - - [17/May/2013:11:07:53 +0200] "GET /img/lvl.png HTTP/1.1" 200 1441 "http://www.bsb-schrott.de/" "Mozilla/5.0 (compatible; MSIE 9.0; Windows NT 6.1; WOW64; Trident/5.0)"
62.169.4.90 - - [17/May/2013:11:07:53 +0200] "GET /img/bsb_logo.jpg HTTP/1.1" 200 31271 "http://www.bsb-schrott.de/" "Mozilla/5.0 (compatible; MSIE 9.0; Windows NT 6.1; WOW64; Trident/5.0)"
62.169.4.90 - - [17/May/2013:11:07:53 +0200] "GET /img/gradient_navbar.png HTTP/1.1" 200 144 "http://www.bsb-schrott.de/" "Mozilla/5.0 (compatible; MSIE 9.0; Windows NT 6.1; WOW64; Trident/5.0)"
62.169.4.90 - - [17/May/2013:11:07:53 +0200] "GET /img/gradient_header.png HTTP/1.1" 200 253 "http://www.bsb-schrott.de/" "Mozilla/5.0 (compatible; MSIE 9.0; Windows NT 6.1; WOW64; Trident/5.0)"
62.169.4.90 - - [17/May/2013:11:07:53 +0200] "GET /img/gradient_footer.png HTTP/1.1" 200 140 "http://www.bsb-schrott.de/" "Mozilla/5.0 (compatible; MSIE 9.0; Windows NT 6.1; WOW64; Trident/5.0)"
62.169.4.90 - - [17/May/2013:11:07:53 +0200] "GET /css/gudea-bold-webfont.eot? HTTP/1.1" 200 36156 "http://www.bsb-schrott.de/" "Mozilla/5.0 (compatible; MSIE 9.0; Windows NT 6.1; WOW64; Trident/5.0)"
62.169.4.90 - - [17/May/2013:11:07:53 +0200] "GET /img/nav.png HTTP/1.1" 200 197 "http://www.bsb-schrott.de/" "Mozilla/5.0 (compatible; MSIE 9.0; Windows NT 6.1; WOW64; Trident/5.0)"
62.169.4.90 - - [17/May/2013:11:07:53 +0200] "GET /img/content_bagger.png HTTP/1.1" 200 143701 "http://www.bsb-schrott.de/" "Mozilla/5.0 (compatible; MSIE 9.0; Windows NT 6.1; WOW64; Trident/5.0)"
62.169.4.90 - - [17/May/2013:11:07:53 +0200] "GET /img/bsb_background.jpg HTTP/1.1" 200 84092 "http://www.bsb-schrott.de/" "Mozilla/5.0 (compatible; MSIE 9.0; Windows NT 6.1; WOW64; Trident/5.0)"
62.169.4.90 - - [17/May/2013:11:07:53 +0200] "GET /img/gradient_left.png HTTP/1.1" 200 135 "http://www.bsb-schrott.de/" "Mozilla/5.0 (compatible; MSIE 9.0; Windows NT 6.1; WOW64; Trident/5.0)"
62.169.4.90 - - [17/May/2013:11:07:54 +0200] "GET /img/gradient_right.png HTTP/1.1" 200 127 "http://www.bsb-schrott.de/" "Mozilla/5.0 (compatible; MSIE 9.0; Windows NT 6.1; WOW64; Trident/5.0)"
62.169.4.90 - - [17/May/2013:11:07:54 +0200] "GET /favicon.ico HTTP/1.1" 404 1256 "-" "Mozilla/5.0 (compatible; MSIE 9.0; Windows NT 6.1; WOW64; Trident/5.0)"
199.19.249.196 - - [17/May/2013:11:07:56 +0200] "GET /leistungen.html HTTP/1.1" 200 3224 "-" "Mozilla/4.0 (compatible; MSIE 7.0; Windows NT 5.1; InfoPath.1; .NET CLR 2.0.50727; .NET CLR 1.1.4322; MS-RTC LM 8; .NET CLR 3.0.4506.2152; .NET CLR 3.5.30729)"
62.169.4.90 - - [17/May/2013:11:07:56 +0200] "GET /leistungen.html HTTP/1.1" 200 3224 "http://www.bsb-schrott.de/" "Mozilla/5.0 (compatible; MSIE 9.0; Windows NT 6.1; WOW64; Trident/5.0)"
62.169.4.90 - - [17/May/2013:11:07:56 +0200] "GET /favicon.ico HTTP/1.1" 404 1256 "-" "Mozilla/5.0 (compatible; MSIE 9.0; Windows NT 6.1; WOW64; Trident/5.0)"
209.73.151.115 - - [17/May/2013:12:05:35 +0200] "GET / HTTP/1.1" 200 3135 "http://www.gelbeseiten.de/schrottplatz/berlin" "Mozilla/4.0 (compatible; MSIE 7.0; Windows NT 6.1; Trident/4.0; SLCC2; .NET CLR 2.0.50727; .NET CLR 3.5.30729; .NET CLR 3.0.30729; Media Center PC 6.0; InfoPath.2; AskTbORJ/5.15.23.36191)"
141.8.147.12 - - [17/May/2013:12:23:19 +0200] "GET /robots.txt HTTP/1.1" 404 1256 "-" "Mozilla/5.0 (compatible; YandexBot/3.0; +http://yandex.com/bots)"
208.115.111.68 - - [17/May/2013:14:03:42 +0200] "GET /robots.txt HTTP/1.1" 404 1256 "-" "Mozilla/5.0 (compatible; Ezooms/1.0; ezooms.bot@gmail.com)"
109.45.0.43 - - [17/May/2013:14:24:01 +0200] "GET /leistungen.html HTTP/1.1" 304 - "-" "Mozilla/5.0 (Linux; U; Android 4.1.2; de-de; SAMSUNG GT-I9305/I9305XXBLL5 Build/JZO54K) AppleWebKit/534.30 (KHTML, like Gecko) Version/4.0 Mobile Safari/534.30"
109.45.0.43 - - [17/May/2013:14:24:01 +0200] "GET /img/gradient_header.png HTTP/1.1" 304 - "http://www.bsb-schrott.de/leistungen.html" "Mozilla/5.0 (Linux; U; Android 4.1.2; de-de; SAMSUNG GT-I9305/I9305XXBLL5 Build/JZO54K) AppleWebKit/534.30 (KHTML, like Gecko) Version/4.0 Mobile Safari/534.30"
109.45.0.43 - - [17/May/2013:14:24:01 +0200] "GET /img/news.jpg HTTP/1.1" 304 - "http://www.bsb-schrott.de/leistungen.html" "Mozilla/5.0 (Linux; U; Android 4.1.2; de-de; SAMSUNG GT-I9305/I9305XXBLL5 Build/JZO54K) AppleWebKit/534.30 (KHTML, like Gecko) Version/4.0 Mobile Safari/534.30"
109.45.0.43 - - [17/May/2013:14:24:01 +0200] "GET /img/bsb_logo.jpg HTTP/1.1" 304 - "http://www.bsb-schrott.de/leistungen.html" "Mozilla/5.0 (Linux; U; Android 4.1.2; de-de; SAMSUNG GT-I9305/I9305XXBLL5 Build/JZO54K) AppleWebKit/534.30 (KHTML, like Gecko) Version/4.0 Mobile Safari/534.30"
109.45.0.43 - - [17/May/2013:14:24:01 +0200] "GET /img/header_banner.png HTTP/1.1" 304 - "http://www.bsb-schrott.de/leistungen.html" "Mozilla/5.0 (Linux; U; Android 4.1.2; de-de; SAMSUNG GT-I9305/I9305XXBLL5 Build/JZO54K) AppleWebKit/534.30 (KHTML, like Gecko) Version/4.0 Mobile Safari/534.30"
109.45.0.43 - - [17/May/2013:14:24:01 +0200] "GET /img/iwa_cert.png HTTP/1.1" 304 - "http://www.bsb-schrott.de/leistungen.html" "Mozilla/5.0 (Linux; U; Android 4.1.2; de-de; SAMSUNG GT-I9305/I9305XXBLL5 Build/JZO54K) AppleWebKit/534.30 (KHTML, like Gecko) Version/4.0 Mobile Safari/534.30"
109.45.0.43 - - [17/May/2013:14:24:01 +0200] "GET /img/nav.png HTTP/1.1" 304 - "http://www.bsb-schrott.de/leistungen.html" "Mozilla/5.0 (Linux; U; Android 4.1.2; de-de; SAMSUNG GT-I9305/I9305XXBLL5 Build/JZO54K) AppleWebKit/534.30 (KHTML, like Gecko) Version/4.0 Mobile Safari/534.30"
109.45.0.43 - - [17/May/2013:14:24:01 +0200] "GET /img/nav_activ.png HTTP/1.1" 304 - "http://www.bsb-schrott.de/leistungen.html" "Mozilla/5.0 (Linux; U; Android 4.1.2; de-de; SAMSUNG GT-I9305/I9305XXBLL5 Build/JZO54K) AppleWebKit/534.30 (KHTML, like Gecko) Version/4.0 Mobile Safari/534.30"
109.45.0.43 - - [17/May/2013:14:24:01 +0200] "GET /img/bsb_background.jpg HTTP/1.1" 304 - "http://www.bsb-schrott.de/leistungen.html" "Mozilla/5.0 (Linux; U; Android 4.1.2; de-de; SAMSUNG GT-I9305/I9305XXBLL5 Build/JZO54K) AppleWebKit/534.30 (KHTML, like Gecko) Version/4.0 Mobile Safari/534.30"
109.45.0.43 - - [17/May/2013:14:24:01 +0200] "GET /img/lvl.png HTTP/1.1" 304 - "http://www.bsb-schrott.de/leistungen.html" "Mozilla/5.0 (Linux; U; Android 4.1.2; de-de; SAMSUNG GT-I9305/I9305XXBLL5 Build/JZO54K) AppleWebKit/534.30 (KHTML, like Gecko) Version/4.0 Mobile Safari/534.30"
109.45.0.43 - - [17/May/2013:14:24:01 +0200] "GET /img/gradient_right.png HTTP/1.1" 304 - "http://www.bsb-schrott.de/leistungen.html" "Mozilla/5.0 (Linux; U; Android 4.1.2; de-de; SAMSUNG GT-I9305/I9305XXBLL5 Build/JZO54K) AppleWebKit/534.30 (KHTML, like Gecko) Version/4.0 Mobile Safari/534.30"
109.45.0.43 - - [17/May/2013:14:24:01 +0200] "GET /img/gradient_footer.png HTTP/1.1" 304 - "http://www.bsb-schrott.de/leistungen.html" "Mozilla/5.0 (Linux; U; Android 4.1.2; de-de; SAMSUNG GT-I9305/I9305XXBLL5 Build/JZO54K) AppleWebKit/534.30 (KHTML, like Gecko) Version/4.0 Mobile Safari/534.30"
109.45.0.43 - - [17/May/2013:14:24:01 +0200] "GET /img/contentBg.png HTTP/1.1" 304 - "http://www.bsb-schrott.de/leistungen.html" "Mozilla/5.0 (Linux; U; Android 4.1.2; de-de; SAMSUNG GT-I9305/I9305XXBLL5 Build/JZO54K) AppleWebKit/534.30 (KHTML, like Gecko) Version/4.0 Mobile Safari/534.30"
109.45.0.43 - - [17/May/2013:14:24:01 +0200] "GET /img/gradient_left.png HTTP/1.1" 304 - "http://www.bsb-schrott.de/leistungen.html" "Mozilla/5.0 (Linux; U; Android 4.1.2; de-de; SAMSUNG GT-I9305/I9305XXBLL5 Build/JZO54K) AppleWebKit/534.30 (KHTML, like Gecko) Version/4.0 Mobile Safari/534.30"
109.45.0.43 - - [17/May/2013:14:24:01 +0200] "GET /css/gudea-regular-webfont.woff HTTP/1.1" 304 - "http://www.bsb-schrott.de/leistungen.html" "Mozilla/5.0 (Linux; U; Android 4.1.2; de-de; SAMSUNG GT-I9305/I9305XXBLL5 Build/JZO54K) AppleWebKit/534.30 (KHTML, like Gecko) Version/4.0 Mobile Safari/534.30"
109.45.0.43 - - [17/May/2013:14:24:01 +0200] "GET /css/gudea-bold-webfont.woff HTTP/1.1" 304 - "http://www.bsb-schrott.de/leistungen.html" "Mozilla/5.0 (Linux; U; Android 4.1.2; de-de; SAMSUNG GT-I9305/I9305XXBLL5 Build/JZO54K) AppleWebKit/534.30 (KHTML, like Gecko) Version/4.0 Mobile Safari/534.30"
109.45.0.43 - - [17/May/2013:14:24:02 +0200] "GET /img/gradient_navbar.png HTTP/1.1" 304 - "http://www.bsb-schrott.de/leistungen.html" "Mozilla/5.0 (Linux; U; Android 4.1.2; de-de; SAMSUNG GT-I9305/I9305XXBLL5 Build/JZO54K) AppleWebKit/534.30 (KHTML, like Gecko) Version/4.0 Mobile Safari/534.30"
109.45.0.43 - - [17/May/2013:14:24:02 +0200] "GET /img/content_bagger.png HTTP/1.1" 304 - "http://www.bsb-schrott.de/leistungen.html" "Mozilla/5.0 (Linux; U; Android 4.1.2; de-de; SAMSUNG GT-I9305/I9305XXBLL5 Build/JZO54K) AppleWebKit/534.30 (KHTML, like Gecko) Version/4.0 Mobile Safari/534.30"
109.45.0.43 - - [17/May/2013:14:24:02 +0200] "GET /favicon.ico HTTP/1.1" 404 1256 "http://www.bsb-schrott.de/leistungen.html" "Mozilla/5.0 (Linux; U; Android 4.1.2; de-de; SAMSUNG GT-I9305/I9305XXBLL5 Build/JZO54K) AppleWebKit/534.30 (KHTML, like Gecko) Version/4.0 Mobile Safari/534.30"
208.115.111.68 - - [17/May/2013:16:32:45 +0200] "GET / HTTP/1.1" 200 3135 "-" "Mozilla/5.0 (compatible; Ezooms/1.0; ezooms.bot@gmail.com)"
141.8.147.12 - - [17/May/2013:18:05:35 +0200] "GET /wir-ueber-uns.html HTTP/1.1" 200 5703 "-" "Mozilla/5.0 (compatible; YandexBot/3.0; +http://yandex.com/bots)"
157.56.93.204 - - [17/May/2013:18:08:22 +0200] "GET /robots.txt HTTP/1.1" 404 1256 "-" "Mozilla/5.0 (compatible; bingbot/2.0; +http://www.bing.com/bingbot.htm)"
157.56.93.204 - - [17/May/2013:18:10:05 +0200] "GET /pub/BSB_IWA_Zertifikat.pdf HTTP/1.1" 200 2808860 "-" "Mozilla/5.0 (compatible; bingbot/2.0; +http://www.bing.com/bingbot.htm)"
66.249.78.62 - - [17/May/2013:18:43:20 +0200] "GET /robots.txt HTTP/1.1" 404 1256 "-" "Mozilla/5.0 (compatible; Googlebot/2.1; +http://www.google.com/bot.html)"
66.249.78.62 - - [17/May/2013:18:43:20 +0200] "GET /impressum.html HTTP/1.1" 304 - "-" "Mozilla/5.0 (compatible; Googlebot/2.1; +http://www.google.com/bot.html)"
141.8.147.12 - - [17/May/2013:23:01:40 +0200] "GET /img/referenzen/PICT1325.jpg HTTP/1.1" 304 - "-" "Mozilla/5.0 (compatible; YandexImages/3.0; +http://yandex.com/bots)"
208.115.113.84 - - [18/May/2013:00:10:54 +0200] "GET /robots.txt HTTP/1.1" 404 1256 "-" "Mozilla/5.0 (compatible; Ezooms/1.0; ezooms.bot@gmail.com)"
66.249.78.62 - - [18/May/2013:00:55:19 +0200] "GET /pub/BSB_IWA_Zertifikat.pdf HTTP/1.1" 304 - "-" "Mozilla/5.0 (compatible; Googlebot/2.1; +http://www.google.com/bot.html)"
208.115.113.84 - - [18/May/2013:02:06:56 +0200] "GET /index.html HTTP/1.1" 200 3135 "-" "Mozilla/5.0 (compatible; Ezooms/1.0; ezooms.bot@gmail.com)"
208.115.113.84 - - [18/May/2013:02:07:00 +0200] "GET /kontakt.html HTTP/1.1" 200 3830 "-" "Mozilla/5.0 (compatible; Ezooms/1.0; ezooms.bot@gmail.com)"
141.8.147.12 - - [18/May/2013:02:52:45 +0200] "GET /robots.txt HTTP/1.1" 404 1256 "-" "Mozilla/5.0 (compatible; YandexBot/3.0; +http://yandex.com/bots)"
141.8.147.12 - - [18/May/2013:02:52:48 +0200] "GET /img/referenzen/PICT1324.jpg HTTP/1.1" 304 - "-" "Mozilla/5.0 (compatible; YandexImages/3.0; +http://yandex.com/bots)"
66.249.78.62 - - [18/May/2013:03:34:26 +0200] "GET / HTTP/1.1" 200 3135 "-" "Mozilla/5.0 (iPhone; U; CPU iPhone OS 4_1 like Mac OS X; en-us) AppleWebKit/532.9 (KHTML, like Gecko) Version/4.0.5 Mobile/8B117 Safari/6531.22.7 (compatible; Googlebot-Mobile/2.1; +http://www.google.com/bot.html)"
66.249.78.62 - - [18/May/2013:03:38:41 +0200] "GET /css/stylesheet.css HTTP/1.1" 200 6398 "-" "Mozilla/5.0 (compatible; Googlebot/2.1; +http://www.google.com/bot.html)"
141.8.147.12 - - [18/May/2013:05:03:57 +0200] "GET /img/referenzen/thumb/PICT1325.jpg HTTP/1.1" 304 - "-" "Mozilla/5.0 (compatible; YandexImages/3.0; +http://yandex.com/bots)"
66.249.78.62 - - [18/May/2013:05:56:58 +0200] "GET /leistungen.html HTTP/1.1" 304 - "-" "Mozilla/5.0 (iPhone; U; CPU iPhone OS 4_1 like Mac OS X; en-us) AppleWebKit/532.9 (KHTML, like Gecko) Version/4.0.5 Mobile/8B117 Safari/6531.22.7 (compatible; Googlebot-Mobile/2.1; +http://www.google.com/bot.html)"
141.8.147.12 - - [18/May/2013:07:24:25 +0200] "GET /img/referenzen/011.jpg HTTP/1.1" 304 - "-" "Mozilla/5.0 (compatible; YandexImages/3.0; +http://yandex.com/bots)"
66.249.78.62 - - [18/May/2013:08:11:37 +0200] "GET /robots.txt HTTP/1.1" 404 1256 "-" "Mozilla/5.0 (compatible; Googlebot/2.1; +http://www.google.com/bot.html)"
66.249.78.62 - - [18/May/2013:08:11:37 +0200] "GET /referenzen.html HTTP/1.1" 304 - "-" "Mozilla/5.0 (iPhone; U; CPU iPhone OS 4_1 like Mac OS X; en-us) AppleWebKit/532.9 (KHTML, like Gecko) Version/4.0.5 Mobile/8B117 Safari/6531.22.7 (compatible; Googlebot-Mobile/2.1; +http://www.google.com/bot.html)"
109.45.0.43 - - [18/May/2013:08:57:43 +0200] "GET /leistungen.html HTTP/1.1" 304 - "-" "Mozilla/5.0 (Linux; U; Android 4.1.2; de-de; SAMSUNG GT-I9305/I9305XXBLL5 Build/JZO54K) AppleWebKit/534.30 (KHTML, like Gecko) Version/4.0 Mobile Safari/534.30"
109.45.0.43 - - [18/May/2013:08:57:43 +0200] "GET /img/gradient_header.png HTTP/1.1" 304 - "http://www.bsb-schrott.de/leistungen.html" "Mozilla/5.0 (Linux; U; Android 4.1.2; de-de; SAMSUNG GT-I9305/I9305XXBLL5 Build/JZO54K) AppleWebKit/534.30 (KHTML, like Gecko) Version/4.0 Mobile Safari/534.30"
109.45.0.43 - - [18/May/2013:08:57:43 +0200] "GET /img/bsb_logo.jpg HTTP/1.1" 304 - "http://www.bsb-schrott.de/leistungen.html" "Mozilla/5.0 (Linux; U; Android 4.1.2; de-de; SAMSUNG GT-I9305/I9305XXBLL5 Build/JZO54K) AppleWebKit/534.30 (KHTML, like Gecko) Version/4.0 Mobile Safari/534.30"
109.45.0.43 - - [18/May/2013:08:57:43 +0200] "GET /img/nav.png HTTP/1.1" 304 - "http://www.bsb-schrott.de/leistungen.html" "Mozilla/5.0 (Linux; U; Android 4.1.2; de-de; SAMSUNG GT-I9305/I9305XXBLL5 Build/JZO54K) AppleWebKit/534.30 (KHTML, like Gecko) Version/4.0 Mobile Safari/534.30"
109.45.0.43 - - [18/May/2013:08:57:43 +0200] "GET /img/header_banner.png HTTP/1.1" 304 - "http://www.bsb-schrott.de/leistungen.html" "Mozilla/5.0 (Linux; U; Android 4.1.2; de-de; SAMSUNG GT-I9305/I9305XXBLL5 Build/JZO54K) AppleWebKit/534.30 (KHTML, like Gecko) Version/4.0 Mobile Safari/534.30"
109.45.0.43 - - [18/May/2013:08:57:43 +0200] "GET /img/iwa_cert.png HTTP/1.1" 304 - "http://www.bsb-schrott.de/leistungen.html" "Mozilla/5.0 (Linux; U; Android 4.1.2; de-de; SAMSUNG GT-I9305/I9305XXBLL5 Build/JZO54K) AppleWebKit/534.30 (KHTML, like Gecko) Version/4.0 Mobile Safari/534.30"
109.45.0.43 - - [18/May/2013:08:57:43 +0200] "GET /img/gradient_navbar.png HTTP/1.1" 304 - "http://www.bsb-schrott.de/leistungen.html" "Mozilla/5.0 (Linux; U; Android 4.1.2; de-de; SAMSUNG GT-I9305/I9305XXBLL5 Build/JZO54K) AppleWebKit/534.30 (KHTML, like Gecko) Version/4.0 Mobile Safari/534.30"
109.45.0.43 - - [18/May/2013:08:57:43 +0200] "GET /img/news.jpg HTTP/1.1" 304 - "http://www.bsb-schrott.de/leistungen.html" "Mozilla/5.0 (Linux; U; Android 4.1.2; de-de; SAMSUNG GT-I9305/I9305XXBLL5 Build/JZO54K) AppleWebKit/534.30 (KHTML, like Gecko) Version/4.0 Mobile Safari/534.30"
109.45.0.43 - - [18/May/2013:08:57:43 +0200] "GET /img/nav_activ.png HTTP/1.1" 304 - "http://www.bsb-schrott.de/leistungen.html" "Mozilla/5.0 (Linux; U; Android 4.1.2; de-de; SAMSUNG GT-I9305/I9305XXBLL5 Build/JZO54K) AppleWebKit/534.30 (KHTML, like Gecko) Version/4.0 Mobile Safari/534.30"
109.45.0.43 - - [18/May/2013:08:57:43 +0200] "GET /img/contentBg.png HTTP/1.1" 304 - "http://www.bsb-schrott.de/leistungen.html" "Mozilla/5.0 (Linux; U; Android 4.1.2; de-de; SAMSUNG GT-I9305/I9305XXBLL5 Build/JZO54K) AppleWebKit/534.30 (KHTML, like Gecko) Version/4.0 Mobile Safari/534.30"
109.45.0.43 - - [18/May/2013:08:57:43 +0200] "GET /img/bsb_background.jpg HTTP/1.1" 304 - "http://www.bsb-schrott.de/leistungen.html" "Mozilla/5.0 (Linux; U; Android 4.1.2; de-de; SAMSUNG GT-I9305/I9305XXBLL5 Build/JZO54K) AppleWebKit/534.30 (KHTML, like Gecko) Version/4.0 Mobile Safari/534.30"
109.45.0.43 - - [18/May/2013:08:57:43 +0200] "GET /img/content_bagger.png HTTP/1.1" 304 - "http://www.bsb-schrott.de/leistungen.html" "Mozilla/5.0 (Linux; U; Android 4.1.2; de-de; SAMSUNG GT-I9305/I9305XXBLL5 Build/JZO54K) AppleWebKit/534.30 (KHTML, like Gecko) Version/4.0 Mobile Safari/534.30"
109.45.0.43 - - [18/May/2013:08:57:43 +0200] "GET /img/gradient_left.png HTTP/1.1" 304 - "http://www.bsb-schrott.de/leistungen.html" "Mozilla/5.0 (Linux; U; Android 4.1.2; de-de; SAMSUNG GT-I9305/I9305XXBLL5 Build/JZO54K) AppleWebKit/534.30 (KHTML, like Gecko) Version/4.0 Mobile Safari/534.30"
109.45.0.43 - - [18/May/2013:08:57:43 +0200] "GET /img/lvl.png HTTP/1.1" 304 - "http://www.bsb-schrott.de/leistungen.html" "Mozilla/5.0 (Linux; U; Android 4.1.2; de-de; SAMSUNG GT-I9305/I9305XXBLL5 Build/JZO54K) AppleWebKit/534.30 (KHTML, like Gecko) Version/4.0 Mobile Safari/534.30"
109.45.0.43 - - [18/May/2013:08:57:43 +0200] "GET /img/gradient_right.png HTTP/1.1" 304 - "http://www.bsb-schrott.de/leistungen.html" "Mozilla/5.0 (Linux; U; Android 4.1.2; de-de; SAMSUNG GT-I9305/I9305XXBLL5 Build/JZO54K) AppleWebKit/534.30 (KHTML, like Gecko) Version/4.0 Mobile Safari/534.30"
109.45.0.43 - - [18/May/2013:08:57:43 +0200] "GET /css/gudea-regular-webfont.woff HTTP/1.1" 304 - "http://www.bsb-schrott.de/leistungen.html" "Mozilla/5.0 (Linux; U; Android 4.1.2; de-de; SAMSUNG GT-I9305/I9305XXBLL5 Build/JZO54K) AppleWebKit/534.30 (KHTML, like Gecko) Version/4.0 Mobile Safari/534.30"
109.45.0.43 - - [18/May/2013:08:57:43 +0200] "GET /css/gudea-bold-webfont.woff HTTP/1.1" 304 - "http://www.bsb-schrott.de/leistungen.html" "Mozilla/5.0 (Linux; U; Android 4.1.2; de-de; SAMSUNG GT-I9305/I9305XXBLL5 Build/JZO54K) AppleWebKit/534.30 (KHTML, like Gecko) Version/4.0 Mobile Safari/534.30"
109.45.0.43 - - [18/May/2013:08:57:44 +0200] "GET /img/gradient_footer.png HTTP/1.1" 304 - "http://www.bsb-schrott.de/leistungen.html" "Mozilla/5.0 (Linux; U; Android 4.1.2; de-de; SAMSUNG GT-I9305/I9305XXBLL5 Build/JZO54K) AppleWebKit/534.30 (KHTML, like Gecko) Version/4.0 Mobile Safari/534.30"
109.45.0.43 - - [18/May/2013:08:57:44 +0200] "GET /favicon.ico HTTP/1.1" 404 1256 "http://www.bsb-schrott.de/leistungen.html" "Mozilla/5.0 (Linux; U; Android 4.1.2; de-de; SAMSUNG GT-I9305/I9305XXBLL5 Build/JZO54K) AppleWebKit/534.30 (KHTML, like Gecko) Version/4.0 Mobile Safari/534.30"
66.249.78.62 - - [18/May/2013:11:13:47 +0200] "GET /wir-ueber-uns.html HTTP/1.1" 304 - "-" "Mozilla/5.0 (iPhone; U; CPU iPhone OS 4_1 like Mac OS X; en-us) AppleWebKit/532.9 (KHTML, like Gecko) Version/4.0.5 Mobile/8B117 Safari/6531.22.7 (compatible; Googlebot-Mobile/2.1; +http://www.google.com/bot.html)"
141.8.147.12 - - [18/May/2013:11:47:53 +0200] "GET /img/referenzen/114.jpg HTTP/1.1" 304 - "-" "Mozilla/5.0 (compatible; YandexImages/3.0; +http://yandex.com/bots)"
217.227.6.44 - - [18/May/2013:13:54:17 +0200] "GET /wir-ueber-uns.html HTTP/1.1" 200 5703 "http://search.conduit.com/Results.aspx?q=sch%C3%B6nerlinde&start=30&hl=de&SearchSource=1&SelfSearch=1&SearchType=&ctid=ct2481020&octid=CT2475029&CUI=SB_CUI&UM=UM_ID&FollowOn=True" "Mozilla/5.0 (compatible; MSIE 9.0; Windows NT 6.0; Trident/5.0; freenet DSL 1.1)"
