87.79.89.246 - - [18/Jan/2013:16:25:53 +0100] "GET /img/bsb_background.jpg HTTP/1.1" 200 84092 "http://www.bsb-schrott.de/" "Mozilla/4.0 (compatible; MSIE 8.0; Windows NT 5.1; Trident/4.0; GTB7.4; .NET CLR 2.0.50727; .NET CLR 3.0.4506.2152; .NET CLR 3.5.30729; CMDTDF; BRI/2)"
87.79.89.246 - - [18/Jan/2013:16:25:53 +0100] "GET /img/lvl.png HTTP/1.1" 200 1441 "http://www.bsb-schrott.de/" "Mozilla/4.0 (compatible; MSIE 8.0; Windows NT 5.1; Trident/4.0; GTB7.4; .NET CLR 2.0.50727; .NET CLR 3.0.4506.2152; .NET CLR 3.5.30729; CMDTDF; BRI/2)"
87.79.89.246 - - [18/Jan/2013:16:25:53 +0100] "GET /img/gradient_footer.png HTTP/1.1" 200 140 "http://www.bsb-schrott.de/" "Mozilla/4.0 (compatible; MSIE 8.0; Windows NT 5.1; Trident/4.0; GTB7.4; .NET CLR 2.0.50727; .NET CLR 3.0.4506.2152; .NET CLR 3.5.30729; CMDTDF; BRI/2)"
87.79.89.246 - - [18/Jan/2013:16:25:53 +0100] "GET /css/gudea-regular-webfont.eot? HTTP/1.1" 200 36144 "http://www.bsb-schrott.de/" "Mozilla/4.0 (compatible; MSIE 8.0; Windows NT 5.1; Trident/4.0; GTB7.4; .NET CLR 2.0.50727; .NET CLR 3.0.4506.2152; .NET CLR 3.5.30729; CMDTDF; BRI/2)"
87.79.89.246 - - [18/Jan/2013:16:25:53 +0100] "GET /css/gudea-bold-webfont.eot? HTTP/1.1" 200 36156 "http://www.bsb-schrott.de/" "Mozilla/4.0 (compatible; MSIE 8.0; Windows NT 5.1; Trident/4.0; GTB7.4; .NET CLR 2.0.50727; .NET CLR 3.0.4506.2152; .NET CLR 3.5.30729; CMDTDF; BRI/2)"
87.79.89.246 - - [18/Jan/2013:16:25:53 +0100] "GET /img/content_bagger.png HTTP/1.1" 200 143701 "http://www.bsb-schrott.de/" "Mozilla/4.0 (compatible; MSIE 8.0; Windows NT 5.1; Trident/4.0; GTB7.4; .NET CLR 2.0.50727; .NET CLR 3.0.4506.2152; .NET CLR 3.5.30729; CMDTDF; BRI/2)"
87.79.89.246 - - [18/Jan/2013:16:25:54 +0100] "GET /favicon.ico HTTP/1.1" 404 1256 "-" "Mozilla/4.0 (compatible; MSIE 8.0; Windows NT 5.1; Trident/4.0; GTB7.4; .NET CLR 2.0.50727; .NET CLR 3.0.4506.2152; .NET CLR 3.5.30729; CMDTDF; BRI/2)"
87.79.89.246 - - [18/Jan/2013:16:26:00 +0100] "GET /favicon.ico HTTP/1.1" 404 1256 "-" "Mozilla/4.0 (compatible; MSIE 8.0; Windows NT 5.1; Trident/4.0; GTB7.4; .NET CLR 2.0.50727; .NET CLR 3.0.4506.2152; .NET CLR 3.5.30729; CMDTDF; BRI/2)"
87.79.89.246 - - [18/Jan/2013:16:26:50 +0100] "GET /referenzen.html HTTP/1.1" 200 4045 "http://www.bsb-schrott.de/" "Mozilla/4.0 (compatible; MSIE 8.0; Windows NT 5.1; Trident/4.0; GTB7.4; .NET CLR 2.0.50727; .NET CLR 3.0.4506.2152; .NET CLR 3.5.30729; CMDTDF; BRI/2)"
87.79.89.246 - - [18/Jan/2013:16:26:50 +0100] "GET /js/jquery-1.7.2.min.js HTTP/1.1" 200 94840 "http://www.bsb-schrott.de/referenzen.html" "Mozilla/4.0 (compatible; MSIE 8.0; Windows NT 5.1; Trident/4.0; GTB7.4; .NET CLR 2.0.50727; .NET CLR 3.0.4506.2152; .NET CLR 3.5.30729; CMDTDF; BRI/2)"
87.79.89.246 - - [18/Jan/2013:16:26:51 +0100] "GET /js/jquery.fancybox-1.3.4.pack.js HTTP/1.1" 200 15624 "http://www.bsb-schrott.de/referenzen.html" "Mozilla/4.0 (compatible; MSIE 8.0; Windows NT 5.1; Trident/4.0; GTB7.4; .NET CLR 2.0.50727; .NET CLR 3.0.4506.2152; .NET CLR 3.5.30729; CMDTDF; BRI/2)"
87.79.89.246 - - [18/Jan/2013:16:26:52 +0100] "GET /js/jquery.mousewheel-3.0.4.pack.js HTTP/1.1" 200 1279 "http://www.bsb-schrott.de/referenzen.html" "Mozilla/4.0 (compatible; MSIE 8.0; Windows NT 5.1; Trident/4.0; GTB7.4; .NET CLR 2.0.50727; .NET CLR 3.0.4506.2152; .NET CLR 3.5.30729; CMDTDF; BRI/2)"
87.79.89.246 - - [18/Jan/2013:16:26:52 +0100] "GET /css/jquery.fancybox-1.3.4.css HTTP/1.1" 200 8776 "http://www.bsb-schrott.de/referenzen.html" "Mozilla/4.0 (compatible; MSIE 8.0; Windows NT 5.1; Trident/4.0; GTB7.4; .NET CLR 2.0.50727; .NET CLR 3.0.4506.2152; .NET CLR 3.5.30729; CMDTDF; BRI/2)"
87.79.89.246 - - [18/Jan/2013:16:26:53 +0100] "GET /img/referenzen/thumb/114.jpg HTTP/1.1" 200 7605 "http://www.bsb-schrott.de/referenzen.html" "Mozilla/4.0 (compatible; MSIE 8.0; Windows NT 5.1; Trident/4.0; GTB7.4; .NET CLR 2.0.50727; .NET CLR 3.0.4506.2152; .NET CLR 3.5.30729; CMDTDF; BRI/2)"
87.79.89.246 - - [18/Jan/2013:16:26:53 +0100] "GET /img/referenzen/thumb/011.jpg HTTP/1.1" 200 5938 "http://www.bsb-schrott.de/referenzen.html" "Mozilla/4.0 (compatible; MSIE 8.0; Windows NT 5.1; Trident/4.0; GTB7.4; .NET CLR 2.0.50727; .NET CLR 3.0.4506.2152; .NET CLR 3.5.30729; CMDTDF; BRI/2)"
87.79.89.246 - - [18/Jan/2013:16:26:53 +0100] "GET /img/referenzen/thumb/PICT1324.jpg HTTP/1.1" 200 9353 "http://www.bsb-schrott.de/referenzen.html" "Mozilla/4.0 (compatible; MSIE 8.0; Windows NT 5.1; Trident/4.0; GTB7.4; .NET CLR 2.0.50727; .NET CLR 3.0.4506.2152; .NET CLR 3.5.30729; CMDTDF; BRI/2)"
87.79.89.246 - - [18/Jan/2013:16:26:53 +0100] "GET /img/referenzen/thumb/PICT1325.jpg HTTP/1.1" 200 8059 "http://www.bsb-schrott.de/referenzen.html" "Mozilla/4.0 (compatible; MSIE 8.0; Windows NT 5.1; Trident/4.0; GTB7.4; .NET CLR 2.0.50727; .NET CLR 3.0.4506.2152; .NET CLR 3.5.30729; CMDTDF; BRI/2)"
87.79.89.246 - - [18/Jan/2013:16:26:53 +0100] "GET /img/fancy/fancybox.png HTTP/1.1" 200 15287 "http://www.bsb-schrott.de/referenzen.html" "Mozilla/4.0 (compatible; MSIE 8.0; Windows NT 5.1; Trident/4.0; GTB7.4; .NET CLR 2.0.50727; .NET CLR 3.0.4506.2152; .NET CLR 3.5.30729; CMDTDF; BRI/2)"
87.79.89.246 - - [18/Jan/2013:16:26:53 +0100] "GET /img/fancy/blank.gif HTTP/1.1" 200 43 "http://www.bsb-schrott.de/referenzen.html" "Mozilla/4.0 (compatible; MSIE 8.0; Windows NT 5.1; Trident/4.0; GTB7.4; .NET CLR 2.0.50727; .NET CLR 3.0.4506.2152; .NET CLR 3.5.30729; CMDTDF; BRI/2)"
87.79.89.246 - - [18/Jan/2013:16:26:53 +0100] "GET /img/referenzen/011.jpg HTTP/1.1" 200 161700 "http://www.bsb-schrott.de/referenzen.html" "Mozilla/4.0 (compatible; MSIE 8.0; Windows NT 5.1; Trident/4.0; GTB7.4; .NET CLR 2.0.50727; .NET CLR 3.0.4506.2152; .NET CLR 3.5.30729; CMDTDF; BRI/2)"
87.79.89.246 - - [18/Jan/2013:16:26:54 +0100] "GET /img/fancy/fancy_shadow_n.png HTTP/1.1" 200 106 "-" "Mozilla/4.0 (compatible; MSIE 8.0; Windows NT 5.1; Trident/4.0; GTB7.4; .NET CLR 2.0.50727; .NET CLR 3.0.4506.2152; .NET CLR 3.5.30729; CMDTDF; BRI/2)"
87.79.89.246 - - [18/Jan/2013:16:26:54 +0100] "GET /img/fancy/fancy_shadow_ne.png HTTP/1.1" 200 347 "-" "Mozilla/4.0 (compatible; MSIE 8.0; Windows NT 5.1; Trident/4.0; GTB7.4; .NET CLR 2.0.50727; .NET CLR 3.0.4506.2152; .NET CLR 3.5.30729; CMDTDF; BRI/2)"
87.79.89.246 - - [18/Jan/2013:16:26:54 +0100] "GET /img/fancy/fancy_shadow_e.png HTTP/1.1" 200 107 "-" "Mozilla/4.0 (compatible; MSIE 8.0; Windows NT 5.1; Trident/4.0; GTB7.4; .NET CLR 2.0.50727; .NET CLR 3.0.4506.2152; .NET CLR 3.5.30729; CMDTDF; BRI/2)"
87.79.89.246 - - [18/Jan/2013:16:26:54 +0100] "GET /img/fancy/fancy_shadow_se.png HTTP/1.1" 200 352 "-" "Mozilla/4.0 (compatible; MSIE 8.0; Windows NT 5.1; Trident/4.0; GTB7.4; .NET CLR 2.0.50727; .NET CLR 3.0.4506.2152; .NET CLR 3.5.30729; CMDTDF; BRI/2)"
87.79.89.246 - - [18/Jan/2013:16:26:54 +0100] "GET /img/fancy/fancy_shadow_s.png HTTP/1.1" 200 111 "-" "Mozilla/4.0 (compatible; MSIE 8.0; Windows NT 5.1; Trident/4.0; GTB7.4; .NET CLR 2.0.50727; .NET CLR 3.0.4506.2152; .NET CLR 3.5.30729; CMDTDF; BRI/2)"
87.79.89.246 - - [18/Jan/2013:16:26:54 +0100] "GET /img/fancy/fancy_shadow_sw.png HTTP/1.1" 200 340 "-" "Mozilla/4.0 (compatible; MSIE 8.0; Windows NT 5.1; Trident/4.0; GTB7.4; .NET CLR 2.0.50727; .NET CLR 3.0.4506.2152; .NET CLR 3.5.30729; CMDTDF; BRI/2)"
87.79.89.246 - - [18/Jan/2013:16:26:54 +0100] "GET /img/fancy/fancy_shadow_w.png HTTP/1.1" 200 103 "-" "Mozilla/4.0 (compatible; MSIE 8.0; Windows NT 5.1; Trident/4.0; GTB7.4; .NET CLR 2.0.50727; .NET CLR 3.0.4506.2152; .NET CLR 3.5.30729; CMDTDF; BRI/2)"
87.79.89.246 - - [18/Jan/2013:16:26:54 +0100] "GET /img/fancy/fancy_shadow_nw.png HTTP/1.1" 200 324 "-" "Mozilla/4.0 (compatible; MSIE 8.0; Windows NT 5.1; Trident/4.0; GTB7.4; .NET CLR 2.0.50727; .NET CLR 3.0.4506.2152; .NET CLR 3.5.30729; CMDTDF; BRI/2)"
87.79.89.246 - - [18/Jan/2013:16:26:54 +0100] "GET /img/referenzen/114.jpg HTTP/1.1" 200 291853 "http://www.bsb-schrott.de/referenzen.html" "Mozilla/4.0 (compatible; MSIE 8.0; Windows NT 5.1; Trident/4.0; GTB7.4; .NET CLR 2.0.50727; .NET CLR 3.0.4506.2152; .NET CLR 3.5.30729; CMDTDF; BRI/2)"
87.79.89.246 - - [18/Jan/2013:16:26:59 +0100] "GET /index.html HTTP/1.1" 200 3135 "http://www.bsb-schrott.de/referenzen.html" "Mozilla/4.0 (compatible; MSIE 8.0; Windows NT 5.1; Trident/4.0; GTB7.4; .NET CLR 2.0.50727; .NET CLR 3.0.4506.2152; .NET CLR 3.5.30729; CMDTDF; BRI/2)"
87.79.89.246 - - [18/Jan/2013:16:27:01 +0100] "GET /wir-ueber-uns.html HTTP/1.1" 200 5703 "http://www.bsb-schrott.de/index.html" "Mozilla/4.0 (compatible; MSIE 8.0; Windows NT 5.1; Trident/4.0; GTB7.4; .NET CLR 2.0.50727; .NET CLR 3.0.4506.2152; .NET CLR 3.5.30729; CMDTDF; BRI/2)"
87.79.89.246 - - [18/Jan/2013:16:27:01 +0100] "GET /img/lhl.png HTTP/1.1" 200 1132 "http://www.bsb-schrott.de/wir-ueber-uns.html" "Mozilla/4.0 (compatible; MSIE 8.0; Windows NT 5.1; Trident/4.0; GTB7.4; .NET CLR 2.0.50727; .NET CLR 3.0.4506.2152; .NET CLR 3.5.30729; CMDTDF; BRI/2)"
87.79.89.246 - - [18/Jan/2013:16:27:01 +0100] "GET /img/timeline.png HTTP/1.1" 200 724 "http://www.bsb-schrott.de/wir-ueber-uns.html" "Mozilla/4.0 (compatible; MSIE 8.0; Windows NT 5.1; Trident/4.0; GTB7.4; .NET CLR 2.0.50727; .NET CLR 3.0.4506.2152; .NET CLR 3.5.30729; CMDTDF; BRI/2)"
87.79.89.246 - - [18/Jan/2013:16:27:42 +0100] "GET /leistungen.html HTTP/1.1" 200 3224 "http://www.bsb-schrott.de/wir-ueber-uns.html" "Mozilla/4.0 (compatible; MSIE 8.0; Windows NT 5.1; Trident/4.0; GTB7.4; .NET CLR 2.0.50727; .NET CLR 3.0.4506.2152; .NET CLR 3.5.30729; CMDTDF; BRI/2)"
87.79.89.246 - - [18/Jan/2013:16:27:47 +0100] "GET /kontakt.html HTTP/1.1" 200 3830 "http://www.bsb-schrott.de/leistungen.html" "Mozilla/4.0 (compatible; MSIE 8.0; Windows NT 5.1; Trident/4.0; GTB7.4; .NET CLR 2.0.50727; .NET CLR 3.0.4506.2152; .NET CLR 3.5.30729; CMDTDF; BRI/2)"
150.70.172.112 - - [18/Jan/2013:16:27:57 +0100] "GET / HTTP/1.0" 200 3135 "-" "Mozilla/4.0 (compatible; MSIE 6.0; Windows NT 5.1)"
150.70.64.212 - - [18/Jan/2013:16:28:21 +0100] "GET /css/gudea-italic-webfont.eot? HTTP/1.0" 200 44788 "-" "Mozilla/4.0 (compatible; MSIE 6.0; Windows NT 5.1)"
87.79.89.246 - - [18/Jan/2013:16:28:23 +0100] "GET /impressum.html HTTP/1.1" 200 3432 "http://www.bsb-schrott.de/kontakt.html" "Mozilla/4.0 (compatible; MSIE 8.0; Windows NT 5.1; Trident/4.0; GTB7.4; .NET CLR 2.0.50727; .NET CLR 3.0.4506.2152; .NET CLR 3.5.30729; CMDTDF; BRI/2)"
150.70.64.193 - - [18/Jan/2013:16:29:11 +0100] "GET /js/jquery-1.7.2.min.js HTTP/1.0" 200 94840 "-" "Mozilla/4.0 (compatible; MSIE 6.0; Windows NT 5.1)"
150.70.64.193 - - [18/Jan/2013:16:29:12 +0100] "GET /js/jquery.fancybox-1.3.4.pack.js HTTP/1.0" 200 15624 "-" "Mozilla/4.0 (compatible; MSIE 6.0; Windows NT 5.1)"
150.70.75.31 - - [18/Jan/2013:16:31:22 +0100] "GET /css/gudea-bold-webfont.eot? HTTP/1.0" 200 36156 "-" "Mozilla/4.0 (compatible; MSIE 6.0; Windows NT 5.1)"
150.70.172.201 - - [18/Jan/2013:16:32:20 +0100] "GET /js/jquery.mousewheel-3.0.4.pack.js HTTP/1.0" 200 1279 "-" "Mozilla/4.0 (compatible; MSIE 6.0; Windows NT 5.1)"
173.199.118.171 - - [18/Jan/2013:19:21:56 +0100] "GET /referenzen.html HTTP/1.1" 200 4045 "-" "Mozilla/5.0 (compatible; AhrefsBot/4.0; +http://ahrefs.com/robot/)"
173.199.118.171 - - [18/Jan/2013:20:02:07 +0100] "GET /impressum.html HTTP/1.1" 200 3432 "-" "Mozilla/5.0 (compatible; AhrefsBot/4.0; +http://ahrefs.com/robot/)"
37.140.141.34 - - [18/Jan/2013:20:30:44 +0100] "GET /img/referenzen/PICT1325.jpg HTTP/1.1" 304 - "-" "Mozilla/5.0 (compatible; YandexImages/3.0; +http://yandex.com/bots)"
173.199.118.171 - - [18/Jan/2013:22:23:05 +0100] "GET /wir-ueber-uns.html HTTP/1.1" 200 5703 "-" "Mozilla/5.0 (compatible; AhrefsBot/4.0; +http://ahrefs.com/robot/)"
91.64.122.53 - - [18/Jan/2013:22:24:08 +0100] "GET / HTTP/1.1" 200 3135 "http://adresse.gelbeseiten.de/1056594540/bsb-robert-berndt-entsorgungsfachbetrieb/berlin/schoenerlinde" "Mozilla/5.0 (Windows NT 6.1; WOW64) AppleWebKit/537.11 (KHTML, like Gecko) Chrome/23.0.1271.95 Safari/537.11"
91.64.122.53 - - [18/Jan/2013:22:24:08 +0100] "GET /css/stylesheet.css HTTP/1.1" 200 6398 "http://www.bsb-schrott.de/" "Mozilla/5.0 (Windows NT 6.1; WOW64) AppleWebKit/537.11 (KHTML, like Gecko) Chrome/23.0.1271.95 Safari/537.11"
91.64.122.53 - - [18/Jan/2013:22:24:08 +0100] "GET /img/news.jpg HTTP/1.1" 200 7536 "http://www.bsb-schrott.de/" "Mozilla/5.0 (Windows NT 6.1; WOW64) AppleWebKit/537.11 (KHTML, like Gecko) Chrome/23.0.1271.95 Safari/537.11"
91.64.122.53 - - [18/Jan/2013:22:24:08 +0100] "GET /img/gradient_header.png HTTP/1.1" 200 253 "http://www.bsb-schrott.de/" "Mozilla/5.0 (Windows NT 6.1; WOW64) AppleWebKit/537.11 (KHTML, like Gecko) Chrome/23.0.1271.95 Safari/537.11"
91.64.122.53 - - [18/Jan/2013:22:24:08 +0100] "GET /img/bsb_logo.jpg HTTP/1.1" 200 31271 "http://www.bsb-schrott.de/" "Mozilla/5.0 (Windows NT 6.1; WOW64) AppleWebKit/537.11 (KHTML, like Gecko) Chrome/23.0.1271.95 Safari/537.11"
91.64.122.53 - - [18/Jan/2013:22:24:08 +0100] "GET /img/header_banner.png HTTP/1.1" 200 22955 "http://www.bsb-schrott.de/" "Mozilla/5.0 (Windows NT 6.1; WOW64) AppleWebKit/537.11 (KHTML, like Gecko) Chrome/23.0.1271.95 Safari/537.11"
91.64.122.53 - - [18/Jan/2013:22:24:08 +0100] "GET /img/nav_activ.png HTTP/1.1" 200 520 "http://www.bsb-schrott.de/" "Mozilla/5.0 (Windows NT 6.1; WOW64) AppleWebKit/537.11 (KHTML, like Gecko) Chrome/23.0.1271.95 Safari/537.11"
91.64.122.53 - - [18/Jan/2013:22:24:08 +0100] "GET /img/nav.png HTTP/1.1" 200 197 "http://www.bsb-schrott.de/" "Mozilla/5.0 (Windows NT 6.1; WOW64) AppleWebKit/537.11 (KHTML, like Gecko) Chrome/23.0.1271.95 Safari/537.11"
91.64.122.53 - - [18/Jan/2013:22:24:08 +0100] "GET /css/gudea-bold-webfont.woff HTTP/1.1" 200 21884 "http://www.bsb-schrott.de/" "Mozilla/5.0 (Windows NT 6.1; WOW64) AppleWebKit/537.11 (KHTML, like Gecko) Chrome/23.0.1271.95 Safari/537.11"
91.64.122.53 - - [18/Jan/2013:22:24:08 +0100] "GET /css/gudea-regular-webfont.woff HTTP/1.1" 200 21616 "http://www.bsb-schrott.de/" "Mozilla/5.0 (Windows NT 6.1; WOW64) AppleWebKit/537.11 (KHTML, like Gecko) Chrome/23.0.1271.95 Safari/537.11"
91.64.122.53 - - [18/Jan/2013:22:24:08 +0100] "GET /img/gradient_navbar.png HTTP/1.1" 200 144 "http://www.bsb-schrott.de/" "Mozilla/5.0 (Windows NT 6.1; WOW64) AppleWebKit/537.11 (KHTML, like Gecko) Chrome/23.0.1271.95 Safari/537.11"
91.64.122.53 - - [18/Jan/2013:22:24:08 +0100] "GET /img/gradient_left.png HTTP/1.1" 200 135 "http://www.bsb-schrott.de/" "Mozilla/5.0 (Windows NT 6.1; WOW64) AppleWebKit/537.11 (KHTML, like Gecko) Chrome/23.0.1271.95 Safari/537.11"
91.64.122.53 - - [18/Jan/2013:22:24:08 +0100] "GET /img/contentBg.png HTTP/1.1" 200 110 "http://www.bsb-schrott.de/" "Mozilla/5.0 (Windows NT 6.1; WOW64) AppleWebKit/537.11 (KHTML, like Gecko) Chrome/23.0.1271.95 Safari/537.11"
91.64.122.53 - - [18/Jan/2013:22:24:08 +0100] "GET /img/lvl.png HTTP/1.1" 200 1441 "http://www.bsb-schrott.de/" "Mozilla/5.0 (Windows NT 6.1; WOW64) AppleWebKit/537.11 (KHTML, like Gecko) Chrome/23.0.1271.95 Safari/537.11"
91.64.122.53 - - [18/Jan/2013:22:24:08 +0100] "GET /img/iwa_cert.png HTTP/1.1" 200 38259 "http://www.bsb-schrott.de/" "Mozilla/5.0 (Windows NT 6.1; WOW64) AppleWebKit/537.11 (KHTML, like Gecko) Chrome/23.0.1271.95 Safari/537.11"
91.64.122.53 - - [18/Jan/2013:22:24:08 +0100] "GET /img/gradient_right.png HTTP/1.1" 200 127 "http://www.bsb-schrott.de/" "Mozilla/5.0 (Windows NT 6.1; WOW64) AppleWebKit/537.11 (KHTML, like Gecko) Chrome/23.0.1271.95 Safari/537.11"
91.64.122.53 - - [18/Jan/2013:22:24:08 +0100] "GET /img/bsb_background.jpg HTTP/1.1" 200 84092 "http://www.bsb-schrott.de/" "Mozilla/5.0 (Windows NT 6.1; WOW64) AppleWebKit/537.11 (KHTML, like Gecko) Chrome/23.0.1271.95 Safari/537.11"
91.64.122.53 - - [18/Jan/2013:22:24:08 +0100] "GET /img/gradient_footer.png HTTP/1.1" 200 140 "http://www.bsb-schrott.de/" "Mozilla/5.0 (Windows NT 6.1; WOW64) AppleWebKit/537.11 (KHTML, like Gecko) Chrome/23.0.1271.95 Safari/537.11"
91.64.122.53 - - [18/Jan/2013:22:24:08 +0100] "GET /img/content_bagger.png HTTP/1.1" 200 143701 "http://www.bsb-schrott.de/" "Mozilla/5.0 (Windows NT 6.1; WOW64) AppleWebKit/537.11 (KHTML, like Gecko) Chrome/23.0.1271.95 Safari/537.11"
91.64.122.53 - - [18/Jan/2013:22:24:09 +0100] "GET /favicon.ico HTTP/1.1" 404 1256 "-" "Mozilla/5.0 (Windows NT 6.1; WOW64) AppleWebKit/537.11 (KHTML, like Gecko) Chrome/23.0.1271.95 Safari/537.11"
91.64.122.53 - - [18/Jan/2013:22:24:21 +0100] "GET /leistungen.html HTTP/1.1" 200 3224 "http://www.bsb-schrott.de/" "Mozilla/5.0 (Windows NT 6.1; WOW64) AppleWebKit/537.11 (KHTML, like Gecko) Chrome/23.0.1271.95 Safari/537.11"
91.64.122.53 - - [18/Jan/2013:22:24:22 +0100] "GET /favicon.ico HTTP/1.1" 404 1256 "-" "Mozilla/5.0 (Windows NT 6.1; WOW64) AppleWebKit/537.11 (KHTML, like Gecko) Chrome/23.0.1271.95 Safari/537.11"
91.64.122.53 - - [18/Jan/2013:22:24:40 +0100] "GET /referenzen.html HTTP/1.1" 200 4045 "http://www.bsb-schrott.de/leistungen.html" "Mozilla/5.0 (Windows NT 6.1; WOW64) AppleWebKit/537.11 (KHTML, like Gecko) Chrome/23.0.1271.95 Safari/537.11"
91.64.122.53 - - [18/Jan/2013:22:24:40 +0100] "GET /js/jquery.fancybox-1.3.4.pack.js HTTP/1.1" 200 15624 "http://www.bsb-schrott.de/referenzen.html" "Mozilla/5.0 (Windows NT 6.1; WOW64) AppleWebKit/537.11 (KHTML, like Gecko) Chrome/23.0.1271.95 Safari/537.11"
91.64.122.53 - - [18/Jan/2013:22:24:40 +0100] "GET /js/jquery.mousewheel-3.0.4.pack.js HTTP/1.1" 200 1279 "http://www.bsb-schrott.de/referenzen.html" "Mozilla/5.0 (Windows NT 6.1; WOW64) AppleWebKit/537.11 (KHTML, like Gecko) Chrome/23.0.1271.95 Safari/537.11"
91.64.122.53 - - [18/Jan/2013:22:24:40 +0100] "GET /css/jquery.fancybox-1.3.4.css HTTP/1.1" 200 8776 "http://www.bsb-schrott.de/referenzen.html" "Mozilla/5.0 (Windows NT 6.1; WOW64) AppleWebKit/537.11 (KHTML, like Gecko) Chrome/23.0.1271.95 Safari/537.11"
91.64.122.53 - - [18/Jan/2013:22:24:40 +0100] "GET /js/jquery-1.7.2.min.js HTTP/1.1" 200 94840 "http://www.bsb-schrott.de/referenzen.html" "Mozilla/5.0 (Windows NT 6.1; WOW64) AppleWebKit/537.11 (KHTML, like Gecko) Chrome/23.0.1271.95 Safari/537.11"
91.64.122.53 - - [18/Jan/2013:22:24:41 +0100] "GET /img/referenzen/thumb/114.jpg HTTP/1.1" 200 7605 "http://www.bsb-schrott.de/referenzen.html" "Mozilla/5.0 (Windows NT 6.1; WOW64) AppleWebKit/537.11 (KHTML, like Gecko) Chrome/23.0.1271.95 Safari/537.11"
91.64.122.53 - - [18/Jan/2013:22:24:41 +0100] "GET /img/referenzen/thumb/PICT1325.jpg HTTP/1.1" 200 8059 "http://www.bsb-schrott.de/referenzen.html" "Mozilla/5.0 (Windows NT 6.1; WOW64) AppleWebKit/537.11 (KHTML, like Gecko) Chrome/23.0.1271.95 Safari/537.11"
91.64.122.53 - - [18/Jan/2013:22:24:41 +0100] "GET /img/referenzen/thumb/PICT1324.jpg HTTP/1.1" 200 9353 "http://www.bsb-schrott.de/referenzen.html" "Mozilla/5.0 (Windows NT 6.1; WOW64) AppleWebKit/537.11 (KHTML, like Gecko) Chrome/23.0.1271.95 Safari/537.11"
91.64.122.53 - - [18/Jan/2013:22:24:41 +0100] "GET /img/referenzen/thumb/011.jpg HTTP/1.1" 200 5938 "http://www.bsb-schrott.de/referenzen.html" "Mozilla/5.0 (Windows NT 6.1; WOW64) AppleWebKit/537.11 (KHTML, like Gecko) Chrome/23.0.1271.95 Safari/537.11"
91.64.122.53 - - [18/Jan/2013:22:24:41 +0100] "GET /img/fancy/fancybox.png HTTP/1.1" 200 15287 "http://www.bsb-schrott.de/referenzen.html" "Mozilla/5.0 (Windows NT 6.1; WOW64) AppleWebKit/537.11 (KHTML, like Gecko) Chrome/23.0.1271.95 Safari/537.11"
91.64.122.53 - - [18/Jan/2013:22:24:41 +0100] "GET /img/referenzen/011.jpg HTTP/1.1" 200 161700 "http://www.bsb-schrott.de/referenzen.html" "Mozilla/5.0 (Windows NT 6.1; WOW64) AppleWebKit/537.11 (KHTML, like Gecko) Chrome/23.0.1271.95 Safari/537.11"
91.64.122.53 - - [18/Jan/2013:22:24:41 +0100] "GET /img/fancy/blank.gif HTTP/1.1" 200 43 "http://www.bsb-schrott.de/referenzen.html" "Mozilla/5.0 (Windows NT 6.1; WOW64) AppleWebKit/537.11 (KHTML, like Gecko) Chrome/23.0.1271.95 Safari/537.11"
91.64.122.53 - - [18/Jan/2013:22:24:41 +0100] "GET /img/fancy/fancybox-x.png HTTP/1.1" 200 203 "http://www.bsb-schrott.de/referenzen.html" "Mozilla/5.0 (Windows NT 6.1; WOW64) AppleWebKit/537.11 (KHTML, like Gecko) Chrome/23.0.1271.95 Safari/537.11"
91.64.122.53 - - [18/Jan/2013:22:24:41 +0100] "GET /img/fancy/fancybox-y.png HTTP/1.1" 200 176 "http://www.bsb-schrott.de/referenzen.html" "Mozilla/5.0 (Windows NT 6.1; WOW64) AppleWebKit/537.11 (KHTML, like Gecko) Chrome/23.0.1271.95 Safari/537.11"
91.64.122.53 - - [18/Jan/2013:22:24:41 +0100] "GET /favicon.ico HTTP/1.1" 404 1256 "-" "Mozilla/5.0 (Windows NT 6.1; WOW64) AppleWebKit/537.11 (KHTML, like Gecko) Chrome/23.0.1271.95 Safari/537.11"
91.64.122.53 - - [18/Jan/2013:22:24:41 +0100] "GET /img/referenzen/114.jpg HTTP/1.1" 200 291853 "http://www.bsb-schrott.de/referenzen.html" "Mozilla/5.0 (Windows NT 6.1; WOW64) AppleWebKit/537.11 (KHTML, like Gecko) Chrome/23.0.1271.95 Safari/537.11"
91.64.122.53 - - [18/Jan/2013:22:24:47 +0100] "GET /img/referenzen/PICT1324.jpg HTTP/1.1" 200 286993 "http://www.bsb-schrott.de/referenzen.html" "Mozilla/5.0 (Windows NT 6.1; WOW64) AppleWebKit/537.11 (KHTML, like Gecko) Chrome/23.0.1271.95 Safari/537.11"
91.64.122.53 - - [18/Jan/2013:22:24:49 +0100] "GET /img/referenzen/PICT1325.jpg HTTP/1.1" 200 338707 "http://www.bsb-schrott.de/referenzen.html" "Mozilla/5.0 (Windows NT 6.1; WOW64) AppleWebKit/537.11 (KHTML, like Gecko) Chrome/23.0.1271.95 Safari/537.11"
65.55.24.215 - - [18/Jan/2013:23:19:54 +0100] "GET /robots.txt HTTP/1.1" 404 1256 "-" "Mozilla/5.0 (compatible; bingbot/2.0; +http://www.bing.com/bingbot.htm)"
141.8.147.1 - - [19/Jan/2013:02:43:49 +0100] "GET /robots.txt HTTP/1.1" 404 1256 "-" "Mozilla/5.0 (compatible; YandexBot/3.0; +http://yandex.com/bots)"
37.140.141.34 - - [19/Jan/2013:03:09:32 +0100] "GET /img/referenzen/thumb/011.jpg HTTP/1.1" 304 - "-" "Mozilla/5.0 (compatible; YandexImages/3.0; +http://yandex.com/bots)"
157.55.33.24 - - [19/Jan/2013:04:56:42 +0100] "GET /robots.txt HTTP/1.1" 404 1256 "-" "Mozilla/5.0 (compatible; bingbot/2.0; +http://www.bing.com/bingbot.htm)"
157.55.33.24 - - [19/Jan/2013:04:59:12 +0100] "GET /wir-ueber-uns.html HTTP/1.1" 304 - "-" "Mozilla/5.0 (compatible; bingbot/2.0; +http://www.bing.com/bingbot.htm)"
141.8.147.1 - - [19/Jan/2013:06:32:36 +0100] "GET /index.html HTTP/1.1" 200 3135 "-" "Mozilla/5.0 (compatible; YandexBot/3.0; +http://yandex.com/bots)"
173.199.118.171 - - [19/Jan/2013:07:47:53 +0100] "GET /leistungen.html HTTP/1.1" 200 3224 "-" "Mozilla/5.0 (compatible; AhrefsBot/4.0; +http://ahrefs.com/robot/)"
141.8.147.1 - - [19/Jan/2013:08:26:57 +0100] "GET / HTTP/1.1" 200 3135 "-" "Mozilla/5.0 (compatible; YandexBot/3.0; +http://yandex.com/bots)"
173.199.118.171 - - [19/Jan/2013:08:36:59 +0100] "GET /index.html HTTP/1.1" 200 3135 "-" "Mozilla/5.0 (compatible; AhrefsBot/4.0; +http://ahrefs.com/robot/)"
37.140.141.34 - - [19/Jan/2013:10:26:28 +0100] "GET /img/referenzen/PICT1324.jpg HTTP/1.1" 304 - "-" "Mozilla/5.0 (compatible; YandexImages/3.0; +http://yandex.com/bots)"
173.199.118.171 - - [19/Jan/2013:11:07:53 +0100] "GET / HTTP/1.1" 200 3135 "-" "Mozilla/5.0 (compatible; AhrefsBot/4.0; +http://ahrefs.com/robot/)"
173.199.118.171 - - [19/Jan/2013:11:27:11 +0100] "GET /kontakt.html HTTP/1.1" 200 3830 "-" "Mozilla/5.0 (compatible; AhrefsBot/4.0; +http://ahrefs.com/robot/)"
173.199.118.35 - - [19/Jan/2013:13:18:24 +0100] "GET /robots.txt HTTP/1.1" 404 1256 "-" "Mozilla/5.0 (compatible; AhrefsBot/4.0; +http://ahrefs.com/robot/)"
37.140.141.34 - - [19/Jan/2013:14:09:31 +0100] "GET /img/referenzen/thumb/114.jpg HTTP/1.1" 304 - "-" "Mozilla/5.0 (compatible; YandexImages/3.0; +http://yandex.com/bots)"
141.8.147.1 - - [19/Jan/2013:14:56:04 +0100] "GET /robots.txt HTTP/1.1" 404 1256 "-" "Mozilla/5.0 (compatible; YandexBot/3.0; +http://yandex.com/bots)"
173.199.118.171 - - [19/Jan/2013:17:38:37 +0100] "GET /pub/BSB_IWA_Zertifikat.pdf HTTP/1.1" 200 2808860 "-" "Mozilla/5.0 (compatible; AhrefsBot/4.0; +http://ahrefs.com/robot/)"
141.8.147.1 - - [19/Jan/2013:18:51:58 +0100] "GET /referenzen.html HTTP/1.1" 304 - "-" "Mozilla/5.0 (compatible; YandexBot/3.0; +http://yandex.com/bots)"
64.125.222.16 - - [19/Jan/2013:19:51:27 +0100] "GET /robots.txt HTTP/1.1" 404 1256 "-" "Mozilla/5.0 (compatible; 008/0.83; http://www.80legs.com/webcrawler.html;) Gecko/2008032620"
46.180.16.85 - - [19/Jan/2013:19:51:50 +0100] "GET / HTTP/1.1" 200 3135 "-" "Mozilla/5.0 (compatible; 008/0.85; http://www.80legs.com/webcrawler.html) Gecko/2008032620"
46.180.16.85 - - [19/Jan/2013:19:51:52 +0100] "GET / HTTP/1.1" 200 3135 "-" "Mozilla/5.0 (compatible; 008/0.85; http://www.80legs.com/webcrawler.html) Gecko/2008032620"
46.180.16.85 - - [19/Jan/2013:19:51:53 +0100] "GET / HTTP/1.1" 200 3135 "-" "Mozilla/5.0 (compatible; 008/0.85; http://www.80legs.com/webcrawler.html) Gecko/2008032620"
46.180.16.85 - - [19/Jan/2013:19:51:54 +0100] "GET / HTTP/1.1" 200 3135 "-" "Mozilla/5.0 (compatible; 008/0.85; http://www.80legs.com/webcrawler.html) Gecko/2008032620"
81.201.16.127 - - [19/Jan/2013:19:51:56 +0100] "GET / HTTP/1.1" 200 3135 "-" "Mozilla/5.0 (compatible; 008/0.85; http://www.80legs.com/webcrawler.html) Gecko/2008032620"
81.201.16.127 - - [19/Jan/2013:19:51:58 +0100] "GET / HTTP/1.1" 200 3135 "-" "Mozilla/5.0 (compatible; 008/0.85; http://www.80legs.com/webcrawler.html) Gecko/2008032620"
195.131.169.171 - - [19/Jan/2013:19:51:59 +0100] "GET / HTTP/1.1" 200 3135 "-" "Mozilla/5.0 (compatible; 008/0.85; http://www.80legs.com/webcrawler.html) Gecko/2008032620"
81.201.16.127 - - [19/Jan/2013:19:51:59 +0100] "GET / HTTP/1.1" 200 3135 "-" "Mozilla/5.0 (compatible; 008/0.85; http://www.80legs.com/webcrawler.html) Gecko/2008032620"
81.201.16.127 - - [19/Jan/2013:19:52:01 +0100] "GET / HTTP/1.1" 200 3135 "-" "Mozilla/5.0 (compatible; 008/0.85; http://www.80legs.com/webcrawler.html) Gecko/2008032620"
195.131.169.171 - - [19/Jan/2013:19:52:01 +0100] "GET / HTTP/1.1" 200 3135 "-" "Mozilla/5.0 (compatible; 008/0.85; http://www.80legs.com/webcrawler.html) Gecko/2008032620"
195.131.169.171 - - [19/Jan/2013:19:52:02 +0100] "GET / HTTP/1.1" 200 3135 "-" "Mozilla/5.0 (compatible; 008/0.85; http://www.80legs.com/webcrawler.html) Gecko/2008032620"
46.180.16.85 - - [19/Jan/2013:19:52:03 +0100] "GET / HTTP/1.1" 200 3135 "-" "Mozilla/5.0 (compatible; 008/0.85; http://www.80legs.com/webcrawler.html) Gecko/2008032620"
109.254.10.150 - - [19/Jan/2013:19:52:03 +0100] "GET / HTTP/1.1" 200 3135 "-" "Mozilla/5.0 (compatible; 008/0.85; http://www.80legs.com/webcrawler.html) Gecko/2008032620"
195.131.169.171 - - [19/Jan/2013:19:52:03 +0100] "GET / HTTP/1.1" 200 3135 "-" "Mozilla/5.0 (compatible; 008/0.85; http://www.80legs.com/webcrawler.html) Gecko/2008032620"
109.254.10.150 - - [19/Jan/2013:19:52:04 +0100] "GET / HTTP/1.1" 200 3135 "-" "Mozilla/5.0 (compatible; 008/0.85; http://www.80legs.com/webcrawler.html) Gecko/2008032620"
46.180.16.85 - - [19/Jan/2013:19:52:04 +0100] "GET / HTTP/1.1" 200 3135 "-" "Mozilla/5.0 (compatible; 008/0.85; http://www.80legs.com/webcrawler.html) Gecko/2008032620"
109.254.10.150 - - [19/Jan/2013:19:52:05 +0100] "GET / HTTP/1.1" 200 3135 "-" "Mozilla/5.0 (compatible; 008/0.85; http://www.80legs.com/webcrawler.html) Gecko/2008032620"
46.180.16.85 - - [19/Jan/2013:19:52:05 +0100] "GET / HTTP/1.1" 200 3135 "-" "Mozilla/5.0 (compatible; 008/0.85; http://www.80legs.com/webcrawler.html) Gecko/2008032620"
46.180.16.85 - - [19/Jan/2013:19:52:07 +0100] "GET / HTTP/1.1" 200 3135 "-" "Mozilla/5.0 (compatible; 008/0.85; http://www.80legs.com/webcrawler.html) Gecko/2008032620"
92.54.73.248 - - [19/Jan/2013:19:52:13 +0100] "GET / HTTP/1.1" 200 3135 "-" "Mozilla/5.0 (compatible; 008/0.85; http://www.80legs.com/webcrawler.html) Gecko/2008032620"
92.54.73.248 - - [19/Jan/2013:19:52:15 +0100] "GET / HTTP/1.1" 200 3135 "-" "Mozilla/5.0 (compatible; 008/0.85; http://www.80legs.com/webcrawler.html) Gecko/2008032620"
92.54.73.248 - - [19/Jan/2013:19:52:17 +0100] "GET / HTTP/1.1" 200 3135 "-" "Mozilla/5.0 (compatible; 008/0.85; http://www.80legs.com/webcrawler.html) Gecko/2008032620"
141.8.147.1 - - [19/Jan/2013:20:44:57 +0100] "GET /wir-ueber-uns.html HTTP/1.1" 304 - "-" "Mozilla/5.0 (compatible; YandexBot/3.0; +http://yandex.com/bots)"
178.140.125.206 - - [19/Jan/2013:22:48:00 +0100] "GET /kontakt.html HTTP/1.1" 200 3830 "-" "Mozilla/5.0 (compatible; 008/0.85; http://www.80legs.com/webcrawler.html) Gecko/2008032620"
178.140.125.206 - - [19/Jan/2013:22:48:02 +0100] "GET /referenzen.html HTTP/1.1" 200 4045 "-" "Mozilla/5.0 (compatible; 008/0.85; http://www.80legs.com/webcrawler.html) Gecko/2008032620"
178.140.125.206 - - [19/Jan/2013:22:48:03 +0100] "GET /referenzen.html HTTP/1.1" 200 4045 "-" "Mozilla/5.0 (compatible; 008/0.85; http://www.80legs.com/webcrawler.html) Gecko/2008032620"
178.140.125.206 - - [19/Jan/2013:22:48:05 +0100] "GET /referenzen.html HTTP/1.1" 200 4045 "-" "Mozilla/5.0 (compatible; 008/0.85; http://www.80legs.com/webcrawler.html) Gecko/2008032620"
194.44.122.86 - - [19/Jan/2013:22:52:15 +0100] "GET /kontakt.html HTTP/1.1" 200 3830 "-" "Mozilla/5.0 (compatible; 008/0.85; http://www.80legs.com/webcrawler.html) Gecko/2008032620"
64.125.222.16 - - [19/Jan/2013:22:57:39 +0100] "GET /robots.txt HTTP/1.1" 404 1256 "-" "Mozilla/5.0 (compatible; 008/0.83; http://www.80legs.com/webcrawler.html;) Gecko/2008032620"
95.69.209.43 - - [19/Jan/2013:22:59:04 +0100] "GET /index.html HTTP/1.1" 200 3135 "-" "Mozilla/5.0 (compatible; 008/0.85; http://www.80legs.com/webcrawler.html) Gecko/2008032620"
195.91.229.193 - - [19/Jan/2013:23:08:01 +0100] "GET /impressum.html HTTP/1.1" 200 3432 "-" "Mozilla/5.0 (compatible; 008/0.85; http://www.80legs.com/webcrawler.html) Gecko/2008032620"
46.8.148.7 - - [19/Jan/2013:23:35:43 +0100] "GET /leistungen.html HTTP/1.1" 200 3224 "-" "Mozilla/5.0 (compatible; 008/0.85; http://www.80legs.com/webcrawler.html) Gecko/2008032620"
91.193.204.30 - - [19/Jan/2013:23:46:08 +0100] "GET /wir-ueber-uns.html HTTP/1.1" 200 5703 "-" "Mozilla/5.0 (compatible; 008/0.85; http://www.80legs.com/webcrawler.html) Gecko/2008032620"
217.10.38.72 - - [20/Jan/2013:00:09:09 +0100] "GET /leistungen.html HTTP/1.1" 200 3224 "-" "Mozilla/5.0 (compatible; 008/0.85; http://www.80legs.com/webcrawler.html) Gecko/2008032620"
141.8.147.1 - - [20/Jan/2013:01:09:10 +0100] "GET /impressum.html HTTP/1.1" 304 - "-" "Mozilla/5.0 (compatible; YandexBot/3.0; +http://yandex.com/bots)"
66.249.78.58 - - [20/Jan/2013:01:44:59 +0100] "GET /robots.txt HTTP/1.1" 404 1256 "-" "Mozilla/5.0 (compatible; Googlebot/2.1; +http://www.google.com/bot.html)"
66.249.78.58 - - [20/Jan/2013:01:44:59 +0100] "GET /img/referenzen/PICT1325.jpg HTTP/1.1" 304 - "-" "Googlebot-Image/1.0"
87.255.14.78 - - [20/Jan/2013:02:06:54 +0100] "GET /: HTTP/1.1" 404 1256 "-" "Mozilla/5.0 (compatible; 008/0.85; http://www.80legs.com/webcrawler.html) Gecko/2008032620"
141.8.147.1 - - [20/Jan/2013:07:05:24 +0100] "GET /robots.txt HTTP/1.1" 404 1256 "-" "Mozilla/5.0 (compatible; YandexBot/3.0; +http://yandex.com/bots)"
141.8.147.1 - - [20/Jan/2013:08:24:39 +0100] "GET /kontakt.html HTTP/1.1" 304 - "-" "Mozilla/5.0 (compatible; YandexBot/3.0; +http://yandex.com/bots)"
157.56.93.192 - - [20/Jan/2013:11:38:51 +0100] "GET /robots.txt HTTP/1.1" 404 1256 "-" "Mozilla/5.0 (compatible; bingbot/2.0; +http://www.bing.com/bingbot.htm)"
157.56.93.192 - - [20/Jan/2013:11:40:51 +0100] "GET /leistungen.html HTTP/1.1" 304 - "-" "Mozilla/5.0 (compatible; bingbot/2.0; +http://www.bing.com/bingbot.htm)"
66.249.78.58 - - [20/Jan/2013:14:03:30 +0100] "GET /robots.txt HTTP/1.1" 404 1256 "-" "Mozilla/5.0 (compatible; Googlebot/2.1; +http://www.google.com/bot.html)"
66.249.76.62 - - [20/Jan/2013:14:03:30 +0100] "GET /img/referenzen/PICT1325.jpg HTTP/1.1" 304 - "-" "Googlebot-Image/1.0"
66.249.78.58 - - [20/Jan/2013:14:51:30 +0100] "GET /img/referenzen/thumb/114.jpg HTTP/1.1" 304 - "-" "Googlebot-Image/1.0"
66.249.76.62 - - [20/Jan/2013:16:13:18 +0100] "GET / HTTP/1.1" 200 3135 "-" "Mozilla/5.0 (compatible; Googlebot/2.1; +http://www.google.com/bot.html)"
141.8.147.1 - - [20/Jan/2013:19:32:11 +0100] "GET /robots.txt HTTP/1.1" 404 1256 "-" "Mozilla/5.0 (compatible; YandexBot/3.0; +http://yandex.com/bots)"
37.5.62.3 - - [20/Jan/2013:19:52:50 +0100] "GET /pub/BSB_IWA_Zertifikat.pdf HTTP/1.1" 200 2808860 "http://www.google.de/url?sa=t&rct=j&q=&esrc=s&source=web&cd=10&ved=0CGYQFjAJ&url=http%3A%2F%2Fwww.bsb-schrott.de%2Fpub%2FBSB_IWA_Zertifikat.pdf&ei=RTz8UJKVMMfHtAbFuIG4BA&usg=AFQjCNHa0K6tDZg4l_34nXPK3ZbYVMos2Q&bvm=bv.41248874,d.Yms" "Mozilla/5.0 (Windows NT 6.0; rv:17.0) Gecko/20100101 Firefox/17.0"
37.5.62.3 - - [20/Jan/2013:19:52:50 +0100] "GET /favicon.ico HTTP/1.1" 404 1256 "-" "Mozilla/5.0 (Windows NT 6.0; rv:17.0) Gecko/20100101 Firefox/17.0"
217.69.133.68 - - [20/Jan/2013:21:00:08 +0100] "GET /robots.txt HTTP/1.0" 404 1256 "-" "Mozilla/5.0 (compatible; Mail.RU_Bot/2.0; +http://go.mail.ru/help/robots)"
141.8.147.1 - - [20/Jan/2013:21:41:21 +0100] "GET / HTTP/1.1" 200 3135 "-" "Mozilla/5.0 (compatible; YandexBot/3.0; +http://yandex.com/bots)"
141.8.147.1 - - [20/Jan/2013:23:53:50 +0100] "GET /index.html HTTP/1.1" 200 3135 "-" "Mozilla/5.0 (compatible; YandexBot/3.0; +http://yandex.com/bots)"
141.8.147.1 - - [21/Jan/2013:00:44:47 +0100] "GET /pub/BSB_IWA_Zertifikat.pdf HTTP/1.1" 200 2808860 "-" "Mozilla/5.0 (compatible; YandexBot/3.0; +http://yandex.com/bots)"
87.118.116.25 - - [21/Jan/2013:01:20:50 +0100] "GET /robots.txt HTTP/1.1" 404 1256 "-" "Mozilla/5.0 (compatible; UnisterBot; crawler@unister.de)"
87.118.116.25 - - [21/Jan/2013:01:20:50 +0100] "GET / HTTP/1.1" 200 3135 "-" "Mozilla/5.0 (compatible; UnisterBot; crawler@unister.de)"
173.199.119.155 - - [21/Jan/2013:06:44:44 +0100] "GET /wir-ueber-uns.html HTTP/1.1" 200 5703 "-" "Mozilla/5.0 (compatible; AhrefsBot/4.0; +http://ahrefs.com/robot/)"
141.8.147.1 - - [21/Jan/2013:07:24:47 +0100] "GET /robots.txt HTTP/1.1" 404 1256 "-" "Mozilla/5.0 (compatible; YandexBot/3.0; +http://yandex.com/bots)"
173.199.119.155 - - [21/Jan/2013:07:46:09 +0100] "GET /leistungen.html HTTP/1.1" 200 3224 "-" "Mozilla/5.0 (compatible; AhrefsBot/4.0; +http://ahrefs.com/robot/)"
84.19.190.186 - - [21/Jan/2013:09:30:10 +0100] "GET /robots.txt HTTP/1.1" 404 1256 "-" "Mozilla/5.0 (compatible; UnisterBot; crawler@unister.de)"
84.19.190.186 - - [21/Jan/2013:09:30:10 +0100] "GET /impressum.html HTTP/1.1" 200 3432 "-" "Mozilla/5.0 (compatible; UnisterBot; crawler@unister.de)"
141.8.147.1 - - [21/Jan/2013:09:42:14 +0100] "GET /wir-ueber-uns.html HTTP/1.1" 304 - "-" "Mozilla/5.0 (compatible; YandexBot/3.0; +http://yandex.com/bots)"
141.8.147.1 - - [21/Jan/2013:11:59:58 +0100] "GET /impressum.html HTTP/1.1" 304 - "-" "Mozilla/5.0 (compatible; YandexBot/3.0; +http://yandex.com/bots)"
66.249.78.58 - - [21/Jan/2013:12:09:17 +0100] "GET /robots.txt HTTP/1.1" 404 1256 "-" "Mozilla/5.0 (compatible; Googlebot/2.1; +http://www.google.com/bot.html)"
66.249.78.58 - - [21/Jan/2013:12:09:18 +0100] "GET /img/referenzen/thumb/PICT1324.jpg HTTP/1.1" 304 - "-" "Googlebot-Image/1.0"
87.118.116.25 - - [21/Jan/2013:13:56:06 +0100] "GET /robots.txt HTTP/1.1" 404 1256 "-" "Mozilla/5.0 (compatible; UnisterBot; crawler@unister.de)"
87.118.116.25 - - [21/Jan/2013:13:56:06 +0100] "GET /leistungen.html HTTP/1.1" 200 3224 "-" "Mozilla/5.0 (compatible; UnisterBot; crawler@unister.de)"
87.118.116.25 - - [21/Jan/2013:15:18:07 +0100] "GET /index.html HTTP/1.1" 200 3135 "-" "Mozilla/5.0 (compatible; UnisterBot; crawler@unister.de)"
141.8.147.1 - - [21/Jan/2013:15:31:48 +0100] "GET /referenzen.html HTTP/1.1" 304 - "-" "Mozilla/5.0 (compatible; YandexBot/3.0; +http://yandex.com/bots)"
141.8.147.1 - - [21/Jan/2013:15:35:06 +0100] "GET /kontakt.html HTTP/1.1" 304 - "-" "Mozilla/5.0 (compatible; YandexBot/3.0; +http://yandex.com/bots)"
84.139.86.86 - - [21/Jan/2013:16:18:10 +0100] "GET / HTTP/1.1" 200 3135 "http://www.google.de/url?sa=t&rct=j&q=bsb%20schrott&source=web&cd=1&ved=0CDAQFjAA&url=http%3A%2F%2Fwww.bsb-schrott.de%2F&ei=zFv9UJ6dGo3Lsga0loHACw&usg=AFQjCNEDqREvx0Tr5ZV-8Og1Vv-fFeOPRg&bvm=bv.41248874,d.Yms" "Mozilla/5.0 (Windows NT 6.1; WOW64; rv:18.0) Gecko/20100101 Firefox/18.0"
84.139.86.86 - - [21/Jan/2013:16:18:10 +0100] "GET /css/stylesheet.css HTTP/1.1" 200 6398 "http://www.bsb-schrott.de/" "Mozilla/5.0 (Windows NT 6.1; WOW64; rv:18.0) Gecko/20100101 Firefox/18.0"
84.139.86.86 - - [21/Jan/2013:16:18:10 +0100] "GET /img/news.jpg HTTP/1.1" 200 7536 "http://www.bsb-schrott.de/" "Mozilla/5.0 (Windows NT 6.1; WOW64; rv:18.0) Gecko/20100101 Firefox/18.0"
84.139.86.86 - - [21/Jan/2013:16:18:10 +0100] "GET /img/gradient_header.png HTTP/1.1" 200 253 "http://www.bsb-schrott.de/css/stylesheet.css" "Mozilla/5.0 (Windows NT 6.1; WOW64; rv:18.0) Gecko/20100101 Firefox/18.0"
84.139.86.86 - - [21/Jan/2013:16:18:10 +0100] "GET /img/bsb_logo.jpg HTTP/1.1" 200 31271 "http://www.bsb-schrott.de/css/stylesheet.css" "Mozilla/5.0 (Windows NT 6.1; WOW64; rv:18.0) Gecko/20100101 Firefox/18.0"
84.139.86.86 - - [21/Jan/2013:16:18:10 +0100] "GET /img/header_banner.png HTTP/1.1" 200 22955 "http://www.bsb-schrott.de/css/stylesheet.css" "Mozilla/5.0 (Windows NT 6.1; WOW64; rv:18.0) Gecko/20100101 Firefox/18.0"
84.139.86.86 - - [21/Jan/2013:16:18:10 +0100] "GET /css/gudea-regular-webfont.woff HTTP/1.1" 200 21616 "http://www.bsb-schrott.de/css/stylesheet.css" "Mozilla/5.0 (Windows NT 6.1; WOW64; rv:18.0) Gecko/20100101 Firefox/18.0"
84.139.86.86 - - [21/Jan/2013:16:18:10 +0100] "GET /img/nav_activ.png HTTP/1.1" 200 520 "http://www.bsb-schrott.de/css/stylesheet.css" "Mozilla/5.0 (Windows NT 6.1; WOW64; rv:18.0) Gecko/20100101 Firefox/18.0"
84.139.86.86 - - [21/Jan/2013:16:18:10 +0100] "GET /img/nav.png HTTP/1.1" 200 197 "http://www.bsb-schrott.de/css/stylesheet.css" "Mozilla/5.0 (Windows NT 6.1; WOW64; rv:18.0) Gecko/20100101 Firefox/18.0"
84.139.86.86 - - [21/Jan/2013:16:18:10 +0100] "GET /css/gudea-bold-webfont.woff HTTP/1.1" 200 21884 "http://www.bsb-schrott.de/css/stylesheet.css" "Mozilla/5.0 (Windows NT 6.1; WOW64; rv:18.0) Gecko/20100101 Firefox/18.0"
84.139.86.86 - - [21/Jan/2013:16:18:10 +0100] "GET /img/gradient_navbar.png HTTP/1.1" 200 144 "http://www.bsb-schrott.de/css/stylesheet.css" "Mozilla/5.0 (Windows NT 6.1; WOW64; rv:18.0) Gecko/20100101 Firefox/18.0"
84.139.86.86 - - [21/Jan/2013:16:18:10 +0100] "GET /img/gradient_left.png HTTP/1.1" 200 135 "http://www.bsb-schrott.de/css/stylesheet.css" "Mozilla/5.0 (Windows NT 6.1; WOW64; rv:18.0) Gecko/20100101 Firefox/18.0"
84.139.86.86 - - [21/Jan/2013:16:18:10 +0100] "GET /img/contentBg.png HTTP/1.1" 200 110 "http://www.bsb-schrott.de/css/stylesheet.css" "Mozilla/5.0 (Windows NT 6.1; WOW64; rv:18.0) Gecko/20100101 Firefox/18.0"
84.139.86.86 - - [21/Jan/2013:16:18:10 +0100] "GET /img/lvl.png HTTP/1.1" 200 1441 "http://www.bsb-schrott.de/css/stylesheet.css" "Mozilla/5.0 (Windows NT 6.1; WOW64; rv:18.0) Gecko/20100101 Firefox/18.0"
84.139.86.86 - - [21/Jan/2013:16:18:10 +0100] "GET /img/gradient_right.png HTTP/1.1" 200 127 "http://www.bsb-schrott.de/css/stylesheet.css" "Mozilla/5.0 (Windows NT 6.1; WOW64; rv:18.0) Gecko/20100101 Firefox/18.0"
84.139.86.86 - - [21/Jan/2013:16:18:10 +0100] "GET /img/iwa_cert.png HTTP/1.1" 200 38259 "http://www.bsb-schrott.de/css/stylesheet.css" "Mozilla/5.0 (Windows NT 6.1; WOW64; rv:18.0) Gecko/20100101 Firefox/18.0"
84.139.86.86 - - [21/Jan/2013:16:18:10 +0100] "GET /img/gradient_footer.png HTTP/1.1" 200 140 "http://www.bsb-schrott.de/css/stylesheet.css" "Mozilla/5.0 (Windows NT 6.1; WOW64; rv:18.0) Gecko/20100101 Firefox/18.0"
84.139.86.86 - - [21/Jan/2013:16:18:10 +0100] "GET /img/bsb_background.jpg HTTP/1.1" 200 84092 "http://www.bsb-schrott.de/css/stylesheet.css" "Mozilla/5.0 (Windows NT 6.1; WOW64; rv:18.0) Gecko/20100101 Firefox/18.0"
84.139.86.86 - - [21/Jan/2013:16:18:10 +0100] "GET /img/content_bagger.png HTTP/1.1" 200 143701 "http://www.bsb-schrott.de/css/stylesheet.css" "Mozilla/5.0 (Windows NT 6.1; WOW64; rv:18.0) Gecko/20100101 Firefox/18.0"
84.139.86.86 - - [21/Jan/2013:16:18:10 +0100] "GET /favicon.ico HTTP/1.1" 404 1256 "-" "Mozilla/5.0 (Windows NT 6.1; WOW64; rv:18.0) Gecko/20100101 Firefox/18.0"
84.139.86.86 - - [21/Jan/2013:16:18:12 +0100] "GET /pub/BSB_IWA_Zertifikat.pdf HTTP/1.1" 200 2808860 "http://www.bsb-schrott.de/" "Mozilla/5.0 (Windows NT 6.1; WOW64; rv:18.0) Gecko/20100101 Firefox/18.0"
173.199.119.155 - - [21/Jan/2013:16:55:40 +0100] "GET /kontakt.html HTTP/1.1" 200 3830 "-" "Mozilla/5.0 (compatible; AhrefsBot/4.0; +http://ahrefs.com/robot/)"
87.118.116.25 - - [21/Jan/2013:16:58:23 +0100] "GET /wir-ueber-uns.html HTTP/1.1" 200 5703 "-" "Mozilla/5.0 (compatible; UnisterBot; crawler@unister.de)"
157.55.33.24 - - [21/Jan/2013:21:50:50 +0100] "GET /robots.txt HTTP/1.1" 404 1256 "-" "Mozilla/5.0 (compatible; bingbot/2.0; +http://www.bing.com/bingbot.htm)"
157.55.33.24 - - [21/Jan/2013:21:52:34 +0100] "GET /wir-ueber-uns.html HTTP/1.1" 200 5703 "-" "Mozilla/5.0 (compatible; bingbot/2.0; +http://www.bing.com/bingbot.htm)"
157.55.33.24 - - [21/Jan/2013:21:52:34 +0100] "GET /pub/BSB_IWA_Zertifikat.pdf HTTP/1.1" 200 2808860 "-" "Mozilla/5.0 (compatible; bingbot/2.0; +http://www.bing.com/bingbot.htm)"
157.56.93.192 - - [21/Jan/2013:21:55:34 +0100] "GET /leistungen.html HTTP/1.1" 200 3224 "-" "Mozilla/5.0 (compatible; bingbot/2.0; +http://www.bing.com/bingbot.htm)"
157.56.93.192 - - [21/Jan/2013:21:55:34 +0100] "GET /kontakt.html HTTP/1.1" 200 3830 "-" "Mozilla/5.0 (compatible; bingbot/2.0; +http://www.bing.com/bingbot.htm)"
157.56.93.192 - - [21/Jan/2013:21:55:36 +0100] "GET /referenzen.html HTTP/1.1" 200 4045 "-" "Mozilla/5.0 (compatible; bingbot/2.0; +http://www.bing.com/bingbot.htm)"
173.199.119.155 - - [21/Jan/2013:23:10:39 +0100] "GET /referenzen.html HTTP/1.1" 200 4045 "-" "Mozilla/5.0 (compatible; AhrefsBot/4.0; +http://ahrefs.com/robot/)"
87.118.116.25 - - [22/Jan/2013:00:26:00 +0100] "GET /robots.txt HTTP/1.1" 404 1256 "-" "Mozilla/5.0 (compatible; UnisterBot; crawler@unister.de)"
87.118.116.25 - - [22/Jan/2013:00:26:00 +0100] "GET /kontakt.html HTTP/1.1" 200 3830 "-" "Mozilla/5.0 (compatible; UnisterBot; crawler@unister.de)"
66.249.78.58 - - [22/Jan/2013:02:45:29 +0100] "GET /robots.txt HTTP/1.1" 404 1256 "-" "Mozilla/5.0 (compatible; Googlebot/2.1; +http://www.google.com/bot.html)"
66.249.78.58 - - [22/Jan/2013:02:45:29 +0100] "GET /img/referenzen/114.jpg HTTP/1.1" 304 - "-" "Googlebot-Image/1.0"
199.30.16.12 - - [22/Jan/2013:03:29:06 +0100] "GET /robots.txt HTTP/1.1" 404 1256 "-" "msnbot-media/1.1 (+http://search.msn.com/msnbot.htm)"
199.30.16.12 - - [22/Jan/2013:03:29:06 +0100] "GET /img/referenzen/011.jpg HTTP/1.1" 200 161700 "-" "msnbot-media/1.1 (+http://search.msn.com/msnbot.htm)"
65.55.24.216 - - [22/Jan/2013:04:23:53 +0100] "GET /robots.txt HTTP/1.1" 404 1256 "-" "Mozilla/5.0 (compatible; bingbot/2.0; +http://www.bing.com/bingbot.htm)"
87.118.116.25 - - [22/Jan/2013:07:09:08 +0100] "GET /robots.txt HTTP/1.1" 404 1256 "-" "Mozilla/5.0 (compatible; UnisterBot; crawler@unister.de)"
87.118.116.25 - - [22/Jan/2013:07:09:08 +0100] "GET /referenzen.html HTTP/1.1" 200 4045 "-" "Mozilla/5.0 (compatible; UnisterBot; crawler@unister.de)"
84.190.4.125 - - [22/Jan/2013:10:44:39 +0100] "GET / HTTP/1.1" 200 3135 "https://www.google.de/" "Mozilla/5.0 (Windows NT 6.1) AppleWebKit/537.17 (KHTML, like Gecko) Chrome/24.0.1312.52 Safari/537.17"
84.190.4.125 - - [22/Jan/2013:10:44:39 +0100] "GET /css/stylesheet.css HTTP/1.1" 200 6398 "http://www.bsb-schrott.de/" "Mozilla/5.0 (Windows NT 6.1) AppleWebKit/537.17 (KHTML, like Gecko) Chrome/24.0.1312.52 Safari/537.17"
84.190.4.125 - - [22/Jan/2013:10:44:39 +0100] "GET /img/news.jpg HTTP/1.1" 200 7536 "http://www.bsb-schrott.de/" "Mozilla/5.0 (Windows NT 6.1) AppleWebKit/537.17 (KHTML, like Gecko) Chrome/24.0.1312.52 Safari/537.17"
84.190.4.125 - - [22/Jan/2013:10:44:39 +0100] "GET /img/gradient_header.png HTTP/1.1" 200 253 "http://www.bsb-schrott.de/" "Mozilla/5.0 (Windows NT 6.1) AppleWebKit/537.17 (KHTML, like Gecko) Chrome/24.0.1312.52 Safari/537.17"
84.190.4.125 - - [22/Jan/2013:10:44:39 +0100] "GET /css/gudea-regular-webfont.woff HTTP/1.1" 200 21616 "http://www.bsb-schrott.de/" "Mozilla/5.0 (Windows NT 6.1) AppleWebKit/537.17 (KHTML, like Gecko) Chrome/24.0.1312.52 Safari/537.17"
84.190.4.125 - - [22/Jan/2013:10:44:39 +0100] "GET /css/gudea-bold-webfont.woff HTTP/1.1" 200 21884 "http://www.bsb-schrott.de/" "Mozilla/5.0 (Windows NT 6.1) AppleWebKit/537.17 (KHTML, like Gecko) Chrome/24.0.1312.52 Safari/537.17"
84.190.4.125 - - [22/Jan/2013:10:44:39 +0100] "GET /img/bsb_logo.jpg HTTP/1.1" 200 31271 "http://www.bsb-schrott.de/" "Mozilla/5.0 (Windows NT 6.1) AppleWebKit/537.17 (KHTML, like Gecko) Chrome/24.0.1312.52 Safari/537.17"
84.190.4.125 - - [22/Jan/2013:10:44:39 +0100] "GET /img/header_banner.png HTTP/1.1" 200 22955 "http://www.bsb-schrott.de/" "Mozilla/5.0 (Windows NT 6.1) AppleWebKit/537.17 (KHTML, like Gecko) Chrome/24.0.1312.52 Safari/537.17"
84.190.4.125 - - [22/Jan/2013:10:44:40 +0100] "GET /img/nav_activ.png HTTP/1.1" 200 520 "http://www.bsb-schrott.de/" "Mozilla/5.0 (Windows NT 6.1) AppleWebKit/537.17 (KHTML, like Gecko) Chrome/24.0.1312.52 Safari/537.17"
84.190.4.125 - - [22/Jan/2013:10:44:40 +0100] "GET /img/nav.png HTTP/1.1" 200 197 "http://www.bsb-schrott.de/" "Mozilla/5.0 (Windows NT 6.1) AppleWebKit/537.17 (KHTML, like Gecko) Chrome/24.0.1312.52 Safari/537.17"
84.190.4.125 - - [22/Jan/2013:10:44:40 +0100] "GET /img/iwa_cert.png HTTP/1.1" 200 38259 "http://www.bsb-schrott.de/" "Mozilla/5.0 (Windows NT 6.1) AppleWebKit/537.17 (KHTML, like Gecko) Chrome/24.0.1312.52 Safari/537.17"
84.190.4.125 - - [22/Jan/2013:10:44:41 +0100] "GET /img/gradient_navbar.png HTTP/1.1" 200 144 "http://www.bsb-schrott.de/" "Mozilla/5.0 (Windows NT 6.1) AppleWebKit/537.17 (KHTML, like Gecko) Chrome/24.0.1312.52 Safari/537.17"
84.190.4.125 - - [22/Jan/2013:10:44:41 +0100] "GET /img/gradient_left.png HTTP/1.1" 200 135 "http://www.bsb-schrott.de/" "Mozilla/5.0 (Windows NT 6.1) AppleWebKit/537.17 (KHTML, like Gecko) Chrome/24.0.1312.52 Safari/537.17"
84.190.4.125 - - [22/Jan/2013:10:44:41 +0100] "GET /img/contentBg.png HTTP/1.1" 200 110 "http://www.bsb-schrott.de/" "Mozilla/5.0 (Windows NT 6.1) AppleWebKit/537.17 (KHTML, like Gecko) Chrome/24.0.1312.52 Safari/537.17"
84.190.4.125 - - [22/Jan/2013:10:44:41 +0100] "GET /img/lvl.png HTTP/1.1" 200 1441 "http://www.bsb-schrott.de/" "Mozilla/5.0 (Windows NT 6.1) AppleWebKit/537.17 (KHTML, like Gecko) Chrome/24.0.1312.52 Safari/537.17"
84.190.4.125 - - [22/Jan/2013:10:44:41 +0100] "GET /img/gradient_right.png HTTP/1.1" 200 127 "http://www.bsb-schrott.de/" "Mozilla/5.0 (Windows NT 6.1) AppleWebKit/537.17 (KHTML, like Gecko) Chrome/24.0.1312.52 Safari/537.17"
84.190.4.125 - - [22/Jan/2013:10:44:41 +0100] "GET /img/gradient_footer.png HTTP/1.1" 200 140 "http://www.bsb-schrott.de/" "Mozilla/5.0 (Windows NT 6.1) AppleWebKit/537.17 (KHTML, like Gecko) Chrome/24.0.1312.52 Safari/537.17"
84.190.4.125 - - [22/Jan/2013:10:44:40 +0100] "GET /img/bsb_background.jpg HTTP/1.1" 200 84092 "http://www.bsb-schrott.de/" "Mozilla/5.0 (Windows NT 6.1) AppleWebKit/537.17 (KHTML, like Gecko) Chrome/24.0.1312.52 Safari/537.17"
84.190.4.125 - - [22/Jan/2013:10:44:41 +0100] "GET /img/content_bagger.png HTTP/1.1" 200 143701 "http://www.bsb-schrott.de/" "Mozilla/5.0 (Windows NT 6.1) AppleWebKit/537.17 (KHTML, like Gecko) Chrome/24.0.1312.52 Safari/537.17"
84.190.4.125 - - [22/Jan/2013:10:44:43 +0100] "GET /favicon.ico HTTP/1.1" 404 1256 "-" "Mozilla/5.0 (Windows NT 6.1) AppleWebKit/537.17 (KHTML, like Gecko) Chrome/24.0.1312.52 Safari/537.17"
84.190.4.125 - - [22/Jan/2013:10:45:07 +0100] "GET /wir-ueber-uns.html HTTP/1.1" 200 5703 "http://www.bsb-schrott.de/" "Mozilla/5.0 (Windows NT 6.1) AppleWebKit/537.17 (KHTML, like Gecko) Chrome/24.0.1312.52 Safari/537.17"
84.190.4.125 - - [22/Jan/2013:10:45:07 +0100] "GET /img/timeline.png HTTP/1.1" 200 724 "http://www.bsb-schrott.de/wir-ueber-uns.html" "Mozilla/5.0 (Windows NT 6.1) AppleWebKit/537.17 (KHTML, like Gecko) Chrome/24.0.1312.52 Safari/537.17"
84.190.4.125 - - [22/Jan/2013:10:45:07 +0100] "GET /img/lhl.png HTTP/1.1" 200 1132 "http://www.bsb-schrott.de/wir-ueber-uns.html" "Mozilla/5.0 (Windows NT 6.1) AppleWebKit/537.17 (KHTML, like Gecko) Chrome/24.0.1312.52 Safari/537.17"
84.190.4.125 - - [22/Jan/2013:10:45:07 +0100] "GET /css/gudea-italic-webfont.woff HTTP/1.1" 200 25624 "http://www.bsb-schrott.de/wir-ueber-uns.html" "Mozilla/5.0 (Windows NT 6.1) AppleWebKit/537.17 (KHTML, like Gecko) Chrome/24.0.1312.52 Safari/537.17"
84.190.4.125 - - [22/Jan/2013:10:45:07 +0100] "GET /favicon.ico HTTP/1.1" 404 1256 "-" "Mozilla/5.0 (Windows NT 6.1) AppleWebKit/537.17 (KHTML, like Gecko) Chrome/24.0.1312.52 Safari/537.17"
84.190.4.125 - - [22/Jan/2013:10:45:11 +0100] "GET /leistungen.html HTTP/1.1" 200 3224 "http://www.bsb-schrott.de/wir-ueber-uns.html" "Mozilla/5.0 (Windows NT 6.1) AppleWebKit/537.17 (KHTML, like Gecko) Chrome/24.0.1312.52 Safari/537.17"
84.190.4.125 - - [22/Jan/2013:10:45:11 +0100] "GET /favicon.ico HTTP/1.1" 404 1256 "-" "Mozilla/5.0 (Windows NT 6.1) AppleWebKit/537.17 (KHTML, like Gecko) Chrome/24.0.1312.52 Safari/537.17"
84.190.4.125 - - [22/Jan/2013:10:45:17 +0100] "GET /referenzen.html HTTP/1.1" 200 4045 "http://www.bsb-schrott.de/leistungen.html" "Mozilla/5.0 (Windows NT 6.1) AppleWebKit/537.17 (KHTML, like Gecko) Chrome/24.0.1312.52 Safari/537.17"
84.190.4.125 - - [22/Jan/2013:10:45:17 +0100] "GET /js/jquery.fancybox-1.3.4.pack.js HTTP/1.1" 200 15624 "http://www.bsb-schrott.de/referenzen.html" "Mozilla/5.0 (Windows NT 6.1) AppleWebKit/537.17 (KHTML, like Gecko) Chrome/24.0.1312.52 Safari/537.17"
84.190.4.125 - - [22/Jan/2013:10:45:17 +0100] "GET /js/jquery.mousewheel-3.0.4.pack.js HTTP/1.1" 200 1279 "http://www.bsb-schrott.de/referenzen.html" "Mozilla/5.0 (Windows NT 6.1) AppleWebKit/537.17 (KHTML, like Gecko) Chrome/24.0.1312.52 Safari/537.17"
84.190.4.125 - - [22/Jan/2013:10:45:17 +0100] "GET /css/jquery.fancybox-1.3.4.css HTTP/1.1" 200 8776 "http://www.bsb-schrott.de/referenzen.html" "Mozilla/5.0 (Windows NT 6.1) AppleWebKit/537.17 (KHTML, like Gecko) Chrome/24.0.1312.52 Safari/537.17"
