84.190.139.8 - - [04/Jan/2013:08:26:43 +0100] "GET /css/stylesheet.css HTTP/1.1" 200 6398 "http://www.bsb-schrott.de/" "Mozilla/5.0 (X11; Linux x86_64) AppleWebKit/535.11 (KHTML, like Gecko) Chrome/17.0.963.56 Safari/535.11"
84.190.139.8 - - [04/Jan/2013:08:26:43 +0100] "GET /img/news.jpg HTTP/1.1" 200 7536 "http://www.bsb-schrott.de/" "Mozilla/5.0 (X11; Linux x86_64) AppleWebKit/535.11 (KHTML, like Gecko) Chrome/17.0.963.56 Safari/535.11"
84.190.139.8 - - [04/Jan/2013:08:26:44 +0100] "GET /img/gradient_header.png HTTP/1.1" 200 253 "http://www.bsb-schrott.de/" "Mozilla/5.0 (X11; Linux x86_64) AppleWebKit/535.11 (KHTML, like Gecko) Chrome/17.0.963.56 Safari/535.11"
84.190.139.8 - - [04/Jan/2013:08:26:44 +0100] "GET /img/nav_activ.png HTTP/1.1" 200 520 "http://www.bsb-schrott.de/" "Mozilla/5.0 (X11; Linux x86_64) AppleWebKit/535.11 (KHTML, like Gecko) Chrome/17.0.963.56 Safari/535.11"
84.190.139.8 - - [04/Jan/2013:08:26:44 +0100] "GET /img/nav.png HTTP/1.1" 200 197 "http://www.bsb-schrott.de/" "Mozilla/5.0 (X11; Linux x86_64) AppleWebKit/535.11 (KHTML, like Gecko) Chrome/17.0.963.56 Safari/535.11"
84.190.139.8 - - [04/Jan/2013:08:26:44 +0100] "GET /img/gradient_navbar.png HTTP/1.1" 200 144 "http://www.bsb-schrott.de/" "Mozilla/5.0 (X11; Linux x86_64) AppleWebKit/535.11 (KHTML, like Gecko) Chrome/17.0.963.56 Safari/535.11"
84.190.139.8 - - [04/Jan/2013:08:26:44 +0100] "GET /img/gradient_left.png HTTP/1.1" 200 135 "http://www.bsb-schrott.de/" "Mozilla/5.0 (X11; Linux x86_64) AppleWebKit/535.11 (KHTML, like Gecko) Chrome/17.0.963.56 Safari/535.11"
84.190.139.8 - - [04/Jan/2013:08:26:44 +0100] "GET /img/header_banner.png HTTP/1.1" 200 22955 "http://www.bsb-schrott.de/" "Mozilla/5.0 (X11; Linux x86_64) AppleWebKit/535.11 (KHTML, like Gecko) Chrome/17.0.963.56 Safari/535.11"
84.190.139.8 - - [04/Jan/2013:08:26:44 +0100] "GET /img/bsb_logo.jpg HTTP/1.1" 200 31271 "http://www.bsb-schrott.de/" "Mozilla/5.0 (X11; Linux x86_64) AppleWebKit/535.11 (KHTML, like Gecko) Chrome/17.0.963.56 Safari/535.11"
84.190.139.8 - - [04/Jan/2013:08:26:44 +0100] "GET /img/contentBg.png HTTP/1.1" 200 110 "http://www.bsb-schrott.de/" "Mozilla/5.0 (X11; Linux x86_64) AppleWebKit/535.11 (KHTML, like Gecko) Chrome/17.0.963.56 Safari/535.11"
84.190.139.8 - - [04/Jan/2013:08:26:44 +0100] "GET /img/lvl.png HTTP/1.1" 200 1441 "http://www.bsb-schrott.de/" "Mozilla/5.0 (X11; Linux x86_64) AppleWebKit/535.11 (KHTML, like Gecko) Chrome/17.0.963.56 Safari/535.11"
84.190.139.8 - - [04/Jan/2013:08:26:44 +0100] "GET /img/iwa_cert.png HTTP/1.1" 200 38259 "http://www.bsb-schrott.de/" "Mozilla/5.0 (X11; Linux x86_64) AppleWebKit/535.11 (KHTML, like Gecko) Chrome/17.0.963.56 Safari/535.11"
84.190.139.8 - - [04/Jan/2013:08:26:44 +0100] "GET /css/gudea-regular-webfont.woff HTTP/1.1" 200 21616 "http://www.bsb-schrott.de/" "Mozilla/5.0 (X11; Linux x86_64) AppleWebKit/535.11 (KHTML, like Gecko) Chrome/17.0.963.56 Safari/535.11"
84.190.139.8 - - [04/Jan/2013:08:26:44 +0100] "GET /img/gradient_right.png HTTP/1.1" 200 127 "http://www.bsb-schrott.de/" "Mozilla/5.0 (X11; Linux x86_64) AppleWebKit/535.11 (KHTML, like Gecko) Chrome/17.0.963.56 Safari/535.11"
84.190.139.8 - - [04/Jan/2013:08:26:44 +0100] "GET /img/gradient_footer.png HTTP/1.1" 200 140 "http://www.bsb-schrott.de/" "Mozilla/5.0 (X11; Linux x86_64) AppleWebKit/535.11 (KHTML, like Gecko) Chrome/17.0.963.56 Safari/535.11"
84.190.139.8 - - [04/Jan/2013:08:26:44 +0100] "GET /img/bsb_background.jpg HTTP/1.1" 200 84092 "http://www.bsb-schrott.de/" "Mozilla/5.0 (X11; Linux x86_64) AppleWebKit/535.11 (KHTML, like Gecko) Chrome/17.0.963.56 Safari/535.11"
84.190.139.8 - - [04/Jan/2013:08:26:44 +0100] "GET /css/gudea-bold-webfont.woff HTTP/1.1" 200 21884 "http://www.bsb-schrott.de/" "Mozilla/5.0 (X11; Linux x86_64) AppleWebKit/535.11 (KHTML, like Gecko) Chrome/17.0.963.56 Safari/535.11"
84.190.139.8 - - [04/Jan/2013:08:26:44 +0100] "GET /img/content_bagger.png HTTP/1.1" 200 143701 "http://www.bsb-schrott.de/" "Mozilla/5.0 (X11; Linux x86_64) AppleWebKit/535.11 (KHTML, like Gecko) Chrome/17.0.963.56 Safari/535.11"
84.190.139.8 - - [04/Jan/2013:08:26:45 +0100] "GET /favicon.ico HTTP/1.1" 404 1256 "-" "Mozilla/5.0 (X11; Linux x86_64) AppleWebKit/535.11 (KHTML, like Gecko) Chrome/17.0.963.56 Safari/535.11"
84.190.139.8 - - [04/Jan/2013:08:27:14 +0100] "GET /favicon.ico HTTP/1.1" 404 1256 "-" "Mozilla/5.0 (X11; Linux x86_64) AppleWebKit/535.11 (KHTML, like Gecko) Chrome/17.0.963.56 Safari/535.11"
84.190.139.8 - - [04/Jan/2013:08:27:44 +0100] "GET /kontakt.html HTTP/1.1" 200 3830 "http://www.bsb-schrott.de/" "Mozilla/5.0 (X11; Linux x86_64) AppleWebKit/535.11 (KHTML, like Gecko) Chrome/17.0.963.56 Safari/535.11"
84.190.139.8 - - [04/Jan/2013:08:27:44 +0100] "GET /img/lhl.png HTTP/1.1" 200 1132 "http://www.bsb-schrott.de/kontakt.html" "Mozilla/5.0 (X11; Linux x86_64) AppleWebKit/535.11 (KHTML, like Gecko) Chrome/17.0.963.56 Safari/535.11"
84.190.139.8 - - [04/Jan/2013:08:27:46 +0100] "GET /favicon.ico HTTP/1.1" 404 1256 "-" "Mozilla/5.0 (X11; Linux x86_64) AppleWebKit/535.11 (KHTML, like Gecko) Chrome/17.0.963.56 Safari/535.11"
195.234.50.2 - - [04/Jan/2013:12:14:02 +0100] "GET /impressum.html HTTP/1.0" 200 3432 "http://www.google.de/url?sa=t&rct=j&q=&esrc=s&source=web&cd=5&ved=0CE8QFjAE&url=http%3A%2F%2Fwww.bsb-schrott.de%2Fimpressum.html&ei=MLnmUJqHHIvOsgaMq4CYCw&usg=AFQjCNEZH1tbuhsuMlf_oKzURQk-KOEMnA&bvm=bv.1355534169,d.Yms" "Mozilla/5.0 (Windows NT 5.1; rv:17.0) Gecko/20100101 Firefox/17.0"
195.234.50.2 - - [04/Jan/2013:12:14:02 +0100] "GET /css/stylesheet.css HTTP/1.0" 200 6398 "http://www.bsb-schrott.de/impressum.html" "Mozilla/5.0 (Windows NT 5.1; rv:17.0) Gecko/20100101 Firefox/17.0"
195.234.50.2 - - [04/Jan/2013:12:14:02 +0100] "GET /img/news.jpg HTTP/1.0" 200 7536 "http://www.bsb-schrott.de/impressum.html" "Mozilla/5.0 (Windows NT 5.1; rv:17.0) Gecko/20100101 Firefox/17.0"
195.234.50.2 - - [04/Jan/2013:12:14:02 +0100] "GET /img/gradient_header.png HTTP/1.0" 200 253 "http://www.bsb-schrott.de/css/stylesheet.css" "Mozilla/5.0 (Windows NT 5.1; rv:17.0) Gecko/20100101 Firefox/17.0"
195.234.50.2 - - [04/Jan/2013:12:14:02 +0100] "GET /img/gradient_navbar.png HTTP/1.0" 200 144 "http://www.bsb-schrott.de/css/stylesheet.css" "Mozilla/5.0 (Windows NT 5.1; rv:17.0) Gecko/20100101 Firefox/17.0"
195.234.50.2 - - [04/Jan/2013:12:14:02 +0100] "GET /img/nav.png HTTP/1.0" 200 197 "http://www.bsb-schrott.de/css/stylesheet.css" "Mozilla/5.0 (Windows NT 5.1; rv:17.0) Gecko/20100101 Firefox/17.0"
195.234.50.2 - - [04/Jan/2013:12:14:02 +0100] "GET /img/bsb_logo.jpg HTTP/1.0" 200 31271 "http://www.bsb-schrott.de/css/stylesheet.css" "Mozilla/5.0 (Windows NT 5.1; rv:17.0) Gecko/20100101 Firefox/17.0"
195.234.50.2 - - [04/Jan/2013:12:14:02 +0100] "GET /img/lvl.png HTTP/1.0" 200 1441 "http://www.bsb-schrott.de/css/stylesheet.css" "Mozilla/5.0 (Windows NT 5.1; rv:17.0) Gecko/20100101 Firefox/17.0"
195.234.50.2 - - [04/Jan/2013:12:14:02 +0100] "GET /img/header_banner.png HTTP/1.0" 200 22955 "http://www.bsb-schrott.de/css/stylesheet.css" "Mozilla/5.0 (Windows NT 5.1; rv:17.0) Gecko/20100101 Firefox/17.0"
195.234.50.2 - - [04/Jan/2013:12:14:02 +0100] "GET /css/gudea-regular-webfont.woff HTTP/1.0" 200 21616 "http://www.bsb-schrott.de/css/stylesheet.css" "Mozilla/5.0 (Windows NT 5.1; rv:17.0) Gecko/20100101 Firefox/17.0"
195.234.50.2 - - [04/Jan/2013:12:14:02 +0100] "GET /img/iwa_cert.png HTTP/1.0" 200 38259 "http://www.bsb-schrott.de/css/stylesheet.css" "Mozilla/5.0 (Windows NT 5.1; rv:17.0) Gecko/20100101 Firefox/17.0"
195.234.50.2 - - [04/Jan/2013:12:14:02 +0100] "GET /img/gradient_right.png HTTP/1.0" 200 127 "http://www.bsb-schrott.de/css/stylesheet.css" "Mozilla/5.0 (Windows NT 5.1; rv:17.0) Gecko/20100101 Firefox/17.0"
195.234.50.2 - - [04/Jan/2013:12:14:02 +0100] "GET /img/gradient_footer.png HTTP/1.0" 200 140 "http://www.bsb-schrott.de/css/stylesheet.css" "Mozilla/5.0 (Windows NT 5.1; rv:17.0) Gecko/20100101 Firefox/17.0"
195.234.50.2 - - [04/Jan/2013:12:14:02 +0100] "GET /img/bsb_background.jpg HTTP/1.0" 200 84092 "http://www.bsb-schrott.de/css/stylesheet.css" "Mozilla/5.0 (Windows NT 5.1; rv:17.0) Gecko/20100101 Firefox/17.0"
195.234.50.2 - - [04/Jan/2013:12:14:02 +0100] "GET /css/gudea-bold-webfont.woff HTTP/1.0" 200 21884 "http://www.bsb-schrott.de/css/stylesheet.css" "Mozilla/5.0 (Windows NT 5.1; rv:17.0) Gecko/20100101 Firefox/17.0"
195.234.50.2 - - [04/Jan/2013:12:14:02 +0100] "GET /img/content_bagger.png HTTP/1.0" 200 143701 "http://www.bsb-schrott.de/css/stylesheet.css" "Mozilla/5.0 (Windows NT 5.1; rv:17.0) Gecko/20100101 Firefox/17.0"
195.234.50.2 - - [04/Jan/2013:12:14:03 +0100] "GET /img/gradient_left.png HTTP/1.0" 200 135 "http://www.bsb-schrott.de/css/stylesheet.css" "Mozilla/5.0 (Windows NT 5.1; rv:17.0) Gecko/20100101 Firefox/17.0"
195.234.50.2 - - [04/Jan/2013:12:14:04 +0100] "GET /img/contentBg.png HTTP/1.0" 200 110 "http://www.bsb-schrott.de/css/stylesheet.css" "Mozilla/5.0 (Windows NT 5.1; rv:17.0) Gecko/20100101 Firefox/17.0"
195.234.50.2 - - [04/Jan/2013:12:14:04 +0100] "GET /favicon.ico HTTP/1.0" 404 1256 "-" "Mozilla/5.0 (Windows NT 5.1; rv:17.0) Gecko/20100101 Firefox/17.0"
195.234.50.2 - - [04/Jan/2013:12:14:47 +0100] "GET /img/nav_activ.png HTTP/1.0" 200 520 "http://www.bsb-schrott.de/css/stylesheet.css" "Mozilla/5.0 (Windows NT 5.1; rv:17.0) Gecko/20100101 Firefox/17.0"
173.199.115.43 - - [04/Jan/2013:17:29:23 +0100] "GET /impressum.html HTTP/1.1" 200 3432 "-" "Mozilla/5.0 (compatible; AhrefsBot/4.0; +http://ahrefs.com/robot/)"
173.199.115.43 - - [04/Jan/2013:17:51:46 +0100] "GET /leistungen.html HTTP/1.1" 200 3224 "-" "Mozilla/5.0 (compatible; AhrefsBot/4.0; +http://ahrefs.com/robot/)"
173.199.115.43 - - [04/Jan/2013:19:48:43 +0100] "GET /index.html HTTP/1.1" 200 3135 "-" "Mozilla/5.0 (compatible; AhrefsBot/4.0; +http://ahrefs.com/robot/)"
141.8.147.1 - - [05/Jan/2013:00:13:41 +0100] "GET /robots.txt HTTP/1.1" 404 1256 "-" "Mozilla/5.0 (compatible; YandexBot/3.0; +http://yandex.com/bots)"
64.246.165.50 - - [05/Jan/2013:02:14:59 +0100] "GET /robots.txt HTTP/1.0" 404 1256 "-" "Mozilla/5.0 (Windows; U; Windows NT 5.1; en; rv:1.9.0.13) Gecko/2009073022 Firefox/3.5.2 (.NET CLR 3.5.30729) SurveyBot/2.3 (DomainTools)"
64.246.165.50 - - [05/Jan/2013:02:14:59 +0100] "GET / HTTP/1.1" 200 3135 "http://whois.domaintools.com/bsb-schrott.de" "Mozilla/5.0 (Windows; U; Windows NT 5.1; en; rv:1.9.0.13) Gecko/2009073022 Firefox/3.5.2 (.NET CLR 3.5.30729) SurveyBot/2.3 (DomainTools)"
173.199.115.43 - - [05/Jan/2013:05:26:15 +0100] "GET / HTTP/1.1" 200 3135 "-" "Mozilla/5.0 (compatible; AhrefsBot/4.0; +http://ahrefs.com/robot/)"
141.8.147.1 - - [05/Jan/2013:06:00:23 +0100] "GET /index.html HTTP/1.1" 200 3135 "-" "Mozilla/5.0 (compatible; YandexBot/3.0; +http://yandex.com/bots)"
173.199.115.43 - - [05/Jan/2013:06:25:34 +0100] "GET /wir-ueber-uns.html HTTP/1.1" 200 5703 "-" "Mozilla/5.0 (compatible; AhrefsBot/4.0; +http://ahrefs.com/robot/)"
173.199.118.35 - - [05/Jan/2013:07:34:23 +0100] "GET /robots.txt HTTP/1.1" 404 1256 "-" "Mozilla/5.0 (compatible; AhrefsBot/4.0; +http://ahrefs.com/robot/)"
173.199.115.43 - - [05/Jan/2013:07:37:54 +0100] "GET /pub/BSB_IWA_Zertifikat.pdf HTTP/1.1" 200 2808860 "-" "Mozilla/5.0 (compatible; AhrefsBot/4.0; +http://ahrefs.com/robot/)"
141.8.147.1 - - [05/Jan/2013:09:37:49 +0100] "GET / HTTP/1.1" 200 3135 "-" "Mozilla/5.0 (compatible; YandexBot/3.0; +http://yandex.com/bots)"
173.199.115.43 - - [05/Jan/2013:10:48:40 +0100] "GET /kontakt.html HTTP/1.1" 200 3830 "-" "Mozilla/5.0 (compatible; AhrefsBot/4.0; +http://ahrefs.com/robot/)"
141.8.147.1 - - [05/Jan/2013:10:52:39 +0100] "GET / HTTP/1.1" 200 3135 "-" "Mozilla/5.0 (compatible; YandexBot/3.0; +http://yandex.com/bots)"
173.199.115.43 - - [05/Jan/2013:12:23:14 +0100] "GET /referenzen.html HTTP/1.1" 200 4045 "-" "Mozilla/5.0 (compatible; AhrefsBot/4.0; +http://ahrefs.com/robot/)"
141.8.147.1 - - [05/Jan/2013:14:48:14 +0100] "GET /robots.txt HTTP/1.1" 404 1256 "-" "Mozilla/5.0 (compatible; YandexBot/3.0; +http://yandex.com/bots)"
173.199.119.147 - - [05/Jan/2013:16:51:00 +0100] "GET /kontakt.html HTTP/1.1" 200 3830 "-" "Mozilla/5.0 (compatible; AhrefsBot/4.0; +http://ahrefs.com/robot/)"
141.8.147.1 - - [05/Jan/2013:17:17:22 +0100] "GET /index.html HTTP/1.1" 200 3135 "-" "Mozilla/5.0 (compatible; YandexBot/3.0; +http://yandex.com/bots)"
173.199.119.147 - - [05/Jan/2013:18:24:09 +0100] "GET /index.html HTTP/1.1" 200 3135 "-" "Mozilla/5.0 (compatible; AhrefsBot/4.0; +http://ahrefs.com/robot/)"
141.8.147.1 - - [05/Jan/2013:19:18:03 +0100] "GET / HTTP/1.1" 200 3135 "-" "Mozilla/5.0 (compatible; YandexBot/3.0; +http://yandex.com/bots)"
141.8.147.1 - - [05/Jan/2013:21:12:40 +0100] "GET /wir-ueber-uns.html HTTP/1.1" 304 - "-" "Mozilla/5.0 (compatible; YandexBot/3.0; +http://yandex.com/bots)"
141.8.147.1 - - [05/Jan/2013:23:05:28 +0100] "GET /referenzen.html HTTP/1.1" 304 - "-" "Mozilla/5.0 (compatible; YandexBot/3.0; +http://yandex.com/bots)"
157.55.32.95 - - [06/Jan/2013:00:15:13 +0100] "GET /robots.txt HTTP/1.1" 404 1256 "-" "Mozilla/5.0 (compatible; bingbot/2.0; +http://www.bing.com/bingbot.htm)"
157.55.32.95 - - [06/Jan/2013:00:17:11 +0100] "GET /wir-ueber-uns.html HTTP/1.1" 200 5703 "-" "Mozilla/5.0 (compatible; bingbot/2.0; +http://www.bing.com/bingbot.htm)"
157.56.93.192 - - [06/Jan/2013:00:20:07 +0100] "GET /css/stylesheet.css HTTP/1.1" 200 6398 "-" "Mozilla/5.0 (compatible; bingbot/2.0; +http://www.bing.com/bingbot.htm)"
141.8.147.1 - - [06/Jan/2013:01:03:41 +0100] "GET /impressum.html HTTP/1.1" 304 - "-" "Mozilla/5.0 (compatible; YandexBot/3.0; +http://yandex.com/bots)"
65.55.52.114 - - [06/Jan/2013:01:18:29 +0100] "GET /robots.txt HTTP/1.1" 404 1256 "-" "Mozilla/5.0 (compatible; bingbot/2.0; +http://www.bing.com/bingbot.htm)"
157.55.32.189 - - [06/Jan/2013:01:18:30 +0100] "GET /robots.txt HTTP/1.1" 404 1256 "-" "Mozilla/5.0 (compatible; bingbot/2.0; +http://www.bing.com/bingbot.htm)"
157.55.32.95 - - [06/Jan/2013:01:18:30 +0100] "GET /robots.txt HTTP/1.1" 404 1256 "-" "Mozilla/5.0 (compatible; bingbot/2.0; +http://www.bing.com/bingbot.htm)"
65.55.52.114 - - [06/Jan/2013:01:20:07 +0100] "GET /css/gudea-regular-webfont.svg HTTP/1.1" 200 49818 "-" "Mozilla/5.0 (compatible; bingbot/2.0; +http://www.bing.com/bingbot.htm)"
157.55.32.95 - - [06/Jan/2013:01:20:07 +0100] "GET /css/gudea-bold-webfont.ttf HTTP/1.1" 200 35992 "-" "Mozilla/5.0 (compatible; bingbot/2.0; +http://www.bing.com/bingbot.htm)"
157.55.32.95 - - [06/Jan/2013:01:20:07 +0100] "GET /css/gudea-bold-webfont.svg HTTP/1.1" 200 48897 "-" "Mozilla/5.0 (compatible; bingbot/2.0; +http://www.bing.com/bingbot.htm)"
157.55.32.189 - - [06/Jan/2013:01:20:38 +0100] "GET /css/gudea-regular-webfont.ttf HTTP/1.1" 200 35968 "-" "Mozilla/5.0 (compatible; bingbot/2.0; +http://www.bing.com/bingbot.htm)"
173.199.119.147 - - [06/Jan/2013:02:06:10 +0100] "GET /referenzen.html HTTP/1.1" 200 4045 "-" "Mozilla/5.0 (compatible; AhrefsBot/4.0; +http://ahrefs.com/robot/)"
141.8.147.1 - - [06/Jan/2013:03:39:32 +0100] "GET /robots.txt HTTP/1.1" 404 1256 "-" "Mozilla/5.0 (compatible; YandexBot/3.0; +http://yandex.com/bots)"
141.8.147.1 - - [06/Jan/2013:03:59:12 +0100] "GET /kontakt.html HTTP/1.1" 304 - "-" "Mozilla/5.0 (compatible; YandexBot/3.0; +http://yandex.com/bots)"
173.199.119.147 - - [06/Jan/2013:05:08:42 +0100] "GET /leistungen.html HTTP/1.1" 200 3224 "-" "Mozilla/5.0 (compatible; AhrefsBot/4.0; +http://ahrefs.com/robot/)"
141.8.147.1 - - [06/Jan/2013:05:18:08 +0100] "GET /leistungen.html HTTP/1.1" 304 - "-" "Mozilla/5.0 (compatible; YandexBot/3.0; +http://yandex.com/bots)"
173.199.119.147 - - [06/Jan/2013:05:36:22 +0100] "GET /impressum.html HTTP/1.1" 200 3432 "-" "Mozilla/5.0 (compatible; AhrefsBot/4.0; +http://ahrefs.com/robot/)"
157.55.32.95 - - [06/Jan/2013:05:37:24 +0100] "GET /robots.txt HTTP/1.1" 404 1256 "-" "Mozilla/5.0 (compatible; bingbot/2.0; +http://www.bing.com/bingbot.htm)"
157.55.32.95 - - [06/Jan/2013:05:42:44 +0100] "GET /wir-ueber-uns.html HTTP/1.1" 200 5703 "-" "Mozilla/5.0 (compatible; bingbot/2.0; +http://www.bing.com/bingbot.htm)"
157.56.93.192 - - [06/Jan/2013:05:44:40 +0100] "GET /css/stylesheet.css HTTP/1.1" 200 6398 "-" "Mozilla/5.0 (compatible; bingbot/2.0; +http://www.bing.com/bingbot.htm)"
157.56.93.192 - - [06/Jan/2013:06:44:22 +0100] "GET /robots.txt HTTP/1.1" 404 1256 "-" "Mozilla/5.0 (compatible; bingbot/2.0; +http://www.bing.com/bingbot.htm)"
173.199.119.147 - - [06/Jan/2013:07:07:52 +0100] "GET /wir-ueber-uns.html HTTP/1.1" 200 5703 "-" "Mozilla/5.0 (compatible; AhrefsBot/4.0; +http://ahrefs.com/robot/)"
173.199.119.147 - - [06/Jan/2013:11:13:18 +0100] "GET /pub/BSB_IWA_Zertifikat.pdf HTTP/1.1" 200 2808860 "-" "Mozilla/5.0 (compatible; AhrefsBot/4.0; +http://ahrefs.com/robot/)"
173.199.119.147 - - [06/Jan/2013:12:37:33 +0100] "GET / HTTP/1.1" 200 3135 "-" "Mozilla/5.0 (compatible; AhrefsBot/4.0; +http://ahrefs.com/robot/)"
66.249.78.58 - - [06/Jan/2013:19:39:52 +0100] "GET /robots.txt HTTP/1.1" 404 1256 "-" "Mozilla/5.0 (compatible; Googlebot/2.1; +http://www.google.com/bot.html)"
66.249.75.62 - - [06/Jan/2013:19:39:52 +0100] "GET / HTTP/1.1" 200 3135 "-" "Mozilla/5.0 (compatible; Googlebot/2.1; +http://www.google.com/bot.html)"
141.8.147.1 - - [06/Jan/2013:23:22:30 +0100] "GET /robots.txt HTTP/1.1" 404 1256 "-" "Mozilla/5.0 (compatible; YandexBot/3.0; +http://yandex.com/bots)"
141.8.147.1 - - [07/Jan/2013:03:04:09 +0100] "GET /pub/BSB_IWA_Zertifikat.pdf HTTP/1.1" 304 - "-" "Mozilla/5.0 (compatible; YandexBot/3.0; +http://yandex.com/bots)"
157.56.93.192 - - [07/Jan/2013:04:41:46 +0100] "GET /robots.txt HTTP/1.1" 404 1256 "-" "Mozilla/5.0 (compatible; bingbot/2.0; +http://www.bing.com/bingbot.htm)"
65.55.24.215 - - [07/Jan/2013:04:41:46 +0100] "GET /robots.txt HTTP/1.1" 404 1256 "-" "Mozilla/5.0 (compatible; bingbot/2.0; +http://www.bing.com/bingbot.htm)"
65.55.24.215 - - [07/Jan/2013:04:43:19 +0100] "GET /index.html HTTP/1.1" 200 3135 "-" "Mozilla/5.0 (compatible; bingbot/2.0; +http://www.bing.com/bingbot.htm)"
157.56.93.192 - - [07/Jan/2013:04:43:50 +0100] "GET /kontakt.html HTTP/1.1" 200 3830 "-" "Mozilla/5.0 (compatible; bingbot/2.0; +http://www.bing.com/bingbot.htm)"
157.56.93.192 - - [07/Jan/2013:04:43:50 +0100] "GET /referenzen.html HTTP/1.1" 200 4045 "-" "Mozilla/5.0 (compatible; bingbot/2.0; +http://www.bing.com/bingbot.htm)"
157.56.93.192 - - [07/Jan/2013:04:43:52 +0100] "GET /leistungen.html HTTP/1.1" 200 3224 "-" "Mozilla/5.0 (compatible; bingbot/2.0; +http://www.bing.com/bingbot.htm)"
173.199.119.131 - - [07/Jan/2013:05:08:27 +0100] "GET /pub/BSB_IWA_Zertifikat.pdf HTTP/1.1" 200 2808860 "-" "Mozilla/5.0 (compatible; AhrefsBot/4.0; +http://ahrefs.com/robot/)"
173.199.119.131 - - [07/Jan/2013:06:32:16 +0100] "GET /kontakt.html HTTP/1.1" 200 3830 "-" "Mozilla/5.0 (compatible; AhrefsBot/4.0; +http://ahrefs.com/robot/)"
173.199.119.131 - - [07/Jan/2013:09:45:32 +0100] "GET /leistungen.html HTTP/1.1" 200 3224 "-" "Mozilla/5.0 (compatible; AhrefsBot/4.0; +http://ahrefs.com/robot/)"
173.199.119.131 - - [07/Jan/2013:10:25:20 +0100] "GET /impressum.html HTTP/1.1" 200 3432 "-" "Mozilla/5.0 (compatible; AhrefsBot/4.0; +http://ahrefs.com/robot/)"
173.199.119.131 - - [07/Jan/2013:12:36:09 +0100] "GET /referenzen.html HTTP/1.1" 200 4045 "-" "Mozilla/5.0 (compatible; AhrefsBot/4.0; +http://ahrefs.com/robot/)"
157.56.93.192 - - [07/Jan/2013:17:46:16 +0100] "GET /robots.txt HTTP/1.1" 404 1256 "-" "Mozilla/5.0 (compatible; bingbot/2.0; +http://www.bing.com/bingbot.htm)"
157.56.93.192 - - [07/Jan/2013:17:48:06 +0100] "GET /leistungen.html HTTP/1.1" 304 - "-" "Mozilla/5.0 (compatible; bingbot/2.0; +http://www.bing.com/bingbot.htm)"
173.199.119.131 - - [07/Jan/2013:20:16:28 +0100] "GET /index.html HTTP/1.1" 200 3135 "-" "Mozilla/5.0 (compatible; AhrefsBot/4.0; +http://ahrefs.com/robot/)"
173.199.119.131 - - [07/Jan/2013:20:24:43 +0100] "GET /wir-ueber-uns.html HTTP/1.1" 200 5703 "-" "Mozilla/5.0 (compatible; AhrefsBot/4.0; +http://ahrefs.com/robot/)"
141.8.147.1 - - [08/Jan/2013:00:16:29 +0100] "GET /robots.txt HTTP/1.1" 404 1256 "-" "Mozilla/5.0 (compatible; YandexBot/3.0; +http://yandex.com/bots)"
141.8.147.1 - - [08/Jan/2013:02:42:25 +0100] "GET /wir-ueber-uns.html HTTP/1.1" 304 - "-" "Mozilla/5.0 (compatible; YandexBot/3.0; +http://yandex.com/bots)"
173.199.119.131 - - [08/Jan/2013:03:49:43 +0100] "GET / HTTP/1.1" 200 3135 "-" "Mozilla/5.0 (compatible; AhrefsBot/4.0; +http://ahrefs.com/robot/)"
141.8.147.1 - - [08/Jan/2013:04:18:47 +0100] "GET / HTTP/1.1" 200 3135 "-" "Mozilla/5.0 (compatible; YandexBot/3.0; +http://yandex.com/bots)"
157.56.93.192 - - [08/Jan/2013:05:58:42 +0100] "GET /robots.txt HTTP/1.1" 404 1256 "-" "Mozilla/5.0 (compatible; bingbot/2.0; +http://www.bing.com/bingbot.htm)"
157.56.93.192 - - [08/Jan/2013:06:00:46 +0100] "GET /referenzen.html HTTP/1.1" 304 - "-" "Mozilla/5.0 (compatible; bingbot/2.0; +http://www.bing.com/bingbot.htm)"
141.8.147.1 - - [08/Jan/2013:07:05:38 +0100] "GET /referenzen.html HTTP/1.1" 304 - "-" "Mozilla/5.0 (compatible; YandexBot/3.0; +http://yandex.com/bots)"
141.8.147.1 - - [08/Jan/2013:07:23:16 +0100] "GET /kontakt.html HTTP/1.1" 304 - "-" "Mozilla/5.0 (compatible; YandexBot/3.0; +http://yandex.com/bots)"
195.234.50.2 - - [08/Jan/2013:12:51:10 +0100] "GET / HTTP/1.0" 200 3135 "http://www.google.de/url?sa=t&rct=j&q=&esrc=s&source=web&cd=2&ved=0CD4QFjAB&url=http%3A%2F%2Fwww.bsb-schrott.de%2F&ei=FAjsUKWsDqSO4gTP6YGADw&usg=AFQjCNEDqREvx0Tr5ZV-8Og1Vv-fFeOPRg&bvm=bv.1357316858,d.bGE" "Mozilla/5.0 (Windows NT 5.1; rv:17.0) Gecko/20100101 Firefox/17.0"
195.234.50.2 - - [08/Jan/2013:12:51:10 +0100] "GET /css/stylesheet.css HTTP/1.0" 200 6398 "http://www.bsb-schrott.de/" "Mozilla/5.0 (Windows NT 5.1; rv:17.0) Gecko/20100101 Firefox/17.0"
195.234.50.2 - - [08/Jan/2013:12:51:10 +0100] "GET /img/news.jpg HTTP/1.0" 200 7536 "http://www.bsb-schrott.de/" "Mozilla/5.0 (Windows NT 5.1; rv:17.0) Gecko/20100101 Firefox/17.0"
195.234.50.2 - - [08/Jan/2013:12:51:10 +0100] "GET /img/nav_activ.png HTTP/1.0" 200 520 "http://www.bsb-schrott.de/css/stylesheet.css" "Mozilla/5.0 (Windows NT 5.1; rv:17.0) Gecko/20100101 Firefox/17.0"
195.234.50.2 - - [08/Jan/2013:12:51:10 +0100] "GET /img/header_banner.png HTTP/1.0" 200 22955 "http://www.bsb-schrott.de/css/stylesheet.css" "Mozilla/5.0 (Windows NT 5.1; rv:17.0) Gecko/20100101 Firefox/17.0"
195.234.50.2 - - [08/Jan/2013:12:51:10 +0100] "GET /img/nav.png HTTP/1.0" 200 197 "http://www.bsb-schrott.de/css/stylesheet.css" "Mozilla/5.0 (Windows NT 5.1; rv:17.0) Gecko/20100101 Firefox/17.0"
195.234.50.2 - - [08/Jan/2013:12:51:10 +0100] "GET /img/gradient_header.png HTTP/1.0" 200 253 "http://www.bsb-schrott.de/css/stylesheet.css" "Mozilla/5.0 (Windows NT 5.1; rv:17.0) Gecko/20100101 Firefox/17.0"
195.234.50.2 - - [08/Jan/2013:12:51:10 +0100] "GET /img/gradient_navbar.png HTTP/1.0" 200 144 "http://www.bsb-schrott.de/css/stylesheet.css" "Mozilla/5.0 (Windows NT 5.1; rv:17.0) Gecko/20100101 Firefox/17.0"
195.234.50.2 - - [08/Jan/2013:12:51:10 +0100] "GET /img/bsb_logo.jpg HTTP/1.0" 200 31271 "http://www.bsb-schrott.de/css/stylesheet.css" "Mozilla/5.0 (Windows NT 5.1; rv:17.0) Gecko/20100101 Firefox/17.0"
195.234.50.2 - - [08/Jan/2013:12:51:10 +0100] "GET /img/gradient_left.png HTTP/1.0" 200 135 "http://www.bsb-schrott.de/css/stylesheet.css" "Mozilla/5.0 (Windows NT 5.1; rv:17.0) Gecko/20100101 Firefox/17.0"
195.234.50.2 - - [08/Jan/2013:12:51:10 +0100] "GET /img/contentBg.png HTTP/1.0" 200 110 "http://www.bsb-schrott.de/css/stylesheet.css" "Mozilla/5.0 (Windows NT 5.1; rv:17.0) Gecko/20100101 Firefox/17.0"
195.234.50.2 - - [08/Jan/2013:12:51:10 +0100] "GET /img/iwa_cert.png HTTP/1.0" 200 38259 "http://www.bsb-schrott.de/css/stylesheet.css" "Mozilla/5.0 (Windows NT 5.1; rv:17.0) Gecko/20100101 Firefox/17.0"
195.234.50.2 - - [08/Jan/2013:12:51:10 +0100] "GET /css/gudea-regular-webfont.woff HTTP/1.0" 200 21616 "http://www.bsb-schrott.de/css/stylesheet.css" "Mozilla/5.0 (Windows NT 5.1; rv:17.0) Gecko/20100101 Firefox/17.0"
195.234.50.2 - - [08/Jan/2013:12:51:10 +0100] "GET /img/bsb_background.jpg HTTP/1.0" 200 84092 "http://www.bsb-schrott.de/css/stylesheet.css" "Mozilla/5.0 (Windows NT 5.1; rv:17.0) Gecko/20100101 Firefox/17.0"
195.234.50.2 - - [08/Jan/2013:12:51:10 +0100] "GET /css/gudea-bold-webfont.woff HTTP/1.0" 200 21884 "http://www.bsb-schrott.de/css/stylesheet.css" "Mozilla/5.0 (Windows NT 5.1; rv:17.0) Gecko/20100101 Firefox/17.0"
195.234.50.2 - - [08/Jan/2013:12:51:10 +0100] "GET /img/lvl.png HTTP/1.0" 200 1441 "http://www.bsb-schrott.de/css/stylesheet.css" "Mozilla/5.0 (Windows NT 5.1; rv:17.0) Gecko/20100101 Firefox/17.0"
195.234.50.2 - - [08/Jan/2013:12:51:10 +0100] "GET /img/gradient_footer.png HTTP/1.0" 200 140 "http://www.bsb-schrott.de/css/stylesheet.css" "Mozilla/5.0 (Windows NT 5.1; rv:17.0) Gecko/20100101 Firefox/17.0"
195.234.50.2 - - [08/Jan/2013:12:51:10 +0100] "GET /img/gradient_right.png HTTP/1.0" 200 127 "http://www.bsb-schrott.de/css/stylesheet.css" "Mozilla/5.0 (Windows NT 5.1; rv:17.0) Gecko/20100101 Firefox/17.0"
195.234.50.2 - - [08/Jan/2013:12:51:10 +0100] "GET /img/content_bagger.png HTTP/1.0" 200 143701 "http://www.bsb-schrott.de/css/stylesheet.css" "Mozilla/5.0 (Windows NT 5.1; rv:17.0) Gecko/20100101 Firefox/17.0"
195.234.50.2 - - [08/Jan/2013:12:51:10 +0100] "GET /favicon.ico HTTP/1.0" 404 1256 "-" "Mozilla/5.0 (Windows NT 5.1; rv:17.0) Gecko/20100101 Firefox/17.0"
195.234.50.2 - - [08/Jan/2013:12:51:32 +0100] "GET /wir-ueber-uns.html HTTP/1.0" 200 5703 "http://www.bsb-schrott.de/" "Mozilla/5.0 (Windows NT 5.1; rv:17.0) Gecko/20100101 Firefox/17.0"
195.234.50.2 - - [08/Jan/2013:12:51:32 +0100] "GET /img/lhl.png HTTP/1.0" 200 1132 "http://www.bsb-schrott.de/css/stylesheet.css" "Mozilla/5.0 (Windows NT 5.1; rv:17.0) Gecko/20100101 Firefox/17.0"
195.234.50.2 - - [08/Jan/2013:12:51:32 +0100] "GET /img/timeline.png HTTP/1.0" 200 724 "http://www.bsb-schrott.de/css/stylesheet.css" "Mozilla/5.0 (Windows NT 5.1; rv:17.0) Gecko/20100101 Firefox/17.0"
195.234.50.2 - - [08/Jan/2013:12:51:32 +0100] "GET /css/gudea-italic-webfont.woff HTTP/1.0" 200 25624 "http://www.bsb-schrott.de/css/stylesheet.css" "Mozilla/5.0 (Windows NT 5.1; rv:17.0) Gecko/20100101 Firefox/17.0"
195.234.50.2 - - [08/Jan/2013:12:51:37 +0100] "GET /leistungen.html HTTP/1.0" 200 3224 "http://www.bsb-schrott.de/wir-ueber-uns.html" "Mozilla/5.0 (Windows NT 5.1; rv:17.0) Gecko/20100101 Firefox/17.0"
195.234.50.2 - - [08/Jan/2013:12:51:38 +0100] "GET /referenzen.html HTTP/1.0" 200 4045 "http://www.bsb-schrott.de/leistungen.html" "Mozilla/5.0 (Windows NT 5.1; rv:17.0) Gecko/20100101 Firefox/17.0"
195.234.50.2 - - [08/Jan/2013:12:51:39 +0100] "GET /css/jquery.fancybox-1.3.4.css HTTP/1.0" 200 8776 "http://www.bsb-schrott.de/referenzen.html" "Mozilla/5.0 (Windows NT 5.1; rv:17.0) Gecko/20100101 Firefox/17.0"
195.234.50.2 - - [08/Jan/2013:12:51:39 +0100] "GET /js/jquery.mousewheel-3.0.4.pack.js HTTP/1.0" 200 1279 "http://www.bsb-schrott.de/referenzen.html" "Mozilla/5.0 (Windows NT 5.1; rv:17.0) Gecko/20100101 Firefox/17.0"
195.234.50.2 - - [08/Jan/2013:12:51:39 +0100] "GET /img/referenzen/thumb/011.jpg HTTP/1.0" 200 5938 "http://www.bsb-schrott.de/referenzen.html" "Mozilla/5.0 (Windows NT 5.1; rv:17.0) Gecko/20100101 Firefox/17.0"
195.234.50.2 - - [08/Jan/2013:12:51:39 +0100] "GET /img/referenzen/thumb/114.jpg HTTP/1.0" 200 7605 "http://www.bsb-schrott.de/referenzen.html" "Mozilla/5.0 (Windows NT 5.1; rv:17.0) Gecko/20100101 Firefox/17.0"
195.234.50.2 - - [08/Jan/2013:12:51:39 +0100] "GET /img/referenzen/thumb/PICT1325.jpg HTTP/1.0" 200 8059 "http://www.bsb-schrott.de/referenzen.html" "Mozilla/5.0 (Windows NT 5.1; rv:17.0) Gecko/20100101 Firefox/17.0"
195.234.50.2 - - [08/Jan/2013:12:51:39 +0100] "GET /img/referenzen/thumb/PICT1324.jpg HTTP/1.0" 200 9353 "http://www.bsb-schrott.de/referenzen.html" "Mozilla/5.0 (Windows NT 5.1; rv:17.0) Gecko/20100101 Firefox/17.0"
195.234.50.2 - - [08/Jan/2013:12:51:39 +0100] "GET /js/jquery.fancybox-1.3.4.pack.js HTTP/1.0" 200 15624 "http://www.bsb-schrott.de/referenzen.html" "Mozilla/5.0 (Windows NT 5.1; rv:17.0) Gecko/20100101 Firefox/17.0"
195.234.50.2 - - [08/Jan/2013:12:51:39 +0100] "GET /js/jquery-1.7.2.min.js HTTP/1.0" 200 94840 "http://www.bsb-schrott.de/referenzen.html" "Mozilla/5.0 (Windows NT 5.1; rv:17.0) Gecko/20100101 Firefox/17.0"
195.234.50.2 - - [08/Jan/2013:12:51:39 +0100] "GET /img/fancy/fancybox.png HTTP/1.0" 200 15287 "http://www.bsb-schrott.de/css/jquery.fancybox-1.3.4.css" "Mozilla/5.0 (Windows NT 5.1; rv:17.0) Gecko/20100101 Firefox/17.0"
195.234.50.2 - - [08/Jan/2013:12:51:39 +0100] "GET /img/referenzen/011.jpg HTTP/1.0" 200 161700 "http://www.bsb-schrott.de/referenzen.html" "Mozilla/5.0 (Windows NT 5.1; rv:17.0) Gecko/20100101 Firefox/17.0"
195.234.50.2 - - [08/Jan/2013:12:51:39 +0100] "GET /img/fancy/fancybox-y.png HTTP/1.0" 200 176 "http://www.bsb-schrott.de/css/jquery.fancybox-1.3.4.css" "Mozilla/5.0 (Windows NT 5.1; rv:17.0) Gecko/20100101 Firefox/17.0"
195.234.50.2 - - [08/Jan/2013:12:51:39 +0100] "GET /img/fancy/fancybox-x.png HTTP/1.0" 200 203 "http://www.bsb-schrott.de/css/jquery.fancybox-1.3.4.css" "Mozilla/5.0 (Windows NT 5.1; rv:17.0) Gecko/20100101 Firefox/17.0"
195.234.50.2 - - [08/Jan/2013:12:51:40 +0100] "GET /img/fancy/blank.gif HTTP/1.0" 200 43 "http://www.bsb-schrott.de/css/jquery.fancybox-1.3.4.css" "Mozilla/5.0 (Windows NT 5.1; rv:17.0) Gecko/20100101 Firefox/17.0"
195.234.50.2 - - [08/Jan/2013:12:51:40 +0100] "GET /img/referenzen/114.jpg HTTP/1.0" 200 291853 "http://www.bsb-schrott.de/referenzen.html" "Mozilla/5.0 (Windows NT 5.1; rv:17.0) Gecko/20100101 Firefox/17.0"
195.234.50.2 - - [08/Jan/2013:12:51:43 +0100] "GET /img/referenzen/PICT1324.jpg HTTP/1.0" 200 286993 "http://www.bsb-schrott.de/referenzen.html" "Mozilla/5.0 (Windows NT 5.1; rv:17.0) Gecko/20100101 Firefox/17.0"
195.234.50.2 - - [08/Jan/2013:12:51:46 +0100] "GET /img/referenzen/PICT1325.jpg HTTP/1.0" 200 338707 "http://www.bsb-schrott.de/referenzen.html" "Mozilla/5.0 (Windows NT 5.1; rv:17.0) Gecko/20100101 Firefox/17.0"
141.8.147.1 - - [08/Jan/2013:15:12:49 +0100] "GET /robots.txt HTTP/1.1" 404 1256 "-" "Mozilla/5.0 (compatible; YandexBot/3.0; +http://yandex.com/bots)"
141.8.147.1 - - [08/Jan/2013:15:29:22 +0100] "GET /leistungen.html HTTP/1.1" 304 - "-" "Mozilla/5.0 (compatible; YandexBot/3.0; +http://yandex.com/bots)"
66.249.78.58 - - [08/Jan/2013:18:07:58 +0100] "GET /robots.txt HTTP/1.1" 404 1256 "-" "Mozilla/5.0 (compatible; Googlebot/2.1; +http://www.google.com/bot.html)"
66.249.78.58 - - [08/Jan/2013:18:07:58 +0100] "GET /wir-ueber-uns.html HTTP/1.1" 304 - "-" "Mozilla/5.0 (compatible; Googlebot/2.1; +http://www.google.com/bot.html)"
46.115.41.224 - - [08/Jan/2013:18:20:29 +0100] "GET / HTTP/1.1" 304 - "-" "Mozilla/5.0 (Windows NT 6.1; WOW64; rv:17.0) Gecko/20100101 Firefox/17.0"
46.115.41.224 - - [08/Jan/2013:18:20:30 +0100] "GET /css/stylesheet.css HTTP/1.1" 304 - "http://www.bsb-schrott.de/" "Mozilla/5.0 (Windows NT 6.1; WOW64; rv:17.0) Gecko/20100101 Firefox/17.0"
46.115.41.224 - - [08/Jan/2013:18:20:30 +0100] "GET /img/bsb_logo.jpg HTTP/1.1" 304 - "http://www.bsb-schrott.de/css/stylesheet.css" "Mozilla/5.0 (Windows NT 6.1; WOW64; rv:17.0) Gecko/20100101 Firefox/17.0"
46.115.41.224 - - [08/Jan/2013:18:20:30 +0100] "GET /favicon.ico HTTP/1.1" 404 1256 "-" "Mozilla/5.0 (Windows NT 6.1; WOW64; rv:17.0) Gecko/20100101 Firefox/17.0"
46.115.41.224 - - [08/Jan/2013:18:20:45 +0100] "GET /wir-ueber-uns.html HTTP/1.1" 304 - "http://www.bsb-schrott.de/" "Mozilla/5.0 (Windows NT 6.1; WOW64; rv:17.0) Gecko/20100101 Firefox/17.0"
46.115.41.224 - - [08/Jan/2013:18:20:59 +0100] "GET /leistungen.html HTTP/1.1" 304 - "http://www.bsb-schrott.de/wir-ueber-uns.html" "Mozilla/5.0 (Windows NT 6.1; WOW64; rv:17.0) Gecko/20100101 Firefox/17.0"
2.202.39.116 - - [08/Jan/2013:18:35:04 +0100] "GET /impressum.html HTTP/1.1" 200 3432 "http://www.google.de/url?sa=t&rct=j&q=&esrc=s&source=web&cd=1&ved=0CEsQFjAA&url=http%3A%2F%2Fwww.bsb-schrott.de%2Fimpressum.html&ei=qFjsUJSQA8jptQaxp4GYAw&usg=AFQjCNEZH1tbuhsuMlf_oKzURQk-KOEMnA&bvm=bv.1357316858,d.Yms" "Mozilla/5.0 (Windows NT 5.1; rv:15.0) Gecko/20100101 Firefox/15.0.1"
2.202.39.116 - - [08/Jan/2013:18:35:04 +0100] "GET /css/stylesheet.css HTTP/1.1" 200 6398 "http://www.bsb-schrott.de/impressum.html" "Mozilla/5.0 (Windows NT 5.1; rv:15.0) Gecko/20100101 Firefox/15.0.1"
2.202.39.116 - - [08/Jan/2013:18:35:04 +0100] "GET /img/news.jpg HTTP/1.1" 200 7536 "http://www.bsb-schrott.de/impressum.html" "Mozilla/5.0 (Windows NT 5.1; rv:15.0) Gecko/20100101 Firefox/15.0.1"
2.202.39.116 - - [08/Jan/2013:18:35:04 +0100] "GET /img/gradient_header.png HTTP/1.1" 200 253 "http://www.bsb-schrott.de/impressum.html" "Mozilla/5.0 (Windows NT 5.1; rv:15.0) Gecko/20100101 Firefox/15.0.1"
2.202.39.116 - - [08/Jan/2013:18:35:05 +0100] "GET /img/header_banner.png HTTP/1.1" 200 22955 "http://www.bsb-schrott.de/impressum.html" "Mozilla/5.0 (Windows NT 5.1; rv:15.0) Gecko/20100101 Firefox/15.0.1"
2.202.39.116 - - [08/Jan/2013:18:35:05 +0100] "GET /img/nav.png HTTP/1.1" 200 197 "http://www.bsb-schrott.de/impressum.html" "Mozilla/5.0 (Windows NT 5.1; rv:15.0) Gecko/20100101 Firefox/15.0.1"
2.202.39.116 - - [08/Jan/2013:18:35:05 +0100] "GET /img/bsb_logo.jpg HTTP/1.1" 200 31271 "http://www.bsb-schrott.de/impressum.html" "Mozilla/5.0 (Windows NT 5.1; rv:15.0) Gecko/20100101 Firefox/15.0.1"
2.202.39.116 - - [08/Jan/2013:18:35:05 +0100] "GET /css/gudea-regular-webfont.woff HTTP/1.1" 200 21616 "http://www.bsb-schrott.de/impressum.html" "Mozilla/5.0 (Windows NT 5.1; rv:15.0) Gecko/20100101 Firefox/15.0.1"
2.202.39.116 - - [08/Jan/2013:18:35:05 +0100] "GET /css/gudea-bold-webfont.woff HTTP/1.1" 200 21884 "http://www.bsb-schrott.de/impressum.html" "Mozilla/5.0 (Windows NT 5.1; rv:15.0) Gecko/20100101 Firefox/15.0.1"
2.202.39.116 - - [08/Jan/2013:18:35:05 +0100] "GET /img/iwa_cert.png HTTP/1.1" 200 38259 "http://www.bsb-schrott.de/impressum.html" "Mozilla/5.0 (Windows NT 5.1; rv:15.0) Gecko/20100101 Firefox/15.0.1"
2.202.39.116 - - [08/Jan/2013:18:35:05 +0100] "GET /img/bsb_background.jpg HTTP/1.1" 200 84092 "http://www.bsb-schrott.de/impressum.html" "Mozilla/5.0 (Windows NT 5.1; rv:15.0) Gecko/20100101 Firefox/15.0.1"
2.202.39.116 - - [08/Jan/2013:18:35:05 +0100] "GET /img/gradient_navbar.png HTTP/1.1" 200 144 "http://www.bsb-schrott.de/impressum.html" "Mozilla/5.0 (Windows NT 5.1; rv:15.0) Gecko/20100101 Firefox/15.0.1"
2.202.39.116 - - [08/Jan/2013:18:35:05 +0100] "GET /img/gradient_left.png HTTP/1.1" 200 135 "http://www.bsb-schrott.de/impressum.html" "Mozilla/5.0 (Windows NT 5.1; rv:15.0) Gecko/20100101 Firefox/15.0.1"
2.202.39.116 - - [08/Jan/2013:18:35:05 +0100] "GET /img/contentBg.png HTTP/1.1" 200 110 "http://www.bsb-schrott.de/impressum.html" "Mozilla/5.0 (Windows NT 5.1; rv:15.0) Gecko/20100101 Firefox/15.0.1"
2.202.39.116 - - [08/Jan/2013:18:35:06 +0100] "GET /img/lvl.png HTTP/1.1" 200 1441 "http://www.bsb-schrott.de/impressum.html" "Mozilla/5.0 (Windows NT 5.1; rv:15.0) Gecko/20100101 Firefox/15.0.1"
2.202.39.116 - - [08/Jan/2013:18:35:06 +0100] "GET /img/gradient_right.png HTTP/1.1" 200 127 "http://www.bsb-schrott.de/impressum.html" "Mozilla/5.0 (Windows NT 5.1; rv:15.0) Gecko/20100101 Firefox/15.0.1"
2.202.39.116 - - [08/Jan/2013:18:35:06 +0100] "GET /img/gradient_footer.png HTTP/1.1" 200 140 "http://www.bsb-schrott.de/impressum.html" "Mozilla/5.0 (Windows NT 5.1; rv:15.0) Gecko/20100101 Firefox/15.0.1"
2.202.39.116 - - [08/Jan/2013:18:35:06 +0100] "GET /img/content_bagger.png HTTP/1.1" 200 143701 "http://www.bsb-schrott.de/impressum.html" "Mozilla/5.0 (Windows NT 5.1; rv:15.0) Gecko/20100101 Firefox/15.0.1"
2.202.39.116 - - [08/Jan/2013:18:35:07 +0100] "GET /favicon.ico HTTP/1.1" 404 1256 "-" "Mozilla/5.0 (Windows NT 5.1; rv:15.0) Gecko/20100101 Firefox/15.0.1"
2.202.39.116 - - [08/Jan/2013:18:35:07 +0100] "GET /favicon.ico HTTP/1.1" 404 1256 "-" "Mozilla/5.0 (Windows NT 5.1; rv:15.0) Gecko/20100101 Firefox/15.0.1"
2.202.39.116 - - [08/Jan/2013:18:35:19 +0100] "GET /img/nav_activ.png HTTP/1.1" 200 520 "http://www.bsb-schrott.de/impressum.html" "Mozilla/5.0 (Windows NT 5.1; rv:15.0) Gecko/20100101 Firefox/15.0.1"
2.202.39.116 - - [08/Jan/2013:18:35:41 +0100] "GET /leistungen.html HTTP/1.1" 200 3224 "http://www.bsb-schrott.de/impressum.html" "Mozilla/5.0 (Windows NT 5.1; rv:15.0) Gecko/20100101 Firefox/15.0.1"
79.210.122.162 - - [08/Jan/2013:19:52:04 +0100] "GET / HTTP/1.1" 200 3135 "http://www.google.de/url?sa=t&rct=j&q=bsb%20berndt&source=web&cd=2&ved=0CDsQFjAB&url=http%3A%2F%2Fwww.bsb-schrott.de%2F&ei=vGrsUMqpPI7HswamvYHQAw&usg=AFQjCNEDqREvx0Tr5ZV-8Og1Vv-fFeOPRg&bvm=bv.1357316858,d.Yms" "Mozilla/5.0 (compatible; MSIE 9.0; TOB 6.13; Windows NT 6.0; Trident/5.0)"
79.210.122.162 - - [08/Jan/2013:19:52:04 +0100] "GET /img/news.jpg HTTP/1.1" 200 7536 "http://www.bsb-schrott.de/" "Mozilla/5.0 (compatible; MSIE 9.0; TOB 6.13; Windows NT 6.0; Trident/5.0)"
79.210.122.162 - - [08/Jan/2013:19:52:04 +0100] "GET /css/stylesheet.css HTTP/1.1" 200 6398 "http://www.bsb-schrott.de/" "Mozilla/5.0 (compatible; MSIE 9.0; TOB 6.13; Windows NT 6.0; Trident/5.0)"
79.210.122.162 - - [08/Jan/2013:19:52:04 +0100] "GET /css/gudea-bold-webfont.eot? HTTP/1.1" 200 36156 "http://www.bsb-schrott.de/" "Mozilla/5.0 (compatible; MSIE 9.0; TOB 6.13; Windows NT 6.0; Trident/5.0)"
79.210.122.162 - - [08/Jan/2013:19:52:04 +0100] "GET /css/gudea-regular-webfont.eot? HTTP/1.1" 200 36144 "http://www.bsb-schrott.de/" "Mozilla/5.0 (compatible; MSIE 9.0; TOB 6.13; Windows NT 6.0; Trident/5.0)"
79.210.122.162 - - [08/Jan/2013:19:52:04 +0100] "GET /img/gradient_footer.png HTTP/1.1" 200 140 "http://www.bsb-schrott.de/" "Mozilla/5.0 (compatible; MSIE 9.0; TOB 6.13; Windows NT 6.0; Trident/5.0)"
79.210.122.162 - - [08/Jan/2013:19:52:04 +0100] "GET /img/lvl.png HTTP/1.1" 200 1441 "http://www.bsb-schrott.de/" "Mozilla/5.0 (compatible; MSIE 9.0; TOB 6.13; Windows NT 6.0; Trident/5.0)"
79.210.122.162 - - [08/Jan/2013:19:52:04 +0100] "GET /img/gradient_right.png HTTP/1.1" 200 127 "http://www.bsb-schrott.de/" "Mozilla/5.0 (compatible; MSIE 9.0; TOB 6.13; Windows NT 6.0; Trident/5.0)"
79.210.122.162 - - [08/Jan/2013:19:52:04 +0100] "GET /img/gradient_left.png HTTP/1.1" 200 135 "http://www.bsb-schrott.de/" "Mozilla/5.0 (compatible; MSIE 9.0; TOB 6.13; Windows NT 6.0; Trident/5.0)"
79.210.122.162 - - [08/Jan/2013:19:52:04 +0100] "GET /img/gradient_navbar.png HTTP/1.1" 200 144 "http://www.bsb-schrott.de/" "Mozilla/5.0 (compatible; MSIE 9.0; TOB 6.13; Windows NT 6.0; Trident/5.0)"
79.210.122.162 - - [08/Jan/2013:19:52:04 +0100] "GET /img/nav.png HTTP/1.1" 200 197 "http://www.bsb-schrott.de/" "Mozilla/5.0 (compatible; MSIE 9.0; TOB 6.13; Windows NT 6.0; Trident/5.0)"
79.210.122.162 - - [08/Jan/2013:19:52:04 +0100] "GET /img/nav_activ.png HTTP/1.1" 200 520 "http://www.bsb-schrott.de/" "Mozilla/5.0 (compatible; MSIE 9.0; TOB 6.13; Windows NT 6.0; Trident/5.0)"
79.210.122.162 - - [08/Jan/2013:19:52:04 +0100] "GET /img/iwa_cert.png HTTP/1.1" 200 38259 "http://www.bsb-schrott.de/" "Mozilla/5.0 (compatible; MSIE 9.0; TOB 6.13; Windows NT 6.0; Trident/5.0)"
79.210.122.162 - - [08/Jan/2013:19:52:04 +0100] "GET /img/header_banner.png HTTP/1.1" 200 22955 "http://www.bsb-schrott.de/" "Mozilla/5.0 (compatible; MSIE 9.0; TOB 6.13; Windows NT 6.0; Trident/5.0)"
79.210.122.162 - - [08/Jan/2013:19:52:04 +0100] "GET /img/bsb_logo.jpg HTTP/1.1" 200 31271 "http://www.bsb-schrott.de/" "Mozilla/5.0 (compatible; MSIE 9.0; TOB 6.13; Windows NT 6.0; Trident/5.0)"
79.210.122.162 - - [08/Jan/2013:19:52:05 +0100] "GET /img/contentBg.png HTTP/1.1" 200 110 "http://www.bsb-schrott.de/" "Mozilla/5.0 (compatible; MSIE 9.0; TOB 6.13; Windows NT 6.0; Trident/5.0)"
79.210.122.162 - - [08/Jan/2013:19:52:05 +0100] "GET /img/bsb_background.jpg HTTP/1.1" 200 84092 "http://www.bsb-schrott.de/" "Mozilla/5.0 (compatible; MSIE 9.0; TOB 6.13; Windows NT 6.0; Trident/5.0)"
79.210.122.162 - - [08/Jan/2013:19:52:04 +0100] "GET /img/content_bagger.png HTTP/1.1" 200 143701 "http://www.bsb-schrott.de/" "Mozilla/5.0 (compatible; MSIE 9.0; TOB 6.13; Windows NT 6.0; Trident/5.0)"
79.210.122.162 - - [08/Jan/2013:19:52:05 +0100] "GET /img/gradient_header.png HTTP/1.1" 200 253 "http://www.bsb-schrott.de/" "Mozilla/5.0 (compatible; MSIE 9.0; TOB 6.13; Windows NT 6.0; Trident/5.0)"
79.210.122.162 - - [08/Jan/2013:19:52:05 +0100] "GET /favicon.ico HTTP/1.1" 404 1256 "-" "T-Online Browser"
79.210.122.162 - - [08/Jan/2013:19:52:22 +0100] "GET /kontakt.html HTTP/1.1" 200 3830 "http://www.bsb-schrott.de/" "Mozilla/5.0 (compatible; MSIE 9.0; TOB 6.13; Windows NT 6.0; Trident/5.0)"
79.210.122.162 - - [08/Jan/2013:19:52:23 +0100] "GET /img/lhl.png HTTP/1.1" 200 1132 "http://www.bsb-schrott.de/kontakt.html" "Mozilla/5.0 (compatible; MSIE 9.0; TOB 6.13; Windows NT 6.0; Trident/5.0)"
79.210.122.162 - - [08/Jan/2013:19:52:58 +0100] "GET /wir-ueber-uns.html HTTP/1.1" 200 5703 "http://www.bsb-schrott.de/kontakt.html" "Mozilla/5.0 (compatible; MSIE 9.0; TOB 6.13; Windows NT 6.0; Trident/5.0)"
79.210.122.162 - - [08/Jan/2013:19:52:58 +0100] "GET /img/timeline.png HTTP/1.1" 200 724 "http://www.bsb-schrott.de/wir-ueber-uns.html" "Mozilla/5.0 (compatible; MSIE 9.0; TOB 6.13; Windows NT 6.0; Trident/5.0)"
79.210.122.162 - - [08/Jan/2013:19:52:58 +0100] "GET /css/gudea-italic-webfont.eot? HTTP/1.1" 200 44788 "http://www.bsb-schrott.de/wir-ueber-uns.html" "Mozilla/5.0 (compatible; MSIE 9.0; TOB 6.13; Windows NT 6.0; Trident/5.0)"
79.210.122.162 - - [08/Jan/2013:19:53:16 +0100] "GET /leistungen.html HTTP/1.1" 200 3224 "http://www.bsb-schrott.de/wir-ueber-uns.html" "Mozilla/5.0 (compatible; MSIE 9.0; TOB 6.13; Windows NT 6.0; Trident/5.0)"
79.210.122.162 - - [08/Jan/2013:19:53:38 +0100] "GET /referenzen.html HTTP/1.1" 200 4045 "http://www.bsb-schrott.de/leistungen.html" "Mozilla/5.0 (compatible; MSIE 9.0; TOB 6.13; Windows NT 6.0; Trident/5.0)"
79.210.122.162 - - [08/Jan/2013:19:53:38 +0100] "GET /js/jquery.fancybox-1.3.4.pack.js HTTP/1.1" 200 15624 "http://www.bsb-schrott.de/referenzen.html" "Mozilla/5.0 (compatible; MSIE 9.0; TOB 6.13; Windows NT 6.0; Trident/5.0)"
79.210.122.162 - - [08/Jan/2013:19:53:38 +0100] "GET /js/jquery.mousewheel-3.0.4.pack.js HTTP/1.1" 200 1279 "http://www.bsb-schrott.de/referenzen.html" "Mozilla/5.0 (compatible; MSIE 9.0; TOB 6.13; Windows NT 6.0; Trident/5.0)"
79.210.122.162 - - [08/Jan/2013:19:53:38 +0100] "GET /css/jquery.fancybox-1.3.4.css HTTP/1.1" 200 8776 "http://www.bsb-schrott.de/referenzen.html" "Mozilla/5.0 (compatible; MSIE 9.0; TOB 6.13; Windows NT 6.0; Trident/5.0)"
79.210.122.162 - - [08/Jan/2013:19:53:38 +0100] "GET /img/referenzen/thumb/011.jpg HTTP/1.1" 200 5938 "http://www.bsb-schrott.de/referenzen.html" "Mozilla/5.0 (compatible; MSIE 9.0; TOB 6.13; Windows NT 6.0; Trident/5.0)"
79.210.122.162 - - [08/Jan/2013:19:53:39 +0100] "GET /img/referenzen/thumb/114.jpg HTTP/1.1" 200 7605 "http://www.bsb-schrott.de/referenzen.html" "Mozilla/5.0 (compatible; MSIE 9.0; TOB 6.13; Windows NT 6.0; Trident/5.0)"
79.210.122.162 - - [08/Jan/2013:19:53:39 +0100] "GET /img/referenzen/thumb/PICT1324.jpg HTTP/1.1" 200 9353 "http://www.bsb-schrott.de/referenzen.html" "Mozilla/5.0 (compatible; MSIE 9.0; TOB 6.13; Windows NT 6.0; Trident/5.0)"
79.210.122.162 - - [08/Jan/2013:19:53:39 +0100] "GET /img/referenzen/thumb/PICT1325.jpg HTTP/1.1" 200 8059 "http://www.bsb-schrott.de/referenzen.html" "Mozilla/5.0 (compatible; MSIE 9.0; TOB 6.13; Windows NT 6.0; Trident/5.0)"
79.210.122.162 - - [08/Jan/2013:19:53:38 +0100] "GET /js/jquery-1.7.2.min.js HTTP/1.1" 200 94840 "http://www.bsb-schrott.de/referenzen.html" "Mozilla/5.0 (compatible; MSIE 9.0; TOB 6.13; Windows NT 6.0; Trident/5.0)"
79.210.122.162 - - [08/Jan/2013:19:53:39 +0100] "GET /img/fancy/fancybox.png HTTP/1.1" 200 15287 "http://www.bsb-schrott.de/referenzen.html" "Mozilla/5.0 (compatible; MSIE 9.0; TOB 6.13; Windows NT 6.0; Trident/5.0)"
79.210.122.162 - - [08/Jan/2013:19:53:39 +0100] "GET /img/fancy/blank.gif HTTP/1.1" 200 43 "http://www.bsb-schrott.de/referenzen.html" "Mozilla/5.0 (compatible; MSIE 9.0; TOB 6.13; Windows NT 6.0; Trident/5.0)"
79.210.122.162 - - [08/Jan/2013:19:53:39 +0100] "GET /img/fancy/fancybox-y.png HTTP/1.1" 200 176 "http://www.bsb-schrott.de/referenzen.html" "Mozilla/5.0 (compatible; MSIE 9.0; TOB 6.13; Windows NT 6.0; Trident/5.0)"
79.210.122.162 - - [08/Jan/2013:19:53:39 +0100] "GET /img/fancy/fancybox-x.png HTTP/1.1" 200 203 "http://www.bsb-schrott.de/referenzen.html" "Mozilla/5.0 (compatible; MSIE 9.0; TOB 6.13; Windows NT 6.0; Trident/5.0)"
79.210.122.162 - - [08/Jan/2013:19:53:39 +0100] "GET /img/referenzen/011.jpg HTTP/1.1" 200 161700 "http://www.bsb-schrott.de/referenzen.html" "Mozilla/5.0 (compatible; MSIE 9.0; TOB 6.13; Windows NT 6.0; Trident/5.0)"
79.210.122.162 - - [08/Jan/2013:19:53:40 +0100] "GET /img/referenzen/114.jpg HTTP/1.1" 200 291853 "http://www.bsb-schrott.de/referenzen.html" "Mozilla/5.0 (compatible; MSIE 9.0; TOB 6.13; Windows NT 6.0; Trident/5.0)"
79.210.122.162 - - [08/Jan/2013:19:53:55 +0100] "GET /index.html HTTP/1.1" 200 3135 "http://www.bsb-schrott.de/referenzen.html" "Mozilla/5.0 (compatible; MSIE 9.0; TOB 6.13; Windows NT 6.0; Trident/5.0)"
66.249.78.58 - - [08/Jan/2013:20:32:53 +0100] "GET /referenzen.html HTTP/1.1" 200 4045 "-" "Mozilla/5.0 (compatible; Googlebot/2.1; +http://www.google.com/bot.html)"
91.37.218.219 - - [08/Jan/2013:20:55:56 +0100] "GET / HTTP/1.1" 200 3135 "http://www.google.de/url?sa=t&rct=j&q=&esrc=s&source=web&cd=1&ved=0CEcQFjAA&url=http%3A%2F%2Fwww.bsb-schrott.de%2F&ei=t3nsUOnQJbDc4QSO8YDgAg&usg=AFQjCNEDqREvx0Tr5ZV-8Og1Vv-fFeOPRg&bvm=bv.1357316858,d.bGE" "Mozilla/5.0 (Windows NT 5.1; rv:16.0) Gecko/20100101 Firefox/16.0"
91.37.218.219 - - [08/Jan/2013:20:55:57 +0100] "GET /css/stylesheet.css HTTP/1.1" 200 6398 "http://www.bsb-schrott.de/" "Mozilla/5.0 (Windows NT 5.1; rv:16.0) Gecko/20100101 Firefox/16.0"
91.37.218.219 - - [08/Jan/2013:20:55:57 +0100] "GET /img/news.jpg HTTP/1.1" 200 7536 "http://www.bsb-schrott.de/" "Mozilla/5.0 (Windows NT 5.1; rv:16.0) Gecko/20100101 Firefox/16.0"
91.37.218.219 - - [08/Jan/2013:20:55:57 +0100] "GET /img/gradient_header.png HTTP/1.1" 200 253 "http://www.bsb-schrott.de/css/stylesheet.css" "Mozilla/5.0 (Windows NT 5.1; rv:16.0) Gecko/20100101 Firefox/16.0"
91.37.218.219 - - [08/Jan/2013:20:55:57 +0100] "GET /img/nav_activ.png HTTP/1.1" 200 520 "http://www.bsb-schrott.de/css/stylesheet.css" "Mozilla/5.0 (Windows NT 5.1; rv:16.0) Gecko/20100101 Firefox/16.0"
91.37.218.219 - - [08/Jan/2013:20:55:57 +0100] "GET /img/nav.png HTTP/1.1" 200 197 "http://www.bsb-schrott.de/css/stylesheet.css" "Mozilla/5.0 (Windows NT 5.1; rv:16.0) Gecko/20100101 Firefox/16.0"
91.37.218.219 - - [08/Jan/2013:20:55:57 +0100] "GET /img/iwa_cert.png HTTP/1.1" 200 38259 "http://www.bsb-schrott.de/css/stylesheet.css" "Mozilla/5.0 (Windows NT 5.1; rv:16.0) Gecko/20100101 Firefox/16.0"
91.37.218.219 - - [08/Jan/2013:20:55:57 +0100] "GET /css/gudea-regular-webfont.woff HTTP/1.1" 200 21616 "http://www.bsb-schrott.de/css/stylesheet.css" "Mozilla/5.0 (Windows NT 5.1; rv:16.0) Gecko/20100101 Firefox/16.0"
91.37.218.219 - - [08/Jan/2013:20:55:57 +0100] "GET /img/header_banner.png HTTP/1.1" 200 22955 "http://www.bsb-schrott.de/css/stylesheet.css" "Mozilla/5.0 (Windows NT 5.1; rv:16.0) Gecko/20100101 Firefox/16.0"
91.37.218.219 - - [08/Jan/2013:20:55:57 +0100] "GET /img/bsb_logo.jpg HTTP/1.1" 200 31271 "http://www.bsb-schrott.de/css/stylesheet.css" "Mozilla/5.0 (Windows NT 5.1; rv:16.0) Gecko/20100101 Firefox/16.0"
91.37.218.219 - - [08/Jan/2013:20:55:57 +0100] "GET /img/gradient_navbar.png HTTP/1.1" 200 144 "http://www.bsb-schrott.de/css/stylesheet.css" "Mozilla/5.0 (Windows NT 5.1; rv:16.0) Gecko/20100101 Firefox/16.0"
91.37.218.219 - - [08/Jan/2013:20:55:57 +0100] "GET /css/gudea-bold-webfont.woff HTTP/1.1" 200 21884 "http://www.bsb-schrott.de/css/stylesheet.css" "Mozilla/5.0 (Windows NT 5.1; rv:16.0) Gecko/20100101 Firefox/16.0"
91.37.218.219 - - [08/Jan/2013:20:55:57 +0100] "GET /img/gradient_left.png HTTP/1.1" 200 135 "http://www.bsb-schrott.de/css/stylesheet.css" "Mozilla/5.0 (Windows NT 5.1; rv:16.0) Gecko/20100101 Firefox/16.0"
91.37.218.219 - - [08/Jan/2013:20:55:57 +0100] "GET /img/contentBg.png HTTP/1.1" 200 110 "http://www.bsb-schrott.de/css/stylesheet.css" "Mozilla/5.0 (Windows NT 5.1; rv:16.0) Gecko/20100101 Firefox/16.0"
91.37.218.219 - - [08/Jan/2013:20:55:57 +0100] "GET /img/lvl.png HTTP/1.1" 200 1441 "http://www.bsb-schrott.de/css/stylesheet.css" "Mozilla/5.0 (Windows NT 5.1; rv:16.0) Gecko/20100101 Firefox/16.0"
91.37.218.219 - - [08/Jan/2013:20:55:57 +0100] "GET /img/gradient_right.png HTTP/1.1" 200 127 "http://www.bsb-schrott.de/css/stylesheet.css" "Mozilla/5.0 (Windows NT 5.1; rv:16.0) Gecko/20100101 Firefox/16.0"
91.37.218.219 - - [08/Jan/2013:20:55:57 +0100] "GET /img/gradient_footer.png HTTP/1.1" 200 140 "http://www.bsb-schrott.de/css/stylesheet.css" "Mozilla/5.0 (Windows NT 5.1; rv:16.0) Gecko/20100101 Firefox/16.0"
91.37.218.219 - - [08/Jan/2013:20:55:57 +0100] "GET /img/bsb_background.jpg HTTP/1.1" 200 84092 "http://www.bsb-schrott.de/css/stylesheet.css" "Mozilla/5.0 (Windows NT 5.1; rv:16.0) Gecko/20100101 Firefox/16.0"
91.37.218.219 - - [08/Jan/2013:20:55:57 +0100] "GET /img/content_bagger.png HTTP/1.1" 200 143701 "http://www.bsb-schrott.de/css/stylesheet.css" "Mozilla/5.0 (Windows NT 5.1; rv:16.0) Gecko/20100101 Firefox/16.0"
91.37.218.219 - - [08/Jan/2013:20:55:58 +0100] "GET /favicon.ico HTTP/1.1" 404 1256 "-" "Mozilla/5.0 (Windows NT 5.1; rv:16.0) Gecko/20100101 Firefox/16.0"
91.37.218.219 - - [08/Jan/2013:20:55:58 +0100] "GET /favicon.ico HTTP/1.1" 404 1256 "-" "Mozilla/5.0 (Windows NT 5.1; rv:16.0) Gecko/20100101 Firefox/16.0"
91.37.218.219 - - [08/Jan/2013:20:56:01 +0100] "GET /leistungen.html HTTP/1.1" 200 3224 "http://www.bsb-schrott.de/" "Mozilla/5.0 (Windows NT 5.1; rv:16.0) Gecko/20100101 Firefox/16.0"
65.52.109.125 - - [08/Jan/2013:22:00:59 +0100] "GET /robots.txt HTTP/1.1" 404 1256 "-" "msnbot-media/1.1 (+http://search.msn.com/msnbot.htm)"
