208.115.113.91 - - [12/Mar/2015:09:48:28 +0100] "GET /news.php?cs_go=archiv&cs_id=5257&cs_search= HTTP/1.1" 200 5365 "-" "Mozilla/5.0 (compatible; DotBot/1.1; http://www.opensiteexplorer.org/dotbot, help@moz.com)"
188.165.15.206 - - [12/Mar/2015:10:42:33 +0100] "GET /jobs.php HTTP/1.1" 200 4965 "-" "Mozilla/5.0 (compatible; AhrefsBot/5.0; +http://ahrefs.com/robot/)"
188.165.15.209 - - [12/Mar/2015:11:17:38 +0100] "GET /additive.php HTTP/1.1" 200 5226 "-" "Mozilla/5.0 (compatible; AhrefsBot/5.0; +http://ahrefs.com/robot/)"
144.76.201.69 - - [12/Mar/2015:11:23:38 +0100] "GET /impressum.php HTTP/1.1" 200 6306 "-" "Mozilla/5.0 (Windows NT 6.1; WOW64) AppleWebKit/537.36 (KHTML, like Gecko) Chrome/27.0.1453.93 Safari/537.36"
188.138.41.206 - - [12/Mar/2015:11:26:19 +0100] "GET /robots.txt HTTP/1.1" 200 177 "-" "Mozilla/5.0 (X11; U; Linux Core i7-4980HQ; de; rv:32.0; compatible; Jobboerse.com; http://www.xn--jobbrse-d1a.com) Gecko/20100401 Firefox/24.0"
188.138.41.206 - - [12/Mar/2015:11:24:48 +0100] "GET / HTTP/1.1" 200 4480 "-" "Mozilla/5.0 (X11; U; Linux Core i7-4980HQ; de; rv:32.0; compatible; Jobboerse.com; http://www.xn--jobbrse-d1a.com) Gecko/20100401 Firefox/24.0"
188.138.41.206 - - [12/Mar/2015:11:29:33 +0100] "GET /favicon.ico HTTP/1.1" 200 3638 "-" "Mozilla/5.0 (X11; U; Linux Core i7-4980HQ; de; rv:32.0; compatible; Jobboerse.com; http://www.xn--jobbrse-d1a.com) Gecko/20100401 Firefox/24.0"
188.138.41.206 - - [12/Mar/2015:11:26:28 +0100] "GET / HTTP/1.1" 200 4480 "-" "Mozilla/5.0 (X11; U; Linux Core i7-4980HQ; de; rv:32.0; compatible; Jobboerse.com; http://www.xn--jobbrse-d1a.com) Gecko/20100401 Firefox/24.0"
188.138.41.206 - - [12/Mar/2015:11:28:02 +0100] "GET / HTTP/1.1" 200 4358 "-" "Mozilla/5.0 (X11; U; Linux Core i7-4980HQ; de; rv:32.0; compatible; Jobboerse.com; http://www.xn--jobbrse-d1a.com) Gecko/20100401 Firefox/24.0"
188.138.41.206 - - [12/Mar/2015:11:29:34 +0100] "GET / HTTP/1.1" 200 1139 "-" "Mozilla/5.0 (X11; U; Linux Core i7-4980HQ; de; rv:32.0; compatible; Jobboerse.com; http://www.xn--jobbrse-d1a.com) Gecko/20100401 Firefox/24.0"
188.138.41.206 - - [12/Mar/2015:11:32:38 +0100] "GET / HTTP/1.1" 200 1139 "-" "Mozilla/5.0 (X11; U; Linux Core i7-4980HQ; de; rv:32.0; compatible; Jobboerse.com; http://www.xn--jobbrse-d1a.com) Gecko/20100401 Firefox/24.0"
188.138.41.206 - - [12/Mar/2015:11:31:05 +0100] "GET / HTTP/1.1" 404 - "-" "Mozilla/5.0 (X11; U; Linux Core i7-4980HQ; de; rv:32.0; compatible; Jobboerse.com; http://www.xn--jobbrse-d1a.com) Gecko/20100401 Firefox/24.0"
136.243.16.7 - - [12/Mar/2015:11:55:57 +0100] "GET /robots.txt HTTP/1.0" 200 177 "-" "Mozilla/5.0 (compatible; MJ12bot/v1.4.5; http://www.majestic12.co.uk/bot.php?+)"
136.243.16.7 - - [12/Mar/2015:11:56:04 +0100] "GET /news.php?cs_go=archiv&cs_id=5311 HTTP/1.0" 200 5365 "-" "Mozilla/5.0 (compatible; MJ12bot/v1.4.5; http://www.majestic12.co.uk/bot.php?+)"
136.243.16.7 - - [12/Mar/2015:11:56:46 +0100] "GET /news.php?cs_go=archiv&cs_id=5312 HTTP/1.0" 200 5365 "-" "Mozilla/5.0 (compatible; MJ12bot/v1.4.5; http://www.majestic12.co.uk/bot.php?+)"
136.243.16.7 - - [12/Mar/2015:11:57:30 +0100] "GET /news.php?cs_go=archiv&cs_id=5313 HTTP/1.0" 200 5365 "-" "Mozilla/5.0 (compatible; MJ12bot/v1.4.5; http://www.majestic12.co.uk/bot.php?+)"
89.246.70.122 - - [12/Mar/2015:11:57:43 +0100] "GET / HTTP/1.1" 200 2371 "-" "Mozilla/5.0 (Windows NT 6.1; WOW64) AppleWebKit/537.36 (KHTML, like Gecko) Chrome/40.0.2214.115 Safari/537.36"
89.246.70.122 - - [12/Mar/2015:11:58:15 +0100] "GET / HTTP/1.1" 200 1137 "-" "Mozilla/5.0 (Windows NT 6.1; WOW64) AppleWebKit/537.36 (KHTML, like Gecko) Chrome/40.0.2214.115 Safari/537.36"
136.243.16.7 - - [12/Mar/2015:11:58:27 +0100] "GET /news.php?cs_go=archiv&cs_id=5314 HTTP/1.0" 200 5365 "-" "Mozilla/5.0 (compatible; MJ12bot/v1.4.5; http://www.majestic12.co.uk/bot.php?+)"
89.246.70.122 - - [12/Mar/2015:12:01:01 +0100] "GET / HTTP/1.1" 200 1139 "http://www.google.de/url?sa=t&rct=j&q=&esrc=s&source=web&cd=2&ved=0CCgQFjAB&url=http%3A%2F%2Fwww.mink-gmbh.de%2F&ei=vnEBVcCvG8jlaOKxgrgP&usg=AFQjCNFHX4Iglls9oo-KYXTmDUV_5KOVIg&bvm=bv.87920726,d.d2s" "Mozilla/5.0 (Windows NT 6.1; WOW64; rv:33.0) Gecko/20100101 Firefox/33.0"
208.115.111.75 - - [12/Mar/2015:13:48:54 +0100] "GET /robots.txt HTTP/1.1" 200 177 "-" "Mozilla/5.0 (compatible; DotBot/1.1; http://www.opensiteexplorer.org/dotbot, help@moz.com)"
185.53.44.188 - - [12/Mar/2015:13:47:02 +0100] "GET /diesel.php HTTP/1.1" 200 5226 "-" "Mozilla/5.0 (compatible; XoviBot/2.0; +http://www.xovibot.net/)"
178.63.80.14 - - [12/Mar/2015:14:27:51 +0100] "GET /jobs.php HTTP/1.1" 200 4965 "-" "Mozilla/5.0 (compatible; uMBot-IC/1.0; mailto: crawling@ubermetrics-technologies.com)"
78.47.15.198 - - [12/Mar/2015:14:30:31 +0100] "GET /robots.txt HTTP/1.1" 200 177 "-" "Mozilla/5.0 (compatible; uMBot-IC/1.0; mailto: crawling@ubermetrics-technologies.com)"
78.47.15.198 - - [12/Mar/2015:14:30:32 +0100] "GET /jobs.php HTTP/1.1" 200 4965 "-" "Mozilla/5.0 (compatible; uMBot-IC/1.0; mailto: crawling@ubermetrics-technologies.com)"
207.46.13.82 - - [12/Mar/2015:14:53:48 +0100] "GET /optiplus.php HTTP/1.1" 404 5342 "-" "Mozilla/5.0 (compatible; bingbot/2.0; +http://www.bing.com/bingbot.htm)"
208.115.111.75 - - [12/Mar/2015:15:40:23 +0100] "GET /news.php?cs_go=archiv&cs_id=5183&cs_search= HTTP/1.1" 200 5365 "-" "Mozilla/5.0 (compatible; DotBot/1.1; http://www.opensiteexplorer.org/dotbot, help@moz.com)"
208.115.113.91 - - [12/Mar/2015:15:50:57 +0100] "GET /robots.txt HTTP/1.1" 200 177 "-" "Mozilla/5.0 (compatible; DotBot/1.1; http://www.opensiteexplorer.org/dotbot, help@moz.com)"
66.249.78.177 - - [12/Mar/2015:16:22:38 +0100] "GET /robots.txt HTTP/1.1" 200 177 "-" "Mozilla/5.0 (compatible; Googlebot/2.1; +http://www.google.com/bot.html)"
66.249.78.184 - - [12/Mar/2015:16:22:38 +0100] "GET /kontakt.php HTTP/1.1" 200 4996 "-" "Mozilla/5.0 (iPhone; CPU iPhone OS 6_0 like Mac OS X) AppleWebKit/536.26 (KHTML, like Gecko) Version/6.0 Mobile/10A5376e Safari/8536.25 (compatible; Googlebot/2.1; +http://www.google.com/bot.html)"
207.46.13.129 - - [12/Mar/2015:16:19:33 +0100] "GET / HTTP/1.1" 200 2371 "-" "Mozilla/5.0 (compatible; bingbot/2.0; +http://www.bing.com/bingbot.htm)"
208.115.113.91 - - [12/Mar/2015:17:43:26 +0100] "GET /news.php?cs_go=archiv&cs_id=5180&cs_search= HTTP/1.1" 200 5365 "-" "Mozilla/5.0 (compatible; DotBot/1.1; http://www.opensiteexplorer.org/dotbot, help@moz.com)"
208.115.113.91 - - [12/Mar/2015:17:44:28 +0100] "GET /news.php?cs_go=archiv&cs_id=5337&cs_search= HTTP/1.1" 200 5365 "-" "Mozilla/5.0 (compatible; DotBot/1.1; http://www.opensiteexplorer.org/dotbot, help@moz.com)"
208.115.111.75 - - [12/Mar/2015:17:50:34 +0100] "GET /robots.txt HTTP/1.1" 200 177 "-" "Mozilla/5.0 (compatible; DotBot/1.1; http://www.opensiteexplorer.org/dotbot, help@moz.com)"
66.249.78.184 - - [12/Mar/2015:18:24:53 +0100] "GET /lexikon.php?cs_go=2&cs_char=r HTTP/1.1" 200 5379 "-" "Mozilla/5.0 (iPhone; CPU iPhone OS 6_0 like Mac OS X) AppleWebKit/536.26 (KHTML, like Gecko) Version/6.0 Mobile/10A5376e Safari/8536.25 (compatible; Googlebot/2.1; +http://www.google.com/bot.html)"
208.115.111.75 - - [12/Mar/2015:19:39:49 +0100] "GET /modernisierung.php?cs_gp_go=coupon HTTP/1.1" 200 5420 "-" "Mozilla/5.0 (compatible; DotBot/1.1; http://www.opensiteexplorer.org/dotbot, help@moz.com)"
178.255.215.84 - - [12/Mar/2015:20:19:34 +0100] "GET / HTTP/1.1" 200 4480 "-" "Mozilla/5.0 (compatible; Exabot/3.0; +http://www.exabot.com/go/robot)"
178.63.80.14 - - [12/Mar/2015:20:28:06 +0100] "GET /robots.txt HTTP/1.1" 200 177 "-" "Mozilla/5.0 (compatible; uMBot-IC/1.0; mailto: crawling@ubermetrics-technologies.com)"
178.63.80.14 - - [12/Mar/2015:20:28:06 +0100] "GET /jobs.php HTTP/1.1" 200 4965 "-" "Mozilla/5.0 (compatible; uMBot-IC/1.0; mailto: crawling@ubermetrics-technologies.com)"
78.47.15.198 - - [12/Mar/2015:20:30:46 +0100] "GET /robots.txt HTTP/1.1" 200 177 "-" "Mozilla/5.0 (compatible; uMBot-IC/1.0; mailto: crawling@ubermetrics-technologies.com)"
78.47.15.198 - - [12/Mar/2015:20:30:46 +0100] "GET /jobs.php HTTP/1.1" 200 4965 "-" "Mozilla/5.0 (compatible; uMBot-IC/1.0; mailto: crawling@ubermetrics-technologies.com)"
144.76.18.125 - - [12/Mar/2015:20:49:08 +0100] "GET / HTTP/1.1" 200 4480 "-" "Mozilla/5.0 (Windows; U; Windows NT 6.0; de; rv:1.9.2.3) Gecko/20100401 Firefox/3.6.3 ( .NET CLR 3.5.30729)"
94.23.204.136 - - [12/Mar/2015:22:01:25 +0100] "HEAD / HTTP/1.1" 200 - "-" "InternetSeer.com"
217.69.133.220 - - [12/Mar/2015:22:07:37 +0100] "GET /robots.txt HTTP/1.1" 200 177 "-" "Mozilla/5.0 (compatible; Linux x86_64; Mail.RU_Bot/2.0; +http://go.mail.ru/help/robots)"
217.69.133.226 - - [12/Mar/2015:22:07:38 +0100] "GET /optiplus.php HTTP/1.1" 404 5342 "-" "Mozilla/5.0 (compatible; Linux x86_64; Mail.RU_Bot/2.0; +http://go.mail.ru/help/robots)"
94.23.204.136 - - [12/Mar/2015:22:18:20 +0100] "HEAD / HTTP/1.1" 200 - "-" "InternetSeer.com"
185.53.44.183 - - [13/Mar/2015:00:46:16 +0100] "GET /optiplus.php HTTP/1.1" 404 5342 "-" "Mozilla/5.0 (compatible; XoviBot/2.0; +http://www.xovibot.net/)"
185.53.44.53 - - [13/Mar/2015:01:06:01 +0100] "GET / HTTP/1.1" 200 8120 "-" "Mozilla/5.0 (compatible; XoviBot/2.0; +http://www.xovibot.net/)"
217.69.133.226 - - [13/Mar/2015:01:17:39 +0100] "GET /robots.txt HTTP/1.1" 200 177 "-" "Mozilla/5.0 (compatible; Linux x86_64; Mail.RU_Bot/2.0; +http://go.mail.ru/help/robots)"
217.69.133.225 - - [13/Mar/2015:01:17:40 +0100] "GET /news.php?cs_go=archiv&cs_id=4567 HTTP/1.1" 200 5365 "-" "Mozilla/5.0 (compatible; Linux x86_64; Mail.RU_Bot/2.0; +http://go.mail.ru/help/robots)"
185.53.44.189 - - [13/Mar/2015:01:35:27 +0100] "GET /faq.php HTTP/1.1" 200 5392 "-" "Mozilla/5.0 (compatible; XoviBot/2.0; +http://www.xovibot.net/)"
66.249.78.177 - - [13/Mar/2015:02:00:04 +0100] "GET / HTTP/1.1" 200 4480 "-" "Mozilla/5.0 (iPhone; CPU iPhone OS 6_0 like Mac OS X) AppleWebKit/536.26 (KHTML, like Gecko) Version/6.0 Mobile/10A5376e Safari/8536.25 (compatible; Googlebot/2.1; +http://www.google.com/bot.html)"
213.239.211.141 - - [13/Mar/2015:02:04:50 +0100] "GET /robots.txt HTTP/1.0" 200 177 "-" ""
213.239.211.141 - - [13/Mar/2015:02:04:50 +0100] "GET / HTTP/1.1" 200 4480 "-" "Mozilla/5.0 (X11; U; Linux amd64; en-US; rv:5.0) Gecko/20110619 Firefox/5.0"
66.249.78.184 - - [13/Mar/2015:02:06:41 +0100] "GET / HTTP/1.1" 200 4480 "-" "Mozilla/5.0 (iPhone; CPU iPhone OS 6_0 like Mac OS X) AppleWebKit/536.26 (KHTML, like Gecko) Version/6.0 Mobile/10A5376e Safari/8536.25 (compatible; Googlebot/2.1; +http://www.google.com/bot.html)"
66.249.78.177 - - [13/Mar/2015:02:12:47 +0100] "GET / HTTP/1.1" 200 4480 "-" "Mozilla/5.0 (iPhone; CPU iPhone OS 6_0 like Mac OS X) AppleWebKit/536.26 (KHTML, like Gecko) Version/6.0 Mobile/10A5376e Safari/8536.25 (compatible; Googlebot/2.1; +http://www.google.com/bot.html)"
185.53.44.188 - - [13/Mar/2015:02:14:07 +0100] "GET /rueckrufservice.php HTTP/1.1" 200 5378 "-" "Mozilla/5.0 (compatible; XoviBot/2.0; +http://www.xovibot.net/)"
185.53.44.187 - - [13/Mar/2015:02:18:26 +0100] "GET /agb.php HTTP/1.1" 200 17543 "-" "Mozilla/5.0 (compatible; XoviBot/2.0; +http://www.xovibot.net/)"
178.63.80.14 - - [13/Mar/2015:02:28:20 +0100] "GET /robots.txt HTTP/1.1" 200 177 "-" "Mozilla/5.0 (compatible; uMBot-IC/1.0; mailto: crawling@ubermetrics-technologies.com)"
178.63.80.14 - - [13/Mar/2015:02:28:20 +0100] "GET /jobs.php HTTP/1.1" 200 4965 "-" "Mozilla/5.0 (compatible; uMBot-IC/1.0; mailto: crawling@ubermetrics-technologies.com)"
78.47.15.198 - - [13/Mar/2015:02:31:01 +0100] "GET /robots.txt HTTP/1.1" 200 177 "-" "Mozilla/5.0 (compatible; uMBot-IC/1.0; mailto: crawling@ubermetrics-technologies.com)"
78.47.15.198 - - [13/Mar/2015:02:31:01 +0100] "GET /jobs.php HTTP/1.1" 200 4965 "-" "Mozilla/5.0 (compatible; uMBot-IC/1.0; mailto: crawling@ubermetrics-technologies.com)"
185.53.44.115 - - [13/Mar/2015:02:36:37 +0100] "GET /preisanfrage.php HTTP/1.1" 200 5002 "-" "Mozilla/5.0 (compatible; XoviBot/2.0; +http://www.xovibot.net/)"
212.224.119.141 - - [13/Mar/2015:03:15:08 +0100] "GET /schwefelarmstandard.php HTTP/1.1" 200 5229 "-" "Mozilla/5.0 (compatible; XoviBot/2.0; +http://www.xovibot.net/)"
185.53.44.187 - - [13/Mar/2015:03:25:50 +0100] "GET /energiesparcheck.php HTTP/1.1" 200 5385 "-" "Mozilla/5.0 (compatible; XoviBot/2.0; +http://www.xovibot.net/)"
212.224.119.177 - - [13/Mar/2015:03:43:03 +0100] "GET /newsletter.php HTTP/1.1" 200 5536 "-" "Mozilla/5.0 (compatible; XoviBot/2.0; +http://www.xovibot.net/)"
185.53.44.117 - - [13/Mar/2015:04:00:19 +0100] "GET /jobs.php HTTP/1.1" 200 4965 "-" "Mozilla/5.0 (compatible; XoviBot/2.0; +http://www.xovibot.net/)"
207.46.13.129 - - [13/Mar/2015:03:57:38 +0100] "GET / HTTP/1.1" 200 2371 "-" "Mozilla/5.0 (compatible; bingbot/2.0; +http://www.bing.com/bingbot.htm)"
87.230.17.72 - - [13/Mar/2015:03:57:03 +0100] "GET / HTTP/1.1" 200 8120 "-" "ImplisenseBot 1.0"
87.230.17.72 - - [13/Mar/2015:04:06:33 +0100] "GET /impressum.php HTTP/1.1" 200 6306 "-" "ImplisenseBot 1.0"
185.53.44.176 - - [13/Mar/2015:04:36:43 +0100] "GET /wunschpreis.php HTTP/1.1" 200 5005 "-" "Mozilla/5.0 (compatible; XoviBot/2.0; +http://www.xovibot.net/)"
185.53.44.53 - - [13/Mar/2015:04:51:35 +0100] "GET /foerdermittel.php HTTP/1.1" 200 5380 "-" "Mozilla/5.0 (compatible; XoviBot/2.0; +http://www.xovibot.net/)"
185.53.44.107 - - [13/Mar/2015:04:52:05 +0100] "GET /modernisierung.php HTTP/1.1" 200 5420 "-" "Mozilla/5.0 (compatible; XoviBot/2.0; +http://www.xovibot.net/)"
208.115.111.75 - - [13/Mar/2015:05:48:49 +0100] "GET /robots.txt HTTP/1.1" 200 177 "-" "Mozilla/5.0 (compatible; DotBot/1.1; http://www.opensiteexplorer.org/dotbot, help@moz.com)"
66.249.78.191 - - [13/Mar/2015:06:42:05 +0100] "GET / HTTP/1.1" 200 4480 "-" "SAMSUNG-SGH-E250/1.0 Profile/MIDP-2.0 Configuration/CLDC-1.1 UP.Browser/6.2.3.3.c.1.101 (GUI) MMP/2.0 (compatible; Googlebot-Mobile/2.1; +http://www.google.com/bot.html)"
66.249.78.191 - - [13/Mar/2015:06:48:12 +0100] "GET / HTTP/1.1" 200 4480 "-" "SAMSUNG-SGH-E250/1.0 Profile/MIDP-2.0 Configuration/CLDC-1.1 UP.Browser/6.2.3.3.c.1.101 (GUI) MMP/2.0 (compatible; Googlebot-Mobile/2.1; +http://www.google.com/bot.html)"
66.249.78.191 - - [13/Mar/2015:06:54:45 +0100] "GET / HTTP/1.1" 200 4480 "-" "SAMSUNG-SGH-E250/1.0 Profile/MIDP-2.0 Configuration/CLDC-1.1 UP.Browser/6.2.3.3.c.1.101 (GUI) MMP/2.0 (compatible; Googlebot-Mobile/2.1; +http://www.google.com/bot.html)"
66.249.78.177 - - [13/Mar/2015:07:22:42 +0100] "GET /news.php?cs_go=archiv&cs_id=4697 HTTP/1.1" 200 5365 "-" "Mozilla/5.0 (compatible; Googlebot/2.1; +http://www.google.com/bot.html)"
66.249.78.191 - - [13/Mar/2015:07:28:51 +0100] "GET /news.php?cs_go=archiv&cs_id=4697 HTTP/1.1" 200 5365 "-" "Mozilla/5.0 (compatible; Googlebot/2.1; +http://www.google.com/bot.html)"
66.249.78.177 - - [13/Mar/2015:07:35:22 +0100] "GET /news.php?cs_go=archiv&cs_id=4697 HTTP/1.1" 200 5365 "-" "Mozilla/5.0 (compatible; Googlebot/2.1; +http://www.google.com/bot.html)"
208.115.111.75 - - [13/Mar/2015:07:41:15 +0100] "GET /lexikon.php?cs_go=2&cs_char=z HTTP/1.1" 200 5379 "-" "Mozilla/5.0 (compatible; DotBot/1.1; http://www.opensiteexplorer.org/dotbot, help@moz.com)"
208.115.111.75 - - [13/Mar/2015:07:40:21 +0100] "GET /news.php?cs_go=archiv&cs_id=5249&cs_search= HTTP/1.1" 200 5365 "-" "Mozilla/5.0 (compatible; DotBot/1.1; http://www.opensiteexplorer.org/dotbot, help@moz.com)"
94.23.204.136 - - [13/Mar/2015:08:00:07 +0100] "HEAD / HTTP/1.1" 200 - "-" "InternetSeer.com"
171.116.198.16 - - [13/Mar/2015:07:59:36 +0100] "GET /index.php HTTP/1.1" 200 2371 "-" "-"
94.23.204.136 - - [13/Mar/2015:08:09:46 +0100] "HEAD / HTTP/1.1" 200 - "-" "InternetSeer.com"
178.63.80.14 - - [13/Mar/2015:08:28:36 +0100] "GET /robots.txt HTTP/1.1" 200 177 "-" "Mozilla/5.0 (compatible; uMBot-IC/1.0; mailto: crawling@ubermetrics-technologies.com)"
178.63.80.14 - - [13/Mar/2015:08:28:36 +0100] "GET /jobs.php HTTP/1.1" 200 4965 "-" "Mozilla/5.0 (compatible; uMBot-IC/1.0; mailto: crawling@ubermetrics-technologies.com)"
78.47.15.198 - - [13/Mar/2015:08:31:14 +0100] "GET /robots.txt HTTP/1.1" 200 177 "-" "Mozilla/5.0 (compatible; uMBot-IC/1.0; mailto: crawling@ubermetrics-technologies.com)"
78.47.15.198 - - [13/Mar/2015:08:31:14 +0100] "GET /jobs.php HTTP/1.1" 200 4965 "-" "Mozilla/5.0 (compatible; uMBot-IC/1.0; mailto: crawling@ubermetrics-technologies.com)"
66.249.78.191 - - [13/Mar/2015:08:29:23 +0100] "GET /news.php HTTP/1.1" 200 5365 "-" "Mozilla/5.0 (compatible; Googlebot/2.1; +http://www.google.com/bot.html)"
66.249.78.184 - - [13/Mar/2015:08:35:28 +0100] "GET /news.php HTTP/1.1" 200 5365 "-" "Mozilla/5.0 (compatible; Googlebot/2.1; +http://www.google.com/bot.html)"
66.249.78.177 - - [13/Mar/2015:08:42:10 +0100] "GET /news.php HTTP/1.1" 200 5365 "-" "Mozilla/5.0 (compatible; Googlebot/2.1; +http://www.google.com/bot.html)"
66.249.78.191 - - [13/Mar/2015:08:56:46 +0100] "GET / HTTP/1.1" 200 4480 "-" "Mozilla/5.0 (iPhone; CPU iPhone OS 6_0 like Mac OS X) AppleWebKit/536.26 (KHTML, like Gecko) Version/6.0 Mobile/10A5376e Safari/8536.25 (compatible; Googlebot/2.1; +http://www.google.com/bot.html)"
66.249.78.191 - - [13/Mar/2015:09:03:26 +0100] "GET / HTTP/1.1" 200 4480 "-" "Mozilla/5.0 (iPhone; CPU iPhone OS 6_0 like Mac OS X) AppleWebKit/536.26 (KHTML, like Gecko) Version/6.0 Mobile/10A5376e Safari/8536.25 (compatible; Googlebot/2.1; +http://www.google.com/bot.html)"
66.249.78.184 - - [13/Mar/2015:09:09:43 +0100] "GET / HTTP/1.1" 200 4480 "-" "Mozilla/5.0 (iPhone; CPU iPhone OS 6_0 like Mac OS X) AppleWebKit/536.26 (KHTML, like Gecko) Version/6.0 Mobile/10A5376e Safari/8536.25 (compatible; Googlebot/2.1; +http://www.google.com/bot.html)"
144.76.26.177 - - [13/Mar/2015:09:29:28 +0100] "GET /robots.txt HTTP/1.0" 200 177 "-" "Mozilla/5.0 (compatible; MJ12bot/v1.4.5; http://www.majestic12.co.uk/bot.php?+)"
144.76.26.177 - - [13/Mar/2015:09:29:30 +0100] "GET /news.php?cs_go=archiv&cs_id=4245 HTTP/1.0" 200 5365 "-" "Mozilla/5.0 (compatible; MJ12bot/v1.4.5; http://www.majestic12.co.uk/bot.php?+)"
144.76.26.177 - - [13/Mar/2015:09:30:22 +0100] "GET /news.php?cs_go=archiv&cs_id=4246 HTTP/1.0" 200 5365 "-" "Mozilla/5.0 (compatible; MJ12bot/v1.4.5; http://www.majestic12.co.uk/bot.php?+)"
144.76.26.177 - - [13/Mar/2015:09:31:06 +0100] "GET /news.php?cs_go=archiv&cs_id=4251 HTTP/1.0" 200 5365 "-" "Mozilla/5.0 (compatible; MJ12bot/v1.4.5; http://www.majestic12.co.uk/bot.php?+)"
144.76.26.177 - - [13/Mar/2015:09:31:50 +0100] "GET /news.php?cs_go=archiv&cs_id=4481 HTTP/1.0" 200 5365 "-" "Mozilla/5.0 (compatible; MJ12bot/v1.4.5; http://www.majestic12.co.uk/bot.php?+)"
144.76.26.177 - - [13/Mar/2015:09:32:32 +0100] "GET /news.php?cs_go=archiv&cs_id=4486 HTTP/1.0" 200 5365 "-" "Mozilla/5.0 (compatible; MJ12bot/v1.4.5; http://www.majestic12.co.uk/bot.php?+)"
144.76.26.177 - - [13/Mar/2015:09:33:13 +0100] "GET /news.php?cs_go=archiv&cs_id=4487 HTTP/1.0" 200 5365 "-" "Mozilla/5.0 (compatible; MJ12bot/v1.4.5; http://www.majestic12.co.uk/bot.php?+)"
144.76.26.177 - - [13/Mar/2015:09:33:56 +0100] "GET /news.php?cs_go=archiv&cs_id=5315 HTTP/1.0" 200 5365 "-" "Mozilla/5.0 (compatible; MJ12bot/v1.4.5; http://www.majestic12.co.uk/bot.php?+)"
144.76.185.173 - - [13/Mar/2015:09:40:22 +0100] "GET /impressum.php HTTP/1.1" 200 6306 "-" "Mozilla/5.0 (Windows NT 6.1; rv:21.0) Gecko/20130401 Firefox/21.0"
208.115.111.75 - - [13/Mar/2015:09:49:36 +0100] "GET /robots.txt HTTP/1.1" 200 177 "-" "Mozilla/5.0 (compatible; DotBot/1.1; http://www.opensiteexplorer.org/dotbot, help@moz.com)"
85.25.202.18 - - [13/Mar/2015:10:20:56 +0100] "GET / HTTP/1.1" 200 4480 "http://www.sumaja.de/?such_wert=g\xfcnstig" "Mozilla/5.0 (Windows; U; Windows NT 6.1; de; rv:1.9.2.8) Gecko/20100722 Firefox/3.6.8 GTB7.1"
208.115.111.75 - - [13/Mar/2015:11:29:28 +0100] "GET /lexikon.php?cs_go=2&cs_char=x HTTP/1.1" 200 5379 "-" "Mozilla/5.0 (compatible; DotBot/1.1; http://www.opensiteexplorer.org/dotbot, help@moz.com)"
208.115.111.75 - - [13/Mar/2015:11:29:40 +0100] "GET /news.php?cs_go=archiv&cs_startpos=20 HTTP/1.1" 200 5365 "-" "Mozilla/5.0 (compatible; DotBot/1.1; http://www.opensiteexplorer.org/dotbot, help@moz.com)"
208.115.111.75 - - [13/Mar/2015:11:29:48 +0100] "GET /news.php?cs_go=archiv&cs_id=5132&cs_search= HTTP/1.1" 200 5365 "-" "Mozilla/5.0 (compatible; DotBot/1.1; http://www.opensiteexplorer.org/dotbot, help@moz.com)"
208.115.113.91 - - [13/Mar/2015:11:50:06 +0100] "GET /robots.txt HTTP/1.1" 200 177 "-" "Mozilla/5.0 (compatible; DotBot/1.1; http://www.opensiteexplorer.org/dotbot, help@moz.com)"
208.115.113.91 - - [13/Mar/2015:13:42:50 +0100] "GET /lexikon.php?cs_go=3&cs_id=19 HTTP/1.1" 200 5379 "-" "Mozilla/5.0 (compatible; DotBot/1.1; http://www.opensiteexplorer.org/dotbot, help@moz.com)"
208.115.113.91 - - [13/Mar/2015:13:43:41 +0100] "GET /lexikon.php?cs_go=2&cs_char=y HTTP/1.1" 200 5379 "-" "Mozilla/5.0 (compatible; DotBot/1.1; http://www.opensiteexplorer.org/dotbot, help@moz.com)"
208.115.113.91 - - [13/Mar/2015:13:42:45 +0100] "GET /news.php?cs_go=archiv&cs_startpos=90 HTTP/1.1" 200 5365 "-" "Mozilla/5.0 (compatible; DotBot/1.1; http://www.opensiteexplorer.org/dotbot, help@moz.com)"
208.115.111.75 - - [13/Mar/2015:13:49:22 +0100] "GET /robots.txt HTTP/1.1" 200 177 "-" "Mozilla/5.0 (compatible; DotBot/1.1; http://www.opensiteexplorer.org/dotbot, help@moz.com)"
66.249.78.184 - - [13/Mar/2015:13:54:57 +0100] "GET /news.php?cs_go=archiv&cs_id=4495 HTTP/1.1" 200 5365 "-" "Mozilla/5.0 (iPhone; CPU iPhone OS 6_0 like Mac OS X) AppleWebKit/536.26 (KHTML, like Gecko) Version/6.0 Mobile/10A5376e Safari/8536.25 (compatible; Googlebot/2.1; +http://www.google.com/bot.html)"
66.249.78.177 - - [13/Mar/2015:14:07:03 +0100] "GET /news.php?cs_go=archiv&cs_id=4495 HTTP/1.1" 200 5365 "-" "Mozilla/5.0 (iPhone; CPU iPhone OS 6_0 like Mac OS X) AppleWebKit/536.26 (KHTML, like Gecko) Version/6.0 Mobile/10A5376e Safari/8536.25 (compatible; Googlebot/2.1; +http://www.google.com/bot.html)"
66.249.78.177 - - [13/Mar/2015:14:16:03 +0100] "GET /news.php?cs_go=archiv&cs_id=4742&cs_search= HTTP/1.1" 200 5365 "-" "Mozilla/5.0 (iPhone; CPU iPhone OS 6_0 like Mac OS X) AppleWebKit/536.26 (KHTML, like Gecko) Version/6.0 Mobile/10A5376e Safari/8536.25 (compatible; Googlebot/2.1; +http://www.google.com/bot.html)"
66.249.78.177 - - [13/Mar/2015:14:19:04 +0100] "GET /news.php?cs_go=archiv&cs_id=4495 HTTP/1.1" 200 5365 "-" "Mozilla/5.0 (iPhone; CPU iPhone OS 6_0 like Mac OS X) AppleWebKit/536.26 (KHTML, like Gecko) Version/6.0 Mobile/10A5376e Safari/8536.25 (compatible; Googlebot/2.1; +http://www.google.com/bot.html)"
178.63.80.14 - - [13/Mar/2015:14:28:52 +0100] "GET /robots.txt HTTP/1.1" 200 177 "-" "Mozilla/5.0 (compatible; uMBot-IC/1.0; mailto: crawling@ubermetrics-technologies.com)"
178.63.80.14 - - [13/Mar/2015:14:28:52 +0100] "GET /jobs.php HTTP/1.1" 200 4965 "-" "Mozilla/5.0 (compatible; uMBot-IC/1.0; mailto: crawling@ubermetrics-technologies.com)"
66.249.78.191 - - [13/Mar/2015:14:28:04 +0100] "GET /news.php?cs_go=archiv&cs_id=4742&cs_search= HTTP/1.1" 200 5365 "-" "Mozilla/5.0 (iPhone; CPU iPhone OS 6_0 like Mac OS X) AppleWebKit/536.26 (KHTML, like Gecko) Version/6.0 Mobile/10A5376e Safari/8536.25 (compatible; Googlebot/2.1; +http://www.google.com/bot.html)"
78.47.15.198 - - [13/Mar/2015:14:31:27 +0100] "GET /robots.txt HTTP/1.1" 200 177 "-" "Mozilla/5.0 (compatible; uMBot-IC/1.0; mailto: crawling@ubermetrics-technologies.com)"
78.47.15.198 - - [13/Mar/2015:14:31:27 +0100] "GET /jobs.php HTTP/1.1" 200 4965 "-" "Mozilla/5.0 (compatible; uMBot-IC/1.0; mailto: crawling@ubermetrics-technologies.com)"
66.249.78.184 - - [13/Mar/2015:14:38:49 +0100] "GET /news.php?cs_go=archiv&cs_id=4742&cs_search= HTTP/1.1" 200 5365 "-" "Mozilla/5.0 (iPhone; CPU iPhone OS 6_0 like Mac OS X) AppleWebKit/536.26 (KHTML, like Gecko) Version/6.0 Mobile/10A5376e Safari/8536.25 (compatible; Googlebot/2.1; +http://www.google.com/bot.html)"
66.249.78.184 - - [13/Mar/2015:14:51:30 +0100] "GET / HTTP/1.1" 200 4480 "-" "Mozilla/5.0 (iPhone; CPU iPhone OS 6_0 like Mac OS X) AppleWebKit/536.26 (KHTML, like Gecko) Version/6.0 Mobile/10A5376e Safari/8536.25 (compatible; Googlebot/2.1; +http://www.google.com/bot.html)"
66.249.78.177 - - [13/Mar/2015:15:03:59 +0100] "GET / HTTP/1.1" 200 4480 "-" "Mozilla/5.0 (iPhone; CPU iPhone OS 6_0 like Mac OS X) AppleWebKit/536.26 (KHTML, like Gecko) Version/6.0 Mobile/10A5376e Safari/8536.25 (compatible; Googlebot/2.1; +http://www.google.com/bot.html)"
66.249.78.184 - - [13/Mar/2015:15:09:59 +0100] "GET / HTTP/1.1" 200 4480 "-" "SAMSUNG-SGH-E250/1.0 Profile/MIDP-2.0 Configuration/CLDC-1.1 UP.Browser/6.2.3.3.c.1.101 (GUI) MMP/2.0 (compatible; Googlebot-Mobile/2.1; +http://www.google.com/bot.html)"
185.53.44.127 - - [13/Mar/2015:15:10:16 +0100] "GET / HTTP/1.1" 200 8120 "-" "Mozilla/5.0 (compatible; XoviBot/2.0; +http://www.xovibot.net/)"
66.249.78.184 - - [13/Mar/2015:15:18:59 +0100] "GET / HTTP/1.1" 200 4480 "-" "SAMSUNG-SGH-E250/1.0 Profile/MIDP-2.0 Configuration/CLDC-1.1 UP.Browser/6.2.3.3.c.1.101 (GUI) MMP/2.0 (compatible; Googlebot-Mobile/2.1; +http://www.google.com/bot.html)"
66.249.78.191 - - [13/Mar/2015:15:27:59 +0100] "GET / HTTP/1.1" 200 4480 "-" "SAMSUNG-SGH-E250/1.0 Profile/MIDP-2.0 Configuration/CLDC-1.1 UP.Browser/6.2.3.3.c.1.101 (GUI) MMP/2.0 (compatible; Googlebot-Mobile/2.1; +http://www.google.com/bot.html)"
66.249.78.191 - - [13/Mar/2015:15:34:27 +0100] "GET / HTTP/1.1" 200 4480 "-" "Mozilla/5.0 (iPhone; CPU iPhone OS 6_0 like Mac OS X) AppleWebKit/536.26 (KHTML, like Gecko) Version/6.0 Mobile/10A5376e Safari/8536.25 (compatible; Googlebot/2.1; +http://www.google.com/bot.html)"
208.115.111.75 - - [13/Mar/2015:15:42:15 +0100] "GET /lexikon.php?cs_go=2&cs_char=v HTTP/1.1" 200 5379 "-" "Mozilla/5.0 (compatible; DotBot/1.1; http://www.opensiteexplorer.org/dotbot, help@moz.com)"
208.115.111.75 - - [13/Mar/2015:15:41:21 +0100] "GET /preisanfrage.php HTTP/1.1" 200 5002 "-" "Mozilla/5.0 (compatible; DotBot/1.1; http://www.opensiteexplorer.org/dotbot, help@moz.com)"
208.115.113.91 - - [13/Mar/2015:15:50:43 +0100] "GET /robots.txt HTTP/1.1" 200 177 "-" "Mozilla/5.0 (compatible; DotBot/1.1; http://www.opensiteexplorer.org/dotbot, help@moz.com)"
144.76.182.139 - - [13/Mar/2015:16:06:08 +0100] "GET /robots.txt HTTP/1.0" 200 177 "-" "Mozilla/5.0 (compatible; SEOkicks-Robot; +http://www.seokicks.de/robot.html)"
144.76.182.139 - - [13/Mar/2015:16:06:32 +0100] "GET /favicon.ico HTTP/1.0" 200 3638 "http://www.mink-gmbh.de/" "Mozilla/5.0 (compatible; SEOkicks-Robot; +http://www.seokicks.de/robot.html)"
144.76.182.139 - - [13/Mar/2015:16:06:35 +0100] "GET /style.css HTTP/1.0" 200 8402 "http://www.mink-gmbh.de/" "Mozilla/5.0 (compatible; SEOkicks-Robot; +http://www.seokicks.de/robot.html)"
144.76.182.139 - - [13/Mar/2015:16:06:38 +0100] "GET /modul.css HTTP/1.0" 200 35038 "http://www.mink-gmbh.de/" "Mozilla/5.0 (compatible; SEOkicks-Robot; +http://www.seokicks.de/robot.html)"
144.76.182.139 - - [13/Mar/2015:16:06:10 +0100] "GET / HTTP/1.0" 200 4480 "-" "Mozilla/5.0 (compatible; SEOkicks-Robot; +http://www.seokicks.de/robot.html)"
66.249.78.177 - - [13/Mar/2015:16:09:52 +0100] "GET /news.php?cs_go=archiv&cs_id=4428 HTTP/1.1" 200 5365 "-" "Mozilla/5.0 (iPhone; CPU iPhone OS 6_0 like Mac OS X) AppleWebKit/536.26 (KHTML, like Gecko) Version/6.0 Mobile/10A5376e Safari/8536.25 (compatible; Googlebot/2.1; +http://www.google.com/bot.html)"
66.249.78.191 - - [13/Mar/2015:16:15:52 +0100] "GET /news.php?cs_go=archiv&cs_id=3829&cs_search= HTTP/1.1" 200 5365 "-" "Mozilla/5.0 (iPhone; CPU iPhone OS 6_0 like Mac OS X) AppleWebKit/536.26 (KHTML, like Gecko) Version/6.0 Mobile/10A5376e Safari/8536.25 (compatible; Googlebot/2.1; +http://www.google.com/bot.html)"
66.249.78.177 - - [13/Mar/2015:16:18:52 +0100] "GET /news.php?cs_go=archiv&cs_id=4428 HTTP/1.1" 200 5365 "-" "Mozilla/5.0 (iPhone; CPU iPhone OS 6_0 like Mac OS X) AppleWebKit/536.26 (KHTML, like Gecko) Version/6.0 Mobile/10A5376e Safari/8536.25 (compatible; Googlebot/2.1; +http://www.google.com/bot.html)"
66.249.78.191 - - [13/Mar/2015:16:24:52 +0100] "GET /robots.txt HTTP/1.1" 200 177 "-" "Mozilla/5.0 (compatible; Googlebot/2.1; +http://www.google.com/bot.html)"
66.249.78.177 - - [13/Mar/2015:16:24:53 +0100] "GET /news.php?cs_go=archiv&cs_id=3829&cs_search= HTTP/1.1" 200 5365 "-" "Mozilla/5.0 (iPhone; CPU iPhone OS 6_0 like Mac OS X) AppleWebKit/536.26 (KHTML, like Gecko) Version/6.0 Mobile/10A5376e Safari/8536.25 (compatible; Googlebot/2.1; +http://www.google.com/bot.html)"
66.249.78.191 - - [13/Mar/2015:16:27:53 +0100] "GET /news.php?cs_go=archiv&cs_id=4428 HTTP/1.1" 200 5365 "-" "Mozilla/5.0 (iPhone; CPU iPhone OS 6_0 like Mac OS X) AppleWebKit/536.26 (KHTML, like Gecko) Version/6.0 Mobile/10A5376e Safari/8536.25 (compatible; Googlebot/2.1; +http://www.google.com/bot.html)"
66.249.78.191 - - [13/Mar/2015:16:34:18 +0100] "GET /news.php?cs_go=archiv&cs_id=3829&cs_search= HTTP/1.1" 200 5365 "-" "Mozilla/5.0 (iPhone; CPU iPhone OS 6_0 like Mac OS X) AppleWebKit/536.26 (KHTML, like Gecko) Version/6.0 Mobile/10A5376e Safari/8536.25 (compatible; Googlebot/2.1; +http://www.google.com/bot.html)"
123.125.71.46 - - [13/Mar/2015:16:39:22 +0100] "GET / HTTP/1.1" 200 2371 "-" "Mozilla/5.0 (Windows NT 5.1; rv:6.0.2) Gecko/20100101 Firefox/6.0.2"
220.181.108.157 - - [13/Mar/2015:16:41:37 +0100] "GET / HTTP/1.1" 200 2371 "-" "Mozilla/5.0 (Windows NT 5.1; rv:6.0.2) Gecko/20100101 Firefox/6.0.2"
66.249.64.113 - - [13/Mar/2015:17:17:58 +0100] "GET /news.php HTTP/1.1" 200 5365 "-" "Mozilla/5.0 (iPhone; CPU iPhone OS 6_0 like Mac OS X) AppleWebKit/536.26 (KHTML, like Gecko) Version/6.0 Mobile/10A5376e Safari/8536.25 (compatible; Googlebot/2.1; +http://www.google.com/bot.html)"
66.249.78.177 - - [13/Mar/2015:17:24:28 +0100] "GET /news.php HTTP/1.1" 200 5365 "-" "Mozilla/5.0 (iPhone; CPU iPhone OS 6_0 like Mac OS X) AppleWebKit/536.26 (KHTML, like Gecko) Version/6.0 Mobile/10A5376e Safari/8536.25 (compatible; Googlebot/2.1; +http://www.google.com/bot.html)"
66.249.78.177 - - [13/Mar/2015:17:30:53 +0100] "GET /news.php HTTP/1.1" 200 5365 "-" "Mozilla/5.0 (iPhone; CPU iPhone OS 6_0 like Mac OS X) AppleWebKit/536.26 (KHTML, like Gecko) Version/6.0 Mobile/10A5376e Safari/8536.25 (compatible; Googlebot/2.1; +http://www.google.com/bot.html)"
208.115.113.91 - - [13/Mar/2015:17:44:12 +0100] "GET /lexikon.php?cs_go=2&cs_char=w HTTP/1.1" 200 5379 "-" "Mozilla/5.0 (compatible; DotBot/1.1; http://www.opensiteexplorer.org/dotbot, help@moz.com)"
208.115.113.91 - - [13/Mar/2015:17:43:11 +0100] "GET /news.php?cs_go=archiv&cs_id=5266&cs_search= HTTP/1.1" 200 5365 "-" "Mozilla/5.0 (compatible; DotBot/1.1; http://www.opensiteexplorer.org/dotbot, help@moz.com)"
208.115.111.75 - - [13/Mar/2015:17:49:22 +0100] "GET /robots.txt HTTP/1.1" 200 177 "-" "Mozilla/5.0 (compatible; DotBot/1.1; http://www.opensiteexplorer.org/dotbot, help@moz.com)"
94.23.204.136 - - [13/Mar/2015:18:36:25 +0100] "HEAD / HTTP/1.1" 200 - "-" "InternetSeer.com"
94.23.204.136 - - [13/Mar/2015:18:36:26 +0100] "HEAD / HTTP/1.1" 200 - "-" "InternetSeer.com"
66.249.78.184 - - [13/Mar/2015:19:23:59 +0100] "GET /kontakt.php HTTP/1.1" 200 4996 "-" "Mozilla/5.0 (iPhone; CPU iPhone OS 6_0 like Mac OS X) AppleWebKit/536.26 (KHTML, like Gecko) Version/6.0 Mobile/10A5376e Safari/8536.25 (compatible; Googlebot/2.1; +http://www.google.com/bot.html)"
208.115.111.75 - - [13/Mar/2015:19:40:12 +0100] "GET /modernisierung.php HTTP/1.1" 200 5420 "-" "Mozilla/5.0 (compatible; DotBot/1.1; http://www.opensiteexplorer.org/dotbot, help@moz.com)"
208.115.111.75 - - [13/Mar/2015:19:40:22 +0100] "GET /lexikon.php?cs_go=2&cs_char=t HTTP/1.1" 200 5379 "-" "Mozilla/5.0 (compatible; DotBot/1.1; http://www.opensiteexplorer.org/dotbot, help@moz.com)"
208.115.113.91 - - [13/Mar/2015:19:51:26 +0100] "GET /robots.txt HTTP/1.1" 200 177 "-" "Mozilla/5.0 (compatible; DotBot/1.1; http://www.opensiteexplorer.org/dotbot, help@moz.com)"
66.249.78.184 - - [13/Mar/2015:20:16:08 +0100] "GET /news.php?cs_go=archiv&cs_id=5392 HTTP/1.1" 200 5365 "-" "Mozilla/5.0 (compatible; Googlebot/2.1; +http://www.google.com/bot.html)"
66.249.78.191 - - [13/Mar/2015:20:25:09 +0100] "GET /news.php?cs_go=archiv&cs_id=5392 HTTP/1.1" 200 5365 "-" "Mozilla/5.0 (compatible; Googlebot/2.1; +http://www.google.com/bot.html)"
178.63.80.14 - - [13/Mar/2015:20:29:04 +0100] "GET /robots.txt HTTP/1.1" 200 177 "-" "Mozilla/5.0 (compatible; uMBot-IC/1.0; mailto: crawling@ubermetrics-technologies.com)"
178.63.80.14 - - [13/Mar/2015:20:29:04 +0100] "GET /jobs.php HTTP/1.1" 200 4965 "-" "Mozilla/5.0 (compatible; uMBot-IC/1.0; mailto: crawling@ubermetrics-technologies.com)"
78.47.15.198 - - [13/Mar/2015:20:31:40 +0100] "GET /robots.txt HTTP/1.1" 200 177 "-" "Mozilla/5.0 (compatible; uMBot-IC/1.0; mailto: crawling@ubermetrics-technologies.com)"
78.47.15.198 - - [13/Mar/2015:20:31:40 +0100] "GET /jobs.php HTTP/1.1" 200 4965 "-" "Mozilla/5.0 (compatible; uMBot-IC/1.0; mailto: crawling@ubermetrics-technologies.com)"
66.249.78.191 - - [13/Mar/2015:20:31:39 +0100] "GET /news.php?cs_go=archiv&cs_id=5392 HTTP/1.1" 200 5365 "-" "Mozilla/5.0 (compatible; Googlebot/2.1; +http://www.google.com/bot.html)"
66.249.78.191 - - [13/Mar/2015:20:43:39 +0100] "GET /news.php?cs_go=archiv&cs_id=4495 HTTP/1.1" 200 5365 "-" "Mozilla/5.0 (iPhone; CPU iPhone OS 6_0 like Mac OS X) AppleWebKit/536.26 (KHTML, like Gecko) Version/6.0 Mobile/10A5376e Safari/8536.25 (compatible; Googlebot/2.1; +http://www.google.com/bot.html)"
66.249.78.177 - - [13/Mar/2015:20:58:40 +0100] "GET /news.php?cs_go=archiv&cs_id=4495 HTTP/1.1" 200 5365 "-" "Mozilla/5.0 (iPhone; CPU iPhone OS 6_0 like Mac OS X) AppleWebKit/536.26 (KHTML, like Gecko) Version/6.0 Mobile/10A5376e Safari/8536.25 (compatible; Googlebot/2.1; +http://www.google.com/bot.html)"
66.249.78.191 - - [13/Mar/2015:21:07:40 +0100] "GET /news.php?cs_go=archiv&cs_id=4495 HTTP/1.1" 200 5365 "-" "Mozilla/5.0 (iPhone; CPU iPhone OS 6_0 like Mac OS X) AppleWebKit/536.26 (KHTML, like Gecko) Version/6.0 Mobile/10A5376e Safari/8536.25 (compatible; Googlebot/2.1; +http://www.google.com/bot.html)"
208.115.113.91 - - [13/Mar/2015:21:43:46 +0100] "GET /lexikon.php?cs_go=2&cs_char=u HTTP/1.1" 200 5379 "-" "Mozilla/5.0 (compatible; DotBot/1.1; http://www.opensiteexplorer.org/dotbot, help@moz.com)"
208.115.113.91 - - [13/Mar/2015:21:42:46 +0100] "GET /news.php?cs_go=archiv&cs_id=5197&cs_search= HTTP/1.1" 200 5365 "-" "Mozilla/5.0 (compatible; DotBot/1.1; http://www.opensiteexplorer.org/dotbot, help@moz.com)"
208.115.111.75 - - [13/Mar/2015:21:49:15 +0100] "GET /robots.txt HTTP/1.1" 200 177 "-" "Mozilla/5.0 (compatible; DotBot/1.1; http://www.opensiteexplorer.org/dotbot, help@moz.com)"
66.249.78.191 - - [13/Mar/2015:21:55:23 +0100] "GET /news.php?cs_go=archiv&cs_id=4742&cs_search= HTTP/1.1" 200 5365 "-" "Mozilla/5.0 (iPhone; CPU iPhone OS 6_0 like Mac OS X) AppleWebKit/536.26 (KHTML, like Gecko) Version/6.0 Mobile/10A5376e Safari/8536.25 (compatible; Googlebot/2.1; +http://www.google.com/bot.html)"
66.249.78.191 - - [13/Mar/2015:22:01:23 +0100] "GET / HTTP/1.1" 200 4480 "-" "SAMSUNG-SGH-E250/1.0 Profile/MIDP-2.0 Configuration/CLDC-1.1 UP.Browser/6.2.3.3.c.1.101 (GUI) MMP/2.0 (compatible; Googlebot-Mobile/2.1; +http://www.google.com/bot.html)"
66.249.78.184 - - [13/Mar/2015:22:10:23 +0100] "GET / HTTP/1.1" 200 4480 "-" "SAMSUNG-SGH-E250/1.0 Profile/MIDP-2.0 Configuration/CLDC-1.1 UP.Browser/6.2.3.3.c.1.101 (GUI) MMP/2.0 (compatible; Googlebot-Mobile/2.1; +http://www.google.com/bot.html)"
66.249.78.177 - - [13/Mar/2015:22:14:13 +0100] "GET /news.php?cs_go=archiv&cs_id=4742&cs_search= HTTP/1.1" 200 5365 "-" "Mozilla/5.0 (iPhone; CPU iPhone OS 6_0 like Mac OS X) AppleWebKit/536.26 (KHTML, like Gecko) Version/6.0 Mobile/10A5376e Safari/8536.25 (compatible; Googlebot/2.1; +http://www.google.com/bot.html)"
66.249.78.191 - - [13/Mar/2015:22:17:13 +0100] "GET / HTTP/1.1" 200 4480 "-" "SAMSUNG-SGH-E250/1.0 Profile/MIDP-2.0 Configuration/CLDC-1.1 UP.Browser/6.2.3.3.c.1.101 (GUI) MMP/2.0 (compatible; Googlebot-Mobile/2.1; +http://www.google.com/bot.html)"
66.249.78.184 - - [13/Mar/2015:22:26:14 +0100] "GET /news.php?cs_go=archiv&cs_id=4742&cs_search= HTTP/1.1" 200 5365 "-" "Mozilla/5.0 (iPhone; CPU iPhone OS 6_0 like Mac OS X) AppleWebKit/536.26 (KHTML, like Gecko) Version/6.0 Mobile/10A5376e Safari/8536.25 (compatible; Googlebot/2.1; +http://www.google.com/bot.html)"
208.115.111.75 - - [13/Mar/2015:23:40:13 +0100] "GET /lexikon.php?cs_go=3&cs_id=169 HTTP/1.1" 200 5379 "-" "Mozilla/5.0 (compatible; DotBot/1.1; http://www.opensiteexplorer.org/dotbot, help@moz.com)"
208.115.111.75 - - [13/Mar/2015:23:40:24 +0100] "GET /lexikon.php?cs_go=2&cs_char=r HTTP/1.1" 200 5379 "-" "Mozilla/5.0 (compatible; DotBot/1.1; http://www.opensiteexplorer.org/dotbot, help@moz.com)"
84.137.14.104 - - [13/Mar/2015:23:50:05 +0100] "GET /style.css HTTP/1.1" 200 8402 "http://www.mink-gmbh.de/" "Mozilla/5.0 (Windows NT 6.1; WOW64; rv:36.0) Gecko/20100101 Firefox/36.0"
84.137.14.104 - - [13/Mar/2015:23:50:06 +0100] "GET /favicon.ico HTTP/1.1" 200 3638 "-" "Mozilla/5.0 (Windows NT 6.1; WOW64; rv:36.0) Gecko/20100101 Firefox/36.0"
84.137.14.104 - - [13/Mar/2015:23:50:05 +0100] "GET /modul.css HTTP/1.1" 200 35038 "http://www.mink-gmbh.de/" "Mozilla/5.0 (Windows NT 6.1; WOW64; rv:36.0) Gecko/20100101 Firefox/36.0"
208.115.113.91 - - [13/Mar/2015:23:51:36 +0100] "GET /robots.txt HTTP/1.1" 200 177 "-" "Mozilla/5.0 (compatible; DotBot/1.1; http://www.opensiteexplorer.org/dotbot, help@moz.com)"
84.137.14.104 - - [13/Mar/2015:23:50:05 +0100] "GET / HTTP/1.1" 200 4480 "-" "Mozilla/5.0 (Windows NT 6.1; WOW64; rv:36.0) Gecko/20100101 Firefox/36.0"
66.249.78.177 - - [13/Mar/2015:23:52:50 +0100] "GET /news.php?cs_go=archiv&cs_id=4428 HTTP/1.1" 200 5365 "-" "Mozilla/5.0 (iPhone; CPU iPhone OS 6_0 like Mac OS X) AppleWebKit/536.26 (KHTML, like Gecko) Version/6.0 Mobile/10A5376e Safari/8536.25 (compatible; Googlebot/2.1; +http://www.google.com/bot.html)"
82.80.249.171 - - [13/Mar/2015:23:57:34 +0100] "GET / HTTP/1.1" 200 4480 "-" "Mozilla/5.0 (Macintosh; Intel Mac OS X 10.9; rv:26.0) Gecko/20100101 Firefox/26.0"
82.80.249.171 - - [14/Mar/2015:00:00:52 +0100] "GET /style.css HTTP/1.1" 200 8402 "http://www.mink-gmbh.de/" "Mozilla/5.0 (Macintosh; Intel Mac OS X 10_9_1) AppleWebKit/537.36 (KHTML, like Gecko) Chrome/32.0.1700.68 Safari/537.36"
82.80.249.171 - - [14/Mar/2015:00:00:52 +0100] "GET /modul.css HTTP/1.1" 200 35038 "http://www.mink-gmbh.de/" "Opera/9.80 (Windows NT 6.1; WOW64) Presto/2.12.388 Version/12.16"
66.249.78.184 - - [14/Mar/2015:00:04:50 +0100] "GET /news.php?cs_go=archiv&cs_id=4428 HTTP/1.1" 200 5365 "-" "Mozilla/5.0 (iPhone; CPU iPhone OS 6_0 like Mac OS X) AppleWebKit/536.26 (KHTML, like Gecko) Version/6.0 Mobile/10A5376e Safari/8536.25 (compatible; Googlebot/2.1; +http://www.google.com/bot.html)"
66.249.78.177 - - [14/Mar/2015:00:13:50 +0100] "GET /news.php?cs_go=archiv&cs_id=3829&cs_search= HTTP/1.1" 200 5365 "-" "Mozilla/5.0 (iPhone; CPU iPhone OS 6_0 like Mac OS X) AppleWebKit/536.26 (KHTML, like Gecko) Version/6.0 Mobile/10A5376e Safari/8536.25 (compatible; Googlebot/2.1; +http://www.google.com/bot.html)"
66.249.78.177 - - [14/Mar/2015:00:16:50 +0100] "GET /news.php?cs_go=archiv&cs_id=4428 HTTP/1.1" 200 5365 "-" "Mozilla/5.0 (iPhone; CPU iPhone OS 6_0 like Mac OS X) AppleWebKit/536.26 (KHTML, like Gecko) Version/6.0 Mobile/10A5376e Safari/8536.25 (compatible; Googlebot/2.1; +http://www.google.com/bot.html)"
66.249.78.184 - - [14/Mar/2015:00:25:50 +0100] "GET /news.php?cs_go=archiv&cs_id=3829&cs_search= HTTP/1.1" 200 5365 "-" "Mozilla/5.0 (iPhone; CPU iPhone OS 6_0 like Mac OS X) AppleWebKit/536.26 (KHTML, like Gecko) Version/6.0 Mobile/10A5376e Safari/8536.25 (compatible; Googlebot/2.1; +http://www.google.com/bot.html)"
192.114.71.13 - - [14/Mar/2015:00:31:22 +0100] "GET /images/footerbg.jpg HTTP/1.1" 200 2184 "-" "Mozilla/5.0 (Windows NT 6.1; WOW64) AppleWebKit/537.36 (KHTML, like Gecko) Chrome/32.0.1700.41 Safari/537.36"
192.114.71.13 - - [14/Mar/2015:00:31:24 +0100] "GET /images/mobil.jpg HTTP/1.1" 200 25293 "-" "Mozilla/5.0 (Windows NT 6.1) AppleWebKit/537.36 (KHTML, like Gecko) Chrome/31.0.1650.63 Safari/537.36"
192.114.71.13 - - [14/Mar/2015:00:31:25 +0100] "GET /images/gleichbleibend.png HTTP/1.1" 200 534 "-" "Mozilla/5.0 (Macintosh; Intel Mac OS X 10_9_1) AppleWebKit/537.36 (KHTML, like Gecko) Chrome/31.0.1650.63 Safari/537.36"
192.114.71.13 - - [14/Mar/2015:00:31:26 +0100] "GET /images/header.jpg HTTP/1.1" 200 25189 "-" "Mozilla/5.0 (Macintosh; Intel Mac OS X 10_8_5) AppleWebKit/537.36 (KHTML, like Gecko) Chrome/31.0.1650.63 Safari/537.36"
192.114.71.13 - - [14/Mar/2015:00:31:26 +0100] "GET /images/bg.png HTTP/1.1" 200 922 "-" "Mozilla/5.0 (Windows NT 6.2; Win64; x64; rv:36.0) Gecko/20100101 Firefox/36.0"
82.80.234.142 - - [14/Mar/2015:00:31:28 +0100] "GET /images/steigend.png HTTP/1.1" 200 688 "-" "Mozilla/5.0 (X11; Linux x86_64) AppleWebKit/537.36 (KHTML, like Gecko) Chrome/31.0.1650.57 Safari/537.36"
192.114.71.13 - - [14/Mar/2015:00:31:29 +0100] "GET /images/navibg.png HTTP/1.1" 200 2803 "-" "Mozilla/5.0 (Windows NT 6.0; WOW64) AppleWebKit/534.30 (KHTML, like Gecko) Chrome/12.0.742.91 Safari/534.30"
192.114.71.13 - - [14/Mar/2015:00:31:29 +0100] "GET /images/newsletter.png HTTP/1.1" 200 14619 "-" "Mozilla/5.0 (Windows NT 6.2; Win64; x64; rv:27.0) Gecko/20100101 Firefox/27.0"
82.80.244.52 - - [14/Mar/2015:00:31:30 +0100] "GET /images/newsletter.jpg HTTP/1.1" 200 13130 "-" "Mozilla/5.0 (Macintosh; Intel Mac OS X 10_6_8) AppleWebKit/537.36 (KHTML, like Gecko) Chrome/31.0.1650.63 Safari/537.36"
82.80.244.57 - - [14/Mar/2015:00:31:32 +0100] "GET /images/wrapperbg.jpg HTTP/1.1" 200 27465 "-" "Mozilla/5.0 (Windows NT 6.1; WOW64; rv:26.0) Gecko/20100101 Firefox/26.0"
192.114.71.13 - - [14/Mar/2015:00:31:32 +0100] "GET /images/fallend.png HTTP/1.1" 200 713 "-" "Mozilla/5.0 (Windows NT 6.1; WOW64) AppleWebKit/537.36 (KHTML, like Gecko) Chrome/31.0.1650.63 Safari/537.36"
66.249.78.177 - - [14/Mar/2015:00:34:50 +0100] "GET /news.php?cs_go=archiv&cs_id=3829&cs_search= HTTP/1.1" 200 5365 "-" "Mozilla/5.0 (iPhone; CPU iPhone OS 6_0 like Mac OS X) AppleWebKit/536.26 (KHTML, like Gecko) Version/6.0 Mobile/10A5376e Safari/8536.25 (compatible; Googlebot/2.1; +http://www.google.com/bot.html)"
66.249.78.177 - - [14/Mar/2015:00:40:51 +0100] "GET /news.php HTTP/1.1" 200 5365 "-" "Mozilla/5.0 (iPhone; CPU iPhone OS 6_0 like Mac OS X) AppleWebKit/536.26 (KHTML, like Gecko) Version/6.0 Mobile/10A5376e Safari/8536.25 (compatible; Googlebot/2.1; +http://www.google.com/bot.html)"
66.249.78.184 - - [14/Mar/2015:00:49:51 +0100] "GET /news.php HTTP/1.1" 200 5365 "-" "Mozilla/5.0 (iPhone; CPU iPhone OS 6_0 like Mac OS X) AppleWebKit/536.26 (KHTML, like Gecko) Version/6.0 Mobile/10A5376e Safari/8536.25 (compatible; Googlebot/2.1; +http://www.google.com/bot.html)"
66.249.78.184 - - [14/Mar/2015:00:56:00 +0100] "GET /news.php HTTP/1.1" 200 5365 "-" "Mozilla/5.0 (iPhone; CPU iPhone OS 6_0 like Mac OS X) AppleWebKit/536.26 (KHTML, like Gecko) Version/6.0 Mobile/10A5376e Safari/8536.25 (compatible; Googlebot/2.1; +http://www.google.com/bot.html)"
68.180.228.227 - - [14/Mar/2015:01:01:35 +0100] "GET /robots.txt HTTP/1.1" 304 - "-" "Mozilla/5.0 (compatible; Yahoo! Slurp; http://help.yahoo.com/help/us/ysearch/slurp)"
68.180.228.227 - - [14/Mar/2015:01:01:35 +0100] "GET / HTTP/1.1" 200 4480 "-" "Mozilla/5.0 (compatible; Yahoo! Slurp; http://help.yahoo.com/help/us/ysearch/slurp)"
208.115.113.91 - - [14/Mar/2015:01:44:15 +0100] "GET /lexikon.php?cs_go=3&cs_id=168 HTTP/1.1" 200 5379 "-" "Mozilla/5.0 (compatible; DotBot/1.1; http://www.opensiteexplorer.org/dotbot, help@moz.com)"
208.115.113.91 - - [14/Mar/2015:01:44:31 +0100] "GET /lexikon.php?cs_go=2&cs_char=s HTTP/1.1" 200 5379 "-" "Mozilla/5.0 (compatible; DotBot/1.1; http://www.opensiteexplorer.org/dotbot, help@moz.com)"
208.115.113.91 - - [14/Mar/2015:01:44:04 +0100] "GET /news.php?cs_go=archiv&cs_id=5369&cs_search= HTTP/1.1" 200 5365 "-" "Mozilla/5.0 (compatible; DotBot/1.1; http://www.opensiteexplorer.org/dotbot, help@moz.com)"
208.115.113.91 - - [14/Mar/2015:01:44:10 +0100] "GET /news.php?cs_go=archiv&cs_id=5288&cs_search= HTTP/1.1" 200 5365 "-" "Mozilla/5.0 (compatible; DotBot/1.1; http://www.opensiteexplorer.org/dotbot, help@moz.com)"
208.115.111.75 - - [14/Mar/2015:01:50:14 +0100] "GET /robots.txt HTTP/1.1" 200 177 "-" "Mozilla/5.0 (compatible; DotBot/1.1; http://www.opensiteexplorer.org/dotbot, help@moz.com)"
178.63.80.14 - - [14/Mar/2015:02:29:20 +0100] "GET /robots.txt HTTP/1.1" 200 177 "-" "Mozilla/5.0 (compatible; uMBot-IC/1.0; mailto: crawling@ubermetrics-technologies.com)"
178.63.80.14 - - [14/Mar/2015:02:29:20 +0100] "GET /jobs.php HTTP/1.1" 200 4965 "-" "Mozilla/5.0 (compatible; uMBot-IC/1.0; mailto: crawling@ubermetrics-technologies.com)"
78.47.15.198 - - [14/Mar/2015:02:31:54 +0100] "GET /robots.txt HTTP/1.1" 200 177 "-" "Mozilla/5.0 (compatible; uMBot-IC/1.0; mailto: crawling@ubermetrics-technologies.com)"
78.47.15.198 - - [14/Mar/2015:02:31:54 +0100] "GET /jobs.php HTTP/1.1" 200 4965 "-" "Mozilla/5.0 (compatible; uMBot-IC/1.0; mailto: crawling@ubermetrics-technologies.com)"
66.249.78.184 - - [14/Mar/2015:02:58:01 +0100] "GET /news.php?cs_go=archiv&cs_id=4495 HTTP/1.1" 200 5365 "-" "Mozilla/5.0 (iPhone; CPU iPhone OS 6_0 like Mac OS X) AppleWebKit/536.26 (KHTML, like Gecko) Version/6.0 Mobile/10A5376e Safari/8536.25 (compatible; Googlebot/2.1; +http://www.google.com/bot.html)"
66.249.78.184 - - [14/Mar/2015:03:07:01 +0100] "GET /news.php?cs_go=archiv&cs_id=4495 HTTP/1.1" 200 5365 "-" "Mozilla/5.0 (iPhone; CPU iPhone OS 6_0 like Mac OS X) AppleWebKit/536.26 (KHTML, like Gecko) Version/6.0 Mobile/10A5376e Safari/8536.25 (compatible; Googlebot/2.1; +http://www.google.com/bot.html)"
66.249.78.177 - - [14/Mar/2015:03:16:10 +0100] "GET /news.php?cs_go=archiv&cs_id=4495 HTTP/1.1" 200 5365 "-" "Mozilla/5.0 (iPhone; CPU iPhone OS 6_0 like Mac OS X) AppleWebKit/536.26 (KHTML, like Gecko) Version/6.0 Mobile/10A5376e Safari/8536.25 (compatible; Googlebot/2.1; +http://www.google.com/bot.html)"
91.64.129.121 - - [14/Mar/2015:03:19:45 +0100] "GET / HTTP/1.1" 200 4480 "https://www.google.de/" "Mozilla/5.0 (iPhone; CPU iPhone OS 7_1_2 like Mac OS X) AppleWebKit/537.51.2 (KHTML, like Gecko) Version/7.0 Mobile/11D257 Safari/9537.53"
208.115.111.75 - - [14/Mar/2015:03:41:30 +0100] "GET /lexikon.php?cs_go=2&cs_char=p HTTP/1.1" 200 5379 "-" "Mozilla/5.0 (compatible; DotBot/1.1; http://www.opensiteexplorer.org/dotbot, help@moz.com)"
208.115.113.91 - - [14/Mar/2015:03:51:25 +0100] "GET /robots.txt HTTP/1.1" 200 177 "-" "Mozilla/5.0 (compatible; DotBot/1.1; http://www.opensiteexplorer.org/dotbot, help@moz.com)"
62.210.189.96 - - [14/Mar/2015:04:20:37 +0100] "GET / HTTP/1.1" 200 4480 "-" "Mozilla/5.0 (X11; Linux x86_64) AppleWebKit/537.21 (KHTML, like Gecko) profiller Safari/537.21"
94.23.204.136 - - [14/Mar/2015:04:27:43 +0100] "HEAD / HTTP/1.1" 200 - "-" "InternetSeer.com"
94.23.204.136 - - [14/Mar/2015:04:27:57 +0100] "HEAD / HTTP/1.1" 200 - "-" "InternetSeer.com"
123.125.71.51 - - [14/Mar/2015:04:40:15 +0100] "GET / HTTP/1.1" 200 2371 "-" "Mozilla/5.0 (Windows NT 5.1; rv:6.0.2) Gecko/20100101 Firefox/6.0.2"
220.181.108.177 - - [14/Mar/2015:04:42:24 +0100] "GET / HTTP/1.1" 200 1139 "-" "Mozilla/5.0 (Windows NT 5.1; rv:6.0.2) Gecko/20100101 Firefox/6.0.2"
66.249.78.191 - - [14/Mar/2015:05:17:59 +0100] "GET /news.php?cs_go=archiv&cs_id=5194 HTTP/1.1" 200 5365 "-" "Mozilla/5.0 (compatible; Googlebot/2.1; +http://www.google.com/bot.html)"
66.249.78.191 - - [14/Mar/2015:05:24:22 +0100] "GET /news.php?cs_go=archiv&cs_id=5194 HTTP/1.1" 200 5365 "-" "Mozilla/5.0 (compatible; Googlebot/2.1; +http://www.google.com/bot.html)"
66.249.78.191 - - [14/Mar/2015:05:30:29 +0100] "GET /news.php?cs_go=archiv&cs_id=5194 HTTP/1.1" 200 5365 "-" "Mozilla/5.0 (compatible; Googlebot/2.1; +http://www.google.com/bot.html)"
208.115.113.91 - - [14/Mar/2015:05:43:30 +0100] "GET /lexikon.php?cs_go=2&cs_char=q HTTP/1.1" 200 5379 "-" "Mozilla/5.0 (compatible; DotBot/1.1; http://www.opensiteexplorer.org/dotbot, help@moz.com)"
208.115.113.91 - - [14/Mar/2015:05:43:44 +0100] "GET /kwk.php?cs_go=4 HTTP/1.1" 200 5369 "-" "Mozilla/5.0 (compatible; DotBot/1.1; http://www.opensiteexplorer.org/dotbot, help@moz.com)"
123.125.71.80 - - [14/Mar/2015:05:41:24 +0100] "GET / HTTP/1.1" 200 1139 "-" "Mozilla/5.0 (Windows NT 5.1; rv:6.0.2) Gecko/20100101 Firefox/6.0.2"
208.115.113.91 - - [14/Mar/2015:05:42:27 +0100] "GET /news.php?cs_go=archiv&cs_startpos=170 HTTP/1.1" 200 5365 "-" "Mozilla/5.0 (compatible; DotBot/1.1; http://www.opensiteexplorer.org/dotbot, help@moz.com)"
220.181.108.144 - - [14/Mar/2015:05:43:54 +0100] "GET / HTTP/1.1" 200 1139 "-" "Mozilla/5.0 (Windows NT 5.1; rv:6.0.2) Gecko/20100101 Firefox/6.0.2"
208.115.111.75 - - [14/Mar/2015:05:50:56 +0100] "GET /robots.txt HTTP/1.1" 200 177 "-" "Mozilla/5.0 (compatible; DotBot/1.1; http://www.opensiteexplorer.org/dotbot, help@moz.com)"
66.249.78.184 - - [14/Mar/2015:06:12:06 +0100] "GET /news.php?cs_go=archiv&cs_id=4395 HTTP/1.1" 200 5365 "-" "Mozilla/5.0 (iPhone; CPU iPhone OS 6_0 like Mac OS X) AppleWebKit/536.26 (KHTML, like Gecko) Version/6.0 Mobile/10A5376e Safari/8536.25 (compatible; Googlebot/2.1; +http://www.google.com/bot.html)"
66.249.78.177 - - [14/Mar/2015:06:21:07 +0100] "GET /news.php?cs_go=archiv&cs_id=4395 HTTP/1.1" 200 5365 "-" "Mozilla/5.0 (iPhone; CPU iPhone OS 6_0 like Mac OS X) AppleWebKit/536.26 (KHTML, like Gecko) Version/6.0 Mobile/10A5376e Safari/8536.25 (compatible; Googlebot/2.1; +http://www.google.com/bot.html)"
66.249.64.109 - - [14/Mar/2015:06:27:52 +0100] "GET /news.php?cs_go=archiv&cs_id=4395 HTTP/1.1" 200 5365 "-" "Mozilla/5.0 (iPhone; CPU iPhone OS 6_0 like Mac OS X) AppleWebKit/536.26 (KHTML, like Gecko) Version/6.0 Mobile/10A5376e Safari/8536.25 (compatible; Googlebot/2.1; +http://www.google.com/bot.html)"
66.249.78.184 - - [14/Mar/2015:06:40:57 +0100] "GET /style.css HTTP/1.1" 200 8402 "-" "Mozilla/5.0 (compatible; Googlebot/2.1; +http://www.google.com/bot.html)"
