157.55.39.53 - - [02/Mar/2015:20:19:27 +0100] "GET / HTTP/1.1" 200 1618 "-" "Mozilla/5.0 (compatible; bingbot/2.0; +http://www.bing.com/bingbot.htm)"
78.47.15.198 - - [02/Mar/2015:20:24:42 +0100] "GET /robots.txt HTTP/1.1" 200 177 "-" "Mozilla/5.0 (compatible; uMBot-IC/1.0; mailto: crawling@ubermetrics-technologies.com)"
78.47.15.198 - - [02/Mar/2015:20:24:42 +0100] "GET /jobs.php HTTP/1.1" 200 4965 "-" "Mozilla/5.0 (compatible; uMBot-IC/1.0; mailto: crawling@ubermetrics-technologies.com)"
208.115.113.91 - - [02/Mar/2015:21:29:46 +0100] "GET /news.php?cs_go=archiv&cs_id=5335&cs_search= HTTP/1.1" 200 5365 "-" "Mozilla/5.0 (compatible; DotBot/1.1; http://www.opensiteexplorer.org/dotbot, help@moz.com)"
62.75.236.133 - - [02/Mar/2015:21:37:04 +0100] "GET / HTTP/1.1" 200 4480 "-" "PEAR HTTP_Request class ( http://pear.php.net/ )"
66.249.78.177 - - [02/Mar/2015:22:08:01 +0100] "GET / HTTP/1.1" 200 4480 "-" "Mozilla/5.0 (compatible; Googlebot/2.1; +http://www.google.com/bot.html)"
66.249.78.191 - - [02/Mar/2015:22:14:06 +0100] "GET / HTTP/1.1" 200 4480 "-" "Mozilla/5.0 (compatible; Googlebot/2.1; +http://www.google.com/bot.html)"
66.249.78.177 - - [02/Mar/2015:22:20:24 +0100] "GET / HTTP/1.1" 200 4480 "-" "Mozilla/5.0 (compatible; Googlebot/2.1; +http://www.google.com/bot.html)"
54.152.223.107 - - [02/Mar/2015:23:24:33 +0100] "GET /newsletter.php HTTP/1.1" 200 5536 "-" "Mozilla/5.0 (compatible& Googlebot/2.1& +http://www.google.com/bot.html)"
54.152.223.113 - - [02/Mar/2015:23:24:38 +0100] "GET /standard.php HTTP/1.1" 200 5259 "-" "Mozilla/5.0 (compatible& Googlebot/2.1& +http://www.google.com/bot.html)"
66.249.78.191 - - [02/Mar/2015:23:41:30 +0100] "GET /news.php?cs_go=archiv&cs_id=4093&cs_search= HTTP/1.1" 200 5365 "-" "SAMSUNG-SGH-E250/1.0 Profile/MIDP-2.0 Configuration/CLDC-1.1 UP.Browser/6.2.3.3.c.1.101 (GUI) MMP/2.0 (compatible; Googlebot-Mobile/2.1; +http://www.google.com/bot.html)"
66.249.78.184 - - [02/Mar/2015:23:47:40 +0100] "GET /news.php?cs_go=archiv&cs_id=4093&cs_search= HTTP/1.1" 200 5365 "-" "SAMSUNG-SGH-E250/1.0 Profile/MIDP-2.0 Configuration/CLDC-1.1 UP.Browser/6.2.3.3.c.1.101 (GUI) MMP/2.0 (compatible; Googlebot-Mobile/2.1; +http://www.google.com/bot.html)"
208.115.113.91 - - [02/Mar/2015:23:51:16 +0100] "GET /robots.txt HTTP/1.1" 200 177 "-" "Mozilla/5.0 (compatible; DotBot/1.1; http://www.opensiteexplorer.org/dotbot, help@moz.com)"
66.249.78.177 - - [02/Mar/2015:23:54:09 +0100] "GET /news.php?cs_go=archiv&cs_id=4093&cs_search= HTTP/1.1" 200 5365 "-" "SAMSUNG-SGH-E250/1.0 Profile/MIDP-2.0 Configuration/CLDC-1.1 UP.Browser/6.2.3.3.c.1.101 (GUI) MMP/2.0 (compatible; Googlebot-Mobile/2.1; +http://www.google.com/bot.html)"
66.249.78.184 - - [03/Mar/2015:00:45:38 +0100] "GET /wunschpreis.php HTTP/1.1" 200 5005 "-" "Mozilla/5.0 (iPhone; CPU iPhone OS 6_0 like Mac OS X) AppleWebKit/536.26 (KHTML, like Gecko) Version/6.0 Mobile/10A5376e Safari/8536.25 (compatible; Googlebot/2.1; +http://www.google.com/bot.html)"
66.249.78.191 - - [03/Mar/2015:00:57:38 +0100] "GET /robots.txt HTTP/1.1" 200 177 "-" "Mozilla/5.0 (compatible; Googlebot/2.1; +http://www.google.com/bot.html)"
66.249.78.191 - - [03/Mar/2015:00:57:38 +0100] "GET /wunschpreis.php HTTP/1.1" 200 5005 "-" "Mozilla/5.0 (iPhone; CPU iPhone OS 6_0 like Mac OS X) AppleWebKit/536.26 (KHTML, like Gecko) Version/6.0 Mobile/10A5376e Safari/8536.25 (compatible; Googlebot/2.1; +http://www.google.com/bot.html)"
66.249.78.191 - - [03/Mar/2015:01:06:41 +0100] "GET /wunschpreis.php HTTP/1.1" 200 5005 "-" "Mozilla/5.0 (iPhone; CPU iPhone OS 6_0 like Mac OS X) AppleWebKit/536.26 (KHTML, like Gecko) Version/6.0 Mobile/10A5376e Safari/8536.25 (compatible; Googlebot/2.1; +http://www.google.com/bot.html)"
208.115.113.91 - - [03/Mar/2015:01:43:56 +0100] "GET /news.php?cs_go=archiv&cs_id=5365&cs_search= HTTP/1.1" 200 5365 "-" "Mozilla/5.0 (compatible; DotBot/1.1; http://www.opensiteexplorer.org/dotbot, help@moz.com)"
208.115.111.75 - - [03/Mar/2015:01:50:39 +0100] "GET /robots.txt HTTP/1.1" 200 177 "-" "Mozilla/5.0 (compatible; DotBot/1.1; http://www.opensiteexplorer.org/dotbot, help@moz.com)"
178.63.80.14 - - [03/Mar/2015:02:19:33 +0100] "GET /robots.txt HTTP/1.1" 200 177 "-" "Mozilla/5.0 (compatible; uMBot-IC/1.0; mailto: crawling@ubermetrics-technologies.com)"
178.63.80.14 - - [03/Mar/2015:02:19:33 +0100] "GET /jobs.php HTTP/1.1" 200 4965 "-" "Mozilla/5.0 (compatible; uMBot-IC/1.0; mailto: crawling@ubermetrics-technologies.com)"
78.47.15.198 - - [03/Mar/2015:02:24:55 +0100] "GET /robots.txt HTTP/1.1" 200 177 "-" "Mozilla/5.0 (compatible; uMBot-IC/1.0; mailto: crawling@ubermetrics-technologies.com)"
78.47.15.198 - - [03/Mar/2015:02:24:55 +0100] "GET /jobs.php HTTP/1.1" 200 4965 "-" "Mozilla/5.0 (compatible; uMBot-IC/1.0; mailto: crawling@ubermetrics-technologies.com)"
144.76.18.125 - - [03/Mar/2015:03:28:45 +0100] "GET / HTTP/1.1" 200 4480 "-" "Mozilla/5.0 (Windows; U; Windows NT 6.0; de; rv:1.9.2.3) Gecko/20100401 Firefox/3.6.3 ( .NET CLR 3.5.30729)"
144.76.18.125 - - [03/Mar/2015:03:29:03 +0100] "GET / HTTP/1.1" 200 4480 "-" "Mozilla/5.0 (Windows; U; Windows NT 6.0; de; rv:1.9.2.3) Gecko/20100401 Firefox/3.6.3 ( .NET CLR 3.5.30729)"
144.76.18.125 - - [03/Mar/2015:03:29:14 +0100] "GET / HTTP/1.1" 200 4480 "-" "Mozilla/5.0 (Windows; U; Windows NT 6.0; de; rv:1.9.2.3) Gecko/20100401 Firefox/3.6.3 ( .NET CLR 3.5.30729)"
144.76.18.125 - - [03/Mar/2015:03:29:30 +0100] "GET / HTTP/1.1" 200 4480 "-" "Mozilla/5.0 (Windows; U; Windows NT 6.0; de; rv:1.9.2.3) Gecko/20100401 Firefox/3.6.3 ( .NET CLR 3.5.30729)"
144.76.18.125 - - [03/Mar/2015:03:29:54 +0100] "GET / HTTP/1.1" 200 4480 "-" "Mozilla/5.0 (Windows; U; Windows NT 6.0; de; rv:1.9.2.3) Gecko/20100401 Firefox/3.6.3 ( .NET CLR 3.5.30729)"
144.76.18.125 - - [03/Mar/2015:03:30:16 +0100] "GET / HTTP/1.1" 200 4480 "-" "Mozilla/5.0 (Windows; U; Windows NT 6.0; de; rv:1.9.2.3) Gecko/20100401 Firefox/3.6.3 ( .NET CLR 3.5.30729)"
207.46.13.82 - - [03/Mar/2015:03:36:09 +0100] "GET /news.php?cs_go=archiv&cs_id=4351 HTTP/1.1" 200 5365 "-" "Mozilla/5.0 (compatible; bingbot/2.0; +http://www.bing.com/bingbot.htm)"
208.115.111.75 - - [03/Mar/2015:03:39:33 +0100] "GET /news.php?cs_go=archiv&cs_startpos=130 HTTP/1.1" 200 5365 "-" "Mozilla/5.0 (compatible; DotBot/1.1; http://www.opensiteexplorer.org/dotbot, help@moz.com)"
208.115.113.91 - - [03/Mar/2015:03:51:39 +0100] "GET /robots.txt HTTP/1.1" 200 177 "-" "Mozilla/5.0 (compatible; DotBot/1.1; http://www.opensiteexplorer.org/dotbot, help@moz.com)"
82.94.179.38 - - [03/Mar/2015:03:53:44 +0100] "GET /robots.txt HTTP/1.0" 200 177 "-" "Mozilla/4.0 (compatible; Vagabondo/4.0/EU; http://webagent.wise-guys.nl/)"
82.94.179.38 - - [03/Mar/2015:03:53:44 +0100] "GET /news.php?cs_go=archiv&cs_id=5214 HTTP/1.1" 200 5365 "http://www.mink-gmbh.de/news.php?cs_go=archiv&cs_startpos=10" "Mozilla/4.0 (compatible; Vagabondo/4.0/EU; http://www.wise-guys.nl/)"
82.94.179.38 - - [03/Mar/2015:03:54:14 +0100] "GET /news.php?cs_go=archiv&cs_id=5250 HTTP/1.1" 200 5365 "http://www.mink-gmbh.de/news.php?cs_go=archiv&cs_startpos=30" "Mozilla/4.0 (compatible; Vagabondo/4.0/EU; http://www.wise-guys.nl/)"
82.94.179.38 - - [03/Mar/2015:03:54:45 +0100] "GET /news.php?cs_go=archiv&cs_id=5299 HTTP/1.1" 200 5365 "http://www.mink-gmbh.de/news.php?cs_go=archiv&cs_startpos=20" "Mozilla/4.0 (compatible; Vagabondo/4.0/EU; http://www.wise-guys.nl/)"
82.94.179.38 - - [03/Mar/2015:03:55:14 +0100] "GET /news.php?cs_go=archiv&cs_id=5363 HTTP/1.1" 200 5365 "http://www.mink-gmbh.de/news.php?cs_go=archiv&cs_startpos=10" "Mozilla/4.0 (compatible; Vagabondo/4.0/EU; http://www.wise-guys.nl/)"
82.94.179.38 - - [03/Mar/2015:03:55:45 +0100] "GET /news.php?cs_go=archiv&cs_id=5178 HTTP/1.1" 200 5365 "http://www.mink-gmbh.de/news.php?cs_go=archiv&cs_startpos=10" "Mozilla/4.0 (compatible; Vagabondo/4.0/EU; http://www.wise-guys.nl/)"
82.94.179.38 - - [03/Mar/2015:03:56:15 +0100] "GET /news.php?cs_go=archiv&cs_id=5177 HTTP/1.1" 200 5365 "http://www.mink-gmbh.de/news.php?cs_go=archiv&cs_startpos=10" "Mozilla/4.0 (compatible; Vagabondo/4.0/EU; http://www.wise-guys.nl/)"
82.94.179.38 - - [03/Mar/2015:03:57:07 +0100] "GET /news.php?cs_go=archiv&cs_id=5172 HTTP/1.1" 200 5365 "http://www.mink-gmbh.de/news.php?cs_go=archiv&cs_startpos=20" "Mozilla/4.0 (compatible; Vagabondo/4.0/EU; http://www.wise-guys.nl/)"
82.94.179.38 - - [03/Mar/2015:03:58:01 +0100] "GET /news.php?cs_go=archiv&cs_id=5170 HTTP/1.1" 200 5365 "http://www.mink-gmbh.de/news.php?cs_go=archiv&cs_startpos=20" "Mozilla/4.0 (compatible; Vagabondo/4.0/EU; http://www.wise-guys.nl/)"
82.94.179.38 - - [03/Mar/2015:04:24:27 +0100] "GET /news.php?cs_go=archiv&cs_id=5345 HTTP/1.1" 200 5365 "http://www.mink-gmbh.de/news.php?cs_go=archiv&cs_startpos=10" "Mozilla/4.0 (compatible; Vagabondo/4.0/EU; http://www.wise-guys.nl/)"
82.94.179.38 - - [03/Mar/2015:04:26:32 +0100] "GET /news.php?cs_go=archiv&cs_id=5344 HTTP/1.1" 200 5365 "http://www.mink-gmbh.de/news.php?cs_go=archiv&cs_startpos=10" "Mozilla/4.0 (compatible; Vagabondo/4.0/EU; http://www.wise-guys.nl/)"
82.94.179.38 - - [03/Mar/2015:04:29:03 +0100] "GET /news.php?cs_go=archiv&cs_id=5343 HTTP/1.1" 200 5365 "http://www.mink-gmbh.de/news.php?cs_go=archiv&cs_startpos=10" "Mozilla/4.0 (compatible; Vagabondo/4.0/EU; http://www.wise-guys.nl/)"
82.94.179.38 - - [03/Mar/2015:04:31:29 +0100] "GET /news.php?cs_go=archiv&cs_id=5342 HTTP/1.1" 200 5365 "http://www.mink-gmbh.de/news.php?cs_go=archiv&cs_startpos=10" "Mozilla/4.0 (compatible; Vagabondo/4.0/EU; http://www.wise-guys.nl/)"
82.94.179.38 - - [03/Mar/2015:04:33:39 +0100] "GET /news.php?cs_go=archiv&cs_id=5341 HTTP/1.1" 200 5365 "http://www.mink-gmbh.de/news.php?cs_go=archiv&cs_startpos=10" "Mozilla/4.0 (compatible; Vagabondo/4.0/EU; http://www.wise-guys.nl/)"
82.94.179.38 - - [03/Mar/2015:04:35:54 +0100] "GET /news.php?cs_go=archiv&cs_id=5340 HTTP/1.1" 200 5365 "http://www.mink-gmbh.de/news.php?cs_go=archiv&cs_startpos=20" "Mozilla/4.0 (compatible; Vagabondo/4.0/EU; http://www.wise-guys.nl/)"
82.94.179.38 - - [03/Mar/2015:04:38:16 +0100] "GET /news.php?cs_go=archiv&cs_id=5339 HTTP/1.1" 200 5365 "http://www.mink-gmbh.de/news.php?cs_go=archiv&cs_startpos=20" "Mozilla/4.0 (compatible; Vagabondo/4.0/EU; http://www.wise-guys.nl/)"
82.94.179.38 - - [03/Mar/2015:04:40:28 +0100] "GET /news.php?cs_go=archiv&cs_id=5338 HTTP/1.1" 200 5365 "http://www.mink-gmbh.de/news.php?cs_go=archiv&cs_startpos=20" "Mozilla/4.0 (compatible; Vagabondo/4.0/EU; http://www.wise-guys.nl/)"
82.94.179.38 - - [03/Mar/2015:04:42:45 +0100] "GET /news.php?cs_go=archiv&cs_id=5337 HTTP/1.1" 200 5365 "http://www.mink-gmbh.de/news.php?cs_go=archiv&cs_startpos=20" "Mozilla/4.0 (compatible; Vagabondo/4.0/EU; http://www.wise-guys.nl/)"
82.94.179.38 - - [03/Mar/2015:04:45:01 +0100] "GET /news.php?cs_go=archiv&cs_id=5336 HTTP/1.1" 200 5365 "http://www.mink-gmbh.de/news.php?cs_go=archiv&cs_startpos=20" "Mozilla/4.0 (compatible; Vagabondo/4.0/EU; http://www.wise-guys.nl/)"
82.94.179.38 - - [03/Mar/2015:04:47:25 +0100] "GET /news.php?cs_go=archiv&cs_id=5335 HTTP/1.1" 200 5365 "http://www.mink-gmbh.de/news.php?cs_go=archiv&cs_startpos=20" "Mozilla/4.0 (compatible; Vagabondo/4.0/EU; http://www.wise-guys.nl/)"
82.94.179.38 - - [03/Mar/2015:04:49:50 +0100] "GET /news.php?cs_go=archiv&cs_id=5334 HTTP/1.1" 200 5365 "http://www.mink-gmbh.de/news.php?cs_go=archiv&cs_startpos=20" "Mozilla/4.0 (compatible; Vagabondo/4.0/EU; http://www.wise-guys.nl/)"
82.94.179.38 - - [03/Mar/2015:04:52:11 +0100] "GET /news.php?cs_go=archiv&cs_id=5179 HTTP/1.1" 200 5365 "http://www.mink-gmbh.de/news.php?cs_go=archiv&cs_startpos=10" "Mozilla/4.0 (compatible; Vagabondo/4.0/EU; http://www.wise-guys.nl/)"
82.94.179.38 - - [03/Mar/2015:04:54:27 +0100] "GET /news.php?cs_go=archiv&cs_id=5332 HTTP/1.1" 200 5365 "http://www.mink-gmbh.de/news.php?cs_go=archiv&cs_startpos=20" "Mozilla/4.0 (compatible; Vagabondo/4.0/EU; http://www.wise-guys.nl/)"
82.94.179.38 - - [03/Mar/2015:04:56:41 +0100] "GET /news.php?cs_go=archiv&cs_id=5331 HTTP/1.1" 200 5365 "http://www.mink-gmbh.de/news.php?cs_go=archiv&cs_startpos=20" "Mozilla/4.0 (compatible; Vagabondo/4.0/EU; http://www.wise-guys.nl/)"
82.94.179.38 - - [03/Mar/2015:04:58:49 +0100] "GET /news.php?cs_go=archiv&cs_id=5330 HTTP/1.1" 200 5365 "http://www.mink-gmbh.de/news.php?cs_go=archiv&cs_startpos=30" "Mozilla/4.0 (compatible; Vagabondo/4.0/EU; http://www.wise-guys.nl/)"
82.94.179.38 - - [03/Mar/2015:05:01:18 +0100] "GET /news.php?cs_go=archiv&cs_id=5329 HTTP/1.1" 200 5365 "http://www.mink-gmbh.de/news.php?cs_go=archiv&cs_startpos=30" "Mozilla/4.0 (compatible; Vagabondo/4.0/EU; http://www.wise-guys.nl/)"
82.94.179.38 - - [03/Mar/2015:05:03:44 +0100] "GET /news.php?cs_go=archiv&cs_id=5328 HTTP/1.1" 200 5365 "http://www.mink-gmbh.de/news.php?cs_go=archiv&cs_startpos=30" "Mozilla/4.0 (compatible; Vagabondo/4.0/EU; http://www.wise-guys.nl/)"
82.94.179.38 - - [03/Mar/2015:05:06:06 +0100] "GET /news.php?cs_go=archiv&cs_id=5326 HTTP/1.1" 200 5365 "http://www.mink-gmbh.de/news.php?cs_go=archiv&cs_startpos=30" "Mozilla/4.0 (compatible; Vagabondo/4.0/EU; http://www.wise-guys.nl/)"
82.94.179.38 - - [03/Mar/2015:05:08:14 +0100] "GET /news.php?cs_go=archiv&cs_id=5108 HTTP/1.1" 200 5365 "http://www.mink-gmbh.de/news.php?cs_go=archiv&cs_startpos=180" "Mozilla/4.0 (compatible; Vagabondo/4.0/EU; http://www.wise-guys.nl/)"
82.94.179.38 - - [03/Mar/2015:05:10:28 +0100] "GET /news.php?cs_go=archiv&cs_id=5309 HTTP/1.1" 200 5365 "http://www.mink-gmbh.de/news.php?cs_go=archiv&cs_startpos=10" "Mozilla/4.0 (compatible; Vagabondo/4.0/EU; http://www.wise-guys.nl/)"
208.115.113.91 - - [03/Mar/2015:05:43:33 +0100] "GET /lexikon.php?cs_go=3&cs_id=208 HTTP/1.1" 200 5379 "-" "Mozilla/5.0 (compatible; DotBot/1.1; http://www.opensiteexplorer.org/dotbot, help@moz.com)"
66.249.78.177 - - [03/Mar/2015:05:41:55 +0100] "GET /news.php HTTP/1.1" 200 5365 "-" "Mozilla/5.0 (compatible; Googlebot/2.1; +http://www.google.com/bot.html)"
208.115.111.75 - - [03/Mar/2015:05:51:02 +0100] "GET /robots.txt HTTP/1.1" 200 177 "-" "Mozilla/5.0 (compatible; DotBot/1.1; http://www.opensiteexplorer.org/dotbot, help@moz.com)"
66.249.78.177 - - [03/Mar/2015:05:48:51 +0100] "GET /news.php HTTP/1.1" 200 5365 "-" "Mozilla/5.0 (compatible; Googlebot/2.1; +http://www.google.com/bot.html)"
66.249.78.184 - - [03/Mar/2015:05:55:15 +0100] "GET /news.php HTTP/1.1" 200 5365 "-" "Mozilla/5.0 (compatible; Googlebot/2.1; +http://www.google.com/bot.html)"
66.249.78.191 - - [03/Mar/2015:06:53:25 +0100] "GET /news.php?cs_go=archiv&cs_id=4093&cs_search= HTTP/1.1" 200 5365 "-" "SAMSUNG-SGH-E250/1.0 Profile/MIDP-2.0 Configuration/CLDC-1.1 UP.Browser/6.2.3.3.c.1.101 (GUI) MMP/2.0 (compatible; Googlebot-Mobile/2.1; +http://www.google.com/bot.html)"
66.249.78.184 - - [03/Mar/2015:06:59:55 +0100] "GET /news.php?cs_go=archiv&cs_id=4093&cs_search= HTTP/1.1" 200 5365 "-" "SAMSUNG-SGH-E250/1.0 Profile/MIDP-2.0 Configuration/CLDC-1.1 UP.Browser/6.2.3.3.c.1.101 (GUI) MMP/2.0 (compatible; Googlebot-Mobile/2.1; +http://www.google.com/bot.html)"
66.249.78.177 - - [03/Mar/2015:07:06:35 +0100] "GET /news.php?cs_go=archiv&cs_id=4093&cs_search= HTTP/1.1" 200 5365 "-" "SAMSUNG-SGH-E250/1.0 Profile/MIDP-2.0 Configuration/CLDC-1.1 UP.Browser/6.2.3.3.c.1.101 (GUI) MMP/2.0 (compatible; Googlebot-Mobile/2.1; +http://www.google.com/bot.html)"
66.249.78.184 - - [03/Mar/2015:07:28:56 +0100] "GET /news.php HTTP/1.1" 200 5365 "-" "Mozilla/5.0 (iPhone; CPU iPhone OS 6_0 like Mac OS X) AppleWebKit/536.26 (KHTML, like Gecko) Version/6.0 Mobile/10A5376e Safari/8536.25 (compatible; Googlebot/2.1; +http://www.google.com/bot.html)"
66.249.78.191 - - [03/Mar/2015:07:35:11 +0100] "GET /news.php HTTP/1.1" 200 5365 "-" "Mozilla/5.0 (iPhone; CPU iPhone OS 6_0 like Mac OS X) AppleWebKit/536.26 (KHTML, like Gecko) Version/6.0 Mobile/10A5376e Safari/8536.25 (compatible; Googlebot/2.1; +http://www.google.com/bot.html)"
208.115.111.75 - - [03/Mar/2015:07:39:37 +0100] "GET /news.php?cs_go=archiv&cs_id=5190&cs_search= HTTP/1.1" 200 5365 "-" "Mozilla/5.0 (compatible; DotBot/1.1; http://www.opensiteexplorer.org/dotbot, help@moz.com)"
66.249.78.184 - - [03/Mar/2015:07:41:45 +0100] "GET /news.php HTTP/1.1" 200 5365 "-" "Mozilla/5.0 (iPhone; CPU iPhone OS 6_0 like Mac OS X) AppleWebKit/536.26 (KHTML, like Gecko) Version/6.0 Mobile/10A5376e Safari/8536.25 (compatible; Googlebot/2.1; +http://www.google.com/bot.html)"
178.63.80.14 - - [03/Mar/2015:08:18:00 +0100] "GET /robots.txt HTTP/1.1" 200 177 "-" "Mozilla/5.0 (compatible; uMBot-IC/1.0; mailto: crawling@ubermetrics-technologies.com)"
178.63.80.14 - - [03/Mar/2015:08:18:00 +0100] "GET /jobs.php HTTP/1.1" 200 4965 "-" "Mozilla/5.0 (compatible; uMBot-IC/1.0; mailto: crawling@ubermetrics-technologies.com)"
78.47.15.198 - - [03/Mar/2015:08:23:21 +0100] "GET /robots.txt HTTP/1.1" 200 177 "-" "Mozilla/5.0 (compatible; uMBot-IC/1.0; mailto: crawling@ubermetrics-technologies.com)"
78.47.15.198 - - [03/Mar/2015:08:23:21 +0100] "GET /jobs.php HTTP/1.1" 200 4965 "-" "Mozilla/5.0 (compatible; uMBot-IC/1.0; mailto: crawling@ubermetrics-technologies.com)"
5.9.123.141 - - [03/Mar/2015:08:40:47 +0100] "GET /robots.txt HTTP/1.0" 200 177 "-" "Mozilla/5.0 (compatible; MJ12bot/v1.4.5; http://www.majestic12.co.uk/bot.php?+)"
5.9.123.141 - - [03/Mar/2015:08:40:48 +0100] "GET /robots.txt HTTP/1.0" 200 177 "-" "Mozilla/5.0 (compatible; MJ12bot/v1.4.5; http://www.majestic12.co.uk/bot.php?+)"
62.212.73.211 - - [03/Mar/2015:09:09:12 +0100] "GET /robots.txt HTTP/1.0" 200 177 "-" "Mozilla/5.0 (compatible; MJ12bot/v1.4.5; http://www.majestic12.co.uk/bot.php?+)"
62.212.73.211 - - [03/Mar/2015:09:09:14 +0100] "GET / HTTP/1.0" 200 8120 "-" "Mozilla/5.0 (compatible; MJ12bot/v1.4.5; http://www.majestic12.co.uk/bot.php?+)"
208.115.111.75 - - [03/Mar/2015:09:48:49 +0100] "GET /robots.txt HTTP/1.1" 200 177 "-" "Mozilla/5.0 (compatible; DotBot/1.1; http://www.opensiteexplorer.org/dotbot, help@moz.com)"
144.76.86.4 - - [03/Mar/2015:10:28:52 +0100] "GET / HTTP/1.1" 200 4480 "-" "'Mozilla/5.0 (Windows; U; Windows NT 6.1; de; rv:1.9.2.12) Gecko/20101026 Firefox/3.6.12'"
174.129.237.157 - - [03/Mar/2015:10:58:27 +0100] "GET /robots.txt HTTP/1.0" 200 177 "-" "ia_archiver"
174.129.237.157 - - [03/Mar/2015:10:58:27 +0100] "GET / HTTP/1.0" 200 8120 "-" "ia_archiver"
144.76.201.69 - - [03/Mar/2015:11:17:29 +0100] "GET /impressum.php HTTP/1.1" 200 6306 "-" "Mozilla/5.0 (Windows NT 6.1; WOW64; rv:21.0) Gecko/20100101 Firefox/21.0"
66.249.78.184 - - [03/Mar/2015:11:18:36 +0100] "GET / HTTP/1.1" 200 4480 "-" "SAMSUNG-SGH-E250/1.0 Profile/MIDP-2.0 Configuration/CLDC-1.1 UP.Browser/6.2.3.3.c.1.101 (GUI) MMP/2.0 (compatible; Googlebot-Mobile/2.1; +http://www.google.com/bot.html)"
66.249.78.184 - - [03/Mar/2015:11:25:14 +0100] "GET / HTTP/1.1" 200 4480 "-" "SAMSUNG-SGH-E250/1.0 Profile/MIDP-2.0 Configuration/CLDC-1.1 UP.Browser/6.2.3.3.c.1.101 (GUI) MMP/2.0 (compatible; Googlebot-Mobile/2.1; +http://www.google.com/bot.html)"
208.115.111.75 - - [03/Mar/2015:11:30:41 +0100] "GET /news.php?cs_go=archiv&cs_id=5265&cs_search= HTTP/1.1" 200 5365 "-" "Mozilla/5.0 (compatible; DotBot/1.1; http://www.opensiteexplorer.org/dotbot, help@moz.com)"
208.115.111.75 - - [03/Mar/2015:11:30:51 +0100] "GET /news.php?cs_go=archiv&cs_id=5323&cs_search= HTTP/1.1" 200 5365 "-" "Mozilla/5.0 (compatible; DotBot/1.1; http://www.opensiteexplorer.org/dotbot, help@moz.com)"
66.249.78.184 - - [03/Mar/2015:11:31:31 +0100] "GET / HTTP/1.1" 200 4480 "-" "SAMSUNG-SGH-E250/1.0 Profile/MIDP-2.0 Configuration/CLDC-1.1 UP.Browser/6.2.3.3.c.1.101 (GUI) MMP/2.0 (compatible; Googlebot-Mobile/2.1; +http://www.google.com/bot.html)"
208.115.113.91 - - [03/Mar/2015:11:50:10 +0100] "GET /robots.txt HTTP/1.1" 200 177 "-" "Mozilla/5.0 (compatible; DotBot/1.1; http://www.opensiteexplorer.org/dotbot, help@moz.com)"
213.239.211.141 - - [03/Mar/2015:13:24:59 +0100] "GET / HTTP/1.1" 200 4480 "-" "Mozilla/5.0 (X11; U; Linux amd64; en-US; rv:5.0) Gecko/20110619 Firefox/5.0"
208.115.113.91 - - [03/Mar/2015:13:35:58 +0100] "GET /news.php?cs_go=archiv&cs_id=5370 HTTP/1.1" 200 5365 "-" "Mozilla/5.0 (compatible; DotBot/1.1; http://www.opensiteexplorer.org/dotbot, help@moz.com)"
89.0.164.140 - - [03/Mar/2015:13:42:58 +0100] "GET / HTTP/1.1" 200 2371 "https://www.google.de/" "Mozilla/5.0 (Windows NT 6.1; WOW64) AppleWebKit/537.36 (KHTML, like Gecko) Chrome/40.0.2214.115 Safari/537.36"
208.115.111.75 - - [03/Mar/2015:13:46:17 +0100] "GET /robots.txt HTTP/1.1" 200 177 "-" "Mozilla/5.0 (compatible; DotBot/1.1; http://www.opensiteexplorer.org/dotbot, help@moz.com)"
220.181.108.155 - - [03/Mar/2015:13:51:03 +0100] "GET / HTTP/1.1" 200 2371 "-" "Mozilla/5.0 (Windows NT 5.1; rv:6.0.2) Gecko/20100101 Firefox/6.0.2"
123.125.71.28 - - [03/Mar/2015:13:51:05 +0100] "GET / HTTP/1.1" 200 2371 "-" "Mozilla/5.0 (Windows NT 5.1; rv:6.0.2) Gecko/20100101 Firefox/6.0.2"
178.63.80.14 - - [03/Mar/2015:14:18:12 +0100] "GET /jobs.php HTTP/1.1" 200 4965 "-" "Mozilla/5.0 (compatible; uMBot-IC/1.0; mailto: crawling@ubermetrics-technologies.com)"
78.47.15.198 - - [03/Mar/2015:14:23:36 +0100] "GET /robots.txt HTTP/1.1" 200 177 "-" "Mozilla/5.0 (compatible; uMBot-IC/1.0; mailto: crawling@ubermetrics-technologies.com)"
78.47.15.198 - - [03/Mar/2015:14:23:36 +0100] "GET /jobs.php HTTP/1.1" 200 4965 "-" "Mozilla/5.0 (compatible; uMBot-IC/1.0; mailto: crawling@ubermetrics-technologies.com)"
77.236.192.239 - - [03/Mar/2015:14:27:10 +0100] "HEAD / HTTP/1.1" 200 - "-" "-"
77.236.192.239 - - [03/Mar/2015:14:27:10 +0100] "GET / HTTP/1.1" 200 8120 "-" "Opera/7.54 (Windows NT 5.0; U) [en]"
208.115.111.75 - - [03/Mar/2015:15:23:20 +0100] "GET /lexikon.php?cs_go=3&cs_id=120 HTTP/1.1" 200 5379 "-" "Mozilla/5.0 (compatible; DotBot/1.1; http://www.opensiteexplorer.org/dotbot, help@moz.com)"
208.115.111.75 - - [03/Mar/2015:15:23:31 +0100] "GET /news.php?cs_go=archiv&cs_id=5135 HTTP/1.1" 200 5365 "-" "Mozilla/5.0 (compatible; DotBot/1.1; http://www.opensiteexplorer.org/dotbot, help@moz.com)"
217.186.103.133 - - [03/Mar/2015:15:46:16 +0100] "GET /favicon.ico HTTP/1.1" 200 3638 "http://www.mink-gmbh.de/" "Opera/9.80 (X11; Linux i686) Presto/2.12.388 Version/12.16"
217.186.103.133 - - [03/Mar/2015:15:46:16 +0100] "GET /style.css HTTP/1.1" 200 8402 "http://www.mink-gmbh.de/" "Opera/9.80 (X11; Linux i686) Presto/2.12.388 Version/12.16"
217.186.103.133 - - [03/Mar/2015:15:46:16 +0100] "GET /modul.css HTTP/1.1" 200 35038 "http://www.mink-gmbh.de/" "Opera/9.80 (X11; Linux i686) Presto/2.12.388 Version/12.16"
217.186.103.133 - - [03/Mar/2015:15:46:16 +0100] "GET / HTTP/1.1" 200 4480 "http://www.google.de/url?url=http://www.mink-gmbh.de/&rct=j&q=&esrc=s&sa=U&ei=J8n1VLr2GsO3Uc6YgagK&ved=0CBQQFjAA&usg=AFQjCNEuUmqWgoA3RGmF1FoxGr7Q6hkmSA" "Opera/9.80 (X11; Linux i686) Presto/2.12.388 Version/12.16"
208.115.113.91 - - [03/Mar/2015:15:49:36 +0100] "GET /robots.txt HTTP/1.1" 200 177 "-" "Mozilla/5.0 (compatible; DotBot/1.1; http://www.opensiteexplorer.org/dotbot, help@moz.com)"
217.186.103.133 - - [03/Mar/2015:15:49:44 +0100] "GET /style.css HTTP/1.1" 200 8402 "http://www.mink-gmbh.de/" "Mozilla/5.0 (X11; Ubuntu; Linux i686; rv:36.0) Gecko/20100101 Firefox/36.0"
217.186.103.133 - - [03/Mar/2015:15:49:44 +0100] "GET /modul.css HTTP/1.1" 200 35038 "http://www.mink-gmbh.de/" "Mozilla/5.0 (X11; Ubuntu; Linux i686; rv:36.0) Gecko/20100101 Firefox/36.0"
217.186.103.133 - - [03/Mar/2015:15:49:44 +0100] "GET /favicon.ico HTTP/1.1" 200 3638 "-" "Mozilla/5.0 (X11; Ubuntu; Linux i686; rv:36.0) Gecko/20100101 Firefox/36.0"
217.186.103.133 - - [03/Mar/2015:15:49:43 +0100] "GET / HTTP/1.1" 200 4480 "-" "Mozilla/5.0 (X11; Ubuntu; Linux i686; rv:36.0) Gecko/20100101 Firefox/36.0"
217.186.103.133 - - [03/Mar/2015:15:47:14 +0100] "GET / HTTP/1.1" 200 4395 "http://www.google.de/url?url=http://www.mink-gmbh.de/&rct=j&q=&esrc=s&sa=U&ei=J8n1VLr2GsO3Uc6YgagK&ved=0CBQQFjAA&usg=AFQjCNEuUmqWgoA3RGmF1FoxGr7Q6hkmSA" "Opera/9.80 (X11; Linux i686) Presto/2.12.388 Version/12.16"
66.249.79.73 - - [03/Mar/2015:15:59:11 +0100] "GET /robots.txt HTTP/1.1" 200 177 "-" "Mozilla/5.0 (compatible; Googlebot/2.1; +http://www.google.com/bot.html)"
66.249.79.65 - - [03/Mar/2015:15:59:11 +0100] "GET /kontakt.php HTTP/1.1" 200 4996 "-" "Mozilla/5.0 (iPhone; CPU iPhone OS 6_0 like Mac OS X) AppleWebKit/536.26 (KHTML, like Gecko) Version/6.0 Mobile/10A5376e Safari/8536.25 (compatible; Googlebot/2.1; +http://www.google.com/bot.html)"
66.249.79.65 - - [03/Mar/2015:16:02:18 +0100] "GET /news.php HTTP/1.1" 200 5365 "-" "Mozilla/5.0 (iPhone; CPU iPhone OS 6_0 like Mac OS X) AppleWebKit/536.26 (KHTML, like Gecko) Version/6.0 Mobile/10A5376e Safari/8536.25 (compatible; Googlebot/2.1; +http://www.google.com/bot.html)"
217.186.103.133 - - [03/Mar/2015:15:47:37 +0100] "GET / HTTP/1.1" 404 - "http://www.google.de/url?url=http://www.mink-gmbh.de/&rct=j&q=&esrc=s&sa=U&ei=J8n1VLr2GsO3Uc6YgagK&ved=0CBQQFjAA&usg=AFQjCNEuUmqWgoA3RGmF1FoxGr7Q6hkmSA" "Opera/9.80 (X11; Linux i686) Presto/2.12.388 Version/12.16"
66.249.79.81 - - [03/Mar/2015:16:17:20 +0100] "GET /news.php HTTP/1.1" 200 5365 "-" "Mozilla/5.0 (iPhone; CPU iPhone OS 6_0 like Mac OS X) AppleWebKit/536.26 (KHTML, like Gecko) Version/6.0 Mobile/10A5376e Safari/8536.25 (compatible; Googlebot/2.1; +http://www.google.com/bot.html)"
66.249.79.73 - - [03/Mar/2015:16:23:29 +0100] "GET /news.php HTTP/1.1" 200 5365 "-" "Mozilla/5.0 (iPhone; CPU iPhone OS 6_0 like Mac OS X) AppleWebKit/536.26 (KHTML, like Gecko) Version/6.0 Mobile/10A5376e Safari/8536.25 (compatible; Googlebot/2.1; +http://www.google.com/bot.html)"
208.115.113.91 - - [03/Mar/2015:17:32:55 +0100] "GET /lexikon.php?cs_go=3&cs_id=121 HTTP/1.1" 200 5379 "-" "Mozilla/5.0 (compatible; DotBot/1.1; http://www.opensiteexplorer.org/dotbot, help@moz.com)"
208.115.113.91 - - [03/Mar/2015:17:33:05 +0100] "GET /news.php?cs_go=archiv&cs_id=5102&cs_search= HTTP/1.1" 200 5365 "-" "Mozilla/5.0 (compatible; DotBot/1.1; http://www.opensiteexplorer.org/dotbot, help@moz.com)"
208.115.113.91 - - [03/Mar/2015:17:33:12 +0100] "GET /news.php?cs_go=archiv&cs_id=5134 HTTP/1.1" 200 5365 "-" "Mozilla/5.0 (compatible; DotBot/1.1; http://www.opensiteexplorer.org/dotbot, help@moz.com)"
208.115.113.91 - - [03/Mar/2015:17:33:22 +0100] "GET /news.php?cs_go=archiv&cs_id=5176&cs_search= HTTP/1.1" 200 5365 "-" "Mozilla/5.0 (compatible; DotBot/1.1; http://www.opensiteexplorer.org/dotbot, help@moz.com)"
208.115.113.91 - - [03/Mar/2015:17:35:46 +0100] "GET /news.php?cs_go=archiv&cs_id=5332&cs_search= HTTP/1.1" 200 5365 "-" "Mozilla/5.0 (compatible; DotBot/1.1; http://www.opensiteexplorer.org/dotbot, help@moz.com)"
208.115.111.75 - - [03/Mar/2015:17:45:18 +0100] "GET /robots.txt HTTP/1.1" 200 177 "-" "Mozilla/5.0 (compatible; DotBot/1.1; http://www.opensiteexplorer.org/dotbot, help@moz.com)"
66.249.79.81 - - [03/Mar/2015:18:54:09 +0100] "GET /news.php?cs_go=archiv&cs_id=4590 HTTP/1.1" 200 5365 "-" "Mozilla/5.0 (iPhone; CPU iPhone OS 6_0 like Mac OS X) AppleWebKit/536.26 (KHTML, like Gecko) Version/6.0 Mobile/10A5376e Safari/8536.25 (compatible; Googlebot/2.1; +http://www.google.com/bot.html)"
66.249.79.73 - - [03/Mar/2015:19:03:10 +0100] "GET /news.php?cs_go=archiv&cs_id=4590 HTTP/1.1" 200 5365 "-" "Mozilla/5.0 (iPhone; CPU iPhone OS 6_0 like Mac OS X) AppleWebKit/536.26 (KHTML, like Gecko) Version/6.0 Mobile/10A5376e Safari/8536.25 (compatible; Googlebot/2.1; +http://www.google.com/bot.html)"
66.249.79.73 - - [03/Mar/2015:19:09:16 +0100] "GET /news.php?cs_go=archiv&cs_id=4590 HTTP/1.1" 200 5365 "-" "Mozilla/5.0 (iPhone; CPU iPhone OS 6_0 like Mac OS X) AppleWebKit/536.26 (KHTML, like Gecko) Version/6.0 Mobile/10A5376e Safari/8536.25 (compatible; Googlebot/2.1; +http://www.google.com/bot.html)"
67.131.235.220 - - [03/Mar/2015:19:15:53 +0100] "GET / HTTP/1.1" 200 4480 "-" "Mozilla/5.0 (Macintosh; Intel Mac OS X 10_10_1) AppleWebKit/537.36 (KHTML, like Gecko) Chrome/39.0.2171.95 Safari/537.36"
208.115.111.75 - - [03/Mar/2015:19:30:33 +0100] "GET /lexikon.php?cs_go=3&cs_id=122 HTTP/1.1" 200 5379 "-" "Mozilla/5.0 (compatible; DotBot/1.1; http://www.opensiteexplorer.org/dotbot, help@moz.com)"
208.115.111.75 - - [03/Mar/2015:19:30:46 +0100] "GET /news.php?cs_go=archiv&cs_id=5120&cs_search= HTTP/1.1" 200 5365 "-" "Mozilla/5.0 (compatible; DotBot/1.1; http://www.opensiteexplorer.org/dotbot, help@moz.com)"
208.115.111.75 - - [03/Mar/2015:19:30:53 +0100] "GET /news.php?cs_go=archiv&cs_id=5137 HTTP/1.1" 200 5365 "-" "Mozilla/5.0 (compatible; DotBot/1.1; http://www.opensiteexplorer.org/dotbot, help@moz.com)"
208.115.111.75 - - [03/Mar/2015:19:31:00 +0100] "GET /news.php?cs_go=archiv&cs_id=5251&cs_search= HTTP/1.1" 200 5365 "-" "Mozilla/5.0 (compatible; DotBot/1.1; http://www.opensiteexplorer.org/dotbot, help@moz.com)"
208.115.111.75 - - [03/Mar/2015:19:33:23 +0100] "GET /news.php?cs_go=archiv&cs_id=5286&cs_search= HTTP/1.1" 200 5365 "-" "Mozilla/5.0 (compatible; DotBot/1.1; http://www.opensiteexplorer.org/dotbot, help@moz.com)"
208.115.113.91 - - [03/Mar/2015:19:45:30 +0100] "GET /robots.txt HTTP/1.1" 200 177 "-" "Mozilla/5.0 (compatible; DotBot/1.1; http://www.opensiteexplorer.org/dotbot, help@moz.com)"
178.63.80.14 - - [03/Mar/2015:20:18:28 +0100] "GET /robots.txt HTTP/1.1" 200 177 "-" "Mozilla/5.0 (compatible; uMBot-IC/1.0; mailto: crawling@ubermetrics-technologies.com)"
178.63.80.14 - - [03/Mar/2015:20:18:28 +0100] "GET /jobs.php HTTP/1.1" 200 4965 "-" "Mozilla/5.0 (compatible; uMBot-IC/1.0; mailto: crawling@ubermetrics-technologies.com)"
78.47.15.198 - - [03/Mar/2015:20:23:52 +0100] "GET /robots.txt HTTP/1.1" 200 177 "-" "Mozilla/5.0 (compatible; uMBot-IC/1.0; mailto: crawling@ubermetrics-technologies.com)"
78.47.15.198 - - [03/Mar/2015:20:23:52 +0100] "GET /jobs.php HTTP/1.1" 200 4965 "-" "Mozilla/5.0 (compatible; uMBot-IC/1.0; mailto: crawling@ubermetrics-technologies.com)"
5.9.16.51 - - [03/Mar/2015:20:47:03 +0100] "GET / HTTP/1.0" 200 4606 "-" "-"
5.9.16.51 - - [03/Mar/2015:20:50:12 +0100] "GET / HTTP/1.0" 200 4480 "-" "-"
208.115.113.91 - - [03/Mar/2015:21:32:12 +0100] "GET /lexikon.php?cs_go=3&cs_id=123 HTTP/1.1" 200 5379 "-" "Mozilla/5.0 (compatible; DotBot/1.1; http://www.opensiteexplorer.org/dotbot, help@moz.com)"
208.115.113.91 - - [03/Mar/2015:21:32:23 +0100] "GET /news.php?cs_go=archiv&cs_id=5119&cs_search= HTTP/1.1" 200 5365 "-" "Mozilla/5.0 (compatible; DotBot/1.1; http://www.opensiteexplorer.org/dotbot, help@moz.com)"
66.249.79.81 - - [03/Mar/2015:21:40:37 +0100] "GET / HTTP/1.1" 200 4480 "-" "SAMSUNG-SGH-E250/1.0 Profile/MIDP-2.0 Configuration/CLDC-1.1 UP.Browser/6.2.3.3.c.1.101 (GUI) MMP/2.0 (compatible; Googlebot-Mobile/2.1; +http://www.google.com/bot.html)"
208.115.111.75 - - [03/Mar/2015:21:45:01 +0100] "GET /robots.txt HTTP/1.1" 200 177 "-" "Mozilla/5.0 (compatible; DotBot/1.1; http://www.opensiteexplorer.org/dotbot, help@moz.com)"
66.249.79.65 - - [03/Mar/2015:21:49:38 +0100] "GET / HTTP/1.1" 200 4480 "-" "SAMSUNG-SGH-E250/1.0 Profile/MIDP-2.0 Configuration/CLDC-1.1 UP.Browser/6.2.3.3.c.1.101 (GUI) MMP/2.0 (compatible; Googlebot-Mobile/2.1; +http://www.google.com/bot.html)"
66.249.79.73 - - [03/Mar/2015:21:58:38 +0100] "GET / HTTP/1.1" 200 4480 "-" "SAMSUNG-SGH-E250/1.0 Profile/MIDP-2.0 Configuration/CLDC-1.1 UP.Browser/6.2.3.3.c.1.101 (GUI) MMP/2.0 (compatible; Googlebot-Mobile/2.1; +http://www.google.com/bot.html)"
144.76.86.4 - - [03/Mar/2015:22:03:27 +0100] "GET / HTTP/1.1" 200 4480 "-" "'Mozilla/5.0 (Windows; U; Windows NT 6.1; de; rv:1.9.2.12) Gecko/20101026 Firefox/3.6.12'"
65.36.241.76 - - [03/Mar/2015:22:08:18 +0100] "GET / HTTP/1.1" 200 4480 "-" "InternetSeer.com"
220.181.108.96 - - [03/Mar/2015:22:18:00 +0100] "GET / HTTP/1.1" 200 1139 "-" "Mozilla/5.0 (Windows NT 5.1; rv:6.0.2) Gecko/20100101 Firefox/6.0.2"
123.125.71.76 - - [03/Mar/2015:22:18:02 +0100] "GET / HTTP/1.1" 200 2371 "-" "Mozilla/5.0 (Windows NT 5.1; rv:6.0.2) Gecko/20100101 Firefox/6.0.2"
208.115.111.75 - - [03/Mar/2015:23:26:34 +0100] "GET /lexikon.php?cs_go=3&cs_id=203 HTTP/1.1" 200 5379 "-" "Mozilla/5.0 (compatible; DotBot/1.1; http://www.opensiteexplorer.org/dotbot, help@moz.com)"
208.115.111.75 - - [03/Mar/2015:23:26:45 +0100] "GET /news.php?cs_go=archiv&cs_id=5334&cs_search= HTTP/1.1" 200 5365 "-" "Mozilla/5.0 (compatible; DotBot/1.1; http://www.opensiteexplorer.org/dotbot, help@moz.com)"
208.115.113.91 - - [03/Mar/2015:23:45:26 +0100] "GET /robots.txt HTTP/1.1" 200 177 "-" "Mozilla/5.0 (compatible; DotBot/1.1; http://www.opensiteexplorer.org/dotbot, help@moz.com)"
188.165.15.152 - - [03/Mar/2015:23:46:46 +0100] "GET /robots.txt HTTP/1.1" 200 177 "-" "Mozilla/5.0 (compatible; AhrefsBot/5.0; +http://ahrefs.com/robot/)"
123.125.71.23 - - [04/Mar/2015:00:56:15 +0100] "GET / HTTP/1.1" 200 1139 "-" "Mozilla/5.0 (Windows NT 5.1; rv:6.0.2) Gecko/20100101 Firefox/6.0.2"
220.181.108.113 - - [04/Mar/2015:00:56:15 +0100] "GET / HTTP/1.1" 200 1139 "-" "Mozilla/5.0 (Windows NT 5.1; rv:6.0.2) Gecko/20100101 Firefox/6.0.2"
208.115.113.91 - - [04/Mar/2015:01:34:10 +0100] "GET /lexikon.php?cs_go=3&cs_id=202 HTTP/1.1" 200 5379 "-" "Mozilla/5.0 (compatible; DotBot/1.1; http://www.opensiteexplorer.org/dotbot, help@moz.com)"
208.115.111.75 - - [04/Mar/2015:01:44:50 +0100] "GET /robots.txt HTTP/1.1" 200 177 "-" "Mozilla/5.0 (compatible; DotBot/1.1; http://www.opensiteexplorer.org/dotbot, help@moz.com)"
66.249.79.81 - - [04/Mar/2015:02:14:28 +0100] "GET / HTTP/1.1" 200 4480 "-" "Mozilla/5.0 (compatible; Googlebot/2.1; +http://www.google.com/bot.html)"
178.63.80.14 - - [04/Mar/2015:02:18:43 +0100] "GET /robots.txt HTTP/1.1" 200 177 "-" "Mozilla/5.0 (compatible; uMBot-IC/1.0; mailto: crawling@ubermetrics-technologies.com)"
178.63.80.14 - - [04/Mar/2015:02:18:43 +0100] "GET /jobs.php HTTP/1.1" 200 4965 "-" "Mozilla/5.0 (compatible; uMBot-IC/1.0; mailto: crawling@ubermetrics-technologies.com)"
78.47.15.198 - - [04/Mar/2015:02:24:05 +0100] "GET /robots.txt HTTP/1.1" 200 177 "-" "Mozilla/5.0 (compatible; uMBot-IC/1.0; mailto: crawling@ubermetrics-technologies.com)"
207.46.13.129 - - [04/Mar/2015:02:20:57 +0100] "GET / HTTP/1.1" 200 2371 "-" "Mozilla/5.0 (compatible; bingbot/2.0; +http://www.bing.com/bingbot.htm)"
78.47.15.198 - - [04/Mar/2015:02:24:05 +0100] "GET /jobs.php HTTP/1.1" 200 4965 "-" "Mozilla/5.0 (compatible; uMBot-IC/1.0; mailto: crawling@ubermetrics-technologies.com)"
66.249.79.65 - - [04/Mar/2015:02:23:54 +0100] "GET / HTTP/1.1" 200 4480 "-" "Mozilla/5.0 (compatible; Googlebot/2.1; +http://www.google.com/bot.html)"
66.249.79.73 - - [04/Mar/2015:02:30:39 +0100] "GET / HTTP/1.1" 200 4480 "-" "Mozilla/5.0 (compatible; Googlebot/2.1; +http://www.google.com/bot.html)"
141.8.147.12 - - [04/Mar/2015:02:49:16 +0100] "GET /robots.txt HTTP/1.1" 200 177 "-" "Mozilla/5.0 (compatible; YandexBot/3.0; +http://yandex.com/bots)"
5.255.253.172 - - [04/Mar/2015:02:49:19 +0100] "GET / HTTP/1.1" 200 4480 "-" "Mozilla/5.0 (compatible; YandexBot/3.0; +http://yandex.com/bots)"
5.255.253.172 - - [04/Mar/2015:02:50:21 +0100] "GET / HTTP/1.1" 200 4480 "-" "Mozilla/5.0 (compatible; YandexBot/3.0; +http://yandex.com/bots)"
5.255.253.172 - - [04/Mar/2015:02:51:35 +0100] "GET / HTTP/1.1" 200 4480 "-" "Mozilla/5.0 (compatible; YandexBot/3.0; +http://yandex.com/bots)"
5.255.253.172 - - [04/Mar/2015:02:53:05 +0100] "GET / HTTP/1.1" 200 4480 "-" "Mozilla/5.0 (compatible; YandexBot/3.0; +http://yandex.com/bots)"
208.115.111.75 - - [04/Mar/2015:03:30:24 +0100] "GET /lexikon.php?cs_go=3&cs_id=205 HTTP/1.1" 200 5379 "-" "Mozilla/5.0 (compatible; DotBot/1.1; http://www.opensiteexplorer.org/dotbot, help@moz.com)"
208.115.113.91 - - [04/Mar/2015:03:45:36 +0100] "GET /robots.txt HTTP/1.1" 200 177 "-" "Mozilla/5.0 (compatible; DotBot/1.1; http://www.opensiteexplorer.org/dotbot, help@moz.com)"
66.249.79.73 - - [04/Mar/2015:03:49:07 +0100] "GET /news.php?cs_go=archiv&cs_id=4590 HTTP/1.1" 200 5365 "-" "Mozilla/5.0 (iPhone; CPU iPhone OS 6_0 like Mac OS X) AppleWebKit/536.26 (KHTML, like Gecko) Version/6.0 Mobile/10A5376e Safari/8536.25 (compatible; Googlebot/2.1; +http://www.google.com/bot.html)"
66.249.79.65 - - [04/Mar/2015:04:01:07 +0100] "GET / HTTP/1.1" 200 4480 "-" "SAMSUNG-SGH-E250/1.0 Profile/MIDP-2.0 Configuration/CLDC-1.1 UP.Browser/6.2.3.3.c.1.101 (GUI) MMP/2.0 (compatible; Googlebot-Mobile/2.1; +http://www.google.com/bot.html)"
66.249.79.65 - - [04/Mar/2015:04:07:07 +0100] "GET /news.php?cs_go=archiv&cs_id=4590 HTTP/1.1" 200 5365 "-" "Mozilla/5.0 (iPhone; CPU iPhone OS 6_0 like Mac OS X) AppleWebKit/536.26 (KHTML, like Gecko) Version/6.0 Mobile/10A5376e Safari/8536.25 (compatible; Googlebot/2.1; +http://www.google.com/bot.html)"
66.249.79.65 - - [04/Mar/2015:04:10:07 +0100] "GET / HTTP/1.1" 200 4480 "-" "SAMSUNG-SGH-E250/1.0 Profile/MIDP-2.0 Configuration/CLDC-1.1 UP.Browser/6.2.3.3.c.1.101 (GUI) MMP/2.0 (compatible; Googlebot-Mobile/2.1; +http://www.google.com/bot.html)"
66.249.79.65 - - [04/Mar/2015:04:19:07 +0100] "GET / HTTP/1.1" 200 4480 "-" "SAMSUNG-SGH-E250/1.0 Profile/MIDP-2.0 Configuration/CLDC-1.1 UP.Browser/6.2.3.3.c.1.101 (GUI) MMP/2.0 (compatible; Googlebot-Mobile/2.1; +http://www.google.com/bot.html)"
66.249.79.65 - - [04/Mar/2015:04:25:08 +0100] "GET /news.php?cs_go=archiv&cs_id=4590 HTTP/1.1" 200 5365 "-" "Mozilla/5.0 (iPhone; CPU iPhone OS 6_0 like Mac OS X) AppleWebKit/536.26 (KHTML, like Gecko) Version/6.0 Mobile/10A5376e Safari/8536.25 (compatible; Googlebot/2.1; +http://www.google.com/bot.html)"
208.115.113.91 - - [04/Mar/2015:05:25:07 +0100] "GET /lexikon.php?cs_go=3&cs_id=204 HTTP/1.1" 200 5379 "-" "Mozilla/5.0 (compatible; DotBot/1.1; http://www.opensiteexplorer.org/dotbot, help@moz.com)"
220.181.108.103 - - [04/Mar/2015:05:36:48 +0100] "GET / HTTP/1.1" 200 2371 "-" "Mozilla/5.0 (Windows NT 5.1; rv:6.0.2) Gecko/20100101 Firefox/6.0.2"
123.125.71.12 - - [04/Mar/2015:05:36:48 +0100] "GET / HTTP/1.1" 200 1139 "-" "Mozilla/5.0 (Windows NT 5.1; rv:6.0.2) Gecko/20100101 Firefox/6.0.2"
208.115.111.75 - - [04/Mar/2015:05:44:56 +0100] "GET /robots.txt HTTP/1.1" 200 177 "-" "Mozilla/5.0 (compatible; DotBot/1.1; http://www.opensiteexplorer.org/dotbot, help@moz.com)"
208.115.111.75 - - [04/Mar/2015:07:29:58 +0100] "GET /lexikon.php?cs_go=3&cs_id=207 HTTP/1.1" 200 5379 "-" "Mozilla/5.0 (compatible; DotBot/1.1; http://www.opensiteexplorer.org/dotbot, help@moz.com)"
208.115.113.91 - - [04/Mar/2015:07:45:47 +0100] "GET /robots.txt HTTP/1.1" 200 177 "-" "Mozilla/5.0 (compatible; DotBot/1.1; http://www.opensiteexplorer.org/dotbot, help@moz.com)"
178.63.80.14 - - [04/Mar/2015:08:18:57 +0100] "GET /robots.txt HTTP/1.1" 200 177 "-" "Mozilla/5.0 (compatible; uMBot-IC/1.0; mailto: crawling@ubermetrics-technologies.com)"
178.63.80.14 - - [04/Mar/2015:08:18:57 +0100] "GET /jobs.php HTTP/1.1" 200 4965 "-" "Mozilla/5.0 (compatible; uMBot-IC/1.0; mailto: crawling@ubermetrics-technologies.com)"
78.47.15.198 - - [04/Mar/2015:08:24:20 +0100] "GET /robots.txt HTTP/1.1" 200 177 "-" "Mozilla/5.0 (compatible; uMBot-IC/1.0; mailto: crawling@ubermetrics-technologies.com)"
78.47.15.198 - - [04/Mar/2015:08:24:20 +0100] "GET /jobs.php HTTP/1.1" 200 4965 "-" "Mozilla/5.0 (compatible; uMBot-IC/1.0; mailto: crawling@ubermetrics-technologies.com)"
144.76.8.132 - - [04/Mar/2015:08:32:40 +0100] "GET /robots.txt HTTP/1.0" 200 177 "-" "Mozilla/5.0 (compatible; MJ12bot/v1.4.5; http://www.majestic12.co.uk/bot.php?+)"
144.76.8.132 - - [04/Mar/2015:08:32:42 +0100] "GET /news.php?cs_go=archiv&cs_id=4219 HTTP/1.0" 200 5365 "-" "Mozilla/5.0 (compatible; MJ12bot/v1.4.5; http://www.majestic12.co.uk/bot.php?+)"
144.76.8.132 - - [04/Mar/2015:08:33:28 +0100] "GET /news.php?cs_go=archiv&cs_id=4224 HTTP/1.0" 200 5365 "-" "Mozilla/5.0 (compatible; MJ12bot/v1.4.5; http://www.majestic12.co.uk/bot.php?+)"
144.76.8.132 - - [04/Mar/2015:08:34:10 +0100] "GET /news.php?cs_go=archiv&cs_id=4458 HTTP/1.0" 200 5365 "-" "Mozilla/5.0 (compatible; MJ12bot/v1.4.5; http://www.majestic12.co.uk/bot.php?+)"
144.76.8.132 - - [04/Mar/2015:08:34:53 +0100] "GET /news.php?cs_go=archiv&cs_id=4459 HTTP/1.0" 200 5365 "-" "Mozilla/5.0 (compatible; MJ12bot/v1.4.5; http://www.majestic12.co.uk/bot.php?+)"
144.76.8.132 - - [04/Mar/2015:08:35:36 +0100] "GET /news.php?cs_go=archiv&cs_id=4460 HTTP/1.0" 200 5365 "-" "Mozilla/5.0 (compatible; MJ12bot/v1.4.5; http://www.majestic12.co.uk/bot.php?+)"
144.76.8.132 - - [04/Mar/2015:08:36:20 +0100] "GET /news.php?cs_go=archiv&cs_id=4468 HTTP/1.0" 200 5365 "-" "Mozilla/5.0 (compatible; MJ12bot/v1.4.5; http://www.majestic12.co.uk/bot.php?+)"
144.76.8.132 - - [04/Mar/2015:08:37:01 +0100] "GET /news.php?cs_go=archiv&cs_id=4469 HTTP/1.0" 200 5365 "-" "Mozilla/5.0 (compatible; MJ12bot/v1.4.5; http://www.majestic12.co.uk/bot.php?+)"
144.76.8.132 - - [04/Mar/2015:08:37:44 +0100] "GET /news.php?cs_go=archiv&cs_id=4470 HTTP/1.0" 200 5365 "-" "Mozilla/5.0 (compatible; MJ12bot/v1.4.5; http://www.majestic12.co.uk/bot.php?+)"
144.76.8.132 - - [04/Mar/2015:08:38:26 +0100] "GET /news.php?cs_go=archiv&cs_id=4838 HTTP/1.0" 200 5365 "-" "Mozilla/5.0 (compatible; MJ12bot/v1.4.5; http://www.majestic12.co.uk/bot.php?+)"
144.76.8.132 - - [04/Mar/2015:08:39:10 +0100] "GET /news.php?cs_go=archiv&cs_id=4839 HTTP/1.0" 200 5365 "-" "Mozilla/5.0 (compatible; MJ12bot/v1.4.5; http://www.majestic12.co.uk/bot.php?+)"
144.76.8.132 - - [04/Mar/2015:08:39:52 +0100] "GET /news.php?cs_go=archiv&cs_id=4840 HTTP/1.0" 200 5365 "-" "Mozilla/5.0 (compatible; MJ12bot/v1.4.5; http://www.majestic12.co.uk/bot.php?+)"
144.76.8.132 - - [04/Mar/2015:08:40:34 +0100] "GET /news.php?cs_go=archiv&cs_id=5103 HTTP/1.0" 200 5365 "-" "Mozilla/5.0 (compatible; MJ12bot/v1.4.5; http://www.majestic12.co.uk/bot.php?+)"
144.76.8.132 - - [04/Mar/2015:08:41:16 +0100] "GET /news.php?cs_go=archiv&cs_id=5104 HTTP/1.0" 200 5365 "-" "Mozilla/5.0 (compatible; MJ12bot/v1.4.5; http://www.majestic12.co.uk/bot.php?+)"
144.76.8.132 - - [04/Mar/2015:08:41:57 +0100] "GET /news.php?cs_go=archiv&cs_id=5105 HTTP/1.0" 200 5365 "-" "Mozilla/5.0 (compatible; MJ12bot/v1.4.5; http://www.majestic12.co.uk/bot.php?+)"
144.76.8.132 - - [04/Mar/2015:08:42:40 +0100] "GET /news.php?cs_go=archiv&cs_id=5107 HTTP/1.0" 200 5365 "-" "Mozilla/5.0 (compatible; MJ12bot/v1.4.5; http://www.majestic12.co.uk/bot.php?+)"
5.255.253.172 - - [04/Mar/2015:09:15:41 +0100] "GET / HTTP/1.1" 200 4480 "-" "Mozilla/5.0 (compatible; YandexBot/3.0; +http://yandex.com/bots)"
5.255.253.172 - - [04/Mar/2015:09:17:40 +0100] "GET / HTTP/1.1" 200 4480 "-" "Mozilla/5.0 (compatible; YandexBot/3.0; +http://yandex.com/bots)"
88.198.56.239 - - [04/Mar/2015:09:20:53 +0100] "GET /impressum.php HTTP/1.1" 200 6306 "-" "Mozilla/5.0 (Windows NT 6.1; WOW64; rv:21.0) Gecko/20130401 Firefox/21.0"
5.255.253.172 - - [04/Mar/2015:09:20:40 +0100] "GET / HTTP/1.1" 200 4480 "-" "Mozilla/5.0 (compatible; YandexBot/3.0; +http://yandex.com/bots)"
5.255.253.172 - - [04/Mar/2015:09:24:40 +0100] "GET / HTTP/1.1" 200 4480 "-" "Mozilla/5.0 (compatible; YandexBot/3.0; +http://yandex.com/bots)"
208.115.113.91 - - [04/Mar/2015:09:33:35 +0100] "GET /news.php?cs_go=archiv&cs_startpos=150 HTTP/1.1" 200 5365 "-" "Mozilla/5.0 (compatible; DotBot/1.1; http://www.opensiteexplorer.org/dotbot, help@moz.com)"
208.115.111.75 - - [04/Mar/2015:09:44:47 +0100] "GET /robots.txt HTTP/1.1" 200 177 "-" "Mozilla/5.0 (compatible; DotBot/1.1; http://www.opensiteexplorer.org/dotbot, help@moz.com)"
54.152.223.113 - - [04/Mar/2015:09:50:54 +0100] "GET / HTTP/1.1" 200 8120 "-" "Mozilla/5.0 (compatible& Googlebot/2.1& +http://www.google.com/bot.html)"
54.152.5.146 - - [04/Mar/2015:10:52:11 +0100] "GET / HTTP/1.1" 200 8120 "-" "Mozilla/5.0 (Macintosh; Intel Mac OS X 10_7_5) AppleWebKit/537.36 (KHTML, like Gecko) Chrome/35.0.1916.114 Safari/537.36"
66.249.79.73 - - [04/Mar/2015:11:17:18 +0100] "GET /news.php HTTP/1.1" 200 5365 "-" "Mozilla/5.0 (compatible; Googlebot/2.1; +http://www.google.com/bot.html)"
66.249.79.81 - - [04/Mar/2015:11:23:33 +0100] "GET /news.php HTTP/1.1" 200 5365 "-" "Mozilla/5.0 (compatible; Googlebot/2.1; +http://www.google.com/bot.html)"
203.133.168.84 - - [04/Mar/2015:11:31:04 +0100] "GET /robots.txt HTTP/1.1" 200 177 "-" "Mozilla/5.0 (compatible; MSIE or Firefox mutant; not on Windows server;) Daumoa/4.0"
208.115.111.75 - - [04/Mar/2015:11:31:37 +0100] "GET /modernisierung.php?cs_gp_go=plus HTTP/1.1" 200 5420 "-" "Mozilla/5.0 (compatible; DotBot/1.1; http://www.opensiteexplorer.org/dotbot, help@moz.com)"
66.249.79.73 - - [04/Mar/2015:11:30:14 +0100] "GET /news.php HTTP/1.1" 200 5365 "-" "Mozilla/5.0 (compatible; Googlebot/2.1; +http://www.google.com/bot.html)"
208.115.113.91 - - [04/Mar/2015:11:45:36 +0100] "GET /robots.txt HTTP/1.1" 200 177 "-" "Mozilla/5.0 (compatible; DotBot/1.1; http://www.opensiteexplorer.org/dotbot, help@moz.com)"
91.46.207.177 - - [04/Mar/2015:11:56:12 +0100] "GET /style.css HTTP/1.1" 200 8402 "http://www.mink-gmbh.de/" "Mozilla/5.0 (X11; Linux x86_64; rv:35.0) Gecko/20100101 Firefox/35.0 Iceweasel/35.0.1"
91.46.207.177 - - [04/Mar/2015:11:56:12 +0100] "GET /favicon.ico HTTP/1.1" 200 3638 "-" "Mozilla/5.0 (X11; Linux x86_64; rv:35.0) Gecko/20100101 Firefox/35.0 Iceweasel/35.0.1"
91.46.207.177 - - [04/Mar/2015:11:56:12 +0100] "GET /modul.css HTTP/1.1" 200 35038 "http://www.mink-gmbh.de/" "Mozilla/5.0 (X11; Linux x86_64; rv:35.0) Gecko/20100101 Firefox/35.0 Iceweasel/35.0.1"
91.46.207.177 - - [04/Mar/2015:11:56:12 +0100] "GET / HTTP/1.1" 200 4480 "http://www.google.de/url?sa=t&rct=j&q=&esrc=s&source=web&cd=2&ved=0CCcQFjAB&url=http%3A%2F%2Fwww.mink-gmbh.de%2F&ei=puT2VJvpFIqBPYvZgagN&usg=AFQjCNFHX4Iglls9oo-KYXTmDUV_5KOVIg&bvm=bv.87519884,d.ZWU" "Mozilla/5.0 (X11; Linux x86_64; rv:35.0) Gecko/20100101 Firefox/35.0 Iceweasel/35.0.1"
91.46.207.177 - - [04/Mar/2015:12:01:22 +0100] "GET / HTTP/1.1" 200 4395 "http://www.google.de/url?sa=t&rct=j&q=&esrc=s&source=web&cd=2&ved=0CCcQFjAB&url=http%3A%2F%2Fwww.mink-gmbh.de%2F&ei=puT2VJvpFIqBPYvZgagN&usg=AFQjCNFHX4Iglls9oo-KYXTmDUV_5KOVIg" "Mozilla/5.0 (X11; Linux x86_64; rv:35.0) Gecko/20100101 Firefox/35.0 Iceweasel/35.0.1"
91.46.207.177 - - [04/Mar/2015:12:03:49 +0100] "GET / HTTP/1.1" 200 4480 "http://www.google.de/url?sa=t&rct=j&q=&esrc=s&source=web&cd=1&ved=0CCEQFjAA&url=http%3A%2F%2Fwww.mink-gmbh.de%2F&ei=eeb2VMOWC8viO9mOgMgK&usg=AFQjCNFHX4Iglls9oo-KYXTmDUV_5KOVIg&bvm=bv.87519884,d.ZWU" "Mozilla/5.0 (X11; Linux x86_64; rv:35.0) Gecko/20100101 Firefox/35.0 Iceweasel/35.0.1"
78.55.66.217 - - [04/Mar/2015:13:28:52 +0100] "GET /style.css HTTP/1.1" 200 8402 "http://www.mink-gmbh.de/" "Mozilla/5.0 (Linux; U; Android 4.1.2; de-de; GT-P3110 Build/JZO54K) AppleWebKit/534.30 (KHTML, like Gecko) Version/4.0 Safari/534.30"
78.55.66.217 - - [04/Mar/2015:13:28:52 +0100] "GET /modul.css HTTP/1.1" 200 35038 "http://www.mink-gmbh.de/" "Mozilla/5.0 (Linux; U; Android 4.1.2; de-de; GT-P3110 Build/JZO54K) AppleWebKit/534.30 (KHTML, like Gecko) Version/4.0 Safari/534.30"
188.165.15.117 - - [04/Mar/2015:13:29:29 +0100] "GET /foerdermittel.php HTTP/1.1" 200 5380 "-" "Mozilla/5.0 (compatible; AhrefsBot/5.0; +http://ahrefs.com/robot/)"
78.55.66.217 - - [04/Mar/2015:13:31:20 +0100] "GET /favicon.ico HTTP/1.1" 200 3638 "http://www.mink-gmbh.de/" "Mozilla/5.0 (Linux; U; Android 4.1.2; de-de; GT-P3110 Build/JZO54K) AppleWebKit/534.30 (KHTML, like Gecko) Version/4.0 Safari/534.30"
208.115.113.91 - - [04/Mar/2015:13:31:59 +0100] "GET /lexikon.php?cs_go=3&cs_id=206 HTTP/1.1" 200 5379 "-" "Mozilla/5.0 (compatible; DotBot/1.1; http://www.opensiteexplorer.org/dotbot, help@moz.com)"
78.55.66.217 - - [04/Mar/2015:13:28:51 +0100] "GET / HTTP/1.1" 200 4480 "-" "Mozilla/5.0 (Linux; U; Android 4.1.2; de-de; GT-P3110 Build/JZO54K) AppleWebKit/534.30 (KHTML, like Gecko) Version/4.0 Safari/534.30"
208.115.113.91 - - [04/Mar/2015:13:32:42 +0100] "GET /news.php?cs_go=archiv&cs_id=5263&cs_search= HTTP/1.1" 200 5365 "-" "Mozilla/5.0 (compatible; DotBot/1.1; http://www.opensiteexplorer.org/dotbot, help@moz.com)"
78.55.66.217 - - [04/Mar/2015:13:31:37 +0100] "GET / HTTP/1.1" 200 1139 "-" "Mozilla/5.0 (Linux; U; Android 4.1.2; de-de; GT-P3110 Build/JZO54K) AppleWebKit/534.30 (KHTML, like Gecko) Version/4.0 Safari/534.30"
78.55.66.217 - - [04/Mar/2015:13:30:17 +0100] "GET / HTTP/1.1" 200 1139 "-" "Mozilla/5.0 (Linux; U; Android 4.1.2; de-de; GT-P3110 Build/JZO54K) AppleWebKit/534.30 (KHTML, like Gecko) Version/4.0 Safari/534.30"
208.115.111.75 - - [04/Mar/2015:13:45:06 +0100] "GET /robots.txt HTTP/1.1" 200 177 "-" "Mozilla/5.0 (compatible; DotBot/1.1; http://www.opensiteexplorer.org/dotbot, help@moz.com)"
46.5.2.166 - - [04/Mar/2015:13:48:56 +0100] "GET /style.css HTTP/1.1" 200 8402 "http://www.mink-gmbh.de/" "Mozilla/5.0 (Macintosh; Intel Mac OS X 10_10_1) AppleWebKit/600.2.5 (KHTML, like Gecko) Version/8.0.2 Safari/600.2.5"
46.5.2.166 - - [04/Mar/2015:13:48:56 +0100] "GET /modul.css HTTP/1.1" 200 35038 "http://www.mink-gmbh.de/" "Mozilla/5.0 (Macintosh; Intel Mac OS X 10_10_1) AppleWebKit/600.2.5 (KHTML, like Gecko) Version/8.0.2 Safari/600.2.5"
46.5.2.166 - - [04/Mar/2015:13:48:56 +0100] "GET / HTTP/1.1" 200 4480 "http://www.google.de/url?sa=t&rct=j&q=&esrc=s&source=web&cd=1&ved=0CCIQFjAA&url=http%3A%2F%2Fwww.mink-gmbh.de%2F&ei=Gv_2VMvtIomXaqTtgtgM&usg=AFQjCNFHX4Iglls9oo-KYXTmDUV_5KOVIg&sig2=xVdJjv5k9W2BpqLOzeUr3g&bvm=bv.87519884,d.d2s" "Mozilla/5.0 (Macintosh; Intel Mac OS X 10_10_1) AppleWebKit/600.2.5 (KHTML, like Gecko) Version/8.0.2 Safari/600.2.5"
46.5.2.166 - - [04/Mar/2015:13:55:18 +0100] "GET /style.css HTTP/1.1" 304 - "http://www.mink-gmbh.de/" "Mozilla/5.0 (Macintosh; Intel Mac OS X 10_10_1) AppleWebKit/600.2.5 (KHTML, like Gecko) Version/8.0.2 Safari/600.2.5"
46.5.2.166 - - [04/Mar/2015:13:55:18 +0100] "GET /modul.css HTTP/1.1" 304 - "http://www.mink-gmbh.de/" "Mozilla/5.0 (Macintosh; Intel Mac OS X 10_10_1) AppleWebKit/600.2.5 (KHTML, like Gecko) Version/8.0.2 Safari/600.2.5"
46.5.2.166 - - [04/Mar/2015:13:58:26 +0100] "GET /images/bg.png HTTP/1.1" 200 922 "http://www.mink-gmbh.de/" "Mozilla/5.0 (Macintosh; Intel Mac OS X 10_10_1) AppleWebKit/600.2.5 (KHTML, like Gecko) Version/8.0.2 Safari/600.2.5"
