82.94.179.38 - - [17/Mar/2015:11:07:51 +0100] "GET /lexikon.php?cs_go=3&cs_id=40 HTTP/1.1" 200 5379 "http://www.mink-gmbh.de/lexikon.php?cs_go=2&cs_char=c" "Mozilla/4.0 (compatible; Vagabondo/4.0/EU; http://www.wise-guys.nl/)"
82.94.179.38 - - [17/Mar/2015:11:09:17 +0100] "GET /lexikon.php?cs_go=3&cs_id=64 HTTP/1.1" 200 5379 "http://www.mink-gmbh.de/lexikon.php?cs_go=2&cs_char=e" "Mozilla/4.0 (compatible; Vagabondo/4.0/EU; http://www.wise-guys.nl/)"
82.94.179.38 - - [17/Mar/2015:11:10:36 +0100] "GET /lexikon.php?cs_go=3&cs_id=65 HTTP/1.1" 200 5379 "http://www.mink-gmbh.de/lexikon.php?cs_go=2&cs_char=f" "Mozilla/4.0 (compatible; Vagabondo/4.0/EU; http://www.wise-guys.nl/)"
82.94.179.38 - - [17/Mar/2015:11:11:50 +0100] "GET /lexikon.php?cs_go=3&cs_id=18 HTTP/1.1" 200 5379 "http://www.mink-gmbh.de/lexikon.php?cs_go=2&cs_char=a" "Mozilla/4.0 (compatible; Vagabondo/4.0/EU; http://www.wise-guys.nl/)"
82.94.179.38 - - [17/Mar/2015:11:13:06 +0100] "GET /lexikon.php?cs_go=3&cs_id=73 HTTP/1.1" 200 5379 "http://www.mink-gmbh.de/lexikon.php?cs_go=2&cs_char=f" "Mozilla/4.0 (compatible; Vagabondo/4.0/EU; http://www.wise-guys.nl/)"
82.94.179.38 - - [17/Mar/2015:11:14:20 +0100] "GET /lexikon.php?cs_go=3&cs_id=44 HTTP/1.1" 200 5379 "http://www.mink-gmbh.de/lexikon.php?cs_go=2&cs_char=d" "Mozilla/4.0 (compatible; Vagabondo/4.0/EU; http://www.wise-guys.nl/)"
82.94.179.38 - - [17/Mar/2015:11:15:36 +0100] "GET /lexikon.php?cs_go=3&cs_id=22 HTTP/1.1" 200 5379 "http://www.mink-gmbh.de/lexikon.php?cs_go=2&cs_char=b" "Mozilla/4.0 (compatible; Vagabondo/4.0/EU; http://www.wise-guys.nl/)"
82.94.179.38 - - [17/Mar/2015:11:16:54 +0100] "GET /lexikon.php?cs_go=3&cs_id=8 HTTP/1.1" 200 5379 "http://www.mink-gmbh.de/lexikon.php?cs_go=2&cs_char=a" "Mozilla/4.0 (compatible; Vagabondo/4.0/EU; http://www.wise-guys.nl/)"
82.94.179.38 - - [17/Mar/2015:11:18:11 +0100] "GET /lexikon.php?cs_go=3&cs_id=59 HTTP/1.1" 200 5379 "http://www.mink-gmbh.de/lexikon.php?cs_go=2&cs_char=e" "Mozilla/4.0 (compatible; Vagabondo/4.0/EU; http://www.wise-guys.nl/)"
82.94.179.38 - - [17/Mar/2015:11:19:33 +0100] "GET /lexikon.php?cs_go=3&cs_id=53 HTTP/1.1" 200 5379 "http://www.mink-gmbh.de/lexikon.php?cs_go=2&cs_char=d" "Mozilla/4.0 (compatible; Vagabondo/4.0/EU; http://www.wise-guys.nl/)"
82.94.179.38 - - [17/Mar/2015:11:21:00 +0100] "GET /lexikon.php?cs_go=3&cs_id=23 HTTP/1.1" 200 5379 "http://www.mink-gmbh.de/lexikon.php?cs_go=2&cs_char=b" "Mozilla/4.0 (compatible; Vagabondo/4.0/EU; http://www.wise-guys.nl/)"
82.94.179.38 - - [17/Mar/2015:11:22:26 +0100] "GET /lexikon.php?cs_go=3&cs_id=58 HTTP/1.1" 200 5379 "http://www.mink-gmbh.de/lexikon.php?cs_go=2&cs_char=e" "Mozilla/4.0 (compatible; Vagabondo/4.0/EU; http://www.wise-guys.nl/)"
82.94.179.38 - - [17/Mar/2015:11:23:42 +0100] "GET /lexikon.php?cs_go=3&cs_id=37 HTTP/1.1" 200 5379 "http://www.mink-gmbh.de/lexikon.php?cs_go=2&cs_char=c" "Mozilla/4.0 (compatible; Vagabondo/4.0/EU; http://www.wise-guys.nl/)"
82.94.179.38 - - [17/Mar/2015:11:24:57 +0100] "GET /lexikon.php?cs_go=3&cs_id=61 HTTP/1.1" 200 5379 "http://www.mink-gmbh.de/lexikon.php?cs_go=2&cs_char=e" "Mozilla/4.0 (compatible; Vagabondo/4.0/EU; http://www.wise-guys.nl/)"
82.94.179.38 - - [17/Mar/2015:11:26:24 +0100] "GET /lexikon.php?cs_go=3&cs_id=45 HTTP/1.1" 200 5379 "http://www.mink-gmbh.de/lexikon.php?cs_go=2&cs_char=d" "Mozilla/4.0 (compatible; Vagabondo/4.0/EU; http://www.wise-guys.nl/)"
82.94.179.38 - - [17/Mar/2015:11:27:45 +0100] "GET /lexikon.php?cs_go=3&cs_id=29 HTTP/1.1" 200 5379 "http://www.mink-gmbh.de/lexikon.php?cs_go=2&cs_char=b" "Mozilla/4.0 (compatible; Vagabondo/4.0/EU; http://www.wise-guys.nl/)"
82.94.179.38 - - [17/Mar/2015:11:29:07 +0100] "GET /lexikon.php?cs_go=3&cs_id=15 HTTP/1.1" 200 5379 "http://www.mink-gmbh.de/lexikon.php?cs_go=2&cs_char=a" "Mozilla/4.0 (compatible; Vagabondo/4.0/EU; http://www.wise-guys.nl/)"
82.94.179.38 - - [17/Mar/2015:11:30:25 +0100] "GET /lexikon.php?cs_go=3&cs_id=41 HTTP/1.1" 200 5379 "http://www.mink-gmbh.de/lexikon.php?cs_go=2&cs_char=c" "Mozilla/4.0 (compatible; Vagabondo/4.0/EU; http://www.wise-guys.nl/)"
82.94.179.38 - - [17/Mar/2015:11:31:55 +0100] "GET /lexikon.php?cs_go=3&cs_id=66 HTTP/1.1" 200 5379 "http://www.mink-gmbh.de/lexikon.php?cs_go=2&cs_char=f" "Mozilla/4.0 (compatible; Vagabondo/4.0/EU; http://www.wise-guys.nl/)"
82.94.179.38 - - [17/Mar/2015:11:33:10 +0100] "GET /lexikon.php?cs_go=3&cs_id=62 HTTP/1.1" 200 5379 "http://www.mink-gmbh.de/lexikon.php?cs_go=2&cs_char=e" "Mozilla/4.0 (compatible; Vagabondo/4.0/EU; http://www.wise-guys.nl/)"
82.94.179.38 - - [17/Mar/2015:11:34:25 +0100] "GET /lexikon.php?cs_go=3&cs_id=24 HTTP/1.1" 200 5379 "http://www.mink-gmbh.de/lexikon.php?cs_go=2&cs_char=b" "Mozilla/4.0 (compatible; Vagabondo/4.0/EU; http://www.wise-guys.nl/)"
82.94.179.38 - - [17/Mar/2015:11:35:42 +0100] "GET /lexikon.php?cs_go=3&cs_id=38 HTTP/1.1" 200 5379 "http://www.mink-gmbh.de/lexikon.php?cs_go=2&cs_char=c" "Mozilla/4.0 (compatible; Vagabondo/4.0/EU; http://www.wise-guys.nl/)"
82.94.179.38 - - [17/Mar/2015:11:37:09 +0100] "GET /lexikon.php?cs_go=3&cs_id=46 HTTP/1.1" 200 5379 "http://www.mink-gmbh.de/lexikon.php?cs_go=2&cs_char=d" "Mozilla/4.0 (compatible; Vagabondo/4.0/EU; http://www.wise-guys.nl/)"
82.94.179.38 - - [17/Mar/2015:11:38:24 +0100] "GET /lexikon.php?cs_go=3&cs_id=26 HTTP/1.1" 200 5379 "http://www.mink-gmbh.de/lexikon.php?cs_go=2&cs_char=b" "Mozilla/4.0 (compatible; Vagabondo/4.0/EU; http://www.wise-guys.nl/)"
82.94.179.38 - - [17/Mar/2015:11:39:51 +0100] "GET /lexikon.php?cs_go=3&cs_id=14 HTTP/1.1" 200 5379 "http://www.mink-gmbh.de/lexikon.php?cs_go=2&cs_char=a" "Mozilla/4.0 (compatible; Vagabondo/4.0/EU; http://www.wise-guys.nl/)"
208.115.111.75 - - [17/Mar/2015:11:40:27 +0100] "GET /lexikon.php?cs_go=3&cs_id=46 HTTP/1.1" 200 5379 "-" "Mozilla/5.0 (compatible; DotBot/1.1; http://www.opensiteexplorer.org/dotbot, help@moz.com)"
208.115.111.75 - - [17/Mar/2015:11:37:54 +0100] "GET /news.php?cs_go=archiv&cs_startpos=50 HTTP/1.1" 200 5365 "-" "Mozilla/5.0 (compatible; DotBot/1.1; http://www.opensiteexplorer.org/dotbot, help@moz.com)"
208.115.111.75 - - [17/Mar/2015:11:37:59 +0100] "GET /news.php?cs_go=archiv&cs_id=5228&cs_search= HTTP/1.1" 200 5365 "-" "Mozilla/5.0 (compatible; DotBot/1.1; http://www.opensiteexplorer.org/dotbot, help@moz.com)"
208.115.111.75 - - [17/Mar/2015:11:38:04 +0100] "GET /news.php?cs_go=archiv&cs_id=5169&cs_search= HTTP/1.1" 200 5365 "-" "Mozilla/5.0 (compatible; DotBot/1.1; http://www.opensiteexplorer.org/dotbot, help@moz.com)"
82.94.179.38 - - [17/Mar/2015:11:41:14 +0100] "GET /lexikon.php?cs_go=3&cs_id=31 HTTP/1.1" 200 5379 "http://www.mink-gmbh.de/lexikon.php?cs_go=2&cs_char=b" "Mozilla/4.0 (compatible; Vagabondo/4.0/EU; http://www.wise-guys.nl/)"
82.94.179.38 - - [17/Mar/2015:11:42:41 +0100] "GET /lexikon.php?cs_go=3&cs_id=57 HTTP/1.1" 200 5379 "http://www.mink-gmbh.de/lexikon.php?cs_go=2&cs_char=e" "Mozilla/4.0 (compatible; Vagabondo/4.0/EU; http://www.wise-guys.nl/)"
82.94.179.38 - - [17/Mar/2015:11:44:03 +0100] "GET /lexikon.php?cs_go=3&cs_id=51 HTTP/1.1" 200 5379 "http://www.mink-gmbh.de/lexikon.php?cs_go=2&cs_char=d" "Mozilla/4.0 (compatible; Vagabondo/4.0/EU; http://www.wise-guys.nl/)"
66.249.67.73 - - [17/Mar/2015:11:41:01 +0100] "GET / HTTP/1.1" 200 4480 "-" "DoCoMo/2.0 N905i(c100;TB;W24H16) (compatible; Googlebot-Mobile/2.1; +http://www.google.com/bot.html)"
82.94.179.38 - - [17/Mar/2015:11:45:24 +0100] "GET /lexikon.php?cs_go=3&cs_id=27 HTTP/1.1" 200 5379 "http://www.mink-gmbh.de/lexikon.php?cs_go=2&cs_char=b" "Mozilla/4.0 (compatible; Vagabondo/4.0/EU; http://www.wise-guys.nl/)"
82.94.179.38 - - [17/Mar/2015:11:46:42 +0100] "GET /lexikon.php?cs_go=3&cs_id=47 HTTP/1.1" 200 5379 "http://www.mink-gmbh.de/lexikon.php?cs_go=2&cs_char=d" "Mozilla/4.0 (compatible; Vagabondo/4.0/EU; http://www.wise-guys.nl/)"
82.94.179.38 - - [17/Mar/2015:11:48:01 +0100] "GET /lexikon.php?cs_go=3&cs_id=34 HTTP/1.1" 200 5379 "http://www.mink-gmbh.de/lexikon.php?cs_go=2&cs_char=b" "Mozilla/4.0 (compatible; Vagabondo/4.0/EU; http://www.wise-guys.nl/)"
208.115.113.91 - - [17/Mar/2015:11:49:52 +0100] "GET /robots.txt HTTP/1.1" 200 177 "-" "Mozilla/5.0 (compatible; DotBot/1.1; http://www.opensiteexplorer.org/dotbot, help@moz.com)"
66.249.67.73 - - [17/Mar/2015:11:50:00 +0100] "GET / HTTP/1.1" 200 4480 "-" "DoCoMo/2.0 N905i(c100;TB;W24H16) (compatible; Googlebot-Mobile/2.1; +http://www.google.com/bot.html)"
157.55.39.45 - - [17/Mar/2015:11:58:56 +0100] "GET /robots.txt HTTP/1.1" 200 177 "-" "Mozilla/5.0 (compatible; bingbot/2.0; +http://www.bing.com/bingbot.htm)"
157.55.39.45 - - [17/Mar/2015:11:59:12 +0100] "GET /impressum.php HTTP/1.1" 200 6306 "-" "Mozilla/5.0 (iPhone; CPU iPhone OS 7_0 like Mac OS X) AppleWebKit/537.51.1 (KHTML, like Gecko) Version/7.0 Mobile/11A465 Safari/9537.53 (compatible; bingbot/2.0; http://www.bing.com/bingbot.htm)"
157.55.39.45 - - [17/Mar/2015:11:59:40 +0100] "GET /modul.css HTTP/1.1" 200 35038 "-" "Mozilla/5.0 (iPhone; CPU iPhone OS 7_0 like Mac OS X) AppleWebKit/537.51.1 (KHTML, like Gecko) Version/7.0 Mobile/11A465 Safari/9537.53 (compatible; bingbot/2.0; +http://www.bing.com/bingbot.htm)"
157.55.39.45 - - [17/Mar/2015:11:59:41 +0100] "GET /style.css HTTP/1.1" 200 8402 "-" "Mozilla/5.0 (iPhone; CPU iPhone OS 7_0 like Mac OS X) AppleWebKit/537.51.1 (KHTML, like Gecko) Version/7.0 Mobile/11A465 Safari/9537.53 (compatible; bingbot/2.0; +http://www.bing.com/bingbot.htm)"
207.46.13.82 - - [17/Mar/2015:12:00:58 +0100] "GET /robots.txt HTTP/1.1" 200 177 "-" "Mozilla/5.0 (compatible; bingbot/2.0; +http://www.bing.com/bingbot.htm)"
66.249.67.81 - - [17/Mar/2015:11:59:01 +0100] "GET / HTTP/1.1" 200 4480 "-" "DoCoMo/2.0 N905i(c100;TB;W24H16) (compatible; Googlebot-Mobile/2.1; +http://www.google.com/bot.html)"
199.30.24.11 - - [17/Mar/2015:13:00:35 +0100] "GET /images/bg.png HTTP/1.1" 200 922 "http://www.mink-gmbh.de/impressum.php" "Mozilla/5.0 (iPhone; CPU iPhone OS 7_0 like Mac OS X) AppleWebKit/537.51.1 (KHTML, like Gecko) Version/7.0 Mobile/11A465 Safari/9537.53 BingPreview/1.0b"
199.30.24.11 - - [17/Mar/2015:13:00:35 +0100] "GET /images/wrapperbg.jpg HTTP/1.1" 200 27465 "http://www.mink-gmbh.de/impressum.php" "Mozilla/5.0 (iPhone; CPU iPhone OS 7_0 like Mac OS X) AppleWebKit/537.51.1 (KHTML, like Gecko) Version/7.0 Mobile/11A465 Safari/9537.53 BingPreview/1.0b"
199.30.24.11 - - [17/Mar/2015:13:00:35 +0100] "GET /images/header.jpg HTTP/1.1" 200 25189 "http://www.mink-gmbh.de/impressum.php" "Mozilla/5.0 (iPhone; CPU iPhone OS 7_0 like Mac OS X) AppleWebKit/537.51.1 (KHTML, like Gecko) Version/7.0 Mobile/11A465 Safari/9537.53 BingPreview/1.0b"
199.30.24.11 - - [17/Mar/2015:13:00:35 +0100] "GET /images/newsletter.png HTTP/1.1" 200 14619 "http://www.mink-gmbh.de/impressum.php" "Mozilla/5.0 (iPhone; CPU iPhone OS 7_0 like Mac OS X) AppleWebKit/537.51.1 (KHTML, like Gecko) Version/7.0 Mobile/11A465 Safari/9537.53 BingPreview/1.0b"
199.30.24.11 - - [17/Mar/2015:13:00:36 +0100] "GET /images/navibg.png HTTP/1.1" 200 2803 "http://www.mink-gmbh.de/impressum.php" "Mozilla/5.0 (iPhone; CPU iPhone OS 7_0 like Mac OS X) AppleWebKit/537.51.1 (KHTML, like Gecko) Version/7.0 Mobile/11A465 Safari/9537.53 BingPreview/1.0b"
199.30.24.11 - - [17/Mar/2015:13:00:36 +0100] "GET /images/footerbg.jpg HTTP/1.1" 200 2184 "http://www.mink-gmbh.de/impressum.php" "Mozilla/5.0 (iPhone; CPU iPhone OS 7_0 like Mac OS X) AppleWebKit/537.51.1 (KHTML, like Gecko) Version/7.0 Mobile/11A465 Safari/9537.53 BingPreview/1.0b"
208.115.113.91 - - [17/Mar/2015:13:40:11 +0100] "GET /lexikon.php?cs_go=3&cs_id=47 HTTP/1.1" 200 5379 "-" "Mozilla/5.0 (compatible; DotBot/1.1; http://www.opensiteexplorer.org/dotbot, help@moz.com)"
208.115.111.75 - - [17/Mar/2015:13:48:22 +0100] "GET /robots.txt HTTP/1.1" 200 177 "-" "Mozilla/5.0 (compatible; DotBot/1.1; http://www.opensiteexplorer.org/dotbot, help@moz.com)"
200.167.56.54 - - [17/Mar/2015:13:58:20 +0100] "GET / HTTP/1.1" 200 2371 "-" "Mozilla/5.0 (Windows NT 6.1; WOW64) AppleWebKit/537.36 (KHTML, like Gecko) Chrome/34.0.1847.131 Safari/537.36"
178.63.80.14 - - [17/Mar/2015:14:30:49 +0100] "GET /jobs.php HTTP/1.1" 200 4965 "-" "Mozilla/5.0 (compatible; uMBot-IC/1.0; mailto: crawling@ubermetrics-technologies.com)"
78.47.15.198 - - [17/Mar/2015:14:33:13 +0100] "GET /robots.txt HTTP/1.1" 200 177 "-" "Mozilla/5.0 (compatible; uMBot-IC/1.0; mailto: crawling@ubermetrics-technologies.com)"
78.47.15.198 - - [17/Mar/2015:14:33:13 +0100] "GET /jobs.php HTTP/1.1" 200 4965 "-" "Mozilla/5.0 (compatible; uMBot-IC/1.0; mailto: crawling@ubermetrics-technologies.com)"
94.23.204.136 - - [17/Mar/2015:15:22:41 +0100] "HEAD / HTTP/1.1" 200 - "-" "InternetSeer.com"
208.115.111.75 - - [17/Mar/2015:15:28:22 +0100] "GET /lexikon.php?cs_go=3&cs_id=44 HTTP/1.1" 200 5379 "-" "Mozilla/5.0 (compatible; DotBot/1.1; http://www.opensiteexplorer.org/dotbot, help@moz.com)"
208.115.111.75 - - [17/Mar/2015:15:28:32 +0100] "GET /news.php?cs_go=archiv&cs_id=5110&cs_search= HTTP/1.1" 200 5365 "-" "Mozilla/5.0 (compatible; DotBot/1.1; http://www.opensiteexplorer.org/dotbot, help@moz.com)"
208.115.111.75 - - [17/Mar/2015:15:28:40 +0100] "GET /news.php?cs_go=archiv&cs_id=5177&cs_search= HTTP/1.1" 200 5365 "-" "Mozilla/5.0 (compatible; DotBot/1.1; http://www.opensiteexplorer.org/dotbot, help@moz.com)"
66.249.67.73 - - [17/Mar/2015:15:35:00 +0100] "GET /robots.txt HTTP/1.1" 200 177 "-" "Mozilla/5.0 (compatible; Googlebot/2.1; +http://www.google.com/bot.html)"
66.249.67.73 - - [17/Mar/2015:15:35:01 +0100] "GET /kontakt.php HTTP/1.1" 200 4996 "-" "Mozilla/5.0 (iPhone; CPU iPhone OS 6_0 like Mac OS X) AppleWebKit/536.26 (KHTML, like Gecko) Version/6.0 Mobile/10A5376e Safari/8536.25 (compatible; Googlebot/2.1; +http://www.google.com/bot.html)"
208.115.113.91 - - [17/Mar/2015:15:49:33 +0100] "GET /robots.txt HTTP/1.1" 200 177 "-" "Mozilla/5.0 (compatible; DotBot/1.1; http://www.opensiteexplorer.org/dotbot, help@moz.com)"
208.115.113.91 - - [17/Mar/2015:17:33:29 +0100] "GET /lexikon.php?cs_go=3&cs_id=45 HTTP/1.1" 200 5379 "-" "Mozilla/5.0 (compatible; DotBot/1.1; http://www.opensiteexplorer.org/dotbot, help@moz.com)"
66.249.67.65 - - [17/Mar/2015:17:39:24 +0100] "GET / HTTP/1.1" 200 4480 "-" "DoCoMo/2.0 N905i(c100;TB;W24H16) (compatible; Googlebot-Mobile/2.1; +http://www.google.com/bot.html)"
208.115.111.75 - - [17/Mar/2015:17:48:35 +0100] "GET /robots.txt HTTP/1.1" 200 177 "-" "Mozilla/5.0 (compatible; DotBot/1.1; http://www.opensiteexplorer.org/dotbot, help@moz.com)"
66.249.67.73 - - [17/Mar/2015:17:46:19 +0100] "GET / HTTP/1.1" 200 4480 "-" "DoCoMo/2.0 N905i(c100;TB;W24H16) (compatible; Googlebot-Mobile/2.1; +http://www.google.com/bot.html)"
66.249.67.65 - - [17/Mar/2015:17:55:04 +0100] "GET / HTTP/1.1" 200 4480 "-" "DoCoMo/2.0 N905i(c100;TB;W24H16) (compatible; Googlebot-Mobile/2.1; +http://www.google.com/bot.html)"
66.249.67.65 - - [17/Mar/2015:18:21:29 +0100] "GET /lexikon.php?cs_go=3&cs_id=98 HTTP/1.1" 200 5379 "-" "Mozilla/5.0 (iPhone; CPU iPhone OS 6_0 like Mac OS X) AppleWebKit/536.26 (KHTML, like Gecko) Version/6.0 Mobile/10A5376e Safari/8536.25 (compatible; Googlebot/2.1; +http://www.google.com/bot.html)"
66.249.67.65 - - [17/Mar/2015:19:14:12 +0100] "GET / HTTP/1.1" 200 2775 "-" "Mozilla/5.0 (iPhone; CPU iPhone OS 6_0 like Mac OS X) AppleWebKit/536.26 (KHTML, like Gecko) Version/6.0 Mobile/10A5376e Safari/8536.25 (compatible; Googlebot/2.1; +http://www.google.com/bot.html)"
66.249.67.65 - - [17/Mar/2015:19:23:12 +0100] "GET / HTTP/1.1" 200 4480 "-" "Mozilla/5.0 (iPhone; CPU iPhone OS 6_0 like Mac OS X) AppleWebKit/536.26 (KHTML, like Gecko) Version/6.0 Mobile/10A5376e Safari/8536.25 (compatible; Googlebot/2.1; +http://www.google.com/bot.html)"
188.165.208.29 - - [17/Mar/2015:19:35:20 +0100] "GET /robots.txt HTTP/1.0" 200 177 "-" ""
66.249.67.81 - - [17/Mar/2015:19:32:13 +0100] "GET / HTTP/1.1" 200 4480 "-" "Mozilla/5.0 (iPhone; CPU iPhone OS 6_0 like Mac OS X) AppleWebKit/536.26 (KHTML, like Gecko) Version/6.0 Mobile/10A5376e Safari/8536.25 (compatible; Googlebot/2.1; +http://www.google.com/bot.html)"
188.165.208.29 - - [17/Mar/2015:19:35:20 +0100] "GET / HTTP/1.1" 200 4480 "-" "Mozilla/5.0 (X11; Linux i686) AppleWebKit/534.30 (KHTML, like Gecko) Ubuntu/10.10 Chromium/12.0.742.112 Chrome/12.0.742.112 Safari/534.30"
208.115.111.75 - - [17/Mar/2015:19:38:12 +0100] "GET /news.php?cs_go=archiv&cs_id=5227&cs_search= HTTP/1.1" 200 5365 "-" "Mozilla/5.0 (compatible; DotBot/1.1; http://www.opensiteexplorer.org/dotbot, help@moz.com)"
208.115.113.91 - - [17/Mar/2015:19:49:11 +0100] "GET /robots.txt HTTP/1.1" 200 177 "-" "Mozilla/5.0 (compatible; DotBot/1.1; http://www.opensiteexplorer.org/dotbot, help@moz.com)"
148.251.69.136 - - [17/Mar/2015:20:10:00 +0100] "GET /impressum.php HTTP/1.1" 200 6306 "-" "Mozilla/5.0 (Windows NT 6.1; de;rv:12.0) Gecko/20120403211507 Firefox/12.0"
178.63.80.14 - - [17/Mar/2015:20:31:01 +0100] "GET /jobs.php HTTP/1.1" 200 4965 "-" "Mozilla/5.0 (compatible; uMBot-IC/1.0; mailto: crawling@ubermetrics-technologies.com)"
78.47.15.198 - - [17/Mar/2015:20:33:26 +0100] "GET /robots.txt HTTP/1.1" 200 177 "-" "Mozilla/5.0 (compatible; uMBot-IC/1.0; mailto: crawling@ubermetrics-technologies.com)"
78.47.15.198 - - [17/Mar/2015:20:33:26 +0100] "GET /jobs.php HTTP/1.1" 200 4965 "-" "Mozilla/5.0 (compatible; uMBot-IC/1.0; mailto: crawling@ubermetrics-technologies.com)"
208.115.113.91 - - [17/Mar/2015:21:41:35 +0100] "GET /lexikon.php?cs_go=3&cs_id=43 HTTP/1.1" 200 5379 "-" "Mozilla/5.0 (compatible; DotBot/1.1; http://www.opensiteexplorer.org/dotbot, help@moz.com)"
208.115.113.91 - - [17/Mar/2015:21:40:38 +0100] "GET /news.php?cs_go=archiv&cs_id=5178&cs_search= HTTP/1.1" 200 5365 "-" "Mozilla/5.0 (compatible; DotBot/1.1; http://www.opensiteexplorer.org/dotbot, help@moz.com)"
157.55.39.45 - - [17/Mar/2015:22:45:59 +0100] "GET / HTTP/1.1" 200 2371 "-" "Mozilla/5.0 (compatible; bingbot/2.0; +http://www.bing.com/bingbot.htm)"
208.115.113.91 - - [17/Mar/2015:23:49:20 +0100] "GET /robots.txt HTTP/1.1" 200 177 "-" "Mozilla/5.0 (compatible; DotBot/1.1; http://www.opensiteexplorer.org/dotbot, help@moz.com)"
66.249.67.65 - - [17/Mar/2015:23:53:06 +0100] "GET / HTTP/1.1" 200 4480 "-" "DoCoMo/2.0 N905i(c100;TB;W24H16) (compatible; Googlebot-Mobile/2.1; +http://www.google.com/bot.html)"
94.23.204.136 - - [17/Mar/2015:23:59:03 +0100] "HEAD / HTTP/1.1" 200 - "-" "InternetSeer.com"
66.249.67.81 - - [17/Mar/2015:23:59:36 +0100] "GET / HTTP/1.1" 200 4480 "-" "DoCoMo/2.0 N905i(c100;TB;W24H16) (compatible; Googlebot-Mobile/2.1; +http://www.google.com/bot.html)"
66.249.67.73 - - [18/Mar/2015:00:08:37 +0100] "GET / HTTP/1.1" 200 4480 "-" "DoCoMo/2.0 N905i(c100;TB;W24H16) (compatible; Googlebot-Mobile/2.1; +http://www.google.com/bot.html)"
141.8.147.12 - - [18/Mar/2015:00:13:45 +0100] "GET /robots.txt HTTP/1.1" 200 177 "-" "Mozilla/5.0 (compatible; YandexBot/3.0; +http://yandex.com/bots)"
208.115.113.91 - - [18/Mar/2015:01:34:34 +0100] "GET /news.php?cs_go=archiv&cs_id=5335&cs_search= HTTP/1.1" 200 5365 "-" "Mozilla/5.0 (compatible; DotBot/1.1; http://www.opensiteexplorer.org/dotbot, help@moz.com)"
208.115.111.75 - - [18/Mar/2015:01:48:35 +0100] "GET /robots.txt HTTP/1.1" 200 177 "-" "Mozilla/5.0 (compatible; DotBot/1.1; http://www.opensiteexplorer.org/dotbot, help@moz.com)"
178.63.80.14 - - [18/Mar/2015:02:31:14 +0100] "GET /robots.txt HTTP/1.1" 200 177 "-" "Mozilla/5.0 (compatible; uMBot-IC/1.0; mailto: crawling@ubermetrics-technologies.com)"
178.63.80.14 - - [18/Mar/2015:02:31:14 +0100] "GET /jobs.php HTTP/1.1" 200 4965 "-" "Mozilla/5.0 (compatible; uMBot-IC/1.0; mailto: crawling@ubermetrics-technologies.com)"
78.47.15.198 - - [18/Mar/2015:02:33:40 +0100] "GET /robots.txt HTTP/1.1" 200 177 "-" "Mozilla/5.0 (compatible; uMBot-IC/1.0; mailto: crawling@ubermetrics-technologies.com)"
78.47.15.198 - - [18/Mar/2015:02:33:40 +0100] "GET /jobs.php HTTP/1.1" 200 4965 "-" "Mozilla/5.0 (compatible; uMBot-IC/1.0; mailto: crawling@ubermetrics-technologies.com)"
66.249.67.65 - - [18/Mar/2015:03:02:49 +0100] "GET / HTTP/1.1" 200 4480 "-" "SAMSUNG-SGH-E250/1.0 Profile/MIDP-2.0 Configuration/CLDC-1.1 UP.Browser/6.2.3.3.c.1.101 (GUI) MMP/2.0 (compatible; Googlebot-Mobile/2.1; +http://www.google.com/bot.html)"
66.249.67.73 - - [18/Mar/2015:03:16:45 +0100] "GET / HTTP/1.1" 200 2775 "-" "SAMSUNG-SGH-E250/1.0 Profile/MIDP-2.0 Configuration/CLDC-1.1 UP.Browser/6.2.3.3.c.1.101 (GUI) MMP/2.0 (compatible; Googlebot-Mobile/2.1; +http://www.google.com/bot.html)"
66.249.67.65 - - [18/Mar/2015:03:26:13 +0100] "GET / HTTP/1.1" 200 4480 "-" "SAMSUNG-SGH-E250/1.0 Profile/MIDP-2.0 Configuration/CLDC-1.1 UP.Browser/6.2.3.3.c.1.101 (GUI) MMP/2.0 (compatible; Googlebot-Mobile/2.1; +http://www.google.com/bot.html)"
208.115.111.75 - - [18/Mar/2015:03:38:14 +0100] "GET /news.php?cs_go=archiv&cs_startpos=130 HTTP/1.1" 200 5365 "-" "Mozilla/5.0 (compatible; DotBot/1.1; http://www.opensiteexplorer.org/dotbot, help@moz.com)"
141.8.147.12 - - [18/Mar/2015:03:47:21 +0100] "GET /images/wunschpreis.jpg HTTP/1.1" 304 - "-" "Mozilla/5.0 (compatible; YandexImages/3.0; +http://yandex.com/bots)"
208.115.113.91 - - [18/Mar/2015:03:49:09 +0100] "GET /robots.txt HTTP/1.1" 200 177 "-" "Mozilla/5.0 (compatible; DotBot/1.1; http://www.opensiteexplorer.org/dotbot, help@moz.com)"
123.125.71.115 - - [18/Mar/2015:04:44:44 +0100] "GET / HTTP/1.1" 200 1139 "-" "Mozilla/5.0 (Windows NT 5.1; rv:6.0.2) Gecko/20100101 Firefox/6.0.2"
220.181.108.95 - - [18/Mar/2015:04:47:29 +0100] "GET / HTTP/1.1" 200 2371 "-" "Mozilla/5.0 (Windows NT 5.1; rv:6.0.2) Gecko/20100101 Firefox/6.0.2"
208.115.113.91 - - [18/Mar/2015:05:40:58 +0100] "GET /news.php?cs_go=archiv&cs_id=5365&cs_search= HTTP/1.1" 200 5365 "-" "Mozilla/5.0 (compatible; DotBot/1.1; http://www.opensiteexplorer.org/dotbot, help@moz.com)"
208.115.111.75 - - [18/Mar/2015:05:48:14 +0100] "GET /robots.txt HTTP/1.1" 200 177 "-" "Mozilla/5.0 (compatible; DotBot/1.1; http://www.opensiteexplorer.org/dotbot, help@moz.com)"
157.55.39.45 - - [18/Mar/2015:07:25:01 +0100] "GET /kontakt.php HTTP/1.1" 200 4996 "-" "Mozilla/5.0 (iPhone; CPU iPhone OS 7_0 like Mac OS X) AppleWebKit/537.51.1 (KHTML, like Gecko) Version/7.0 Mobile/11A465 Safari/9537.53 (compatible; bingbot/2.0; http://www.bing.com/bingbot.htm)"
157.55.39.231 - - [18/Mar/2015:07:26:09 +0100] "GET /images/wrapperbg.jpg HTTP/1.1" 200 27465 "-" "Mozilla/5.0 (iPhone; CPU iPhone OS 7_0 like Mac OS X) AppleWebKit/537.51.1 (KHTML, like Gecko) Version/7.0 Mobile/11A465 Safari/9537.53 (compatible; bingbot/2.0; +http://www.bing.com/bingbot.htm)"
208.115.111.75 - - [18/Mar/2015:07:39:49 +0100] "GET /news.php?cs_go=archiv&cs_id=5190&cs_search= HTTP/1.1" 200 5365 "-" "Mozilla/5.0 (compatible; DotBot/1.1; http://www.opensiteexplorer.org/dotbot, help@moz.com)"
208.115.113.91 - - [18/Mar/2015:07:49:22 +0100] "GET /robots.txt HTTP/1.1" 200 177 "-" "Mozilla/5.0 (compatible; DotBot/1.1; http://www.opensiteexplorer.org/dotbot, help@moz.com)"
199.30.24.114 - - [18/Mar/2015:08:27:10 +0100] "GET /images/bg.png HTTP/1.1" 200 922 "http://www.mink-gmbh.de/kontakt.php" "Mozilla/5.0 (iPhone; CPU iPhone OS 7_0 like Mac OS X) AppleWebKit/537.51.1 (KHTML, like Gecko) Version/7.0 Mobile/11A465 Safari/9537.53 BingPreview/1.0b"
178.63.80.14 - - [18/Mar/2015:08:31:26 +0100] "GET /jobs.php HTTP/1.1" 200 4965 "-" "Mozilla/5.0 (compatible; uMBot-IC/1.0; mailto: crawling@ubermetrics-technologies.com)"
78.47.15.198 - - [18/Mar/2015:08:33:52 +0100] "GET /robots.txt HTTP/1.1" 200 177 "-" "Mozilla/5.0 (compatible; uMBot-IC/1.0; mailto: crawling@ubermetrics-technologies.com)"
78.47.15.198 - - [18/Mar/2015:08:33:52 +0100] "GET /jobs.php HTTP/1.1" 200 4965 "-" "Mozilla/5.0 (compatible; uMBot-IC/1.0; mailto: crawling@ubermetrics-technologies.com)"
66.249.67.73 - - [18/Mar/2015:08:37:18 +0100] "GET /robots.txt HTTP/1.1" 200 177 "-" "Mozilla/5.0 (compatible; Googlebot/2.1; +http://www.google.com/bot.html)"
66.249.67.73 - - [18/Mar/2015:08:37:18 +0100] "GET / HTTP/1.1" 200 4480 "-" "SAMSUNG-SGH-E250/1.0 Profile/MIDP-2.0 Configuration/CLDC-1.1 UP.Browser/6.2.3.3.c.1.101 (GUI) MMP/2.0 (compatible; Googlebot-Mobile/2.1; +http://www.google.com/bot.html)"
66.249.67.65 - - [18/Mar/2015:08:46:19 +0100] "GET / HTTP/1.1" 200 4480 "-" "SAMSUNG-SGH-E250/1.0 Profile/MIDP-2.0 Configuration/CLDC-1.1 UP.Browser/6.2.3.3.c.1.101 (GUI) MMP/2.0 (compatible; Googlebot-Mobile/2.1; +http://www.google.com/bot.html)"
157.55.39.243 - - [18/Mar/2015:08:51:28 +0100] "GET /images/bg.png HTTP/1.1" 200 922 "-" "Mozilla/5.0 (iPhone; CPU iPhone OS 7_0 like Mac OS X) AppleWebKit/537.51.1 (KHTML, like Gecko) Version/7.0 Mobile/11A465 Safari/9537.53 (compatible; bingbot/2.0; +http://www.bing.com/bingbot.htm)"
66.249.67.81 - - [18/Mar/2015:08:55:20 +0100] "GET / HTTP/1.1" 200 4480 "-" "SAMSUNG-SGH-E250/1.0 Profile/MIDP-2.0 Configuration/CLDC-1.1 UP.Browser/6.2.3.3.c.1.101 (GUI) MMP/2.0 (compatible; Googlebot-Mobile/2.1; +http://www.google.com/bot.html)"
188.165.15.193 - - [18/Mar/2015:09:11:37 +0100] "GET /faq.php HTTP/1.1" 200 5392 "-" "Mozilla/5.0 (compatible; AhrefsBot/5.0; +http://ahrefs.com/robot/)"
208.115.113.91 - - [18/Mar/2015:09:40:31 +0100] "GET /lexikon.php?cs_go=3&cs_id=208 HTTP/1.1" 200 5379 "-" "Mozilla/5.0 (compatible; DotBot/1.1; http://www.opensiteexplorer.org/dotbot, help@moz.com)"
208.115.111.75 - - [18/Mar/2015:09:48:08 +0100] "GET /robots.txt HTTP/1.1" 200 177 "-" "Mozilla/5.0 (compatible; DotBot/1.1; http://www.opensiteexplorer.org/dotbot, help@moz.com)"
178.255.215.84 - - [18/Mar/2015:09:50:53 +0100] "GET /robots.txt HTTP/1.1" 200 177 "-" "Mozilla/5.0 (compatible; Exabot/3.0; +http://www.exabot.com/go/robot)"
178.255.215.84 - - [18/Mar/2015:09:50:53 +0100] "GET /news.php?cs_go=archiv&cs_id=5173&cs_search= HTTP/1.1" 200 5365 "-" "Mozilla/5.0 (compatible; Exabot/3.0; +http://www.exabot.com/go/robot)"
208.115.111.75 - - [18/Mar/2015:11:29:11 +0100] "GET /news.php?cs_go=archiv&cs_id=5265&cs_search= HTTP/1.1" 200 5365 "-" "Mozilla/5.0 (compatible; DotBot/1.1; http://www.opensiteexplorer.org/dotbot, help@moz.com)"
208.115.111.75 - - [18/Mar/2015:11:29:16 +0100] "GET /news.php?cs_go=archiv&cs_id=5323&cs_search= HTTP/1.1" 200 5365 "-" "Mozilla/5.0 (compatible; DotBot/1.1; http://www.opensiteexplorer.org/dotbot, help@moz.com)"
157.55.39.45 - - [18/Mar/2015:12:33:31 +0100] "GET / HTTP/1.1" 200 2371 "-" "Mozilla/5.0 (compatible; bingbot/2.0; +http://www.bing.com/bingbot.htm)"
66.249.67.73 - - [18/Mar/2015:13:29:49 +0100] "GET /favicon.ico HTTP/1.1" 304 - "-" "Googlebot-Image/1.0"
37.31.191.217 - - [18/Mar/2015:13:38:25 +0100] "GET /style.css HTTP/1.1" 200 8402 "http://www.mink-gmbh.de/" "Mozilla/5.0 (Windows NT 6.1; WOW64) AppleWebKit/537.36 (KHTML, like Gecko) Chrome/41.0.2272.89 Safari/537.36"
37.31.191.217 - - [18/Mar/2015:13:38:25 +0100] "GET /modul.css HTTP/1.1" 200 35038 "http://www.mink-gmbh.de/" "Mozilla/5.0 (Windows NT 6.1; WOW64) AppleWebKit/537.36 (KHTML, like Gecko) Chrome/41.0.2272.89 Safari/537.36"
37.31.191.217 - - [18/Mar/2015:13:40:47 +0100] "GET /favicon.ico HTTP/1.1" 200 3638 "-" "Mozilla/5.0 (Windows NT 6.1; WOW64) AppleWebKit/537.36 (KHTML, like Gecko) Chrome/41.0.2272.89 Safari/537.36"
37.31.191.217 - - [18/Mar/2015:13:38:25 +0100] "GET / HTTP/1.1" 200 4606 "http://www.klicktel.de/branchenbuch/berlin/252213040B40219326/herbert-mink-gmbh-auskuenfte-und-bestellungen.html" "Mozilla/5.0 (Windows NT 6.1; WOW64) AppleWebKit/537.36 (KHTML, like Gecko) Chrome/41.0.2272.89 Safari/537.36"
208.115.111.75 - - [18/Mar/2015:13:44:55 +0100] "GET /robots.txt HTTP/1.1" 200 177 "-" "Mozilla/5.0 (compatible; DotBot/1.1; http://www.opensiteexplorer.org/dotbot, help@moz.com)"
37.31.191.217 - - [18/Mar/2015:13:40:48 +0100] "GET / HTTP/1.1" 200 2286 "http://www.klicktel.de/branchenbuch/berlin/252213040B40219326/herbert-mink-gmbh-auskuenfte-und-bestellungen.html" "Mozilla/5.0 (Windows NT 6.1; WOW64) AppleWebKit/537.36 (KHTML, like Gecko) Chrome/41.0.2272.89 Safari/537.36"
178.63.80.14 - - [18/Mar/2015:14:31:41 +0100] "GET /robots.txt HTTP/1.1" 200 177 "-" "Mozilla/5.0 (compatible; uMBot-IC/1.0; mailto: crawling@ubermetrics-technologies.com)"
178.63.80.14 - - [18/Mar/2015:14:31:41 +0100] "GET /jobs.php HTTP/1.1" 200 4965 "-" "Mozilla/5.0 (compatible; uMBot-IC/1.0; mailto: crawling@ubermetrics-technologies.com)"
78.47.15.198 - - [18/Mar/2015:14:34:08 +0100] "GET /robots.txt HTTP/1.1" 200 177 "-" "Mozilla/5.0 (compatible; uMBot-IC/1.0; mailto: crawling@ubermetrics-technologies.com)"
78.47.15.198 - - [18/Mar/2015:14:34:08 +0100] "GET /jobs.php HTTP/1.1" 200 4965 "-" "Mozilla/5.0 (compatible; uMBot-IC/1.0; mailto: crawling@ubermetrics-technologies.com)"
123.125.71.73 - - [18/Mar/2015:14:44:24 +0100] "GET / HTTP/1.1" 200 2371 "-" "Mozilla/5.0 (Windows NT 5.1; rv:6.0.2) Gecko/20100101 Firefox/6.0.2"
220.181.108.147 - - [18/Mar/2015:14:48:14 +0100] "GET / HTTP/1.1" 200 2371 "-" "Mozilla/5.0 (Windows NT 5.1; rv:6.0.2) Gecko/20100101 Firefox/6.0.2"
148.251.75.46 - - [18/Mar/2015:14:52:11 +0100] "GET /impressum.php HTTP/1.1" 200 6306 "-" "Mozilla/5.0 (Windows NT 6.1; rv:6.0) Gecko/20100101 Firefox/19.0"
144.76.155.8 - - [18/Mar/2015:14:52:25 +0100] "GET /impressum.php HTTP/1.1" 200 6306 "-" "Mozilla/5.0 (X11; U; Linux i686; en-US; rv:1.9.1.16) Gecko/20120421 Gecko Firefox/11.0"
144.76.201.69 - - [18/Mar/2015:14:52:39 +0100] "GET /impressum.php HTTP/1.1" 200 6306 "-" "Mozilla/5.0 (Macintosh; Intel Mac OS X 10_6_8) AppleWebKit/534.58.2 (KHTML, like Gecko) Version/5.1.8 Safari/534.58.2"
208.115.111.75 - - [18/Mar/2015:15:30:15 +0100] "GET /lexikon.php?cs_go=3&cs_id=120 HTTP/1.1" 200 5379 "-" "Mozilla/5.0 (compatible; DotBot/1.1; http://www.opensiteexplorer.org/dotbot, help@moz.com)"
5.9.16.51 - - [18/Mar/2015:15:26:11 +0100] "GET / HTTP/1.0" 200 4606 "-" "-"
5.9.16.51 - - [18/Mar/2015:15:29:24 +0100] "GET / HTTP/1.0" 200 4480 "-" "-"
208.115.111.75 - - [18/Mar/2015:15:30:26 +0100] "GET /news.php?cs_go=archiv&cs_id=5135 HTTP/1.1" 200 5365 "-" "Mozilla/5.0 (compatible; DotBot/1.1; http://www.opensiteexplorer.org/dotbot, help@moz.com)"
85.13.131.53 - - [18/Mar/2015:15:39:18 +0100] "GET / HTTP/1.0" 200 4606 "-" "-"
208.115.113.91 - - [18/Mar/2015:15:49:06 +0100] "GET /robots.txt HTTP/1.1" 200 177 "-" "Mozilla/5.0 (compatible; DotBot/1.1; http://www.opensiteexplorer.org/dotbot, help@moz.com)"
66.249.67.73 - - [18/Mar/2015:15:56:40 +0100] "GET / HTTP/1.1" 200 4480 "-" "SAMSUNG-SGH-E250/1.0 Profile/MIDP-2.0 Configuration/CLDC-1.1 UP.Browser/6.2.3.3.c.1.101 (GUI) MMP/2.0 (compatible; Googlebot-Mobile/2.1; +http://www.google.com/bot.html)"
66.249.67.65 - - [18/Mar/2015:16:03:21 +0100] "GET / HTTP/1.1" 200 4480 "-" "SAMSUNG-SGH-E250/1.0 Profile/MIDP-2.0 Configuration/CLDC-1.1 UP.Browser/6.2.3.3.c.1.101 (GUI) MMP/2.0 (compatible; Googlebot-Mobile/2.1; +http://www.google.com/bot.html)"
66.249.67.81 - - [18/Mar/2015:16:10:04 +0100] "GET / HTTP/1.1" 200 4480 "-" "SAMSUNG-SGH-E250/1.0 Profile/MIDP-2.0 Configuration/CLDC-1.1 UP.Browser/6.2.3.3.c.1.101 (GUI) MMP/2.0 (compatible; Googlebot-Mobile/2.1; +http://www.google.com/bot.html)"
208.115.113.91 - - [18/Mar/2015:17:39:34 +0100] "GET /news.php?cs_go=archiv&cs_id=5370 HTTP/1.1" 200 5365 "-" "Mozilla/5.0 (compatible; DotBot/1.1; http://www.opensiteexplorer.org/dotbot, help@moz.com)"
208.115.111.75 - - [18/Mar/2015:17:45:02 +0100] "GET /robots.txt HTTP/1.1" 200 177 "-" "Mozilla/5.0 (compatible; DotBot/1.1; http://www.opensiteexplorer.org/dotbot, help@moz.com)"
217.6.142.41 - - [18/Mar/2015:17:48:04 +0100] "GET / HTTP/1.1" 200 4606 "-" "Mozilla/5.0 (Windows NT 6.1; WOW64; Trident/7.0; rv:11.0) like Gecko"
217.6.142.41 - - [18/Mar/2015:18:06:11 +0100] "GET / HTTP/1.1" 200 4606 "-" "Mozilla/5.0 (Windows NT 6.1; WOW64; Trident/7.0; rv:11.0) like Gecko"
208.115.111.75 - - [18/Mar/2015:19:31:23 +0100] "GET /lexikon.php?cs_go=3&cs_id=122 HTTP/1.1" 200 5379 "-" "Mozilla/5.0 (compatible; DotBot/1.1; http://www.opensiteexplorer.org/dotbot, help@moz.com)"
208.115.111.75 - - [18/Mar/2015:19:30:23 +0100] "GET /news.php?cs_go=archiv&cs_id=5286&cs_search= HTTP/1.1" 200 5365 "-" "Mozilla/5.0 (compatible; DotBot/1.1; http://www.opensiteexplorer.org/dotbot, help@moz.com)"
208.115.111.75 - - [18/Mar/2015:19:31:34 +0100] "GET /news.php?cs_go=archiv&cs_id=5120&cs_search= HTTP/1.1" 200 5365 "-" "Mozilla/5.0 (compatible; DotBot/1.1; http://www.opensiteexplorer.org/dotbot, help@moz.com)"
208.115.111.75 - - [18/Mar/2015:19:31:41 +0100] "GET /news.php?cs_go=archiv&cs_id=5137 HTTP/1.1" 200 5365 "-" "Mozilla/5.0 (compatible; DotBot/1.1; http://www.opensiteexplorer.org/dotbot, help@moz.com)"
208.115.111.75 - - [18/Mar/2015:19:31:48 +0100] "GET /news.php?cs_go=archiv&cs_id=5251&cs_search= HTTP/1.1" 200 5365 "-" "Mozilla/5.0 (compatible; DotBot/1.1; http://www.opensiteexplorer.org/dotbot, help@moz.com)"
208.115.113.91 - - [18/Mar/2015:19:48:39 +0100] "GET /robots.txt HTTP/1.1" 200 177 "-" "Mozilla/5.0 (compatible; DotBot/1.1; http://www.opensiteexplorer.org/dotbot, help@moz.com)"
178.63.80.14 - - [18/Mar/2015:20:31:54 +0100] "GET /jobs.php HTTP/1.1" 200 4965 "-" "Mozilla/5.0 (compatible; uMBot-IC/1.0; mailto: crawling@ubermetrics-technologies.com)"
157.55.39.45 - - [18/Mar/2015:20:30:03 +0100] "GET / HTTP/1.1" 200 2371 "-" "Mozilla/5.0 (compatible; bingbot/2.0; +http://www.bing.com/bingbot.htm)"
78.47.15.198 - - [18/Mar/2015:20:34:21 +0100] "GET /robots.txt HTTP/1.1" 200 177 "-" "Mozilla/5.0 (compatible; uMBot-IC/1.0; mailto: crawling@ubermetrics-technologies.com)"
78.47.15.198 - - [18/Mar/2015:20:34:21 +0100] "GET /jobs.php HTTP/1.1" 200 4965 "-" "Mozilla/5.0 (compatible; uMBot-IC/1.0; mailto: crawling@ubermetrics-technologies.com)"
157.55.39.231 - - [18/Mar/2015:20:58:00 +0100] "GET /kwk.php HTTP/1.1" 200 5369 "-" "Mozilla/5.0 (compatible; bingbot/2.0; +http://www.bing.com/bingbot.htm)"
208.115.113.91 - - [18/Mar/2015:21:32:13 +0100] "GET /lexikon.php?cs_go=3&cs_id=121 HTTP/1.1" 200 5379 "-" "Mozilla/5.0 (compatible; DotBot/1.1; http://www.opensiteexplorer.org/dotbot, help@moz.com)"
208.115.113.91 - - [18/Mar/2015:21:32:25 +0100] "GET /news.php?cs_go=archiv&cs_id=5102&cs_search= HTTP/1.1" 200 5365 "-" "Mozilla/5.0 (compatible; DotBot/1.1; http://www.opensiteexplorer.org/dotbot, help@moz.com)"
208.115.113.91 - - [18/Mar/2015:21:32:35 +0100] "GET /news.php?cs_go=archiv&cs_id=5134 HTTP/1.1" 200 5365 "-" "Mozilla/5.0 (compatible; DotBot/1.1; http://www.opensiteexplorer.org/dotbot, help@moz.com)"
208.115.113.91 - - [18/Mar/2015:21:32:44 +0100] "GET /news.php?cs_go=archiv&cs_id=5176&cs_search= HTTP/1.1" 200 5365 "-" "Mozilla/5.0 (compatible; DotBot/1.1; http://www.opensiteexplorer.org/dotbot, help@moz.com)"
208.115.113.91 - - [18/Mar/2015:21:35:14 +0100] "GET /news.php?cs_go=archiv&cs_id=5332&cs_search= HTTP/1.1" 200 5365 "-" "Mozilla/5.0 (compatible; DotBot/1.1; http://www.opensiteexplorer.org/dotbot, help@moz.com)"
208.115.111.75 - - [18/Mar/2015:21:44:43 +0100] "GET /robots.txt HTTP/1.1" 200 177 "-" "Mozilla/5.0 (compatible; DotBot/1.1; http://www.opensiteexplorer.org/dotbot, help@moz.com)"
188.165.15.193 - - [18/Mar/2015:21:41:57 +0100] "GET /rueckrufservice.php HTTP/1.1" 200 5378 "-" "Mozilla/5.0 (compatible; AhrefsBot/5.0; +http://ahrefs.com/robot/)"
188.165.15.193 - - [18/Mar/2015:22:59:24 +0100] "GET /energiesparcheck.php HTTP/1.1" 200 5385 "-" "Mozilla/5.0 (compatible; AhrefsBot/5.0; +http://ahrefs.com/robot/)"
54.174.73.114 - - [18/Mar/2015:23:04:23 +0100] "GET / HTTP/1.1" 200 4480 "-" "Mozilla/5.0 (Macintosh; Intel Mac OS X 10_10_2) AppleWebKit/537.36 (KHTML, like Gecko) Chrome/40.0.2214.111 Safari/537.36"
54.174.73.114 - - [18/Mar/2015:23:07:17 +0100] "GET / HTTP/1.1" 200 2775 "-" "Mozilla/5.0 (Macintosh; Intel Mac OS X 10_10_2) AppleWebKit/537.36 (KHTML, like Gecko) Chrome/40.0.2214.111 Safari/537.36"
54.174.73.114 - - [18/Mar/2015:23:10:17 +0100] "GET / HTTP/1.1" 200 4480 "-" "Mozilla/5.0 (Macintosh; Intel Mac OS X 10_10_2) AppleWebKit/537.36 (KHTML, like Gecko) Chrome/40.0.2214.111 Safari/537.36"
208.115.111.75 - - [18/Mar/2015:23:30:01 +0100] "GET /lexikon.php?cs_go=3&cs_id=203 HTTP/1.1" 200 5379 "-" "Mozilla/5.0 (compatible; DotBot/1.1; http://www.opensiteexplorer.org/dotbot, help@moz.com)"
208.115.111.75 - - [18/Mar/2015:23:30:13 +0100] "GET /news.php?cs_go=archiv&cs_id=5334&cs_search= HTTP/1.1" 200 5365 "-" "Mozilla/5.0 (compatible; DotBot/1.1; http://www.opensiteexplorer.org/dotbot, help@moz.com)"
66.249.67.73 - - [18/Mar/2015:23:41:54 +0100] "GET /impressum.phpSitz HTTP/1.1" 404 5342 "-" "Mozilla/5.0 (iPhone; CPU iPhone OS 6_0 like Mac OS X) AppleWebKit/536.26 (KHTML, like Gecko) Version/6.0 Mobile/10A5376e Safari/8536.25 (compatible; Googlebot/2.1; +http://www.google.com/bot.html)"
208.115.113.91 - - [18/Mar/2015:23:45:02 +0100] "GET /robots.txt HTTP/1.1" 200 177 "-" "Mozilla/5.0 (compatible; DotBot/1.1; http://www.opensiteexplorer.org/dotbot, help@moz.com)"
66.249.67.81 - - [18/Mar/2015:23:57:30 +0100] "GET / HTTP/1.1" 200 4480 "-" "SAMSUNG-SGH-E250/1.0 Profile/MIDP-2.0 Configuration/CLDC-1.1 UP.Browser/6.2.3.3.c.1.101 (GUI) MMP/2.0 (compatible; Googlebot-Mobile/2.1; +http://www.google.com/bot.html)"
66.249.67.81 - - [19/Mar/2015:00:06:30 +0100] "GET / HTTP/1.1" 200 4480 "-" "SAMSUNG-SGH-E250/1.0 Profile/MIDP-2.0 Configuration/CLDC-1.1 UP.Browser/6.2.3.3.c.1.101 (GUI) MMP/2.0 (compatible; Googlebot-Mobile/2.1; +http://www.google.com/bot.html)"
66.249.67.73 - - [19/Mar/2015:00:13:23 +0100] "GET / HTTP/1.1" 200 4480 "-" "SAMSUNG-SGH-E250/1.0 Profile/MIDP-2.0 Configuration/CLDC-1.1 UP.Browser/6.2.3.3.c.1.101 (GUI) MMP/2.0 (compatible; Googlebot-Mobile/2.1; +http://www.google.com/bot.html)"
91.64.129.121 - - [19/Mar/2015:01:01:33 +0100] "GET / HTTP/1.1" 200 2371 "-" "Mozilla/5.0 (iPhone; CPU iPhone OS 7_1_2 like Mac OS X) AppleWebKit/537.51.2 (KHTML, like Gecko) Version/7.0 Mobile/11D257 Safari/9537.53"
188.165.15.193 - - [19/Mar/2015:01:09:09 +0100] "GET /kontakt.php HTTP/1.1" 200 4996 "-" "Mozilla/5.0 (compatible; AhrefsBot/5.0; +http://ahrefs.com/robot/)"
208.115.113.91 - - [19/Mar/2015:01:31:56 +0100] "GET /lexikon.php?cs_go=3&cs_id=123 HTTP/1.1" 200 5379 "-" "Mozilla/5.0 (compatible; DotBot/1.1; http://www.opensiteexplorer.org/dotbot, help@moz.com)"
208.115.113.91 - - [19/Mar/2015:01:32:08 +0100] "GET /news.php?cs_go=archiv&cs_id=5119&cs_search= HTTP/1.1" 200 5365 "-" "Mozilla/5.0 (compatible; DotBot/1.1; http://www.opensiteexplorer.org/dotbot, help@moz.com)"
208.115.111.75 - - [19/Mar/2015:01:44:35 +0100] "GET /robots.txt HTTP/1.1" 200 177 "-" "Mozilla/5.0 (compatible; DotBot/1.1; http://www.opensiteexplorer.org/dotbot, help@moz.com)"
178.63.80.14 - - [19/Mar/2015:02:32:08 +0100] "GET /robots.txt HTTP/1.1" 200 177 "-" "Mozilla/5.0 (compatible; uMBot-IC/1.0; mailto: crawling@ubermetrics-technologies.com)"
178.63.80.14 - - [19/Mar/2015:02:32:08 +0100] "GET /jobs.php HTTP/1.1" 200 4965 "-" "Mozilla/5.0 (compatible; uMBot-IC/1.0; mailto: crawling@ubermetrics-technologies.com)"
78.47.15.198 - - [19/Mar/2015:02:34:36 +0100] "GET /robots.txt HTTP/1.1" 200 177 "-" "Mozilla/5.0 (compatible; uMBot-IC/1.0; mailto: crawling@ubermetrics-technologies.com)"
78.47.15.198 - - [19/Mar/2015:02:34:36 +0100] "GET /jobs.php HTTP/1.1" 200 4965 "-" "Mozilla/5.0 (compatible; uMBot-IC/1.0; mailto: crawling@ubermetrics-technologies.com)"
157.55.39.45 - - [19/Mar/2015:02:46:08 +0100] "GET / HTTP/1.1" 200 2371 "-" "Mozilla/5.0 (compatible; bingbot/2.0; +http://www.bing.com/bingbot.htm)"
65.36.241.47 - - [19/Mar/2015:03:15:40 +0100] "GET / HTTP/1.1" 200 4480 "-" "InternetSeer.com"
208.115.111.75 - - [19/Mar/2015:03:25:37 +0100] "GET /lexikon.php?cs_go=3&cs_id=205 HTTP/1.1" 200 5379 "-" "Mozilla/5.0 (compatible; DotBot/1.1; http://www.opensiteexplorer.org/dotbot, help@moz.com)"
208.115.113.91 - - [19/Mar/2015:03:45:23 +0100] "GET /robots.txt HTTP/1.1" 200 177 "-" "Mozilla/5.0 (compatible; DotBot/1.1; http://www.opensiteexplorer.org/dotbot, help@moz.com)"
123.125.71.97 - - [19/Mar/2015:03:45:12 +0100] "GET / HTTP/1.1" 200 1139 "-" "Mozilla/5.0 (Windows NT 5.1; rv:6.0.2) Gecko/20100101 Firefox/6.0.2"
93.186.202.244 - - [19/Mar/2015:03:49:35 +0100] "GET /impressum.php HTTP/1.1" 200 6306 "-" "Mozilla/5.0 (X11; Ubuntu; Linux x86_64; rv:14.0) Gecko/20100101 Firefox/14.0.1"
148.251.69.136 - - [19/Mar/2015:03:49:49 +0100] "GET /impressum.php HTTP/1.1" 200 6306 "-" "Mozilla/5.0 (Windows NT 6.1; WOW64; rv:21.0) Gecko/20130330 Firefox/21.0"
93.186.202.253 - - [19/Mar/2015:03:50:03 +0100] "GET /impressum.php HTTP/1.1" 200 6306 "-" "Mozilla/5.0 (Windows NT 5.1; rv:21.0) Gecko/20130401 Firefox/21.0"
220.181.108.184 - - [19/Mar/2015:03:47:58 +0100] "GET / HTTP/1.1" 200 2371 "-" "Mozilla/5.0 (Windows NT 5.1; rv:6.0.2) Gecko/20100101 Firefox/6.0.2"
208.115.113.91 - - [19/Mar/2015:05:32:16 +0100] "GET /lexikon.php?cs_go=3&cs_id=202 HTTP/1.1" 200 5379 "-" "Mozilla/5.0 (compatible; DotBot/1.1; http://www.opensiteexplorer.org/dotbot, help@moz.com)"
157.55.39.45 - - [19/Mar/2015:05:33:27 +0100] "GET /robots.txt HTTP/1.1" 200 177 "-" "Mozilla/5.0 (compatible; bingbot/2.0; +http://www.bing.com/bingbot.htm)"
157.55.39.45 - - [19/Mar/2015:05:34:06 +0100] "GET / HTTP/1.1" 200 2371 "-" "Mozilla/5.0 (compatible; bingbot/2.0; +http://www.bing.com/bingbot.htm)"
208.115.111.75 - - [19/Mar/2015:05:45:02 +0100] "GET /robots.txt HTTP/1.1" 200 177 "-" "Mozilla/5.0 (compatible; DotBot/1.1; http://www.opensiteexplorer.org/dotbot, help@moz.com)"
208.115.111.75 - - [19/Mar/2015:07:28:51 +0100] "GET /lexikon.php?cs_go=3&cs_id=207 HTTP/1.1" 200 5379 "-" "Mozilla/5.0 (compatible; DotBot/1.1; http://www.opensiteexplorer.org/dotbot, help@moz.com)"
208.115.113.91 - - [19/Mar/2015:07:45:33 +0100] "GET /robots.txt HTTP/1.1" 200 177 "-" "Mozilla/5.0 (compatible; DotBot/1.1; http://www.opensiteexplorer.org/dotbot, help@moz.com)"
178.63.80.14 - - [19/Mar/2015:08:32:21 +0100] "GET /jobs.php HTTP/1.1" 200 4965 "-" "Mozilla/5.0 (compatible; uMBot-IC/1.0; mailto: crawling@ubermetrics-technologies.com)"
78.47.15.198 - - [19/Mar/2015:08:34:48 +0100] "GET /robots.txt HTTP/1.1" 200 177 "-" "Mozilla/5.0 (compatible; uMBot-IC/1.0; mailto: crawling@ubermetrics-technologies.com)"
78.47.15.198 - - [19/Mar/2015:08:34:48 +0100] "GET /jobs.php HTTP/1.1" 200 4965 "-" "Mozilla/5.0 (compatible; uMBot-IC/1.0; mailto: crawling@ubermetrics-technologies.com)"
92.198.65.145 - - [19/Mar/2015:08:57:46 +0100] "GET /robots.txt HTTP/1.1" 200 177 "-" "Mozilla/5.0 (Macintosh; Intel Mac OS X 10.8; rv:24.0) Gecko/20100101 Firefox/24.0"
92.198.65.145 - - [19/Mar/2015:08:57:46 +0100] "GET /robots.txt HTTP/1.0" 200 177 "-" "-"
92.198.65.145 - - [19/Mar/2015:08:57:46 +0100] "GET /sitemap.xml HTTP/1.1" 404 5342 "-" "Mozilla/5.0 (Macintosh; Intel Mac OS X 10.8; rv:24.0) Gecko/20100101 Firefox/24.0"
92.198.65.145 - - [19/Mar/2015:08:57:46 +0100] "GET /favicon.ico HTTP/1.1" 200 3638 "-" "Mozilla/5.0 (Macintosh; Intel Mac OS X 10.8; rv:24.0) Gecko/20100101 Firefox/24.0"
148.251.77.34 - - [19/Mar/2015:09:15:19 +0100] "GET / HTTP/1.1" 200 4480 "http://pizza-tycoon.de/" "Mozilla/5.0 (Windows NT 6.1; WOW64) AppleWebKit/537.36 (KHTML, like Gecko) Chrome/41.0.2272.89 Safari/537.36"
208.115.113.91 - - [19/Mar/2015:09:32:04 +0100] "GET /lexikon.php?cs_go=3&cs_id=204 HTTP/1.1" 200 5379 "-" "Mozilla/5.0 (compatible; DotBot/1.1; http://www.opensiteexplorer.org/dotbot, help@moz.com)"
157.55.39.232 - - [19/Mar/2015:09:41:47 +0100] "GET /kwk.php HTTP/1.1" 200 5369 "-" "Mozilla/5.0 (compatible; bingbot/2.0; +http://www.bing.com/bingbot.htm)"
208.115.111.75 - - [19/Mar/2015:09:44:53 +0100] "GET /robots.txt HTTP/1.1" 200 177 "-" "Mozilla/5.0 (compatible; DotBot/1.1; http://www.opensiteexplorer.org/dotbot, help@moz.com)"
66.249.67.81 - - [19/Mar/2015:09:54:07 +0100] "GET /robots.txt HTTP/1.1" 200 177 "-" "Mozilla/5.0 (compatible; Googlebot/2.1; +http://www.google.com/bot.html)"
66.249.67.65 - - [19/Mar/2015:09:54:08 +0100] "GET / HTTP/1.1" 200 4480 "-" "Mozilla/5.0 (compatible; Googlebot/2.1; +http://www.google.com/bot.html)"
66.249.67.65 - - [19/Mar/2015:10:00:19 +0100] "GET / HTTP/1.1" 200 4480 "-" "Mozilla/5.0 (compatible; Googlebot/2.1; +http://www.google.com/bot.html)"
66.249.67.81 - - [19/Mar/2015:10:06:32 +0100] "GET / HTTP/1.1" 200 4480 "-" "Mozilla/5.0 (compatible; Googlebot/2.1; +http://www.google.com/bot.html)"
208.115.111.75 - - [19/Mar/2015:11:22:45 +0100] "GET /modernisierung.php?cs_gp_go=plus HTTP/1.1" 200 5420 "-" "Mozilla/5.0 (compatible; DotBot/1.1; http://www.opensiteexplorer.org/dotbot, help@moz.com)"
208.115.113.91 - - [19/Mar/2015:11:45:43 +0100] "GET /robots.txt HTTP/1.1" 200 177 "-" "Mozilla/5.0 (compatible; DotBot/1.1; http://www.opensiteexplorer.org/dotbot, help@moz.com)"
80.153.196.40 - - [19/Mar/2015:12:59:37 +0100] "GET /style.css HTTP/1.1" 200 8402 "http://www.mink-gmbh.de/" "Mozilla/5.0 (Macintosh; Intel Mac OS X 10_10_2) AppleWebKit/600.4.10 (KHTML, like Gecko) Version/8.0.4 Safari/600.4.10"
80.153.196.40 - - [19/Mar/2015:12:59:37 +0100] "GET /modul.css HTTP/1.1" 200 35038 "http://www.mink-gmbh.de/" "Mozilla/5.0 (Macintosh; Intel Mac OS X 10_10_2) AppleWebKit/600.4.10 (KHTML, like Gecko) Version/8.0.4 Safari/600.4.10"
80.153.196.40 - - [19/Mar/2015:12:59:37 +0100] "GET / HTTP/1.1" 200 4480 "-" "Mozilla/5.0 (Macintosh; Intel Mac OS X 10_10_2) AppleWebKit/600.4.10 (KHTML, like Gecko) Version/8.0.4 Safari/600.4.10"
141.8.189.118 - - [19/Mar/2015:13:20:30 +0100] "GET /robots.txt HTTP/1.1" 200 177 "-" "Mozilla/5.0 (compatible; YandexBot/3.0; +http://yandex.com/bots)"
93.158.143.18 - - [19/Mar/2015:13:20:33 +0100] "GET / HTTP/1.1" 200 4480 "-" "Mozilla/5.0 (compatible; YandexBot/3.0; +http://yandex.com/bots)"
93.158.143.18 - - [19/Mar/2015:13:21:50 +0100] "GET / HTTP/1.1" 200 4480 "-" "Mozilla/5.0 (compatible; YandexBot/3.0; +http://yandex.com/bots)"
93.158.143.18 - - [19/Mar/2015:13:23:07 +0100] "GET / HTTP/1.1" 200 4480 "-" "Mozilla/5.0 (compatible; YandexBot/3.0; +http://yandex.com/bots)"
93.158.143.18 - - [19/Mar/2015:13:24:24 +0100] "GET / HTTP/1.1" 200 4480 "-" "Mozilla/5.0 (compatible; YandexBot/3.0; +http://yandex.com/bots)"
66.249.67.65 - - [19/Mar/2015:13:25:16 +0100] "GET / HTTP/1.1" 200 4480 "-" "Mozilla/5.0 (iPhone; CPU iPhone OS 6_0 like Mac OS X) AppleWebKit/536.26 (KHTML, like Gecko) Version/6.0 Mobile/10A5376e Safari/8536.25 (compatible; Googlebot/2.1; +http://www.google.com/bot.html)"
208.115.113.91 - - [19/Mar/2015:13:26:30 +0100] "GET /news.php?cs_go=archiv&cs_startpos=150 HTTP/1.1" 200 5365 "-" "Mozilla/5.0 (compatible; DotBot/1.1; http://www.opensiteexplorer.org/dotbot, help@moz.com)"
66.249.67.65 - - [19/Mar/2015:13:34:18 +0100] "GET / HTTP/1.1" 200 4480 "-" "Mozilla/5.0 (iPhone; CPU iPhone OS 6_0 like Mac OS X) AppleWebKit/536.26 (KHTML, like Gecko) Version/6.0 Mobile/10A5376e Safari/8536.25 (compatible; Googlebot/2.1; +http://www.google.com/bot.html)"
66.249.67.65 - - [19/Mar/2015:13:40:50 +0100] "GET / HTTP/1.1" 200 4480 "-" "Mozilla/5.0 (iPhone; CPU iPhone OS 6_0 like Mac OS X) AppleWebKit/536.26 (KHTML, like Gecko) Version/6.0 Mobile/10A5376e Safari/8536.25 (compatible; Googlebot/2.1; +http://www.google.com/bot.html)"
208.115.111.75 - - [19/Mar/2015:13:44:56 +0100] "GET /robots.txt HTTP/1.1" 200 177 "-" "Mozilla/5.0 (compatible; DotBot/1.1; http://www.opensiteexplorer.org/dotbot, help@moz.com)"
66.249.67.81 - - [19/Mar/2015:13:51:47 +0100] "GET /modul.css HTTP/1.1" 200 35038 "-" "Mozilla/5.0 (compatible; Googlebot/2.1; +http://www.google.com/bot.html)"
66.249.67.81 - - [19/Mar/2015:13:51:48 +0100] "GET /style.css HTTP/1.1" 200 8402 "-" "Mozilla/5.0 (compatible; Googlebot/2.1; +http://www.google.com/bot.html)"
178.63.80.14 - - [19/Mar/2015:14:32:34 +0100] "GET /robots.txt HTTP/1.1" 200 177 "-" "Mozilla/5.0 (compatible; uMBot-IC/1.0; mailto: crawling@ubermetrics-technologies.com)"
178.63.80.14 - - [19/Mar/2015:14:32:34 +0100] "GET /jobs.php HTTP/1.1" 200 4965 "-" "Mozilla/5.0 (compatible; uMBot-IC/1.0; mailto: crawling@ubermetrics-technologies.com)"
78.47.15.198 - - [19/Mar/2015:14:35:02 +0100] "GET /robots.txt HTTP/1.1" 200 177 "-" "Mozilla/5.0 (compatible; uMBot-IC/1.0; mailto: crawling@ubermetrics-technologies.com)"
78.47.15.198 - - [19/Mar/2015:14:35:02 +0100] "GET /jobs.php HTTP/1.1" 200 4965 "-" "Mozilla/5.0 (compatible; uMBot-IC/1.0; mailto: crawling@ubermetrics-technologies.com)"
94.23.204.136 - - [19/Mar/2015:15:21:06 +0100] "HEAD / HTTP/1.1" 200 - "-" "InternetSeer.com"
94.23.204.136 - - [19/Mar/2015:15:25:21 +0100] "HEAD / HTTP/1.1" 200 - "-" "InternetSeer.com"
208.115.111.75 - - [19/Mar/2015:15:23:47 +0100] "GET /news.php?cs_go=archiv&cs_id=5167&cs_search= HTTP/1.1" 200 5365 "-" "Mozilla/5.0 (compatible; DotBot/1.1; http://www.opensiteexplorer.org/dotbot, help@moz.com)"
208.115.111.75 - - [19/Mar/2015:15:24:40 +0100] "GET /news.php?cs_go=archiv&cs_id=5199&cs_search= HTTP/1.1" 200 5365 "-" "Mozilla/5.0 (compatible; DotBot/1.1; http://www.opensiteexplorer.org/dotbot, help@moz.com)"
208.115.113.91 - - [19/Mar/2015:15:45:05 +0100] "GET /robots.txt HTTP/1.1" 200 177 "-" "Mozilla/5.0 (compatible; DotBot/1.1; http://www.opensiteexplorer.org/dotbot, help@moz.com)"
208.115.113.91 - - [19/Mar/2015:17:31:47 +0100] "GET /lexikon.php?cs_go=3&cs_id=206 HTTP/1.1" 200 5379 "-" "Mozilla/5.0 (compatible; DotBot/1.1; http://www.opensiteexplorer.org/dotbot, help@moz.com)"
208.115.113.91 - - [19/Mar/2015:17:32:00 +0100] "GET /news.php?cs_go=archiv&cs_id=5263&cs_search= HTTP/1.1" 200 5365 "-" "Mozilla/5.0 (compatible; DotBot/1.1; http://www.opensiteexplorer.org/dotbot, help@moz.com)"
208.115.111.75 - - [19/Mar/2015:17:45:16 +0100] "GET /robots.txt HTTP/1.1" 200 177 "-" "Mozilla/5.0 (compatible; DotBot/1.1; http://www.opensiteexplorer.org/dotbot, help@moz.com)"
80.187.110.221 - - [19/Mar/2015:19:12:23 +0100] "GET / HTTP/1.1" 200 8120 "-" "Mozilla/5.0 (iPhone; CPU iPhone OS 8_2 like Mac OS X) AppleWebKit/600.1.4 (KHTML, like Gecko) Version/8.0 Mobile/12D508 Safari/600.1.4"
80.187.110.221 - - [19/Mar/2015:19:12:48 +0100] "GET / HTTP/1.1" 200 8120 "-" "Mozilla/5.0 (iPhone; CPU iPhone OS 8_2 like Mac OS X) AppleWebKit/600.1.4 (KHTML, like Gecko) Version/8.0 Mobile/12D508 Safari/600.1.4"
