66.249.67.81 - - [17/Mar/2015:01:27:36 +0100] "GET /news.php HTTP/1.1" 200 5365 "-" "Mozilla/5.0 (iPhone; CPU iPhone OS 6_0 like Mac OS X) AppleWebKit/536.26 (KHTML, like Gecko) Version/6.0 Mobile/10A5376e Safari/8536.25 (compatible; Googlebot/2.1; +http://www.google.com/bot.html)"
66.249.67.73 - - [17/Mar/2015:01:39:37 +0100] "GET /news.php HTTP/1.1" 200 5365 "-" "Mozilla/5.0 (iPhone; CPU iPhone OS 6_0 like Mac OS X) AppleWebKit/536.26 (KHTML, like Gecko) Version/6.0 Mobile/10A5376e Safari/8536.25 (compatible; Googlebot/2.1; +http://www.google.com/bot.html)"
208.115.113.91 - - [17/Mar/2015:01:43:49 +0100] "GET /lexikon.php?cs_go=3&cs_id=24 HTTP/1.1" 200 5379 "-" "Mozilla/5.0 (compatible; DotBot/1.1; http://www.opensiteexplorer.org/dotbot, help@moz.com)"
208.115.113.91 - - [17/Mar/2015:01:44:00 +0100] "GET /kwk.php HTTP/1.1" 200 5369 "-" "Mozilla/5.0 (compatible; DotBot/1.1; http://www.opensiteexplorer.org/dotbot, help@moz.com)"
208.115.113.91 - - [17/Mar/2015:01:43:43 +0100] "GET /news.php?cs_go=archiv&cs_id=5140&cs_search= HTTP/1.1" 200 5365 "-" "Mozilla/5.0 (compatible; DotBot/1.1; http://www.opensiteexplorer.org/dotbot, help@moz.com)"
208.115.111.75 - - [17/Mar/2015:01:49:59 +0100] "GET /robots.txt HTTP/1.1" 200 177 "-" "Mozilla/5.0 (compatible; DotBot/1.1; http://www.opensiteexplorer.org/dotbot, help@moz.com)"
66.249.67.65 - - [17/Mar/2015:01:51:39 +0100] "GET /news.php HTTP/1.1" 200 5365 "-" "Mozilla/5.0 (iPhone; CPU iPhone OS 6_0 like Mac OS X) AppleWebKit/536.26 (KHTML, like Gecko) Version/6.0 Mobile/10A5376e Safari/8536.25 (compatible; Googlebot/2.1; +http://www.google.com/bot.html)"
178.255.215.84 - - [17/Mar/2015:01:56:56 +0100] "GET /robots.txt HTTP/1.1" 200 177 "-" "Mozilla/5.0 (compatible; Exabot/3.0; +http://www.exabot.com/go/robot)"
178.255.215.84 - - [17/Mar/2015:01:56:56 +0100] "GET /news.php?cs_go=archiv&cs_id=5372&cs_search= HTTP/1.1" 200 5365 "-" "Mozilla/5.0 (compatible; Exabot/3.0; +http://www.exabot.com/go/robot)"
66.249.67.73 - - [17/Mar/2015:02:00:40 +0100] "GET /impressum.phpSitz HTTP/1.1" 404 5342 "-" "Mozilla/5.0 (iPhone; CPU iPhone OS 6_0 like Mac OS X) AppleWebKit/536.26 (KHTML, like Gecko) Version/6.0 Mobile/10A5376e Safari/8536.25 (compatible; Googlebot/2.1; +http://www.google.com/bot.html)"
78.46.105.91 - - [17/Mar/2015:02:02:07 +0100] "GET /robots.txt HTTP/1.1" 200 177 "-" "Mozilla/5.0 (compatible; 007ac9 Crawler; http://crawler.007ac9.net/)"
78.46.105.91 - - [17/Mar/2015:02:02:07 +0100] "GET / HTTP/1.1" 200 2371 "-" "Mozilla/5.0 (compatible; 007ac9 Crawler; http://crawler.007ac9.net/)"
78.46.105.91 - - [17/Mar/2015:02:02:07 +0100] "GET / HTTP/1.1" 200 8120 "-" "Mozilla/5.0 (compatible; 007ac9 Crawler; http://crawler.007ac9.net/)"
66.249.67.81 - - [17/Mar/2015:02:21:52 +0100] "GET /lexikon.php?cs_go=3&cs_id=137 HTTP/1.1" 200 5379 "-" "Mozilla/5.0 (iPhone; CPU iPhone OS 6_0 like Mac OS X) AppleWebKit/536.26 (KHTML, like Gecko) Version/6.0 Mobile/10A5376e Safari/8536.25 (compatible; Googlebot/2.1; +http://www.google.com/bot.html)"
178.63.80.14 - - [17/Mar/2015:02:32:15 +0100] "GET /robots.txt HTTP/1.1" 200 177 "-" "Mozilla/5.0 (compatible; uMBot-IC/1.0; mailto: crawling@ubermetrics-technologies.com)"
178.63.80.14 - - [17/Mar/2015:02:32:15 +0100] "GET /jobs.php HTTP/1.1" 200 4965 "-" "Mozilla/5.0 (compatible; uMBot-IC/1.0; mailto: crawling@ubermetrics-technologies.com)"
66.249.67.73 - - [17/Mar/2015:02:29:28 +0100] "GET /news.php?cs_go=archiv&cs_id=4428 HTTP/1.1" 200 5365 "-" "Mozilla/5.0 (iPhone; CPU iPhone OS 6_0 like Mac OS X) AppleWebKit/536.26 (KHTML, like Gecko) Version/6.0 Mobile/10A5376e Safari/8536.25 (compatible; Googlebot/2.1; +http://www.google.com/bot.html)"
78.47.15.198 - - [17/Mar/2015:02:34:38 +0100] "GET /robots.txt HTTP/1.1" 200 177 "-" "Mozilla/5.0 (compatible; uMBot-IC/1.0; mailto: crawling@ubermetrics-technologies.com)"
78.47.15.198 - - [17/Mar/2015:02:34:38 +0100] "GET /jobs.php HTTP/1.1" 200 4965 "-" "Mozilla/5.0 (compatible; uMBot-IC/1.0; mailto: crawling@ubermetrics-technologies.com)"
66.249.67.81 - - [17/Mar/2015:02:35:43 +0100] "GET /news.php?cs_go=archiv&cs_id=4428 HTTP/1.1" 200 5365 "-" "Mozilla/5.0 (iPhone; CPU iPhone OS 6_0 like Mac OS X) AppleWebKit/536.26 (KHTML, like Gecko) Version/6.0 Mobile/10A5376e Safari/8536.25 (compatible; Googlebot/2.1; +http://www.google.com/bot.html)"
66.249.67.81 - - [17/Mar/2015:02:41:43 +0100] "GET /news.php?cs_go=archiv&cs_id=3829&cs_search= HTTP/1.1" 200 5365 "-" "Mozilla/5.0 (iPhone; CPU iPhone OS 6_0 like Mac OS X) AppleWebKit/536.26 (KHTML, like Gecko) Version/6.0 Mobile/10A5376e Safari/8536.25 (compatible; Googlebot/2.1; +http://www.google.com/bot.html)"
66.249.67.65 - - [17/Mar/2015:02:56:43 +0100] "GET /news.php?cs_go=archiv&cs_id=4428 HTTP/1.1" 200 5365 "-" "Mozilla/5.0 (iPhone; CPU iPhone OS 6_0 like Mac OS X) AppleWebKit/536.26 (KHTML, like Gecko) Version/6.0 Mobile/10A5376e Safari/8536.25 (compatible; Googlebot/2.1; +http://www.google.com/bot.html)"
66.249.67.81 - - [17/Mar/2015:02:57:13 +0100] "GET /news.php?cs_go=archiv&cs_id=3829&cs_search= HTTP/1.1" 200 5365 "-" "Mozilla/5.0 (iPhone; CPU iPhone OS 6_0 like Mac OS X) AppleWebKit/536.26 (KHTML, like Gecko) Version/6.0 Mobile/10A5376e Safari/8536.25 (compatible; Googlebot/2.1; +http://www.google.com/bot.html)"
178.255.215.84 - - [17/Mar/2015:03:12:53 +0100] "GET /news.php?cs_go=archiv&cs_id=5388&cs_search= HTTP/1.1" 200 5365 "-" "Mozilla/5.0 (compatible; Exabot/3.0; +http://www.exabot.com/go/robot)"
66.249.67.73 - - [17/Mar/2015:03:17:06 +0100] "GET /news.php?cs_go=archiv&cs_id=3829&cs_search= HTTP/1.1" 200 5365 "-" "Mozilla/5.0 (iPhone; CPU iPhone OS 6_0 like Mac OS X) AppleWebKit/536.26 (KHTML, like Gecko) Version/6.0 Mobile/10A5376e Safari/8536.25 (compatible; Googlebot/2.1; +http://www.google.com/bot.html)"
66.249.67.73 - - [17/Mar/2015:03:23:07 +0100] "GET / HTTP/1.1" 200 4480 "-" "DoCoMo/2.0 N905i(c100;TB;W24H16) (compatible; Googlebot-Mobile/2.1; +http://www.google.com/bot.html)"
208.115.111.75 - - [17/Mar/2015:03:41:16 +0100] "GET /news.php?cs_go=archiv&cs_id=5143&cs_search= HTTP/1.1" 200 5365 "-" "Mozilla/5.0 (compatible; DotBot/1.1; http://www.opensiteexplorer.org/dotbot, help@moz.com)"
208.115.113.91 - - [17/Mar/2015:03:52:36 +0100] "GET /robots.txt HTTP/1.1" 200 177 "-" "Mozilla/5.0 (compatible; DotBot/1.1; http://www.opensiteexplorer.org/dotbot, help@moz.com)"
141.8.147.12 - - [17/Mar/2015:04:25:51 +0100] "GET /optiplus.php HTTP/1.1" 404 5342 "-" "Mozilla/5.0 (compatible; YandexBot/3.0; +http://yandex.com/bots)"
208.115.113.91 - - [17/Mar/2015:05:41:17 +0100] "GET /lexikon.php?cs_go=3&cs_id=26 HTTP/1.1" 200 5379 "-" "Mozilla/5.0 (compatible; DotBot/1.1; http://www.opensiteexplorer.org/dotbot, help@moz.com)"
208.115.113.91 - - [17/Mar/2015:05:41:29 +0100] "GET /lexikon.php?cs_go=3&cs_id=182 HTTP/1.1" 200 5379 "-" "Mozilla/5.0 (compatible; DotBot/1.1; http://www.opensiteexplorer.org/dotbot, help@moz.com)"
208.115.111.75 - - [17/Mar/2015:05:48:10 +0100] "GET /robots.txt HTTP/1.1" 200 177 "-" "Mozilla/5.0 (compatible; DotBot/1.1; http://www.opensiteexplorer.org/dotbot, help@moz.com)"
82.94.179.38 - - [17/Mar/2015:06:09:24 +0100] "GET /robots.txt HTTP/1.0" 200 177 "-" "Mozilla/4.0 (compatible; Vagabondo/4.0/EU; http://webagent.wise-guys.nl/)"
82.94.179.38 - - [17/Mar/2015:06:10:25 +0100] "GET /lexikon.php?cs_go=3&cs_id=10 HTTP/1.1" 200 5379 "http://www.mink-gmbh.de/lexikon.php?cs_go=2&cs_char=a" "Mozilla/4.0 (compatible; Vagabondo/4.0/EU; http://www.wise-guys.nl/)"
82.94.179.38 - - [17/Mar/2015:06:10:55 +0100] "GET /lexikon.php?cs_go=3&cs_id=42 HTTP/1.1" 200 5379 "http://www.mink-gmbh.de/lexikon.php?cs_go=2&cs_char=c" "Mozilla/4.0 (compatible; Vagabondo/4.0/EU; http://www.wise-guys.nl/)"
82.94.179.38 - - [17/Mar/2015:06:11:28 +0100] "GET /lexikon.php?cs_go=3&cs_id=73 HTTP/1.1" 200 5379 "http://www.mink-gmbh.de/lexikon.php?cs_go=2&cs_char=f" "Mozilla/4.0 (compatible; Vagabondo/4.0/EU; http://www.wise-guys.nl/)"
82.94.179.38 - - [17/Mar/2015:06:12:10 +0100] "GET /lexikon.php?cs_go=3&cs_id=72 HTTP/1.1" 200 5379 "http://www.mink-gmbh.de/lexikon.php?cs_go=2&cs_char=f" "Mozilla/4.0 (compatible; Vagabondo/4.0/EU; http://www.wise-guys.nl/)"
82.94.179.38 - - [17/Mar/2015:06:09:24 +0100] "GET /news.php?cs_go=archiv&cs_startpos=130 HTTP/1.1" 200 5365 "http://www.mink-gmbh.de/news.php?cs_go=archiv&cs_startpos=181" "Mozilla/4.0 (compatible; Vagabondo/4.0/EU; http://www.wise-guys.nl/)"
82.94.179.38 - - [17/Mar/2015:06:09:55 +0100] "GET /news.php?cs_go=archiv&cs_startpos=140 HTTP/1.1" 200 5365 "http://www.mink-gmbh.de/news.php?cs_go=archiv&cs_startpos=181" "Mozilla/4.0 (compatible; Vagabondo/4.0/EU; http://www.wise-guys.nl/)"
82.94.179.38 - - [17/Mar/2015:06:13:08 +0100] "GET /lexikon.php?cs_go=3&cs_id=71 HTTP/1.1" 200 5379 "http://www.mink-gmbh.de/lexikon.php?cs_go=2&cs_char=f" "Mozilla/4.0 (compatible; Vagabondo/4.0/EU; http://www.wise-guys.nl/)"
82.94.179.38 - - [17/Mar/2015:06:14:04 +0100] "GET /lexikon.php?cs_go=3&cs_id=70 HTTP/1.1" 200 5379 "http://www.mink-gmbh.de/lexikon.php?cs_go=2&cs_char=f" "Mozilla/4.0 (compatible; Vagabondo/4.0/EU; http://www.wise-guys.nl/)"
82.94.179.38 - - [17/Mar/2015:06:15:02 +0100] "GET /lexikon.php?cs_go=3&cs_id=69 HTTP/1.1" 200 5379 "http://www.mink-gmbh.de/lexikon.php?cs_go=2&cs_char=f" "Mozilla/4.0 (compatible; Vagabondo/4.0/EU; http://www.wise-guys.nl/)"
82.94.179.38 - - [17/Mar/2015:06:16:10 +0100] "GET /lexikon.php?cs_go=3&cs_id=68 HTTP/1.1" 200 5379 "http://www.mink-gmbh.de/lexikon.php?cs_go=2&cs_char=f" "Mozilla/4.0 (compatible; Vagabondo/4.0/EU; http://www.wise-guys.nl/)"
82.94.179.38 - - [17/Mar/2015:06:17:18 +0100] "GET /lexikon.php?cs_go=3&cs_id=67 HTTP/1.1" 200 5379 "http://www.mink-gmbh.de/lexikon.php?cs_go=2&cs_char=f" "Mozilla/4.0 (compatible; Vagabondo/4.0/EU; http://www.wise-guys.nl/)"
82.94.179.38 - - [17/Mar/2015:06:18:21 +0100] "GET /lexikon.php?cs_go=3&cs_id=66 HTTP/1.1" 200 5379 "http://www.mink-gmbh.de/lexikon.php?cs_go=2&cs_char=f" "Mozilla/4.0 (compatible; Vagabondo/4.0/EU; http://www.wise-guys.nl/)"
82.94.179.38 - - [17/Mar/2015:06:19:33 +0100] "GET /lexikon.php?cs_go=3&cs_id=65 HTTP/1.1" 200 5379 "http://www.mink-gmbh.de/lexikon.php?cs_go=2&cs_char=f" "Mozilla/4.0 (compatible; Vagabondo/4.0/EU; http://www.wise-guys.nl/)"
82.94.179.38 - - [17/Mar/2015:06:20:50 +0100] "GET /lexikon.php?cs_go=3&cs_id=64 HTTP/1.1" 200 5379 "http://www.mink-gmbh.de/lexikon.php?cs_go=2&cs_char=e" "Mozilla/4.0 (compatible; Vagabondo/4.0/EU; http://www.wise-guys.nl/)"
82.94.179.38 - - [17/Mar/2015:06:22:07 +0100] "GET /lexikon.php?cs_go=3&cs_id=63 HTTP/1.1" 200 5379 "http://www.mink-gmbh.de/lexikon.php?cs_go=2&cs_char=e" "Mozilla/4.0 (compatible; Vagabondo/4.0/EU; http://www.wise-guys.nl/)"
82.94.179.38 - - [17/Mar/2015:06:23:34 +0100] "GET /lexikon.php?cs_go=3&cs_id=62 HTTP/1.1" 200 5379 "http://www.mink-gmbh.de/lexikon.php?cs_go=2&cs_char=e" "Mozilla/4.0 (compatible; Vagabondo/4.0/EU; http://www.wise-guys.nl/)"
82.94.179.38 - - [17/Mar/2015:06:24:54 +0100] "GET /lexikon.php?cs_go=3&cs_id=61 HTTP/1.1" 200 5379 "http://www.mink-gmbh.de/lexikon.php?cs_go=2&cs_char=e" "Mozilla/4.0 (compatible; Vagabondo/4.0/EU; http://www.wise-guys.nl/)"
82.94.179.38 - - [17/Mar/2015:06:26:22 +0100] "GET /lexikon.php?cs_go=3&cs_id=60 HTTP/1.1" 200 5379 "http://www.mink-gmbh.de/lexikon.php?cs_go=2&cs_char=e" "Mozilla/4.0 (compatible; Vagabondo/4.0/EU; http://www.wise-guys.nl/)"
82.94.179.38 - - [17/Mar/2015:06:27:45 +0100] "GET /lexikon.php?cs_go=3&cs_id=59 HTTP/1.1" 200 5379 "http://www.mink-gmbh.de/lexikon.php?cs_go=2&cs_char=e" "Mozilla/4.0 (compatible; Vagabondo/4.0/EU; http://www.wise-guys.nl/)"
82.94.179.38 - - [17/Mar/2015:06:29:20 +0100] "GET /lexikon.php?cs_go=3&cs_id=58 HTTP/1.1" 200 5379 "http://www.mink-gmbh.de/lexikon.php?cs_go=2&cs_char=e" "Mozilla/4.0 (compatible; Vagabondo/4.0/EU; http://www.wise-guys.nl/)"
82.94.179.38 - - [17/Mar/2015:06:30:50 +0100] "GET /lexikon.php?cs_go=3&cs_id=57 HTTP/1.1" 200 5379 "http://www.mink-gmbh.de/lexikon.php?cs_go=2&cs_char=e" "Mozilla/4.0 (compatible; Vagabondo/4.0/EU; http://www.wise-guys.nl/)"
82.94.179.38 - - [17/Mar/2015:06:32:30 +0100] "GET /lexikon.php?cs_go=3&cs_id=56 HTTP/1.1" 200 5379 "http://www.mink-gmbh.de/lexikon.php?cs_go=2&cs_char=e" "Mozilla/4.0 (compatible; Vagabondo/4.0/EU; http://www.wise-guys.nl/)"
82.94.179.38 - - [17/Mar/2015:06:34:01 +0100] "GET /lexikon.php?cs_go=3&cs_id=55 HTTP/1.1" 200 5379 "http://www.mink-gmbh.de/lexikon.php?cs_go=2&cs_char=d" "Mozilla/4.0 (compatible; Vagabondo/4.0/EU; http://www.wise-guys.nl/)"
82.94.179.38 - - [17/Mar/2015:06:35:34 +0100] "GET /lexikon.php?cs_go=3&cs_id=54 HTTP/1.1" 200 5379 "http://www.mink-gmbh.de/lexikon.php?cs_go=2&cs_char=d" "Mozilla/4.0 (compatible; Vagabondo/4.0/EU; http://www.wise-guys.nl/)"
82.94.179.38 - - [17/Mar/2015:06:37:07 +0100] "GET /lexikon.php?cs_go=3&cs_id=53 HTTP/1.1" 200 5379 "http://www.mink-gmbh.de/lexikon.php?cs_go=2&cs_char=d" "Mozilla/4.0 (compatible; Vagabondo/4.0/EU; http://www.wise-guys.nl/)"
82.94.179.38 - - [17/Mar/2015:06:38:29 +0100] "GET /lexikon.php?cs_go=3&cs_id=52 HTTP/1.1" 200 5379 "http://www.mink-gmbh.de/lexikon.php?cs_go=2&cs_char=d" "Mozilla/4.0 (compatible; Vagabondo/4.0/EU; http://www.wise-guys.nl/)"
82.94.179.38 - - [17/Mar/2015:06:39:48 +0100] "GET /lexikon.php?cs_go=3&cs_id=51 HTTP/1.1" 200 5379 "http://www.mink-gmbh.de/lexikon.php?cs_go=2&cs_char=d" "Mozilla/4.0 (compatible; Vagabondo/4.0/EU; http://www.wise-guys.nl/)"
82.94.179.38 - - [17/Mar/2015:06:41:15 +0100] "GET /lexikon.php?cs_go=3&cs_id=50 HTTP/1.1" 200 5379 "http://www.mink-gmbh.de/lexikon.php?cs_go=2&cs_char=d" "Mozilla/4.0 (compatible; Vagabondo/4.0/EU; http://www.wise-guys.nl/)"
82.94.179.38 - - [17/Mar/2015:06:42:37 +0100] "GET /lexikon.php?cs_go=3&cs_id=49 HTTP/1.1" 200 5379 "http://www.mink-gmbh.de/lexikon.php?cs_go=2&cs_char=d" "Mozilla/4.0 (compatible; Vagabondo/4.0/EU; http://www.wise-guys.nl/)"
82.94.179.38 - - [17/Mar/2015:06:44:06 +0100] "GET /lexikon.php?cs_go=3&cs_id=48 HTTP/1.1" 200 5379 "http://www.mink-gmbh.de/lexikon.php?cs_go=2&cs_char=d" "Mozilla/4.0 (compatible; Vagabondo/4.0/EU; http://www.wise-guys.nl/)"
66.249.67.81 - - [17/Mar/2015:06:41:07 +0100] "GET /news.php?cs_go=archiv&cs_id=4078&cs_search= HTTP/1.1" 200 5365 "-" "Mozilla/5.0 (iPhone; CPU iPhone OS 6_0 like Mac OS X) AppleWebKit/536.26 (KHTML, like Gecko) Version/6.0 Mobile/10A5376e Safari/8536.25 (compatible; Googlebot/2.1; +http://www.google.com/bot.html)"
82.94.179.38 - - [17/Mar/2015:06:45:23 +0100] "GET /lexikon.php?cs_go=3&cs_id=47 HTTP/1.1" 200 5379 "http://www.mink-gmbh.de/lexikon.php?cs_go=2&cs_char=d" "Mozilla/4.0 (compatible; Vagabondo/4.0/EU; http://www.wise-guys.nl/)"
82.94.179.38 - - [17/Mar/2015:06:46:44 +0100] "GET /lexikon.php?cs_go=3&cs_id=46 HTTP/1.1" 200 5379 "http://www.mink-gmbh.de/lexikon.php?cs_go=2&cs_char=d" "Mozilla/4.0 (compatible; Vagabondo/4.0/EU; http://www.wise-guys.nl/)"
82.94.179.38 - - [17/Mar/2015:06:48:10 +0100] "GET /lexikon.php?cs_go=3&cs_id=45 HTTP/1.1" 200 5379 "http://www.mink-gmbh.de/lexikon.php?cs_go=2&cs_char=d" "Mozilla/4.0 (compatible; Vagabondo/4.0/EU; http://www.wise-guys.nl/)"
82.94.179.38 - - [17/Mar/2015:06:49:26 +0100] "GET /lexikon.php?cs_go=3&cs_id=44 HTTP/1.1" 200 5379 "http://www.mink-gmbh.de/lexikon.php?cs_go=2&cs_char=d" "Mozilla/4.0 (compatible; Vagabondo/4.0/EU; http://www.wise-guys.nl/)"
82.94.179.38 - - [17/Mar/2015:06:50:41 +0100] "GET /lexikon.php?cs_go=3&cs_id=43 HTTP/1.1" 200 5379 "http://www.mink-gmbh.de/lexikon.php?cs_go=2&cs_char=d" "Mozilla/4.0 (compatible; Vagabondo/4.0/EU; http://www.wise-guys.nl/)"
82.94.179.38 - - [17/Mar/2015:06:51:59 +0100] "GET /lexikon.php?cs_go=3&cs_id=41 HTTP/1.1" 200 5379 "http://www.mink-gmbh.de/lexikon.php?cs_go=2&cs_char=c" "Mozilla/4.0 (compatible; Vagabondo/4.0/EU; http://www.wise-guys.nl/)"
66.249.67.81 - - [17/Mar/2015:06:50:08 +0100] "GET /news.php?cs_go=archiv&cs_id=4078&cs_search= HTTP/1.1" 200 5365 "-" "Mozilla/5.0 (iPhone; CPU iPhone OS 6_0 like Mac OS X) AppleWebKit/536.26 (KHTML, like Gecko) Version/6.0 Mobile/10A5376e Safari/8536.25 (compatible; Googlebot/2.1; +http://www.google.com/bot.html)"
82.94.179.38 - - [17/Mar/2015:06:53:24 +0100] "GET /lexikon.php?cs_go=3&cs_id=40 HTTP/1.1" 200 5379 "http://www.mink-gmbh.de/lexikon.php?cs_go=2&cs_char=c" "Mozilla/4.0 (compatible; Vagabondo/4.0/EU; http://www.wise-guys.nl/)"
82.94.179.38 - - [17/Mar/2015:06:54:49 +0100] "GET /lexikon.php?cs_go=3&cs_id=39 HTTP/1.1" 200 5379 "http://www.mink-gmbh.de/lexikon.php?cs_go=2&cs_char=c" "Mozilla/4.0 (compatible; Vagabondo/4.0/EU; http://www.wise-guys.nl/)"
82.94.179.38 - - [17/Mar/2015:06:56:10 +0100] "GET /lexikon.php?cs_go=3&cs_id=38 HTTP/1.1" 200 5379 "http://www.mink-gmbh.de/lexikon.php?cs_go=2&cs_char=c" "Mozilla/4.0 (compatible; Vagabondo/4.0/EU; http://www.wise-guys.nl/)"
94.23.204.136 - - [17/Mar/2015:06:57:15 +0100] "HEAD / HTTP/1.1" 200 - "-" "InternetSeer.com"
82.94.179.38 - - [17/Mar/2015:06:57:35 +0100] "GET /lexikon.php?cs_go=3&cs_id=37 HTTP/1.1" 200 5379 "http://www.mink-gmbh.de/lexikon.php?cs_go=2&cs_char=c" "Mozilla/4.0 (compatible; Vagabondo/4.0/EU; http://www.wise-guys.nl/)"
82.94.179.38 - - [17/Mar/2015:06:58:57 +0100] "GET /lexikon.php?cs_go=3&cs_id=36 HTTP/1.1" 200 5379 "http://www.mink-gmbh.de/lexikon.php?cs_go=2&cs_char=c" "Mozilla/4.0 (compatible; Vagabondo/4.0/EU; http://www.wise-guys.nl/)"
82.94.179.38 - - [17/Mar/2015:07:00:13 +0100] "GET /lexikon.php?cs_go=3&cs_id=35 HTTP/1.1" 200 5379 "http://www.mink-gmbh.de/lexikon.php?cs_go=2&cs_char=c" "Mozilla/4.0 (compatible; Vagabondo/4.0/EU; http://www.wise-guys.nl/)"
82.94.179.38 - - [17/Mar/2015:07:01:33 +0100] "GET /lexikon.php?cs_go=3&cs_id=34 HTTP/1.1" 200 5379 "http://www.mink-gmbh.de/lexikon.php?cs_go=2&cs_char=b" "Mozilla/4.0 (compatible; Vagabondo/4.0/EU; http://www.wise-guys.nl/)"
66.249.67.73 - - [17/Mar/2015:06:59:08 +0100] "GET /news.php?cs_go=archiv&cs_id=4078&cs_search= HTTP/1.1" 200 5365 "-" "Mozilla/5.0 (iPhone; CPU iPhone OS 6_0 like Mac OS X) AppleWebKit/536.26 (KHTML, like Gecko) Version/6.0 Mobile/10A5376e Safari/8536.25 (compatible; Googlebot/2.1; +http://www.google.com/bot.html)"
82.94.179.38 - - [17/Mar/2015:07:02:48 +0100] "GET /lexikon.php?cs_go=3&cs_id=33 HTTP/1.1" 200 5379 "http://www.mink-gmbh.de/lexikon.php?cs_go=2&cs_char=b" "Mozilla/4.0 (compatible; Vagabondo/4.0/EU; http://www.wise-guys.nl/)"
82.94.179.38 - - [17/Mar/2015:07:04:08 +0100] "GET /lexikon.php?cs_go=3&cs_id=32 HTTP/1.1" 200 5379 "http://www.mink-gmbh.de/lexikon.php?cs_go=2&cs_char=b" "Mozilla/4.0 (compatible; Vagabondo/4.0/EU; http://www.wise-guys.nl/)"
82.94.179.38 - - [17/Mar/2015:07:05:28 +0100] "GET /lexikon.php?cs_go=3&cs_id=31 HTTP/1.1" 200 5379 "http://www.mink-gmbh.de/lexikon.php?cs_go=2&cs_char=b" "Mozilla/4.0 (compatible; Vagabondo/4.0/EU; http://www.wise-guys.nl/)"
82.94.179.38 - - [17/Mar/2015:07:06:55 +0100] "GET /lexikon.php?cs_go=3&cs_id=30 HTTP/1.1" 200 5379 "http://www.mink-gmbh.de/lexikon.php?cs_go=2&cs_char=b" "Mozilla/4.0 (compatible; Vagabondo/4.0/EU; http://www.wise-guys.nl/)"
82.94.179.38 - - [17/Mar/2015:07:08:18 +0100] "GET /lexikon.php?cs_go=3&cs_id=29 HTTP/1.1" 200 5379 "http://www.mink-gmbh.de/lexikon.php?cs_go=2&cs_char=b" "Mozilla/4.0 (compatible; Vagabondo/4.0/EU; http://www.wise-guys.nl/)"
82.94.179.38 - - [17/Mar/2015:07:09:45 +0100] "GET /lexikon.php?cs_go=3&cs_id=28 HTTP/1.1" 200 5379 "http://www.mink-gmbh.de/lexikon.php?cs_go=2&cs_char=b" "Mozilla/4.0 (compatible; Vagabondo/4.0/EU; http://www.wise-guys.nl/)"
82.94.179.38 - - [17/Mar/2015:07:11:15 +0100] "GET /lexikon.php?cs_go=3&cs_id=27 HTTP/1.1" 200 5379 "http://www.mink-gmbh.de/lexikon.php?cs_go=2&cs_char=b" "Mozilla/4.0 (compatible; Vagabondo/4.0/EU; http://www.wise-guys.nl/)"
82.94.179.38 - - [17/Mar/2015:07:12:42 +0100] "GET /lexikon.php?cs_go=3&cs_id=26 HTTP/1.1" 200 5379 "http://www.mink-gmbh.de/lexikon.php?cs_go=2&cs_char=b" "Mozilla/4.0 (compatible; Vagabondo/4.0/EU; http://www.wise-guys.nl/)"
82.94.179.38 - - [17/Mar/2015:07:14:01 +0100] "GET /lexikon.php?cs_go=3&cs_id=25 HTTP/1.1" 200 5379 "http://www.mink-gmbh.de/lexikon.php?cs_go=2&cs_char=b" "Mozilla/4.0 (compatible; Vagabondo/4.0/EU; http://www.wise-guys.nl/)"
82.94.179.38 - - [17/Mar/2015:07:15:19 +0100] "GET /lexikon.php?cs_go=3&cs_id=24 HTTP/1.1" 200 5379 "http://www.mink-gmbh.de/lexikon.php?cs_go=2&cs_char=b" "Mozilla/4.0 (compatible; Vagabondo/4.0/EU; http://www.wise-guys.nl/)"
82.94.179.38 - - [17/Mar/2015:07:16:35 +0100] "GET /lexikon.php?cs_go=3&cs_id=23 HTTP/1.1" 200 5379 "http://www.mink-gmbh.de/lexikon.php?cs_go=2&cs_char=b" "Mozilla/4.0 (compatible; Vagabondo/4.0/EU; http://www.wise-guys.nl/)"
82.94.179.38 - - [17/Mar/2015:07:17:50 +0100] "GET /lexikon.php?cs_go=3&cs_id=22 HTTP/1.1" 200 5379 "http://www.mink-gmbh.de/lexikon.php?cs_go=2&cs_char=b" "Mozilla/4.0 (compatible; Vagabondo/4.0/EU; http://www.wise-guys.nl/)"
82.94.179.38 - - [17/Mar/2015:07:19:06 +0100] "GET /lexikon.php?cs_go=3&cs_id=21 HTTP/1.1" 200 5379 "http://www.mink-gmbh.de/lexikon.php?cs_go=2&cs_char=b" "Mozilla/4.0 (compatible; Vagabondo/4.0/EU; http://www.wise-guys.nl/)"
82.94.179.38 - - [17/Mar/2015:07:20:36 +0100] "GET /lexikon.php?cs_go=3&cs_id=20 HTTP/1.1" 200 5379 "http://www.mink-gmbh.de/lexikon.php?cs_go=2&cs_char=b" "Mozilla/4.0 (compatible; Vagabondo/4.0/EU; http://www.wise-guys.nl/)"
82.94.179.38 - - [17/Mar/2015:07:21:54 +0100] "GET /lexikon.php?cs_go=3&cs_id=19 HTTP/1.1" 200 5379 "http://www.mink-gmbh.de/lexikon.php?cs_go=2&cs_char=b" "Mozilla/4.0 (compatible; Vagabondo/4.0/EU; http://www.wise-guys.nl/)"
82.94.179.38 - - [17/Mar/2015:07:23:12 +0100] "GET /lexikon.php?cs_go=3&cs_id=18 HTTP/1.1" 200 5379 "http://www.mink-gmbh.de/lexikon.php?cs_go=2&cs_char=a" "Mozilla/4.0 (compatible; Vagabondo/4.0/EU; http://www.wise-guys.nl/)"
82.94.179.38 - - [17/Mar/2015:07:24:38 +0100] "GET /lexikon.php?cs_go=3&cs_id=17 HTTP/1.1" 200 5379 "http://www.mink-gmbh.de/lexikon.php?cs_go=2&cs_char=a" "Mozilla/4.0 (compatible; Vagabondo/4.0/EU; http://www.wise-guys.nl/)"
82.94.179.38 - - [17/Mar/2015:07:25:54 +0100] "GET /lexikon.php?cs_go=3&cs_id=16 HTTP/1.1" 200 5379 "http://www.mink-gmbh.de/lexikon.php?cs_go=2&cs_char=a" "Mozilla/4.0 (compatible; Vagabondo/4.0/EU; http://www.wise-guys.nl/)"
82.94.179.38 - - [17/Mar/2015:07:27:17 +0100] "GET /lexikon.php?cs_go=3&cs_id=15 HTTP/1.1" 200 5379 "http://www.mink-gmbh.de/lexikon.php?cs_go=2&cs_char=a" "Mozilla/4.0 (compatible; Vagabondo/4.0/EU; http://www.wise-guys.nl/)"
82.94.179.38 - - [17/Mar/2015:07:28:45 +0100] "GET /lexikon.php?cs_go=3&cs_id=14 HTTP/1.1" 200 5379 "http://www.mink-gmbh.de/lexikon.php?cs_go=2&cs_char=a" "Mozilla/4.0 (compatible; Vagabondo/4.0/EU; http://www.wise-guys.nl/)"
82.94.179.38 - - [17/Mar/2015:07:30:08 +0100] "GET /lexikon.php?cs_go=3&cs_id=13 HTTP/1.1" 200 5379 "http://www.mink-gmbh.de/lexikon.php?cs_go=2&cs_char=a" "Mozilla/4.0 (compatible; Vagabondo/4.0/EU; http://www.wise-guys.nl/)"
82.94.179.38 - - [17/Mar/2015:07:31:25 +0100] "GET /lexikon.php?cs_go=3&cs_id=12 HTTP/1.1" 200 5379 "http://www.mink-gmbh.de/lexikon.php?cs_go=2&cs_char=a" "Mozilla/4.0 (compatible; Vagabondo/4.0/EU; http://www.wise-guys.nl/)"
82.94.179.38 - - [17/Mar/2015:07:32:45 +0100] "GET /lexikon.php?cs_go=3&cs_id=11 HTTP/1.1" 200 5379 "http://www.mink-gmbh.de/lexikon.php?cs_go=2&cs_char=a" "Mozilla/4.0 (compatible; Vagabondo/4.0/EU; http://www.wise-guys.nl/)"
82.94.179.38 - - [17/Mar/2015:07:34:13 +0100] "GET /lexikon.php?cs_go=3&cs_id=7 HTTP/1.1" 200 5379 "http://www.mink-gmbh.de/lexikon.php?cs_go=2&cs_char=a" "Mozilla/4.0 (compatible; Vagabondo/4.0/EU; http://www.wise-guys.nl/)"
82.94.179.38 - - [17/Mar/2015:07:35:36 +0100] "GET /lexikon.php?cs_go=3&cs_id=6 HTTP/1.1" 200 5379 "http://www.mink-gmbh.de/lexikon.php?cs_go=2&cs_char=a" "Mozilla/4.0 (compatible; Vagabondo/4.0/EU; http://www.wise-guys.nl/)"
82.94.179.38 - - [17/Mar/2015:07:36:55 +0100] "GET /lexikon.php?cs_go=3&cs_id=5 HTTP/1.1" 200 5379 "http://www.mink-gmbh.de/lexikon.php?cs_go=2&cs_char=a" "Mozilla/4.0 (compatible; Vagabondo/4.0/EU; http://www.wise-guys.nl/)"
82.94.179.38 - - [17/Mar/2015:07:38:22 +0100] "GET /lexikon.php?cs_go=3&cs_id=4 HTTP/1.1" 200 5379 "http://www.mink-gmbh.de/lexikon.php?cs_go=2&cs_char=a" "Mozilla/4.0 (compatible; Vagabondo/4.0/EU; http://www.wise-guys.nl/)"
208.115.111.75 - - [17/Mar/2015:07:39:20 +0100] "GET /lexikon.php?cs_go=3&cs_id=48 HTTP/1.1" 200 5379 "-" "Mozilla/5.0 (compatible; DotBot/1.1; http://www.opensiteexplorer.org/dotbot, help@moz.com)"
208.115.111.75 - - [17/Mar/2015:07:39:31 +0100] "GET /lexikon.php?cs_go=3&cs_id=181 HTTP/1.1" 200 5379 "-" "Mozilla/5.0 (compatible; DotBot/1.1; http://www.opensiteexplorer.org/dotbot, help@moz.com)"
82.94.179.38 - - [17/Mar/2015:07:39:42 +0100] "GET /lexikon.php?cs_go=3&cs_id=3 HTTP/1.1" 200 5379 "http://www.mink-gmbh.de/lexikon.php?cs_go=2&cs_char=a" "Mozilla/4.0 (compatible; Vagabondo/4.0/EU; http://www.wise-guys.nl/)"
82.94.179.38 - - [17/Mar/2015:07:43:45 +0100] "GET /lexikon.php?cs_go=3&cs_id=1 HTTP/1.1" 200 5379 "http://www.mink-gmbh.de/lexikon.php?cs_go=2&cs_char=a" "Mozilla/4.0 (compatible; Vagabondo/4.0/EU; http://www.wise-guys.nl/)"
82.94.179.38 - - [17/Mar/2015:07:41:05 +0100] "GET /news.php?cs_go=archiv&cs_startpos=150 HTTP/1.1" 200 5365 "http://www.mink-gmbh.de/news.php?cs_go=archiv&cs_startpos=181" "Mozilla/4.0 (compatible; Vagabondo/4.0/EU; http://www.wise-guys.nl/)"
82.94.179.38 - - [17/Mar/2015:07:45:20 +0100] "GET /modernisierung.php?cs_gp_go=description HTTP/1.1" 200 5420 "http://www.mink-gmbh.de/modernisierung.php" "Mozilla/4.0 (compatible; Vagabondo/4.0/EU; http://www.wise-guys.nl/)"
82.94.179.38 - - [17/Mar/2015:07:42:29 +0100] "GET /news.php?cs_go=archiv&cs_startpos=160 HTTP/1.1" 200 5365 "http://www.mink-gmbh.de/news.php?cs_go=archiv&cs_startpos=181" "Mozilla/4.0 (compatible; Vagabondo/4.0/EU; http://www.wise-guys.nl/)"
82.94.179.38 - - [17/Mar/2015:07:46:54 +0100] "GET /news.php?cs_go=archiv&cs_startpos=170 HTTP/1.1" 200 5365 "http://www.mink-gmbh.de/news.php?cs_go=archiv&cs_startpos=181" "Mozilla/4.0 (compatible; Vagabondo/4.0/EU; http://www.wise-guys.nl/)"
208.115.113.91 - - [17/Mar/2015:07:50:06 +0100] "GET /robots.txt HTTP/1.1" 200 177 "-" "Mozilla/5.0 (compatible; DotBot/1.1; http://www.opensiteexplorer.org/dotbot, help@moz.com)"
82.94.179.38 - - [17/Mar/2015:07:48:35 +0100] "GET /news.php?cs_go=archiv&cs_startpos=171 HTTP/1.1" 200 5365 "http://www.mink-gmbh.de/news.php?cs_go=archiv&cs_startpos=181" "Mozilla/4.0 (compatible; Vagabondo/4.0/EU; http://www.wise-guys.nl/)"
82.94.179.38 - - [17/Mar/2015:07:50:09 +0100] "GET /news.php?cs_go=archiv&cs_startpos=191 HTTP/1.1" 200 5365 "http://www.mink-gmbh.de/news.php?cs_go=archiv&cs_startpos=181" "Mozilla/4.0 (compatible; Vagabondo/4.0/EU; http://www.wise-guys.nl/)"
82.94.179.38 - - [17/Mar/2015:07:53:27 +0100] "GET /lexikon.php?cs_go=3&cs_id=8 HTTP/1.1" 200 5379 "http://www.mink-gmbh.de/lexikon.php?cs_go=2&cs_char=a" "Mozilla/4.0 (compatible; Vagabondo/4.0/EU; http://www.wise-guys.nl/)"
82.94.179.38 - - [17/Mar/2015:07:51:46 +0100] "GET /news.php?cs_go=archiv&cs_startpos=80 HTTP/1.1" 200 5365 "http://www.mink-gmbh.de/news.php?cs_go=archiv&cs_startpos=50" "Mozilla/4.0 (compatible; Vagabondo/4.0/EU; http://www.wise-guys.nl/)"
82.94.179.38 - - [17/Mar/2015:07:55:13 +0100] "GET /lexikon.php?cs_go=3&cs_id=2 HTTP/1.1" 200 5379 "http://www.mink-gmbh.de/lexikon.php?cs_go=2&cs_char=a" "Mozilla/4.0 (compatible; Vagabondo/4.0/EU; http://www.wise-guys.nl/)"
82.94.179.38 - - [17/Mar/2015:07:57:21 +0100] "GET /news.php?cs_go=archiv&cs_startpos=90 HTTP/1.1" 200 5365 "http://www.mink-gmbh.de/news.php?cs_go=archiv&cs_startpos=40" "Mozilla/4.0 (compatible; Vagabondo/4.0/EU; http://www.wise-guys.nl/)"
82.94.179.38 - - [17/Mar/2015:07:59:14 +0100] "GET /news.php?cs_go=archiv&cs_startpos=100 HTTP/1.1" 200 5365 "http://www.mink-gmbh.de/news.php?cs_go=archiv&cs_startpos=50" "Mozilla/4.0 (compatible; Vagabondo/4.0/EU; http://www.wise-guys.nl/)"
82.94.179.38 - - [17/Mar/2015:08:01:18 +0100] "GET /news.php?cs_go=archiv&cs_id=5370 HTTP/1.1" 200 5365 "http://www.mink-gmbh.de/news.php?cs_go=archiv&cs_startpos=10" "Mozilla/4.0 (compatible; Vagabondo/4.0/EU; http://www.wise-guys.nl/)"
82.94.179.38 - - [17/Mar/2015:08:03:43 +0100] "GET /news.php?cs_go=archiv&cs_id=5364 HTTP/1.1" 200 5365 "http://www.mink-gmbh.de/news.php?cs_go=archiv&cs_startpos=10" "Mozilla/4.0 (compatible; Vagabondo/4.0/EU; http://www.wise-guys.nl/)"
82.94.179.38 - - [17/Mar/2015:08:06:16 +0100] "GET /news.php?cs_go=archiv&cs_startpos=60 HTTP/1.1" 200 5365 "http://www.mink-gmbh.de/news.php?cs_go=archiv&cs_startpos=20" "Mozilla/4.0 (compatible; Vagabondo/4.0/EU; http://www.wise-guys.nl/)"
66.249.67.81 - - [17/Mar/2015:08:07:02 +0100] "GET /news.php?cs_go=archiv&cs_id=4697 HTTP/1.1" 200 5365 "-" "Mozilla/5.0 (compatible; Googlebot/2.1; +http://www.google.com/bot.html)"
82.94.179.38 - - [17/Mar/2015:08:10:35 +0100] "GET /robots.txt HTTP/1.0" 200 177 "-" "Mozilla/4.0 (compatible; Vagabondo/4.0/EU; http://webagent.wise-guys.nl/)"
82.94.179.38 - - [17/Mar/2015:08:08:29 +0100] "GET /news.php?cs_go=archiv&cs_id=5368 HTTP/1.1" 200 5365 "http://www.mink-gmbh.de/news.php?cs_go=archiv&cs_startpos=10" "Mozilla/4.0 (compatible; Vagabondo/4.0/EU; http://www.wise-guys.nl/)"
82.94.179.38 - - [17/Mar/2015:08:10:35 +0100] "GET /news.php?cs_go=archiv&cs_id=5365 HTTP/1.1" 200 5365 "http://www.mink-gmbh.de/news.php?cs_go=archiv&cs_startpos=10" "Mozilla/4.0 (compatible; Vagabondo/4.0/EU; http://www.wise-guys.nl/)"
82.94.179.38 - - [17/Mar/2015:08:13:01 +0100] "GET /news.php?cs_go=archiv&cs_id=5367 HTTP/1.1" 200 5365 "http://www.mink-gmbh.de/news.php?cs_go=archiv&cs_startpos=10" "Mozilla/4.0 (compatible; Vagabondo/4.0/EU; http://www.wise-guys.nl/)"
66.249.67.81 - - [17/Mar/2015:08:13:20 +0100] "GET /news.php?cs_go=archiv&cs_id=4697 HTTP/1.1" 200 5365 "-" "Mozilla/5.0 (compatible; Googlebot/2.1; +http://www.google.com/bot.html)"
82.94.179.38 - - [17/Mar/2015:08:15:33 +0100] "GET /news.php?cs_go=archiv&cs_id=5372 HTTP/1.1" 200 5365 "http://www.mink-gmbh.de/news.php?cs_go=archiv&cs_startpos=10" "Mozilla/4.0 (compatible; Vagabondo/4.0/EU; http://www.wise-guys.nl/)"
82.94.179.38 - - [17/Mar/2015:08:17:53 +0100] "GET /news.php?cs_go=archiv&cs_id=5366 HTTP/1.1" 200 5365 "http://www.mink-gmbh.de/news.php?cs_go=archiv&cs_startpos=10" "Mozilla/4.0 (compatible; Vagabondo/4.0/EU; http://www.wise-guys.nl/)"
82.94.179.38 - - [17/Mar/2015:08:22:24 +0100] "GET /modernisierung.php?cs_gp_go=coupon HTTP/1.1" 200 5420 "http://www.mink-gmbh.de/modernisierung.php" "Mozilla/4.0 (compatible; Vagabondo/4.0/EU; http://www.wise-guys.nl/)"
66.249.67.65 - - [17/Mar/2015:08:19:49 +0100] "GET /news.php?cs_go=archiv&cs_id=4697 HTTP/1.1" 200 5365 "-" "Mozilla/5.0 (compatible; Googlebot/2.1; +http://www.google.com/bot.html)"
82.94.179.38 - - [17/Mar/2015:08:19:59 +0100] "GET /news.php?cs_go=archiv&cs_startpos=70 HTTP/1.1" 200 5365 "http://www.mink-gmbh.de/news.php?cs_go=archiv&cs_startpos=50" "Mozilla/4.0 (compatible; Vagabondo/4.0/EU; http://www.wise-guys.nl/)"
82.94.179.38 - - [17/Mar/2015:08:24:41 +0100] "GET /news.php?cs_go=archiv&cs_id=5371 HTTP/1.1" 200 5365 "http://www.mink-gmbh.de/news.php?cs_go=archiv&cs_startpos=10" "Mozilla/4.0 (compatible; Vagabondo/4.0/EU; http://www.wise-guys.nl/)"
82.94.179.38 - - [17/Mar/2015:08:26:52 +0100] "GET /news.php?cs_go=archiv&cs_id=5369 HTTP/1.1" 200 5365 "http://www.mink-gmbh.de/news.php?cs_go=archiv&cs_startpos=10" "Mozilla/4.0 (compatible; Vagabondo/4.0/EU; http://www.wise-guys.nl/)"
178.63.80.14 - - [17/Mar/2015:08:30:37 +0100] "GET /robots.txt HTTP/1.1" 200 177 "-" "Mozilla/5.0 (compatible; uMBot-IC/1.0; mailto: crawling@ubermetrics-technologies.com)"
178.63.80.14 - - [17/Mar/2015:08:30:37 +0100] "GET /jobs.php HTTP/1.1" 200 4965 "-" "Mozilla/5.0 (compatible; uMBot-IC/1.0; mailto: crawling@ubermetrics-technologies.com)"
78.47.15.198 - - [17/Mar/2015:08:32:58 +0100] "GET /robots.txt HTTP/1.1" 200 177 "-" "Mozilla/5.0 (compatible; uMBot-IC/1.0; mailto: crawling@ubermetrics-technologies.com)"
78.47.15.198 - - [17/Mar/2015:08:32:58 +0100] "GET /jobs.php HTTP/1.1" 200 4965 "-" "Mozilla/5.0 (compatible; uMBot-IC/1.0; mailto: crawling@ubermetrics-technologies.com)"
46.4.32.75 - - [17/Mar/2015:08:44:45 +0100] "GET /robots.txt HTTP/1.0" 200 177 "-" "Mozilla/5.0 (compatible; MJ12bot/v1.4.5; http://www.majestic12.co.uk/bot.php?+)"
46.4.32.75 - - [17/Mar/2015:08:44:47 +0100] "GET /news.php?cs_go=archiv&cs_id=4266 HTTP/1.0" 200 5365 "-" "Mozilla/5.0 (compatible; MJ12bot/v1.4.5; http://www.majestic12.co.uk/bot.php?+)"
46.4.32.75 - - [17/Mar/2015:08:45:29 +0100] "GET /news.php?cs_go=archiv&cs_id=4268 HTTP/1.0" 200 5365 "-" "Mozilla/5.0 (compatible; MJ12bot/v1.4.5; http://www.majestic12.co.uk/bot.php?+)"
46.4.32.75 - - [17/Mar/2015:08:46:10 +0100] "GET /news.php?cs_go=archiv&cs_id=4278 HTTP/1.0" 200 5365 "-" "Mozilla/5.0 (compatible; MJ12bot/v1.4.5; http://www.majestic12.co.uk/bot.php?+)"
46.4.32.75 - - [17/Mar/2015:08:46:52 +0100] "GET /news.php?cs_go=archiv&cs_id=4280 HTTP/1.0" 200 5365 "-" "Mozilla/5.0 (compatible; MJ12bot/v1.4.5; http://www.majestic12.co.uk/bot.php?+)"
46.4.32.75 - - [17/Mar/2015:08:47:34 +0100] "GET /news.php?cs_go=archiv&cs_id=4497 HTTP/1.0" 200 5365 "-" "Mozilla/5.0 (compatible; MJ12bot/v1.4.5; http://www.majestic12.co.uk/bot.php?+)"
66.249.67.65 - - [17/Mar/2015:08:47:52 +0100] "GET /news.php?cs_go=archiv&cs_id=4495 HTTP/1.1" 200 5365 "-" "Mozilla/5.0 (iPhone; CPU iPhone OS 6_0 like Mac OS X) AppleWebKit/536.26 (KHTML, like Gecko) Version/6.0 Mobile/10A5376e Safari/8536.25 (compatible; Googlebot/2.1; +http://www.google.com/bot.html)"
46.4.32.75 - - [17/Mar/2015:08:48:16 +0100] "GET /news.php?cs_go=archiv&cs_id=4499 HTTP/1.0" 200 5365 "-" "Mozilla/5.0 (compatible; MJ12bot/v1.4.5; http://www.majestic12.co.uk/bot.php?+)"
46.4.32.75 - - [17/Mar/2015:08:48:58 +0100] "GET /news.php?cs_go=archiv&cs_id=4504 HTTP/1.0" 200 5365 "-" "Mozilla/5.0 (compatible; MJ12bot/v1.4.5; http://www.majestic12.co.uk/bot.php?+)"
46.4.32.75 - - [17/Mar/2015:08:49:41 +0100] "GET /news.php?cs_go=archiv&cs_id=4505 HTTP/1.0" 200 5365 "-" "Mozilla/5.0 (compatible; MJ12bot/v1.4.5; http://www.majestic12.co.uk/bot.php?+)"
46.4.32.75 - - [17/Mar/2015:08:50:23 +0100] "GET /news.php?cs_go=archiv&cs_id=4506 HTTP/1.0" 200 5365 "-" "Mozilla/5.0 (compatible; MJ12bot/v1.4.5; http://www.majestic12.co.uk/bot.php?+)"
46.4.32.75 - - [17/Mar/2015:08:51:05 +0100] "GET /news.php?cs_go=archiv&cs_id=4511 HTTP/1.0" 200 5365 "-" "Mozilla/5.0 (compatible; MJ12bot/v1.4.5; http://www.majestic12.co.uk/bot.php?+)"
66.249.67.81 - - [17/Mar/2015:08:56:52 +0100] "GET /news.php?cs_go=archiv&cs_id=4495 HTTP/1.1" 200 5365 "-" "Mozilla/5.0 (iPhone; CPU iPhone OS 6_0 like Mac OS X) AppleWebKit/536.26 (KHTML, like Gecko) Version/6.0 Mobile/10A5376e Safari/8536.25 (compatible; Googlebot/2.1; +http://www.google.com/bot.html)"
66.249.67.81 - - [17/Mar/2015:09:05:53 +0100] "GET /news.php?cs_go=archiv&cs_id=4697 HTTP/1.1" 200 5365 "-" "Mozilla/5.0 (iPhone; CPU iPhone OS 6_0 like Mac OS X) AppleWebKit/536.26 (KHTML, like Gecko) Version/6.0 Mobile/10A5376e Safari/8536.25 (compatible; Googlebot/2.1; +http://www.google.com/bot.html)"
66.249.67.81 - - [17/Mar/2015:09:17:53 +0100] "GET /news.php?cs_go=archiv&cs_id=4495 HTTP/1.1" 200 5365 "-" "Mozilla/5.0 (iPhone; CPU iPhone OS 6_0 like Mac OS X) AppleWebKit/536.26 (KHTML, like Gecko) Version/6.0 Mobile/10A5376e Safari/8536.25 (compatible; Googlebot/2.1; +http://www.google.com/bot.html)"
66.249.67.73 - - [17/Mar/2015:09:23:53 +0100] "GET /news.php?cs_go=archiv&cs_id=4697 HTTP/1.1" 200 5365 "-" "Mozilla/5.0 (iPhone; CPU iPhone OS 6_0 like Mac OS X) AppleWebKit/536.26 (KHTML, like Gecko) Version/6.0 Mobile/10A5376e Safari/8536.25 (compatible; Googlebot/2.1; +http://www.google.com/bot.html)"
66.249.67.65 - - [17/Mar/2015:09:35:54 +0100] "GET /news.php?cs_go=archiv&cs_id=4697 HTTP/1.1" 200 5365 "-" "Mozilla/5.0 (iPhone; CPU iPhone OS 6_0 like Mac OS X) AppleWebKit/536.26 (KHTML, like Gecko) Version/6.0 Mobile/10A5376e Safari/8536.25 (compatible; Googlebot/2.1; +http://www.google.com/bot.html)"
208.115.113.91 - - [17/Mar/2015:09:41:45 +0100] "GET /lexikon.php?cs_go=3&cs_id=49 HTTP/1.1" 200 5379 "-" "Mozilla/5.0 (compatible; DotBot/1.1; http://www.opensiteexplorer.org/dotbot, help@moz.com)"
208.115.113.91 - - [17/Mar/2015:09:41:57 +0100] "GET /lexikon.php?cs_go=3&cs_id=180 HTTP/1.1" 200 5379 "-" "Mozilla/5.0 (compatible; DotBot/1.1; http://www.opensiteexplorer.org/dotbot, help@moz.com)"
82.94.179.38 - - [17/Mar/2015:09:41:32 +0100] "GET /news.php?cs_go=archiv&cs_id=5167 HTTP/1.1" 200 5365 "http://www.mink-gmbh.de/news.php?cs_go=archiv&cs_startpos=20" "Mozilla/4.0 (compatible; Vagabondo/4.0/EU; http://www.wise-guys.nl/)"
82.94.179.38 - - [17/Mar/2015:09:43:59 +0100] "GET /news.php?cs_go=archiv&cs_id=5166 HTTP/1.1" 200 5365 "http://www.mink-gmbh.de/news.php?cs_go=archiv&cs_startpos=20" "Mozilla/4.0 (compatible; Vagabondo/4.0/EU; http://www.wise-guys.nl/)"
208.115.111.75 - - [17/Mar/2015:09:48:38 +0100] "GET /robots.txt HTTP/1.1" 200 177 "-" "Mozilla/5.0 (compatible; DotBot/1.1; http://www.opensiteexplorer.org/dotbot, help@moz.com)"
82.94.179.38 - - [17/Mar/2015:09:46:26 +0100] "GET /news.php?cs_go=archiv&cs_id=5165 HTTP/1.1" 200 5365 "http://www.mink-gmbh.de/news.php?cs_go=archiv&cs_startpos=30" "Mozilla/4.0 (compatible; Vagabondo/4.0/EU; http://www.wise-guys.nl/)"
66.249.67.65 - - [17/Mar/2015:09:51:25 +0100] "GET /modul.css HTTP/1.1" 200 35038 "-" "Mozilla/5.0 (compatible; Googlebot/2.1; +http://www.google.com/bot.html)"
66.249.67.65 - - [17/Mar/2015:09:51:26 +0100] "GET /style.css HTTP/1.1" 200 8402 "-" "Mozilla/5.0 (compatible; Googlebot/2.1; +http://www.google.com/bot.html)"
82.94.179.38 - - [17/Mar/2015:09:48:31 +0100] "GET /news.php?cs_go=archiv&cs_id=5164 HTTP/1.1" 200 5365 "http://www.mink-gmbh.de/news.php?cs_go=archiv&cs_startpos=30" "Mozilla/4.0 (compatible; Vagabondo/4.0/EU; http://www.wise-guys.nl/)"
82.94.179.38 - - [17/Mar/2015:09:51:02 +0100] "GET /news.php?cs_go=archiv&cs_id=5163 HTTP/1.1" 200 5365 "http://www.mink-gmbh.de/news.php?cs_go=archiv&cs_startpos=30" "Mozilla/4.0 (compatible; Vagabondo/4.0/EU; http://www.wise-guys.nl/)"
82.94.179.38 - - [17/Mar/2015:09:53:21 +0100] "GET /news.php?cs_go=archiv&cs_id=5350 HTTP/1.1" 200 5365 "http://www.mink-gmbh.de/news.php?cs_go=archiv&cs_startpos=10" "Mozilla/4.0 (compatible; Vagabondo/4.0/EU; http://www.wise-guys.nl/)"
82.94.179.38 - - [17/Mar/2015:09:55:54 +0100] "GET /news.php?cs_go=archiv&cs_id=5349 HTTP/1.1" 200 5365 "http://www.mink-gmbh.de/news.php?cs_go=archiv&cs_startpos=10" "Mozilla/4.0 (compatible; Vagabondo/4.0/EU; http://www.wise-guys.nl/)"
82.94.179.38 - - [17/Mar/2015:09:58:21 +0100] "GET /news.php?cs_go=archiv&cs_id=5348 HTTP/1.1" 200 5365 "http://www.mink-gmbh.de/news.php?cs_go=archiv&cs_startpos=10" "Mozilla/4.0 (compatible; Vagabondo/4.0/EU; http://www.wise-guys.nl/)"
66.249.67.65 - - [17/Mar/2015:09:59:56 +0100] "GET /news.php HTTP/1.1" 200 5365 "-" "Mozilla/5.0 (iPhone; CPU iPhone OS 6_0 like Mac OS X) AppleWebKit/536.26 (KHTML, like Gecko) Version/6.0 Mobile/10A5376e Safari/8536.25 (compatible; Googlebot/2.1; +http://www.google.com/bot.html)"
82.94.179.38 - - [17/Mar/2015:10:00:51 +0100] "GET /news.php?cs_go=archiv&cs_id=5347 HTTP/1.1" 200 5365 "http://www.mink-gmbh.de/news.php?cs_go=archiv&cs_startpos=10" "Mozilla/4.0 (compatible; Vagabondo/4.0/EU; http://www.wise-guys.nl/)"
82.94.179.38 - - [17/Mar/2015:10:05:41 +0100] "GET /lexikon.php?cs_go=3&cs_id=72 HTTP/1.1" 200 5379 "http://www.mink-gmbh.de/lexikon.php?cs_go=2&cs_char=f" "Mozilla/4.0 (compatible; Vagabondo/4.0/EU; http://www.wise-guys.nl/)"
82.94.179.38 - - [17/Mar/2015:10:03:12 +0100] "GET /news.php?cs_go=archiv&cs_id=5346 HTTP/1.1" 200 5365 "http://www.mink-gmbh.de/news.php?cs_go=archiv&cs_startpos=10" "Mozilla/4.0 (compatible; Vagabondo/4.0/EU; http://www.wise-guys.nl/)"
82.94.179.38 - - [17/Mar/2015:10:08:08 +0100] "GET /lexikon.php?cs_go=3&cs_id=56 HTTP/1.1" 200 5379 "http://www.mink-gmbh.de/lexikon.php?cs_go=2&cs_char=e" "Mozilla/4.0 (compatible; Vagabondo/4.0/EU; http://www.wise-guys.nl/)"
66.249.67.65 - - [17/Mar/2015:10:06:19 +0100] "GET /news.php HTTP/1.1" 200 5365 "-" "Mozilla/5.0 (iPhone; CPU iPhone OS 6_0 like Mac OS X) AppleWebKit/536.26 (KHTML, like Gecko) Version/6.0 Mobile/10A5376e Safari/8536.25 (compatible; Googlebot/2.1; +http://www.google.com/bot.html)"
82.94.179.38 - - [17/Mar/2015:10:10:36 +0100] "GET /lexikon.php?cs_go=3&cs_id=33 HTTP/1.1" 200 5379 "http://www.mink-gmbh.de/lexikon.php?cs_go=2&cs_char=b" "Mozilla/4.0 (compatible; Vagabondo/4.0/EU; http://www.wise-guys.nl/)"
82.94.179.38 - - [17/Mar/2015:10:12:56 +0100] "GET /robots.txt HTTP/1.0" 200 177 "-" "Mozilla/4.0 (compatible; Vagabondo/4.0/EU; http://webagent.wise-guys.nl/)"
82.94.179.38 - - [17/Mar/2015:10:12:56 +0100] "GET /lexikon.php?cs_go=3&cs_id=52 HTTP/1.1" 200 5379 "http://www.mink-gmbh.de/lexikon.php?cs_go=2&cs_char=d" "Mozilla/4.0 (compatible; Vagabondo/4.0/EU; http://www.wise-guys.nl/)"
82.94.179.38 - - [17/Mar/2015:10:15:16 +0100] "GET /lexikon.php?cs_go=3&cs_id=68 HTTP/1.1" 200 5379 "http://www.mink-gmbh.de/lexikon.php?cs_go=2&cs_char=f" "Mozilla/4.0 (compatible; Vagabondo/4.0/EU; http://www.wise-guys.nl/)"
66.249.67.65 - - [17/Mar/2015:10:12:38 +0100] "GET /news.php HTTP/1.1" 200 5365 "-" "Mozilla/5.0 (iPhone; CPU iPhone OS 6_0 like Mac OS X) AppleWebKit/536.26 (KHTML, like Gecko) Version/6.0 Mobile/10A5376e Safari/8536.25 (compatible; Googlebot/2.1; +http://www.google.com/bot.html)"
82.94.179.38 - - [17/Mar/2015:10:17:41 +0100] "GET /lexikon.php?cs_go=3&cs_id=28 HTTP/1.1" 200 5379 "http://www.mink-gmbh.de/lexikon.php?cs_go=2&cs_char=b" "Mozilla/4.0 (compatible; Vagabondo/4.0/EU; http://www.wise-guys.nl/)"
82.94.179.38 - - [17/Mar/2015:10:20:13 +0100] "GET /lexikon.php?cs_go=3&cs_id=39 HTTP/1.1" 200 5379 "http://www.mink-gmbh.de/lexikon.php?cs_go=2&cs_char=c" "Mozilla/4.0 (compatible; Vagabondo/4.0/EU; http://www.wise-guys.nl/)"
66.249.67.73 - - [17/Mar/2015:10:18:15 +0100] "GET /news.php?cs_go=archiv&cs_id=4428 HTTP/1.1" 200 5365 "-" "Mozilla/5.0 (iPhone; CPU iPhone OS 6_0 like Mac OS X) AppleWebKit/536.26 (KHTML, like Gecko) Version/6.0 Mobile/10A5376e Safari/8536.25 (compatible; Googlebot/2.1; +http://www.google.com/bot.html)"
82.94.179.38 - - [17/Mar/2015:10:22:18 +0100] "GET /lexikon.php?cs_go=3&cs_id=71 HTTP/1.1" 200 5379 "http://www.mink-gmbh.de/lexikon.php?cs_go=2&cs_char=f" "Mozilla/4.0 (compatible; Vagabondo/4.0/EU; http://www.wise-guys.nl/)"
66.249.67.81 - - [17/Mar/2015:10:21:15 +0100] "GET /news.php?cs_go=archiv&cs_id=3829&cs_search= HTTP/1.1" 200 5365 "-" "Mozilla/5.0 (iPhone; CPU iPhone OS 6_0 like Mac OS X) AppleWebKit/536.26 (KHTML, like Gecko) Version/6.0 Mobile/10A5376e Safari/8536.25 (compatible; Googlebot/2.1; +http://www.google.com/bot.html)"
82.94.179.38 - - [17/Mar/2015:10:24:22 +0100] "GET /lexikon.php?cs_go=3&cs_id=16 HTTP/1.1" 200 5379 "http://www.mink-gmbh.de/lexikon.php?cs_go=2&cs_char=a" "Mozilla/4.0 (compatible; Vagabondo/4.0/EU; http://www.wise-guys.nl/)"
82.94.179.38 - - [17/Mar/2015:10:26:35 +0100] "GET /lexikon.php?cs_go=3&cs_id=13 HTTP/1.1" 200 5379 "http://www.mink-gmbh.de/lexikon.php?cs_go=2&cs_char=a" "Mozilla/4.0 (compatible; Vagabondo/4.0/EU; http://www.wise-guys.nl/)"
66.249.67.65 - - [17/Mar/2015:10:24:56 +0100] "GET /news.php?cs_go=archiv&cs_id=4428 HTTP/1.1" 200 5365 "-" "Mozilla/5.0 (iPhone; CPU iPhone OS 6_0 like Mac OS X) AppleWebKit/536.26 (KHTML, like Gecko) Version/6.0 Mobile/10A5376e Safari/8536.25 (compatible; Googlebot/2.1; +http://www.google.com/bot.html)"
82.94.179.38 - - [17/Mar/2015:10:29:05 +0100] "GET /lexikon.php?cs_go=3&cs_id=42 HTTP/1.1" 200 5379 "http://www.mink-gmbh.de/lexikon.php?cs_go=2&cs_char=c" "Mozilla/4.0 (compatible; Vagabondo/4.0/EU; http://www.wise-guys.nl/)"
66.249.67.73 - - [17/Mar/2015:10:27:56 +0100] "GET /news.php?cs_go=archiv&cs_id=3829&cs_search= HTTP/1.1" 200 5365 "-" "Mozilla/5.0 (iPhone; CPU iPhone OS 6_0 like Mac OS X) AppleWebKit/536.26 (KHTML, like Gecko) Version/6.0 Mobile/10A5376e Safari/8536.25 (compatible; Googlebot/2.1; +http://www.google.com/bot.html)"
82.94.179.38 - - [17/Mar/2015:10:31:13 +0100] "GET /lexikon.php?cs_go=3&cs_id=70 HTTP/1.1" 200 5379 "http://www.mink-gmbh.de/lexikon.php?cs_go=2&cs_char=f" "Mozilla/4.0 (compatible; Vagabondo/4.0/EU; http://www.wise-guys.nl/)"
82.94.179.38 - - [17/Mar/2015:10:33:21 +0100] "GET /lexikon.php?cs_go=3&cs_id=55 HTTP/1.1" 200 5379 "http://www.mink-gmbh.de/lexikon.php?cs_go=2&cs_char=d" "Mozilla/4.0 (compatible; Vagabondo/4.0/EU; http://www.wise-guys.nl/)"
82.94.179.38 - - [17/Mar/2015:10:35:41 +0100] "GET /lexikon.php?cs_go=3&cs_id=12 HTTP/1.1" 200 5379 "http://www.mink-gmbh.de/lexikon.php?cs_go=2&cs_char=a" "Mozilla/4.0 (compatible; Vagabondo/4.0/EU; http://www.wise-guys.nl/)"
66.249.67.81 - - [17/Mar/2015:10:34:24 +0100] "GET /news.php?cs_go=archiv&cs_id=4428 HTTP/1.1" 200 5365 "-" "Mozilla/5.0 (iPhone; CPU iPhone OS 6_0 like Mac OS X) AppleWebKit/536.26 (KHTML, like Gecko) Version/6.0 Mobile/10A5376e Safari/8536.25 (compatible; Googlebot/2.1; +http://www.google.com/bot.html)"
82.94.179.38 - - [17/Mar/2015:10:37:47 +0100] "GET /lexikon.php?cs_go=3&cs_id=69 HTTP/1.1" 200 5379 "http://www.mink-gmbh.de/lexikon.php?cs_go=2&cs_char=f" "Mozilla/4.0 (compatible; Vagabondo/4.0/EU; http://www.wise-guys.nl/)"
82.94.179.38 - - [17/Mar/2015:10:39:44 +0100] "GET /lexikon.php?cs_go=3&cs_id=32 HTTP/1.1" 200 5379 "http://www.mink-gmbh.de/lexikon.php?cs_go=2&cs_char=b" "Mozilla/4.0 (compatible; Vagabondo/4.0/EU; http://www.wise-guys.nl/)"
82.94.179.38 - - [17/Mar/2015:10:41:51 +0100] "GET /lexikon.php?cs_go=3&cs_id=63 HTTP/1.1" 200 5379 "http://www.mink-gmbh.de/lexikon.php?cs_go=2&cs_char=e" "Mozilla/4.0 (compatible; Vagabondo/4.0/EU; http://www.wise-guys.nl/)"
66.249.67.65 - - [17/Mar/2015:10:40:25 +0100] "GET /news.php?cs_go=archiv&cs_id=3829&cs_search= HTTP/1.1" 200 5365 "-" "Mozilla/5.0 (iPhone; CPU iPhone OS 6_0 like Mac OS X) AppleWebKit/536.26 (KHTML, like Gecko) Version/6.0 Mobile/10A5376e Safari/8536.25 (compatible; Googlebot/2.1; +http://www.google.com/bot.html)"
82.94.179.38 - - [17/Mar/2015:10:43:32 +0100] "GET /lexikon.php?cs_go=3&cs_id=43 HTTP/1.1" 200 5379 "http://www.mink-gmbh.de/lexikon.php?cs_go=2&cs_char=d" "Mozilla/4.0 (compatible; Vagabondo/4.0/EU; http://www.wise-guys.nl/)"
82.94.179.38 - - [17/Mar/2015:10:45:13 +0100] "GET /lexikon.php?cs_go=3&cs_id=67 HTTP/1.1" 200 5379 "http://www.mink-gmbh.de/lexikon.php?cs_go=2&cs_char=f" "Mozilla/4.0 (compatible; Vagabondo/4.0/EU; http://www.wise-guys.nl/)"
82.94.179.38 - - [17/Mar/2015:10:46:57 +0100] "GET /lexikon.php?cs_go=3&cs_id=20 HTTP/1.1" 200 5379 "http://www.mink-gmbh.de/lexikon.php?cs_go=2&cs_char=b" "Mozilla/4.0 (compatible; Vagabondo/4.0/EU; http://www.wise-guys.nl/)"
82.94.179.38 - - [17/Mar/2015:10:48:32 +0100] "GET /lexikon.php?cs_go=3&cs_id=10 HTTP/1.1" 200 5379 "http://www.mink-gmbh.de/lexikon.php?cs_go=2&cs_char=a" "Mozilla/4.0 (compatible; Vagabondo/4.0/EU; http://www.wise-guys.nl/)"
82.94.179.38 - - [17/Mar/2015:10:49:48 +0100] "GET /lexikon.php?cs_go=3&cs_id=48 HTTP/1.1" 200 5379 "http://www.mink-gmbh.de/lexikon.php?cs_go=2&cs_char=d" "Mozilla/4.0 (compatible; Vagabondo/4.0/EU; http://www.wise-guys.nl/)"
82.94.179.38 - - [17/Mar/2015:10:51:16 +0100] "GET /lexikon.php?cs_go=3&cs_id=36 HTTP/1.1" 200 5379 "http://www.mink-gmbh.de/lexikon.php?cs_go=2&cs_char=c" "Mozilla/4.0 (compatible; Vagabondo/4.0/EU; http://www.wise-guys.nl/)"
82.94.179.38 - - [17/Mar/2015:10:52:36 +0100] "GET /lexikon.php?cs_go=3&cs_id=50 HTTP/1.1" 200 5379 "http://www.mink-gmbh.de/lexikon.php?cs_go=2&cs_char=d" "Mozilla/4.0 (compatible; Vagabondo/4.0/EU; http://www.wise-guys.nl/)"
82.94.179.38 - - [17/Mar/2015:10:54:02 +0100] "GET /lexikon.php?cs_go=3&cs_id=60 HTTP/1.1" 200 5379 "http://www.mink-gmbh.de/lexikon.php?cs_go=2&cs_char=e" "Mozilla/4.0 (compatible; Vagabondo/4.0/EU; http://www.wise-guys.nl/)"
82.94.179.38 - - [17/Mar/2015:10:55:17 +0100] "GET /lexikon.php?cs_go=3&cs_id=30 HTTP/1.1" 200 5379 "http://www.mink-gmbh.de/lexikon.php?cs_go=2&cs_char=b" "Mozilla/4.0 (compatible; Vagabondo/4.0/EU; http://www.wise-guys.nl/)"
82.94.179.38 - - [17/Mar/2015:10:56:37 +0100] "GET /lexikon.php?cs_go=3&cs_id=25 HTTP/1.1" 200 5379 "http://www.mink-gmbh.de/lexikon.php?cs_go=2&cs_char=b" "Mozilla/4.0 (compatible; Vagabondo/4.0/EU; http://www.wise-guys.nl/)"
82.94.179.38 - - [17/Mar/2015:10:57:55 +0100] "GET /lexikon.php?cs_go=3&cs_id=17 HTTP/1.1" 200 5379 "http://www.mink-gmbh.de/lexikon.php?cs_go=2&cs_char=a" "Mozilla/4.0 (compatible; Vagabondo/4.0/EU; http://www.wise-guys.nl/)"
82.94.179.38 - - [17/Mar/2015:10:59:15 +0100] "GET /lexikon.php?cs_go=3&cs_id=35 HTTP/1.1" 200 5379 "http://www.mink-gmbh.de/lexikon.php?cs_go=2&cs_char=c" "Mozilla/4.0 (compatible; Vagabondo/4.0/EU; http://www.wise-guys.nl/)"
82.94.179.38 - - [17/Mar/2015:11:00:42 +0100] "GET /lexikon.php?cs_go=3&cs_id=49 HTTP/1.1" 200 5379 "http://www.mink-gmbh.de/lexikon.php?cs_go=2&cs_char=d" "Mozilla/4.0 (compatible; Vagabondo/4.0/EU; http://www.wise-guys.nl/)"
82.94.179.38 - - [17/Mar/2015:11:02:09 +0100] "GET /lexikon.php?cs_go=3&cs_id=19 HTTP/1.1" 200 5379 "http://www.mink-gmbh.de/lexikon.php?cs_go=2&cs_char=b" "Mozilla/4.0 (compatible; Vagabondo/4.0/EU; http://www.wise-guys.nl/)"
82.94.179.38 - - [17/Mar/2015:11:03:33 +0100] "GET /lexikon.php?cs_go=3&cs_id=11 HTTP/1.1" 200 5379 "http://www.mink-gmbh.de/lexikon.php?cs_go=2&cs_char=a" "Mozilla/4.0 (compatible; Vagabondo/4.0/EU; http://www.wise-guys.nl/)"
82.94.179.38 - - [17/Mar/2015:11:05:01 +0100] "GET /lexikon.php?cs_go=3&cs_id=54 HTTP/1.1" 200 5379 "http://www.mink-gmbh.de/lexikon.php?cs_go=2&cs_char=d" "Mozilla/4.0 (compatible; Vagabondo/4.0/EU; http://www.wise-guys.nl/)"
82.94.179.38 - - [17/Mar/2015:11:06:28 +0100] "GET /lexikon.php?cs_go=3&cs_id=21 HTTP/1.1" 200 5379 "http://www.mink-gmbh.de/lexikon.php?cs_go=2&cs_char=b" "Mozilla/4.0 (compatible; Vagabondo/4.0/EU; http://www.wise-guys.nl/)"
