208.115.111.75 - - [09/Mar/2015:19:20:29 +0100] "GET /lexikon.php?cs_go=3&cs_id=53 HTTP/1.1" 200 5379 "-" "Mozilla/5.0 (compatible; DotBot/1.1; http://www.opensiteexplorer.org/dotbot, help@moz.com)"
208.115.113.91 - - [09/Mar/2015:19:46:20 +0100] "GET /robots.txt HTTP/1.1" 200 177 "-" "Mozilla/5.0 (compatible; DotBot/1.1; http://www.opensiteexplorer.org/dotbot, help@moz.com)"
66.249.78.184 - - [09/Mar/2015:20:18:57 +0100] "GET /news.php HTTP/1.1" 200 5365 "-" "Mozilla/5.0 (compatible; Googlebot/2.1; +http://www.google.com/bot.html)"
178.63.80.14 - - [09/Mar/2015:20:27:31 +0100] "GET /robots.txt HTTP/1.1" 200 177 "-" "Mozilla/5.0 (compatible; uMBot-IC/1.0; mailto: crawling@ubermetrics-technologies.com)"
178.63.80.14 - - [09/Mar/2015:20:27:31 +0100] "GET /jobs.php HTTP/1.1" 200 4965 "-" "Mozilla/5.0 (compatible; uMBot-IC/1.0; mailto: crawling@ubermetrics-technologies.com)"
66.249.78.184 - - [09/Mar/2015:20:25:13 +0100] "GET /news.php HTTP/1.1" 200 5365 "-" "Mozilla/5.0 (compatible; Googlebot/2.1; +http://www.google.com/bot.html)"
78.47.15.198 - - [09/Mar/2015:20:30:08 +0100] "GET /jobs.php HTTP/1.1" 200 4965 "-" "Mozilla/5.0 (compatible; uMBot-IC/1.0; mailto: crawling@ubermetrics-technologies.com)"
66.249.78.177 - - [09/Mar/2015:20:31:56 +0100] "GET /news.php HTTP/1.1" 200 5365 "-" "Mozilla/5.0 (compatible; Googlebot/2.1; +http://www.google.com/bot.html)"
207.46.13.129 - - [09/Mar/2015:20:57:07 +0100] "GET /faq.php HTTP/1.1" 200 5392 "-" "Mozilla/5.0 (compatible; bingbot/2.0; +http://www.bing.com/bingbot.htm)"
144.76.18.125 - - [09/Mar/2015:21:24:42 +0100] "GET / HTTP/1.1" 200 4480 "-" "Mozilla/5.0 (Windows; U; Windows NT 6.0; de; rv:1.9.2.3) Gecko/20100401 Firefox/3.6.3 ( .NET CLR 3.5.30729)"
208.115.113.91 - - [09/Mar/2015:21:31:32 +0100] "GET /lexikon.php?cs_go=3&cs_id=52 HTTP/1.1" 200 5379 "-" "Mozilla/5.0 (compatible; DotBot/1.1; http://www.opensiteexplorer.org/dotbot, help@moz.com)"
208.115.113.91 - - [09/Mar/2015:21:31:43 +0100] "GET /news.php?cs_go=archiv&cs_id=5284&cs_search= HTTP/1.1" 200 5365 "-" "Mozilla/5.0 (compatible; DotBot/1.1; http://www.opensiteexplorer.org/dotbot, help@moz.com)"
207.46.13.129 - - [09/Mar/2015:21:36:02 +0100] "GET / HTTP/1.1" 200 2371 "-" "Mozilla/5.0 (compatible; bingbot/2.0; +http://www.bing.com/bingbot.htm)"
188.165.15.121 - - [09/Mar/2015:21:41:45 +0100] "GET /wunschpreis.php HTTP/1.1" 200 5005 "-" "Mozilla/5.0 (compatible; AhrefsBot/5.0; +http://ahrefs.com/robot/)"
208.115.111.75 - - [09/Mar/2015:21:45:02 +0100] "GET /robots.txt HTTP/1.1" 200 177 "-" "Mozilla/5.0 (compatible; DotBot/1.1; http://www.opensiteexplorer.org/dotbot, help@moz.com)"
208.115.111.75 - - [09/Mar/2015:23:28:30 +0100] "GET /lexikon.php?cs_go=3&cs_id=51 HTTP/1.1" 200 5379 "-" "Mozilla/5.0 (compatible; DotBot/1.1; http://www.opensiteexplorer.org/dotbot, help@moz.com)"
208.115.111.75 - - [09/Mar/2015:23:29:22 +0100] "GET /news.php?cs_go=archiv&cs_id=5109&cs_search= HTTP/1.1" 200 5365 "-" "Mozilla/5.0 (compatible; DotBot/1.1; http://www.opensiteexplorer.org/dotbot, help@moz.com)"
208.115.113.91 - - [09/Mar/2015:23:46:05 +0100] "GET /robots.txt HTTP/1.1" 200 177 "-" "Mozilla/5.0 (compatible; DotBot/1.1; http://www.opensiteexplorer.org/dotbot, help@moz.com)"
66.249.78.191 - - [09/Mar/2015:23:45:22 +0100] "GET / HTTP/1.1" 200 2775 "-" "Mozilla/5.0 (iPhone; CPU iPhone OS 6_0 like Mac OS X) AppleWebKit/536.26 (KHTML, like Gecko) Version/6.0 Mobile/10A5376e Safari/8536.25 (compatible; Googlebot/2.1; +http://www.google.com/bot.html)"
66.249.78.191 - - [09/Mar/2015:23:48:22 +0100] "GET /news.php?cs_go=archiv&cs_id=4742&cs_search= HTTP/1.1" 200 5365 "-" "Mozilla/5.0 (iPhone; CPU iPhone OS 6_0 like Mac OS X) AppleWebKit/536.26 (KHTML, like Gecko) Version/6.0 Mobile/10A5376e Safari/8536.25 (compatible; Googlebot/2.1; +http://www.google.com/bot.html)"
66.249.78.177 - - [09/Mar/2015:23:54:22 +0100] "GET / HTTP/1.1" 200 4480 "-" "Mozilla/5.0 (iPhone; CPU iPhone OS 6_0 like Mac OS X) AppleWebKit/536.26 (KHTML, like Gecko) Version/6.0 Mobile/10A5376e Safari/8536.25 (compatible; Googlebot/2.1; +http://www.google.com/bot.html)"
66.249.78.177 - - [10/Mar/2015:00:05:17 +0100] "GET /news.php?cs_go=archiv&cs_id=4742&cs_search= HTTP/1.1" 200 5365 "-" "Mozilla/5.0 (iPhone; CPU iPhone OS 6_0 like Mac OS X) AppleWebKit/536.26 (KHTML, like Gecko) Version/6.0 Mobile/10A5376e Safari/8536.25 (compatible; Googlebot/2.1; +http://www.google.com/bot.html)"
66.249.78.184 - - [10/Mar/2015:00:34:57 +0100] "GET /news.php?cs_go=archiv&cs_id=4742&cs_search= HTTP/1.1" 200 5365 "-" "Mozilla/5.0 (iPhone; CPU iPhone OS 6_0 like Mac OS X) AppleWebKit/536.26 (KHTML, like Gecko) Version/6.0 Mobile/10A5376e Safari/8536.25 (compatible; Googlebot/2.1; +http://www.google.com/bot.html)"
66.249.78.177 - - [10/Mar/2015:00:40:59 +0100] "GET / HTTP/1.1" 200 4480 "-" "Mozilla/5.0 (iPhone; CPU iPhone OS 6_0 like Mac OS X) AppleWebKit/536.26 (KHTML, like Gecko) Version/6.0 Mobile/10A5376e Safari/8536.25 (compatible; Googlebot/2.1; +http://www.google.com/bot.html)"
94.23.204.136 - - [10/Mar/2015:01:02:19 +0100] "HEAD / HTTP/1.1" 200 - "-" "InternetSeer.com"
208.115.113.91 - - [10/Mar/2015:01:32:24 +0100] "GET /lexikon.php?cs_go=3&cs_id=50 HTTP/1.1" 200 5379 "-" "Mozilla/5.0 (compatible; DotBot/1.1; http://www.opensiteexplorer.org/dotbot, help@moz.com)"
208.115.113.91 - - [10/Mar/2015:01:32:49 +0100] "GET /news.php?cs_go=archiv&cs_id=5364&cs_search= HTTP/1.1" 200 5365 "-" "Mozilla/5.0 (compatible; DotBot/1.1; http://www.opensiteexplorer.org/dotbot, help@moz.com)"
123.125.71.55 - - [10/Mar/2015:01:40:40 +0100] "GET / HTTP/1.1" 200 2371 "-" "Mozilla/5.0 (Windows NT 5.1; rv:6.0.2) Gecko/20100101 Firefox/6.0.2"
208.115.111.75 - - [10/Mar/2015:01:45:11 +0100] "GET /robots.txt HTTP/1.1" 200 177 "-" "Mozilla/5.0 (compatible; DotBot/1.1; http://www.opensiteexplorer.org/dotbot, help@moz.com)"
220.181.108.81 - - [10/Mar/2015:01:42:03 +0100] "GET / HTTP/1.1" 200 2371 "-" "Mozilla/5.0 (Windows NT 5.1; rv:6.0.2) Gecko/20100101 Firefox/6.0.2"
66.249.78.184 - - [10/Mar/2015:01:46:24 +0100] "GET /kontakt.php HTTP/1.1" 200 4996 "-" "Mozilla/5.0 (iPhone; CPU iPhone OS 6_0 like Mac OS X) AppleWebKit/536.26 (KHTML, like Gecko) Version/6.0 Mobile/10A5376e Safari/8536.25 (compatible; Googlebot/2.1; +http://www.google.com/bot.html)"
178.63.80.14 - - [10/Mar/2015:02:27:43 +0100] "GET /robots.txt HTTP/1.1" 200 177 "-" "Mozilla/5.0 (compatible; uMBot-IC/1.0; mailto: crawling@ubermetrics-technologies.com)"
178.63.80.14 - - [10/Mar/2015:02:27:43 +0100] "GET /jobs.php HTTP/1.1" 200 4965 "-" "Mozilla/5.0 (compatible; uMBot-IC/1.0; mailto: crawling@ubermetrics-technologies.com)"
78.47.15.198 - - [10/Mar/2015:02:30:21 +0100] "GET /robots.txt HTTP/1.1" 200 177 "-" "Mozilla/5.0 (compatible; uMBot-IC/1.0; mailto: crawling@ubermetrics-technologies.com)"
78.47.15.198 - - [10/Mar/2015:02:30:21 +0100] "GET /jobs.php HTTP/1.1" 200 4965 "-" "Mozilla/5.0 (compatible; uMBot-IC/1.0; mailto: crawling@ubermetrics-technologies.com)"
208.115.111.75 - - [10/Mar/2015:03:28:34 +0100] "GET /lexikon.php?cs_go=3&cs_id=218 HTTP/1.1" 200 5379 "-" "Mozilla/5.0 (compatible; DotBot/1.1; http://www.opensiteexplorer.org/dotbot, help@moz.com)"
208.115.113.91 - - [10/Mar/2015:03:46:52 +0100] "GET /robots.txt HTTP/1.1" 200 177 "-" "Mozilla/5.0 (compatible; DotBot/1.1; http://www.opensiteexplorer.org/dotbot, help@moz.com)"
208.115.113.91 - - [10/Mar/2015:05:30:26 +0100] "GET /news.php?cs_go=archiv&cs_startpos=120 HTTP/1.1" 200 5365 "-" "Mozilla/5.0 (compatible; DotBot/1.1; http://www.opensiteexplorer.org/dotbot, help@moz.com)"
208.115.111.75 - - [10/Mar/2015:05:43:12 +0100] "GET /robots.txt HTTP/1.1" 200 177 "-" "Mozilla/5.0 (compatible; DotBot/1.1; http://www.opensiteexplorer.org/dotbot, help@moz.com)"
66.249.78.191 - - [10/Mar/2015:06:07:11 +0100] "GET /news.php HTTP/1.1" 200 5365 "-" "Mozilla/5.0 (iPhone; CPU iPhone OS 6_0 like Mac OS X) AppleWebKit/536.26 (KHTML, like Gecko) Version/6.0 Mobile/10A5376e Safari/8536.25 (compatible; Googlebot/2.1; +http://www.google.com/bot.html)"
66.249.78.191 - - [10/Mar/2015:06:13:26 +0100] "GET /news.php HTTP/1.1" 200 5365 "-" "Mozilla/5.0 (iPhone; CPU iPhone OS 6_0 like Mac OS X) AppleWebKit/536.26 (KHTML, like Gecko) Version/6.0 Mobile/10A5376e Safari/8536.25 (compatible; Googlebot/2.1; +http://www.google.com/bot.html)"
66.249.78.184 - - [10/Mar/2015:06:19:42 +0100] "GET /news.php HTTP/1.1" 200 5365 "-" "Mozilla/5.0 (iPhone; CPU iPhone OS 6_0 like Mac OS X) AppleWebKit/536.26 (KHTML, like Gecko) Version/6.0 Mobile/10A5376e Safari/8536.25 (compatible; Googlebot/2.1; +http://www.google.com/bot.html)"
208.115.111.75 - - [10/Mar/2015:07:26:12 +0100] "GET /news.php?cs_go=archiv&cs_id=5193&cs_search= HTTP/1.1" 200 5365 "-" "Mozilla/5.0 (compatible; DotBot/1.1; http://www.opensiteexplorer.org/dotbot, help@moz.com)"
208.115.113.91 - - [10/Mar/2015:07:44:13 +0100] "GET /robots.txt HTTP/1.1" 200 177 "-" "Mozilla/5.0 (compatible; DotBot/1.1; http://www.opensiteexplorer.org/dotbot, help@moz.com)"
141.8.147.12 - - [10/Mar/2015:08:17:12 +0100] "GET /robots.txt HTTP/1.1" 200 177 "-" "Mozilla/5.0 (compatible; YandexBot/3.0; +http://yandex.com/bots)"
178.63.80.14 - - [10/Mar/2015:08:25:47 +0100] "GET /robots.txt HTTP/1.1" 200 177 "-" "Mozilla/5.0 (compatible; uMBot-IC/1.0; mailto: crawling@ubermetrics-technologies.com)"
178.63.80.14 - - [10/Mar/2015:08:25:47 +0100] "GET /jobs.php HTTP/1.1" 200 4965 "-" "Mozilla/5.0 (compatible; uMBot-IC/1.0; mailto: crawling@ubermetrics-technologies.com)"
78.47.15.198 - - [10/Mar/2015:08:28:26 +0100] "GET /robots.txt HTTP/1.1" 200 177 "-" "Mozilla/5.0 (compatible; uMBot-IC/1.0; mailto: crawling@ubermetrics-technologies.com)"
78.47.15.198 - - [10/Mar/2015:08:28:26 +0100] "GET /jobs.php HTTP/1.1" 200 4965 "-" "Mozilla/5.0 (compatible; uMBot-IC/1.0; mailto: crawling@ubermetrics-technologies.com)"
141.8.147.12 - - [10/Mar/2015:08:43:58 +0100] "GET /kwk.php HTTP/1.1" 200 5369 "-" "Mozilla/5.0 (compatible; YandexBot/3.0; +http://yandex.com/bots)"
141.8.147.12 - - [10/Mar/2015:09:01:50 +0100] "GET /standard.php HTTP/1.1" 200 5259 "-" "Mozilla/5.0 (compatible; YandexBot/3.0; +http://yandex.com/bots)"
141.8.189.114 - - [10/Mar/2015:09:03:07 +0100] "GET /standard.php HTTP/1.1" 200 5259 "-" "Mozilla/5.0 (compatible; YandexBot/3.0; +http://yandex.com/bots)"
141.8.147.12 - - [10/Mar/2015:09:04:24 +0100] "GET /standard.php HTTP/1.1" 200 5259 "-" "Mozilla/5.0 (compatible; YandexBot/3.0; +http://yandex.com/bots)"
141.8.147.12 - - [10/Mar/2015:09:08:11 +0100] "GET /images/team-energie.png HTTP/1.1" 304 - "-" "Mozilla/5.0 (compatible; YandexImages/3.0; +http://yandex.com/bots)"
141.8.147.12 - - [10/Mar/2015:09:05:41 +0100] "GET /standard.php HTTP/1.1" 200 5259 "-" "Mozilla/5.0 (compatible; YandexBot/3.0; +http://yandex.com/bots)"
208.115.113.91 - - [10/Mar/2015:09:25:22 +0100] "GET /kontakt.php HTTP/1.1" 200 4996 "-" "Mozilla/5.0 (compatible; DotBot/1.1; http://www.opensiteexplorer.org/dotbot, help@moz.com)"
208.115.113.91 - - [10/Mar/2015:09:25:33 +0100] "GET /lexikon.php?cs_go=3&cs_id=219 HTTP/1.1" 200 5379 "-" "Mozilla/5.0 (compatible; DotBot/1.1; http://www.opensiteexplorer.org/dotbot, help@moz.com)"
208.115.113.91 - - [10/Mar/2015:09:28:31 +0100] "GET /newsletter.php HTTP/1.1" 200 5536 "-" "Mozilla/5.0 (compatible; DotBot/1.1; http://www.opensiteexplorer.org/dotbot, help@moz.com)"
208.115.113.91 - - [10/Mar/2015:09:25:44 +0100] "GET /news.php?cs_go=archiv&cs_id=5170&cs_search= HTTP/1.1" 200 5365 "-" "Mozilla/5.0 (compatible; DotBot/1.1; http://www.opensiteexplorer.org/dotbot, help@moz.com)"
208.115.113.91 - - [10/Mar/2015:09:25:57 +0100] "GET /news.php?cs_go=archiv&cs_id=5185&cs_search= HTTP/1.1" 200 5365 "-" "Mozilla/5.0 (compatible; DotBot/1.1; http://www.opensiteexplorer.org/dotbot, help@moz.com)"
208.115.113.91 - - [10/Mar/2015:09:26:06 +0100] "GET /news.php?cs_go=archiv&cs_id=5292&cs_search= HTTP/1.1" 200 5365 "-" "Mozilla/5.0 (compatible; DotBot/1.1; http://www.opensiteexplorer.org/dotbot, help@moz.com)"
208.115.111.75 - - [10/Mar/2015:09:44:21 +0100] "GET /robots.txt HTTP/1.1" 200 177 "-" "Mozilla/5.0 (compatible; DotBot/1.1; http://www.opensiteexplorer.org/dotbot, help@moz.com)"
123.125.71.41 - - [10/Mar/2015:10:39:04 +0100] "GET / HTTP/1.1" 200 1139 "-" "Mozilla/5.0 (Windows NT 5.1; rv:6.0.2) Gecko/20100101 Firefox/6.0.2"
220.181.108.154 - - [10/Mar/2015:10:40:59 +0100] "GET / HTTP/1.1" 200 2371 "-" "Mozilla/5.0 (Windows NT 5.1; rv:6.0.2) Gecko/20100101 Firefox/6.0.2"
178.63.13.15 - - [10/Mar/2015:11:04:49 +0100] "GET /robots.txt HTTP/1.0" 200 177 "-" "Mozilla/5.0 (compatible; MJ12bot/v1.4.5; http://www.majestic12.co.uk/bot.php?+)"
178.63.13.15 - - [10/Mar/2015:11:04:51 +0100] "GET /news.php?cs_go=archiv&cs_id=4218 HTTP/1.0" 200 5365 "-" "Mozilla/5.0 (compatible; MJ12bot/v1.4.5; http://www.majestic12.co.uk/bot.php?+)"
178.63.13.15 - - [10/Mar/2015:11:05:36 +0100] "GET /news.php?cs_go=archiv&cs_id=4240 HTTP/1.0" 200 5365 "-" "Mozilla/5.0 (compatible; MJ12bot/v1.4.5; http://www.majestic12.co.uk/bot.php?+)"
178.63.13.15 - - [10/Mar/2015:11:06:22 +0100] "GET /news.php?cs_go=archiv&cs_id=4241 HTTP/1.0" 200 5365 "-" "Mozilla/5.0 (compatible; MJ12bot/v1.4.5; http://www.majestic12.co.uk/bot.php?+)"
178.63.13.15 - - [10/Mar/2015:11:07:07 +0100] "GET /news.php?cs_go=archiv&cs_id=4242 HTTP/1.0" 200 5365 "-" "Mozilla/5.0 (compatible; MJ12bot/v1.4.5; http://www.majestic12.co.uk/bot.php?+)"
178.63.13.15 - - [10/Mar/2015:11:07:50 +0100] "GET /news.php?cs_go=archiv&cs_id=4243 HTTP/1.0" 200 5365 "-" "Mozilla/5.0 (compatible; MJ12bot/v1.4.5; http://www.majestic12.co.uk/bot.php?+)"
178.63.13.15 - - [10/Mar/2015:11:08:34 +0100] "GET /news.php?cs_go=archiv&cs_id=4820 HTTP/1.0" 200 5365 "-" "Mozilla/5.0 (compatible; MJ12bot/v1.4.5; http://www.majestic12.co.uk/bot.php?+)"
178.63.13.15 - - [10/Mar/2015:11:09:16 +0100] "GET /news.php?cs_go=archiv&cs_id=4859 HTTP/1.0" 200 5365 "-" "Mozilla/5.0 (compatible; MJ12bot/v1.4.5; http://www.majestic12.co.uk/bot.php?+)"
178.63.13.15 - - [10/Mar/2015:11:10:01 +0100] "GET /news.php?cs_go=archiv&cs_id=5108 HTTP/1.0" 200 5365 "-" "Mozilla/5.0 (compatible; MJ12bot/v1.4.5; http://www.majestic12.co.uk/bot.php?+)"
157.55.39.29 - - [10/Mar/2015:11:13:55 +0100] "GET /modernisierung.php HTTP/1.1" 200 5420 "-" "Mozilla/5.0 (compatible; bingbot/2.0; +http://www.bing.com/bingbot.htm)"
178.63.13.15 - - [10/Mar/2015:11:10:50 +0100] "GET /news.php?cs_go=archiv&cs_id=5109 HTTP/1.0" 200 5365 "-" "Mozilla/5.0 (compatible; MJ12bot/v1.4.5; http://www.majestic12.co.uk/bot.php?+)"
208.115.111.75 - - [10/Mar/2015:11:38:36 +0100] "GET /lexikon.php HTTP/1.1" 200 5379 "-" "Mozilla/5.0 (compatible; DotBot/1.1; http://www.opensiteexplorer.org/dotbot, help@moz.com)"
208.115.113.91 - - [10/Mar/2015:11:46:10 +0100] "GET /robots.txt HTTP/1.1" 200 177 "-" "Mozilla/5.0 (compatible; DotBot/1.1; http://www.opensiteexplorer.org/dotbot, help@moz.com)"
66.249.78.177 - - [10/Mar/2015:12:29:34 +0100] "GET /news.php HTTP/1.1" 200 5365 "-" "Mozilla/5.0 (iPhone; CPU iPhone OS 6_0 like Mac OS X) AppleWebKit/536.26 (KHTML, like Gecko) Version/6.0 Mobile/10A5376e Safari/8536.25 (compatible; Googlebot/2.1; +http://www.google.com/bot.html)"
66.249.78.191 - - [10/Mar/2015:12:35:58 +0100] "GET /news.php HTTP/1.1" 200 5365 "-" "Mozilla/5.0 (iPhone; CPU iPhone OS 6_0 like Mac OS X) AppleWebKit/536.26 (KHTML, like Gecko) Version/6.0 Mobile/10A5376e Safari/8536.25 (compatible; Googlebot/2.1; +http://www.google.com/bot.html)"
207.46.13.129 - - [10/Mar/2015:12:39:21 +0100] "GET / HTTP/1.1" 200 2371 "-" "Mozilla/5.0 (compatible; bingbot/2.0; +http://www.bing.com/bingbot.htm)"
66.249.78.177 - - [10/Mar/2015:12:42:40 +0100] "GET /news.php HTTP/1.1" 200 5365 "-" "Mozilla/5.0 (iPhone; CPU iPhone OS 6_0 like Mac OS X) AppleWebKit/536.26 (KHTML, like Gecko) Version/6.0 Mobile/10A5376e Safari/8536.25 (compatible; Googlebot/2.1; +http://www.google.com/bot.html)"
144.76.18.125 - - [10/Mar/2015:12:48:14 +0100] "GET / HTTP/1.1" 200 4480 "-" "Mozilla/5.0 (Windows; U; Windows NT 6.0; de; rv:1.9.2.3) Gecko/20100401 Firefox/3.6.3 ( .NET CLR 3.5.30729)"
94.23.204.136 - - [10/Mar/2015:12:53:08 +0100] "HEAD / HTTP/1.1" 200 - "-" "InternetSeer.com"
208.115.113.91 - - [10/Mar/2015:13:43:28 +0100] "GET /news.php?cs_go=archiv&cs_id=5243&cs_search= HTTP/1.1" 200 5365 "-" "Mozilla/5.0 (compatible; DotBot/1.1; http://www.opensiteexplorer.org/dotbot, help@moz.com)"
208.115.111.75 - - [10/Mar/2015:13:48:59 +0100] "GET /robots.txt HTTP/1.1" 200 177 "-" "Mozilla/5.0 (compatible; DotBot/1.1; http://www.opensiteexplorer.org/dotbot, help@moz.com)"
66.249.78.177 - - [10/Mar/2015:14:00:34 +0100] "GET /robots.txt HTTP/1.1" 200 177 "-" "Mozilla/5.0 (compatible; Googlebot/2.1; +http://www.google.com/bot.html)"
66.249.78.191 - - [10/Mar/2015:14:00:34 +0100] "GET /news.php?cs_go=archiv&cs_id=4742&cs_search= HTTP/1.1" 200 5365 "-" "Mozilla/5.0 (iPhone; CPU iPhone OS 6_0 like Mac OS X) AppleWebKit/536.26 (KHTML, like Gecko) Version/6.0 Mobile/10A5376e Safari/8536.25 (compatible; Googlebot/2.1; +http://www.google.com/bot.html)"
66.249.78.177 - - [10/Mar/2015:14:10:04 +0100] "GET /news.php?cs_go=archiv&cs_id=4742&cs_search= HTTP/1.1" 200 5365 "-" "Mozilla/5.0 (iPhone; CPU iPhone OS 6_0 like Mac OS X) AppleWebKit/536.26 (KHTML, like Gecko) Version/6.0 Mobile/10A5376e Safari/8536.25 (compatible; Googlebot/2.1; +http://www.google.com/bot.html)"
178.63.80.14 - - [10/Mar/2015:14:26:00 +0100] "GET /robots.txt HTTP/1.1" 200 177 "-" "Mozilla/5.0 (compatible; uMBot-IC/1.0; mailto: crawling@ubermetrics-technologies.com)"
178.63.80.14 - - [10/Mar/2015:14:26:00 +0100] "GET /jobs.php HTTP/1.1" 200 4965 "-" "Mozilla/5.0 (compatible; uMBot-IC/1.0; mailto: crawling@ubermetrics-technologies.com)"
66.249.78.184 - - [10/Mar/2015:14:24:26 +0100] "GET /news.php?cs_go=archiv&cs_id=4742&cs_search= HTTP/1.1" 200 5365 "-" "Mozilla/5.0 (iPhone; CPU iPhone OS 6_0 like Mac OS X) AppleWebKit/536.26 (KHTML, like Gecko) Version/6.0 Mobile/10A5376e Safari/8536.25 (compatible; Googlebot/2.1; +http://www.google.com/bot.html)"
78.47.15.198 - - [10/Mar/2015:14:28:40 +0100] "GET /robots.txt HTTP/1.1" 200 177 "-" "Mozilla/5.0 (compatible; uMBot-IC/1.0; mailto: crawling@ubermetrics-technologies.com)"
78.47.15.198 - - [10/Mar/2015:14:28:40 +0100] "GET /jobs.php HTTP/1.1" 200 4965 "-" "Mozilla/5.0 (compatible; uMBot-IC/1.0; mailto: crawling@ubermetrics-technologies.com)"
208.115.111.75 - - [10/Mar/2015:15:27:09 +0100] "GET /news.php?cs_go=archiv&cs_id=5240&cs_search= HTTP/1.1" 200 5365 "-" "Mozilla/5.0 (compatible; DotBot/1.1; http://www.opensiteexplorer.org/dotbot, help@moz.com)"
108.62.22.232 - - [10/Mar/2015:15:27:10 +0100] "GET / HTTP/1.1" 200 4480 "-" "Mozilla/5.0 (Windows; U; MSIE 9.0; Windows NT 9.0; en-US)"
108.62.22.232 - - [10/Mar/2015:15:27:29 +0100] "GET / HTTP/1.1" 200 4358 "-" "Mozilla/5.0 (Windows; U; MSIE 9.0; Windows NT 9.0; en-US)"
157.55.39.153 - - [10/Mar/2015:15:36:43 +0100] "GET / HTTP/1.1" 200 2371 "-" "Mozilla/5.0 (compatible; bingbot/2.0; +http://www.bing.com/bingbot.htm)"
66.249.78.177 - - [10/Mar/2015:16:41:16 +0100] "GET /news.php?cs_go=archiv&cs_id=4697 HTTP/1.1" 200 5365 "-" "Mozilla/5.0 (compatible; Googlebot/2.1; +http://www.google.com/bot.html)"
66.249.78.177 - - [10/Mar/2015:16:56:16 +0100] "GET /kontakt.php HTTP/1.1" 200 4996 "-" "Mozilla/5.0 (iPhone; CPU iPhone OS 6_0 like Mac OS X) AppleWebKit/536.26 (KHTML, like Gecko) Version/6.0 Mobile/10A5376e Safari/8536.25 (compatible; Googlebot/2.1; +http://www.google.com/bot.html)"
66.249.78.191 - - [10/Mar/2015:16:53:16 +0100] "GET /news.php?cs_go=archiv&cs_id=4697 HTTP/1.1" 200 5365 "-" "Mozilla/5.0 (compatible; Googlebot/2.1; +http://www.google.com/bot.html)"
66.249.78.184 - - [10/Mar/2015:17:02:23 +0100] "GET /news.php?cs_go=archiv&cs_id=4697 HTTP/1.1" 200 5365 "-" "Mozilla/5.0 (compatible; Googlebot/2.1; +http://www.google.com/bot.html)"
66.249.78.177 - - [10/Mar/2015:17:15:20 +0100] "GET /news.php?cs_go=archiv&cs_id=4495 HTTP/1.1" 200 5365 "-" "Mozilla/5.0 (compatible; Googlebot/2.1; +http://www.google.com/bot.html)"
66.249.78.191 - - [10/Mar/2015:17:22:17 +0100] "GET /news.php?cs_go=archiv&cs_id=4495 HTTP/1.1" 200 5365 "-" "Mozilla/5.0 (compatible; Googlebot/2.1; +http://www.google.com/bot.html)"
66.249.78.191 - - [10/Mar/2015:17:28:19 +0100] "GET /news.php?cs_go=archiv&cs_id=4495 HTTP/1.1" 200 5365 "-" "Mozilla/5.0 (compatible; Googlebot/2.1; +http://www.google.com/bot.html)"
208.115.111.75 - - [10/Mar/2015:17:48:45 +0100] "GET /robots.txt HTTP/1.1" 200 177 "-" "Mozilla/5.0 (compatible; DotBot/1.1; http://www.opensiteexplorer.org/dotbot, help@moz.com)"
157.55.39.29 - - [10/Mar/2015:17:57:34 +0100] "GET /edl.php HTTP/1.1" 200 5406 "-" "Mozilla/5.0 (compatible; bingbot/2.0; +http://www.bing.com/bingbot.htm)"
157.55.39.29 - - [10/Mar/2015:17:57:37 +0100] "GET /agb.php HTTP/1.1" 200 17543 "-" "Mozilla/5.0 (compatible; bingbot/2.0; +http://www.bing.com/bingbot.htm)"
207.46.13.129 - - [10/Mar/2015:17:58:23 +0100] "GET /faq.php HTTP/1.1" 200 5392 "-" "Mozilla/5.0 (compatible; bingbot/2.0; +http://www.bing.com/bingbot.htm)"
207.46.13.129 - - [10/Mar/2015:17:58:26 +0100] "GET /energiesparcheck.php HTTP/1.1" 200 5385 "-" "Mozilla/5.0 (compatible; bingbot/2.0; +http://www.bing.com/bingbot.htm)"
208.115.111.75 - - [10/Mar/2015:19:38:41 +0100] "GET /impressum.php HTTP/1.1" 200 6306 "-" "Mozilla/5.0 (compatible; DotBot/1.1; http://www.opensiteexplorer.org/dotbot, help@moz.com)"
208.115.111.75 - - [10/Mar/2015:19:38:31 +0100] "GET /news.php?cs_go=archiv&cs_startpos=80 HTTP/1.1" 200 5365 "-" "Mozilla/5.0 (compatible; DotBot/1.1; http://www.opensiteexplorer.org/dotbot, help@moz.com)"
208.115.111.75 - - [10/Mar/2015:19:38:36 +0100] "GET /news.php?cs_go=archiv&cs_id=5362&cs_search= HTTP/1.1" 200 5365 "-" "Mozilla/5.0 (compatible; DotBot/1.1; http://www.opensiteexplorer.org/dotbot, help@moz.com)"
208.115.113.91 - - [10/Mar/2015:19:50:13 +0100] "GET /robots.txt HTTP/1.1" 200 177 "-" "Mozilla/5.0 (compatible; DotBot/1.1; http://www.opensiteexplorer.org/dotbot, help@moz.com)"
66.249.78.191 - - [10/Mar/2015:20:14:22 +0100] "GET /jobs.php HTTP/1.1" 200 4965 "-" "SAMSUNG-SGH-E250/1.0 Profile/MIDP-2.0 Configuration/CLDC-1.1 UP.Browser/6.2.3.3.c.1.101 (GUI) MMP/2.0 (compatible; Googlebot-Mobile/2.1; +http://www.google.com/bot.html)"
178.63.80.14 - - [10/Mar/2015:20:26:14 +0100] "GET /robots.txt HTTP/1.1" 200 177 "-" "Mozilla/5.0 (compatible; uMBot-IC/1.0; mailto: crawling@ubermetrics-technologies.com)"
178.63.80.14 - - [10/Mar/2015:20:26:14 +0100] "GET /jobs.php HTTP/1.1" 200 4965 "-" "Mozilla/5.0 (compatible; uMBot-IC/1.0; mailto: crawling@ubermetrics-technologies.com)"
78.47.15.198 - - [10/Mar/2015:20:28:55 +0100] "GET /robots.txt HTTP/1.1" 200 177 "-" "Mozilla/5.0 (compatible; uMBot-IC/1.0; mailto: crawling@ubermetrics-technologies.com)"
78.47.15.198 - - [10/Mar/2015:20:28:55 +0100] "GET /jobs.php HTTP/1.1" 200 4965 "-" "Mozilla/5.0 (compatible; uMBot-IC/1.0; mailto: crawling@ubermetrics-technologies.com)"
66.249.78.177 - - [10/Mar/2015:21:16:32 +0100] "GET /kwk.php HTTP/1.1" 200 5369 "-" "Mozilla/5.0 (iPhone; CPU iPhone OS 6_0 like Mac OS X) AppleWebKit/536.26 (KHTML, like Gecko) Version/6.0 Mobile/10A5376e Safari/8536.25 (compatible; Googlebot/2.1; +http://www.google.com/bot.html)"
93.89.159.8 - - [10/Mar/2015:21:37:34 +0100] "HEAD / HTTP/1.1" 200 - "-" "-"
208.115.113.91 - - [10/Mar/2015:21:42:02 +0100] "GET /news.php?cs_go=archiv&cs_id=5367 HTTP/1.1" 200 5365 "-" "Mozilla/5.0 (compatible; DotBot/1.1; http://www.opensiteexplorer.org/dotbot, help@moz.com)"
93.89.159.8 - - [10/Mar/2015:21:37:34 +0100] "GET / HTTP/1.1" 200 8120 "-" "Mozilla/5.0 (X11; U; Linux i686; sv-SE; rv:1.7.6) Gecko/20050328 Firefox/1.0 (Ubuntu package 1.0.2)"
207.46.13.129 - - [10/Mar/2015:23:03:40 +0100] "GET / HTTP/1.1" 200 1139 "-" "Mozilla/5.0 (compatible; bingbot/2.0; +http://www.bing.com/bingbot.htm)"
176.31.126.56 - - [10/Mar/2015:23:20:07 +0100] "GET /robots.txt HTTP/1.0" 200 177 "-" ""
176.31.126.56 - - [10/Mar/2015:23:20:07 +0100] "GET / HTTP/1.1" 200 8120 "-" "Mozilla/5.0 (X11; Linux i686) AppleWebKit/534.30 (KHTML, like Gecko) Slackware/Chrome/12.0.742.100 Safari/534.30"
208.115.113.91 - - [10/Mar/2015:23:50:01 +0100] "GET /robots.txt HTTP/1.1" 200 177 "-" "Mozilla/5.0 (compatible; DotBot/1.1; http://www.opensiteexplorer.org/dotbot, help@moz.com)"
66.249.78.177 - - [11/Mar/2015:00:07:02 +0100] "GET / HTTP/1.1" 200 4480 "-" "SAMSUNG-SGH-E250/1.0 Profile/MIDP-2.0 Configuration/CLDC-1.1 UP.Browser/6.2.3.3.c.1.101 (GUI) MMP/2.0 (compatible; Googlebot-Mobile/2.1; +http://www.google.com/bot.html)"
66.249.78.191 - - [11/Mar/2015:00:26:29 +0100] "GET / HTTP/1.1" 200 4480 "-" "SAMSUNG-SGH-E250/1.0 Profile/MIDP-2.0 Configuration/CLDC-1.1 UP.Browser/6.2.3.3.c.1.101 (GUI) MMP/2.0 (compatible; Googlebot-Mobile/2.1; +http://www.google.com/bot.html)"
94.23.204.136 - - [11/Mar/2015:00:45:52 +0100] "HEAD / HTTP/1.1" 200 - "-" "InternetSeer.com"
66.249.78.184 - - [11/Mar/2015:00:46:41 +0100] "GET / HTTP/1.1" 200 4480 "-" "SAMSUNG-SGH-E250/1.0 Profile/MIDP-2.0 Configuration/CLDC-1.1 UP.Browser/6.2.3.3.c.1.101 (GUI) MMP/2.0 (compatible; Googlebot-Mobile/2.1; +http://www.google.com/bot.html)"
66.249.78.191 - - [11/Mar/2015:01:07:42 +0100] "GET /modul.css HTTP/1.1" 200 35038 "-" "Mozilla/5.0 (compatible; Googlebot/2.1; +http://www.google.com/bot.html)"
208.115.113.91 - - [11/Mar/2015:01:41:21 +0100] "GET /faq.php HTTP/1.1" 200 5392 "-" "Mozilla/5.0 (compatible; DotBot/1.1; http://www.opensiteexplorer.org/dotbot, help@moz.com)"
208.115.113.91 - - [11/Mar/2015:01:41:16 +0100] "GET /news.php?cs_go=archiv HTTP/1.1" 200 5365 "-" "Mozilla/5.0 (compatible; DotBot/1.1; http://www.opensiteexplorer.org/dotbot, help@moz.com)"
208.115.111.75 - - [11/Mar/2015:01:48:55 +0100] "GET /robots.txt HTTP/1.1" 200 177 "-" "Mozilla/5.0 (compatible; DotBot/1.1; http://www.opensiteexplorer.org/dotbot, help@moz.com)"
178.255.215.98 - - [11/Mar/2015:01:51:00 +0100] "GET /impressum.php HTTP/1.1" 200 6306 "-" "Mozilla/5.0 (compatible; Konqueror/3.5; Linux) KHTML/3.5.5 (like Gecko) (Exabot-Thumbnails)"
178.255.215.98 - - [11/Mar/2015:01:51:00 +0100] "GET /style.css HTTP/1.1" 200 8402 "http://www.mink-gmbh.de/impressum.php" "Mozilla/5.0 (compatible; Konqueror/3.5; Linux) KHTML/3.5.5 (like Gecko) (Exabot-Thumbnails)"
178.255.215.98 - - [11/Mar/2015:01:51:00 +0100] "GET /modul.css HTTP/1.1" 200 35038 "http://www.mink-gmbh.de/impressum.php" "Mozilla/5.0 (compatible; Konqueror/3.5; Linux) KHTML/3.5.5 (like Gecko) (Exabot-Thumbnails)"
178.255.215.98 - - [11/Mar/2015:01:51:01 +0100] "GET /images/bg.png HTTP/1.1" 200 922 "http://www.mink-gmbh.de/impressum.php" "Mozilla/5.0 (compatible; Konqueror/3.5; Linux) KHTML/3.5.5 (like Gecko) (Exabot-Thumbnails)"
178.255.215.98 - - [11/Mar/2015:01:51:01 +0100] "GET /images/navibg.png HTTP/1.1" 200 2803 "http://www.mink-gmbh.de/impressum.php" "Mozilla/5.0 (compatible; Konqueror/3.5; Linux) KHTML/3.5.5 (like Gecko) (Exabot-Thumbnails)"
178.255.215.98 - - [11/Mar/2015:01:51:01 +0100] "GET /images/kwk.gif HTTP/1.1" 200 6403 "http://www.mink-gmbh.de/impressum.php" "Mozilla/5.0 (compatible; Konqueror/3.5; Linux) KHTML/3.5.5 (like Gecko) (Exabot-Thumbnails)"
178.255.215.98 - - [11/Mar/2015:01:51:01 +0100] "GET /images/header.jpg HTTP/1.1" 200 25189 "http://www.mink-gmbh.de/impressum.php" "Mozilla/5.0 (compatible; Konqueror/3.5; Linux) KHTML/3.5.5 (like Gecko) (Exabot-Thumbnails)"
178.255.215.98 - - [11/Mar/2015:01:51:01 +0100] "GET /images/newsletter.png HTTP/1.1" 200 14619 "http://www.mink-gmbh.de/impressum.php" "Mozilla/5.0 (compatible; Konqueror/3.5; Linux) KHTML/3.5.5 (like Gecko) (Exabot-Thumbnails)"
178.255.215.98 - - [11/Mar/2015:01:51:01 +0100] "GET /images/wrapperbg.jpg HTTP/1.1" 200 27465 "http://www.mink-gmbh.de/impressum.php" "Mozilla/5.0 (compatible; Konqueror/3.5; Linux) KHTML/3.5.5 (like Gecko) (Exabot-Thumbnails)"
178.255.215.98 - - [11/Mar/2015:01:51:01 +0100] "GET /images/wunschpreis.jpg HTTP/1.1" 200 16767 "http://www.mink-gmbh.de/impressum.php" "Mozilla/5.0 (compatible; Konqueror/3.5; Linux) KHTML/3.5.5 (like Gecko) (Exabot-Thumbnails)"
178.255.215.98 - - [11/Mar/2015:01:51:01 +0100] "GET /images/logos.jpg HTTP/1.1" 200 35043 "http://www.mink-gmbh.de/impressum.php" "Mozilla/5.0 (compatible; Konqueror/3.5; Linux) KHTML/3.5.5 (like Gecko) (Exabot-Thumbnails)"
178.255.215.98 - - [11/Mar/2015:01:51:01 +0100] "GET /images/freecall.jpg HTTP/1.1" 200 39195 "http://www.mink-gmbh.de/impressum.php" "Mozilla/5.0 (compatible; Konqueror/3.5; Linux) KHTML/3.5.5 (like Gecko) (Exabot-Thumbnails)"
178.255.215.98 - - [11/Mar/2015:01:51:01 +0100] "GET /images/footerbg.jpg HTTP/1.1" 200 2184 "http://www.mink-gmbh.de/impressum.php" "Mozilla/5.0 (compatible; Konqueror/3.5; Linux) KHTML/3.5.5 (like Gecko) (Exabot-Thumbnails)"
178.63.80.14 - - [11/Mar/2015:02:26:30 +0100] "GET /robots.txt HTTP/1.1" 200 177 "-" "Mozilla/5.0 (compatible; uMBot-IC/1.0; mailto: crawling@ubermetrics-technologies.com)"
178.63.80.14 - - [11/Mar/2015:02:26:30 +0100] "GET /jobs.php HTTP/1.1" 200 4965 "-" "Mozilla/5.0 (compatible; uMBot-IC/1.0; mailto: crawling@ubermetrics-technologies.com)"
78.47.15.198 - - [11/Mar/2015:02:29:10 +0100] "GET /robots.txt HTTP/1.1" 200 177 "-" "Mozilla/5.0 (compatible; uMBot-IC/1.0; mailto: crawling@ubermetrics-technologies.com)"
78.47.15.198 - - [11/Mar/2015:02:29:10 +0100] "GET /jobs.php HTTP/1.1" 200 4965 "-" "Mozilla/5.0 (compatible; uMBot-IC/1.0; mailto: crawling@ubermetrics-technologies.com)"
66.249.78.191 - - [11/Mar/2015:02:53:41 +0100] "GET /style.css HTTP/1.1" 200 8402 "-" "Mozilla/5.0 (compatible; Googlebot/2.1; +http://www.google.com/bot.html)"
180.76.6.143 - - [11/Mar/2015:03:32:23 +0100] "GET /robots.txt HTTP/1.1" 200 177 "-" "Mozilla/5.0 (Windows NT 5.1; rv:6.0.2) Gecko/20100101 Firefox/6.0.2"
208.115.111.75 - - [11/Mar/2015:03:39:00 +0100] "GET /news.php?cs_go=archiv&cs_id=5368 HTTP/1.1" 200 5365 "-" "Mozilla/5.0 (compatible; DotBot/1.1; http://www.opensiteexplorer.org/dotbot, help@moz.com)"
208.115.111.75 - - [11/Mar/2015:03:39:05 +0100] "GET /news.php?cs_go=archiv&cs_id=5141&cs_search= HTTP/1.1" 200 5365 "-" "Mozilla/5.0 (compatible; DotBot/1.1; http://www.opensiteexplorer.org/dotbot, help@moz.com)"
208.115.111.75 - - [11/Mar/2015:05:50:08 +0100] "GET /robots.txt HTTP/1.1" 200 177 "-" "Mozilla/5.0 (compatible; DotBot/1.1; http://www.opensiteexplorer.org/dotbot, help@moz.com)"
217.69.133.220 - - [11/Mar/2015:06:28:43 +0100] "GET /robots.txt HTTP/1.1" 200 177 "-" "Mozilla/5.0 (compatible; Linux x86_64; Mail.RU_Bot/2.0; +http://go.mail.ru/help/robots)"
217.69.133.226 - - [11/Mar/2015:06:28:44 +0100] "GET /wunschpreis.php HTTP/1.1" 200 5005 "-" "Mozilla/5.0 (compatible; Linux x86_64; Mail.RU_Bot/2.0; +http://go.mail.ru/help/robots)"
66.249.78.191 - - [11/Mar/2015:07:02:12 +0100] "GET /news.php?cs_go=archiv&cs_id=5392 HTTP/1.1" 200 5365 "-" "Mozilla/5.0 (compatible; Googlebot/2.1; +http://www.google.com/bot.html)"
66.249.78.191 - - [11/Mar/2015:07:08:48 +0100] "GET /news.php?cs_go=archiv&cs_id=5392 HTTP/1.1" 200 5365 "-" "Mozilla/5.0 (compatible; Googlebot/2.1; +http://www.google.com/bot.html)"
66.249.78.184 - - [11/Mar/2015:07:15:08 +0100] "GET /news.php?cs_go=archiv&cs_id=5392 HTTP/1.1" 200 5365 "-" "Mozilla/5.0 (compatible; Googlebot/2.1; +http://www.google.com/bot.html)"
208.115.111.75 - - [11/Mar/2015:07:28:01 +0100] "GET /lexikon.php?cs_go=3&cs_id=178 HTTP/1.1" 200 5379 "-" "Mozilla/5.0 (compatible; DotBot/1.1; http://www.opensiteexplorer.org/dotbot, help@moz.com)"
208.115.111.75 - - [11/Mar/2015:07:28:12 +0100] "GET /lexikon.php?cs_go=3&cs_id=216 HTTP/1.1" 200 5379 "-" "Mozilla/5.0 (compatible; DotBot/1.1; http://www.opensiteexplorer.org/dotbot, help@moz.com)"
208.115.111.75 - - [11/Mar/2015:07:28:23 +0100] "GET /news.php HTTP/1.1" 200 5365 "-" "Mozilla/5.0 (compatible; DotBot/1.1; http://www.opensiteexplorer.org/dotbot, help@moz.com)"
208.115.111.75 - - [11/Mar/2015:07:28:31 +0100] "GET /news.php?cs_go=archiv&cs_id=5293&cs_search= HTTP/1.1" 200 5365 "-" "Mozilla/5.0 (compatible; DotBot/1.1; http://www.opensiteexplorer.org/dotbot, help@moz.com)"
208.115.113.91 - - [11/Mar/2015:07:50:27 +0100] "GET /robots.txt HTTP/1.1" 200 177 "-" "Mozilla/5.0 (compatible; DotBot/1.1; http://www.opensiteexplorer.org/dotbot, help@moz.com)"
178.63.80.14 - - [11/Mar/2015:08:26:45 +0100] "GET /robots.txt HTTP/1.1" 200 177 "-" "Mozilla/5.0 (compatible; uMBot-IC/1.0; mailto: crawling@ubermetrics-technologies.com)"
178.63.80.14 - - [11/Mar/2015:08:26:45 +0100] "GET /jobs.php HTTP/1.1" 200 4965 "-" "Mozilla/5.0 (compatible; uMBot-IC/1.0; mailto: crawling@ubermetrics-technologies.com)"
78.47.15.198 - - [11/Mar/2015:08:29:22 +0100] "GET /robots.txt HTTP/1.1" 200 177 "-" "Mozilla/5.0 (compatible; uMBot-IC/1.0; mailto: crawling@ubermetrics-technologies.com)"
78.47.15.198 - - [11/Mar/2015:08:29:22 +0100] "GET /jobs.php HTTP/1.1" 200 4965 "-" "Mozilla/5.0 (compatible; uMBot-IC/1.0; mailto: crawling@ubermetrics-technologies.com)"
208.115.113.91 - - [11/Mar/2015:09:29:03 +0100] "GET /lexikon.php?cs_go=3&cs_id=179 HTTP/1.1" 200 5379 "-" "Mozilla/5.0 (compatible; DotBot/1.1; http://www.opensiteexplorer.org/dotbot, help@moz.com)"
208.115.113.91 - - [11/Mar/2015:09:29:23 +0100] "GET /lexikon.php?cs_go=3&cs_id=215 HTTP/1.1" 200 5379 "-" "Mozilla/5.0 (compatible; DotBot/1.1; http://www.opensiteexplorer.org/dotbot, help@moz.com)"
208.115.113.91 - - [11/Mar/2015:09:29:33 +0100] "GET /news.php?cs_go=archiv&cs_id=5259&cs_search= HTTP/1.1" 200 5365 "-" "Mozilla/5.0 (compatible; DotBot/1.1; http://www.opensiteexplorer.org/dotbot, help@moz.com)"
208.115.113.91 - - [11/Mar/2015:09:29:40 +0100] "GET /news.php?cs_go=archiv&cs_id=5369 HTTP/1.1" 200 5365 "-" "Mozilla/5.0 (compatible; DotBot/1.1; http://www.opensiteexplorer.org/dotbot, help@moz.com)"
217.69.133.222 - - [11/Mar/2015:09:40:04 +0100] "GET /robots.txt HTTP/1.1" 200 177 "-" "Mozilla/5.0 (compatible; Linux x86_64; Mail.RU_Bot/2.0; +http://go.mail.ru/help/robots)"
217.69.133.225 - - [11/Mar/2015:09:40:05 +0100] "GET /news.php?cs_go=archiv&cs_id=4575 HTTP/1.1" 200 5365 "-" "Mozilla/5.0 (compatible; Linux x86_64; Mail.RU_Bot/2.0; +http://go.mail.ru/help/robots)"
208.115.111.75 - - [11/Mar/2015:09:48:57 +0100] "GET /robots.txt HTTP/1.1" 200 177 "-" "Mozilla/5.0 (compatible; DotBot/1.1; http://www.opensiteexplorer.org/dotbot, help@moz.com)"
85.13.131.53 - - [11/Mar/2015:11:20:32 +0100] "GET / HTTP/1.0" 200 4606 "-" "-"
94.23.204.136 - - [11/Mar/2015:11:32:07 +0100] "HEAD / HTTP/1.1" 200 - "-" "InternetSeer.com"
208.115.111.75 - - [11/Mar/2015:11:38:32 +0100] "GET /news.php?cs_go=archiv&cs_startpos=140 HTTP/1.1" 200 5365 "-" "Mozilla/5.0 (compatible; DotBot/1.1; http://www.opensiteexplorer.org/dotbot, help@moz.com)"
207.46.13.129 - - [11/Mar/2015:11:41:41 +0100] "GET /robots.txt HTTP/1.1" 200 177 "-" "Mozilla/5.0 (compatible; bingbot/2.0; +http://www.bing.com/bingbot.htm)"
208.115.111.75 - - [11/Mar/2015:11:39:25 +0100] "GET /news.php?cs_go=archiv&cs_id=5196&cs_search= HTTP/1.1" 200 5365 "-" "Mozilla/5.0 (compatible; DotBot/1.1; http://www.opensiteexplorer.org/dotbot, help@moz.com)"
208.115.111.75 - - [11/Mar/2015:11:41:49 +0100] "GET /news.php?cs_go=archiv&cs_id=5166&cs_search= HTTP/1.1" 200 5365 "-" "Mozilla/5.0 (compatible; DotBot/1.1; http://www.opensiteexplorer.org/dotbot, help@moz.com)"
208.115.113.91 - - [11/Mar/2015:11:50:34 +0100] "GET /robots.txt HTTP/1.1" 200 177 "-" "Mozilla/5.0 (compatible; DotBot/1.1; http://www.opensiteexplorer.org/dotbot, help@moz.com)"
46.165.197.142 - - [11/Mar/2015:13:12:40 +0100] "GET /robots.txt HTTP/1.0" 200 177 "-" "Mozilla/5.0 (compatible; MJ12bot/v1.4.5; http://www.majestic12.co.uk/bot.php?+)"
46.165.197.142 - - [11/Mar/2015:13:12:41 +0100] "GET /news.php?cs_go=archiv&cs_id=2950 HTTP/1.0" 200 5365 "-" "Mozilla/5.0 (compatible; MJ12bot/v1.4.5; http://www.majestic12.co.uk/bot.php?+)"
46.165.197.142 - - [11/Mar/2015:13:13:23 +0100] "GET /news.php?cs_go=archiv&cs_id=3968 HTTP/1.0" 200 5365 "-" "Mozilla/5.0 (compatible; MJ12bot/v1.4.5; http://www.majestic12.co.uk/bot.php?+)"
46.165.197.142 - - [11/Mar/2015:13:14:05 +0100] "GET /news.php?cs_go=archiv&cs_id=5094&cs_search= HTTP/1.0" 200 5365 "-" "Mozilla/5.0 (compatible; MJ12bot/v1.4.5; http://www.majestic12.co.uk/bot.php?+)"
46.165.197.142 - - [11/Mar/2015:13:14:46 +0100] "GET /news.php?cs_go=archiv&cs_id=5273 HTTP/1.0" 200 5365 "-" "Mozilla/5.0 (compatible; MJ12bot/v1.4.5; http://www.majestic12.co.uk/bot.php?+)"
46.165.197.142 - - [11/Mar/2015:13:15:28 +0100] "GET /news.php?cs_go=archiv&cs_id=5273&cs_search= HTTP/1.0" 200 5365 "-" "Mozilla/5.0 (compatible; MJ12bot/v1.4.5; http://www.majestic12.co.uk/bot.php?+)"
46.165.197.142 - - [11/Mar/2015:13:16:09 +0100] "GET /news.php?cs_go=archiv&cs_id=5363 HTTP/1.0" 200 5365 "-" "Mozilla/5.0 (compatible; MJ12bot/v1.4.5; http://www.majestic12.co.uk/bot.php?+)"
46.165.197.142 - - [11/Mar/2015:13:16:51 +0100] "GET /news.php?cs_go=archiv&cs_id=5363&cs_search= HTTP/1.0" 200 5365 "-" "Mozilla/5.0 (compatible; MJ12bot/v1.4.5; http://www.majestic12.co.uk/bot.php?+)"
208.115.113.91 - - [11/Mar/2015:13:43:50 +0100] "GET /lexikon.php?cs_go=3&cs_id=217 HTTP/1.1" 200 5379 "-" "Mozilla/5.0 (compatible; DotBot/1.1; http://www.opensiteexplorer.org/dotbot, help@moz.com)"
208.115.113.91 - - [11/Mar/2015:13:43:46 +0100] "GET /news.php?cs_go=archiv&cs_id=5186&cs_search= HTTP/1.1" 200 5365 "-" "Mozilla/5.0 (compatible; DotBot/1.1; http://www.opensiteexplorer.org/dotbot, help@moz.com)"
208.115.111.75 - - [11/Mar/2015:13:48:51 +0100] "GET /robots.txt HTTP/1.1" 200 177 "-" "Mozilla/5.0 (compatible; DotBot/1.1; http://www.opensiteexplorer.org/dotbot, help@moz.com)"
178.63.80.14 - - [11/Mar/2015:14:26:57 +0100] "GET /robots.txt HTTP/1.1" 200 177 "-" "Mozilla/5.0 (compatible; uMBot-IC/1.0; mailto: crawling@ubermetrics-technologies.com)"
178.63.80.14 - - [11/Mar/2015:14:26:57 +0100] "GET /jobs.php HTTP/1.1" 200 4965 "-" "Mozilla/5.0 (compatible; uMBot-IC/1.0; mailto: crawling@ubermetrics-technologies.com)"
78.47.15.198 - - [11/Mar/2015:14:29:36 +0100] "GET /robots.txt HTTP/1.1" 200 177 "-" "Mozilla/5.0 (compatible; uMBot-IC/1.0; mailto: crawling@ubermetrics-technologies.com)"
78.47.15.198 - - [11/Mar/2015:14:29:36 +0100] "GET /jobs.php HTTP/1.1" 200 4965 "-" "Mozilla/5.0 (compatible; uMBot-IC/1.0; mailto: crawling@ubermetrics-technologies.com)"
208.115.111.75 - - [11/Mar/2015:15:38:38 +0100] "GET /news.php?cs_go=archiv&cs_id=5128 HTTP/1.1" 200 5365 "-" "Mozilla/5.0 (compatible; DotBot/1.1; http://www.opensiteexplorer.org/dotbot, help@moz.com)"
208.115.111.75 - - [11/Mar/2015:15:41:55 +0100] "GET /lexikon.php?cs_go=3&cs_id=174 HTTP/1.1" 200 5379 "-" "Mozilla/5.0 (compatible; DotBot/1.1; http://www.opensiteexplorer.org/dotbot, help@moz.com)"
208.115.111.75 - - [11/Mar/2015:15:39:32 +0100] "GET /news.php?cs_go=archiv&cs_id=5104&cs_search= HTTP/1.1" 200 5365 "-" "Mozilla/5.0 (compatible; DotBot/1.1; http://www.opensiteexplorer.org/dotbot, help@moz.com)"
208.115.113.91 - - [11/Mar/2015:15:50:04 +0100] "GET /robots.txt HTTP/1.1" 200 177 "-" "Mozilla/5.0 (compatible; DotBot/1.1; http://www.opensiteexplorer.org/dotbot, help@moz.com)"
66.249.78.184 - - [11/Mar/2015:16:16:08 +0100] "GET /robots.txt HTTP/1.1" 200 177 "-" "Mozilla/5.0 (compatible; Googlebot/2.1; +http://www.google.com/bot.html)"
66.249.78.184 - - [11/Mar/2015:16:16:08 +0100] "GET /kontakt.php HTTP/1.1" 200 4996 "-" "Mozilla/5.0 (iPhone; CPU iPhone OS 6_0 like Mac OS X) AppleWebKit/536.26 (KHTML, like Gecko) Version/6.0 Mobile/10A5376e Safari/8536.25 (compatible; Googlebot/2.1; +http://www.google.com/bot.html)"
66.249.78.184 - - [11/Mar/2015:16:38:19 +0100] "GET /kwk.php HTTP/1.1" 200 5369 "-" "Mozilla/5.0 (iPhone; CPU iPhone OS 6_0 like Mac OS X) AppleWebKit/536.26 (KHTML, like Gecko) Version/6.0 Mobile/10A5376e Safari/8536.25 (compatible; Googlebot/2.1; +http://www.google.com/bot.html)"
66.249.78.177 - - [11/Mar/2015:16:58:59 +0100] "GET /seiten/opt_korr.inc HTTP/1.1" 404 5342 "-" "Mozilla/5.0 (compatible; Googlebot/2.1; +http://www.google.com/bot.html)"
208.115.113.91 - - [11/Mar/2015:17:41:05 +0100] "GET /lexikon.php?cs_go=3&cs_id=175 HTTP/1.1" 200 5379 "-" "Mozilla/5.0 (compatible; DotBot/1.1; http://www.opensiteexplorer.org/dotbot, help@moz.com)"
208.115.111.75 - - [11/Mar/2015:17:49:20 +0100] "GET /robots.txt HTTP/1.1" 200 177 "-" "Mozilla/5.0 (compatible; DotBot/1.1; http://www.opensiteexplorer.org/dotbot, help@moz.com)"
66.249.78.191 - - [11/Mar/2015:18:22:18 +0100] "GET /news.php?cs_go=archiv&cs_id=5194 HTTP/1.1" 200 5365 "-" "Mozilla/5.0 (compatible; Googlebot/2.1; +http://www.google.com/bot.html)"
66.249.78.184 - - [11/Mar/2015:18:28:25 +0100] "GET /news.php?cs_go=archiv&cs_id=5194 HTTP/1.1" 200 5365 "-" "Mozilla/5.0 (compatible; Googlebot/2.1; +http://www.google.com/bot.html)"
66.249.78.191 - - [11/Mar/2015:18:34:37 +0100] "GET /news.php?cs_go=archiv&cs_id=5194 HTTP/1.1" 200 5365 "-" "Mozilla/5.0 (compatible; Googlebot/2.1; +http://www.google.com/bot.html)"
208.115.111.75 - - [11/Mar/2015:19:41:07 +0100] "GET /lexikon.php?cs_go=3&cs_id=176 HTTP/1.1" 200 5379 "-" "Mozilla/5.0 (compatible; DotBot/1.1; http://www.opensiteexplorer.org/dotbot, help@moz.com)"
208.115.113.91 - - [11/Mar/2015:19:50:17 +0100] "GET /robots.txt HTTP/1.1" 200 177 "-" "Mozilla/5.0 (compatible; DotBot/1.1; http://www.opensiteexplorer.org/dotbot, help@moz.com)"
207.46.13.129 - - [11/Mar/2015:19:51:44 +0100] "GET /robots.txt HTTP/1.1" 200 177 "-" "Mozilla/5.0 (compatible; bingbot/2.0; +http://www.bing.com/bingbot.htm)"
123.125.71.22 - - [11/Mar/2015:20:03:07 +0100] "GET / HTTP/1.1" 200 2371 "-" "Mozilla/5.0 (Windows NT 5.1; rv:6.0.2) Gecko/20100101 Firefox/6.0.2"
220.181.108.103 - - [11/Mar/2015:20:05:20 +0100] "GET / HTTP/1.1" 200 2371 "-" "Mozilla/5.0 (Windows NT 5.1; rv:6.0.2) Gecko/20100101 Firefox/6.0.2"
178.63.80.14 - - [11/Mar/2015:20:27:11 +0100] "GET /robots.txt HTTP/1.1" 200 177 "-" "Mozilla/5.0 (compatible; uMBot-IC/1.0; mailto: crawling@ubermetrics-technologies.com)"
178.63.80.14 - - [11/Mar/2015:20:27:11 +0100] "GET /jobs.php HTTP/1.1" 200 4965 "-" "Mozilla/5.0 (compatible; uMBot-IC/1.0; mailto: crawling@ubermetrics-technologies.com)"
78.47.15.198 - - [11/Mar/2015:20:29:49 +0100] "GET /robots.txt HTTP/1.1" 200 177 "-" "Mozilla/5.0 (compatible; uMBot-IC/1.0; mailto: crawling@ubermetrics-technologies.com)"
78.47.15.198 - - [11/Mar/2015:20:29:49 +0100] "GET /jobs.php HTTP/1.1" 200 4965 "-" "Mozilla/5.0 (compatible; uMBot-IC/1.0; mailto: crawling@ubermetrics-technologies.com)"
217.69.133.221 - - [11/Mar/2015:20:38:07 +0100] "GET /robots.txt HTTP/1.1" 200 177 "-" "Mozilla/5.0 (compatible; Linux x86_64; Mail.RU_Bot/2.0; +http://go.mail.ru/help/robots)"
217.69.133.223 - - [11/Mar/2015:20:38:08 +0100] "GET /index.php HTTP/1.1" 200 4480 "-" "Mozilla/5.0 (compatible; Linux x86_64; Mail.RU_Bot/2.0; +http://go.mail.ru/help/robots)"
208.115.113.91 - - [11/Mar/2015:21:35:53 +0100] "GET /lexikon.php?cs_go=3&cs_id=177 HTTP/1.1" 200 5379 "-" "Mozilla/5.0 (compatible; DotBot/1.1; http://www.opensiteexplorer.org/dotbot, help@moz.com)"
208.115.113.91 - - [11/Mar/2015:21:34:56 +0100] "GET /news.php?cs_go=archiv&cs_id=5324&cs_search= HTTP/1.1" 200 5365 "-" "Mozilla/5.0 (compatible; DotBot/1.1; http://www.opensiteexplorer.org/dotbot, help@moz.com)"
94.23.204.136 - - [11/Mar/2015:21:41:04 +0100] "HEAD / HTTP/1.1" 200 - "-" "InternetSeer.com"
208.115.111.75 - - [11/Mar/2015:21:49:03 +0100] "GET /robots.txt HTTP/1.1" 200 177 "-" "Mozilla/5.0 (compatible; DotBot/1.1; http://www.opensiteexplorer.org/dotbot, help@moz.com)"
66.249.64.105 - - [11/Mar/2015:23:10:24 +0100] "GET / HTTP/1.1" 200 4480 "-" "Mozilla/5.0 (compatible; Googlebot/2.1; +http://www.google.com/bot.html)"
66.249.78.191 - - [11/Mar/2015:23:20:31 +0100] "GET / HTTP/1.1" 200 4480 "-" "Mozilla/5.0 (compatible; Googlebot/2.1; +http://www.google.com/bot.html)"
66.249.78.184 - - [11/Mar/2015:23:27:15 +0100] "GET / HTTP/1.1" 200 4480 "-" "Mozilla/5.0 (compatible; Googlebot/2.1; +http://www.google.com/bot.html)"
208.115.111.75 - - [11/Mar/2015:23:41:26 +0100] "GET /lexikon.php?cs_go=3&cs_id=170 HTTP/1.1" 200 5379 "-" "Mozilla/5.0 (compatible; DotBot/1.1; http://www.opensiteexplorer.org/dotbot, help@moz.com)"
208.115.111.75 - - [11/Mar/2015:23:40:23 +0100] "GET /news.php?cs_go=archiv&cs_startpos=70 HTTP/1.1" 200 5365 "-" "Mozilla/5.0 (compatible; DotBot/1.1; http://www.opensiteexplorer.org/dotbot, help@moz.com)"
208.115.113.91 - - [11/Mar/2015:23:50:36 +0100] "GET /robots.txt HTTP/1.1" 200 177 "-" "Mozilla/5.0 (compatible; DotBot/1.1; http://www.opensiteexplorer.org/dotbot, help@moz.com)"
208.115.113.91 - - [12/Mar/2015:01:42:50 +0100] "GET /lexikon.php?cs_go=3&cs_id=171 HTTP/1.1" 200 5379 "-" "Mozilla/5.0 (compatible; DotBot/1.1; http://www.opensiteexplorer.org/dotbot, help@moz.com)"
208.115.111.75 - - [12/Mar/2015:01:49:14 +0100] "GET /robots.txt HTTP/1.1" 200 177 "-" "Mozilla/5.0 (compatible; DotBot/1.1; http://www.opensiteexplorer.org/dotbot, help@moz.com)"
178.63.80.14 - - [12/Mar/2015:02:27:23 +0100] "GET /robots.txt HTTP/1.1" 200 177 "-" "Mozilla/5.0 (compatible; uMBot-IC/1.0; mailto: crawling@ubermetrics-technologies.com)"
178.63.80.14 - - [12/Mar/2015:02:27:23 +0100] "GET /jobs.php HTTP/1.1" 200 4965 "-" "Mozilla/5.0 (compatible; uMBot-IC/1.0; mailto: crawling@ubermetrics-technologies.com)"
78.47.15.198 - - [12/Mar/2015:02:30:04 +0100] "GET /robots.txt HTTP/1.1" 200 177 "-" "Mozilla/5.0 (compatible; uMBot-IC/1.0; mailto: crawling@ubermetrics-technologies.com)"
78.47.15.198 - - [12/Mar/2015:02:30:04 +0100] "GET /jobs.php HTTP/1.1" 200 4965 "-" "Mozilla/5.0 (compatible; uMBot-IC/1.0; mailto: crawling@ubermetrics-technologies.com)"
66.249.64.113 - - [12/Mar/2015:02:29:00 +0100] "GET / HTTP/1.1" 200 4480 "-" "Mozilla/5.0 (compatible; Googlebot/2.1; +http://www.google.com/bot.html)"
66.249.78.177 - - [12/Mar/2015:02:35:42 +0100] "GET / HTTP/1.1" 200 4480 "-" "Mozilla/5.0 (compatible; Googlebot/2.1; +http://www.google.com/bot.html)"
202.46.51.146 - - [12/Mar/2015:02:41:07 +0100] "GET / HTTP/1.1" 200 8120 "-" "Mozilla/5.0 (Windows; U; Windows NT 5.1; zh-CN; rv:1.9.1.2) Firefox/3.5.2"
66.249.78.184 - - [12/Mar/2015:02:50:04 +0100] "GET / HTTP/1.1" 200 4480 "-" "Mozilla/5.0 (compatible; Googlebot/2.1; +http://www.google.com/bot.html)"
217.69.133.222 - - [12/Mar/2015:02:59:37 +0100] "GET /robots.txt HTTP/1.1" 200 177 "-" "Mozilla/5.0 (compatible; Linux x86_64; Mail.RU_Bot/2.0; +http://go.mail.ru/help/robots)"
217.69.133.222 - - [12/Mar/2015:02:59:38 +0100] "GET /preisanfrage.php HTTP/1.1" 200 5002 "-" "Mozilla/5.0 (compatible; Linux x86_64; Mail.RU_Bot/2.0; +http://go.mail.ru/help/robots)"
64.246.161.42 - - [12/Mar/2015:03:35:37 +0100] "GET /robots.txt HTTP/1.0" 200 177 "-" "Mozilla/5.0 (Windows; U; Windows NT 5.1; en; rv:1.9.0.13) Gecko/2009073022 Firefox/3.5.2 (.NET CLR 3.5.30729) SurveyBot/2.3 (DomainTools)"
64.246.161.42 - - [12/Mar/2015:03:35:38 +0100] "GET / HTTP/1.1" 200 4480 "http://whois.domaintools.com/mink-gmbh.de" "Mozilla/5.0 (Windows; U; Windows NT 5.1; en; rv:1.9.0.13) Gecko/2009073022 Firefox/3.5.2 (.NET CLR 3.5.30729) SurveyBot/2.3 (DomainTools)"
208.115.111.75 - - [12/Mar/2015:03:40:06 +0100] "GET /lexikon.php?cs_go=3&cs_id=172 HTTP/1.1" 200 5379 "-" "Mozilla/5.0 (compatible; DotBot/1.1; http://www.opensiteexplorer.org/dotbot, help@moz.com)"
208.115.113.91 - - [12/Mar/2015:03:49:56 +0100] "GET /robots.txt HTTP/1.1" 200 177 "-" "Mozilla/5.0 (compatible; DotBot/1.1; http://www.opensiteexplorer.org/dotbot, help@moz.com)"
208.115.113.91 - - [12/Mar/2015:05:44:43 +0100] "GET /lexikon.php?cs_go=3&cs_id=173 HTTP/1.1" 200 5379 "-" "Mozilla/5.0 (compatible; DotBot/1.1; http://www.opensiteexplorer.org/dotbot, help@moz.com)"
188.165.15.176 - - [12/Mar/2015:05:46:15 +0100] "GET /impressum.php HTTP/1.1" 200 6306 "-" "Mozilla/5.0 (compatible; AhrefsBot/5.0; +http://ahrefs.com/robot/)"
208.115.113.91 - - [12/Mar/2015:05:43:38 +0100] "GET /news.php?cs_go=archiv&cs_id=5191&cs_search= HTTP/1.1" 200 5365 "-" "Mozilla/5.0 (compatible; DotBot/1.1; http://www.opensiteexplorer.org/dotbot, help@moz.com)"
208.115.111.75 - - [12/Mar/2015:05:49:13 +0100] "GET /robots.txt HTTP/1.1" 200 177 "-" "Mozilla/5.0 (compatible; DotBot/1.1; http://www.opensiteexplorer.org/dotbot, help@moz.com)"
178.255.215.84 - - [12/Mar/2015:07:27:41 +0100] "GET /robots.txt HTTP/1.1" 200 177 "-" "Mozilla/5.0 (compatible; Exabot/3.0; +http://www.exabot.com/go/robot)"
178.255.215.84 - - [12/Mar/2015:07:27:41 +0100] "GET /foerdermittel.php HTTP/1.1" 200 5380 "-" "Mozilla/5.0 (compatible; Exabot/3.0; +http://www.exabot.com/go/robot)"
208.115.111.75 - - [12/Mar/2015:07:39:29 +0100] "GET /news.php?cs_go=archiv&cs_id=5175&cs_search= HTTP/1.1" 200 5365 "-" "Mozilla/5.0 (compatible; DotBot/1.1; http://www.opensiteexplorer.org/dotbot, help@moz.com)"
208.115.111.75 - - [12/Mar/2015:07:40:21 +0100] "GET /news.php?cs_go=archiv&cs_id=5142&cs_search= HTTP/1.1" 200 5365 "-" "Mozilla/5.0 (compatible; DotBot/1.1; http://www.opensiteexplorer.org/dotbot, help@moz.com)"
208.115.111.75 - - [12/Mar/2015:07:42:51 +0100] "GET /news.php?cs_go=archiv&cs_id=5021&cs_search= HTTP/1.1" 200 5365 "-" "Mozilla/5.0 (compatible; DotBot/1.1; http://www.opensiteexplorer.org/dotbot, help@moz.com)"
208.115.113.91 - - [12/Mar/2015:07:54:16 +0100] "GET /robots.txt HTTP/1.1" 200 177 "-" "Mozilla/5.0 (compatible; DotBot/1.1; http://www.opensiteexplorer.org/dotbot, help@moz.com)"
94.23.204.136 - - [12/Mar/2015:08:08:57 +0100] "HEAD / HTTP/1.1" 200 - "-" "InternetSeer.com"
178.63.80.14 - - [12/Mar/2015:08:27:37 +0100] "GET /robots.txt HTTP/1.1" 200 177 "-" "Mozilla/5.0 (compatible; uMBot-IC/1.0; mailto: crawling@ubermetrics-technologies.com)"
178.63.80.14 - - [12/Mar/2015:08:27:37 +0100] "GET /jobs.php HTTP/1.1" 200 4965 "-" "Mozilla/5.0 (compatible; uMBot-IC/1.0; mailto: crawling@ubermetrics-technologies.com)"
78.47.15.198 - - [12/Mar/2015:08:30:17 +0100] "GET /jobs.php HTTP/1.1" 200 4965 "-" "Mozilla/5.0 (compatible; uMBot-IC/1.0; mailto: crawling@ubermetrics-technologies.com)"
