185.71.123.100 - - [12/Nov/2018:17:04:24 +0100] "GET /impressum.html HTTP/1.1" 200 5799 "http://www.mbingenieure.de/datenschutz.html" "Mozilla/5.0 (Macintosh; Intel Mac OS X 10_14_1) AppleWebKit/605.1.15 (KHTML, like Gecko) Version/12.0.1 Safari/605.1.15"
185.71.123.100 - - [12/Nov/2018:17:04:26 +0100] "GET /index.html HTTP/1.1" 200 4799 "http://www.mbingenieure.de/impressum.html" "Mozilla/5.0 (Macintosh; Intel Mac OS X 10_14_1) AppleWebKit/605.1.15 (KHTML, like Gecko) Version/12.0.1 Safari/605.1.15"
157.55.39.99 - - [12/Nov/2018:22:30:30 +0100] "GET /uns.html HTTP/1.1" 200 4520 "-" "Mozilla/5.0 (compatible; bingbot/2.0; +http://www.bing.com/bingbot.htm)"
157.55.39.99 - - [13/Nov/2018:02:21:14 +0100] "GET /impressum.html HTTP/1.1" 200 5799 "-" "Mozilla/5.0 (compatible; bingbot/2.0; +http://www.bing.com/bingbot.htm)"
40.77.252.25 - - [13/Nov/2018:02:21:17 +0100] "GET /css/style.css HTTP/1.1" 200 2831 "-" "Mozilla/5.0 (Windows NT 6.1; WOW64) AppleWebKit/534+ (KHTML, like Gecko) BingPreview/1.0b"
40.77.192.161 - - [13/Nov/2018:02:21:18 +0100] "GET /js/libs/modernizr-2.5.3.min.js HTTP/1.1" 200 15274 "-" "Mozilla/5.0 (Windows NT 6.1; WOW64) AppleWebKit/534+ (KHTML, like Gecko) BingPreview/1.0b"
40.77.192.161 - - [13/Nov/2018:02:21:21 +0100] "GET /js/plugins.js HTTP/1.1" 200 898 "-" "Mozilla/5.0 (Windows NT 6.1; WOW64) AppleWebKit/534+ (KHTML, like Gecko) BingPreview/1.0b"
136.243.89.157 - - [13/Nov/2018:02:40:56 +0100] "GET /robots.txt HTTP/1.1" 404 - "-" "Mozilla/5.0 (compatible; SEOkicks; +https://www.seokicks.de/robot.html)"
136.243.89.157 - - [13/Nov/2018:02:40:57 +0100] "GET / HTTP/1.1" 200 4799 "-" "Mozilla/5.0 (compatible; SEOkicks; +https://www.seokicks.de/robot.html)"
90.187.37.49 - - [13/Nov/2018:09:23:53 +0100] "GET / HTTP/1.1" 200 4799 "-" "Mozilla/5.0 (Macintosh; Intel Mac OS X 10_12_6) AppleWebKit/603.3.8 (KHTML, like Gecko) Safari/531.9"
90.187.37.49 - - [13/Nov/2018:09:23:53 +0100] "GET /css/style.css HTTP/1.1" 200 2831 "http://www.mbingenieure.de/" "Mozilla/5.0 (Macintosh; Intel Mac OS X 10_12_6) AppleWebKit/603.3.8 (KHTML, like Gecko) Safari/531.9"
90.187.37.49 - - [13/Nov/2018:09:23:53 +0100] "GET /images/footer.png HTTP/1.1" 200 1064 "http://www.mbingenieure.de/" "Mozilla/5.0 (Macintosh; Intel Mac OS X 10_12_6) AppleWebKit/603.3.8 (KHTML, like Gecko) Safari/531.9"
90.187.37.49 - - [13/Nov/2018:09:23:53 +0100] "GET /images/bild4.png HTTP/1.1" 200 65856 "http://www.mbingenieure.de/" "Mozilla/5.0 (Macintosh; Intel Mac OS X 10_12_6) AppleWebKit/603.3.8 (KHTML, like Gecko) Safari/531.9"
90.187.37.49 - - [13/Nov/2018:09:23:53 +0100] "GET /images/bild1.png HTTP/1.1" 200 16301 "http://www.mbingenieure.de/" "Mozilla/5.0 (Macintosh; Intel Mac OS X 10_12_6) AppleWebKit/603.3.8 (KHTML, like Gecko) Safari/531.9"
90.187.37.49 - - [13/Nov/2018:09:23:53 +0100] "GET /images/logo.png HTTP/1.1" 200 16467 "http://www.mbingenieure.de/" "Mozilla/5.0 (Macintosh; Intel Mac OS X 10_12_6) AppleWebKit/603.3.8 (KHTML, like Gecko) Safari/531.9"
90.187.37.49 - - [13/Nov/2018:09:23:53 +0100] "GET /images/header.png HTTP/1.1" 200 1494 "http://www.mbingenieure.de/" "Mozilla/5.0 (Macintosh; Intel Mac OS X 10_12_6) AppleWebKit/603.3.8 (KHTML, like Gecko) Safari/531.9"
90.187.37.49 - - [13/Nov/2018:09:23:53 +0100] "GET /images/navi.png HTTP/1.1" 200 946 "http://www.mbingenieure.de/" "Mozilla/5.0 (Macintosh; Intel Mac OS X 10_12_6) AppleWebKit/603.3.8 (KHTML, like Gecko) Safari/531.9"
90.187.37.49 - - [13/Nov/2018:09:23:53 +0100] "GET /images/bild2.png HTTP/1.1" 200 68475 "http://www.mbingenieure.de/" "Mozilla/5.0 (Macintosh; Intel Mac OS X 10_12_6) AppleWebKit/603.3.8 (KHTML, like Gecko) Safari/531.9"
90.187.114.221 - - [13/Nov/2018:10:06:02 +0100] "GET /datenschutz.html HTTP/1.1" 200 12023 "-" "Mozilla/5.0 (Windows; U; Windows NT 6.0; de; rv:1.9.2.3) Gecko/20100401 Firefox/3.6.3 ( .NET CLR 3.5.30729)"
180.76.15.157 - - [13/Nov/2018:10:59:58 +0100] "GET / HTTP/1.1" 304 - "-" "Mozilla/5.0 (compatible; Baiduspider/2.0; +http://www.baidu.com/search/spider.html)"
66.249.69.9 - - [13/Nov/2018:11:31:50 +0100] "GET /robots.txt HTTP/1.1" 404 - "-" "Mozilla/5.0 (compatible; Googlebot/2.1; +http://www.google.com/bot.html)"
66.249.69.9 - - [13/Nov/2018:11:31:50 +0100] "GET / HTTP/1.1" 200 4799 "-" "Mozilla/5.0 (Linux; Android 6.0.1; Nexus 5X Build/MMB29P) AppleWebKit/537.36 (KHTML, like Gecko) Chrome/41.0.2272.96 Mobile Safari/537.36 (compatible; Googlebot/2.1; +http://www.google.com/bot.html)"
90.187.114.221 - - [13/Nov/2018:12:36:00 +0100] "GET /referenz.html HTTP/1.1" 200 11524 "-" "Mozilla/5.0 (Windows; U; Windows NT 6.0; de; rv:1.9.2.3) Gecko/20100401 Firefox/3.6.3 ( .NET CLR 3.5.30729)"
54.36.150.106 - - [13/Nov/2018:13:06:59 +0100] "GET /robots.txt HTTP/1.1" 404 - "-" "Mozilla/5.0 (compatible; AhrefsBot/5.2; +http://ahrefs.com/robot/)"
54.36.148.124 - - [13/Nov/2018:13:07:00 +0100] "GET /referenz.html HTTP/1.1" 200 11524 "-" "Mozilla/5.0 (compatible; AhrefsBot/5.2; +http://ahrefs.com/robot/)"
90.187.114.221 - - [13/Nov/2018:13:32:41 +0100] "GET /impressum.html HTTP/1.1" 200 5799 "-" "Mozilla/5.0 (Windows; U; Windows NT 6.0; de; rv:1.9.2.3) Gecko/20100401 Firefox/3.6.3 ( .NET CLR 3.5.30729)"
90.187.114.221 - - [13/Nov/2018:13:35:50 +0100] "GET /spektrum.html HTTP/1.1" 200 4492 "-" "Mozilla/5.0 (Windows; U; Windows NT 6.0; de; rv:1.9.2.3) Gecko/20100401 Firefox/3.6.3 ( .NET CLR 3.5.30729)"
185.71.123.100 - - [13/Nov/2018:13:48:43 +0100] "GET /impressum.html HTTP/1.1" 200 5799 "https://www.google.com/" "Mozilla/5.0 (Windows NT 10.0; Win64; x64; rv:63.0) Gecko/20100101 Firefox/63.0"
185.71.123.100 - - [13/Nov/2018:13:48:43 +0100] "GET /css/style.css HTTP/1.1" 200 2831 "http://www.mbingenieure.de/impressum.html" "Mozilla/5.0 (Windows NT 10.0; Win64; x64; rv:63.0) Gecko/20100101 Firefox/63.0"
185.71.123.100 - - [13/Nov/2018:13:48:43 +0100] "GET /js/libs/modernizr-2.5.3.min.js HTTP/1.1" 200 15274 "http://www.mbingenieure.de/impressum.html" "Mozilla/5.0 (Windows NT 10.0; Win64; x64; rv:63.0) Gecko/20100101 Firefox/63.0"
185.71.123.100 - - [13/Nov/2018:13:48:43 +0100] "GET /js/plugins.js HTTP/1.1" 200 898 "http://www.mbingenieure.de/impressum.html" "Mozilla/5.0 (Windows NT 10.0; Win64; x64; rv:63.0) Gecko/20100101 Firefox/63.0"
185.71.123.100 - - [13/Nov/2018:13:48:43 +0100] "GET /images/footer.png HTTP/1.1" 200 1064 "http://www.mbingenieure.de/css/style.css" "Mozilla/5.0 (Windows NT 10.0; Win64; x64; rv:63.0) Gecko/20100101 Firefox/63.0"
185.71.123.100 - - [13/Nov/2018:13:48:43 +0100] "GET /images/header.png HTTP/1.1" 200 1494 "http://www.mbingenieure.de/css/style.css" "Mozilla/5.0 (Windows NT 10.0; Win64; x64; rv:63.0) Gecko/20100101 Firefox/63.0"
185.71.123.100 - - [13/Nov/2018:13:48:43 +0100] "GET /images/navi.png HTTP/1.1" 200 946 "http://www.mbingenieure.de/css/style.css" "Mozilla/5.0 (Windows NT 10.0; Win64; x64; rv:63.0) Gecko/20100101 Firefox/63.0"
185.71.123.100 - - [13/Nov/2018:13:48:43 +0100] "GET /favicon.ico HTTP/1.1" 200 93062 "-" "Mozilla/5.0 (Windows NT 10.0; Win64; x64; rv:63.0) Gecko/20100101 Firefox/63.0"
185.71.123.100 - - [13/Nov/2018:13:49:49 +0100] "GET /index.html HTTP/1.1" 200 4799 "http://www.mbingenieure.de/impressum.html" "Mozilla/5.0 (Windows NT 10.0; Win64; x64; rv:63.0) Gecko/20100101 Firefox/63.0"
185.71.123.100 - - [13/Nov/2018:13:49:49 +0100] "GET /images/logo.png HTTP/1.1" 200 16467 "http://www.mbingenieure.de/index.html" "Mozilla/5.0 (Windows NT 10.0; Win64; x64; rv:63.0) Gecko/20100101 Firefox/63.0"
185.71.123.100 - - [13/Nov/2018:13:49:49 +0100] "GET /images/bild1.png HTTP/1.1" 200 16301 "http://www.mbingenieure.de/index.html" "Mozilla/5.0 (Windows NT 10.0; Win64; x64; rv:63.0) Gecko/20100101 Firefox/63.0"
185.71.123.100 - - [13/Nov/2018:13:49:49 +0100] "GET /images/bild2.png HTTP/1.1" 200 68475 "http://www.mbingenieure.de/index.html" "Mozilla/5.0 (Windows NT 10.0; Win64; x64; rv:63.0) Gecko/20100101 Firefox/63.0"
185.71.123.100 - - [13/Nov/2018:13:49:49 +0100] "GET /images/bild4.png HTTP/1.1" 200 65856 "http://www.mbingenieure.de/index.html" "Mozilla/5.0 (Windows NT 10.0; Win64; x64; rv:63.0) Gecko/20100101 Firefox/63.0"
90.187.114.221 - - [13/Nov/2018:14:00:38 +0100] "GET /partner.html HTTP/1.1" 200 4528 "-" "Mozilla/5.0 (Windows; U; Windows NT 6.0; de; rv:1.9.2.3) Gecko/20100401 Firefox/3.6.3 ( .NET CLR 3.5.30729)"
90.187.114.221 - - [13/Nov/2018:14:22:14 +0100] "GET /uns.html HTTP/1.1" 200 4520 "-" "Mozilla/5.0 (Windows; U; Windows NT 6.0; de; rv:1.9.2.3) Gecko/20100401 Firefox/3.6.3 ( .NET CLR 3.5.30729)"
90.187.114.221 - - [13/Nov/2018:14:30:22 +0100] "GET /kontakt.html HTTP/1.1" 200 4581 "-" "Mozilla/5.0 (Windows; U; Windows NT 6.0; de; rv:1.9.2.3) Gecko/20100401 Firefox/3.6.3 ( .NET CLR 3.5.30729)"
90.187.114.221 - - [13/Nov/2018:14:39:32 +0100] "GET /index.html HTTP/1.1" 200 4799 "-" "Mozilla/5.0 (Windows; U; Windows NT 6.0; de; rv:1.9.2.3) Gecko/20100401 Firefox/3.6.3 ( .NET CLR 3.5.30729)"
180.76.15.150 - - [13/Nov/2018:14:52:16 +0100] "GET / HTTP/1.1" 304 - "-" "Mozilla/5.0 (compatible; Baiduspider/2.0; +http://www.baidu.com/search/spider.html)"
85.25.210.41 - - [13/Nov/2018:15:48:32 +0100] "GET /robots.txt HTTP/1.1" 404 - "-" "Mozilla/5.0 (compatible; adscanner/)"
85.25.210.41 - - [13/Nov/2018:15:48:32 +0100] "GET /partner.html HTTP/1.1" 200 4528 "-" "Mozilla/5.0 (compatible; adscanner/)"
40.77.167.102 - - [13/Nov/2018:18:37:12 +0100] "GET /projekte.html HTTP/1.1" 200 8338 "-" "Mozilla/5.0 (compatible; bingbot/2.0; +http://www.bing.com/bingbot.htm)"
52.53.201.78 - - [13/Nov/2018:18:48:04 +0100] "GET / HTTP/1.1" 200 4799 "-" "Mozilla/5.0 (Macintosh; Intel Mac OS X 10_12_6) AppleWebKit/537.36 (KHTML, like Gecko) Chrome/61.0.3163.100 Safari/537.36"
40.77.167.102 - - [13/Nov/2018:18:59:26 +0100] "GET / HTTP/1.1" 200 4799 "-" "Mozilla/5.0 (compatible; bingbot/2.0; +http://www.bing.com/bingbot.htm)"
35.240.37.214 - - [13/Nov/2018:18:59:40 +0100] "GET /impressum.html HTTP/1.1" 200 5799 "-" "Mozilla/5.0 (X11; Linux x86_64) AppleWebKit/602.1 (KHTML, like Gecko) splash Version/9.0 Safari/602.1"
35.240.37.214 - - [13/Nov/2018:18:59:40 +0100] "GET /js/libs/modernizr-2.5.3.min.js HTTP/1.1" 200 15274 "http://www.mbingenieure.de/impressum.html" "Mozilla/5.0 (X11; Linux x86_64) AppleWebKit/602.1 (KHTML, like Gecko) splash Version/9.0 Safari/602.1"
35.240.37.214 - - [13/Nov/2018:18:59:40 +0100] "GET /js/plugins.js HTTP/1.1" 200 898 "http://www.mbingenieure.de/impressum.html" "Mozilla/5.0 (X11; Linux x86_64) AppleWebKit/602.1 (KHTML, like Gecko) splash Version/9.0 Safari/602.1"
178.154.245.134 - - [13/Nov/2018:20:00:03 +0100] "GET /robots.txt HTTP/1.1" 404 - "-" "Mozilla/5.0 (compatible; YandexBot/3.0; +http://yandex.com/bots)"
178.154.245.134 - - [13/Nov/2018:20:00:07 +0100] "GET / HTTP/1.1" 200 4799 "-" "Mozilla/5.0 (compatible; YandexBot/3.0; +http://yandex.com/bots)"
138.197.73.73 - - [13/Nov/2018:20:00:40 +0100] "GET / HTTP/1.1" 200 4799 "-" "Mozilla/5.0 (X11; Datanyze; Linux x86_64) AppleWebKit/537.36 (KHTML, like Gecko) Chrome/65.0.3325.181 Safari/537.36"
138.197.73.73 - - [13/Nov/2018:20:00:40 +0100] "GET /js/libs/modernizr-2.5.3.min.js HTTP/1.1" 200 15274 "http://www.mbingenieure.de/" "Mozilla/5.0 (X11; Datanyze; Linux x86_64) AppleWebKit/537.36 (KHTML, like Gecko) Chrome/65.0.3325.181 Safari/537.36"
138.197.73.73 - - [13/Nov/2018:20:00:40 +0100] "GET /js/plugins.js HTTP/1.1" 200 898 "http://www.mbingenieure.de/" "Mozilla/5.0 (X11; Datanyze; Linux x86_64) AppleWebKit/537.36 (KHTML, like Gecko) Chrome/65.0.3325.181 Safari/537.36"
159.65.24.22 - - [14/Nov/2018:06:54:52 +0100] "GET / HTTP/1.1" 200 4799 "-" "Mozilla/5.0 (Windows NT 6.0) AppleWebKit/537.36 (KHTML, like Gecko) Chrome/34.0.1847.116 Safari/537.36"
159.65.24.22 - - [14/Nov/2018:06:54:52 +0100] "GET /index.html HTTP/1.1" 200 4799 "-" "Mozilla/5.0 (Windows NT 6.0) AppleWebKit/537.36 (KHTML, like Gecko) Chrome/34.0.1847.116 Safari/537.36"
159.65.24.22 - - [14/Nov/2018:06:54:53 +0100] "GET /uns.html HTTP/1.1" 200 4520 "-" "Mozilla/5.0 (Windows NT 6.0) AppleWebKit/537.36 (KHTML, like Gecko) Chrome/34.0.1847.116 Safari/537.36"
159.65.24.22 - - [14/Nov/2018:06:54:53 +0100] "GET /referenz.html HTTP/1.1" 200 11524 "-" "Mozilla/5.0 (Windows NT 6.0) AppleWebKit/537.36 (KHTML, like Gecko) Chrome/34.0.1847.116 Safari/537.36"
159.65.24.22 - - [14/Nov/2018:06:54:54 +0100] "GET /spektrum.html HTTP/1.1" 200 4492 "-" "Mozilla/5.0 (Windows NT 6.0) AppleWebKit/537.36 (KHTML, like Gecko) Chrome/34.0.1847.116 Safari/537.36"
159.65.24.22 - - [14/Nov/2018:06:54:55 +0100] "GET /partner.html HTTP/1.1" 200 4528 "-" "Mozilla/5.0 (Windows NT 6.0) AppleWebKit/537.36 (KHTML, like Gecko) Chrome/34.0.1847.116 Safari/537.36"
85.93.88.91 - - [14/Nov/2018:07:46:53 +0100] "GET /robots.txt HTTP/1.1" 404 - "-" "Mozilla/5.0 (compatible; adscanner/)"
85.93.88.91 - - [14/Nov/2018:07:46:54 +0100] "GET /index.html HTTP/1.1" 200 4799 "-" "Mozilla/5.0 (compatible; adscanner/)"
85.93.88.91 - - [14/Nov/2018:08:04:18 +0100] "GET /robots.txt HTTP/1.1" 404 - "-" "Mozilla/5.0 (compatible; adscanner/)"
85.93.88.91 - - [14/Nov/2018:08:04:18 +0100] "GET /uns.html HTTP/1.1" 200 4520 "-" "Mozilla/5.0 (compatible; adscanner/)"
85.93.88.91 - - [14/Nov/2018:08:12:06 +0100] "GET /robots.txt HTTP/1.1" 404 - "-" "Mozilla/5.0 (compatible; adscanner/)"
85.93.88.91 - - [14/Nov/2018:08:12:06 +0100] "GET /referenz.html HTTP/1.1" 200 11524 "-" "Mozilla/5.0 (compatible; adscanner/)"
85.25.210.41 - - [14/Nov/2018:08:42:02 +0100] "GET /robots.txt HTTP/1.1" 404 - "-" "Mozilla/5.0 (compatible; adscanner/)"
85.25.210.41 - - [14/Nov/2018:08:42:02 +0100] "GET /spektrum.html HTTP/1.1" 200 4492 "-" "Mozilla/5.0 (compatible; adscanner/)"
62.138.0.25 - - [14/Nov/2018:08:57:53 +0100] "GET /robots.txt HTTP/1.1" 404 - "-" "Mozilla/5.0 (compatible; adscanner/)"
62.138.0.25 - - [14/Nov/2018:08:57:54 +0100] "GET /impressum.html HTTP/1.1" 200 5799 "-" "Mozilla/5.0 (compatible; adscanner/)"
62.138.0.25 - - [14/Nov/2018:09:12:39 +0100] "GET /robots.txt HTTP/1.1" 404 - "-" "Mozilla/5.0 (compatible; adscanner/)"
62.138.0.25 - - [14/Nov/2018:09:12:39 +0100] "GET /kontakt.html HTTP/1.1" 200 4581 "-" "Mozilla/5.0 (compatible; adscanner/)"
80.84.57.118 - - [14/Nov/2018:15:30:44 +0100] "GET / HTTP/1.1" 200 4799 "-" "-"
216.145.11.94 - - [14/Nov/2018:19:05:38 +0100] "GET /robots.txt HTTP/1.0" 404 - "-" "Mozilla/5.0 (Macintosh; Intel Mac OS X 10.10; rv:59.0) Gecko/20100101 Firefox/59.0"
216.145.11.94 - - [14/Nov/2018:19:05:39 +0100] "GET / HTTP/1.1" 200 4799 "-" "Mozilla/5.0 (Macintosh; Intel Mac OS X 10.10; rv:59.0) Gecko/20100101 Firefox/59.0"
85.25.210.234 - - [14/Nov/2018:21:20:10 +0100] "GET /robots.txt HTTP/1.1" 404 - "-" "Mozilla/5.0 (compatible; adscanner/)"
85.25.210.234 - - [14/Nov/2018:21:20:10 +0100] "GET /datenschutz.html HTTP/1.1" 200 12023 "-" "Mozilla/5.0 (compatible; adscanner/)"
180.76.15.33 - - [14/Nov/2018:22:36:01 +0100] "GET / HTTP/1.1" 304 - "-" "Mozilla/5.0 (compatible; Baiduspider/2.0; +http://www.baidu.com/search/spider.html)"
136.243.89.157 - - [14/Nov/2018:22:37:30 +0100] "GET /robots.txt HTTP/1.1" 404 - "-" "Mozilla/5.0 (compatible; SEOkicks; +https://www.seokicks.de/robot.html)"
136.243.89.157 - - [14/Nov/2018:22:37:31 +0100] "GET / HTTP/1.1" 200 4799 "-" "Mozilla/5.0 (compatible; SEOkicks; +https://www.seokicks.de/robot.html)"
173.205.33.28 - - [15/Nov/2018:15:51:57 +0100] "GET / HTTP/1.1" 200 4799 "-" "Mozilla/5.0 (Windows NT 6.1; WOW64; Trident/7.0; rv:11.0) like Gecko"
66.249.65.160 - - [15/Nov/2018:16:12:21 +0100] "GET /robots.txt HTTP/1.1" 404 - "-" "Mozilla/5.0 (compatible; Googlebot/2.1; +http://www.google.com/bot.html)"
66.249.65.190 - - [15/Nov/2018:16:12:21 +0100] "GET / HTTP/1.1" 200 4799 "-" "Mozilla/5.0 (Linux; Android 6.0.1; Nexus 5X Build/MMB29P) AppleWebKit/537.36 (KHTML, like Gecko) Chrome/41.0.2272.96 Mobile Safari/537.36 (compatible; Googlebot/2.1; +http://www.google.com/bot.html)"
62.138.0.25 - - [15/Nov/2018:18:13:51 +0100] "GET /robots.txt HTTP/1.1" 404 - "-" "Mozilla/5.0 (compatible; adscanner/)"
62.138.0.25 - - [15/Nov/2018:18:13:51 +0100] "GET /projekte.html HTTP/1.1" 200 8338 "-" "Mozilla/5.0 (compatible; adscanner/)"
157.55.39.13 - - [15/Nov/2018:18:39:07 +0100] "GET /robots.txt HTTP/1.1" 404 - "-" "Mozilla/5.0 (compatible; bingbot/2.0; +http://www.bing.com/bingbot.htm)"
157.55.39.216 - - [15/Nov/2018:18:39:12 +0100] "GET /referenz.html HTTP/1.1" 200 11524 "-" "Mozilla/5.0 (compatible; bingbot/2.0; +http://www.bing.com/bingbot.htm)"
136.243.89.157 - - [15/Nov/2018:20:51:34 +0100] "GET /robots.txt HTTP/1.1" 404 - "-" "Mozilla/5.0 (compatible; SEOkicks; +https://www.seokicks.de/robot.html)"
136.243.89.157 - - [15/Nov/2018:20:51:37 +0100] "GET / HTTP/1.1" 200 4799 "-" "Mozilla/5.0 (compatible; SEOkicks; +https://www.seokicks.de/robot.html)"
54.36.150.106 - - [15/Nov/2018:22:30:05 +0100] "GET /robots.txt HTTP/1.1" 404 - "-" "Mozilla/5.0 (compatible; AhrefsBot/5.2; +http://ahrefs.com/robot/)"
54.36.148.79 - - [15/Nov/2018:22:30:06 +0100] "GET /impressum.html HTTP/1.1" 200 5799 "-" "Mozilla/5.0 (compatible; AhrefsBot/5.2; +http://ahrefs.com/robot/)"
52.53.201.78 - - [16/Nov/2018:00:50:29 +0100] "GET / HTTP/1.1" 200 4799 "-" "Mozilla/5.0 (Macintosh; Intel Mac OS X 10_12_6) AppleWebKit/537.36 (KHTML, like Gecko) Chrome/61.0.3163.100 Safari/537.36"
37.59.55.128 - - [16/Nov/2018:02:22:31 +0100] "GET /robots.txt HTTP/1.0" 404 - "-" ""
37.59.55.128 - - [16/Nov/2018:02:22:31 +0100] "GET / HTTP/1.1" 206 4799 "-" "Mozilla/5.0 (Windows; U; Windows NT 6.1; en-US) AppleWebKit/534.17 (KHTML, like Gecko) Chrome/10.0.649.0 Safari/534.17"
37.59.55.128 - - [16/Nov/2018:02:22:33 +0100] "GET /index.html HTTP/1.1" 206 4799 "-" "Mozilla/5.0 (Windows; U; Windows NT 6.1; en-US) AppleWebKit/534.17 (KHTML, like Gecko) Chrome/10.0.649.0 Safari/534.17"
37.59.55.128 - - [16/Nov/2018:02:22:35 +0100] "GET /uns.html HTTP/1.1" 206 4520 "-" "Mozilla/5.0 (Windows; U; Windows NT 6.1; en-US) AppleWebKit/534.17 (KHTML, like Gecko) Chrome/10.0.649.0 Safari/534.17"
37.59.55.128 - - [16/Nov/2018:02:22:37 +0100] "GET /spektrum.html HTTP/1.1" 206 4492 "-" "Mozilla/5.0 (Windows; U; Windows NT 6.1; en-US) AppleWebKit/534.17 (KHTML, like Gecko) Chrome/10.0.649.0 Safari/534.17"
37.59.55.128 - - [16/Nov/2018:02:22:39 +0100] "GET /referenz.html HTTP/1.1" 206 11524 "-" "Mozilla/5.0 (Windows; U; Windows NT 6.1; en-US) AppleWebKit/534.17 (KHTML, like Gecko) Chrome/10.0.649.0 Safari/534.17"
37.59.55.128 - - [16/Nov/2018:02:22:41 +0100] "GET /partner.html HTTP/1.1" 206 4528 "-" "Mozilla/5.0 (Windows; U; Windows NT 6.1; en-US) AppleWebKit/534.17 (KHTML, like Gecko) Chrome/10.0.649.0 Safari/534.17"
37.59.55.128 - - [16/Nov/2018:02:22:44 +0100] "GET /kontakt.html HTTP/1.1" 206 4581 "-" "Mozilla/5.0 (Windows; U; Windows NT 6.1; en-US) AppleWebKit/534.17 (KHTML, like Gecko) Chrome/10.0.649.0 Safari/534.17"
37.59.55.128 - - [16/Nov/2018:02:22:46 +0100] "GET /datenschutz.html HTTP/1.1" 206 12023 "-" "Mozilla/5.0 (Windows; U; Windows NT 6.1; en-US) AppleWebKit/534.17 (KHTML, like Gecko) Chrome/10.0.649.0 Safari/534.17"
37.59.55.128 - - [16/Nov/2018:02:22:48 +0100] "GET /impressum.html HTTP/1.1" 206 5799 "-" "Mozilla/5.0 (Windows; U; Windows NT 6.1; en-US) AppleWebKit/534.17 (KHTML, like Gecko) Chrome/10.0.649.0 Safari/534.17"
37.59.55.128 - - [16/Nov/2018:02:22:50 +0100] "GET /projekte.html HTTP/1.1" 206 8338 "-" "Mozilla/5.0 (Windows; U; Windows NT 6.1; en-US) AppleWebKit/534.17 (KHTML, like Gecko) Chrome/10.0.649.0 Safari/534.17"
157.55.39.216 - - [16/Nov/2018:03:44:06 +0100] "GET /referenz.html HTTP/1.1" 200 11524 "-" "Mozilla/5.0 (compatible; bingbot/2.0; +http://www.bing.com/bingbot.htm)"
188.165.200.217 - - [16/Nov/2018:03:47:12 +0100] "HEAD / HTTP/1.1" 200 - "-" "Mozilla/4.0 (compatible; MSIE 5.01; Windows NT 5.0)"
180.76.15.157 - - [16/Nov/2018:06:24:26 +0100] "GET / HTTP/1.1" 304 - "-" "Mozilla/5.0 (compatible; Baiduspider/2.0; +http://www.baidu.com/search/spider.html)"
40.107.194.4 - - [16/Nov/2018:10:03:57 +0100] "GET / HTTP/1.1" 200 4799 "-" "Mozilla/5.0 (Windows NT 10.0; Win64; x64) AppleWebKit/537.36 (KHTML, like Gecko) Chrome/57.0.2987.133 Safari/537.36"
40.107.194.4 - - [16/Nov/2018:10:03:57 +0100] "GET /css/style.css HTTP/1.1" 200 2831 "http://www.mbingenieure.de/" "Mozilla/5.0 (Windows NT 10.0; Win64; x64) AppleWebKit/537.36 (KHTML, like Gecko) Chrome/57.0.2987.133 Safari/537.36"
40.107.194.4 - - [16/Nov/2018:10:03:57 +0100] "GET /js/libs/modernizr-2.5.3.min.js HTTP/1.1" 200 15274 "http://www.mbingenieure.de/" "Mozilla/5.0 (Windows NT 10.0; Win64; x64) AppleWebKit/537.36 (KHTML, like Gecko) Chrome/57.0.2987.133 Safari/537.36"
40.107.194.4 - - [16/Nov/2018:10:03:57 +0100] "GET /images/header.png HTTP/1.1" 200 1494 "http://www.mbingenieure.de/css/style.css" "Mozilla/5.0 (Windows NT 10.0; Win64; x64) AppleWebKit/537.36 (KHTML, like Gecko) Chrome/57.0.2987.133 Safari/537.36"
40.107.194.5 - - [16/Nov/2018:10:03:57 +0100] "GET /images/footer.png HTTP/1.1" 200 1064 "http://www.mbingenieure.de/css/style.css" "Mozilla/5.0 (Windows NT 10.0; Win64; x64) AppleWebKit/537.36 (KHTML, like Gecko) Chrome/57.0.2987.133 Safari/537.36"
40.107.194.5 - - [16/Nov/2018:10:03:58 +0100] "GET /js/plugins.js HTTP/1.1" 200 898 "http://www.mbingenieure.de/" "Mozilla/5.0 (Windows NT 10.0; Win64; x64) AppleWebKit/537.36 (KHTML, like Gecko) Chrome/57.0.2987.133 Safari/537.36"
40.107.194.4 - - [16/Nov/2018:10:03:58 +0100] "GET /images/logo.png HTTP/1.1" 200 16467 "http://www.mbingenieure.de/" "Mozilla/5.0 (Windows NT 10.0; Win64; x64) AppleWebKit/537.36 (KHTML, like Gecko) Chrome/57.0.2987.133 Safari/537.36"
40.107.194.49 - - [16/Nov/2018:10:03:58 +0100] "GET /images/bild4.png HTTP/1.1" 200 65856 "http://www.mbingenieure.de/" "Mozilla/5.0 (Windows NT 10.0; Win64; x64) AppleWebKit/537.36 (KHTML, like Gecko) Chrome/57.0.2987.133 Safari/537.36"
40.107.194.42 - - [16/Nov/2018:10:03:58 +0100] "GET /images/bild1.png HTTP/1.1" 200 16301 "http://www.mbingenieure.de/" "Mozilla/5.0 (Windows NT 10.0; Win64; x64) AppleWebKit/537.36 (KHTML, like Gecko) Chrome/57.0.2987.133 Safari/537.36"
40.107.194.4 - - [16/Nov/2018:10:03:58 +0100] "GET /images/navi.png HTTP/1.1" 200 946 "http://www.mbingenieure.de/css/style.css" "Mozilla/5.0 (Windows NT 10.0; Win64; x64) AppleWebKit/537.36 (KHTML, like Gecko) Chrome/57.0.2987.133 Safari/537.36"
40.107.194.75 - - [16/Nov/2018:10:03:58 +0100] "GET /images/bild2.png HTTP/1.1" 200 68475 "http://www.mbingenieure.de/" "Mozilla/5.0 (Windows NT 10.0; Win64; x64) AppleWebKit/537.36 (KHTML, like Gecko) Chrome/57.0.2987.133 Safari/537.36"
40.107.194.65 - - [16/Nov/2018:10:04:02 +0100] "GET /favicon.ico HTTP/1.1" 200 93062 "http://www.mbingenieure.de/" "Mozilla/5.0 (Windows NT 10.0; Win64; x64) AppleWebKit/537.36 (KHTML, like Gecko) Chrome/57.0.2987.133 Safari/537.36"
69.12.66.241 - - [16/Nov/2018:14:53:00 +0100] "GET /assets/components/gallery/css/fileuploader.css HTTP/1.1" 404 - "http://www.mbingenieure.de/assets/components/gallery/css/fileuploader.css" "Mozilla/5.0 (Windows NT 6.1; WOW64) AppleWebKit/537.36 (KHTML, like Gecko) Chrome/42.0.2311.152 Safari/537.36"
95.163.255.39 - - [16/Nov/2018:17:45:40 +0100] "GET /robots.txt HTTP/1.0" 404 - "-" "Mozilla/5.0 (compatible; Linux x86_64; Mail.RU_Bot/2.0; +http://go.mail.ru/help/robots)"
95.163.255.33 - - [16/Nov/2018:17:45:42 +0100] "GET /kontakt.html HTTP/1.1" 200 4581 "-" "Mozilla/5.0 (compatible; Linux x86_64; Mail.RU_Bot/2.0; +http://go.mail.ru/help/robots)"
66.249.69.9 - - [16/Nov/2018:18:29:29 +0100] "GET /robots.txt HTTP/1.1" 404 - "-" "Mozilla/5.0 (compatible; Googlebot/2.1; +http://www.google.com/bot.html)"
66.249.69.7 - - [16/Nov/2018:18:29:30 +0100] "GET / HTTP/1.1" 200 4799 "-" "Mozilla/5.0 (compatible; Googlebot/2.1; +http://www.google.com/bot.html)"
82.208.160.181 - - [16/Nov/2018:19:08:32 +0100] "GET / HTTP/1.1" 200 4799 "-" "Mozilla/5.0 (compatible& Googlebot/2.1& +http://www.google.com/bot.html)"
82.208.160.181 - - [16/Nov/2018:19:08:32 +0100] "GET / HTTP/1.1" 200 4799 "-" "Mozilla/5.0 (Linux; U; Android 4.0.3; ko-kr; LG-L160L Build/IML74K) AppleWebkit/534.30 (KHTML, like Gecko) Version/4.0 Mobile Safari/534.30"
77.180.244.169 - - [16/Nov/2018:22:48:03 +0100] "GET / HTTP/1.1" 200 4799 "http://www.ts-bauberatung.de/" "Mozilla/5.0 (Windows NT 10.0; Win64; x64; rv:63.0) Gecko/20100101 Firefox/63.0"
77.180.244.169 - - [16/Nov/2018:22:48:03 +0100] "GET /css/style.css HTTP/1.1" 200 2831 "http://www.mbingenieure.de/" "Mozilla/5.0 (Windows NT 10.0; Win64; x64; rv:63.0) Gecko/20100101 Firefox/63.0"
77.180.244.169 - - [16/Nov/2018:22:48:03 +0100] "GET /js/libs/modernizr-2.5.3.min.js HTTP/1.1" 200 15274 "http://www.mbingenieure.de/" "Mozilla/5.0 (Windows NT 10.0; Win64; x64; rv:63.0) Gecko/20100101 Firefox/63.0"
77.180.244.169 - - [16/Nov/2018:22:48:03 +0100] "GET /js/plugins.js HTTP/1.1" 200 898 "http://www.mbingenieure.de/" "Mozilla/5.0 (Windows NT 10.0; Win64; x64; rv:63.0) Gecko/20100101 Firefox/63.0"
77.180.244.169 - - [16/Nov/2018:22:48:04 +0100] "GET /images/logo.png HTTP/1.1" 200 16467 "http://www.mbingenieure.de/" "Mozilla/5.0 (Windows NT 10.0; Win64; x64; rv:63.0) Gecko/20100101 Firefox/63.0"
77.180.244.169 - - [16/Nov/2018:22:48:04 +0100] "GET /images/bild1.png HTTP/1.1" 200 16301 "http://www.mbingenieure.de/" "Mozilla/5.0 (Windows NT 10.0; Win64; x64; rv:63.0) Gecko/20100101 Firefox/63.0"
77.180.244.169 - - [16/Nov/2018:22:48:04 +0100] "GET /images/footer.png HTTP/1.1" 200 1064 "http://www.mbingenieure.de/css/style.css" "Mozilla/5.0 (Windows NT 10.0; Win64; x64; rv:63.0) Gecko/20100101 Firefox/63.0"
77.180.244.169 - - [16/Nov/2018:22:48:04 +0100] "GET /images/header.png HTTP/1.1" 200 1494 "http://www.mbingenieure.de/css/style.css" "Mozilla/5.0 (Windows NT 10.0; Win64; x64; rv:63.0) Gecko/20100101 Firefox/63.0"
77.180.244.169 - - [16/Nov/2018:22:48:04 +0100] "GET /images/navi.png HTTP/1.1" 200 946 "http://www.mbingenieure.de/css/style.css" "Mozilla/5.0 (Windows NT 10.0; Win64; x64; rv:63.0) Gecko/20100101 Firefox/63.0"
77.180.244.169 - - [16/Nov/2018:22:48:04 +0100] "GET /images/bild4.png HTTP/1.1" 200 65856 "http://www.mbingenieure.de/" "Mozilla/5.0 (Windows NT 10.0; Win64; x64; rv:63.0) Gecko/20100101 Firefox/63.0"
77.180.244.169 - - [16/Nov/2018:22:48:04 +0100] "GET /images/bild2.png HTTP/1.1" 200 68475 "http://www.mbingenieure.de/" "Mozilla/5.0 (Windows NT 10.0; Win64; x64; rv:63.0) Gecko/20100101 Firefox/63.0"
77.180.244.169 - - [16/Nov/2018:22:48:04 +0100] "GET /favicon.ico HTTP/1.1" 200 93062 "-" "Mozilla/5.0 (Windows NT 10.0; Win64; x64; rv:63.0) Gecko/20100101 Firefox/63.0"
77.180.244.169 - - [16/Nov/2018:22:48:21 +0100] "GET /uns.html HTTP/1.1" 200 4520 "http://www.mbingenieure.de/" "Mozilla/5.0 (Windows NT 10.0; Win64; x64; rv:63.0) Gecko/20100101 Firefox/63.0"
77.180.244.169 - - [16/Nov/2018:22:48:26 +0100] "GET /spektrum.html HTTP/1.1" 200 4492 "http://www.mbingenieure.de/uns.html" "Mozilla/5.0 (Windows NT 10.0; Win64; x64; rv:63.0) Gecko/20100101 Firefox/63.0"
77.180.244.169 - - [16/Nov/2018:22:48:39 +0100] "GET /referenz.html HTTP/1.1" 200 11524 "http://www.mbingenieure.de/spektrum.html" "Mozilla/5.0 (Windows NT 10.0; Win64; x64; rv:63.0) Gecko/20100101 Firefox/63.0"
77.180.244.169 - - [16/Nov/2018:22:49:06 +0100] "GET /partner.html HTTP/1.1" 200 4528 "http://www.mbingenieure.de/referenz.html" "Mozilla/5.0 (Windows NT 10.0; Win64; x64; rv:63.0) Gecko/20100101 Firefox/63.0"
77.180.244.169 - - [16/Nov/2018:22:49:10 +0100] "GET /kontakt.html HTTP/1.1" 200 4581 "http://www.mbingenieure.de/partner.html" "Mozilla/5.0 (Windows NT 10.0; Win64; x64; rv:63.0) Gecko/20100101 Firefox/63.0"
77.180.244.169 - - [16/Nov/2018:22:49:15 +0100] "GET /impressum.html HTTP/1.1" 200 5799 "http://www.mbingenieure.de/kontakt.html" "Mozilla/5.0 (Windows NT 10.0; Win64; x64; rv:63.0) Gecko/20100101 Firefox/63.0"
157.55.39.28 - - [17/Nov/2018:05:54:20 +0100] "GET /robots.txt HTTP/1.1" 404 - "-" "Mozilla/5.0 (compatible; bingbot/2.0; +http://www.bing.com/bingbot.htm)"
207.46.13.56 - - [17/Nov/2018:05:54:23 +0100] "GET /partner.html HTTP/1.1" 200 4528 "-" "Mozilla/5.0 (compatible; bingbot/2.0; +http://www.bing.com/bingbot.htm)"
142.93.191.63 - - [17/Nov/2018:07:17:00 +0100] "GET / HTTP/1.1" 200 4799 "-" "Mozilla/5.0 (X11; Datanyze; Linux x86_64) AppleWebKit/537.36 (KHTML, like Gecko) Chrome/65.0.3325.181 Safari/537.36"
142.93.191.63 - - [17/Nov/2018:07:17:01 +0100] "GET /js/libs/modernizr-2.5.3.min.js HTTP/1.1" 200 15274 "http://www.mbingenieure.de/" "Mozilla/5.0 (X11; Datanyze; Linux x86_64) AppleWebKit/537.36 (KHTML, like Gecko) Chrome/65.0.3325.181 Safari/537.36"
142.93.191.63 - - [17/Nov/2018:07:17:01 +0100] "GET /js/plugins.js HTTP/1.1" 200 898 "http://www.mbingenieure.de/" "Mozilla/5.0 (X11; Datanyze; Linux x86_64) AppleWebKit/537.36 (KHTML, like Gecko) Chrome/65.0.3325.181 Safari/537.36"
62.138.0.25 - - [17/Nov/2018:07:46:13 +0100] "GET /robots.txt HTTP/1.1" 404 - "-" "Mozilla/5.0 (compatible; adscanner/)"
62.138.0.25 - - [17/Nov/2018:07:46:13 +0100] "GET /images/5a.png HTTP/1.1" 200 22950 "-" "Mozilla/5.0 (compatible; adscanner/)"
180.76.15.156 - - [17/Nov/2018:10:22:02 +0100] "GET / HTTP/1.1" 304 - "-" "Mozilla/5.0 (compatible; Baiduspider/2.0; +http://www.baidu.com/search/spider.html)"
18.223.205.15 - - [17/Nov/2018:11:06:36 +0100] "GET / HTTP/1.1" 200 4799 "-" "Mozilla/5.0 (X11; Linux x86_64) AppleWebKit/537.36 (KHTML, like Gecko) Chrome/60.0.3112.50 Safari/537.36"
18.223.205.15 - - [17/Nov/2018:11:06:36 +0100] "GET / HTTP/1.1" 200 4799 "-" "Mozilla/5.0 (X11; Linux x86_64) AppleWebKit/534.34 (KHTML, like Gecko) Qt/4.8.2"
18.223.205.15 - - [17/Nov/2018:11:06:36 +0100] "GET /css/style.css HTTP/1.1" 200 2831 "http://www.mbingenieure.de/" "Mozilla/5.0 (X11; Linux x86_64) AppleWebKit/534.34 (KHTML, like Gecko) Qt/4.8.2"
18.223.205.15 - - [17/Nov/2018:11:06:36 +0100] "GET /js/libs/modernizr-2.5.3.min.js HTTP/1.1" 200 15274 "http://www.mbingenieure.de/" "Mozilla/5.0 (X11; Linux x86_64) AppleWebKit/534.34 (KHTML, like Gecko) Qt/4.8.2"
18.223.205.15 - - [17/Nov/2018:11:06:36 +0100] "GET /js/plugins.js HTTP/1.1" 200 898 "http://www.mbingenieure.de/" "Mozilla/5.0 (X11; Linux x86_64) AppleWebKit/534.34 (KHTML, like Gecko) Qt/4.8.2"
18.223.205.15 - - [17/Nov/2018:11:06:37 +0100] "GET /robots.txt HTTP/1.0" 404 - "-" "Python-urllib/1.17"
18.223.205.15 - - [17/Nov/2018:11:06:37 +0100] "GET /index.html HTTP/1.1" 200 4799 "-" "Mozilla/5.0 (X11; Linux x86_64) AppleWebKit/534.34 (KHTML, like Gecko) Qt/4.8.2"
157.55.39.216 - - [17/Nov/2018:13:13:07 +0100] "GET /referenz.html HTTP/1.1" 200 11524 "-" "Mozilla/5.0 (compatible; bingbot/2.0; +http://www.bing.com/bingbot.htm)"
136.243.89.157 - - [17/Nov/2018:16:49:26 +0100] "GET /robots.txt HTTP/1.1" 404 - "-" "Mozilla/5.0 (compatible; SEOkicks; +https://www.seokicks.de/robot.html)"
136.243.89.157 - - [17/Nov/2018:16:49:28 +0100] "GET / HTTP/1.1" 200 4799 "-" "Mozilla/5.0 (compatible; SEOkicks; +https://www.seokicks.de/robot.html)"
157.55.39.216 - - [17/Nov/2018:16:54:12 +0100] "GET /referenz.html HTTP/1.1" 200 11524 "-" "Mozilla/5.0 (compatible; bingbot/2.0; +http://www.bing.com/bingbot.htm)"
157.55.39.216 - - [17/Nov/2018:16:54:17 +0100] "GET /robots.txt HTTP/1.1" 404 - "-" "Mozilla/5.0 (compatible; bingbot/2.0; +http://www.bing.com/bingbot.htm)"
207.46.13.56 - - [17/Nov/2018:16:54:21 +0100] "GET /js/libs/modernizr-2.5.3.min.js HTTP/1.1" 200 15274 "-" "Mozilla/5.0 (compatible; bingbot/2.0; +http://www.bing.com/bingbot.htm)"
157.55.39.225 - - [17/Nov/2018:16:54:27 +0100] "GET /js/plugins.js HTTP/1.1" 200 898 "-" "Mozilla/5.0 (compatible; bingbot/2.0; +http://www.bing.com/bingbot.htm)"
77.75.78.167 - - [17/Nov/2018:18:40:28 +0100] "GET /robots.txt HTTP/1.1" 404 - "-" "Mozilla/5.0 (compatible; SeznamBot/3.2; +http://napoveda.seznam.cz/en/seznambot-intro/)"
77.75.78.167 - - [17/Nov/2018:18:40:29 +0100] "GET /datenschutz.html HTTP/1.1" 304 - "-" "Mozilla/5.0 (compatible; SeznamBot/3.2; +http://napoveda.seznam.cz/en/seznambot-intro/)"
77.75.78.167 - - [17/Nov/2018:18:40:29 +0100] "GET /impressum.html HTTP/1.1" 304 - "-" "Mozilla/5.0 (compatible; SeznamBot/3.2; +http://napoveda.seznam.cz/en/seznambot-intro/)"
77.75.78.167 - - [17/Nov/2018:18:40:29 +0100] "GET /spektrum.html HTTP/1.1" 200 4492 "-" "Mozilla/5.0 (compatible; SeznamBot/3.2; +http://napoveda.seznam.cz/en/seznambot-intro/)"
178.154.245.134 - - [18/Nov/2018:05:47:24 +0100] "GET /robots.txt HTTP/1.1" 404 - "-" "Mozilla/5.0 (compatible; YandexBot/3.0; +http://yandex.com/bots)"
178.154.245.134 - - [18/Nov/2018:05:47:28 +0100] "GET /favicon.ico HTTP/1.1" 200 93062 "-" "Mozilla/5.0 (compatible; YandexBot/3.0; +http://yandex.com/bots)"
54.36.150.106 - - [18/Nov/2018:06:11:03 +0100] "GET /robots.txt HTTP/1.1" 404 - "-" "Mozilla/5.0 (compatible; AhrefsBot/5.2; +http://ahrefs.com/robot/)"
52.53.201.78 - - [18/Nov/2018:06:40:14 +0100] "GET / HTTP/1.1" 200 4799 "-" "Mozilla/5.0 (Macintosh; Intel Mac OS X 10_12_6) AppleWebKit/537.36 (KHTML, like Gecko) Chrome/61.0.3163.100 Safari/537.36"
207.46.13.56 - - [18/Nov/2018:08:05:01 +0100] "GET /partner.html HTTP/1.1" 200 4528 "-" "Mozilla/5.0 (compatible; bingbot/2.0; +http://www.bing.com/bingbot.htm)"
159.65.44.69 - - [18/Nov/2018:08:43:33 +0100] "GET / HTTP/1.1" 200 4799 "http://www.mbingenieure.de" "Mozilla/5.0 (X11; Datanyze; Linux x86_64) AppleWebKit/537.36 (KHTML, like Gecko) Chrome/65.0.3325.181 Safari/537.36"
159.65.44.69 - - [18/Nov/2018:08:43:34 +0100] "GET /js/libs/modernizr-2.5.3.min.js HTTP/1.1" 200 15274 "-" "Mozilla/5.0 (X11; Datanyze; Linux x86_64) AppleWebKit/537.36 (KHTML, like Gecko) Chrome/65.0.3325.181 Safari/537.36"
159.65.44.69 - - [18/Nov/2018:08:43:34 +0100] "GET /js/plugins.js HTTP/1.1" 200 898 "-" "Mozilla/5.0 (X11; Datanyze; Linux x86_64) AppleWebKit/537.36 (KHTML, like Gecko) Chrome/65.0.3325.181 Safari/537.36"
159.65.44.69 - - [18/Nov/2018:08:43:34 +0100] "GET /css/style.css HTTP/1.1" 200 2831 "-" "Mozilla/5.0 (X11; Datanyze; Linux x86_64) AppleWebKit/537.36 (KHTML, like Gecko) Chrome/65.0.3325.181 Safari/537.36"
159.65.44.69 - - [18/Nov/2018:08:43:55 +0100] "GET /robots.txt HTTP/1.1" 404 - "-" "Mozilla/5.0 (Windows NT 6.1; WOW64; rv:21.0) Gecko/20100101 Firefox/21.0"
159.65.44.69 - - [18/Nov/2018:08:44:02 +0100] "GET /index.html HTTP/1.1" 200 4799 "http://www.mbingenieure.de" "Mozilla/5.0 (X11; Datanyze; Linux x86_64) AppleWebKit/537.36 (KHTML, like Gecko) Chrome/65.0.3325.181 Safari/537.36"
159.65.44.69 - - [18/Nov/2018:08:44:02 +0100] "GET /uns.html HTTP/1.1" 200 4520 "http://www.mbingenieure.de" "Mozilla/5.0 (X11; Datanyze; Linux x86_64) AppleWebKit/537.36 (KHTML, like Gecko) Chrome/65.0.3325.181 Safari/537.36"
159.65.44.69 - - [18/Nov/2018:08:44:02 +0100] "GET /spektrum.html HTTP/1.1" 200 4492 "http://www.mbingenieure.de" "Mozilla/5.0 (X11; Datanyze; Linux x86_64) AppleWebKit/537.36 (KHTML, like Gecko) Chrome/65.0.3325.181 Safari/537.36"
159.65.44.69 - - [18/Nov/2018:08:44:02 +0100] "GET /referenz.html HTTP/1.1" 200 11524 "http://www.mbingenieure.de" "Mozilla/5.0 (X11; Datanyze; Linux x86_64) AppleWebKit/537.36 (KHTML, like Gecko) Chrome/65.0.3325.181 Safari/537.36"
159.65.44.69 - - [18/Nov/2018:08:44:02 +0100] "GET /partner.html HTTP/1.1" 200 4528 "http://www.mbingenieure.de" "Mozilla/5.0 (X11; Datanyze; Linux x86_64) AppleWebKit/537.36 (KHTML, like Gecko) Chrome/65.0.3325.181 Safari/537.36"
159.65.44.69 - - [18/Nov/2018:08:44:02 +0100] "GET /kontakt.html HTTP/1.1" 200 4581 "http://www.mbingenieure.de" "Mozilla/5.0 (X11; Datanyze; Linux x86_64) AppleWebKit/537.36 (KHTML, like Gecko) Chrome/65.0.3325.181 Safari/537.36"
159.65.44.69 - - [18/Nov/2018:08:44:03 +0100] "GET /datenschutz.html HTTP/1.1" 200 12023 "http://www.mbingenieure.de" "Mozilla/5.0 (X11; Datanyze; Linux x86_64) AppleWebKit/537.36 (KHTML, like Gecko) Chrome/65.0.3325.181 Safari/537.36"
159.65.44.69 - - [18/Nov/2018:08:44:03 +0100] "GET /impressum.html HTTP/1.1" 200 5799 "http://www.mbingenieure.de" "Mozilla/5.0 (X11; Datanyze; Linux x86_64) AppleWebKit/537.36 (KHTML, like Gecko) Chrome/65.0.3325.181 Safari/537.36"
54.36.149.69 - - [18/Nov/2018:12:59:16 +0100] "GET / HTTP/1.1" 200 4799 "-" "Mozilla/5.0 (compatible; AhrefsBot/5.2; +http://ahrefs.com/robot/)"
90.187.114.221 - - [18/Nov/2018:19:16:08 +0100] "GET / HTTP/1.1" 200 4799 "-" "Mozilla/5.0 (Windows; U; Windows NT 6.0; de; rv:1.9.2.3) Gecko/20100401 Firefox/3.6.3 ( .NET CLR 3.5.30729)"
207.46.13.56 - - [18/Nov/2018:23:23:52 +0100] "GET /kontakt.html HTTP/1.1" 200 4581 "-" "Mozilla/5.0 (compatible; bingbot/2.0; +http://www.bing.com/bingbot.htm)"
207.241.229.149 - - [19/Nov/2018:02:09:50 +0100] "GET /robots.txt HTTP/1.0" 404 - "-" "Mozilla/5.0 (compatible; special_archiver/3.1.1 +http://www.archive.org/details/archive.org_bot)"
207.241.229.149 - - [19/Nov/2018:02:09:53 +0100] "GET /js/libs/modernizr-2.5.3.min.js HTTP/1.0" 200 15274 "http://www.mbingenieure.de/" "Mozilla/5.0 (compatible; special_archiver/3.1.1 +http://www.archive.org/details/archive.org_bot)"
207.241.231.144 - - [19/Nov/2018:02:54:37 +0100] "GET /robots.txt HTTP/1.0" 404 - "-" "Mozilla/5.0 (compatible; special_archiver/3.1.1 +http://www.archive.org/details/archive.org_bot)"
207.241.231.144 - - [19/Nov/2018:02:54:41 +0100] "GET /images/bild1.png HTTP/1.0" 200 16301 "http://www.mbingenieure.de/" "Mozilla/5.0 (compatible; special_archiver/3.1.1 +http://www.archive.org/details/archive.org_bot)"
207.241.231.144 - - [19/Nov/2018:03:25:28 +0100] "GET /js/plugins.js HTTP/1.0" 200 898 "http://www.mbingenieure.de/" "Mozilla/5.0 (compatible; special_archiver/3.1.1 +http://www.archive.org/details/archive.org_bot)"
207.241.229.214 - - [19/Nov/2018:06:43:57 +0100] "GET /robots.txt HTTP/1.0" 404 - "-" "Mozilla/5.0 (compatible; archive.org_bot +http://www.archive.org/details/archive.org_bot)"
207.241.229.214 - - [19/Nov/2018:06:44:02 +0100] "GET /favicon.ico HTTP/1.0" 200 93062 "http://www.mbingenieure.de/" "Mozilla/5.0 (compatible; archive.org_bot +http://www.archive.org/details/archive.org_bot)"
207.241.231.148 - - [19/Nov/2018:06:48:45 +0100] "GET /robots.txt HTTP/1.0" 404 - "-" "Mozilla/5.0 (compatible; special_archiver/3.1.1 +http://www.archive.org/details/archive.org_bot)"
207.241.231.148 - - [19/Nov/2018:06:48:49 +0100] "GET /images/logo.png HTTP/1.0" 200 16467 "http://www.mbingenieure.de/" "Mozilla/5.0 (compatible; special_archiver/3.1.1 +http://www.archive.org/details/archive.org_bot)"
207.241.229.149 - - [19/Nov/2018:08:40:19 +0100] "GET /images/bild4.png HTTP/1.0" 200 65856 "http://www.mbingenieure.de/" "Mozilla/5.0 (compatible; special_archiver/3.1.1 +http://www.archive.org/details/archive.org_bot)"
207.241.229.149 - - [19/Nov/2018:09:33:15 +0100] "GET /css/style.css HTTP/1.0" 200 2831 "http://www.mbingenieure.de/" "Mozilla/5.0 (compatible; special_archiver/3.1.1 +http://www.archive.org/details/archive.org_bot)"
95.163.255.36 - - [19/Nov/2018:11:16:46 +0100] "GET /robots.txt HTTP/1.0" 404 - "-" "Mozilla/5.0 (compatible; Linux x86_64; Mail.RU_Bot/2.0; +http://go.mail.ru/help/robots)"
95.163.255.38 - - [19/Nov/2018:11:16:47 +0100] "GET /partner.html HTTP/1.1" 304 - "-" "Mozilla/5.0 (compatible; Linux x86_64; Mail.RU_Bot/2.0; +http://go.mail.ru/help/robots)"
207.241.229.48 - - [19/Nov/2018:12:24:41 +0100] "GET /robots.txt HTTP/1.0" 404 - "-" "Mozilla/5.0 (compatible; special_archiver/3.1.1 +http://www.archive.org/details/archive.org_bot)"
207.241.229.48 - - [19/Nov/2018:12:24:44 +0100] "GET /images/bild2.png HTTP/1.0" 200 68475 "http://www.mbingenieure.de/" "Mozilla/5.0 (compatible; special_archiver/3.1.1 +http://www.archive.org/details/archive.org_bot)"
61.154.29.185 - - [19/Nov/2018:13:54:20 +0100] "HEAD /libs.php HTTP/1.1" 404 - "-" "-"
66.249.79.224 - - [19/Nov/2018:14:34:08 +0100] "GET /robots.txt HTTP/1.1" 404 - "-" "Mozilla/5.0 (compatible; Googlebot/2.1; +http://www.google.com/bot.html)"
66.249.79.224 - - [19/Nov/2018:14:34:09 +0100] "GET / HTTP/1.1" 200 4799 "-" "Mozilla/5.0 (Linux; Android 6.0.1; Nexus 5X Build/MMB29P) AppleWebKit/537.36 (KHTML, like Gecko) Chrome/41.0.2272.96 Mobile Safari/537.36 (compatible; Googlebot/2.1; +http://www.google.com/bot.html)"
66.249.79.227 - - [19/Nov/2018:14:34:12 +0100] "GET /js/plugins.js HTTP/1.1" 200 898 "http://www.mbingenieure.de/" "Mozilla/5.0 (Linux; Android 6.0.1; Nexus 5X Build/MMB29P) AppleWebKit/537.36 (KHTML, like Gecko) Chrome/41.0.2272.96 Mobile Safari/537.36 (compatible; Googlebot/2.1; +http://www.google.com/bot.html)"
90.187.114.221 - - [19/Nov/2018:17:17:57 +0100] "GET /datenschutz.html HTTP/1.1" 200 12023 "-" "Mozilla/5.0 (Windows; U; Windows NT 6.0; de; rv:1.9.2.3) Gecko/20100401 Firefox/3.6.3 ( .NET CLR 3.5.30729)"
138.201.30.66 - - [19/Nov/2018:17:46:11 +0100] "GET /robots.txt HTTP/1.1" 404 - "-" "Mozilla/5.0 (compatible; SEOkicks; +https://www.seokicks.de/robot.html)"
138.201.30.66 - - [19/Nov/2018:17:46:13 +0100] "GET / HTTP/1.1" 200 4799 "-" "Mozilla/5.0 (compatible; SEOkicks; +https://www.seokicks.de/robot.html)"
90.187.114.221 - - [19/Nov/2018:19:48:04 +0100] "GET /referenz.html HTTP/1.1" 200 11524 "-" "Mozilla/5.0 (Windows; U; Windows NT 6.0; de; rv:1.9.2.3) Gecko/20100401 Firefox/3.6.3 ( .NET CLR 3.5.30729)"
90.187.114.221 - - [19/Nov/2018:20:44:42 +0100] "GET /impressum.html HTTP/1.1" 200 5799 "-" "Mozilla/5.0 (Windows; U; Windows NT 6.0; de; rv:1.9.2.3) Gecko/20100401 Firefox/3.6.3 ( .NET CLR 3.5.30729)"
90.187.114.221 - - [19/Nov/2018:20:47:48 +0100] "GET /spektrum.html HTTP/1.1" 200 4492 "-" "Mozilla/5.0 (Windows; U; Windows NT 6.0; de; rv:1.9.2.3) Gecko/20100401 Firefox/3.6.3 ( .NET CLR 3.5.30729)"
136.243.19.84 - - [19/Nov/2018:20:57:03 +0100] "GET / HTTP/1.1" 200 4799 "-" "Mozilla/5.0 (Windows; U; Windows NT 6.1; de; rv:1.9.2.12) Gecko/20101026 Firefox/3.6.12"
157.55.39.15 - - [19/Nov/2018:21:06:25 +0100] "GET /robots.txt HTTP/1.1" 404 - "-" "Mozilla/5.0 (compatible; bingbot/2.0; +http://www.bing.com/bingbot.htm)"
207.46.13.31 - - [19/Nov/2018:21:06:29 +0100] "GET /uns.html HTTP/1.1" 200 4520 "-" "Mozilla/5.0 (compatible; bingbot/2.0; +http://www.bing.com/bingbot.htm)"
90.187.114.221 - - [19/Nov/2018:21:12:42 +0100] "GET /partner.html HTTP/1.1" 200 4528 "-" "Mozilla/5.0 (Windows; U; Windows NT 6.0; de; rv:1.9.2.3) Gecko/20100401 Firefox/3.6.3 ( .NET CLR 3.5.30729)"
90.187.114.221 - - [19/Nov/2018:21:34:11 +0100] "GET /uns.html HTTP/1.1" 200 4520 "-" "Mozilla/5.0 (Windows; U; Windows NT 6.0; de; rv:1.9.2.3) Gecko/20100401 Firefox/3.6.3 ( .NET CLR 3.5.30729)"
40.77.167.97 - - [19/Nov/2018:21:34:43 +0100] "GET /projekte.html HTTP/1.1" 200 8338 "-" "Mozilla/5.0 (compatible; bingbot/2.0; +http://www.bing.com/bingbot.htm)"
90.187.114.221 - - [19/Nov/2018:21:42:22 +0100] "GET /kontakt.html HTTP/1.1" 200 4581 "-" "Mozilla/5.0 (Windows; U; Windows NT 6.0; de; rv:1.9.2.3) Gecko/20100401 Firefox/3.6.3 ( .NET CLR 3.5.30729)"
90.187.114.221 - - [19/Nov/2018:21:51:36 +0100] "GET /index.html HTTP/1.1" 200 4799 "-" "Mozilla/5.0 (Windows; U; Windows NT 6.0; de; rv:1.9.2.3) Gecko/20100401 Firefox/3.6.3 ( .NET CLR 3.5.30729)"
180.76.15.157 - - [19/Nov/2018:23:38:47 +0100] "GET / HTTP/1.1" 304 - "-" "Mozilla/5.0 (compatible; Baiduspider/2.0; +http://www.baidu.com/search/spider.html)"
139.129.40.112 - - [20/Nov/2018:02:07:40 +0100] "GET /wp-login.php HTTP/1.1" 404 - "-" "Apache-HttpClient/4.5.2 (Java/1.8.0_151)"
139.129.40.112 - - [20/Nov/2018:02:07:41 +0100] "GET /?author=1 HTTP/1.1" 200 4799 "-" "Apache-HttpClient/4.5.2 (Java/1.8.0_151)"
139.129.40.112 - - [20/Nov/2018:02:07:42 +0100] "GET /?author=2 HTTP/1.1" 200 4799 "-" "Apache-HttpClient/4.5.2 (Java/1.8.0_151)"
139.129.40.112 - - [20/Nov/2018:02:07:42 +0100] "GET /?author=3 HTTP/1.1" 200 4799 "-" "Apache-HttpClient/4.5.2 (Java/1.8.0_151)"
139.129.40.112 - - [20/Nov/2018:02:07:42 +0100] "GET /?author=4 HTTP/1.1" 200 4799 "-" "Apache-HttpClient/4.5.2 (Java/1.8.0_151)"
139.129.40.112 - - [20/Nov/2018:02:07:43 +0100] "GET /?author=5 HTTP/1.1" 200 4799 "-" "Apache-HttpClient/4.5.2 (Java/1.8.0_151)"
139.129.40.112 - - [20/Nov/2018:02:07:43 +0100] "GET /?author=6 HTTP/1.1" 200 4799 "-" "Apache-HttpClient/4.5.2 (Java/1.8.0_151)"
139.129.40.112 - - [20/Nov/2018:02:07:43 +0100] "GET /?author=7 HTTP/1.1" 200 4799 "-" "Apache-HttpClient/4.5.2 (Java/1.8.0_151)"
139.129.40.112 - - [20/Nov/2018:02:07:44 +0100] "GET /?author=8 HTTP/1.1" 200 4799 "-" "Apache-HttpClient/4.5.2 (Java/1.8.0_151)"
139.129.40.112 - - [20/Nov/2018:02:07:44 +0100] "GET /?author=9 HTTP/1.1" 200 4799 "-" "Apache-HttpClient/4.5.2 (Java/1.8.0_151)"
139.129.40.112 - - [20/Nov/2018:02:07:44 +0100] "GET /?author=10 HTTP/1.1" 200 4799 "-" "Apache-HttpClient/4.5.2 (Java/1.8.0_151)"
139.129.40.112 - - [20/Nov/2018:02:07:58 +0100] "GET /?author=11 HTTP/1.1" 200 4799 "-" "Apache-HttpClient/4.5.2 (Java/1.8.0_151)"
139.129.40.112 - - [20/Nov/2018:02:07:59 +0100] "GET /?author=12 HTTP/1.1" 200 4799 "-" "Apache-HttpClient/4.5.2 (Java/1.8.0_151)"
139.129.40.112 - - [20/Nov/2018:02:07:59 +0100] "GET /?author=13 HTTP/1.1" 200 4799 "-" "Apache-HttpClient/4.5.2 (Java/1.8.0_151)"
139.129.40.112 - - [20/Nov/2018:02:07:59 +0100] "GET /?author=14 HTTP/1.1" 200 4799 "-" "Apache-HttpClient/4.5.2 (Java/1.8.0_151)"
139.129.40.112 - - [20/Nov/2018:02:07:59 +0100] "GET /?author=15 HTTP/1.1" 200 4799 "-" "Apache-HttpClient/4.5.2 (Java/1.8.0_151)"
66.249.64.192 - - [20/Nov/2018:08:19:05 +0100] "GET /robots.txt HTTP/1.1" 404 - "-" "Mozilla/5.0 (compatible; Googlebot/2.1; +http://www.google.com/bot.html)"
66.249.64.222 - - [20/Nov/2018:08:19:05 +0100] "GET / HTTP/1.1" 200 4799 "-" "Mozilla/5.0 (Linux; Android 6.0.1; Nexus 5X Build/MMB29P) AppleWebKit/537.36 (KHTML, like Gecko) Chrome/41.0.2272.96 Mobile Safari/537.36 (compatible; Googlebot/2.1; +http://www.google.com/bot.html)"
66.249.64.192 - - [20/Nov/2018:08:19:16 +0100] "GET /css/style.css HTTP/1.1" 200 2831 "http://www.mbingenieure.de/" "Mozilla/5.0 (Linux; Android 6.0.1; Nexus 5X Build/MMB29P) AppleWebKit/537.36 (KHTML, like Gecko) Chrome/41.0.2272.96 Mobile Safari/537.36 (compatible; Googlebot/2.1; +http://www.google.com/bot.html)"
66.249.64.222 - - [20/Nov/2018:08:19:17 +0100] "GET /js/plugins.js HTTP/1.1" 200 898 "http://www.mbingenieure.de/" "Mozilla/5.0 (Linux; Android 6.0.1; Nexus 5X Build/MMB29P) AppleWebKit/537.36 (KHTML, like Gecko) Chrome/41.0.2272.96 Mobile Safari/537.36 (compatible; Googlebot/2.1; +http://www.google.com/bot.html)"
66.249.64.192 - - [20/Nov/2018:08:19:17 +0100] "GET /js/libs/modernizr-2.5.3.min.js HTTP/1.1" 200 15274 "http://www.mbingenieure.de/" "Mozilla/5.0 (Linux; Android 6.0.1; Nexus 5X Build/MMB29P) AppleWebKit/537.36 (KHTML, like Gecko) Chrome/41.0.2272.96 Mobile Safari/537.36 (compatible; Googlebot/2.1; +http://www.google.com/bot.html)"
46.229.168.136 - - [20/Nov/2018:08:43:44 +0100] "GET /robots.txt HTTP/1.1" 404 - "-" "Mozilla/5.0 (compatible; SemrushBot/2~bl; +http://www.semrush.com/bot.html)"
46.229.168.135 - - [20/Nov/2018:08:43:44 +0100] "GET /partner.html HTTP/1.1" 200 4528 "-" "Mozilla/5.0 (compatible; SemrushBot/2~bl; +http://www.semrush.com/bot.html)"
46.229.168.138 - - [20/Nov/2018:08:43:45 +0100] "GET /sitemap.xml HTTP/1.1" 404 - "-" "Mozilla/5.0 (compatible; SemrushBot/2~bl; +http://www.semrush.com/bot.html)"
52.206.137.6 - - [20/Nov/2018:12:39:21 +0100] "GET / HTTP/1.1" 200 4799 "-" "Mozilla/5.0 (compatible; MSIE 10.0; Windows NT 7.0; InfoPath.3; .NET CLR 3.1.40767; Trident/6.0; en-IN)"
52.53.201.78 - - [20/Nov/2018:13:05:36 +0100] "GET / HTTP/1.1" 200 4799 "-" "Mozilla/5.0 (Macintosh; Intel Mac OS X 10_12_6) AppleWebKit/537.36 (KHTML, like Gecko) Chrome/61.0.3163.100 Safari/537.36"
212.91.237.46 - - [20/Nov/2018:14:58:38 +0100] "GET /impressum.html HTTP/1.1" 200 5799 "https://www.google.com/" "Mozilla/5.0 (Windows NT 6.1; WOW64; rv:63.0) Gecko/20100101 Firefox/63.0"
212.91.237.46 - - [20/Nov/2018:14:58:39 +0100] "GET /css/style.css HTTP/1.1" 200 2831 "http://www.mbingenieure.de/impressum.html" "Mozilla/5.0 (Windows NT 6.1; WOW64; rv:63.0) Gecko/20100101 Firefox/63.0"
212.91.237.46 - - [20/Nov/2018:14:58:39 +0100] "GET /js/libs/modernizr-2.5.3.min.js HTTP/1.1" 200 15274 "http://www.mbingenieure.de/impressum.html" "Mozilla/5.0 (Windows NT 6.1; WOW64; rv:63.0) Gecko/20100101 Firefox/63.0"
212.91.237.46 - - [20/Nov/2018:14:58:39 +0100] "GET /js/plugins.js HTTP/1.1" 200 898 "http://www.mbingenieure.de/impressum.html" "Mozilla/5.0 (Windows NT 6.1; WOW64; rv:63.0) Gecko/20100101 Firefox/63.0"
212.91.237.46 - - [20/Nov/2018:14:58:39 +0100] "GET /images/footer.png HTTP/1.1" 200 1064 "http://www.mbingenieure.de/css/style.css" "Mozilla/5.0 (Windows NT 6.1; WOW64; rv:63.0) Gecko/20100101 Firefox/63.0"
212.91.237.46 - - [20/Nov/2018:14:58:39 +0100] "GET /images/header.png HTTP/1.1" 200 1494 "http://www.mbingenieure.de/css/style.css" "Mozilla/5.0 (Windows NT 6.1; WOW64; rv:63.0) Gecko/20100101 Firefox/63.0"
212.91.237.46 - - [20/Nov/2018:14:58:39 +0100] "GET /images/navi.png HTTP/1.1" 200 946 "http://www.mbingenieure.de/css/style.css" "Mozilla/5.0 (Windows NT 6.1; WOW64; rv:63.0) Gecko/20100101 Firefox/63.0"
212.91.237.46 - - [20/Nov/2018:14:58:39 +0100] "GET /favicon.ico HTTP/1.1" 200 93062 "-" "Mozilla/5.0 (Windows NT 6.1; WOW64; rv:63.0) Gecko/20100101 Firefox/63.0"
212.91.237.46 - - [20/Nov/2018:14:58:55 +0100] "GET /uns.html HTTP/1.1" 200 4520 "http://www.mbingenieure.de/impressum.html" "Mozilla/5.0 (Windows NT 6.1; WOW64; rv:63.0) Gecko/20100101 Firefox/63.0"
212.91.237.46 - - [20/Nov/2018:14:58:56 +0100] "GET /css/style.css HTTP/1.1" 200 2831 "http://www.mbingenieure.de/uns.html" "Mozilla/5.0 (Windows NT 6.1; WOW64; rv:63.0) Gecko/20100101 Firefox/63.0"
212.91.237.46 - - [20/Nov/2018:14:58:56 +0100] "GET /js/libs/modernizr-2.5.3.min.js HTTP/1.1" 200 15274 "http://www.mbingenieure.de/uns.html" "Mozilla/5.0 (Windows NT 6.1; WOW64; rv:63.0) Gecko/20100101 Firefox/63.0"
212.91.237.46 - - [20/Nov/2018:14:58:56 +0100] "GET /js/plugins.js HTTP/1.1" 200 898 "http://www.mbingenieure.de/uns.html" "Mozilla/5.0 (Windows NT 6.1; WOW64; rv:63.0) Gecko/20100101 Firefox/63.0"
212.91.237.46 - - [20/Nov/2018:14:59:00 +0100] "GET /index.html HTTP/1.1" 200 4799 "http://www.mbingenieure.de/uns.html" "Mozilla/5.0 (Windows NT 6.1; WOW64; rv:63.0) Gecko/20100101 Firefox/63.0"
