90.187.114.221 - - [01/Nov/2018:00:06:22 +0100] "GET /kontakt.html HTTP/1.1" 200 4581 "-" "Mozilla/5.0 (Windows; U; Windows NT 6.0; de; rv:1.9.2.3) Gecko/20100401 Firefox/3.6.3 ( .NET CLR 3.5.30729)"
90.187.114.221 - - [01/Nov/2018:00:15:36 +0100] "GET /index.html HTTP/1.1" 200 4799 "-" "Mozilla/5.0 (Windows; U; Windows NT 6.0; de; rv:1.9.2.3) Gecko/20100401 Firefox/3.6.3 ( .NET CLR 3.5.30729)"
136.243.89.157 - - [01/Nov/2018:02:35:22 +0100] "GET /robots.txt HTTP/1.1" 404 - "-" "Mozilla/5.0 (compatible; SEOkicks; +https://www.seokicks.de/robot.html)"
136.243.89.157 - - [01/Nov/2018:02:35:24 +0100] "GET / HTTP/1.1" 200 4799 "-" "Mozilla/5.0 (compatible; SEOkicks; +https://www.seokicks.de/robot.html)"
180.76.15.16 - - [01/Nov/2018:02:53:39 +0100] "GET / HTTP/1.1" 304 - "-" "Mozilla/5.0 (compatible; Baiduspider/2.0; +http://www.baidu.com/search/spider.html)"
66.249.69.253 - - [01/Nov/2018:07:13:37 +0100] "GET /robots.txt HTTP/1.1" 404 - "-" "Mozilla/5.0 (compatible; Googlebot/2.1; +http://www.google.com/bot.html)"
66.249.69.224 - - [01/Nov/2018:07:13:37 +0100] "GET / HTTP/1.1" 200 4799 "-" "Mozilla/5.0 (Linux; Android 6.0.1; Nexus 5X Build/MMB29P) AppleWebKit/537.36 (KHTML, like Gecko) Chrome/41.0.2272.96 Mobile Safari/537.36 (compatible; Googlebot/2.1; +http://www.google.com/bot.html)"
173.205.33.25 - - [01/Nov/2018:09:11:47 +0100] "GET / HTTP/1.1" 200 4799 "-" "Mozilla/5.0 (Windows NT 6.1; WOW64; Trident/7.0; rv:11.0) like Gecko"
173.205.33.27 - - [01/Nov/2018:09:17:55 +0100] "GET / HTTP/1.1" 200 4799 "-" "Mozilla/5.0 (Windows NT 6.1; WOW64; Trident/7.0; rv:11.0) like Gecko"
209.90.225.82 - - [01/Nov/2018:09:51:14 +0100] "GET /modules/productpageadverts/uploadimage.php HTTP/1.1" 404 - "http://www.mbingenieure.de/modules/productpageadverts/uploadimage.php" "Mozilla/5.0 (Windows NT 6.1; WOW64) AppleWebKit/537.36 (KHTML, like Gecko) Chrome/42.0.2311.152 Safari/537.36"
77.67.54.8 - - [01/Nov/2018:10:47:54 +0100] "GET / HTTP/1.1" 200 4799 "-" "Mozilla/5.0 (Windows NT 6.1; WOW64; Trident/7.0; rv:11.0) like Gecko"
157.55.39.33 - - [01/Nov/2018:11:53:41 +0100] "GET /robots.txt HTTP/1.1" 404 - "-" "Mozilla/5.0 (compatible; bingbot/2.0; +http://www.bing.com/bingbot.htm)"
173.205.33.31 - - [01/Nov/2018:13:30:15 +0100] "GET / HTTP/1.1" 200 4799 "-" "Mozilla/5.0 (Windows NT 6.1; WOW64; Trident/7.0; rv:11.0) like Gecko"
77.67.54.4 - - [01/Nov/2018:13:30:15 +0100] "GET / HTTP/1.1" 200 4799 "-" "Mozilla/5.0 (Windows NT 6.1; WOW64; Trident/7.0; rv:11.0) like Gecko"
54.36.150.106 - - [01/Nov/2018:17:06:24 +0100] "GET /robots.txt HTTP/1.1" 404 - "-" "Mozilla/5.0 (compatible; AhrefsBot/5.2; +http://ahrefs.com/robot/)"
54.36.148.171 - - [01/Nov/2018:17:06:25 +0100] "GET /projekte.html HTTP/1.1" 200 8338 "-" "Mozilla/5.0 (compatible; AhrefsBot/5.2; +http://ahrefs.com/robot/)"
157.55.39.209 - - [01/Nov/2018:19:20:51 +0100] "GET /partner.html HTTP/1.1" 200 4528 "-" "Mozilla/5.0 (compatible; bingbot/2.0; +http://www.bing.com/bingbot.htm)"
54.36.148.122 - - [01/Nov/2018:20:42:54 +0100] "GET / HTTP/1.1" 200 4799 "-" "Mozilla/5.0 (compatible; AhrefsBot/5.2; +http://ahrefs.com/robot/)"
142.93.75.178 - - [01/Nov/2018:21:55:17 +0100] "GET / HTTP/1.1" 200 4799 "http://www.mbingenieure.de" "Mozilla/5.0 (X11; Datanyze; Linux x86_64) AppleWebKit/537.36 (KHTML, like Gecko) Chrome/65.0.3325.181 Safari/537.36"
142.93.75.178 - - [01/Nov/2018:21:55:19 +0100] "GET /js/plugins.js HTTP/1.1" 200 898 "-" "Mozilla/5.0 (X11; Datanyze; Linux x86_64) AppleWebKit/537.36 (KHTML, like Gecko) Chrome/65.0.3325.181 Safari/537.36"
142.93.75.178 - - [01/Nov/2018:21:55:19 +0100] "GET /css/style.css HTTP/1.1" 200 2831 "-" "Mozilla/5.0 (X11; Datanyze; Linux x86_64) AppleWebKit/537.36 (KHTML, like Gecko) Chrome/65.0.3325.181 Safari/537.36"
142.93.75.178 - - [01/Nov/2018:21:55:19 +0100] "GET /js/libs/modernizr-2.5.3.min.js HTTP/1.1" 200 15274 "-" "Mozilla/5.0 (X11; Datanyze; Linux x86_64) AppleWebKit/537.36 (KHTML, like Gecko) Chrome/65.0.3325.181 Safari/537.36"
142.93.75.178 - - [01/Nov/2018:21:55:28 +0100] "GET /robots.txt HTTP/1.1" 404 - "-" "Mozilla/5.0 (Windows NT 6.1; WOW64; rv:21.0) Gecko/20100101 Firefox/21.0"
142.93.75.178 - - [01/Nov/2018:21:55:32 +0100] "GET /uns.html HTTP/1.1" 200 4520 "http://www.mbingenieure.de" "Mozilla/5.0 (X11; Datanyze; Linux x86_64) AppleWebKit/537.36 (KHTML, like Gecko) Chrome/65.0.3325.181 Safari/537.36"
142.93.75.178 - - [01/Nov/2018:21:55:32 +0100] "GET /spektrum.html HTTP/1.1" 200 4492 "http://www.mbingenieure.de" "Mozilla/5.0 (X11; Datanyze; Linux x86_64) AppleWebKit/537.36 (KHTML, like Gecko) Chrome/65.0.3325.181 Safari/537.36"
142.93.75.178 - - [01/Nov/2018:21:55:32 +0100] "GET /index.html HTTP/1.1" 200 4799 "http://www.mbingenieure.de" "Mozilla/5.0 (X11; Datanyze; Linux x86_64) AppleWebKit/537.36 (KHTML, like Gecko) Chrome/65.0.3325.181 Safari/537.36"
142.93.75.178 - - [01/Nov/2018:21:55:34 +0100] "GET /referenz.html HTTP/1.1" 200 11524 "http://www.mbingenieure.de" "Mozilla/5.0 (X11; Datanyze; Linux x86_64) AppleWebKit/537.36 (KHTML, like Gecko) Chrome/65.0.3325.181 Safari/537.36"
142.93.75.178 - - [01/Nov/2018:21:55:34 +0100] "GET /impressum.html HTTP/1.1" 200 5799 "http://www.mbingenieure.de" "Mozilla/5.0 (X11; Datanyze; Linux x86_64) AppleWebKit/537.36 (KHTML, like Gecko) Chrome/65.0.3325.181 Safari/537.36"
142.93.75.178 - - [01/Nov/2018:21:55:34 +0100] "GET /datenschutz.html HTTP/1.1" 200 12023 "http://www.mbingenieure.de" "Mozilla/5.0 (X11; Datanyze; Linux x86_64) AppleWebKit/537.36 (KHTML, like Gecko) Chrome/65.0.3325.181 Safari/537.36"
142.93.75.178 - - [01/Nov/2018:21:55:34 +0100] "GET /partner.html HTTP/1.1" 200 4528 "http://www.mbingenieure.de" "Mozilla/5.0 (X11; Datanyze; Linux x86_64) AppleWebKit/537.36 (KHTML, like Gecko) Chrome/65.0.3325.181 Safari/537.36"
142.93.75.178 - - [01/Nov/2018:21:55:34 +0100] "GET /kontakt.html HTTP/1.1" 200 4581 "http://www.mbingenieure.de" "Mozilla/5.0 (X11; Datanyze; Linux x86_64) AppleWebKit/537.36 (KHTML, like Gecko) Chrome/65.0.3325.181 Safari/537.36"
104.248.9.69 - - [01/Nov/2018:23:04:48 +0100] "GET / HTTP/1.0" 200 4799 "-" "Mozilla/5.0 (compatible; NetcraftSurveyAgent/1.0; +info@netcraft.com)"
207.46.13.44 - - [02/Nov/2018:00:02:29 +0100] "GET /images/logo.png HTTP/1.1" 200 16467 "-" "Mozilla/5.0 (compatible; bingbot/2.0; +http://www.bing.com/bingbot.htm)"
18.185.86.224 - - [02/Nov/2018:06:01:25 +0100] "GET /robots.txt HTTP/1.1" 404 - "-" "Mozilla/5.0 (compatible; tracemyfile/1.0; +bot@tracemyfile.com)"
18.185.86.224 - - [02/Nov/2018:06:01:25 +0100] "GET /css/style.css HTTP/1.1" 200 2831 "-" "Mozilla/5.0 (compatible; tracemyfile/1.0)"
80.153.112.23 - - [02/Nov/2018:07:58:26 +0100] "GET /impressum.html HTTP/1.1" 200 5799 "https://www.google.com/" "Mozilla/5.0 (Windows NT 6.1; Win64; x64; rv:63.0) Gecko/20100101 Firefox/63.0"
80.153.112.23 - - [02/Nov/2018:07:58:26 +0100] "GET /css/style.css HTTP/1.1" 200 2831 "http://www.mbingenieure.de/impressum.html" "Mozilla/5.0 (Windows NT 6.1; Win64; x64; rv:63.0) Gecko/20100101 Firefox/63.0"
80.153.112.23 - - [02/Nov/2018:07:58:26 +0100] "GET /js/libs/modernizr-2.5.3.min.js HTTP/1.1" 200 15274 "http://www.mbingenieure.de/impressum.html" "Mozilla/5.0 (Windows NT 6.1; Win64; x64; rv:63.0) Gecko/20100101 Firefox/63.0"
80.153.112.23 - - [02/Nov/2018:07:58:26 +0100] "GET /js/plugins.js HTTP/1.1" 200 898 "http://www.mbingenieure.de/impressum.html" "Mozilla/5.0 (Windows NT 6.1; Win64; x64; rv:63.0) Gecko/20100101 Firefox/63.0"
80.153.112.23 - - [02/Nov/2018:07:58:27 +0100] "GET /images/footer.png HTTP/1.1" 200 1064 "http://www.mbingenieure.de/css/style.css" "Mozilla/5.0 (Windows NT 6.1; Win64; x64; rv:63.0) Gecko/20100101 Firefox/63.0"
80.153.112.23 - - [02/Nov/2018:07:58:27 +0100] "GET /images/header.png HTTP/1.1" 200 1494 "http://www.mbingenieure.de/css/style.css" "Mozilla/5.0 (Windows NT 6.1; Win64; x64; rv:63.0) Gecko/20100101 Firefox/63.0"
80.153.112.23 - - [02/Nov/2018:07:58:27 +0100] "GET /images/navi.png HTTP/1.1" 200 946 "http://www.mbingenieure.de/css/style.css" "Mozilla/5.0 (Windows NT 6.1; Win64; x64; rv:63.0) Gecko/20100101 Firefox/63.0"
80.153.112.23 - - [02/Nov/2018:07:58:27 +0100] "GET /favicon.ico HTTP/1.1" 200 93062 "-" "Mozilla/5.0 (Windows NT 6.1; Win64; x64; rv:63.0) Gecko/20100101 Firefox/63.0"
80.153.112.23 - - [02/Nov/2018:07:58:29 +0100] "GET /spektrum.html HTTP/1.1" 200 4492 "http://www.mbingenieure.de/impressum.html" "Mozilla/5.0 (Windows NT 6.1; Win64; x64; rv:63.0) Gecko/20100101 Firefox/63.0"
80.153.112.23 - - [02/Nov/2018:07:58:42 +0100] "GET /referenz.html HTTP/1.1" 200 11524 "http://www.mbingenieure.de/spektrum.html" "Mozilla/5.0 (Windows NT 6.1; Win64; x64; rv:63.0) Gecko/20100101 Firefox/63.0"
80.153.112.23 - - [02/Nov/2018:07:58:49 +0100] "GET /uns.html HTTP/1.1" 200 4520 "http://www.mbingenieure.de/referenz.html" "Mozilla/5.0 (Windows NT 6.1; Win64; x64; rv:63.0) Gecko/20100101 Firefox/63.0"
80.153.112.23 - - [02/Nov/2018:09:10:19 +0100] "GET /css/style.css HTTP/1.1" 200 2831 "http://www.mbingenieure.de/impressum.html" "Mozilla/5.0 (Windows NT 6.1; Win64; x64; rv:63.0) Gecko/20100101 Firefox/63.0"
80.153.112.23 - - [02/Nov/2018:09:10:19 +0100] "GET /js/plugins.js HTTP/1.1" 200 898 "http://www.mbingenieure.de/impressum.html" "Mozilla/5.0 (Windows NT 6.1; Win64; x64; rv:63.0) Gecko/20100101 Firefox/63.0"
80.153.112.23 - - [02/Nov/2018:09:10:19 +0100] "GET /favicon.ico HTTP/1.1" 200 93062 "-" "Mozilla/5.0 (Windows NT 6.1; Win64; x64; rv:63.0) Gecko/20100101 Firefox/63.0"
80.153.112.23 - - [02/Nov/2018:09:10:24 +0100] "GET /datenschutz.html HTTP/1.1" 200 12023 "http://www.mbingenieure.de/impressum.html" "Mozilla/5.0 (Windows NT 6.1; Win64; x64; rv:63.0) Gecko/20100101 Firefox/63.0"
80.153.112.23 - - [02/Nov/2018:09:10:26 +0100] "GET /kontakt.html HTTP/1.1" 200 4581 "http://www.mbingenieure.de/datenschutz.html" "Mozilla/5.0 (Windows NT 6.1; Win64; x64; rv:63.0) Gecko/20100101 Firefox/63.0"
80.153.112.23 - - [02/Nov/2018:09:10:29 +0100] "GET /partner.html HTTP/1.1" 200 4528 "http://www.mbingenieure.de/kontakt.html" "Mozilla/5.0 (Windows NT 6.1; Win64; x64; rv:63.0) Gecko/20100101 Firefox/63.0"
178.154.245.134 - - [02/Nov/2018:09:12:04 +0100] "GET /robots.txt HTTP/1.1" 404 - "-" "Mozilla/5.0 (compatible; YandexBot/3.0; +http://yandex.com/bots)"
178.154.245.134 - - [02/Nov/2018:09:12:08 +0100] "GET / HTTP/1.1" 200 4799 "-" "Mozilla/5.0 (compatible; YandexBot/3.0; +http://yandex.com/bots)"
40.107.202.89 - - [02/Nov/2018:09:26:47 +0100] "GET / HTTP/1.1" 200 4799 "-" "Mozilla/5.0 (Windows NT 10.0; Win64; x64) AppleWebKit/537.36 (KHTML, like Gecko) Chrome/57.0.2987.133 Safari/537.36"
40.107.202.89 - - [02/Nov/2018:09:26:47 +0100] "GET /css/style.css HTTP/1.1" 200 2831 "http://www.mbingenieure.de/" "Mozilla/5.0 (Windows NT 10.0; Win64; x64) AppleWebKit/537.36 (KHTML, like Gecko) Chrome/57.0.2987.133 Safari/537.36"
40.107.202.89 - - [02/Nov/2018:09:26:47 +0100] "GET /js/libs/modernizr-2.5.3.min.js HTTP/1.1" 200 15274 "http://www.mbingenieure.de/" "Mozilla/5.0 (Windows NT 10.0; Win64; x64) AppleWebKit/537.36 (KHTML, like Gecko) Chrome/57.0.2987.133 Safari/537.36"
40.107.202.89 - - [02/Nov/2018:09:26:47 +0100] "GET /images/logo.png HTTP/1.1" 200 16467 "http://www.mbingenieure.de/" "Mozilla/5.0 (Windows NT 10.0; Win64; x64) AppleWebKit/537.36 (KHTML, like Gecko) Chrome/57.0.2987.133 Safari/537.36"
40.107.202.89 - - [02/Nov/2018:09:26:47 +0100] "GET /images/header.png HTTP/1.1" 200 1494 "http://www.mbingenieure.de/css/style.css" "Mozilla/5.0 (Windows NT 10.0; Win64; x64) AppleWebKit/537.36 (KHTML, like Gecko) Chrome/57.0.2987.133 Safari/537.36"
40.107.202.14 - - [02/Nov/2018:09:26:47 +0100] "GET /images/footer.png HTTP/1.1" 200 1064 "http://www.mbingenieure.de/css/style.css" "Mozilla/5.0 (Windows NT 10.0; Win64; x64) AppleWebKit/537.36 (KHTML, like Gecko) Chrome/57.0.2987.133 Safari/537.36"
40.107.202.89 - - [02/Nov/2018:09:26:47 +0100] "GET /images/bild2.png HTTP/1.1" 200 68475 "http://www.mbingenieure.de/" "Mozilla/5.0 (Windows NT 10.0; Win64; x64) AppleWebKit/537.36 (KHTML, like Gecko) Chrome/57.0.2987.133 Safari/537.36"
40.107.202.14 - - [02/Nov/2018:09:26:47 +0100] "GET /js/plugins.js HTTP/1.1" 200 898 "http://www.mbingenieure.de/" "Mozilla/5.0 (Windows NT 10.0; Win64; x64) AppleWebKit/537.36 (KHTML, like Gecko) Chrome/57.0.2987.133 Safari/537.36"
40.107.202.68 - - [02/Nov/2018:09:26:47 +0100] "GET /images/navi.png HTTP/1.1" 200 946 "http://www.mbingenieure.de/css/style.css" "Mozilla/5.0 (Windows NT 10.0; Win64; x64) AppleWebKit/537.36 (KHTML, like Gecko) Chrome/57.0.2987.133 Safari/537.36"
40.107.202.14 - - [02/Nov/2018:09:26:47 +0100] "GET /images/bild1.png HTTP/1.1" 200 16301 "http://www.mbingenieure.de/" "Mozilla/5.0 (Windows NT 10.0; Win64; x64) AppleWebKit/537.36 (KHTML, like Gecko) Chrome/57.0.2987.133 Safari/537.36"
40.107.202.23 - - [02/Nov/2018:09:26:47 +0100] "GET /images/bild4.png HTTP/1.1" 200 65856 "http://www.mbingenieure.de/" "Mozilla/5.0 (Windows NT 10.0; Win64; x64) AppleWebKit/537.36 (KHTML, like Gecko) Chrome/57.0.2987.133 Safari/537.36"
40.107.202.90 - - [02/Nov/2018:09:26:51 +0100] "GET /favicon.ico HTTP/1.1" 200 93062 "http://www.mbingenieure.de/" "Mozilla/5.0 (Windows NT 10.0; Win64; x64) AppleWebKit/537.36 (KHTML, like Gecko) Chrome/57.0.2987.133 Safari/537.36"
207.46.13.168 - - [02/Nov/2018:09:59:51 +0100] "GET / HTTP/1.1" 304 - "-" "Mozilla/5.0 (compatible; bingbot/2.0; +http://www.bing.com/bingbot.htm)"
52.53.201.78 - - [02/Nov/2018:10:09:12 +0100] "GET / HTTP/1.1" 200 4799 "-" "Mozilla/5.0 (Macintosh; Intel Mac OS X 10_12_6) AppleWebKit/537.36 (KHTML, like Gecko) Chrome/61.0.3163.100 Safari/537.36"
207.46.13.168 - - [02/Nov/2018:12:23:11 +0100] "GET /projekte.html HTTP/1.1" 200 8338 "-" "Mozilla/5.0 (iPhone; CPU iPhone OS 7_0 like Mac OS X) AppleWebKit/537.51.1 (KHTML, like Gecko) Version/7.0 Mobile/11A465 Safari/9537.53 (compatible; bingbot/2.0; +http://www.bing.com/bingbot.htm)"
207.46.13.44 - - [02/Nov/2018:12:23:18 +0100] "GET /robots.txt HTTP/1.1" 404 - "-" "Mozilla/5.0 (compatible; bingbot/2.0; +http://www.bing.com/bingbot.htm)"
207.46.13.44 - - [02/Nov/2018:12:23:18 +0100] "GET /robots.txt HTTP/1.1" 404 - "-" "Mozilla/5.0 (compatible; bingbot/2.0; +http://www.bing.com/bingbot.htm)"
207.46.13.44 - - [02/Nov/2018:12:23:18 +0100] "GET /robots.txt HTTP/1.1" 404 - "-" "Mozilla/5.0 (compatible; bingbot/2.0; +http://www.bing.com/bingbot.htm)"
207.46.13.168 - - [02/Nov/2018:12:23:23 +0100] "GET /js/libs/modernizr-2.5.3.min.js HTTP/1.1" 200 15274 "-" "Mozilla/5.0 (iPhone; CPU iPhone OS 7_0 like Mac OS X) AppleWebKit/537.51.1 (KHTML, like Gecko) Version/7.0 Mobile/11A465 Safari/9537.53 (compatible; bingbot/2.0; +http://www.bing.com/bingbot.htm)"
40.77.167.5 - - [02/Nov/2018:12:23:28 +0100] "GET /css/style.css HTTP/1.1" 200 2831 "-" "Mozilla/5.0 (iPhone; CPU iPhone OS 7_0 like Mac OS X) AppleWebKit/537.51.1 (KHTML, like Gecko) Version/7.0 Mobile/11A465 Safari/9537.53 (compatible; bingbot/2.0; +http://www.bing.com/bingbot.htm)"
40.77.167.5 - - [02/Nov/2018:12:23:28 +0100] "GET /js/plugins.js HTTP/1.1" 200 898 "-" "Mozilla/5.0 (iPhone; CPU iPhone OS 7_0 like Mac OS X) AppleWebKit/537.51.1 (KHTML, like Gecko) Version/7.0 Mobile/11A465 Safari/9537.53 (compatible; bingbot/2.0; +http://www.bing.com/bingbot.htm)"
37.115.191.132 - - [02/Nov/2018:13:44:35 +0100] "GET / HTTP/1.1" 200 4799 "-" "Mozilla/5.0 (Windows NT 10.0; Win64; x64) AppleWebKit/537.36 (KHTML, like Gecko) Chrome/63.0.3239.132 Safari/537.36"
37.115.191.132 - - [02/Nov/2018:13:44:35 +0100] "GET /wp-includes/wlwmanifest.xml HTTP/1.1" 404 - "-" "Mozilla/5.0 (Windows NT 10.0; Win64; x64) AppleWebKit/537.36 (KHTML, like Gecko) Chrome/63.0.3239.132 Safari/537.36"
37.115.191.132 - - [02/Nov/2018:13:44:35 +0100] "GET /xmlrpc.php?rsd HTTP/1.1" 404 - "-" "Mozilla/5.0 (Windows NT 10.0; Win64; x64) AppleWebKit/537.36 (KHTML, like Gecko) Chrome/63.0.3239.132 Safari/537.36"
37.115.191.132 - - [02/Nov/2018:13:44:35 +0100] "GET / HTTP/1.1" 200 4799 "-" "Mozilla/5.0 (Windows NT 10.0; Win64; x64) AppleWebKit/537.36 (KHTML, like Gecko) Chrome/63.0.3239.132 Safari/537.36"
37.115.191.132 - - [02/Nov/2018:13:44:36 +0100] "GET /blog/wp-includes/wlwmanifest.xml HTTP/1.1" 404 - "-" "Mozilla/5.0 (Windows NT 10.0; Win64; x64) AppleWebKit/537.36 (KHTML, like Gecko) Chrome/63.0.3239.132 Safari/537.36"
37.115.191.132 - - [02/Nov/2018:13:44:36 +0100] "GET /wordpress/wp-includes/wlwmanifest.xml HTTP/1.1" 404 - "-" "Mozilla/5.0 (Windows NT 10.0; Win64; x64) AppleWebKit/537.36 (KHTML, like Gecko) Chrome/63.0.3239.132 Safari/537.36"
37.115.191.132 - - [02/Nov/2018:13:44:36 +0100] "GET /wp/wp-includes/wlwmanifest.xml HTTP/1.1" 404 - "-" "Mozilla/5.0 (Windows NT 10.0; Win64; x64) AppleWebKit/537.36 (KHTML, like Gecko) Chrome/63.0.3239.132 Safari/537.36"
37.115.191.132 - - [02/Nov/2018:13:44:36 +0100] "GET /site/wp-includes/wlwmanifest.xml HTTP/1.1" 404 - "-" "Mozilla/5.0 (Windows NT 10.0; Win64; x64) AppleWebKit/537.36 (KHTML, like Gecko) Chrome/63.0.3239.132 Safari/537.36"
37.115.191.132 - - [02/Nov/2018:13:44:36 +0100] "GET /cms/wp-includes/wlwmanifest.xml HTTP/1.1" 404 - "-" "Mozilla/5.0 (Windows NT 10.0; Win64; x64) AppleWebKit/537.36 (KHTML, like Gecko) Chrome/63.0.3239.132 Safari/537.36"
92.198.67.156 - - [02/Nov/2018:14:52:56 +0100] "GET / HTTP/1.1" 200 4799 "http://www.sxenon.de/" "Mozilla/5.0 (Windows NT 10.0; Win64; x64) AppleWebKit/537.36 (KHTML, like Gecko) Chrome/64.0.3282.140 Safari/537.36 Edge/17.17134"
92.198.67.156 - - [02/Nov/2018:14:52:56 +0100] "GET /js/libs/modernizr-2.5.3.min.js HTTP/1.1" 200 15274 "http://www.mbingenieure.de/" "Mozilla/5.0 (Windows NT 10.0; Win64; x64) AppleWebKit/537.36 (KHTML, like Gecko) Chrome/64.0.3282.140 Safari/537.36 Edge/17.17134"
92.198.67.156 - - [02/Nov/2018:14:52:56 +0100] "GET /images/logo.png HTTP/1.1" 200 16467 "http://www.mbingenieure.de/" "Mozilla/5.0 (Windows NT 10.0; Win64; x64) AppleWebKit/537.36 (KHTML, like Gecko) Chrome/64.0.3282.140 Safari/537.36 Edge/17.17134"
92.198.67.156 - - [02/Nov/2018:14:52:56 +0100] "GET /css/style.css HTTP/1.1" 200 2831 "http://www.mbingenieure.de/" "Mozilla/5.0 (Windows NT 10.0; Win64; x64) AppleWebKit/537.36 (KHTML, like Gecko) Chrome/64.0.3282.140 Safari/537.36 Edge/17.17134"
92.198.67.156 - - [02/Nov/2018:14:52:56 +0100] "GET /images/bild4.png HTTP/1.1" 200 65856 "http://www.mbingenieure.de/" "Mozilla/5.0 (Windows NT 10.0; Win64; x64) AppleWebKit/537.36 (KHTML, like Gecko) Chrome/64.0.3282.140 Safari/537.36 Edge/17.17134"
92.198.67.156 - - [02/Nov/2018:14:52:57 +0100] "GET /images/bild1.png HTTP/1.1" 200 16301 "http://www.mbingenieure.de/" "Mozilla/5.0 (Windows NT 10.0; Win64; x64) AppleWebKit/537.36 (KHTML, like Gecko) Chrome/64.0.3282.140 Safari/537.36 Edge/17.17134"
92.198.67.156 - - [02/Nov/2018:14:52:57 +0100] "GET /js/plugins.js HTTP/1.1" 200 898 "http://www.mbingenieure.de/" "Mozilla/5.0 (Windows NT 10.0; Win64; x64) AppleWebKit/537.36 (KHTML, like Gecko) Chrome/64.0.3282.140 Safari/537.36 Edge/17.17134"
92.198.67.156 - - [02/Nov/2018:14:52:57 +0100] "GET /images/header.png HTTP/1.1" 200 1494 "http://www.mbingenieure.de/" "Mozilla/5.0 (Windows NT 10.0; Win64; x64) AppleWebKit/537.36 (KHTML, like Gecko) Chrome/64.0.3282.140 Safari/537.36 Edge/17.17134"
92.198.67.156 - - [02/Nov/2018:14:52:57 +0100] "GET /images/footer.png HTTP/1.1" 200 1064 "http://www.mbingenieure.de/" "Mozilla/5.0 (Windows NT 10.0; Win64; x64) AppleWebKit/537.36 (KHTML, like Gecko) Chrome/64.0.3282.140 Safari/537.36 Edge/17.17134"
92.198.67.156 - - [02/Nov/2018:14:52:57 +0100] "GET /images/bild2.png HTTP/1.1" 200 68475 "http://www.mbingenieure.de/" "Mozilla/5.0 (Windows NT 10.0; Win64; x64) AppleWebKit/537.36 (KHTML, like Gecko) Chrome/64.0.3282.140 Safari/537.36 Edge/17.17134"
92.198.67.156 - - [02/Nov/2018:14:52:57 +0100] "GET /images/navi.png HTTP/1.1" 200 946 "http://www.mbingenieure.de/" "Mozilla/5.0 (Windows NT 10.0; Win64; x64) AppleWebKit/537.36 (KHTML, like Gecko) Chrome/64.0.3282.140 Safari/537.36 Edge/17.17134"
92.198.67.156 - - [02/Nov/2018:14:52:57 +0100] "GET /favicon.ico HTTP/1.1" 200 93062 "-" "Mozilla/5.0 (Windows NT 10.0; Win64; x64) AppleWebKit/537.36 (KHTML, like Gecko) Chrome/64.0.3282.140 Safari/537.36 Edge/17.17134"
92.198.67.156 - - [02/Nov/2018:14:53:07 +0100] "GET /uns.html HTTP/1.1" 200 4520 "http://www.mbingenieure.de/" "Mozilla/5.0 (Windows NT 10.0; Win64; x64) AppleWebKit/537.36 (KHTML, like Gecko) Chrome/64.0.3282.140 Safari/537.36 Edge/17.17134"
92.198.67.156 - - [02/Nov/2018:14:53:23 +0100] "GET /referenz.html HTTP/1.1" 200 11524 "http://www.mbingenieure.de/uns.html" "Mozilla/5.0 (Windows NT 10.0; Win64; x64) AppleWebKit/537.36 (KHTML, like Gecko) Chrome/64.0.3282.140 Safari/537.36 Edge/17.17134"
82.208.160.181 - - [02/Nov/2018:19:28:37 +0100] "GET / HTTP/1.1" 200 4799 "-" "Mozilla/5.0 (compatible& Googlebot/2.1& +http://www.google.com/bot.html)"
82.208.160.181 - - [02/Nov/2018:19:28:38 +0100] "GET / HTTP/1.1" 200 4799 "-" "Mozilla/5.0 (Linux; U; Android 4.0.3; ko-kr; LG-L160L Build/IML74K) AppleWebkit/534.30 (KHTML, like Gecko) Version/4.0 Mobile Safari/534.30"
54.36.150.106 - - [02/Nov/2018:20:10:59 +0100] "GET /robots.txt HTTP/1.1" 404 - "-" "Mozilla/5.0 (compatible; AhrefsBot/5.2; +http://ahrefs.com/robot/)"
54.36.148.162 - - [02/Nov/2018:20:10:59 +0100] "GET /kontakt.html HTTP/1.1" 200 4581 "-" "Mozilla/5.0 (compatible; AhrefsBot/5.2; +http://ahrefs.com/robot/)"
207.46.13.44 - - [02/Nov/2018:23:19:41 +0100] "GET /uns.html HTTP/1.1" 200 4520 "-" "Mozilla/5.0 (compatible; bingbot/2.0; +http://www.bing.com/bingbot.htm)"
66.249.69.227 - - [03/Nov/2018:01:44:25 +0100] "GET /robots.txt HTTP/1.1" 404 - "-" "Mozilla/5.0 (compatible; Googlebot/2.1; +http://www.google.com/bot.html)"
66.249.69.227 - - [03/Nov/2018:01:44:25 +0100] "GET / HTTP/1.1" 200 4799 "-" "Mozilla/5.0 (Linux; Android 6.0.1; Nexus 5X Build/MMB29P) AppleWebKit/537.36 (KHTML, like Gecko) Chrome/41.0.2272.96 Mobile Safari/537.36 (compatible; Googlebot/2.1; +http://www.google.com/bot.html)"
180.76.15.32 - - [03/Nov/2018:06:26:02 +0100] "GET /robots.txt HTTP/1.1" 404 - "-" "Mozilla/5.0 (Windows NT 5.1; rv:6.0.2) Gecko/20100101 Firefox/6.0.2"
180.76.15.28 - - [03/Nov/2018:06:26:03 +0100] "GET /robots.txt HTTP/1.1" 404 - "-" "Mozilla/5.0 (Windows NT 5.1; rv:6.0.2) Gecko/20100101 Firefox/6.0.2"
180.76.15.136 - - [03/Nov/2018:06:28:55 +0100] "GET / HTTP/1.1" 304 - "-" "Mozilla/5.0 (compatible; Baiduspider/2.0; +http://www.baidu.com/search/spider.html)"
90.187.114.221 - - [03/Nov/2018:06:56:43 +0100] "GET /sitemap.xml HTTP/1.1" 404 - "-" "Mozilla/5.0 (Windows; U; Windows NT 6.0; de; rv:1.9.2.3) Gecko/20100401 Firefox/3.6.3 ( .NET CLR 3.5.30729)"
138.201.30.66 - - [03/Nov/2018:07:30:06 +0100] "GET /robots.txt HTTP/1.1" 404 - "-" "Mozilla/5.0 (compatible; SEOkicks; +https://www.seokicks.de/robot.html)"
138.201.30.66 - - [03/Nov/2018:07:30:07 +0100] "GET / HTTP/1.1" 200 4799 "-" "Mozilla/5.0 (compatible; SEOkicks; +https://www.seokicks.de/robot.html)"
35.204.196.209 - - [03/Nov/2018:10:18:18 +0100] "GET /images/navi.png HTTP/1.1" 200 946 "-" "Mozilla/5.0 (compatible; tracemyfile/1.0)"
66.249.69.253 - - [03/Nov/2018:16:49:50 +0100] "GET /robots.txt HTTP/1.1" 404 - "-" "Mozilla/5.0 (compatible; Googlebot/2.1; +http://www.google.com/bot.html)"
66.249.69.224 - - [03/Nov/2018:16:49:50 +0100] "GET / HTTP/1.1" 200 4799 "-" "Mozilla/5.0 (Linux; Android 6.0.1; Nexus 5X Build/MMB29P) AppleWebKit/537.36 (KHTML, like Gecko) Chrome/41.0.2272.96 Mobile Safari/537.36 (compatible; Googlebot/2.1; +http://www.google.com/bot.html)"
142.93.176.237 - - [03/Nov/2018:19:36:10 +0100] "GET / HTTP/1.1" 200 4799 "-" "Mozilla/5.0 (X11; Datanyze; Linux x86_64) AppleWebKit/537.36 (KHTML, like Gecko) Chrome/65.0.3325.181 Safari/537.36"
142.93.176.237 - - [03/Nov/2018:19:36:10 +0100] "GET /js/libs/modernizr-2.5.3.min.js HTTP/1.1" 200 15274 "http://www.mbingenieure.de/" "Mozilla/5.0 (X11; Datanyze; Linux x86_64) AppleWebKit/537.36 (KHTML, like Gecko) Chrome/65.0.3325.181 Safari/537.36"
142.93.176.237 - - [03/Nov/2018:19:36:10 +0100] "GET /js/plugins.js HTTP/1.1" 200 898 "http://www.mbingenieure.de/" "Mozilla/5.0 (X11; Datanyze; Linux x86_64) AppleWebKit/537.36 (KHTML, like Gecko) Chrome/65.0.3325.181 Safari/537.36"
188.165.200.217 - - [03/Nov/2018:23:56:12 +0100] "HEAD / HTTP/1.1" 200 - "-" "Mozilla/4.0 (compatible; MSIE 5.01; Windows NT 5.0)"
157.55.39.33 - - [04/Nov/2018:04:38:22 +0100] "GET /robots.txt HTTP/1.1" 404 - "-" "Mozilla/5.0 (compatible; bingbot/2.0; +http://www.bing.com/bingbot.htm)"
207.46.13.44 - - [04/Nov/2018:04:38:44 +0100] "GET /uns.html HTTP/1.1" 200 4520 "-" "Mozilla/5.0 (compatible; bingbot/2.0; +http://www.bing.com/bingbot.htm)"
95.163.255.33 - - [04/Nov/2018:05:10:35 +0100] "GET /robots.txt HTTP/1.0" 404 - "-" "Mozilla/5.0 (compatible; Linux x86_64; Mail.RU_Bot/2.0; +http://go.mail.ru/help/robots)"
95.163.255.33 - - [04/Nov/2018:05:10:43 +0100] "GET /www.witerra-bau.de HTTP/1.1" 404 - "-" "Mozilla/5.0 (compatible; Linux x86_64; Mail.RU_Bot/2.0; +http://go.mail.ru/help/robots)"
180.76.15.156 - - [04/Nov/2018:05:18:46 +0100] "GET / HTTP/1.1" 304 - "-" "Mozilla/5.0 (compatible; Baiduspider/2.0; +http://www.baidu.com/search/spider.html)"
66.249.69.227 - - [04/Nov/2018:05:20:15 +0100] "GET /robots.txt HTTP/1.1" 404 - "-" "Mozilla/5.0 (compatible; Googlebot/2.1; +http://www.google.com/bot.html)"
66.249.69.227 - - [04/Nov/2018:05:20:16 +0100] "GET / HTTP/1.1" 200 4799 "-" "Mozilla/5.0 (Linux; Android 6.0.1; Nexus 5X Build/MMB29P) AppleWebKit/537.36 (KHTML, like Gecko) Chrome/41.0.2272.96 Mobile Safari/537.36 (compatible; Googlebot/2.1; +http://www.google.com/bot.html)"
176.9.16.209 - - [04/Nov/2018:09:23:17 +0100] "GET / HTTP/1.1" 200 4799 "-" "Mozilla/5.0 (compatible; MegaIndex.ru/2.0; +http://megaindex.com/crawler)"
176.9.16.209 - - [04/Nov/2018:09:23:20 +0100] "GET /robots.txt HTTP/1.1" 404 - "-" "Mozilla/5.0 (compatible; MegaIndex.ru/2.0; +http://megaindex.com/crawler)"
176.9.16.209 - - [04/Nov/2018:09:23:20 +0100] "GET /index.html HTTP/1.1" 200 4799 "-" "Mozilla/5.0 (compatible; MegaIndex.ru/2.0; +http://megaindex.com/crawler)"
176.9.16.209 - - [04/Nov/2018:09:23:21 +0100] "GET /uns.html HTTP/1.1" 200 4520 "-" "Mozilla/5.0 (compatible; MegaIndex.ru/2.0; +http://megaindex.com/crawler)"
176.9.16.209 - - [04/Nov/2018:09:23:23 +0100] "GET /spektrum.html HTTP/1.1" 200 4492 "-" "Mozilla/5.0 (compatible; MegaIndex.ru/2.0; +http://megaindex.com/crawler)"
176.9.16.209 - - [04/Nov/2018:09:23:29 +0100] "GET /referenz.html HTTP/1.1" 200 11524 "-" "Mozilla/5.0 (compatible; MegaIndex.ru/2.0; +http://megaindex.com/crawler)"
176.9.16.209 - - [04/Nov/2018:09:23:32 +0100] "GET /partner.html HTTP/1.1" 200 4528 "-" "Mozilla/5.0 (compatible; MegaIndex.ru/2.0; +http://megaindex.com/crawler)"
176.9.16.209 - - [04/Nov/2018:09:23:40 +0100] "GET /kontakt.html HTTP/1.1" 200 4581 "-" "Mozilla/5.0 (compatible; MegaIndex.ru/2.0; +http://megaindex.com/crawler)"
176.9.16.209 - - [04/Nov/2018:09:23:41 +0100] "GET /datenschutz.html HTTP/1.1" 200 12023 "-" "Mozilla/5.0 (compatible; MegaIndex.ru/2.0; +http://megaindex.com/crawler)"
176.9.16.209 - - [04/Nov/2018:09:23:43 +0100] "GET /impressum.html HTTP/1.1" 200 5799 "-" "Mozilla/5.0 (compatible; MegaIndex.ru/2.0; +http://megaindex.com/crawler)"
176.9.16.209 - - [04/Nov/2018:09:23:45 +0100] "GET /projekte.html HTTP/1.1" 200 8338 "-" "Mozilla/5.0 (compatible; MegaIndex.ru/2.0; +http://megaindex.com/crawler)"
35.204.147.217 - - [04/Nov/2018:10:32:58 +0100] "GET /images/footer.png HTTP/1.1" 200 1064 "-" "Mozilla/5.0 (compatible; tracemyfile/1.0)"
173.252.87.5 - - [04/Nov/2018:10:38:34 +0100] "HEAD / HTTP/1.1" 206 - "-" "facebookexternalhit/1.1 (+http://www.facebook.com/externalhit_uatext.php)"
173.252.87.6 - - [04/Nov/2018:10:38:38 +0100] "GET / HTTP/1.1" 206 4799 "-" "facebookexternalhit/1.1 (+http://www.facebook.com/externalhit_uatext.php)"
18.185.179.159 - - [04/Nov/2018:13:29:04 +0100] "GET /datenschutz.html HTTP/1.1" 200 12023 "-" "Mozilla/5.0 (compatible; tracemyfile/1.0)"
216.244.66.200 - - [04/Nov/2018:15:00:57 +0100] "GET /robots.txt HTTP/1.1" 404 - "-" "Mozilla/5.0 (compatible; DotBot/1.1; http://www.opensiteexplorer.org/dotbot, help@moz.com)"
216.244.66.200 - - [04/Nov/2018:15:10:26 +0100] "GET /datenschutz.html HTTP/1.1" 200 12023 "-" "Mozilla/5.0 (compatible; DotBot/1.1; http://www.opensiteexplorer.org/dotbot, help@moz.com)"
3.120.175.93 - - [04/Nov/2018:15:47:19 +0100] "GET /partner.html HTTP/1.1" 200 4528 "-" "Mozilla/5.0 (compatible; tracemyfile/1.0)"
52.53.201.78 - - [04/Nov/2018:16:40:34 +0100] "GET / HTTP/1.1" 200 4799 "-" "Mozilla/5.0 (Macintosh; Intel Mac OS X 10_12_6) AppleWebKit/537.36 (KHTML, like Gecko) Chrome/61.0.3163.100 Safari/537.36"
180.76.15.30 - - [04/Nov/2018:19:11:38 +0100] "GET / HTTP/1.1" 304 - "-" "Mozilla/5.0 (compatible; Baiduspider/2.0; +http://www.baidu.com/search/spider.html)"
178.255.215.83 - - [04/Nov/2018:20:16:36 +0100] "GET /robots.txt HTTP/1.1" 404 - "-" "Mozilla/5.0 (compatible; Exabot/3.0; +http://www.exabot.com/go/robot)"
178.255.215.83 - - [04/Nov/2018:20:16:37 +0100] "GET / HTTP/1.1" 200 4799 "-" "Mozilla/5.0 (compatible; Exabot/3.0; +http://www.exabot.com/go/robot)"
18.185.179.159 - - [05/Nov/2018:04:04:37 +0100] "GET /index.html HTTP/1.1" 200 4799 "-" "Mozilla/5.0 (compatible; tracemyfile/1.0)"
18.185.179.159 - - [05/Nov/2018:07:42:09 +0100] "GET /uns.html HTTP/1.1" 200 4520 "-" "Mozilla/5.0 (compatible; tracemyfile/1.0)"
66.249.69.227 - - [05/Nov/2018:13:42:50 +0100] "GET /robots.txt HTTP/1.1" 404 - "-" "Mozilla/5.0 (compatible; Googlebot/2.1; +http://www.google.com/bot.html)"
66.249.69.227 - - [05/Nov/2018:13:42:50 +0100] "GET / HTTP/1.1" 200 4799 "-" "Mozilla/5.0 (compatible; Googlebot/2.1; +http://www.google.com/bot.html)"
66.249.69.227 - - [05/Nov/2018:14:03:26 +0100] "GET / HTTP/1.1" 200 4799 "-" "Mozilla/5.0 (Linux; Android 6.0.1; Nexus 5X Build/MMB29P) AppleWebKit/537.36 (KHTML, like Gecko) Chrome/41.0.2272.96 Mobile Safari/537.36 (compatible; Googlebot/2.1; +http://www.google.com/bot.html)"
66.249.69.227 - - [05/Nov/2018:14:11:53 +0100] "GET /js/plugins.js HTTP/1.1" 200 898 "http://www.mbingenieure.de/" "Mozilla/5.0 (Linux; Android 6.0.1; Nexus 5X Build/MMB29P) AppleWebKit/537.36 (KHTML, like Gecko) Chrome/41.0.2272.96 Mobile Safari/537.36 (compatible; Googlebot/2.1; +http://www.google.com/bot.html)"
157.55.39.80 - - [05/Nov/2018:15:03:31 +0100] "GET / HTTP/1.1" 304 - "-" "Mozilla/5.0 (compatible; bingbot/2.0; +http://www.bing.com/bingbot.htm)"
35.204.244.230 - - [05/Nov/2018:17:34:08 +0100] "GET /images/header.png HTTP/1.1" 200 1494 "-" "Mozilla/5.0 (compatible; tracemyfile/1.0)"
95.163.255.38 - - [05/Nov/2018:21:05:00 +0100] "GET /robots.txt HTTP/1.0" 404 - "-" "Mozilla/5.0 (compatible; Linux x86_64; Mail.RU_Bot/2.0; +http://go.mail.ru/help/robots)"
95.163.255.39 - - [05/Nov/2018:21:05:01 +0100] "GET /referenz.html HTTP/1.1" 200 11524 "-" "Mozilla/5.0 (compatible; Linux x86_64; Mail.RU_Bot/2.0; +http://go.mail.ru/help/robots)"
159.203.93.120 - - [05/Nov/2018:23:48:34 +0100] "GET / HTTP/1.1" 200 4799 "http://www.mbingenieure.de" "Mozilla/5.0 (X11; Datanyze; Linux x86_64) AppleWebKit/537.36 (KHTML, like Gecko) Chrome/65.0.3325.181 Safari/537.36"
159.203.93.120 - - [05/Nov/2018:23:48:36 +0100] "GET /js/plugins.js HTTP/1.1" 200 898 "-" "Mozilla/5.0 (X11; Datanyze; Linux x86_64) AppleWebKit/537.36 (KHTML, like Gecko) Chrome/65.0.3325.181 Safari/537.36"
159.203.93.120 - - [05/Nov/2018:23:48:36 +0100] "GET /js/libs/modernizr-2.5.3.min.js HTTP/1.1" 200 15274 "-" "Mozilla/5.0 (X11; Datanyze; Linux x86_64) AppleWebKit/537.36 (KHTML, like Gecko) Chrome/65.0.3325.181 Safari/537.36"
159.203.93.120 - - [05/Nov/2018:23:48:36 +0100] "GET /css/style.css HTTP/1.1" 200 2831 "-" "Mozilla/5.0 (X11; Datanyze; Linux x86_64) AppleWebKit/537.36 (KHTML, like Gecko) Chrome/65.0.3325.181 Safari/537.36"
159.203.93.120 - - [05/Nov/2018:23:48:44 +0100] "GET /robots.txt HTTP/1.1" 404 - "-" "Mozilla/5.0 (Macintosh; Intel Mac OS X 10.9; rv:29.0) Gecko/20100101 Firefox/29.0"
159.203.93.120 - - [05/Nov/2018:23:48:48 +0100] "GET /uns.html HTTP/1.1" 200 4520 "http://www.mbingenieure.de" "Mozilla/5.0 (X11; Datanyze; Linux x86_64) AppleWebKit/537.36 (KHTML, like Gecko) Chrome/65.0.3325.181 Safari/537.36"
159.203.93.120 - - [05/Nov/2018:23:48:49 +0100] "GET /index.html HTTP/1.1" 200 4799 "http://www.mbingenieure.de" "Mozilla/5.0 (X11; Datanyze; Linux x86_64) AppleWebKit/537.36 (KHTML, like Gecko) Chrome/65.0.3325.181 Safari/537.36"
159.203.93.120 - - [05/Nov/2018:23:48:49 +0100] "GET /spektrum.html HTTP/1.1" 200 4492 "http://www.mbingenieure.de" "Mozilla/5.0 (X11; Datanyze; Linux x86_64) AppleWebKit/537.36 (KHTML, like Gecko) Chrome/65.0.3325.181 Safari/537.36"
159.203.93.120 - - [05/Nov/2018:23:48:50 +0100] "GET /referenz.html HTTP/1.1" 200 11524 "http://www.mbingenieure.de" "Mozilla/5.0 (X11; Datanyze; Linux x86_64) AppleWebKit/537.36 (KHTML, like Gecko) Chrome/65.0.3325.181 Safari/537.36"
159.203.93.120 - - [05/Nov/2018:23:48:50 +0100] "GET /partner.html HTTP/1.1" 200 4528 "http://www.mbingenieure.de" "Mozilla/5.0 (X11; Datanyze; Linux x86_64) AppleWebKit/537.36 (KHTML, like Gecko) Chrome/65.0.3325.181 Safari/537.36"
159.203.93.120 - - [05/Nov/2018:23:48:50 +0100] "GET /kontakt.html HTTP/1.1" 200 4581 "http://www.mbingenieure.de" "Mozilla/5.0 (X11; Datanyze; Linux x86_64) AppleWebKit/537.36 (KHTML, like Gecko) Chrome/65.0.3325.181 Safari/537.36"
159.203.93.120 - - [05/Nov/2018:23:48:50 +0100] "GET /datenschutz.html HTTP/1.1" 200 12023 "http://www.mbingenieure.de" "Mozilla/5.0 (X11; Datanyze; Linux x86_64) AppleWebKit/537.36 (KHTML, like Gecko) Chrome/65.0.3325.181 Safari/537.36"
159.203.93.120 - - [05/Nov/2018:23:48:51 +0100] "GET /impressum.html HTTP/1.1" 200 5799 "http://www.mbingenieure.de" "Mozilla/5.0 (X11; Datanyze; Linux x86_64) AppleWebKit/537.36 (KHTML, like Gecko) Chrome/65.0.3325.181 Safari/537.36"
90.187.114.221 - - [06/Nov/2018:05:47:37 +0100] "GET / HTTP/1.1" 200 4799 "-" "Mozilla/5.0 (Windows; U; Windows NT 6.0; de; rv:1.9.2.3) Gecko/20100401 Firefox/3.6.3 ( .NET CLR 3.5.30729)"
185.111.169.30 - - [06/Nov/2018:07:46:44 +0100] "GET / HTTP/1.1" 200 4799 "-" "Mozilla/5.0 (Windows NT 10.0; WOW64; rv:51.0) Gecko/20100101 Firefox/51.0"
185.111.169.30 - - [06/Nov/2018:07:46:45 +0100] "GET / HTTP/1.1" 200 4799 "-" "Mozilla/5.0 (Windows NT 10.0; WOW64; rv:51.0) Gecko/20100101 Firefox/51.0"
185.111.169.30 - - [06/Nov/2018:07:47:03 +0100] "GET / HTTP/1.1" 200 4799 "-" "Mozilla/5.0 (compatible; MSIE 10.0; Windows NT 6.1; WOW64; Trident/6.0)"
185.111.169.30 - - [06/Nov/2018:07:47:03 +0100] "GET /js/libs/modernizr-2.5.3.min.js HTTP/1.1" 200 15274 "http://www.mbingenieure.de/" "Mozilla/5.0 (compatible; MSIE 10.0; Windows NT 6.1; WOW64; Trident/6.0)"
185.111.169.30 - - [06/Nov/2018:07:47:03 +0100] "GET /css/style.css HTTP/1.1" 200 2831 "http://www.mbingenieure.de/" "Mozilla/5.0 (compatible; MSIE 10.0; Windows NT 6.1; WOW64; Trident/6.0)"
185.111.169.30 - - [06/Nov/2018:07:47:03 +0100] "GET /images/bild1.png HTTP/1.1" 200 16301 "http://www.mbingenieure.de/" "Mozilla/5.0 (compatible; MSIE 10.0; Windows NT 6.1; WOW64; Trident/6.0)"
185.111.169.30 - - [06/Nov/2018:07:47:03 +0100] "GET /images/logo.png HTTP/1.1" 200 16467 "http://www.mbingenieure.de/" "Mozilla/5.0 (compatible; MSIE 10.0; Windows NT 6.1; WOW64; Trident/6.0)"
185.111.169.30 - - [06/Nov/2018:07:47:03 +0100] "GET /js/plugins.js HTTP/1.1" 200 898 "http://www.mbingenieure.de/" "Mozilla/5.0 (compatible; MSIE 10.0; Windows NT 6.1; WOW64; Trident/6.0)"
185.111.169.30 - - [06/Nov/2018:07:47:03 +0100] "GET /images/footer.png HTTP/1.1" 200 1064 "http://www.mbingenieure.de/" "Mozilla/5.0 (compatible; MSIE 10.0; Windows NT 6.1; WOW64; Trident/6.0)"
185.111.169.30 - - [06/Nov/2018:07:47:03 +0100] "GET /images/bild4.png HTTP/1.1" 200 65856 "http://www.mbingenieure.de/" "Mozilla/5.0 (compatible; MSIE 10.0; Windows NT 6.1; WOW64; Trident/6.0)"
185.111.169.30 - - [06/Nov/2018:07:47:03 +0100] "GET /images/bild2.png HTTP/1.1" 200 68475 "http://www.mbingenieure.de/" "Mozilla/5.0 (compatible; MSIE 10.0; Windows NT 6.1; WOW64; Trident/6.0)"
185.111.169.30 - - [06/Nov/2018:07:47:03 +0100] "GET /images/header.png HTTP/1.1" 200 1494 "http://www.mbingenieure.de/" "Mozilla/5.0 (compatible; MSIE 10.0; Windows NT 6.1; WOW64; Trident/6.0)"
185.111.169.30 - - [06/Nov/2018:07:47:03 +0100] "GET /images/navi.png HTTP/1.1" 200 946 "http://www.mbingenieure.de/" "Mozilla/5.0 (compatible; MSIE 10.0; Windows NT 6.1; WOW64; Trident/6.0)"
185.111.169.30 - - [06/Nov/2018:07:47:03 +0100] "GET /favicon.ico HTTP/1.1" 200 93062 "-" "Mozilla/5.0 (compatible; MSIE 10.0; Windows NT 6.1; WOW64; Trident/6.0)"
79.213.111.212 - - [06/Nov/2018:14:15:44 +0100] "GET / HTTP/1.1" 200 4799 "http://www.witerra-bau.de/partner.html" "Mozilla/5.0 (Macintosh; Intel Mac OS X 10_10_5) AppleWebKit/603.3.8 (KHTML, like Gecko) Version/10.1.2 Safari/603.3.8"
79.213.111.212 - - [06/Nov/2018:14:15:44 +0100] "GET /images/bild1.png HTTP/1.1" 200 16301 "http://www.mbingenieure.de/" "Mozilla/5.0 (Macintosh; Intel Mac OS X 10_10_5) AppleWebKit/603.3.8 (KHTML, like Gecko) Version/10.1.2 Safari/603.3.8"
79.213.111.212 - - [06/Nov/2018:14:15:44 +0100] "GET /css/style.css HTTP/1.1" 200 2831 "http://www.mbingenieure.de/" "Mozilla/5.0 (Macintosh; Intel Mac OS X 10_10_5) AppleWebKit/603.3.8 (KHTML, like Gecko) Version/10.1.2 Safari/603.3.8"
79.213.111.212 - - [06/Nov/2018:14:15:44 +0100] "GET /js/libs/modernizr-2.5.3.min.js HTTP/1.1" 200 15274 "http://www.mbingenieure.de/" "Mozilla/5.0 (Macintosh; Intel Mac OS X 10_10_5) AppleWebKit/603.3.8 (KHTML, like Gecko) Version/10.1.2 Safari/603.3.8"
79.213.111.212 - - [06/Nov/2018:14:15:44 +0100] "GET /images/bild2.png HTTP/1.1" 200 68475 "http://www.mbingenieure.de/" "Mozilla/5.0 (Macintosh; Intel Mac OS X 10_10_5) AppleWebKit/603.3.8 (KHTML, like Gecko) Version/10.1.2 Safari/603.3.8"
79.213.111.212 - - [06/Nov/2018:14:15:44 +0100] "GET /images/logo.png HTTP/1.1" 200 16467 "http://www.mbingenieure.de/" "Mozilla/5.0 (Macintosh; Intel Mac OS X 10_10_5) AppleWebKit/603.3.8 (KHTML, like Gecko) Version/10.1.2 Safari/603.3.8"
79.213.111.212 - - [06/Nov/2018:14:15:44 +0100] "GET /js/plugins.js HTTP/1.1" 200 898 "http://www.mbingenieure.de/" "Mozilla/5.0 (Macintosh; Intel Mac OS X 10_10_5) AppleWebKit/603.3.8 (KHTML, like Gecko) Version/10.1.2 Safari/603.3.8"
79.213.111.212 - - [06/Nov/2018:14:15:44 +0100] "GET /images/footer.png HTTP/1.1" 200 1064 "http://www.mbingenieure.de/" "Mozilla/5.0 (Macintosh; Intel Mac OS X 10_10_5) AppleWebKit/603.3.8 (KHTML, like Gecko) Version/10.1.2 Safari/603.3.8"
79.213.111.212 - - [06/Nov/2018:14:15:44 +0100] "GET /images/navi.png HTTP/1.1" 200 946 "http://www.mbingenieure.de/" "Mozilla/5.0 (Macintosh; Intel Mac OS X 10_10_5) AppleWebKit/603.3.8 (KHTML, like Gecko) Version/10.1.2 Safari/603.3.8"
79.213.111.212 - - [06/Nov/2018:14:15:44 +0100] "GET /images/header.png HTTP/1.1" 200 1494 "http://www.mbingenieure.de/" "Mozilla/5.0 (Macintosh; Intel Mac OS X 10_10_5) AppleWebKit/603.3.8 (KHTML, like Gecko) Version/10.1.2 Safari/603.3.8"
79.213.111.212 - - [06/Nov/2018:14:15:44 +0100] "GET /images/bild4.png HTTP/1.1" 200 65856 "http://www.mbingenieure.de/" "Mozilla/5.0 (Macintosh; Intel Mac OS X 10_10_5) AppleWebKit/603.3.8 (KHTML, like Gecko) Version/10.1.2 Safari/603.3.8"
79.213.111.212 - - [06/Nov/2018:14:15:45 +0100] "GET /favicon.ico HTTP/1.1" 200 93062 "http://www.mbingenieure.de/" "Mozilla/5.0 (Macintosh; Intel Mac OS X 10_10_5) AppleWebKit/603.3.8 (KHTML, like Gecko) Version/10.1.2 Safari/603.3.8"
157.55.39.33 - - [06/Nov/2018:20:07:49 +0100] "GET /robots.txt HTTP/1.1" 404 - "-" "Mozilla/5.0 (compatible; bingbot/2.0; +http://www.bing.com/bingbot.htm)"
207.46.13.46 - - [06/Nov/2018:20:08:25 +0100] "GET / HTTP/1.1" 200 4799 "-" "Mozilla/5.0 (compatible; bingbot/2.0; +http://www.bing.com/bingbot.htm)"
216.244.66.200 - - [06/Nov/2018:20:19:03 +0100] "GET /robots.txt HTTP/1.1" 404 - "-" "Mozilla/5.0 (compatible; DotBot/1.1; http://www.opensiteexplorer.org/dotbot, help@moz.com)"
216.244.66.200 - - [06/Nov/2018:20:30:51 +0100] "GET /index.html HTTP/1.1" 200 4799 "-" "Mozilla/5.0 (compatible; DotBot/1.1; http://www.opensiteexplorer.org/dotbot, help@moz.com)"
157.55.39.161 - - [06/Nov/2018:20:33:37 +0100] "GET /referenz.html HTTP/1.1" 200 11524 "-" "Mozilla/5.0 (compatible; bingbot/2.0; +http://www.bing.com/bingbot.htm)"
39.98.58.145 - - [06/Nov/2018:21:44:22 +0100] "GET / HTTP/1.1" 200 4799 "-" "-"
195.201.171.107 - - [06/Nov/2018:22:04:23 +0100] "GET / HTTP/1.1" 200 4799 "-" "Mozilla/5.0 (X11; Ubuntu; Linux i686; rv:62.0.2) Gecko/20100101 Firefox/62.0.2"
52.53.201.78 - - [06/Nov/2018:23:01:27 +0100] "GET / HTTP/1.1" 200 4799 "-" "Mozilla/5.0 (Macintosh; Intel Mac OS X 10_12_6) AppleWebKit/537.36 (KHTML, like Gecko) Chrome/61.0.3163.100 Safari/537.36"
90.187.114.221 - - [07/Nov/2018:02:53:57 +0100] "GET /datenschutz.html HTTP/1.1" 200 12023 "-" "Mozilla/5.0 (Windows; U; Windows NT 6.0; de; rv:1.9.2.3) Gecko/20100401 Firefox/3.6.3 ( .NET CLR 3.5.30729)"
138.197.104.4 - - [07/Nov/2018:03:17:52 +0100] "GET / HTTP/1.1" 200 4799 "-" "Mozilla/5.0 (X11; Datanyze; Linux x86_64) AppleWebKit/537.36 (KHTML, like Gecko) Chrome/65.0.3325.181 Safari/537.36"
138.197.104.4 - - [07/Nov/2018:03:17:52 +0100] "GET /js/libs/modernizr-2.5.3.min.js HTTP/1.1" 200 15274 "http://www.mbingenieure.de/" "Mozilla/5.0 (X11; Datanyze; Linux x86_64) AppleWebKit/537.36 (KHTML, like Gecko) Chrome/65.0.3325.181 Safari/537.36"
138.197.104.4 - - [07/Nov/2018:03:17:53 +0100] "GET /js/plugins.js HTTP/1.1" 200 898 "http://www.mbingenieure.de/" "Mozilla/5.0 (X11; Datanyze; Linux x86_64) AppleWebKit/537.36 (KHTML, like Gecko) Chrome/65.0.3325.181 Safari/537.36"
204.12.226.26 - - [07/Nov/2018:03:24:51 +0100] "GET /robots.txt HTTP/1.0" 404 - "-" "Mozilla/5.0 (compatible; MJ12bot/v1.4.8; http://mj12bot.com/)"
204.12.226.26 - - [07/Nov/2018:03:25:26 +0100] "GET / HTTP/1.0" 200 4799 "-" "Mozilla/5.0 (compatible; MJ12bot/v1.4.8; http://mj12bot.com/)"
90.187.114.221 - - [07/Nov/2018:05:24:00 +0100] "GET /referenz.html HTTP/1.1" 200 11524 "-" "Mozilla/5.0 (Windows; U; Windows NT 6.0; de; rv:1.9.2.3) Gecko/20100401 Firefox/3.6.3 ( .NET CLR 3.5.30729)"
90.187.114.221 - - [07/Nov/2018:06:20:42 +0100] "GET /impressum.html HTTP/1.1" 200 5799 "-" "Mozilla/5.0 (Windows; U; Windows NT 6.0; de; rv:1.9.2.3) Gecko/20100401 Firefox/3.6.3 ( .NET CLR 3.5.30729)"
90.187.114.221 - - [07/Nov/2018:06:23:49 +0100] "GET /spektrum.html HTTP/1.1" 200 4492 "-" "Mozilla/5.0 (Windows; U; Windows NT 6.0; de; rv:1.9.2.3) Gecko/20100401 Firefox/3.6.3 ( .NET CLR 3.5.30729)"
90.187.114.221 - - [07/Nov/2018:06:48:38 +0100] "GET /partner.html HTTP/1.1" 200 4528 "-" "Mozilla/5.0 (Windows; U; Windows NT 6.0; de; rv:1.9.2.3) Gecko/20100401 Firefox/3.6.3 ( .NET CLR 3.5.30729)"
90.187.114.221 - - [07/Nov/2018:07:10:11 +0100] "GET /uns.html HTTP/1.1" 200 4520 "-" "Mozilla/5.0 (Windows; U; Windows NT 6.0; de; rv:1.9.2.3) Gecko/20100401 Firefox/3.6.3 ( .NET CLR 3.5.30729)"
207.46.13.46 - - [07/Nov/2018:07:17:53 +0100] "GET /projekte.html HTTP/1.1" 200 8338 "-" "Mozilla/5.0 (compatible; bingbot/2.0; +http://www.bing.com/bingbot.htm)"
90.187.114.221 - - [07/Nov/2018:07:18:22 +0100] "GET /kontakt.html HTTP/1.1" 200 4581 "-" "Mozilla/5.0 (Windows; U; Windows NT 6.0; de; rv:1.9.2.3) Gecko/20100401 Firefox/3.6.3 ( .NET CLR 3.5.30729)"
90.187.114.221 - - [07/Nov/2018:07:27:32 +0100] "GET /index.html HTTP/1.1" 200 4799 "-" "Mozilla/5.0 (Windows; U; Windows NT 6.0; de; rv:1.9.2.3) Gecko/20100401 Firefox/3.6.3 ( .NET CLR 3.5.30729)"
157.55.39.161 - - [07/Nov/2018:07:44:47 +0100] "GET /impressum.html HTTP/1.1" 200 5799 "-" "Mozilla/5.0 (compatible; bingbot/2.0; +http://www.bing.com/bingbot.htm)"
218.66.74.199 - - [07/Nov/2018:11:24:53 +0100] "HEAD /wp-blog-header.php HTTP/1.1" 404 - "-" "-"
77.75.76.169 - - [07/Nov/2018:11:31:43 +0100] "GET /robots.txt HTTP/1.1" 404 - "-" "Mozilla/5.0 (compatible; SeznamBot/3.2; +http://napoveda.seznam.cz/en/seznambot-intro/)"
77.75.76.169 - - [07/Nov/2018:11:31:44 +0100] "GET /images/bild2.png HTTP/1.1" 200 68475 "-" "Mozilla/5.0 (compatible; SeznamBot/3.2; +http://napoveda.seznam.cz/en/seznambot-intro/)"
77.75.76.169 - - [07/Nov/2018:11:31:45 +0100] "GET /datenschutz.html HTTP/1.1" 304 - "-" "Mozilla/5.0 (compatible; SeznamBot/3.2; +http://napoveda.seznam.cz/en/seznambot-intro/)"
185.223.145.34 - - [07/Nov/2018:11:33:19 +0100] "GET /impressum.html HTTP/1.1" 200 5799 "-" "Mozilla/5.0 (Windows NT 10.0; Win64; x64) AppleWebKit/537.36 (KHTML, like Gecko) Chrome/64.0.3282.140 Safari/537.36 Edge/17.17134"
185.223.145.34 - - [07/Nov/2018:11:33:19 +0100] "GET /js/libs/modernizr-2.5.3.min.js HTTP/1.1" 200 15274 "http://www.mbingenieure.de/impressum.html" "Mozilla/5.0 (Windows NT 10.0; Win64; x64) AppleWebKit/537.36 (KHTML, like Gecko) Chrome/64.0.3282.140 Safari/537.36 Edge/17.17134"
185.223.145.34 - - [07/Nov/2018:11:33:19 +0100] "GET /css/style.css HTTP/1.1" 200 2831 "http://www.mbingenieure.de/impressum.html" "Mozilla/5.0 (Windows NT 10.0; Win64; x64) AppleWebKit/537.36 (KHTML, like Gecko) Chrome/64.0.3282.140 Safari/537.36 Edge/17.17134"
185.223.145.34 - - [07/Nov/2018:11:33:19 +0100] "GET /js/plugins.js HTTP/1.1" 200 898 "http://www.mbingenieure.de/impressum.html" "Mozilla/5.0 (Windows NT 10.0; Win64; x64) AppleWebKit/537.36 (KHTML, like Gecko) Chrome/64.0.3282.140 Safari/537.36 Edge/17.17134"
185.223.145.34 - - [07/Nov/2018:11:33:19 +0100] "GET /images/footer.png HTTP/1.1" 200 1064 "http://www.mbingenieure.de/impressum.html" "Mozilla/5.0 (Windows NT 10.0; Win64; x64) AppleWebKit/537.36 (KHTML, like Gecko) Chrome/64.0.3282.140 Safari/537.36 Edge/17.17134"
185.223.145.34 - - [07/Nov/2018:11:33:19 +0100] "GET /images/header.png HTTP/1.1" 200 1494 "http://www.mbingenieure.de/impressum.html" "Mozilla/5.0 (Windows NT 10.0; Win64; x64) AppleWebKit/537.36 (KHTML, like Gecko) Chrome/64.0.3282.140 Safari/537.36 Edge/17.17134"
185.223.145.34 - - [07/Nov/2018:11:33:19 +0100] "GET /images/navi.png HTTP/1.1" 200 946 "http://www.mbingenieure.de/impressum.html" "Mozilla/5.0 (Windows NT 10.0; Win64; x64) AppleWebKit/537.36 (KHTML, like Gecko) Chrome/64.0.3282.140 Safari/537.36 Edge/17.17134"
185.223.145.34 - - [07/Nov/2018:11:33:19 +0100] "GET /favicon.ico HTTP/1.1" 200 93062 "-" "Mozilla/5.0 (Windows NT 10.0; Win64; x64) AppleWebKit/537.36 (KHTML, like Gecko) Chrome/64.0.3282.140 Safari/537.36 Edge/17.17134"
157.55.39.161 - - [07/Nov/2018:15:54:01 +0100] "GET /impressum.html HTTP/1.1" 200 5799 "-" "Mozilla/5.0 (compatible; bingbot/2.0; +http://www.bing.com/bingbot.htm)"
77.67.54.54 - - [07/Nov/2018:15:57:23 +0100] "GET / HTTP/1.1" 200 4799 "-" "Mozilla/5.0 (Windows NT 6.1; WOW64; Trident/7.0; rv:11.0) like Gecko"
66.249.64.22 - - [07/Nov/2018:17:33:07 +0100] "GET /robots.txt HTTP/1.1" 404 - "-" "Mozilla/5.0 (compatible; Googlebot/2.1; +http://www.google.com/bot.html)"
66.249.64.21 - - [07/Nov/2018:17:33:07 +0100] "GET / HTTP/1.1" 200 4799 "-" "Mozilla/5.0 (Linux; Android 6.0.1; Nexus 5X Build/MMB29P) AppleWebKit/537.36 (KHTML, like Gecko) Chrome/41.0.2272.96 Mobile Safari/537.36 (compatible; Googlebot/2.1; +http://www.google.com/bot.html)"
176.8.89.33 - - [07/Nov/2018:18:51:31 +0100] "GET / HTTP/1.1" 200 4799 "-" "Mozilla/5.0 (Windows NT 10.0; Win64; x64) AppleWebKit/537.36 (KHTML, like Gecko) Chrome/63.0.3239.132 Safari/537.36"
176.8.89.33 - - [07/Nov/2018:18:51:31 +0100] "GET /wp-includes/wlwmanifest.xml HTTP/1.1" 404 - "-" "Mozilla/5.0 (Windows NT 10.0; Win64; x64) AppleWebKit/537.36 (KHTML, like Gecko) Chrome/63.0.3239.132 Safari/537.36"
176.8.89.33 - - [07/Nov/2018:18:51:31 +0100] "GET /xmlrpc.php?rsd HTTP/1.1" 404 - "-" "Mozilla/5.0 (Windows NT 10.0; Win64; x64) AppleWebKit/537.36 (KHTML, like Gecko) Chrome/63.0.3239.132 Safari/537.36"
176.8.89.33 - - [07/Nov/2018:18:51:31 +0100] "GET / HTTP/1.1" 200 4799 "-" "Mozilla/5.0 (Windows NT 10.0; Win64; x64) AppleWebKit/537.36 (KHTML, like Gecko) Chrome/63.0.3239.132 Safari/537.36"
176.8.89.33 - - [07/Nov/2018:18:51:31 +0100] "GET /blog/wp-includes/wlwmanifest.xml HTTP/1.1" 404 - "-" "Mozilla/5.0 (Windows NT 10.0; Win64; x64) AppleWebKit/537.36 (KHTML, like Gecko) Chrome/63.0.3239.132 Safari/537.36"
176.8.89.33 - - [07/Nov/2018:18:51:31 +0100] "GET /wordpress/wp-includes/wlwmanifest.xml HTTP/1.1" 404 - "-" "Mozilla/5.0 (Windows NT 10.0; Win64; x64) AppleWebKit/537.36 (KHTML, like Gecko) Chrome/63.0.3239.132 Safari/537.36"
176.8.89.33 - - [07/Nov/2018:18:51:31 +0100] "GET /wp/wp-includes/wlwmanifest.xml HTTP/1.1" 404 - "-" "Mozilla/5.0 (Windows NT 10.0; Win64; x64) AppleWebKit/537.36 (KHTML, like Gecko) Chrome/63.0.3239.132 Safari/537.36"
176.8.89.33 - - [07/Nov/2018:18:51:31 +0100] "GET /site/wp-includes/wlwmanifest.xml HTTP/1.1" 404 - "-" "Mozilla/5.0 (Windows NT 10.0; Win64; x64) AppleWebKit/537.36 (KHTML, like Gecko) Chrome/63.0.3239.132 Safari/537.36"
176.8.89.33 - - [07/Nov/2018:18:51:31 +0100] "GET /cms/wp-includes/wlwmanifest.xml HTTP/1.1" 404 - "-" "Mozilla/5.0 (Windows NT 10.0; Win64; x64) AppleWebKit/537.36 (KHTML, like Gecko) Chrome/63.0.3239.132 Safari/537.36"
216.244.66.200 - - [07/Nov/2018:21:08:21 +0100] "GET /robots.txt HTTP/1.1" 404 - "-" "Mozilla/5.0 (compatible; DotBot/1.1; http://www.opensiteexplorer.org/dotbot, help@moz.com)"
216.244.66.200 - - [07/Nov/2018:21:19:48 +0100] "GET /datenschutz.html HTTP/1.1" 200 12023 "-" "Mozilla/5.0 (compatible; DotBot/1.1; http://www.opensiteexplorer.org/dotbot, help@moz.com)"
82.98.107.53 - - [07/Nov/2018:21:27:37 +0100] "GET /robots.txt HTTP/1.1" 404 - "-" "parser"
157.55.39.161 - - [07/Nov/2018:21:52:00 +0100] "GET /index.html HTTP/1.1" 200 4799 "-" "Mozilla/5.0 (iPhone; CPU iPhone OS 7_0 like Mac OS X) AppleWebKit/537.51.1 (KHTML, like Gecko) Version/7.0 Mobile/11A465 Safari/9537.53 (compatible; bingbot/2.0; +http://www.bing.com/bingbot.htm)"
157.55.39.161 - - [07/Nov/2018:21:52:05 +0100] "GET /robots.txt HTTP/1.1" 404 - "-" "Mozilla/5.0 (compatible; bingbot/2.0; +http://www.bing.com/bingbot.htm)"
