157.55.39.15 - - [16/Jun/2018:22:35:57 +0200] "GET /robots.txt HTTP/1.1" 404 - "-" "Mozilla/5.0 (compatible; bingbot/2.0; +http://www.bing.com/bingbot.htm)"
173.212.205.61 - - [16/Jun/2018:22:50:51 +0200] "GET / HTTP/1.1" 404 - "-" "Mozilla/5.0 (Windows NT 10.0; Win64; x64) AppleWebKit/537.36 (KHTML, like Gecko) Chrome/55.0.2883.87 Safari/537.36"
173.212.205.61 - - [16/Jun/2018:23:50:53 +0200] "GET / HTTP/1.1" 404 - "-" "Mozilla/5.0 (Windows NT 10.0; Win64; x64) AppleWebKit/537.36 (KHTML, like Gecko) Chrome/55.0.2883.87 Safari/537.36"
173.212.205.61 - - [17/Jun/2018:00:51:04 +0200] "GET / HTTP/1.1" 404 - "-" "Mozilla/5.0 (Windows NT 10.0; Win64; x64) AppleWebKit/537.36 (KHTML, like Gecko) Chrome/55.0.2883.87 Safari/537.36"
173.212.205.61 - - [17/Jun/2018:01:50:50 +0200] "GET / HTTP/1.1" 404 - "-" "Mozilla/5.0 (Windows NT 10.0; Win64; x64) AppleWebKit/537.36 (KHTML, like Gecko) Chrome/55.0.2883.87 Safari/537.36"
173.212.205.61 - - [17/Jun/2018:02:50:49 +0200] "GET / HTTP/1.1" 404 - "-" "Mozilla/5.0 (Windows NT 10.0; Win64; x64) AppleWebKit/537.36 (KHTML, like Gecko) Chrome/55.0.2883.87 Safari/537.36"
157.55.39.31 - - [17/Jun/2018:02:59:08 +0200] "GET /images/logo.png HTTP/1.1" 404 - "-" "Mozilla/5.0 (compatible; bingbot/2.0; +http://www.bing.com/bingbot.htm)"
188.240.208.26 - - [17/Jun/2018:03:28:10 +0200] "GET / HTTP/1.0" 404 - "-" "Mozilla/5.0 (Windows NT 6.1; Win64; x64) AppleWebKit/537.36 (KHTML, like Gecko) Chrome/62.0.3202.94 Safari/537.36"
188.240.208.26 - - [17/Jun/2018:03:28:10 +0200] "GET / HTTP/1.0" 404 - "-" "Mozilla/5.0 (Windows NT 6.1; Win64; x64) AppleWebKit/537.36 (KHTML, like Gecko) Chrome/62.0.3202.94 Safari/537.36"
173.212.205.61 - - [17/Jun/2018:03:51:06 +0200] "GET / HTTP/1.1" 404 - "-" "Mozilla/5.0 (Windows NT 10.0; Win64; x64) AppleWebKit/537.36 (KHTML, like Gecko) Chrome/55.0.2883.87 Safari/537.36"
144.217.38.201 - - [17/Jun/2018:04:08:33 +0200] "GET /uns.html HTTP/1.1" 404 - "-" "Mozilla/4.0 (compatible; MSIE 5.0; Windows NT; DigExt; DTS Agent"
144.217.38.201 - - [17/Jun/2018:04:08:33 +0200] "GET / HTTP/1.1" 404 - "-" "Mozilla/4.0 (compatible; MSIE 5.0; Windows NT; DigExt; DTS Agent"
173.212.205.61 - - [17/Jun/2018:04:50:58 +0200] "GET / HTTP/1.1" 404 - "-" "Mozilla/5.0 (Windows NT 10.0; Win64; x64) AppleWebKit/537.36 (KHTML, like Gecko) Chrome/55.0.2883.87 Safari/537.36"
47.106.146.167 - - [17/Jun/2018:05:26:15 +0200] "HEAD /redirect.php HTTP/1.1" 404 - "-" "-"
173.212.205.61 - - [17/Jun/2018:05:51:02 +0200] "GET / HTTP/1.1" 404 - "-" "Mozilla/5.0 (Windows NT 10.0; Win64; x64) AppleWebKit/537.36 (KHTML, like Gecko) Chrome/55.0.2883.87 Safari/537.36"
173.212.205.61 - - [17/Jun/2018:06:50:59 +0200] "GET / HTTP/1.1" 404 - "-" "Mozilla/5.0 (Windows NT 10.0; Win64; x64) AppleWebKit/537.36 (KHTML, like Gecko) Chrome/55.0.2883.87 Safari/537.36"
173.212.205.61 - - [17/Jun/2018:07:50:56 +0200] "GET / HTTP/1.1" 404 - "-" "Mozilla/5.0 (Windows NT 10.0; Win64; x64) AppleWebKit/537.36 (KHTML, like Gecko) Chrome/55.0.2883.87 Safari/537.36"
173.212.205.61 - - [17/Jun/2018:08:51:10 +0200] "GET / HTTP/1.1" 404 - "-" "Mozilla/5.0 (Windows NT 10.0; Win64; x64) AppleWebKit/537.36 (KHTML, like Gecko) Chrome/55.0.2883.87 Safari/537.36"
173.212.205.61 - - [17/Jun/2018:09:51:01 +0200] "GET / HTTP/1.1" 404 - "-" "Mozilla/5.0 (Windows NT 10.0; Win64; x64) AppleWebKit/537.36 (KHTML, like Gecko) Chrome/55.0.2883.87 Safari/537.36"
173.212.205.61 - - [17/Jun/2018:10:50:58 +0200] "GET / HTTP/1.1" 404 - "-" "Mozilla/5.0 (Windows NT 10.0; Win64; x64) AppleWebKit/537.36 (KHTML, like Gecko) Chrome/55.0.2883.87 Safari/537.36"
173.212.205.61 - - [17/Jun/2018:11:50:59 +0200] "GET / HTTP/1.1" 404 - "-" "Mozilla/5.0 (Windows NT 10.0; Win64; x64) AppleWebKit/537.36 (KHTML, like Gecko) Chrome/55.0.2883.87 Safari/537.36"
173.212.205.61 - - [17/Jun/2018:12:50:57 +0200] "GET / HTTP/1.1" 404 - "-" "Mozilla/5.0 (Windows NT 10.0; Win64; x64) AppleWebKit/537.36 (KHTML, like Gecko) Chrome/55.0.2883.87 Safari/537.36"
173.212.205.61 - - [17/Jun/2018:13:51:06 +0200] "GET / HTTP/1.1" 404 - "-" "Mozilla/5.0 (Windows NT 10.0; Win64; x64) AppleWebKit/537.36 (KHTML, like Gecko) Chrome/55.0.2883.87 Safari/537.36"
178.15.220.130 - - [17/Jun/2018:13:59:08 +0200] "GET /uns.html HTTP/1.1" 404 - "https://www.google.de/" "Mozilla/5.0 (Windows NT 6.1; Win64; x64) AppleWebKit/537.36 (KHTML, like Gecko) Chrome/61.0.3163.79 Safari/537.36"
34.207.77.243 - - [17/Jun/2018:13:59:09 +0200] "GET /uns.html HTTP/1.1" 404 - "-" "Mozilla/4.0 (compatible; MSIE 8.0; Windows NT 5.1; Trident/4.0)"
54.157.28.32 - - [17/Jun/2018:13:59:09 +0200] "GET /uns.html HTTP/1.1" 404 - "-" "Mozilla/4.0 (compatible; MSIE 8.0; Windows NT 5.1; Trident/4.0)"
178.15.220.130 - - [17/Jun/2018:13:59:09 +0200] "GET /favicon.ico HTTP/1.1" 404 - "http://www.mbingenieure.de/uns.html" "Mozilla/5.0 (Windows NT 6.1; Win64; x64) AppleWebKit/537.36 (KHTML, like Gecko) Chrome/61.0.3163.79 Safari/537.36"
80.187.106.169 - - [17/Jun/2018:13:59:31 +0200] "GET / HTTP/1.1" 404 - "-" "Mozilla/5.0 (Linux; Android 6.0.1; SM-G903F Build/MMB29K) AppleWebKit/537.36 (KHTML, like Gecko) Chrome/67.0.3396.87 Mobile Safari/537.36"
80.187.106.169 - - [17/Jun/2018:13:59:31 +0200] "GET /favicon.ico HTTP/1.1" 404 - "http://www.mbingenieure.de/" "Mozilla/5.0 (Linux; Android 6.0.1; SM-G903F Build/MMB29K) AppleWebKit/537.36 (KHTML, like Gecko) Chrome/67.0.3396.87 Mobile Safari/537.36"
178.15.220.130 - - [17/Jun/2018:13:59:40 +0200] "GET /referenz.html HTTP/1.1" 404 - "https://www.google.de/" "Mozilla/5.0 (Windows NT 6.1; Win64; x64) AppleWebKit/537.36 (KHTML, like Gecko) Chrome/61.0.3163.79 Safari/537.36"
178.15.220.130 - - [17/Jun/2018:13:59:50 +0200] "GET /partner.html HTTP/1.1" 404 - "https://www.google.de/" "Mozilla/5.0 (Windows NT 6.1; Win64; x64) AppleWebKit/537.36 (KHTML, like Gecko) Chrome/61.0.3163.79 Safari/537.36"
194.173.174.106 - - [17/Jun/2018:14:19:09 +0200] "HEAD / HTTP/1.1" 404 - "-" "Mozilla/5.0 (Windows NT 6.3; WOW64) AppleWebKit/537.36 (KHTML, like Gecko) Chrome/43.0.2357.134 Safari/537.36"
194.173.174.106 - - [17/Jun/2018:14:19:09 +0200] "GET / HTTP/1.1" 404 - "-" "Mozilla/5.0 (Windows NT 6.3; WOW64) AppleWebKit/537.36 (KHTML, like Gecko) Chrome/43.0.2357.134 Safari/537.36"
173.212.205.61 - - [17/Jun/2018:14:52:29 +0200] "GET / HTTP/1.1" 404 - "-" "Mozilla/5.0 (Windows NT 10.0; Win64; x64) AppleWebKit/537.36 (KHTML, like Gecko) Chrome/55.0.2883.87 Safari/537.36"
66.249.87.95 - - [17/Jun/2018:15:15:43 +0200] "GET /google6897fe793a0b5fb5.html HTTP/1.1" 404 - "-" "Mozilla/5.0 (compatible; Google-Site-Verification/1.0)"
66.249.87.95 - - [17/Jun/2018:15:15:44 +0200] "GET /google96721bab6c5575fe.html HTTP/1.1" 404 - "-" "Mozilla/5.0 (compatible; Google-Site-Verification/1.0)"
157.55.39.214 - - [17/Jun/2018:15:36:45 +0200] "GET /partner.html HTTP/1.1" 404 - "-" "Mozilla/5.0 (compatible; bingbot/2.0; +http://www.bing.com/bingbot.htm)"
54.36.150.106 - - [17/Jun/2018:15:48:45 +0200] "GET /robots.txt HTTP/1.1" 404 - "-" "Mozilla/5.0 (compatible; AhrefsBot/5.2; +http://ahrefs.com/robot/)"
54.36.148.97 - - [17/Jun/2018:15:48:45 +0200] "GET /referenz.html HTTP/1.1" 404 - "-" "Mozilla/5.0 (compatible; AhrefsBot/5.2; +http://ahrefs.com/robot/)"
173.212.205.61 - - [17/Jun/2018:15:51:08 +0200] "GET / HTTP/1.1" 404 - "-" "Mozilla/5.0 (Windows NT 10.0; Win64; x64) AppleWebKit/537.36 (KHTML, like Gecko) Chrome/55.0.2883.87 Safari/537.36"
136.243.83.16 - - [17/Jun/2018:16:33:37 +0200] "GET /robots.txt HTTP/1.1" 404 - "-" "Mozilla/5.0 (compatible; MetaJobBot; http://www.metajob.de/crawler)"
136.243.83.16 - - [17/Jun/2018:16:33:37 +0200] "GET / HTTP/1.1" 404 - "-" "Mozilla/5.0 (compatible; MetaJobBot; http://www.metajob.de/crawler)"
157.55.39.67 - - [17/Jun/2018:16:36:53 +0200] "GET /impressum.html HTTP/1.1" 404 - "-" "Mozilla/5.0 (compatible; bingbot/2.0; +http://www.bing.com/bingbot.htm)"
173.212.205.61 - - [17/Jun/2018:16:51:06 +0200] "GET / HTTP/1.1" 404 - "-" "Mozilla/5.0 (Windows NT 10.0; Win64; x64) AppleWebKit/537.36 (KHTML, like Gecko) Chrome/55.0.2883.87 Safari/537.36"
173.212.205.61 - - [17/Jun/2018:17:51:03 +0200] "GET / HTTP/1.1" 404 - "-" "Mozilla/5.0 (Windows NT 10.0; Win64; x64) AppleWebKit/537.36 (KHTML, like Gecko) Chrome/55.0.2883.87 Safari/537.36"
46.229.168.66 - - [17/Jun/2018:18:46:52 +0200] "GET /robots.txt HTTP/1.1" 404 - "-" "Mozilla/5.0 (compatible; SemrushBot/2~bl; +http://www.semrush.com/bot.html)"
46.229.168.72 - - [17/Jun/2018:18:46:52 +0200] "GET /projekte.html HTTP/1.1" 404 - "-" "Mozilla/5.0 (compatible; SemrushBot/2~bl; +http://www.semrush.com/bot.html)"
46.229.168.72 - - [17/Jun/2018:18:47:07 +0200] "GET /kontakt.html HTTP/1.1" 404 - "-" "Mozilla/5.0 (compatible; SemrushBot/2~bl; +http://www.semrush.com/bot.html)"
173.212.205.61 - - [17/Jun/2018:18:51:04 +0200] "GET / HTTP/1.1" 404 - "-" "Mozilla/5.0 (Windows NT 10.0; Win64; x64) AppleWebKit/537.36 (KHTML, like Gecko) Chrome/55.0.2883.87 Safari/537.36"
173.212.205.61 - - [17/Jun/2018:19:51:15 +0200] "GET / HTTP/1.1" 404 - "-" "Mozilla/5.0 (Windows NT 10.0; Win64; x64) AppleWebKit/537.36 (KHTML, like Gecko) Chrome/55.0.2883.87 Safari/537.36"
138.201.59.34 - - [17/Jun/2018:20:00:41 +0200] "GET /robots.txt HTTP/1.0" 404 - "-" "Mozilla/5.0 (compatible; SEOkicks-Robot; +http://www.seokicks.de/robot.html)"
138.201.59.34 - - [17/Jun/2018:20:00:45 +0200] "GET / HTTP/1.0" 404 - "-" "Mozilla/5.0 (compatible; SEOkicks-Robot; +http://www.seokicks.de/robot.html)"
173.212.205.61 - - [17/Jun/2018:20:51:01 +0200] "GET / HTTP/1.1" 404 - "-" "Mozilla/5.0 (Windows NT 10.0; Win64; x64) AppleWebKit/537.36 (KHTML, like Gecko) Chrome/55.0.2883.87 Safari/537.36"
173.212.205.61 - - [17/Jun/2018:21:50:38 +0200] "GET / HTTP/1.1" 404 - "-" "Mozilla/5.0 (Windows NT 10.0; Win64; x64) AppleWebKit/537.36 (KHTML, like Gecko) Chrome/55.0.2883.87 Safari/537.36"
37.57.218.243 - - [17/Jun/2018:21:59:58 +0200] "GET /robots.txt HTTP/1.1" 404 - "-" "Mozilla/5.0 (compatible; MJ12bot/v1.4.8; http://mj12bot.com/)"
37.57.218.243 - - [17/Jun/2018:22:00:00 +0200] "GET /partner.html HTTP/1.1" 404 - "-" "Mozilla/5.0 (compatible; MJ12bot/v1.4.8; http://mj12bot.com/)"
173.212.205.61 - - [17/Jun/2018:22:51:18 +0200] "GET / HTTP/1.1" 404 - "-" "Mozilla/5.0 (Windows NT 10.0; Win64; x64) AppleWebKit/537.36 (KHTML, like Gecko) Chrome/55.0.2883.87 Safari/537.36"
173.212.205.61 - - [17/Jun/2018:23:51:09 +0200] "GET / HTTP/1.1" 404 - "-" "Mozilla/5.0 (Windows NT 10.0; Win64; x64) AppleWebKit/537.36 (KHTML, like Gecko) Chrome/55.0.2883.87 Safari/537.36"
141.8.141.131 - - [18/Jun/2018:00:19:47 +0200] "GET /robots.txt HTTP/1.1" 404 - "-" "Mozilla/5.0 (compatible; YandexBot/3.0; +http://yandex.com/bots)"
141.8.141.131 - - [18/Jun/2018:00:19:51 +0200] "GET /favicon.ico HTTP/1.1" 404 - "-" "Mozilla/5.0 (compatible; YandexBot/3.0; +http://yandex.com/bots)"
61.154.29.72 - - [18/Jun/2018:00:28:53 +0200] "HEAD /wp-installation.php HTTP/1.1" 404 - "-" "-"
173.212.205.61 - - [18/Jun/2018:00:51:08 +0200] "GET / HTTP/1.1" 404 - "-" "Mozilla/5.0 (Windows NT 10.0; Win64; x64) AppleWebKit/537.36 (KHTML, like Gecko) Chrome/55.0.2883.87 Safari/537.36"
180.76.15.152 - - [18/Jun/2018:01:42:23 +0200] "GET / HTTP/1.1" 404 - "-" "Mozilla/5.0 (compatible; Baiduspider/2.0; +http://www.baidu.com/search/spider.html)"
173.212.205.61 - - [18/Jun/2018:01:51:08 +0200] "GET / HTTP/1.1" 404 - "-" "Mozilla/5.0 (Windows NT 10.0; Win64; x64) AppleWebKit/537.36 (KHTML, like Gecko) Chrome/55.0.2883.87 Safari/537.36"
66.249.64.195 - - [18/Jun/2018:02:41:05 +0200] "GET /robots.txt HTTP/1.1" 404 - "-" "Mozilla/5.0 (compatible; Googlebot/2.1; +http://www.google.com/bot.html)"
66.249.64.195 - - [18/Jun/2018:02:41:05 +0200] "GET /js/libs/modernizr-2.5.3.min.js HTTP/1.1" 404 - "http://www.mbingenieure.de/index.html" "Mozilla/5.0 AppleWebKit/537.36 (KHTML, like Gecko; compatible; Googlebot/2.1; +http://www.google.com/bot.html) Safari/537.36"
66.249.64.195 - - [18/Jun/2018:02:41:06 +0200] "GET /js/plugins.js HTTP/1.1" 404 - "http://www.mbingenieure.de/index.html" "Mozilla/5.0 AppleWebKit/537.36 (KHTML, like Gecko; compatible; Googlebot/2.1; +http://www.google.com/bot.html) Safari/537.36"
173.212.205.61 - - [18/Jun/2018:02:50:50 +0200] "GET / HTTP/1.1" 404 - "-" "Mozilla/5.0 (Windows NT 10.0; Win64; x64) AppleWebKit/537.36 (KHTML, like Gecko) Chrome/55.0.2883.87 Safari/537.36"
173.212.205.61 - - [18/Jun/2018:03:51:07 +0200] "GET / HTTP/1.1" 404 - "-" "Mozilla/5.0 (Windows NT 10.0; Win64; x64) AppleWebKit/537.36 (KHTML, like Gecko) Chrome/55.0.2883.87 Safari/537.36"
173.212.205.61 - - [18/Jun/2018:04:50:58 +0200] "GET / HTTP/1.1" 404 - "-" "Mozilla/5.0 (Windows NT 10.0; Win64; x64) AppleWebKit/537.36 (KHTML, like Gecko) Chrome/55.0.2883.87 Safari/537.36"
157.55.39.67 - - [18/Jun/2018:05:15:34 +0200] "GET /uns.html HTTP/1.1" 404 - "-" "Mozilla/5.0 (compatible; bingbot/2.0; +http://www.bing.com/bingbot.htm)"
173.212.205.61 - - [18/Jun/2018:05:50:59 +0200] "GET / HTTP/1.1" 404 - "-" "Mozilla/5.0 (Windows NT 10.0; Win64; x64) AppleWebKit/537.36 (KHTML, like Gecko) Chrome/55.0.2883.87 Safari/537.36"
54.36.148.97 - - [18/Jun/2018:06:02:14 +0200] "GET /impressum.html HTTP/1.1" 404 - "-" "Mozilla/5.0 (compatible; AhrefsBot/5.2; +http://ahrefs.com/robot/)"
157.55.39.67 - - [18/Jun/2018:06:09:56 +0200] "GET /impressum.html HTTP/1.1" 404 - "-" "Mozilla/5.0 (compatible; bingbot/2.0; +http://www.bing.com/bingbot.htm)"
173.212.205.61 - - [18/Jun/2018:06:50:52 +0200] "GET / HTTP/1.1" 404 - "-" "Mozilla/5.0 (Windows NT 10.0; Win64; x64) AppleWebKit/537.36 (KHTML, like Gecko) Chrome/55.0.2883.87 Safari/537.36"
173.212.205.61 - - [18/Jun/2018:07:50:57 +0200] "GET / HTTP/1.1" 404 - "-" "Mozilla/5.0 (Windows NT 10.0; Win64; x64) AppleWebKit/537.36 (KHTML, like Gecko) Chrome/55.0.2883.87 Safari/537.36"
173.212.205.61 - - [18/Jun/2018:08:51:10 +0200] "GET / HTTP/1.1" 404 - "-" "Mozilla/5.0 (Windows NT 10.0; Win64; x64) AppleWebKit/537.36 (KHTML, like Gecko) Chrome/55.0.2883.87 Safari/537.36"
66.249.64.195 - - [18/Jun/2018:09:06:20 +0200] "GET /js/plugins.js HTTP/1.1" 404 - "http://www.mbingenieure.de/referenz.html" "Mozilla/5.0 AppleWebKit/537.36 (KHTML, like Gecko; compatible; Googlebot/2.1; +http://www.google.com/bot.html) Safari/537.36"
66.249.64.195 - - [18/Jun/2018:09:06:21 +0200] "GET /js/libs/modernizr-2.5.3.min.js HTTP/1.1" 404 - "http://www.mbingenieure.de/referenz.html" "Mozilla/5.0 AppleWebKit/537.36 (KHTML, like Gecko; compatible; Googlebot/2.1; +http://www.google.com/bot.html) Safari/537.36"
173.212.205.61 - - [18/Jun/2018:09:51:05 +0200] "GET / HTTP/1.1" 404 - "-" "Mozilla/5.0 (Windows NT 10.0; Win64; x64) AppleWebKit/537.36 (KHTML, like Gecko) Chrome/55.0.2883.87 Safari/537.36"
173.212.205.61 - - [18/Jun/2018:10:50:56 +0200] "GET / HTTP/1.1" 404 - "-" "Mozilla/5.0 (Windows NT 10.0; Win64; x64) AppleWebKit/537.36 (KHTML, like Gecko) Chrome/55.0.2883.87 Safari/537.36"
54.36.148.64 - - [18/Jun/2018:11:02:51 +0200] "GET /partner.html HTTP/1.1" 404 - "-" "Mozilla/5.0 (compatible; AhrefsBot/5.2; +http://ahrefs.com/robot/)"
173.212.205.61 - - [18/Jun/2018:11:50:47 +0200] "GET / HTTP/1.1" 404 - "-" "Mozilla/5.0 (Windows NT 10.0; Win64; x64) AppleWebKit/537.36 (KHTML, like Gecko) Chrome/55.0.2883.87 Safari/537.36"
173.212.205.61 - - [18/Jun/2018:12:51:26 +0200] "GET / HTTP/1.1" 404 - "-" "Mozilla/5.0 (Windows NT 10.0; Win64; x64) AppleWebKit/537.36 (KHTML, like Gecko) Chrome/55.0.2883.87 Safari/537.36"
173.212.205.61 - - [18/Jun/2018:13:50:44 +0200] "GET / HTTP/1.1" 404 - "-" "Mozilla/5.0 (Windows NT 10.0; Win64; x64) AppleWebKit/537.36 (KHTML, like Gecko) Chrome/55.0.2883.87 Safari/537.36"
66.249.64.195 - - [18/Jun/2018:14:41:17 +0200] "GET /referenz.html HTTP/1.1" 404 - "-" "Mozilla/5.0 (Linux; Android 6.0.1; Nexus 5X Build/MMB29P) AppleWebKit/537.36 (KHTML, like Gecko) Chrome/41.0.2272.96 Mobile Safari/537.36 (compatible; Googlebot/2.1; +http://www.google.com/bot.html)"
66.249.64.222 - - [18/Jun/2018:14:41:17 +0200] "GET /robots.txt HTTP/1.1" 404 - "-" "Mozilla/5.0 (compatible; Googlebot/2.1; +http://www.google.com/bot.html)"
173.212.205.61 - - [18/Jun/2018:14:50:49 +0200] "GET / HTTP/1.1" 404 - "-" "Mozilla/5.0 (Windows NT 10.0; Win64; x64) AppleWebKit/537.36 (KHTML, like Gecko) Chrome/55.0.2883.87 Safari/537.36"
13.57.220.0 - - [18/Jun/2018:15:29:37 +0200] "GET / HTTP/1.1" 404 - "-" "Mozilla/5.0 (Macintosh; Intel Mac OS X 10_12_6) AppleWebKit/537.36 (KHTML, like Gecko) Chrome/61.0.3163.100 Safari/537.36"
173.212.205.61 - - [18/Jun/2018:15:50:59 +0200] "GET / HTTP/1.1" 404 - "-" "Mozilla/5.0 (Windows NT 10.0; Win64; x64) AppleWebKit/537.36 (KHTML, like Gecko) Chrome/55.0.2883.87 Safari/537.36"
173.212.205.61 - - [18/Jun/2018:16:50:48 +0200] "GET / HTTP/1.1" 404 - "-" "Mozilla/5.0 (Windows NT 10.0; Win64; x64) AppleWebKit/537.36 (KHTML, like Gecko) Chrome/55.0.2883.87 Safari/537.36"
173.212.205.61 - - [18/Jun/2018:17:50:57 +0200] "GET / HTTP/1.1" 404 - "-" "Mozilla/5.0 (Windows NT 10.0; Win64; x64) AppleWebKit/537.36 (KHTML, like Gecko) Chrome/55.0.2883.87 Safari/537.36"
173.212.205.61 - - [18/Jun/2018:18:50:48 +0200] "GET / HTTP/1.1" 404 - "-" "Mozilla/5.0 (Windows NT 10.0; Win64; x64) AppleWebKit/537.36 (KHTML, like Gecko) Chrome/55.0.2883.87 Safari/537.36"
47.96.233.88 - - [18/Jun/2018:19:01:38 +0200] "HEAD /hxcdm/cdm/hxcdm.php HTTP/1.1" 404 - "-" "-"
66.249.89.223 - - [18/Jun/2018:19:08:58 +0200] "GET /google6897fe793a0b5fb5.html HTTP/1.1" 404 - "-" "Mozilla/5.0 (compatible; Google-Site-Verification/1.0)"
66.249.89.197 - - [18/Jun/2018:19:08:59 +0200] "GET /google96721bab6c5575fe.html HTTP/1.1" 404 - "-" "Mozilla/5.0 (compatible; Google-Site-Verification/1.0)"
173.212.205.61 - - [18/Jun/2018:19:51:03 +0200] "GET / HTTP/1.1" 404 - "-" "Mozilla/5.0 (Windows NT 10.0; Win64; x64) AppleWebKit/537.36 (KHTML, like Gecko) Chrome/55.0.2883.87 Safari/537.36"
64.246.161.30 - - [18/Jun/2018:20:42:35 +0200] "GET /robots.txt HTTP/1.0" 404 - "-" "Mozilla/5.0 (Macintosh; Intel Mac OS X 10.10; rv:59.0) Gecko/20100101 Firefox/59.0"
64.246.161.30 - - [18/Jun/2018:20:42:35 +0200] "GET / HTTP/1.1" 404 - "-" "Mozilla/5.0 (Macintosh; Intel Mac OS X 10.10; rv:59.0) Gecko/20100101 Firefox/59.0"
173.212.205.61 - - [18/Jun/2018:20:50:58 +0200] "GET / HTTP/1.1" 404 - "-" "Mozilla/5.0 (Windows NT 10.0; Win64; x64) AppleWebKit/537.36 (KHTML, like Gecko) Chrome/55.0.2883.87 Safari/537.36"
47.52.211.97 - - [18/Jun/2018:21:08:11 +0200] "GET / HTTP/1.1" 404 - "-" "Mozilla/5.0 (X11; Ubuntu; Linux x86_64; rv:36.0) Gecko/20100101 Firefox/36.0"
173.212.205.61 - - [18/Jun/2018:21:50:56 +0200] "GET / HTTP/1.1" 404 - "-" "Mozilla/5.0 (Windows NT 10.0; Win64; x64) AppleWebKit/537.36 (KHTML, like Gecko) Chrome/55.0.2883.87 Safari/537.36"
173.212.205.61 - - [18/Jun/2018:22:50:45 +0200] "GET / HTTP/1.1" 404 - "-" "Mozilla/5.0 (Windows NT 10.0; Win64; x64) AppleWebKit/537.36 (KHTML, like Gecko) Chrome/55.0.2883.87 Safari/537.36"
173.212.205.61 - - [18/Jun/2018:23:51:31 +0200] "GET / HTTP/1.1" 404 - "-" "Mozilla/5.0 (Windows NT 10.0; Win64; x64) AppleWebKit/537.36 (KHTML, like Gecko) Chrome/55.0.2883.87 Safari/537.36"
95.91.240.75 - - [19/Jun/2018:00:33:54 +0200] "GET / HTTP/1.1" 404 - "-" "Mail/3445.6.18 CFNetwork/897.15 Darwin/17.5.0 (x86_64)"
95.91.240.75 - - [19/Jun/2018:00:33:54 +0200] "GET /favicon.ico HTTP/1.1" 404 - "-" "Mail/3445.6.18 CFNetwork/897.15 Darwin/17.5.0 (x86_64)"
95.91.240.75 - - [19/Jun/2018:00:33:54 +0200] "GET /apple-touch-icon.png HTTP/1.1" 404 - "-" "Mail/3445.6.18 CFNetwork/897.15 Darwin/17.5.0 (x86_64)"
95.91.240.75 - - [19/Jun/2018:00:33:54 +0200] "GET /apple-touch-icon-precomposed.png HTTP/1.1" 404 - "-" "Mail/3445.6.18 CFNetwork/897.15 Darwin/17.5.0 (x86_64)"
173.212.205.61 - - [19/Jun/2018:00:50:53 +0200] "GET / HTTP/1.1" 404 - "-" "Mozilla/5.0 (Windows NT 10.0; Win64; x64) AppleWebKit/537.36 (KHTML, like Gecko) Chrome/55.0.2883.87 Safari/537.36"
173.212.205.61 - - [19/Jun/2018:01:51:28 +0200] "GET / HTTP/1.1" 404 - "-" "Mozilla/5.0 (Windows NT 10.0; Win64; x64) AppleWebKit/537.36 (KHTML, like Gecko) Chrome/55.0.2883.87 Safari/537.36"
173.212.205.61 - - [19/Jun/2018:02:50:41 +0200] "GET / HTTP/1.1" 404 - "-" "Mozilla/5.0 (Windows NT 10.0; Win64; x64) AppleWebKit/537.36 (KHTML, like Gecko) Chrome/55.0.2883.87 Safari/537.36"
173.212.205.61 - - [19/Jun/2018:03:51:02 +0200] "GET / HTTP/1.1" 404 - "-" "Mozilla/5.0 (Windows NT 10.0; Win64; x64) AppleWebKit/537.36 (KHTML, like Gecko) Chrome/55.0.2883.87 Safari/537.36"
173.212.205.61 - - [19/Jun/2018:04:50:59 +0200] "GET / HTTP/1.1" 404 - "-" "Mozilla/5.0 (Windows NT 10.0; Win64; x64) AppleWebKit/537.36 (KHTML, like Gecko) Chrome/55.0.2883.87 Safari/537.36"
66.249.64.222 - - [19/Jun/2018:05:22:09 +0200] "GET /robots.txt HTTP/1.1" 404 - "-" "Mozilla/5.0 (compatible; Googlebot/2.1; +http://www.google.com/bot.html)"
66.249.64.195 - - [19/Jun/2018:05:22:10 +0200] "GET /uns.html HTTP/1.1" 404 - "-" "Mozilla/5.0 (Linux; Android 6.0.1; Nexus 5X Build/MMB29P) AppleWebKit/537.36 (KHTML, like Gecko) Chrome/41.0.2272.96 Mobile Safari/537.36 (compatible; Googlebot/2.1; +http://www.google.com/bot.html)"
173.212.205.61 - - [19/Jun/2018:05:50:54 +0200] "GET / HTTP/1.1" 404 - "-" "Mozilla/5.0 (Windows NT 10.0; Win64; x64) AppleWebKit/537.36 (KHTML, like Gecko) Chrome/55.0.2883.87 Safari/537.36"
66.249.64.195 - - [19/Jun/2018:05:52:34 +0200] "GET /js/plugins.js HTTP/1.1" 404 - "http://www.mbingenieure.de/uns.html" "Mozilla/5.0 AppleWebKit/537.36 (KHTML, like Gecko; compatible; Googlebot/2.1; +http://www.google.com/bot.html) Safari/537.36"
66.249.64.222 - - [19/Jun/2018:05:52:35 +0200] "GET /js/libs/modernizr-2.5.3.min.js HTTP/1.1" 404 - "http://www.mbingenieure.de/uns.html" "Mozilla/5.0 AppleWebKit/537.36 (KHTML, like Gecko; compatible; Googlebot/2.1; +http://www.google.com/bot.html) Safari/537.36"
66.249.64.192 - - [19/Jun/2018:06:43:30 +0200] "GET /uns.html HTTP/1.1" 404 - "-" "Mozilla/5.0 (Linux; Android 6.0.1; Nexus 5X Build/MMB29P) AppleWebKit/537.36 (KHTML, like Gecko) Chrome/41.0.2272.96 Mobile Safari/537.36 (compatible; Googlebot/2.1; +http://www.google.com/bot.html)"
173.212.205.61 - - [19/Jun/2018:06:50:57 +0200] "GET / HTTP/1.1" 404 - "-" "Mozilla/5.0 (Windows NT 10.0; Win64; x64) AppleWebKit/537.36 (KHTML, like Gecko) Chrome/55.0.2883.87 Safari/537.36"
173.212.205.61 - - [19/Jun/2018:07:50:46 +0200] "GET / HTTP/1.1" 404 - "-" "Mozilla/5.0 (Windows NT 10.0; Win64; x64) AppleWebKit/537.36 (KHTML, like Gecko) Chrome/55.0.2883.87 Safari/537.36"
173.212.205.61 - - [19/Jun/2018:08:50:51 +0200] "GET / HTTP/1.1" 404 - "-" "Mozilla/5.0 (Windows NT 10.0; Win64; x64) AppleWebKit/537.36 (KHTML, like Gecko) Chrome/55.0.2883.87 Safari/537.36"
207.46.13.200 - - [19/Jun/2018:09:05:33 +0200] "GET /robots.txt HTTP/1.1" 404 - "-" "Mozilla/5.0 (compatible; bingbot/2.0; +http://www.bing.com/bingbot.htm)"
207.46.13.233 - - [19/Jun/2018:09:05:39 +0200] "GET /spektrum.html HTTP/1.1" 404 - "-" "Mozilla/5.0 (compatible; bingbot/2.0; +http://www.bing.com/bingbot.htm)"
79.244.156.212 - - [19/Jun/2018:09:32:47 +0200] "GET / HTTP/1.1" 404 - "-" "Mozilla/5.0 (Windows NT 6.3; Win64; x64; rv:60.0) Gecko/20100101 Firefox/60.0"
79.244.156.212 - - [19/Jun/2018:09:32:48 +0200] "GET /favicon.ico HTTP/1.1" 404 - "-" "Mozilla/5.0 (Windows NT 6.3; Win64; x64; rv:60.0) Gecko/20100101 Firefox/60.0"
79.244.156.212 - - [19/Jun/2018:09:32:55 +0200] "GET / HTTP/1.1" 404 - "-" "Mozilla/5.0 (Windows NT 6.3; Win64; x64; rv:60.0) Gecko/20100101 Firefox/60.0"
79.244.156.212 - - [19/Jun/2018:09:32:56 +0200] "GET /favicon.ico HTTP/1.1" 404 - "-" "Mozilla/5.0 (Windows NT 6.3; Win64; x64; rv:60.0) Gecko/20100101 Firefox/60.0"
173.212.205.61 - - [19/Jun/2018:09:51:00 +0200] "GET / HTTP/1.1" 404 - "-" "Mozilla/5.0 (Windows NT 10.0; Win64; x64) AppleWebKit/537.36 (KHTML, like Gecko) Chrome/55.0.2883.87 Safari/537.36"
173.212.205.61 - - [19/Jun/2018:10:50:56 +0200] "GET / HTTP/1.1" 404 - "-" "Mozilla/5.0 (Windows NT 10.0; Win64; x64) AppleWebKit/537.36 (KHTML, like Gecko) Chrome/55.0.2883.87 Safari/537.36"
77.75.78.166 - - [19/Jun/2018:10:52:23 +0200] "GET /robots.txt HTTP/1.1" 404 - "-" "Mozilla/5.0 (compatible; SeznamBot/3.2; +http://napoveda.seznam.cz/en/seznambot-intro/)"
77.75.78.166 - - [19/Jun/2018:10:52:23 +0200] "GET /spektrum.html HTTP/1.1" 404 - "-" "Mozilla/5.0 (compatible; SeznamBot/3.2; +http://napoveda.seznam.cz/en/seznambot-intro/)"
217.92.154.150 - - [19/Jun/2018:11:38:50 +0200] "GET /partner.html HTTP/1.1" 404 - "https://www.google.de/" "Mozilla/5.0 (Windows NT 6.1; Win64; x64) AppleWebKit/537.36 (KHTML, like Gecko) Chrome/67.0.3396.87 Safari/537.36"
217.92.154.150 - - [19/Jun/2018:11:38:50 +0200] "GET /favicon.ico HTTP/1.1" 404 - "http://www.mbingenieure.de/partner.html" "Mozilla/5.0 (Windows NT 6.1; Win64; x64) AppleWebKit/537.36 (KHTML, like Gecko) Chrome/67.0.3396.87 Safari/537.36"
217.92.154.150 - - [19/Jun/2018:11:38:54 +0200] "GET /uns.html HTTP/1.1" 404 - "https://www.google.de/" "Mozilla/5.0 (Windows NT 6.1; Win64; x64) AppleWebKit/537.36 (KHTML, like Gecko) Chrome/67.0.3396.87 Safari/537.36"
217.92.154.150 - - [19/Jun/2018:11:38:57 +0200] "GET /index.html HTTP/1.1" 404 - "https://www.google.de/" "Mozilla/5.0 (Windows NT 6.1; Win64; x64) AppleWebKit/537.36 (KHTML, like Gecko) Chrome/67.0.3396.87 Safari/537.36"
217.92.154.150 - - [19/Jun/2018:11:41:09 +0200] "GET / HTTP/1.1" 404 - "-" "Mozilla/5.0 (Windows NT 6.1; Win64; x64) AppleWebKit/537.36 (KHTML, like Gecko) Chrome/67.0.3396.87 Safari/537.36"
207.46.13.183 - - [19/Jun/2018:11:49:10 +0200] "GET /impressum.html HTTP/1.1" 404 - "-" "Mozilla/5.0 (compatible; bingbot/2.0; +http://www.bing.com/bingbot.htm)"
77.246.127.96 - - [19/Jun/2018:11:49:19 +0200] "GET / HTTP/1.1" 404 - "-" "Mozilla/5.0 (Windows NT 6.3; WOW64; Trident/7.0; rv:11.0) like Gecko"
77.246.127.96 - - [19/Jun/2018:11:49:51 +0200] "GET / HTTP/1.1" 404 - "-" "Mozilla/5.0 (Windows NT 6.3; WOW64; Trident/7.0; rv:11.0) like Gecko"
173.212.205.61 - - [19/Jun/2018:11:51:04 +0200] "GET / HTTP/1.1" 404 - "-" "Mozilla/5.0 (Windows NT 10.0; Win64; x64) AppleWebKit/537.36 (KHTML, like Gecko) Chrome/55.0.2883.87 Safari/537.36"
157.55.39.99 - - [19/Jun/2018:11:52:29 +0200] "GET /kontakt.html HTTP/1.1" 404 - "-" "Mozilla/5.0 (compatible; bingbot/2.0; +http://www.bing.com/bingbot.htm)"
173.212.205.61 - - [19/Jun/2018:12:50:51 +0200] "GET / HTTP/1.1" 404 - "-" "Mozilla/5.0 (Windows NT 10.0; Win64; x64) AppleWebKit/537.36 (KHTML, like Gecko) Chrome/55.0.2883.87 Safari/537.36"
77.246.127.96 - - [19/Jun/2018:12:53:47 +0200] "GET /index.html HTTP/1.1" 404 - "http://www.google.de/url?sa=t&rct=j&q=&esrc=s&source=web&cd=3&ved=0ahUKEwiqufmix9_bAhWLOxQKHZiyAuIQFggyMAI&url=http%3A%2F%2Fwww.mbingenieure.de%2Findex.html&usg=AOvVaw38DRafKds60y1wuojcJlEW" "Mozilla/5.0 (Windows NT 6.3; WOW64; Trident/7.0; rv:11.0) like Gecko"
77.246.127.96 - - [19/Jun/2018:12:53:50 +0200] "GET /index.html HTTP/1.1" 404 - "http://www.google.de/url?sa=t&rct=j&q=&esrc=s&source=web&cd=3&ved=0ahUKEwiqufmix9_bAhWLOxQKHZiyAuIQFggyMAI&url=http%3A%2F%2Fwww.mbingenieure.de%2Findex.html&usg=AOvVaw38DRafKds60y1wuojcJlEW" "Mozilla/5.0 (Windows NT 6.3; WOW64; Trident/7.0; rv:11.0) like Gecko"
77.246.127.96 - - [19/Jun/2018:12:53:51 +0200] "GET /index.html HTTP/1.1" 404 - "http://www.google.de/url?sa=t&rct=j&q=&esrc=s&source=web&cd=3&ved=0ahUKEwiqufmix9_bAhWLOxQKHZiyAuIQFggyMAI&url=http%3A%2F%2Fwww.mbingenieure.de%2Findex.html&usg=AOvVaw38DRafKds60y1wuojcJlEW" "Mozilla/5.0 (Windows NT 6.3; WOW64; Trident/7.0; rv:11.0) like Gecko"
35.162.55.4 - - [19/Jun/2018:13:34:07 +0200] "GET / HTTP/1.1" 404 - "-" "Mozilla/4.0 (compatible; MSIE 6.0; Windows NT 5.0; .NET CLR 1.0.3705)"
35.162.55.4 - - [19/Jun/2018:13:34:07 +0200] "GET / HTTP/1.1" 404 - "-" "Mozilla/5.0 (compatible; MSIE 9.0; Windows NT 6.1; Win64; x64; Trident/5.0)"
35.162.55.4 - - [19/Jun/2018:13:36:08 +0200] "GET / HTTP/1.1" 404 - "-" "Mozilla/5.0 (compatible; MSIE 9.0; Windows NT 6.1; Win64; x64; Trident/5.0)"
35.162.55.4 - - [19/Jun/2018:13:36:08 +0200] "GET / HTTP/1.1" 404 - "-" "Mozilla/4.0 (compatible; MSIE 6.0; Windows NT 5.0; .NET CLR 1.0.3705)"
35.162.55.4 - - [19/Jun/2018:13:40:10 +0200] "GET / HTTP/1.1" 404 - "-" "Mozilla/5.0 (Windows NT 6.1; WOW64; Trident/7.0; rv:11.0) like Gecko"
35.162.55.4 - - [19/Jun/2018:13:40:10 +0200] "GET / HTTP/1.1" 404 - "-" "Mozilla/4.0 (compatible; MSIE 6.0; Windows NT 5.0; .NET CLR 1.0.3705)"
35.162.55.4 - - [19/Jun/2018:13:48:12 +0200] "GET / HTTP/1.1" 404 - "-" "Mozilla/5.0 (compatible; MSIE 9.0; Windows NT 6.1; Win64; x64; Trident/5.0)"
35.162.55.4 - - [19/Jun/2018:13:48:12 +0200] "GET / HTTP/1.1" 404 - "-" "Mozilla/5.0 (compatible; MSIE 8.0; Windows NT 6.1; Trident/5.0)"
173.212.205.61 - - [19/Jun/2018:13:51:01 +0200] "GET / HTTP/1.1" 404 - "-" "Mozilla/5.0 (Windows NT 10.0; Win64; x64) AppleWebKit/537.36 (KHTML, like Gecko) Chrome/55.0.2883.87 Safari/537.36"
35.162.55.4 - - [19/Jun/2018:14:03:43 +0200] "GET / HTTP/1.1" 404 - "-" "Mozilla/4.0 (compatible; MSIE 6.0; Windows NT 5.0; .NET CLR 1.0.3705)"
35.162.55.4 - - [19/Jun/2018:14:03:43 +0200] "GET / HTTP/1.1" 404 - "-" "Mozilla/5.0 (Windows NT 6.1; WOW64; Trident/7.0; rv:11.0) like Gecko"
173.212.205.61 - - [19/Jun/2018:14:51:14 +0200] "GET / HTTP/1.1" 404 - "-" "Mozilla/5.0 (Windows NT 10.0; Win64; x64) AppleWebKit/537.36 (KHTML, like Gecko) Chrome/55.0.2883.87 Safari/537.36"
173.212.205.61 - - [19/Jun/2018:15:51:08 +0200] "GET / HTTP/1.1" 404 - "-" "Mozilla/5.0 (Windows NT 10.0; Win64; x64) AppleWebKit/537.36 (KHTML, like Gecko) Chrome/55.0.2883.87 Safari/537.36"
173.212.205.61 - - [19/Jun/2018:16:51:07 +0200] "GET / HTTP/1.1" 404 - "-" "Mozilla/5.0 (Windows NT 10.0; Win64; x64) AppleWebKit/537.36 (KHTML, like Gecko) Chrome/55.0.2883.87 Safari/537.36"
173.212.205.61 - - [19/Jun/2018:17:51:00 +0200] "GET / HTTP/1.1" 404 - "-" "Mozilla/5.0 (Windows NT 10.0; Win64; x64) AppleWebKit/537.36 (KHTML, like Gecko) Chrome/55.0.2883.87 Safari/537.36"
173.212.205.61 - - [19/Jun/2018:18:51:40 +0200] "GET / HTTP/1.1" 404 - "-" "Mozilla/5.0 (Windows NT 10.0; Win64; x64) AppleWebKit/537.36 (KHTML, like Gecko) Chrome/55.0.2883.87 Safari/537.36"
173.212.205.61 - - [19/Jun/2018:19:51:08 +0200] "GET / HTTP/1.1" 404 - "-" "Mozilla/5.0 (Windows NT 10.0; Win64; x64) AppleWebKit/537.36 (KHTML, like Gecko) Chrome/55.0.2883.87 Safari/537.36"
173.212.205.61 - - [19/Jun/2018:20:51:14 +0200] "GET / HTTP/1.1" 404 - "-" "Mozilla/5.0 (Windows NT 10.0; Win64; x64) AppleWebKit/537.36 (KHTML, like Gecko) Chrome/55.0.2883.87 Safari/537.36"
173.212.205.61 - - [19/Jun/2018:21:51:01 +0200] "GET / HTTP/1.1" 404 - "-" "Mozilla/5.0 (Windows NT 10.0; Win64; x64) AppleWebKit/537.36 (KHTML, like Gecko) Chrome/55.0.2883.87 Safari/537.36"
173.212.205.61 - - [19/Jun/2018:22:51:07 +0200] "GET / HTTP/1.1" 404 - "-" "Mozilla/5.0 (Windows NT 10.0; Win64; x64) AppleWebKit/537.36 (KHTML, like Gecko) Chrome/55.0.2883.87 Safari/537.36"
207.46.13.216 - - [19/Jun/2018:23:07:08 +0200] "GET /referenz.html HTTP/1.1" 404 - "-" "Mozilla/5.0 (iPhone; CPU iPhone OS 7_0 like Mac OS X) AppleWebKit/537.51.1 (KHTML, like Gecko) Version/7.0 Mobile/11A465 Safari/9537.53 (compatible; bingbot/2.0; +http://www.bing.com/bingbot.htm)"
66.249.90.92 - - [19/Jun/2018:23:07:44 +0200] "GET /google6897fe793a0b5fb5.html HTTP/1.1" 404 - "-" "Mozilla/5.0 (compatible; Google-Site-Verification/1.0)"
66.249.90.93 - - [19/Jun/2018:23:08:21 +0200] "GET /google96721bab6c5575fe.html HTTP/1.1" 404 - "-" "Mozilla/5.0 (compatible; Google-Site-Verification/1.0)"
173.212.205.61 - - [19/Jun/2018:23:51:03 +0200] "GET / HTTP/1.1" 404 - "-" "Mozilla/5.0 (Windows NT 10.0; Win64; x64) AppleWebKit/537.36 (KHTML, like Gecko) Chrome/55.0.2883.87 Safari/537.36"
173.212.205.61 - - [20/Jun/2018:00:51:04 +0200] "GET / HTTP/1.1" 404 - "-" "Mozilla/5.0 (Windows NT 10.0; Win64; x64) AppleWebKit/537.36 (KHTML, like Gecko) Chrome/55.0.2883.87 Safari/537.36"
40.77.167.124 - - [20/Jun/2018:01:35:45 +0200] "GET /spektrum.html HTTP/1.1" 404 - "-" "Mozilla/5.0 (compatible; bingbot/2.0; +http://www.bing.com/bingbot.htm)"
173.212.205.61 - - [20/Jun/2018:01:50:58 +0200] "GET / HTTP/1.1" 404 - "-" "Mozilla/5.0 (Windows NT 10.0; Win64; x64) AppleWebKit/537.36 (KHTML, like Gecko) Chrome/55.0.2883.87 Safari/537.36"
173.212.205.61 - - [20/Jun/2018:02:50:46 +0200] "GET / HTTP/1.1" 404 - "-" "Mozilla/5.0 (Windows NT 10.0; Win64; x64) AppleWebKit/537.36 (KHTML, like Gecko) Chrome/55.0.2883.87 Safari/537.36"
94.130.14.199 - - [20/Jun/2018:02:59:27 +0200] "GET /robots.txt HTTP/1.1" 404 - "-" "ImplisenseBot 1.1"
94.130.14.199 - - [20/Jun/2018:02:59:27 +0200] "GET / HTTP/1.1" 404 - "-" "ImplisenseBot 1.1"
173.212.205.61 - - [20/Jun/2018:03:51:34 +0200] "GET / HTTP/1.1" 404 - "-" "Mozilla/5.0 (Windows NT 10.0; Win64; x64) AppleWebKit/537.36 (KHTML, like Gecko) Chrome/55.0.2883.87 Safari/537.36"
66.249.65.157 - - [20/Jun/2018:04:50:06 +0200] "GET /robots.txt HTTP/1.1" 404 - "-" "Mozilla/5.0 (compatible; Googlebot/2.1; +http://www.google.com/bot.html)"
66.249.65.156 - - [20/Jun/2018:04:50:06 +0200] "GET / HTTP/1.1" 404 - "-" "Mozilla/5.0 (compatible; Googlebot/2.1; +http://www.google.com/bot.html)"
173.212.205.61 - - [20/Jun/2018:04:50:57 +0200] "GET / HTTP/1.1" 404 - "-" "Mozilla/5.0 (Windows NT 10.0; Win64; x64) AppleWebKit/537.36 (KHTML, like Gecko) Chrome/55.0.2883.87 Safari/537.36"
40.77.167.86 - - [20/Jun/2018:04:57:58 +0200] "GET /index.html HTTP/1.1" 404 - "-" "Mozilla/5.0 (compatible; bingbot/2.0; +http://www.bing.com/bingbot.htm)"
173.212.205.61 - - [20/Jun/2018:05:50:53 +0200] "GET / HTTP/1.1" 404 - "-" "Mozilla/5.0 (Windows NT 10.0; Win64; x64) AppleWebKit/537.36 (KHTML, like Gecko) Chrome/55.0.2883.87 Safari/537.36"
173.212.205.61 - - [20/Jun/2018:06:51:00 +0200] "GET / HTTP/1.1" 404 - "-" "Mozilla/5.0 (Windows NT 10.0; Win64; x64) AppleWebKit/537.36 (KHTML, like Gecko) Chrome/55.0.2883.87 Safari/537.36"
35.166.178.124 - - [20/Jun/2018:07:25:43 +0200] "GET /robots.txt HTTP/1.1" 404 - "http:// www.mbingenieure.de" "Mozilla/5.0 (Windows NT 10.0; WOW64) AppleWebKit/537.36 (KHTML, like Gecko) DownloaderChrome/62.0.3202.75 Safari/537.36"
35.166.178.124 - - [20/Jun/2018:07:25:44 +0200] "GET / HTTP/1.1" 404 - "http:// www.mbingenieure.de" "Mozilla/5.0 (Windows NT 10.0; WOW64) AppleWebKit/537.36 (KHTML, like Gecko) DownloaderChrome/62.0.3202.75 Safari/537.36"
173.212.205.61 - - [20/Jun/2018:07:50:56 +0200] "GET / HTTP/1.1" 404 - "-" "Mozilla/5.0 (Windows NT 10.0; Win64; x64) AppleWebKit/537.36 (KHTML, like Gecko) Chrome/55.0.2883.87 Safari/537.36"
81.169.250.152 - - [20/Jun/2018:08:08:10 +0200] "GET /robots.txt HTTP/1.1" 404 - "-" "-"
173.212.205.61 - - [20/Jun/2018:08:51:00 +0200] "GET / HTTP/1.1" 404 - "-" "Mozilla/5.0 (Windows NT 10.0; Win64; x64) AppleWebKit/537.36 (KHTML, like Gecko) Chrome/55.0.2883.87 Safari/537.36"
173.212.205.61 - - [20/Jun/2018:09:51:02 +0200] "GET / HTTP/1.1" 404 - "-" "Mozilla/5.0 (Windows NT 10.0; Win64; x64) AppleWebKit/537.36 (KHTML, like Gecko) Chrome/55.0.2883.87 Safari/537.36"
173.212.205.61 - - [20/Jun/2018:10:50:59 +0200] "GET / HTTP/1.1" 404 - "-" "Mozilla/5.0 (Windows NT 10.0; Win64; x64) AppleWebKit/537.36 (KHTML, like Gecko) Chrome/55.0.2883.87 Safari/537.36"
84.175.93.235 - - [20/Jun/2018:11:22:41 +0200] "GET /index.html HTTP/1.1" 404 - "http://www.google.de/url?sa=t&rct=j&q=&esrc=s&source=web&cd=1&ved=0ahUKEwiH_-Xj9OHbAhWLzaQKHYfeCOkQFggnMAA&url=http%3A%2F%2Fwww.mbingenieure.de%2Findex.html&usg=AOvVaw38DRafKds60y1wuojcJlEW" "Mozilla/5.0 (Windows NT 6.1; WOW64; Trident/7.0; MAFSJS; rv:11.0) like Gecko"
84.175.93.235 - - [20/Jun/2018:11:22:44 +0200] "GET /index.html HTTP/1.1" 404 - "http://www.google.de/url?sa=t&rct=j&q=&esrc=s&source=web&cd=1&ved=0ahUKEwiH_-Xj9OHbAhWLzaQKHYfeCOkQFggnMAA&url=http%3A%2F%2Fwww.mbingenieure.de%2Findex.html&usg=AOvVaw38DRafKds60y1wuojcJlEW" "Mozilla/5.0 (Windows NT 6.1; WOW64; Trident/7.0; MAFSJS; rv:11.0) like Gecko"
84.175.93.235 - - [20/Jun/2018:11:22:46 +0200] "GET /index.html HTTP/1.1" 404 - "http://www.google.de/url?sa=t&rct=j&q=&esrc=s&source=web&cd=1&ved=0ahUKEwiH_-Xj9OHbAhWLzaQKHYfeCOkQFggnMAA&url=http%3A%2F%2Fwww.mbingenieure.de%2Findex.html&usg=AOvVaw38DRafKds60y1wuojcJlEW" "Mozilla/5.0 (Windows NT 6.1; WOW64; Trident/7.0; MAFSJS; rv:11.0) like Gecko"
84.175.93.235 - - [20/Jun/2018:11:23:58 +0200] "GET /uns.html HTTP/1.1" 404 - "http://www.google.de/url?sa=t&rct=j&q=&esrc=s&source=web&cd=1&ved=0ahUKEwjozP6F9eHbAhXF8qQKHZaCCOUQFggpMAA&url=http%3A%2F%2Fwww.mbingenieure.de%2Funs.html&usg=AOvVaw3Pbzpj6RWZmiYRHgb5o2Xt" "Mozilla/5.0 (Windows NT 6.1; WOW64; Trident/7.0; MAFSJS; rv:11.0) like Gecko"
84.175.93.235 - - [20/Jun/2018:11:23:59 +0200] "GET /uns.html HTTP/1.1" 404 - "http://www.google.de/url?sa=t&rct=j&q=&esrc=s&source=web&cd=1&ved=0ahUKEwjozP6F9eHbAhXF8qQKHZaCCOUQFggpMAA&url=http%3A%2F%2Fwww.mbingenieure.de%2Funs.html&usg=AOvVaw3Pbzpj6RWZmiYRHgb5o2Xt" "Mozilla/5.0 (Windows NT 6.1; WOW64; Trident/7.0; MAFSJS; rv:11.0) like Gecko"
84.175.93.235 - - [20/Jun/2018:11:24:18 +0200] "GET /index.html HTTP/1.1" 404 - "http://www.google.de/url?sa=t&rct=j&q=&esrc=s&source=web&cd=2&ved=0ahUKEwj26aSR9eHbAhVGyqQKHZ89DOQQFggsMAE&url=http%3A%2F%2Fwww.mbingenieure.de%2Findex.html&usg=AOvVaw38DRafKds60y1wuojcJlEW" "Mozilla/5.0 (Windows NT 6.1; WOW64; Trident/7.0; MAFSJS; rv:11.0) like Gecko"
84.175.93.235 - - [20/Jun/2018:11:24:20 +0200] "GET /index.html HTTP/1.1" 404 - "http://www.google.de/url?sa=t&rct=j&q=&esrc=s&source=web&cd=2&ved=0ahUKEwj26aSR9eHbAhVGyqQKHZ89DOQQFggsMAE&url=http%3A%2F%2Fwww.mbingenieure.de%2Findex.html&usg=AOvVaw38DRafKds60y1wuojcJlEW" "Mozilla/5.0 (Windows NT 6.1; WOW64; Trident/7.0; MAFSJS; rv:11.0) like Gecko"
84.175.93.235 - - [20/Jun/2018:11:25:18 +0200] "GET /referenz.html HTTP/1.1" 404 - "http://www.google.de/url?sa=t&rct=j&q=&esrc=s&source=web&cd=4&ved=0ahUKEwjdx-ua9eHbAhULjiwKHVmODMQQFggwMAM&url=http%3A%2F%2Fwww.mbingenieure.de%2Freferenz.html&usg=AOvVaw1GS8q86iCeOM7jtp_ssK7J" "Mozilla/5.0 (Windows NT 6.1; WOW64; Trident/7.0; MAFSJS; rv:11.0) like Gecko"
84.175.93.235 - - [20/Jun/2018:11:25:23 +0200] "GET /referenz.html HTTP/1.1" 404 - "http://www.google.de/url?sa=t&rct=j&q=&esrc=s&source=web&cd=4&ved=0ahUKEwjdx-ua9eHbAhULjiwKHVmODMQQFggwMAM&url=http%3A%2F%2Fwww.mbingenieure.de%2Freferenz.html&usg=AOvVaw1GS8q86iCeOM7jtp_ssK7J" "Mozilla/5.0 (Windows NT 6.1; WOW64; Trident/7.0; MAFSJS; rv:11.0) like Gecko"
84.175.93.235 - - [20/Jun/2018:11:25:41 +0200] "GET /referenz.html HTTP/1.1" 404 - "http://www.google.de/url?sa=t&rct=j&q=&esrc=s&source=web&cd=1&ved=0ahUKEwibq8249eHbAhUCBSwKHRx7AEoQFggnMAA&url=http%3A%2F%2Fwww.mbingenieure.de%2Freferenz.html&usg=AOvVaw1GS8q86iCeOM7jtp_ssK7J" "Mozilla/5.0 (Windows NT 6.1; WOW64; Trident/7.0; MAFSJS; rv:11.0) like Gecko"
66.249.65.158 - - [20/Jun/2018:11:30:19 +0200] "GET / HTTP/1.1" 404 - "-" "Mozilla/5.0 (Linux; Android 6.0.1; Nexus 5X Build/MMB29P) AppleWebKit/537.36 (KHTML, like Gecko) Chrome/41.0.2272.96 Mobile Safari/537.36 (compatible; Googlebot/2.1; +http://www.google.com/bot.html)"
173.212.205.61 - - [20/Jun/2018:11:51:09 +0200] "GET / HTTP/1.1" 404 - "-" "Mozilla/5.0 (Windows NT 10.0; Win64; x64) AppleWebKit/537.36 (KHTML, like Gecko) Chrome/55.0.2883.87 Safari/537.36"
173.212.205.61 - - [20/Jun/2018:12:51:02 +0200] "GET / HTTP/1.1" 404 - "-" "Mozilla/5.0 (Windows NT 10.0; Win64; x64) AppleWebKit/537.36 (KHTML, like Gecko) Chrome/55.0.2883.87 Safari/537.36"
173.212.205.61 - - [20/Jun/2018:13:50:56 +0200] "GET / HTTP/1.1" 404 - "-" "Mozilla/5.0 (Windows NT 10.0; Win64; x64) AppleWebKit/537.36 (KHTML, like Gecko) Chrome/55.0.2883.87 Safari/537.36"
173.212.205.61 - - [20/Jun/2018:14:51:08 +0200] "GET / HTTP/1.1" 404 - "-" "Mozilla/5.0 (Windows NT 10.0; Win64; x64) AppleWebKit/537.36 (KHTML, like Gecko) Chrome/55.0.2883.87 Safari/537.36"
173.212.205.61 - - [20/Jun/2018:15:50:51 +0200] "GET / HTTP/1.1" 404 - "-" "Mozilla/5.0 (Windows NT 10.0; Win64; x64) AppleWebKit/537.36 (KHTML, like Gecko) Chrome/55.0.2883.87 Safari/537.36"
138.201.30.66 - - [20/Jun/2018:16:17:06 +0200] "GET /robots.txt HTTP/1.1" 404 - "-" "Mozilla/5.0 (compatible; SEOkicks-Robot; +https://www.seokicks.de/robot.html)"
138.201.30.66 - - [20/Jun/2018:16:17:07 +0200] "GET / HTTP/1.1" 404 - "-" "Mozilla/5.0 (compatible; SEOkicks-Robot; +https://www.seokicks.de/robot.html)"
173.212.205.61 - - [20/Jun/2018:16:51:06 +0200] "GET / HTTP/1.1" 404 - "-" "Mozilla/5.0 (Windows NT 10.0; Win64; x64) AppleWebKit/537.36 (KHTML, like Gecko) Chrome/55.0.2883.87 Safari/537.36"
13.57.220.0 - - [20/Jun/2018:17:40:16 +0200] "GET / HTTP/1.1" 404 - "-" "Mozilla/5.0 (Macintosh; Intel Mac OS X 10_12_6) AppleWebKit/537.36 (KHTML, like Gecko) Chrome/61.0.3163.100 Safari/537.36"
173.212.205.61 - - [20/Jun/2018:17:51:00 +0200] "GET / HTTP/1.1" 404 - "-" "Mozilla/5.0 (Windows NT 10.0; Win64; x64) AppleWebKit/537.36 (KHTML, like Gecko) Chrome/55.0.2883.87 Safari/537.36"
173.212.205.61 - - [20/Jun/2018:18:51:06 +0200] "GET / HTTP/1.1" 404 - "-" "Mozilla/5.0 (Windows NT 10.0; Win64; x64) AppleWebKit/537.36 (KHTML, like Gecko) Chrome/55.0.2883.87 Safari/537.36"
120.78.143.200 - - [20/Jun/2018:19:35:52 +0200] "HEAD /modules/modules/modules.php HTTP/1.1" 404 - "-" "-"
173.212.205.61 - - [20/Jun/2018:19:51:12 +0200] "GET / HTTP/1.1" 404 - "-" "Mozilla/5.0 (Windows NT 10.0; Win64; x64) AppleWebKit/537.36 (KHTML, like Gecko) Chrome/55.0.2883.87 Safari/537.36"
40.77.167.124 - - [20/Jun/2018:20:12:28 +0200] "GET /projekte.html HTTP/1.1" 404 - "-" "Mozilla/5.0 (iPhone; CPU iPhone OS 7_0 like Mac OS X) AppleWebKit/537.51.1 (KHTML, like Gecko) Version/7.0 Mobile/11A465 Safari/9537.53 (compatible; bingbot/2.0; +http://www.bing.com/bingbot.htm)"
144.76.153.198 - - [20/Jun/2018:20:24:17 +0200] "GET /partner.html HTTP/1.1" 404 - "-" "Mozilla/5.0 (X11; Linux x86_64) AppleWebKit/537.36 (KHTML, like Gecko) Chrome/64.0.3282.119 Safari/537.36"
146.185.223.113 - - [20/Jun/2018:20:24:30 +0200] "GET / HTTP/1.1" 404 - "-" "Mozilla/5.0 (Windows NT 10.0; Win64; x64) AppleWebKit/537.36 (KHTML, like Gecko) Chrome/63.0.3239.132 Safari/537.36"
146.185.223.113 - - [20/Jun/2018:20:24:30 +0200] "GET /wp-includes/wlwmanifest.xml HTTP/1.1" 404 - "-" "Mozilla/5.0 (Windows NT 10.0; Win64; x64) AppleWebKit/537.36 (KHTML, like Gecko) Chrome/63.0.3239.132 Safari/537.36"
146.185.223.113 - - [20/Jun/2018:20:24:30 +0200] "GET /xmlrpc.php?rsd HTTP/1.1" 404 - "-" "Mozilla/5.0 (Windows NT 10.0; Win64; x64) AppleWebKit/537.36 (KHTML, like Gecko) Chrome/63.0.3239.132 Safari/537.36"
146.185.223.113 - - [20/Jun/2018:20:24:30 +0200] "GET / HTTP/1.1" 404 - "-" "Mozilla/5.0 (Windows NT 10.0; Win64; x64) AppleWebKit/537.36 (KHTML, like Gecko) Chrome/63.0.3239.132 Safari/537.36"
146.185.223.113 - - [20/Jun/2018:20:24:30 +0200] "GET /blog/wp-includes/wlwmanifest.xml HTTP/1.1" 404 - "-" "Mozilla/5.0 (Windows NT 10.0; Win64; x64) AppleWebKit/537.36 (KHTML, like Gecko) Chrome/63.0.3239.132 Safari/537.36"
146.185.223.113 - - [20/Jun/2018:20:24:30 +0200] "GET /wordpress/wp-includes/wlwmanifest.xml HTTP/1.1" 404 - "-" "Mozilla/5.0 (Windows NT 10.0; Win64; x64) AppleWebKit/537.36 (KHTML, like Gecko) Chrome/63.0.3239.132 Safari/537.36"
146.185.223.113 - - [20/Jun/2018:20:24:30 +0200] "GET /wp/wp-includes/wlwmanifest.xml HTTP/1.1" 404 - "-" "Mozilla/5.0 (Windows NT 10.0; Win64; x64) AppleWebKit/537.36 (KHTML, like Gecko) Chrome/63.0.3239.132 Safari/537.36"
146.185.223.113 - - [20/Jun/2018:20:24:30 +0200] "GET /site/wp-includes/wlwmanifest.xml HTTP/1.1" 404 - "-" "Mozilla/5.0 (Windows NT 10.0; Win64; x64) AppleWebKit/537.36 (KHTML, like Gecko) Chrome/63.0.3239.132 Safari/537.36"
146.185.223.113 - - [20/Jun/2018:20:24:30 +0200] "GET /cms/wp-includes/wlwmanifest.xml HTTP/1.1" 404 - "-" "Mozilla/5.0 (Windows NT 10.0; Win64; x64) AppleWebKit/537.36 (KHTML, like Gecko) Chrome/63.0.3239.132 Safari/537.36"
173.212.205.61 - - [20/Jun/2018:20:50:58 +0200] "GET / HTTP/1.1" 404 - "-" "Mozilla/5.0 (Windows NT 10.0; Win64; x64) AppleWebKit/537.36 (KHTML, like Gecko) Chrome/55.0.2883.87 Safari/537.36"
173.212.205.61 - - [20/Jun/2018:21:50:53 +0200] "GET / HTTP/1.1" 404 - "-" "Mozilla/5.0 (Windows NT 10.0; Win64; x64) AppleWebKit/537.36 (KHTML, like Gecko) Chrome/55.0.2883.87 Safari/537.36"
173.212.205.61 - - [20/Jun/2018:22:51:11 +0200] "GET / HTTP/1.1" 404 - "-" "Mozilla/5.0 (Windows NT 10.0; Win64; x64) AppleWebKit/537.36 (KHTML, like Gecko) Chrome/55.0.2883.87 Safari/537.36"
173.212.205.61 - - [20/Jun/2018:23:51:02 +0200] "GET / HTTP/1.1" 404 - "-" "Mozilla/5.0 (Windows NT 10.0; Win64; x64) AppleWebKit/537.36 (KHTML, like Gecko) Chrome/55.0.2883.87 Safari/537.36"
66.249.92.94 - - [20/Jun/2018:23:56:41 +0200] "GET /google96721bab6c5575fe.html HTTP/1.1" 404 - "-" "Mozilla/5.0 (compatible; Google-Site-Verification/1.0)"
66.249.92.92 - - [20/Jun/2018:23:56:42 +0200] "GET /google6897fe793a0b5fb5.html HTTP/1.1" 404 - "-" "Mozilla/5.0 (compatible; Google-Site-Verification/1.0)"
173.212.205.61 - - [21/Jun/2018:00:50:59 +0200] "GET / HTTP/1.1" 404 - "-" "Mozilla/5.0 (Windows NT 10.0; Win64; x64) AppleWebKit/537.36 (KHTML, like Gecko) Chrome/55.0.2883.87 Safari/537.36"
40.77.167.86 - - [21/Jun/2018:01:40:21 +0200] "GET /index.html HTTP/1.1" 404 - "-" "Mozilla/5.0 (compatible; bingbot/2.0; +http://www.bing.com/bingbot.htm)"
173.212.205.61 - - [21/Jun/2018:01:50:53 +0200] "GET / HTTP/1.1" 404 - "-" "Mozilla/5.0 (Windows NT 10.0; Win64; x64) AppleWebKit/537.36 (KHTML, like Gecko) Chrome/55.0.2883.87 Safari/537.36"
173.212.205.61 - - [21/Jun/2018:02:50:56 +0200] "GET / HTTP/1.1" 404 - "-" "Mozilla/5.0 (Windows NT 10.0; Win64; x64) AppleWebKit/537.36 (KHTML, like Gecko) Chrome/55.0.2883.87 Safari/537.36"
173.212.205.61 - - [21/Jun/2018:03:51:09 +0200] "GET / HTTP/1.1" 404 - "-" "Mozilla/5.0 (Windows NT 10.0; Win64; x64) AppleWebKit/537.36 (KHTML, like Gecko) Chrome/55.0.2883.87 Safari/537.36"
157.55.39.154 - - [21/Jun/2018:04:28:28 +0200] "GET / HTTP/1.1" 404 - "-" "Mozilla/5.0 (compatible; bingbot/2.0; +http://www.bing.com/bingbot.htm)"
40.77.167.86 - - [21/Jun/2018:04:28:32 +0200] "GET /index.html HTTP/1.1" 404 - "-" "Mozilla/5.0 (compatible; bingbot/2.0; +http://www.bing.com/bingbot.htm)"
173.212.205.61 - - [21/Jun/2018:04:51:06 +0200] "GET / HTTP/1.1" 404 - "-" "Mozilla/5.0 (Windows NT 10.0; Win64; x64) AppleWebKit/537.36 (KHTML, like Gecko) Chrome/55.0.2883.87 Safari/537.36"
173.212.205.61 - - [21/Jun/2018:05:51:08 +0200] "GET / HTTP/1.1" 404 - "-" "Mozilla/5.0 (Windows NT 10.0; Win64; x64) AppleWebKit/537.36 (KHTML, like Gecko) Chrome/55.0.2883.87 Safari/537.36"
173.212.205.61 - - [21/Jun/2018:06:50:58 +0200] "GET / HTTP/1.1" 404 - "-" "Mozilla/5.0 (Windows NT 10.0; Win64; x64) AppleWebKit/537.36 (KHTML, like Gecko) Chrome/55.0.2883.87 Safari/537.36"
40.77.167.86 - - [21/Jun/2018:07:05:42 +0200] "GET /impressum.html HTTP/1.1" 404 - "-" "Mozilla/5.0 (compatible; bingbot/2.0; +http://www.bing.com/bingbot.htm)"
173.212.205.61 - - [21/Jun/2018:07:51:00 +0200] "GET / HTTP/1.1" 404 - "-" "Mozilla/5.0 (Windows NT 10.0; Win64; x64) AppleWebKit/537.36 (KHTML, like Gecko) Chrome/55.0.2883.87 Safari/537.36"
173.212.205.61 - - [21/Jun/2018:08:50:59 +0200] "GET / HTTP/1.1" 404 - "-" "Mozilla/5.0 (Windows NT 10.0; Win64; x64) AppleWebKit/537.36 (KHTML, like Gecko) Chrome/55.0.2883.87 Safari/537.36"
173.212.205.61 - - [21/Jun/2018:09:51:13 +0200] "GET / HTTP/1.1" 404 - "-" "Mozilla/5.0 (Windows NT 10.0; Win64; x64) AppleWebKit/537.36 (KHTML, like Gecko) Chrome/55.0.2883.87 Safari/537.36"
173.212.205.61 - - [21/Jun/2018:10:51:02 +0200] "GET / HTTP/1.1" 404 - "-" "Mozilla/5.0 (Windows NT 10.0; Win64; x64) AppleWebKit/537.36 (KHTML, like Gecko) Chrome/55.0.2883.87 Safari/537.36"
154.16.42.68 - - [21/Jun/2018:11:17:27 +0200] "GET /robots.txt HTTP/1.1" 404 - "-" "Mozilla/5.0 (X11; Ubuntu; Linux x86_64; rv:57.0) Gecko/20100101 Firefox/57.0"
191.101.66.59 - - [21/Jun/2018:11:17:28 +0200] "GET / HTTP/1.1" 404 - "-" "Mozilla/5.0 (X11; Ubuntu; Linux x86_64; rv:57.0) Gecko/20100101 Firefox/57.0"
173.212.205.61 - - [21/Jun/2018:11:51:05 +0200] "GET / HTTP/1.1" 404 - "-" "Mozilla/5.0 (Windows NT 10.0; Win64; x64) AppleWebKit/537.36 (KHTML, like Gecko) Chrome/55.0.2883.87 Safari/537.36"
207.46.13.200 - - [21/Jun/2018:12:21:51 +0200] "GET /robots.txt HTTP/1.1" 404 - "-" "Mozilla/5.0 (compatible; bingbot/2.0; +http://www.bing.com/bingbot.htm)"
157.55.39.154 - - [21/Jun/2018:12:21:54 +0200] "GET /spektrum.html HTTP/1.1" 404 - "-" "Mozilla/5.0 (compatible; bingbot/2.0; +http://www.bing.com/bingbot.htm)"
173.212.205.61 - - [21/Jun/2018:12:51:14 +0200] "GET / HTTP/1.1" 404 - "-" "Mozilla/5.0 (Windows NT 10.0; Win64; x64) AppleWebKit/537.36 (KHTML, like Gecko) Chrome/55.0.2883.87 Safari/537.36"
188.165.200.217 - - [21/Jun/2018:13:05:17 +0200] "HEAD / HTTP/1.1" 404 - "-" "Mozilla/4.0 (compatible; MSIE 5.01; Windows NT 5.0)"
173.212.205.61 - - [21/Jun/2018:13:51:53 +0200] "GET / HTTP/1.1" 404 - "-" "Mozilla/5.0 (Windows NT 10.0; Win64; x64) AppleWebKit/537.36 (KHTML, like Gecko) Chrome/55.0.2883.87 Safari/537.36"
173.212.205.61 - - [21/Jun/2018:14:51:12 +0200] "GET / HTTP/1.1" 404 - "-" "Mozilla/5.0 (Windows NT 10.0; Win64; x64) AppleWebKit/537.36 (KHTML, like Gecko) Chrome/55.0.2883.87 Safari/537.36"
173.212.205.61 - - [21/Jun/2018:15:51:04 +0200] "GET / HTTP/1.1" 404 - "-" "Mozilla/5.0 (Windows NT 10.0; Win64; x64) AppleWebKit/537.36 (KHTML, like Gecko) Chrome/55.0.2883.87 Safari/537.36"
173.212.205.61 - - [21/Jun/2018:16:51:11 +0200] "GET / HTTP/1.1" 404 - "-" "Mozilla/5.0 (Windows NT 10.0; Win64; x64) AppleWebKit/537.36 (KHTML, like Gecko) Chrome/55.0.2883.87 Safari/537.36"
141.8.141.131 - - [21/Jun/2018:17:46:56 +0200] "GET /robots.txt HTTP/1.1" 404 - "-" "Mozilla/5.0 (compatible; YandexBot/3.0; +http://yandex.com/bots)"
141.8.141.131 - - [21/Jun/2018:17:47:00 +0200] "GET /index.html HTTP/1.1" 404 - "-" "Mozilla/5.0 (compatible; YandexBot/3.0; +http://yandex.com/bots)"
141.8.141.134 - - [21/Jun/2018:17:47:04 +0200] "GET / HTTP/1.1" 404 - "-" "Mozilla/5.0 (compatible; YandexBot/3.0; +http://yandex.com/bots)"
5.45.203.6 - - [21/Jun/2018:17:47:09 +0200] "GET /robots.txt HTTP/1.1" 404 - "-" "Mozilla/5.0 (compatible; YandexBot/3.0; +http://yandex.com/bots)"
