134.119.187.211 - - [01/Jun/2018:01:47:17 +0200] "GET / HTTP/1.1" 404 - "http://www.mbingenieure.de" "Mozilla/5.0 (Windows NT 6.1; WOW64) AppleWebKit/537.36 (KHTML, like Gecko) Chrome/52.0.2743.116 Safari/537.36"
157.55.39.22 - - [01/Jun/2018:06:14:27 +0200] "GET /robots.txt HTTP/1.1" 404 - "-" "Mozilla/5.0 (compatible; bingbot/2.0; +http://www.bing.com/bingbot.htm)"
157.55.39.255 - - [01/Jun/2018:06:14:30 +0200] "GET /images/logo.png HTTP/1.1" 404 - "-" "Mozilla/5.0 (compatible; bingbot/2.0; +http://www.bing.com/bingbot.htm)"
92.219.18.88 - - [01/Jun/2018:08:24:08 +0200] "GET / HTTP/1.1" 404 - "https://www.google.de/" "Mozilla/5.0 (iPad; CPU OS 9_3_5 like Mac OS X) AppleWebKit/601.1.46 (KHTML, like Gecko) Version/9.0 Mobile/13G36 Safari/601.1"
92.219.18.88 - - [01/Jun/2018:08:24:38 +0200] "GET / HTTP/1.1" 404 - "https://www.google.de/" "Mozilla/5.0 (iPad; CPU OS 9_3_5 like Mac OS X) AppleWebKit/601.1.46 (KHTML, like Gecko) Version/9.0 Mobile/13G36 Safari/601.1"
80.153.247.102 - - [01/Jun/2018:09:00:58 +0200] "GET / HTTP/1.1" 404 - "http://www.mbingenieure.de/" "Mozilla/5.0 (Windows NT 6.1; WOW64; Trident/7.0; rv:11.0) like Gecko"
80.153.247.102 - - [01/Jun/2018:09:01:03 +0200] "GET / HTTP/1.1" 404 - "-" "Mozilla/5.0 (Windows NT 6.1; WOW64; Trident/7.0; rv:11.0) like Gecko"
173.212.235.237 - - [01/Jun/2018:09:24:31 +0200] "GET /robots.txt HTTP/1.1" 404 - "-" "Mozilla/5.0 (X11; Ubuntu; Linux x86_64; rv:57.0) Gecko/20100101 Firefox/57.0"
173.212.235.237 - - [01/Jun/2018:09:24:31 +0200] "GET / HTTP/1.1" 404 - "-" "Mozilla/5.0 (X11; Ubuntu; Linux x86_64; rv:57.0) Gecko/20100101 Firefox/57.0"
95.163.255.15 - - [01/Jun/2018:09:28:06 +0200] "GET /robots.txt HTTP/1.0" 404 - "-" "Mozilla/5.0 (compatible; Linux x86_64; Mail.RU_Bot/2.0; +http://go.mail.ru/help/robots)"
95.163.255.12 - - [01/Jun/2018:09:28:07 +0200] "GET /www.just-malerei.de HTTP/1.1" 404 - "-" "Mozilla/5.0 (compatible; Linux x86_64; Mail.RU_Bot/2.0; +http://go.mail.ru/help/robots)"
173.212.235.237 - - [01/Jun/2018:10:24:25 +0200] "GET /robots.txt HTTP/1.1" 404 - "-" "Mozilla/5.0 (X11; Ubuntu; Linux x86_64; rv:57.0) Gecko/20100101 Firefox/57.0"
173.212.235.237 - - [01/Jun/2018:10:24:25 +0200] "GET / HTTP/1.1" 404 - "-" "Mozilla/5.0 (X11; Ubuntu; Linux x86_64; rv:57.0) Gecko/20100101 Firefox/57.0"
151.80.39.143 - - [01/Jun/2018:10:27:31 +0200] "GET /robots.txt HTTP/1.1" 404 - "-" "Mozilla/5.0 (compatible; AhrefsBot/5.2; +http://ahrefs.com/robot/)"
54.36.148.136 - - [01/Jun/2018:10:27:32 +0200] "GET /referenz.html HTTP/1.1" 404 - "-" "Mozilla/5.0 (compatible; AhrefsBot/5.2; +http://ahrefs.com/robot/)"
173.212.205.61 - - [01/Jun/2018:13:19:53 +0200] "GET / HTTP/1.1" 404 - "-" "Mozilla/5.0 (Windows NT 10.0; Win64; x64) AppleWebKit/537.36 (KHTML, like Gecko) Chrome/55.0.2883.87 Safari/537.36"
217.250.184.239 - - [01/Jun/2018:17:52:51 +0200] "GET / HTTP/1.1" 404 - "-" "Mozilla/5.0 (Windows; U; Windows NT 6.0; de; rv:1.9.2.3) Gecko/20100401 Firefox/3.6.3 ( .NET CLR 3.5.30729)"
173.212.235.237 - - [01/Jun/2018:18:04:09 +0200] "GET /robots.txt HTTP/1.1" 404 - "-" "Mozilla/5.0 (X11; Ubuntu; Linux x86_64; rv:57.0) Gecko/20100101 Firefox/57.0"
173.212.235.237 - - [01/Jun/2018:18:04:09 +0200] "GET / HTTP/1.1" 404 - "-" "Mozilla/5.0 (X11; Ubuntu; Linux x86_64; rv:57.0) Gecko/20100101 Firefox/57.0"
78.46.156.169 - - [01/Jun/2018:19:49:04 +0200] "GET / HTTP/1.1" 404 - "-" "Mozilla/5.0 (Macintosh; Intel Mac OS X 10_12_6) AppleWebKit/604.5.6 (KHTML, like Gecko) Version/11.0.3 Safari/604.5.6"
78.46.156.169 - - [01/Jun/2018:19:50:50 +0200] "GET /impressum.html HTTP/1.1" 404 - "-" "Mozilla/5.0 (X11; Ubuntu; Linux x86_64; rv:57.0) Gecko/20100101 Firefox/57.0"
78.46.156.169 - - [01/Jun/2018:19:50:51 +0200] "GET /kontakt.html HTTP/1.1" 404 - "-" "Mozilla/5.0 (Windows NT 10.0; Win64; x64; rv:58.0) Gecko/20100101 Firefox/58.0"
185.165.31.141 - - [01/Jun/2018:21:14:31 +0200] "POST /user/register?element_parents=account/mail/%23value&ajax_form=1&_wrapper_format=drupal_ajax HTTP/1.1" 404 - "-" "python-requests/2.18.1"
66.249.69.227 - - [02/Jun/2018:00:04:39 +0200] "GET /robots.txt HTTP/1.1" 404 - "-" "Mozilla/5.0 (compatible; Googlebot/2.1; +http://www.google.com/bot.html)"
66.249.69.227 - - [02/Jun/2018:00:04:39 +0200] "GET / HTTP/1.1" 404 - "-" "Mozilla/5.0 (compatible; Googlebot/2.1; +http://www.google.com/bot.html)"
66.249.69.227 - - [02/Jun/2018:00:08:03 +0200] "GET /css/style.css HTTP/1.1" 404 - "http://www.mbingenieure.de/" "Mozilla/5.0 AppleWebKit/537.36 (KHTML, like Gecko; compatible; Googlebot/2.1; +http://www.google.com/bot.html) Safari/537.36"
159.65.242.65 - - [02/Jun/2018:03:12:56 +0200] "GET / HTTP/1.0" 404 - "-" "Mozilla/5.0 (compatible; NetcraftSurveyAgent/1.0; +info@netcraft.com)"
47.96.234.252 - - [02/Jun/2018:03:43:32 +0200] "GET /wp-pols.php HTTP/1.1" 404 - "-" "-"
66.249.69.253 - - [02/Jun/2018:03:50:00 +0200] "GET /css/style.css HTTP/1.1" 404 - "http://www.mbingenieure.de/impressum.html" "Mozilla/5.0 (Linux; Android 6.0.1; Nexus 5X Build/MMB29P) AppleWebKit/537.36 (KHTML, like Gecko) Chrome/41.0.2272.96 Mobile Safari/537.36 (compatible; Googlebot/2.1; +http://www.google.com/bot.html)"
66.249.69.227 - - [02/Jun/2018:04:10:32 +0200] "GET / HTTP/1.1" 404 - "-" "Mozilla/5.0 (Linux; Android 6.0.1; Nexus 5X Build/MMB29P) AppleWebKit/537.36 (KHTML, like Gecko) Chrome/41.0.2272.96 Mobile Safari/537.36 (compatible; Googlebot/2.1; +http://www.google.com/bot.html)"
66.249.69.253 - - [02/Jun/2018:04:10:34 +0200] "GET /css/style.css HTTP/1.1" 404 - "http://www.mbingenieure.de/" "Mozilla/5.0 (Linux; Android 6.0.1; Nexus 5X Build/MMB29P) AppleWebKit/537.36 (KHTML, like Gecko) Chrome/41.0.2272.96 Mobile Safari/537.36 (compatible; Googlebot/2.1; +http://www.google.com/bot.html)"
54.36.148.210 - - [02/Jun/2018:04:47:59 +0200] "GET /kontakt.html HTTP/1.1" 404 - "-" "Mozilla/5.0 (compatible; AhrefsBot/5.2; +http://ahrefs.com/robot/)"
82.208.160.181 - - [02/Jun/2018:06:11:35 +0200] "GET / HTTP/1.1" 404 - "-" "Mozilla/5.0 (compatible& Googlebot/2.1& +http://www.google.com/bot.html)"
173.212.205.61 - - [02/Jun/2018:07:20:12 +0200] "GET / HTTP/1.1" 404 - "-" "Mozilla/5.0 (Windows NT 10.0; Win64; x64) AppleWebKit/537.36 (KHTML, like Gecko) Chrome/55.0.2883.87 Safari/537.36"
173.212.235.237 - - [02/Jun/2018:07:40:12 +0200] "GET /robots.txt HTTP/1.1" 404 - "-" "Mozilla/5.0 (X11; Ubuntu; Linux x86_64; rv:57.0) Gecko/20100101 Firefox/57.0"
173.212.235.237 - - [02/Jun/2018:07:40:12 +0200] "GET / HTTP/1.1" 404 - "-" "Mozilla/5.0 (X11; Ubuntu; Linux x86_64; rv:57.0) Gecko/20100101 Firefox/57.0"
40.77.167.205 - - [02/Jun/2018:07:54:24 +0200] "GET /referenz.html HTTP/1.1" 404 - "-" "Mozilla/5.0 (iPhone; CPU iPhone OS 7_0 like Mac OS X) AppleWebKit/537.51.1 (KHTML, like Gecko) Version/7.0 Mobile/11A465 Safari/9537.53 (compatible; bingbot/2.0; +http://www.bing.com/bingbot.htm)"
173.212.205.61 - - [02/Jun/2018:08:15:52 +0200] "GET / HTTP/1.1" 404 - "-" "Mozilla/5.0 (Windows NT 10.0; Win64; x64) AppleWebKit/537.36 (KHTML, like Gecko) Chrome/55.0.2883.87 Safari/537.36"
173.212.205.61 - - [02/Jun/2018:08:49:42 +0200] "GET / HTTP/1.1" 404 - "-" "Mozilla/5.0 (Windows NT 10.0; Win64; x64) AppleWebKit/537.36 (KHTML, like Gecko) Chrome/55.0.2883.87 Safari/537.36"
173.212.205.61 - - [02/Jun/2018:09:49:42 +0200] "GET / HTTP/1.1" 404 - "-" "Mozilla/5.0 (Windows NT 10.0; Win64; x64) AppleWebKit/537.36 (KHTML, like Gecko) Chrome/55.0.2883.87 Safari/537.36"
88.198.43.207 - - [02/Jun/2018:09:55:06 +0200] "GET / HTTP/1.1" 404 - "-" "Mozilla/5.0 (Windows NT 10.0; Win64; x64) AppleWebKit/537.36 (KHTML, like Gecko) Chrome/64.0.3282.167 Safari/537.36"
88.198.43.207 - - [02/Jun/2018:09:56:03 +0200] "GET /kontakt.html HTTP/1.1" 404 - "-" "Mozilla/5.0 (Windows NT 6.1; Win64; x64) AppleWebKit/537.36 (KHTML, like Gecko) Chrome/64.0.3282.140 Safari/537.36"
88.198.43.207 - - [02/Jun/2018:09:56:03 +0200] "GET /impressum.html HTTP/1.1" 404 - "-" "Mozilla/5.0 (Windows NT 10.0; WOW64; Trident/7.0; rv:11.0) like Gecko"
173.212.205.61 - - [02/Jun/2018:10:49:36 +0200] "GET / HTTP/1.1" 404 - "-" "Mozilla/5.0 (Windows NT 10.0; Win64; x64) AppleWebKit/537.36 (KHTML, like Gecko) Chrome/55.0.2883.87 Safari/537.36"
173.212.205.61 - - [02/Jun/2018:11:51:12 +0200] "GET / HTTP/1.1" 404 - "-" "Mozilla/5.0 (Windows NT 10.0; Win64; x64) AppleWebKit/537.36 (KHTML, like Gecko) Chrome/55.0.2883.87 Safari/537.36"
40.77.167.56 - - [02/Jun/2018:11:51:33 +0200] "GET /partner.html HTTP/1.1" 404 - "-" "Mozilla/5.0 (compatible; bingbot/2.0; +http://www.bing.com/bingbot.htm)"
173.212.205.61 - - [02/Jun/2018:12:49:38 +0200] "GET / HTTP/1.1" 404 - "-" "Mozilla/5.0 (Windows NT 10.0; Win64; x64) AppleWebKit/537.36 (KHTML, like Gecko) Chrome/55.0.2883.87 Safari/537.36"
173.212.205.61 - - [02/Jun/2018:13:49:33 +0200] "GET / HTTP/1.1" 404 - "-" "Mozilla/5.0 (Windows NT 10.0; Win64; x64) AppleWebKit/537.36 (KHTML, like Gecko) Chrome/55.0.2883.87 Safari/537.36"
86.110.117.10 - - [02/Jun/2018:14:07:59 +0200] "GET /wp-content/themes/konzept/style.css HTTP/1.1" 404 - "http://www.mbingenieure.de/wp-content/themes/konzept/style.css" "Mozilla/5.0 (Windows NT 6.1; WOW64) AppleWebKit/537.36 (KHTML, like Gecko) Chrome/42.0.2311.152 Safari/537.36"
87.250.244.7 - - [02/Jun/2018:14:30:18 +0200] "GET /robots.txt HTTP/1.1" 404 - "-" "Mozilla/5.0 (compatible; YandexBot/3.0; +http://yandex.com/bots)"
141.8.141.134 - - [02/Jun/2018:14:30:22 +0200] "GET /favicon.ico HTTP/1.1" 404 - "-" "Mozilla/5.0 (compatible; YandexBot/3.0; +http://yandex.com/bots)"
173.212.205.61 - - [02/Jun/2018:14:49:43 +0200] "GET / HTTP/1.1" 404 - "-" "Mozilla/5.0 (Windows NT 10.0; Win64; x64) AppleWebKit/537.36 (KHTML, like Gecko) Chrome/55.0.2883.87 Safari/537.36"
173.212.205.61 - - [02/Jun/2018:15:51:00 +0200] "GET / HTTP/1.1" 404 - "-" "Mozilla/5.0 (Windows NT 10.0; Win64; x64) AppleWebKit/537.36 (KHTML, like Gecko) Chrome/55.0.2883.87 Safari/537.36"
173.212.205.61 - - [02/Jun/2018:16:50:30 +0200] "GET / HTTP/1.1" 404 - "-" "Mozilla/5.0 (Windows NT 10.0; Win64; x64) AppleWebKit/537.36 (KHTML, like Gecko) Chrome/55.0.2883.87 Safari/537.36"
157.55.39.166 - - [02/Jun/2018:17:16:01 +0200] "GET /projekte.html HTTP/1.1" 404 - "-" "Mozilla/5.0 (iPhone; CPU iPhone OS 7_0 like Mac OS X) AppleWebKit/537.51.1 (KHTML, like Gecko) Version/7.0 Mobile/11A465 Safari/9537.53 (compatible; bingbot/2.0; +http://www.bing.com/bingbot.htm)"
95.163.255.14 - - [02/Jun/2018:17:44:35 +0200] "GET /robots.txt HTTP/1.0" 404 - "-" "Mozilla/5.0 (compatible; Linux x86_64; Mail.RU_Bot/2.0; +http://go.mail.ru/help/robots)"
95.163.255.19 - - [02/Jun/2018:17:44:38 +0200] "GET /index.html HTTP/1.1" 404 - "-" "Mozilla/5.0 (compatible; Linux x86_64; Mail.RU_Bot/2.0; +http://go.mail.ru/help/robots)"
173.212.205.61 - - [02/Jun/2018:17:49:36 +0200] "GET / HTTP/1.1" 404 - "-" "Mozilla/5.0 (Windows NT 10.0; Win64; x64) AppleWebKit/537.36 (KHTML, like Gecko) Chrome/55.0.2883.87 Safari/537.36"
217.250.190.243 - - [02/Jun/2018:18:24:47 +0200] "GET /referenz.html HTTP/1.1" 404 - "-" "Mozilla/5.0 (Windows; U; Windows NT 6.0; de; rv:1.9.2.3) Gecko/20100401 Firefox/3.6.3 ( .NET CLR 3.5.30729)"
173.212.205.61 - - [02/Jun/2018:18:49:33 +0200] "GET / HTTP/1.1" 404 - "-" "Mozilla/5.0 (Windows NT 10.0; Win64; x64) AppleWebKit/537.36 (KHTML, like Gecko) Chrome/55.0.2883.87 Safari/537.36"
217.250.190.243 - - [02/Jun/2018:19:21:28 +0200] "GET /impressum.html HTTP/1.1" 404 - "-" "Mozilla/5.0 (Windows; U; Windows NT 6.0; de; rv:1.9.2.3) Gecko/20100401 Firefox/3.6.3 ( .NET CLR 3.5.30729)"
217.250.190.243 - - [02/Jun/2018:19:24:35 +0200] "GET /spektrum.html HTTP/1.1" 404 - "-" "Mozilla/5.0 (Windows; U; Windows NT 6.0; de; rv:1.9.2.3) Gecko/20100401 Firefox/3.6.3 ( .NET CLR 3.5.30729)"
217.250.190.243 - - [02/Jun/2018:19:49:25 +0200] "GET /partner.html HTTP/1.1" 404 - "-" "Mozilla/5.0 (Windows; U; Windows NT 6.0; de; rv:1.9.2.3) Gecko/20100401 Firefox/3.6.3 ( .NET CLR 3.5.30729)"
173.212.205.61 - - [02/Jun/2018:19:49:51 +0200] "GET / HTTP/1.1" 404 - "-" "Mozilla/5.0 (Windows NT 10.0; Win64; x64) AppleWebKit/537.36 (KHTML, like Gecko) Chrome/55.0.2883.87 Safari/537.36"
157.55.39.182 - - [02/Jun/2018:20:01:08 +0200] "GET /spektrum.html HTTP/1.1" 404 - "-" "Mozilla/5.0 (compatible; bingbot/2.0; +http://www.bing.com/bingbot.htm)"
217.250.190.243 - - [02/Jun/2018:20:10:59 +0200] "GET /uns.html HTTP/1.1" 404 - "-" "Mozilla/5.0 (Windows; U; Windows NT 6.0; de; rv:1.9.2.3) Gecko/20100401 Firefox/3.6.3 ( .NET CLR 3.5.30729)"
207.46.13.0 - - [02/Jun/2018:20:16:22 +0200] "GET /referenz.html HTTP/1.1" 404 - "-" "Mozilla/5.0 (compatible; bingbot/2.0; +http://www.bing.com/bingbot.htm)"
217.250.190.243 - - [02/Jun/2018:20:19:09 +0200] "GET /kontakt.html HTTP/1.1" 404 - "-" "Mozilla/5.0 (Windows; U; Windows NT 6.0; de; rv:1.9.2.3) Gecko/20100401 Firefox/3.6.3 ( .NET CLR 3.5.30729)"
217.250.190.243 - - [02/Jun/2018:20:28:20 +0200] "GET /index.html HTTP/1.1" 404 - "-" "Mozilla/5.0 (Windows; U; Windows NT 6.0; de; rv:1.9.2.3) Gecko/20100401 Firefox/3.6.3 ( .NET CLR 3.5.30729)"
173.212.205.61 - - [02/Jun/2018:20:51:09 +0200] "GET / HTTP/1.1" 404 - "-" "Mozilla/5.0 (Windows NT 10.0; Win64; x64) AppleWebKit/537.36 (KHTML, like Gecko) Chrome/55.0.2883.87 Safari/537.36"
40.77.167.63 - - [02/Jun/2018:21:09:51 +0200] "GET /spektrum.html HTTP/1.1" 404 - "-" "Mozilla/5.0 (compatible; bingbot/2.0; +http://www.bing.com/bingbot.htm)"
173.212.205.61 - - [02/Jun/2018:21:50:50 +0200] "GET / HTTP/1.1" 404 - "-" "Mozilla/5.0 (Windows NT 10.0; Win64; x64) AppleWebKit/537.36 (KHTML, like Gecko) Chrome/55.0.2883.87 Safari/537.36"
40.77.167.11 - - [02/Jun/2018:22:32:41 +0200] "GET / HTTP/1.1" 404 - "-" "Mozilla/5.0 (compatible; bingbot/2.0; +http://www.bing.com/bingbot.htm)"
173.212.205.61 - - [02/Jun/2018:22:49:29 +0200] "GET / HTTP/1.1" 404 - "-" "Mozilla/5.0 (Windows NT 10.0; Win64; x64) AppleWebKit/537.36 (KHTML, like Gecko) Chrome/55.0.2883.87 Safari/537.36"
173.212.205.61 - - [02/Jun/2018:23:49:30 +0200] "GET / HTTP/1.1" 404 - "-" "Mozilla/5.0 (Windows NT 10.0; Win64; x64) AppleWebKit/537.36 (KHTML, like Gecko) Chrome/55.0.2883.87 Safari/537.36"
173.212.205.61 - - [03/Jun/2018:00:49:49 +0200] "GET / HTTP/1.1" 404 - "-" "Mozilla/5.0 (Windows NT 10.0; Win64; x64) AppleWebKit/537.36 (KHTML, like Gecko) Chrome/55.0.2883.87 Safari/537.36"
173.212.205.61 - - [03/Jun/2018:01:49:38 +0200] "GET / HTTP/1.1" 404 - "-" "Mozilla/5.0 (Windows NT 10.0; Win64; x64) AppleWebKit/537.36 (KHTML, like Gecko) Chrome/55.0.2883.87 Safari/537.36"
173.212.205.61 - - [03/Jun/2018:02:50:55 +0200] "GET / HTTP/1.1" 404 - "-" "Mozilla/5.0 (Windows NT 10.0; Win64; x64) AppleWebKit/537.36 (KHTML, like Gecko) Chrome/55.0.2883.87 Safari/537.36"
47.96.233.222 - - [03/Jun/2018:03:04:46 +0200] "GET /upgrade-network.php HTTP/1.1" 404 - "-" "-"
47.96.233.90 - - [03/Jun/2018:03:05:04 +0200] "GET /upgrade-network.php HTTP/1.1" 404 - "-" "-"
47.96.231.74 - - [03/Jun/2018:03:06:40 +0200] "GET /upgrade-network.php HTTP/1.1" 404 - "-" "-"
47.96.234.201 - - [03/Jun/2018:03:07:08 +0200] "GET /upgrade-network.php HTTP/1.1" 404 - "-" "-"
173.212.205.61 - - [03/Jun/2018:03:50:53 +0200] "GET / HTTP/1.1" 404 - "-" "Mozilla/5.0 (Windows NT 10.0; Win64; x64) AppleWebKit/537.36 (KHTML, like Gecko) Chrome/55.0.2883.87 Safari/537.36"
173.212.205.61 - - [03/Jun/2018:04:49:38 +0200] "GET / HTTP/1.1" 404 - "-" "Mozilla/5.0 (Windows NT 10.0; Win64; x64) AppleWebKit/537.36 (KHTML, like Gecko) Chrome/55.0.2883.87 Safari/537.36"
173.212.205.61 - - [03/Jun/2018:05:49:40 +0200] "GET / HTTP/1.1" 404 - "-" "Mozilla/5.0 (Windows NT 10.0; Win64; x64) AppleWebKit/537.36 (KHTML, like Gecko) Chrome/55.0.2883.87 Safari/537.36"
157.55.39.140 - - [03/Jun/2018:06:14:21 +0200] "GET /spektrum.html HTTP/1.1" 404 - "-" "Mozilla/5.0 (compatible; bingbot/2.0; +http://www.bing.com/bingbot.htm)"
173.212.205.61 - - [03/Jun/2018:06:49:46 +0200] "GET / HTTP/1.1" 404 - "-" "Mozilla/5.0 (Windows NT 10.0; Win64; x64) AppleWebKit/537.36 (KHTML, like Gecko) Chrome/55.0.2883.87 Safari/537.36"
173.212.205.61 - - [03/Jun/2018:07:49:27 +0200] "GET / HTTP/1.1" 404 - "-" "Mozilla/5.0 (Windows NT 10.0; Win64; x64) AppleWebKit/537.36 (KHTML, like Gecko) Chrome/55.0.2883.87 Safari/537.36"
173.212.205.61 - - [03/Jun/2018:08:49:50 +0200] "GET / HTTP/1.1" 404 - "-" "Mozilla/5.0 (Windows NT 10.0; Win64; x64) AppleWebKit/537.36 (KHTML, like Gecko) Chrome/55.0.2883.87 Safari/537.36"
173.212.205.61 - - [03/Jun/2018:09:49:38 +0200] "GET / HTTP/1.1" 404 - "-" "Mozilla/5.0 (Windows NT 10.0; Win64; x64) AppleWebKit/537.36 (KHTML, like Gecko) Chrome/55.0.2883.87 Safari/537.36"
79.231.194.65 - - [03/Jun/2018:10:25:15 +0200] "GET /referenz.html HTTP/1.1" 404 - "http://www.google.com/url?sa=t&rct=j&q=&esrc=s&source=web&cd=8&ved=0ahUKEwjH0rquhrfbAhWBuSwKHfIYDvAQFghXMAc&url=http%3A%2F%2Fwww.mbingenieure.de%2Freferenz.html&usg=AOvVaw1GS8q86iCeOM7jtp_ssK7J" "Mozilla/5.0 (Windows NT 6.1; WOW64; Trident/7.0; rv:11.0) like Gecko"
173.212.205.61 - - [03/Jun/2018:10:49:44 +0200] "GET / HTTP/1.1" 404 - "-" "Mozilla/5.0 (Windows NT 10.0; Win64; x64) AppleWebKit/537.36 (KHTML, like Gecko) Chrome/55.0.2883.87 Safari/537.36"
173.212.205.61 - - [03/Jun/2018:11:49:48 +0200] "GET / HTTP/1.1" 404 - "-" "Mozilla/5.0 (Windows NT 10.0; Win64; x64) AppleWebKit/537.36 (KHTML, like Gecko) Chrome/55.0.2883.87 Safari/537.36"
173.212.205.61 - - [03/Jun/2018:12:49:41 +0200] "GET / HTTP/1.1" 404 - "-" "Mozilla/5.0 (Windows NT 10.0; Win64; x64) AppleWebKit/537.36 (KHTML, like Gecko) Chrome/55.0.2883.87 Safari/537.36"
173.212.205.61 - - [03/Jun/2018:13:49:42 +0200] "GET / HTTP/1.1" 404 - "-" "Mozilla/5.0 (Windows NT 10.0; Win64; x64) AppleWebKit/537.36 (KHTML, like Gecko) Chrome/55.0.2883.87 Safari/537.36"
207.46.13.215 - - [03/Jun/2018:14:12:32 +0200] "GET /robots.txt HTTP/1.1" 404 - "-" "Mozilla/5.0 (compatible; bingbot/2.0; +http://www.bing.com/bingbot.htm)"
157.55.39.196 - - [03/Jun/2018:14:12:33 +0200] "GET /kontakt.html HTTP/1.1" 404 - "-" "Mozilla/5.0 (compatible; bingbot/2.0; +http://www.bing.com/bingbot.htm)"
173.212.205.61 - - [03/Jun/2018:14:49:49 +0200] "GET / HTTP/1.1" 404 - "-" "Mozilla/5.0 (Windows NT 10.0; Win64; x64) AppleWebKit/537.36 (KHTML, like Gecko) Chrome/55.0.2883.87 Safari/537.36"
173.212.205.61 - - [03/Jun/2018:15:51:34 +0200] "GET / HTTP/1.1" 404 - "-" "Mozilla/5.0 (Windows NT 10.0; Win64; x64) AppleWebKit/537.36 (KHTML, like Gecko) Chrome/55.0.2883.87 Safari/537.36"
159.203.109.155 - - [03/Jun/2018:16:28:27 +0200] "GET / HTTP/1.1" 404 - "http://www.mbingenieure.de" "Mozilla/5.0 (X11; Datanyze; Linux x86_64) AppleWebKit/537.36 (KHTML, like Gecko) Chrome/65.0.3325.181 Safari/537.36"
136.243.83.16 - - [03/Jun/2018:16:38:06 +0200] "GET /robots.txt HTTP/1.1" 404 - "-" "Mozilla/5.0 (compatible; MetaJobBot; http://www.metajob.de/crawler)"
136.243.83.16 - - [03/Jun/2018:16:38:06 +0200] "GET /uns.html HTTP/1.1" 404 - "-" "Mozilla/5.0 (compatible; MetaJobBot; http://www.metajob.de/crawler)"
46.229.168.66 - - [03/Jun/2018:16:46:40 +0200] "GET /robots.txt HTTP/1.1" 404 - "-" "Mozilla/5.0 (compatible; SemrushBot/2~bl; +http://www.semrush.com/bot.html)"
46.229.168.72 - - [03/Jun/2018:16:46:40 +0200] "GET /uns.html HTTP/1.1" 404 - "-" "Mozilla/5.0 (compatible; SemrushBot/2~bl; +http://www.semrush.com/bot.html)"
46.229.168.72 - - [03/Jun/2018:16:46:54 +0200] "GET /impressum.html HTTP/1.1" 404 - "-" "Mozilla/5.0 (compatible; SemrushBot/2~bl; +http://www.semrush.com/bot.html)"
46.229.168.72 - - [03/Jun/2018:16:47:05 +0200] "GET /partner.html HTTP/1.1" 404 - "-" "Mozilla/5.0 (compatible; SemrushBot/2~bl; +http://www.semrush.com/bot.html)"
46.229.168.72 - - [03/Jun/2018:16:47:18 +0200] "GET /index.html HTTP/1.1" 404 - "-" "Mozilla/5.0 (compatible; SemrushBot/2~bl; +http://www.semrush.com/bot.html)"
173.212.205.61 - - [03/Jun/2018:16:51:12 +0200] "GET / HTTP/1.1" 404 - "-" "Mozilla/5.0 (Windows NT 10.0; Win64; x64) AppleWebKit/537.36 (KHTML, like Gecko) Chrome/55.0.2883.87 Safari/537.36"
173.212.205.61 - - [03/Jun/2018:17:51:08 +0200] "GET / HTTP/1.1" 404 - "-" "Mozilla/5.0 (Windows NT 10.0; Win64; x64) AppleWebKit/537.36 (KHTML, like Gecko) Chrome/55.0.2883.87 Safari/537.36"
173.212.205.61 - - [03/Jun/2018:18:51:31 +0200] "GET / HTTP/1.1" 404 - "-" "Mozilla/5.0 (Windows NT 10.0; Win64; x64) AppleWebKit/537.36 (KHTML, like Gecko) Chrome/55.0.2883.87 Safari/537.36"
47.96.233.88 - - [03/Jun/2018:19:22:11 +0200] "GET /tmp.php HTTP/1.1" 404 - "-" "-"
47.106.146.167 - - [03/Jun/2018:19:22:16 +0200] "GET /tmp.php HTTP/1.1" 404 - "-" "-"
173.212.205.61 - - [03/Jun/2018:19:49:55 +0200] "GET / HTTP/1.1" 404 - "-" "Mozilla/5.0 (Windows NT 10.0; Win64; x64) AppleWebKit/537.36 (KHTML, like Gecko) Chrome/55.0.2883.87 Safari/537.36"
173.212.205.61 - - [03/Jun/2018:20:49:54 +0200] "GET / HTTP/1.1" 404 - "-" "Mozilla/5.0 (Windows NT 10.0; Win64; x64) AppleWebKit/537.36 (KHTML, like Gecko) Chrome/55.0.2883.87 Safari/537.36"
173.212.205.61 - - [03/Jun/2018:21:51:17 +0200] "GET / HTTP/1.1" 404 - "-" "Mozilla/5.0 (Windows NT 10.0; Win64; x64) AppleWebKit/537.36 (KHTML, like Gecko) Chrome/55.0.2883.87 Safari/537.36"
173.212.205.61 - - [03/Jun/2018:22:51:01 +0200] "GET / HTTP/1.1" 404 - "-" "Mozilla/5.0 (Windows NT 10.0; Win64; x64) AppleWebKit/537.36 (KHTML, like Gecko) Chrome/55.0.2883.87 Safari/537.36"
173.212.205.61 - - [03/Jun/2018:23:49:47 +0200] "GET / HTTP/1.1" 404 - "-" "Mozilla/5.0 (Windows NT 10.0; Win64; x64) AppleWebKit/537.36 (KHTML, like Gecko) Chrome/55.0.2883.87 Safari/537.36"
173.212.205.61 - - [04/Jun/2018:00:49:51 +0200] "GET / HTTP/1.1" 404 - "-" "Mozilla/5.0 (Windows NT 10.0; Win64; x64) AppleWebKit/537.36 (KHTML, like Gecko) Chrome/55.0.2883.87 Safari/537.36"
40.77.167.47 - - [04/Jun/2018:01:29:07 +0200] "GET / HTTP/1.1" 404 - "-" "Mozilla/5.0 (compatible; bingbot/2.0; +http://www.bing.com/bingbot.htm)"
173.212.205.61 - - [04/Jun/2018:01:49:55 +0200] "GET / HTTP/1.1" 404 - "-" "Mozilla/5.0 (Windows NT 10.0; Win64; x64) AppleWebKit/537.36 (KHTML, like Gecko) Chrome/55.0.2883.87 Safari/537.36"
173.212.205.61 - - [04/Jun/2018:02:49:38 +0200] "GET / HTTP/1.1" 404 - "-" "Mozilla/5.0 (Windows NT 10.0; Win64; x64) AppleWebKit/537.36 (KHTML, like Gecko) Chrome/55.0.2883.87 Safari/537.36"
173.212.205.61 - - [04/Jun/2018:03:50:39 +0200] "GET / HTTP/1.1" 404 - "-" "Mozilla/5.0 (Windows NT 10.0; Win64; x64) AppleWebKit/537.36 (KHTML, like Gecko) Chrome/55.0.2883.87 Safari/537.36"
173.212.205.61 - - [04/Jun/2018:04:49:51 +0200] "GET / HTTP/1.1" 404 - "-" "Mozilla/5.0 (Windows NT 10.0; Win64; x64) AppleWebKit/537.36 (KHTML, like Gecko) Chrome/55.0.2883.87 Safari/537.36"
173.212.205.61 - - [04/Jun/2018:05:49:53 +0200] "GET / HTTP/1.1" 404 - "-" "Mozilla/5.0 (Windows NT 10.0; Win64; x64) AppleWebKit/537.36 (KHTML, like Gecko) Chrome/55.0.2883.87 Safari/537.36"
173.212.205.61 - - [04/Jun/2018:06:49:43 +0200] "GET / HTTP/1.1" 404 - "-" "Mozilla/5.0 (Windows NT 10.0; Win64; x64) AppleWebKit/537.36 (KHTML, like Gecko) Chrome/55.0.2883.87 Safari/537.36"
173.212.205.61 - - [04/Jun/2018:07:49:37 +0200] "GET / HTTP/1.1" 404 - "-" "Mozilla/5.0 (Windows NT 10.0; Win64; x64) AppleWebKit/537.36 (KHTML, like Gecko) Chrome/55.0.2883.87 Safari/537.36"
173.212.205.61 - - [04/Jun/2018:08:51:14 +0200] "GET / HTTP/1.1" 404 - "-" "Mozilla/5.0 (Windows NT 10.0; Win64; x64) AppleWebKit/537.36 (KHTML, like Gecko) Chrome/55.0.2883.87 Safari/537.36"
207.46.13.209 - - [04/Jun/2018:09:04:35 +0200] "GET /impressum.html HTTP/1.1" 404 - "-" "Mozilla/5.0 (compatible; bingbot/2.0; +http://www.bing.com/bingbot.htm)"
66.249.69.227 - - [04/Jun/2018:09:17:58 +0200] "GET /robots.txt HTTP/1.1" 404 - "-" "Mozilla/5.0 (compatible; Googlebot/2.1; +http://www.google.com/bot.html)"
66.249.69.253 - - [04/Jun/2018:09:17:58 +0200] "GET /kontakt.html HTTP/1.1" 404 - "-" "Mozilla/5.0 (compatible; Googlebot/2.1; +http://www.google.com/bot.html)"
66.249.69.227 - - [04/Jun/2018:09:18:03 +0200] "GET /css/style.css HTTP/1.1" 404 - "http://www.mbingenieure.de/kontakt.html" "Mozilla/5.0 AppleWebKit/537.36 (KHTML, like Gecko; compatible; Googlebot/2.1; +http://www.google.com/bot.html) Safari/537.36"
173.212.205.61 - - [04/Jun/2018:09:50:05 +0200] "GET / HTTP/1.1" 404 - "-" "Mozilla/5.0 (Windows NT 10.0; Win64; x64) AppleWebKit/537.36 (KHTML, like Gecko) Chrome/55.0.2883.87 Safari/537.36"
66.249.69.253 - - [04/Jun/2018:10:19:17 +0200] "GET /js/plugins.js HTTP/1.1" 404 - "http://www.mbingenieure.de/uns.html" "Mozilla/5.0 AppleWebKit/537.36 (KHTML, like Gecko; compatible; Googlebot/2.1; +http://www.google.com/bot.html) Safari/537.36"
173.212.205.61 - - [04/Jun/2018:10:49:29 +0200] "GET / HTTP/1.1" 404 - "-" "Mozilla/5.0 (Windows NT 10.0; Win64; x64) AppleWebKit/537.36 (KHTML, like Gecko) Chrome/55.0.2883.87 Safari/537.36"
173.212.235.237 - - [04/Jun/2018:11:13:17 +0200] "GET /robots.txt HTTP/1.1" 404 - "-" "Mozilla/5.0 (X11; Ubuntu; Linux x86_64; rv:57.0) Gecko/20100101 Firefox/57.0"
173.212.235.237 - - [04/Jun/2018:11:13:17 +0200] "GET / HTTP/1.1" 404 - "-" "Mozilla/5.0 (X11; Ubuntu; Linux x86_64; rv:57.0) Gecko/20100101 Firefox/57.0"
173.212.205.61 - - [04/Jun/2018:11:49:33 +0200] "GET / HTTP/1.1" 404 - "-" "Mozilla/5.0 (Windows NT 10.0; Win64; x64) AppleWebKit/537.36 (KHTML, like Gecko) Chrome/55.0.2883.87 Safari/537.36"
77.247.178.11 - - [04/Jun/2018:11:59:41 +0200] "GET / HTTP/1.0" 404 - "https://www.cjb.net/" "Mozilla/5.0 (Linux; Android 6.0.1; Nexus 5X Build/MMB29P) AppleWebKit/537.36 (KHTML, like Gecko) Chrome/41.0.2272.96 Mobile Safari/537.36"
185.46.213.77 - - [04/Jun/2018:12:06:00 +0200] "GET / HTTP/1.1" 404 - "http://rcdpu025.roofing.lan:8000/sap(ZT1URVZJVGtsTFgxOWZYMTlmTWw5Zk1UTTVVbFFBaldfM0h1aVotdEFSc3RCNkJnPT0=)/bc/bsp/sap/crm_ui_frame/BSPWDApplication.do?sap-client=010&sap-language=DE&sap-domainrelax=min&sap-domainrelax=min" "Mozilla/5.0 (Windows NT 6.1) AppleWebKit/537.36 (KHTML, like Gecko) Chrome/66.0.3359.181 Safari/537.36"
185.46.213.77 - - [04/Jun/2018:12:06:01 +0200] "GET /favicon.ico HTTP/1.1" 404 - "http://www.mbingenieure.de/" "Mozilla/5.0 (Windows NT 6.1) AppleWebKit/537.36 (KHTML, like Gecko) Chrome/66.0.3359.181 Safari/537.36"
185.46.213.77 - - [04/Jun/2018:12:06:32 +0200] "GET / HTTP/1.1" 404 - "-" "Mozilla/5.0 (Windows NT 6.1) AppleWebKit/537.36 (KHTML, like Gecko) Chrome/66.0.3359.181 Safari/537.36"
185.46.213.77 - - [04/Jun/2018:12:07:11 +0200] "GET / HTTP/1.1" 404 - "-" "Mozilla/5.0 (Windows NT 6.1; Trident/7.0; rv:11.0) like Gecko"
173.212.205.61 - - [04/Jun/2018:12:50:07 +0200] "GET / HTTP/1.1" 404 - "-" "Mozilla/5.0 (Windows NT 10.0; Win64; x64) AppleWebKit/537.36 (KHTML, like Gecko) Chrome/55.0.2883.87 Safari/537.36"
66.249.69.224 - - [04/Jun/2018:13:01:26 +0200] "GET /impressum.html HTTP/1.1" 404 - "-" "Mozilla/5.0 (compatible; Googlebot/2.1; +http://www.google.com/bot.html)"
207.46.13.228 - - [04/Jun/2018:13:26:47 +0200] "GET /spektrum.html HTTP/1.1" 404 - "-" "Mozilla/5.0 (compatible; bingbot/2.0; +http://www.bing.com/bingbot.htm)"
173.212.205.61 - - [04/Jun/2018:13:50:08 +0200] "GET / HTTP/1.1" 404 - "-" "Mozilla/5.0 (Windows NT 10.0; Win64; x64) AppleWebKit/537.36 (KHTML, like Gecko) Chrome/55.0.2883.87 Safari/537.36"
173.212.205.61 - - [04/Jun/2018:14:50:36 +0200] "GET / HTTP/1.1" 404 - "-" "Mozilla/5.0 (Windows NT 10.0; Win64; x64) AppleWebKit/537.36 (KHTML, like Gecko) Chrome/55.0.2883.87 Safari/537.36"
173.212.205.61 - - [04/Jun/2018:15:49:59 +0200] "GET / HTTP/1.1" 404 - "-" "Mozilla/5.0 (Windows NT 10.0; Win64; x64) AppleWebKit/537.36 (KHTML, like Gecko) Chrome/55.0.2883.87 Safari/537.36"
185.234.218.67 - - [04/Jun/2018:16:49:42 +0200] "GET /MSD/sql.php HTTP/1.1" 404 - "-" "Mozilla/5.0 (Windows NT 6.3; Win64; x64) AppleWebKit/537.36 (KHTML, like Gecko) Chrome/62.0.3202.94 Safari/537.36"
185.234.218.67 - - [04/Jun/2018:16:49:42 +0200] "GET /Msd/sql.php HTTP/1.1" 404 - "-" "Mozilla/5.0 (Windows NT 6.3; Win64; x64) AppleWebKit/537.36 (KHTML, like Gecko) Chrome/62.0.3202.94 Safari/537.36"
185.234.218.67 - - [04/Jun/2018:16:49:42 +0200] "GET /MySQLDumper1.24.4/msd1.24.4/sql.php HTTP/1.1" 404 - "-" "Mozilla/5.0 (Windows NT 6.3; Win64; x64) AppleWebKit/537.36 (KHTML, like Gecko) Chrome/62.0.3202.94 Safari/537.36"
185.234.218.67 - - [04/Jun/2018:16:49:42 +0200] "GET /MySQLDumper1.24.4/sql.php HTTP/1.1" 404 - "-" "Mozilla/5.0 (Windows NT 6.3; Win64; x64) AppleWebKit/537.36 (KHTML, like Gecko) Chrome/62.0.3202.94 Safari/537.36"
185.234.218.67 - - [04/Jun/2018:16:49:42 +0200] "GET /MySQLDumper1.24.4stable/sql.php HTTP/1.1" 404 - "-" "Mozilla/5.0 (Windows NT 6.3; Win64; x64) AppleWebKit/537.36 (KHTML, like Gecko) Chrome/62.0.3202.94 Safari/537.36"
185.234.218.67 - - [04/Jun/2018:16:49:42 +0200] "GET /MySqlDumper/sql.php HTTP/1.1" 404 - "-" "Mozilla/5.0 (Windows NT 6.3; Win64; x64) AppleWebKit/537.36 (KHTML, like Gecko) Chrome/62.0.3202.94 Safari/537.36"
185.234.218.67 - - [04/Jun/2018:16:49:42 +0200] "GET /Mysqldumper/sql.php HTTP/1.1" 404 - "-" "Mozilla/5.0 (Windows NT 6.3; Win64; x64) AppleWebKit/537.36 (KHTML, like Gecko) Chrome/62.0.3202.94 Safari/537.36"
185.234.218.67 - - [04/Jun/2018:16:49:42 +0200] "GET /admin/sql.php HTTP/1.1" 404 - "-" "Mozilla/5.0 (Windows NT 6.3; Win64; x64) AppleWebKit/537.36 (KHTML, like Gecko) Chrome/62.0.3202.94 Safari/537.36"
185.234.218.67 - - [04/Jun/2018:16:49:42 +0200] "GET /admin/sql/sql.php HTTP/1.1" 404 - "-" "Mozilla/5.0 (Windows NT 6.3; Win64; x64) AppleWebKit/537.36 (KHTML, like Gecko) Chrome/62.0.3202.94 Safari/537.36"
185.234.218.67 - - [04/Jun/2018:16:49:42 +0200] "GET /backup/sql.php HTTP/1.1" 404 - "-" "Mozilla/5.0 (Windows NT 6.3; Win64; x64) AppleWebKit/537.36 (KHTML, like Gecko) Chrome/62.0.3202.94 Safari/537.36"
185.234.218.67 - - [04/Jun/2018:16:49:42 +0200] "GET /backups/sql.php HTTP/1.1" 404 - "-" "Mozilla/5.0 (Windows NT 6.3; Win64; x64) AppleWebKit/537.36 (KHTML, like Gecko) Chrome/62.0.3202.94 Safari/537.36"
185.234.218.67 - - [04/Jun/2018:16:49:42 +0200] "GET /database/sql.php HTTP/1.1" 404 - "-" "Mozilla/5.0 (Windows NT 6.3; Win64; x64) AppleWebKit/537.36 (KHTML, like Gecko) Chrome/62.0.3202.94 Safari/537.36"
185.234.218.67 - - [04/Jun/2018:16:49:42 +0200] "GET /datenbank/sql.php HTTP/1.1" 404 - "-" "Mozilla/5.0 (Windows NT 6.3; Win64; x64) AppleWebKit/537.36 (KHTML, like Gecko) Chrome/62.0.3202.94 Safari/537.36"
185.234.218.67 - - [04/Jun/2018:16:49:42 +0200] "GET /dump/sql.php HTTP/1.1" 404 - "-" "Mozilla/5.0 (Windows NT 6.3; Win64; x64) AppleWebKit/537.36 (KHTML, like Gecko) Chrome/62.0.3202.94 Safari/537.36"
185.234.218.67 - - [04/Jun/2018:16:49:42 +0200] "GET /dumper/sql.php HTTP/1.1" 404 - "-" "Mozilla/5.0 (Windows NT 6.3; Win64; x64) AppleWebKit/537.36 (KHTML, like Gecko) Chrome/62.0.3202.94 Safari/537.36"
185.234.218.67 - - [04/Jun/2018:16:49:42 +0200] "GET /msd/sql.php HTTP/1.1" 404 - "-" "Mozilla/5.0 (Windows NT 6.3; Win64; x64) AppleWebKit/537.36 (KHTML, like Gecko) Chrome/62.0.3202.94 Safari/537.36"
185.234.218.67 - - [04/Jun/2018:16:49:42 +0200] "GET /msd1.24.2/sql.php HTTP/1.1" 404 - "-" "Mozilla/5.0 (Windows NT 6.3; Win64; x64) AppleWebKit/537.36 (KHTML, like Gecko) Chrome/62.0.3202.94 Safari/537.36"
185.234.218.67 - - [04/Jun/2018:16:49:42 +0200] "GET /msd1.24.3/sql.php HTTP/1.1" 404 - "-" "Mozilla/5.0 (Windows NT 6.3; Win64; x64) AppleWebKit/537.36 (KHTML, like Gecko) Chrome/62.0.3202.94 Safari/537.36"
185.234.218.67 - - [04/Jun/2018:16:49:43 +0200] "GET /msd1.24.4/sql.php HTTP/1.1" 404 - "-" "Mozilla/5.0 (Windows NT 6.3; Win64; x64) AppleWebKit/537.36 (KHTML, like Gecko) Chrome/62.0.3202.94 Safari/537.36"
185.234.218.67 - - [04/Jun/2018:16:49:43 +0200] "GET /msd1.24stable/sql.php HTTP/1.1" 404 - "-" "Mozilla/5.0 (Windows NT 6.3; Win64; x64) AppleWebKit/537.36 (KHTML, like Gecko) Chrome/62.0.3202.94 Safari/537.36"
185.234.218.67 - - [04/Jun/2018:16:49:43 +0200] "GET /myadmin/sql.php HTTP/1.1" 404 - "-" "Mozilla/5.0 (Windows NT 6.3; Win64; x64) AppleWebKit/537.36 (KHTML, like Gecko) Chrome/62.0.3202.94 Safari/537.36"
185.234.218.67 - - [04/Jun/2018:16:49:43 +0200] "GET /mysql/sql.php HTTP/1.1" 404 - "-" "Mozilla/5.0 (Windows NT 6.3; Win64; x64) AppleWebKit/537.36 (KHTML, like Gecko) Chrome/62.0.3202.94 Safari/537.36"
185.234.218.67 - - [04/Jun/2018:16:49:43 +0200] "GET /mysqldumper/sql.php HTTP/1.1" 404 - "-" "Mozilla/5.0 (Windows NT 6.3; Win64; x64) AppleWebKit/537.36 (KHTML, like Gecko) Chrome/62.0.3202.94 Safari/537.36"
185.234.218.67 - - [04/Jun/2018:16:49:43 +0200] "GET /sql/sql.php HTTP/1.1" 404 - "-" "Mozilla/5.0 (Windows NT 6.3; Win64; x64) AppleWebKit/537.36 (KHTML, like Gecko) Chrome/62.0.3202.94 Safari/537.36"
173.212.205.61 - - [04/Jun/2018:16:49:55 +0200] "GET / HTTP/1.1" 404 - "-" "Mozilla/5.0 (Windows NT 10.0; Win64; x64) AppleWebKit/537.36 (KHTML, like Gecko) Chrome/55.0.2883.87 Safari/537.36"
66.249.69.224 - - [04/Jun/2018:17:41:29 +0200] "GET /spektrum.html HTTP/1.1" 404 - "-" "Mozilla/5.0 (compatible; Googlebot/2.1; +http://www.google.com/bot.html)"
173.212.205.61 - - [04/Jun/2018:17:49:53 +0200] "GET / HTTP/1.1" 404 - "-" "Mozilla/5.0 (Windows NT 10.0; Win64; x64) AppleWebKit/537.36 (KHTML, like Gecko) Chrome/55.0.2883.87 Safari/537.36"
173.212.235.237 - - [04/Jun/2018:18:25:12 +0200] "GET /robots.txt HTTP/1.1" 404 - "-" "Mozilla/5.0 (X11; Ubuntu; Linux x86_64; rv:57.0) Gecko/20100101 Firefox/57.0"
173.212.235.237 - - [04/Jun/2018:18:25:12 +0200] "GET / HTTP/1.1" 404 - "-" "Mozilla/5.0 (X11; Ubuntu; Linux x86_64; rv:57.0) Gecko/20100101 Firefox/57.0"
37.201.194.171 - - [04/Jun/2018:18:25:34 +0200] "GET / HTTP/1.1" 404 - "https://www.google.de/" "Mozilla/5.0 (Linux; Android 7.0; SAMSUNG SM-G920F/G920FXXU6ERC9 Build/NRD90M) AppleWebKit/537.36 (KHTML, like Gecko) SamsungBrowser/6.4 Chrome/56.0.2924.87 Mobile Safari/537.36"
37.201.194.171 - - [04/Jun/2018:18:25:34 +0200] "GET /favicon.ico HTTP/1.1" 404 - "http://www.mbingenieure.de/" "Mozilla/5.0 (Linux; Android 7.0; SAMSUNG SM-G920F/G920FXXU6ERC9 Build/NRD90M) AppleWebKit/537.36 (KHTML, like Gecko) SamsungBrowser/6.4 Chrome/56.0.2924.87 Mobile Safari/537.36"
173.212.205.61 - - [04/Jun/2018:18:50:02 +0200] "GET / HTTP/1.1" 404 - "-" "Mozilla/5.0 (Windows NT 10.0; Win64; x64) AppleWebKit/537.36 (KHTML, like Gecko) Chrome/55.0.2883.87 Safari/537.36"
207.46.13.71 - - [04/Jun/2018:19:11:00 +0200] "GET /kontakt.html HTTP/1.1" 404 - "-" "Mozilla/5.0 (compatible; bingbot/2.0; +http://www.bing.com/bingbot.htm)"
173.212.205.61 - - [04/Jun/2018:19:50:30 +0200] "GET / HTTP/1.1" 404 - "-" "Mozilla/5.0 (Windows NT 10.0; Win64; x64) AppleWebKit/537.36 (KHTML, like Gecko) Chrome/55.0.2883.87 Safari/537.36"
207.46.13.59 - - [04/Jun/2018:19:54:34 +0200] "GET /impressum.html HTTP/1.1" 404 - "-" "Mozilla/5.0 (compatible; bingbot/2.0; +http://www.bing.com/bingbot.htm)"
207.46.13.154 - - [04/Jun/2018:19:58:28 +0200] "GET /kontakt.html HTTP/1.1" 404 - "-" "Mozilla/5.0 (compatible; bingbot/2.0; +http://www.bing.com/bingbot.htm)"
207.46.13.59 - - [04/Jun/2018:20:13:28 +0200] "GET /referenz.html HTTP/1.1" 404 - "-" "Mozilla/5.0 (compatible; bingbot/2.0; +http://www.bing.com/bingbot.htm)"
173.212.205.61 - - [04/Jun/2018:20:50:00 +0200] "GET / HTTP/1.1" 404 - "-" "Mozilla/5.0 (Windows NT 10.0; Win64; x64) AppleWebKit/537.36 (KHTML, like Gecko) Chrome/55.0.2883.87 Safari/537.36"
173.212.205.61 - - [04/Jun/2018:21:50:11 +0200] "GET / HTTP/1.1" 404 - "-" "Mozilla/5.0 (Windows NT 10.0; Win64; x64) AppleWebKit/537.36 (KHTML, like Gecko) Chrome/55.0.2883.87 Safari/537.36"
173.212.205.61 - - [04/Jun/2018:22:49:32 +0200] "GET / HTTP/1.1" 404 - "-" "Mozilla/5.0 (Windows NT 10.0; Win64; x64) AppleWebKit/537.36 (KHTML, like Gecko) Chrome/55.0.2883.87 Safari/537.36"
66.249.69.227 - - [04/Jun/2018:23:01:00 +0200] "GET /robots.txt HTTP/1.1" 404 - "-" "Mozilla/5.0 (compatible; Googlebot/2.1; +http://www.google.com/bot.html)"
66.249.69.253 - - [04/Jun/2018:23:01:01 +0200] "GET /css/style.css HTTP/1.1" 404 - "http://www.mbingenieure.de/uns.html" "Mozilla/5.0 (Linux; Android 6.0.1; Nexus 5X Build/MMB29P) AppleWebKit/537.36 (KHTML, like Gecko) Chrome/41.0.2272.96 Mobile Safari/537.36 (compatible; Googlebot/2.1; +http://www.google.com/bot.html)"
173.212.205.61 - - [04/Jun/2018:23:49:49 +0200] "GET / HTTP/1.1" 404 - "-" "Mozilla/5.0 (Windows NT 10.0; Win64; x64) AppleWebKit/537.36 (KHTML, like Gecko) Chrome/55.0.2883.87 Safari/537.36"
173.212.205.61 - - [05/Jun/2018:00:50:00 +0200] "GET / HTTP/1.1" 404 - "-" "Mozilla/5.0 (Windows NT 10.0; Win64; x64) AppleWebKit/537.36 (KHTML, like Gecko) Chrome/55.0.2883.87 Safari/537.36"
173.212.205.61 - - [05/Jun/2018:01:49:50 +0200] "GET / HTTP/1.1" 404 - "-" "Mozilla/5.0 (Windows NT 10.0; Win64; x64) AppleWebKit/537.36 (KHTML, like Gecko) Chrome/55.0.2883.87 Safari/537.36"
40.77.167.69 - - [05/Jun/2018:02:24:13 +0200] "GET /partner.html HTTP/1.1" 404 - "-" "Mozilla/5.0 (compatible; bingbot/2.0; +http://www.bing.com/bingbot.htm)"
173.212.205.61 - - [05/Jun/2018:02:49:48 +0200] "GET / HTTP/1.1" 404 - "-" "Mozilla/5.0 (Windows NT 10.0; Win64; x64) AppleWebKit/537.36 (KHTML, like Gecko) Chrome/55.0.2883.87 Safari/537.36"
173.212.205.61 - - [05/Jun/2018:03:49:59 +0200] "GET / HTTP/1.1" 404 - "-" "Mozilla/5.0 (Windows NT 10.0; Win64; x64) AppleWebKit/537.36 (KHTML, like Gecko) Chrome/55.0.2883.87 Safari/537.36"
173.212.205.61 - - [05/Jun/2018:04:49:51 +0200] "GET / HTTP/1.1" 404 - "-" "Mozilla/5.0 (Windows NT 10.0; Win64; x64) AppleWebKit/537.36 (KHTML, like Gecko) Chrome/55.0.2883.87 Safari/537.36"
173.212.205.61 - - [05/Jun/2018:05:49:49 +0200] "GET / HTTP/1.1" 404 - "-" "Mozilla/5.0 (Windows NT 10.0; Win64; x64) AppleWebKit/537.36 (KHTML, like Gecko) Chrome/55.0.2883.87 Safari/537.36"
188.165.200.217 - - [05/Jun/2018:06:42:26 +0200] "HEAD / HTTP/1.1" 404 - "-" "Mozilla/4.0 (compatible; MSIE 5.01; Windows NT 5.0)"
173.212.205.61 - - [05/Jun/2018:06:49:56 +0200] "GET / HTTP/1.1" 404 - "-" "Mozilla/5.0 (Windows NT 10.0; Win64; x64) AppleWebKit/537.36 (KHTML, like Gecko) Chrome/55.0.2883.87 Safari/537.36"
173.212.205.61 - - [05/Jun/2018:07:49:39 +0200] "GET / HTTP/1.1" 404 - "-" "Mozilla/5.0 (Windows NT 10.0; Win64; x64) AppleWebKit/537.36 (KHTML, like Gecko) Chrome/55.0.2883.87 Safari/537.36"
173.212.205.61 - - [05/Jun/2018:08:50:01 +0200] "GET / HTTP/1.1" 404 - "-" "Mozilla/5.0 (Windows NT 10.0; Win64; x64) AppleWebKit/537.36 (KHTML, like Gecko) Chrome/55.0.2883.87 Safari/537.36"
173.212.235.237 - - [05/Jun/2018:09:15:22 +0200] "GET /robots.txt HTTP/1.1" 404 - "-" "Mozilla/5.0 (X11; Ubuntu; Linux x86_64; rv:57.0) Gecko/20100101 Firefox/57.0"
173.212.235.237 - - [05/Jun/2018:09:15:22 +0200] "GET / HTTP/1.1" 404 - "-" "Mozilla/5.0 (X11; Ubuntu; Linux x86_64; rv:57.0) Gecko/20100101 Firefox/57.0"
136.243.83.16 - - [05/Jun/2018:09:19:23 +0200] "GET /robots.txt HTTP/1.1" 404 - "-" "Mozilla/5.0 (compatible; MetaJobBot; http://www.metajob.de/crawler)"
136.243.83.16 - - [05/Jun/2018:09:19:23 +0200] "GET /impressum.html HTTP/1.1" 404 - "-" "Mozilla/5.0 (compatible; MetaJobBot; http://www.metajob.de/crawler)"
212.204.114.75 - - [05/Jun/2018:09:22:39 +0200] "GET / HTTP/1.1" 404 - "-" "Mozilla/5.0 (Windows NT 10.0; Win64; x64; rv:59.0) Gecko/20100101 Firefox/59.0"
212.204.114.75 - - [05/Jun/2018:09:22:39 +0200] "GET /favicon.ico HTTP/1.1" 404 - "-" "Mozilla/5.0 (Windows NT 10.0; Win64; x64; rv:59.0) Gecko/20100101 Firefox/59.0"
212.204.114.75 - - [05/Jun/2018:09:22:39 +0200] "GET /favicon.ico HTTP/1.1" 404 - "-" "Mozilla/5.0 (Windows NT 10.0; Win64; x64; rv:59.0) Gecko/20100101 Firefox/59.0"
212.204.114.75 - - [05/Jun/2018:09:22:42 +0200] "GET / HTTP/1.1" 404 - "-" "Mozilla/5.0 (Windows NT 10.0; Win64; x64; rv:59.0) Gecko/20100101 Firefox/59.0"
212.204.114.75 - - [05/Jun/2018:09:22:54 +0200] "GET / HTTP/1.1" 404 - "https://www.google.com/" "Mozilla/5.0 (Windows NT 10.0; Win64; x64; rv:59.0) Gecko/20100101 Firefox/59.0"
212.204.114.75 - - [05/Jun/2018:09:23:01 +0200] "GET /kontakt.html HTTP/1.1" 404 - "https://www.google.com/" "Mozilla/5.0 (Windows NT 10.0; Win64; x64; rv:59.0) Gecko/20100101 Firefox/59.0"
173.212.205.61 - - [05/Jun/2018:09:50:01 +0200] "GET / HTTP/1.1" 404 - "-" "Mozilla/5.0 (Windows NT 10.0; Win64; x64) AppleWebKit/537.36 (KHTML, like Gecko) Chrome/55.0.2883.87 Safari/537.36"
173.212.235.237 - - [05/Jun/2018:10:49:06 +0200] "GET /robots.txt HTTP/1.1" 404 - "-" "Mozilla/5.0 (X11; Ubuntu; Linux x86_64; rv:57.0) Gecko/20100101 Firefox/57.0"
173.212.235.237 - - [05/Jun/2018:10:49:06 +0200] "GET / HTTP/1.1" 404 - "-" "Mozilla/5.0 (X11; Ubuntu; Linux x86_64; rv:57.0) Gecko/20100101 Firefox/57.0"
173.212.205.61 - - [05/Jun/2018:10:49:29 +0200] "GET / HTTP/1.1" 404 - "-" "Mozilla/5.0 (Windows NT 10.0; Win64; x64) AppleWebKit/537.36 (KHTML, like Gecko) Chrome/55.0.2883.87 Safari/537.36"
40.77.167.169 - - [05/Jun/2018:11:40:02 +0200] "GET /index.html HTTP/1.1" 404 - "-" "Mozilla/5.0 (iPhone; CPU iPhone OS 7_0 like Mac OS X) AppleWebKit/537.51.1 (KHTML, like Gecko) Version/7.0 Mobile/11A465 Safari/9537.53 (compatible; bingbot/2.0; +http://www.bing.com/bingbot.htm)"
173.212.205.61 - - [05/Jun/2018:11:49:22 +0200] "GET / HTTP/1.1" 404 - "-" "Mozilla/5.0 (Windows NT 10.0; Win64; x64) AppleWebKit/537.36 (KHTML, like Gecko) Chrome/55.0.2883.87 Safari/537.36"
66.249.69.224 - - [05/Jun/2018:12:19:47 +0200] "GET /robots.txt HTTP/1.1" 404 - "-" "Mozilla/5.0 (compatible; Googlebot/2.1; +http://www.google.com/bot.html)"
66.249.69.253 - - [05/Jun/2018:12:19:47 +0200] "GET / HTTP/1.1" 404 - "-" "Mozilla/5.0 (compatible; Googlebot/2.1; +http://www.google.com/bot.html)"
173.212.205.61 - - [05/Jun/2018:12:49:38 +0200] "GET / HTTP/1.1" 404 - "-" "Mozilla/5.0 (Windows NT 10.0; Win64; x64) AppleWebKit/537.36 (KHTML, like Gecko) Chrome/55.0.2883.87 Safari/537.36"
193.28.173.58 - - [05/Jun/2018:13:10:43 +0200] "GET / HTTP/1.1" 404 - "http://www.google.com/url?sa=t&rct=j&q=&esrc=s&source=web&cd=1&ved=0ahUKEwiqtf-tsbzbAhXJI1AKHQL7CpsQFggoMAA&url=http%3A%2F%2Fwww.mbingenieure.de%2F&usg=AOvVaw2rnNFkvHVqlklSoXXuCOuY" "Mozilla/5.0 (Windows NT 6.1; Trident/7.0; rv:11.0) like Gecko"
80.187.106.77 - - [05/Jun/2018:13:11:24 +0200] "GET / HTTP/1.1" 404 - "https://www.google.de/" "Mozilla/5.0 (iPhone; CPU iPhone OS 11_3 like Mac OS X) AppleWebKit/605.1.15 (KHTML, like Gecko) Version/11.0 Mobile/15E148 Safari/604.1"
80.187.106.77 - - [05/Jun/2018:13:11:34 +0200] "GET /kontakt.html HTTP/1.1" 404 - "https://www.google.de/" "Mozilla/5.0 (iPhone; CPU iPhone OS 11_3 like Mac OS X) AppleWebKit/605.1.15 (KHTML, like Gecko) Version/11.0 Mobile/15E148 Safari/604.1"
80.187.106.77 - - [05/Jun/2018:13:11:38 +0200] "GET /uns.html HTTP/1.1" 404 - "https://www.google.de/" "Mozilla/5.0 (iPhone; CPU iPhone OS 11_3 like Mac OS X) AppleWebKit/605.1.15 (KHTML, like Gecko) Version/11.0 Mobile/15E148 Safari/604.1"
173.212.205.61 - - [05/Jun/2018:13:49:21 +0200] "GET / HTTP/1.1" 404 - "-" "Mozilla/5.0 (Windows NT 10.0; Win64; x64) AppleWebKit/537.36 (KHTML, like Gecko) Chrome/55.0.2883.87 Safari/537.36"
193.28.173.58 - - [05/Jun/2018:14:06:19 +0200] "GET /kontakt.html HTTP/1.1" 404 - "http://www.google.de/url?sa=t&rct=j&q=&esrc=s&source=web&cd=2&cad=rja&uact=8&ved=0ahUKEwjAlp7UvbzbAhXQLlAKHTizCeIQFggtMAE&url=http%3A%2F%2Fwww.mbingenieure.de%2Fkontakt.html&usg=AOvVaw1nINe3QAtZ4rUF6QwdkKCv" "Mozilla/5.0 (Windows NT 6.1; Trident/7.0; rv:11.0) like Gecko"
193.28.173.58 - - [05/Jun/2018:14:06:25 +0200] "GET / HTTP/1.1" 404 - "http://www.google.de/url?sa=t&rct=j&q=&esrc=s&source=web&cd=1&cad=rja&uact=8&ved=0ahUKEwjAlp7UvbzbAhXQLlAKHTizCeIQFggnMAA&url=http%3A%2F%2Fwww.mbingenieure.de%2F&usg=AOvVaw2rnNFkvHVqlklSoXXuCOuY" "Mozilla/5.0 (Windows NT 6.1; Trident/7.0; rv:11.0) like Gecko"
157.55.39.125 - - [05/Jun/2018:14:06:31 +0200] "GET /projekte.html HTTP/1.1" 404 - "-" "Mozilla/5.0 (iPhone; CPU iPhone OS 7_0 like Mac OS X) AppleWebKit/537.51.1 (KHTML, like Gecko) Version/7.0 Mobile/11A465 Safari/9537.53 (compatible; bingbot/2.0; +http://www.bing.com/bingbot.htm)"
157.55.39.52 - - [05/Jun/2018:14:22:57 +0200] "GET /robots.txt HTTP/1.1" 404 - "-" "Mozilla/5.0 (compatible; bingbot/2.0; +http://www.bing.com/bingbot.htm)"
157.55.39.166 - - [05/Jun/2018:14:23:01 +0200] "GET /referenz.html HTTP/1.1" 404 - "-" "Mozilla/5.0 (compatible; bingbot/2.0; +http://www.bing.com/bingbot.htm)"
136.243.36.68 - - [05/Jun/2018:14:46:24 +0200] "GET / HTTP/1.1" 404 - "-" "Mozilla/5.0 (compatible; vebidoobot/1.0; +https://blog.vebidoo.de/vebidoobot/)"
173.212.205.61 - - [05/Jun/2018:14:49:42 +0200] "GET / HTTP/1.1" 404 - "-" "Mozilla/5.0 (Windows NT 10.0; Win64; x64) AppleWebKit/537.36 (KHTML, like Gecko) Chrome/55.0.2883.87 Safari/537.36"
80.187.106.77 - - [05/Jun/2018:15:06:18 +0200] "GET / HTTP/1.1" 404 - "https://www.google.de/" "Mozilla/5.0 (iPhone; CPU iPhone OS 11_3 like Mac OS X) AppleWebKit/605.1.15 (KHTML, like Gecko) Version/11.0 Mobile/15E148 Safari/604.1"
193.28.173.58 - - [05/Jun/2018:15:10:18 +0200] "GET /impressum.html HTTP/1.1" 404 - "http://www.google.com/url?sa=t&rct=j&q=&esrc=s&source=web&cd=6&ved=0ahUKEwjLh4j2y7zbAhXIJcAKHaElBZwQFghQMAU&url=http%3A%2F%2Fwww.mbingenieure.de%2Fimpressum.html&usg=AOvVaw0xwMek4UTDqhym0ZsBL7wT" "Mozilla/5.0 (Windows NT 6.1; Trident/7.0; rv:11.0) like Gecko"
193.28.173.58 - - [05/Jun/2018:15:37:23 +0200] "GET / HTTP/1.1" 404 - "http://www.google.de/url?sa=t&rct=j&q=&esrc=s&source=web&cd=1&ved=0ahUKEwjnmuqZ0bzbAhXoAMAKHW4eBWEQFggnMAA&url=http%3A%2F%2Fwww.mbingenieure.de%2F&usg=AOvVaw2rnNFkvHVqlklSoXXuCOuY" "Mozilla/5.0 (Windows NT 6.1; Trident/7.0; rv:11.0) like Gecko"
193.28.173.58 - - [05/Jun/2018:15:37:33 +0200] "GET /kontakt.html HTTP/1.1" 404 - "http://www.google.de/url?sa=t&rct=j&q=&esrc=s&source=web&cd=5&ved=0ahUKEwjnmuqZ0bzbAhXoAMAKHW4eBWEQFghqMAQ&url=http%3A%2F%2Fwww.mbingenieure.de%2Fkontakt.html&usg=AOvVaw1nINe3QAtZ4rUF6QwdkKCv" "Mozilla/5.0 (Windows NT 6.1; Trident/7.0; rv:11.0) like Gecko"
193.28.173.58 - - [05/Jun/2018:15:37:36 +0200] "GET /kontakt.html HTTP/1.1" 404 - "http://www.google.de/url?sa=t&rct=j&q=&esrc=s&source=web&cd=5&ved=0ahUKEwjnmuqZ0bzbAhXoAMAKHW4eBWEQFghqMAQ&url=http%3A%2F%2Fwww.mbingenieure.de%2Fkontakt.html&usg=AOvVaw1nINe3QAtZ4rUF6QwdkKCv" "Mozilla/5.0 (Windows NT 6.1; Trident/7.0; rv:11.0) like Gecko"
193.28.173.58 - - [05/Jun/2018:15:37:39 +0200] "GET /kontakt.html HTTP/1.1" 404 - "http://www.google.de/url?sa=t&rct=j&q=&esrc=s&source=web&cd=5&ved=0ahUKEwjnmuqZ0bzbAhXoAMAKHW4eBWEQFghqMAQ&url=http%3A%2F%2Fwww.mbingenieure.de%2Fkontakt.html&usg=AOvVaw1nINe3QAtZ4rUF6QwdkKCv" "Mozilla/5.0 (Windows NT 6.1; Trident/7.0; rv:11.0) like Gecko"
173.212.205.61 - - [05/Jun/2018:15:51:25 +0200] "GET / HTTP/1.1" 404 - "-" "Mozilla/5.0 (Windows NT 10.0; Win64; x64) AppleWebKit/537.36 (KHTML, like Gecko) Chrome/55.0.2883.87 Safari/537.36"
207.46.13.72 - - [05/Jun/2018:15:57:26 +0200] "GET / HTTP/1.1" 404 - "-" "Mozilla/5.0 (compatible; bingbot/2.0; +http://www.bing.com/bingbot.htm)"
193.28.173.58 - - [05/Jun/2018:16:11:57 +0200] "GET / HTTP/1.1" 404 - "https://www.bing.com/" "Mozilla/5.0 (Windows NT 6.1; Trident/7.0; rv:11.0) like Gecko"
193.28.173.58 - - [05/Jun/2018:16:12:00 +0200] "GET / HTTP/1.1" 404 - "https://www.bing.com/" "Mozilla/5.0 (Windows NT 6.1; Trident/7.0; rv:11.0) like Gecko"
74.201.38.18 - - [05/Jun/2018:16:28:46 +0200] "GET /user/register/ HTTP/1.1" 404 - "-" "Mozilla/5.0 (Windows; U; Windows NT 5.1; de; rv:1.9) Gecko/2008052906 Firefox/3.0"
173.212.205.61 - - [05/Jun/2018:16:50:38 +0200] "GET / HTTP/1.1" 404 - "-" "Mozilla/5.0 (Windows NT 10.0; Win64; x64) AppleWebKit/537.36 (KHTML, like Gecko) Chrome/55.0.2883.87 Safari/537.36"
173.212.205.61 - - [05/Jun/2018:17:50:30 +0200] "GET / HTTP/1.1" 404 - "-" "Mozilla/5.0 (Windows NT 10.0; Win64; x64) AppleWebKit/537.36 (KHTML, like Gecko) Chrome/55.0.2883.87 Safari/537.36"
173.212.205.61 - - [05/Jun/2018:18:50:22 +0200] "GET / HTTP/1.1" 404 - "-" "Mozilla/5.0 (Windows NT 10.0; Win64; x64) AppleWebKit/537.36 (KHTML, like Gecko) Chrome/55.0.2883.87 Safari/537.36"
173.212.205.61 - - [05/Jun/2018:19:50:34 +0200] "GET / HTTP/1.1" 404 - "-" "Mozilla/5.0 (Windows NT 10.0; Win64; x64) AppleWebKit/537.36 (KHTML, like Gecko) Chrome/55.0.2883.87 Safari/537.36"
66.249.69.224 - - [05/Jun/2018:19:51:25 +0200] "GET / HTTP/1.1" 404 - "-" "Mozilla/5.0 (Linux; Android 6.0.1; Nexus 5X Build/MMB29P) AppleWebKit/537.36 (KHTML, like Gecko) Chrome/41.0.2272.96 Mobile Safari/537.36 (compatible; Googlebot/2.1; +http://www.google.com/bot.html)"
173.212.235.237 - - [05/Jun/2018:20:11:42 +0200] "GET /robots.txt HTTP/1.1" 404 - "-" "Mozilla/5.0 (X11; Ubuntu; Linux x86_64; rv:57.0) Gecko/20100101 Firefox/57.0"
173.212.235.237 - - [05/Jun/2018:20:11:42 +0200] "GET / HTTP/1.1" 404 - "-" "Mozilla/5.0 (X11; Ubuntu; Linux x86_64; rv:57.0) Gecko/20100101 Firefox/57.0"
173.212.205.61 - - [05/Jun/2018:20:51:47 +0200] "GET / HTTP/1.1" 404 - "-" "Mozilla/5.0 (Windows NT 10.0; Win64; x64) AppleWebKit/537.36 (KHTML, like Gecko) Chrome/55.0.2883.87 Safari/537.36"
173.212.205.61 - - [05/Jun/2018:21:51:29 +0200] "GET / HTTP/1.1" 404 - "-" "Mozilla/5.0 (Windows NT 10.0; Win64; x64) AppleWebKit/537.36 (KHTML, like Gecko) Chrome/55.0.2883.87 Safari/537.36"
173.212.205.61 - - [05/Jun/2018:22:50:34 +0200] "GET / HTTP/1.1" 404 - "-" "Mozilla/5.0 (Windows NT 10.0; Win64; x64) AppleWebKit/537.36 (KHTML, like Gecko) Chrome/55.0.2883.87 Safari/537.36"
148.251.75.46 - - [05/Jun/2018:23:26:22 +0200] "GET / HTTP/1.1" 404 - "-" "Mozilla/5.0 (Macintosh; Intel Mac OS X 10_13_1) AppleWebKit/537.36 (KHTML, like Gecko) Chrome/63.0.3239.132 Safari/537.36"
173.212.205.61 - - [05/Jun/2018:23:50:26 +0200] "GET / HTTP/1.1" 404 - "-" "Mozilla/5.0 (Windows NT 10.0; Win64; x64) AppleWebKit/537.36 (KHTML, like Gecko) Chrome/55.0.2883.87 Safari/537.36"
173.212.205.61 - - [06/Jun/2018:00:51:51 +0200] "GET / HTTP/1.1" 404 - "-" "Mozilla/5.0 (Windows NT 10.0; Win64; x64) AppleWebKit/537.36 (KHTML, like Gecko) Chrome/55.0.2883.87 Safari/537.36"
173.212.205.61 - - [06/Jun/2018:01:51:14 +0200] "GET / HTTP/1.1" 404 - "-" "Mozilla/5.0 (Windows NT 10.0; Win64; x64) AppleWebKit/537.36 (KHTML, like Gecko) Chrome/55.0.2883.87 Safari/537.36"
173.212.205.61 - - [06/Jun/2018:02:49:32 +0200] "GET / HTTP/1.1" 404 - "-" "Mozilla/5.0 (Windows NT 10.0; Win64; x64) AppleWebKit/537.36 (KHTML, like Gecko) Chrome/55.0.2883.87 Safari/537.36"
