173.212.205.61 - - [06/Jun/2018:03:54:48 +0200] "GET / HTTP/1.1" 404 - "-" "Mozilla/5.0 (Windows NT 10.0; Win64; x64) AppleWebKit/537.36 (KHTML, like Gecko) Chrome/55.0.2883.87 Safari/537.36"
173.212.205.61 - - [06/Jun/2018:04:49:54 +0200] "GET / HTTP/1.1" 404 - "-" "Mozilla/5.0 (Windows NT 10.0; Win64; x64) AppleWebKit/537.36 (KHTML, like Gecko) Chrome/55.0.2883.87 Safari/537.36"
173.212.205.61 - - [06/Jun/2018:05:50:28 +0200] "GET / HTTP/1.1" 404 - "-" "Mozilla/5.0 (Windows NT 10.0; Win64; x64) AppleWebKit/537.36 (KHTML, like Gecko) Chrome/55.0.2883.87 Safari/537.36"
173.212.205.61 - - [06/Jun/2018:06:50:22 +0200] "GET / HTTP/1.1" 404 - "-" "Mozilla/5.0 (Windows NT 10.0; Win64; x64) AppleWebKit/537.36 (KHTML, like Gecko) Chrome/55.0.2883.87 Safari/537.36"
173.212.205.61 - - [06/Jun/2018:07:49:50 +0200] "GET / HTTP/1.1" 404 - "-" "Mozilla/5.0 (Windows NT 10.0; Win64; x64) AppleWebKit/537.36 (KHTML, like Gecko) Chrome/55.0.2883.87 Safari/537.36"
54.208.102.37 - - [06/Jun/2018:08:01:46 +0200] "GET / HTTP/1.1" 404 - "http://www.mbingenieure.de/" "Mozilla/5.0 (compatible; DuckDuckGo-Favicons-Bot/1.0; +http://duckduckgo.com)"
89.15.239.161 - - [06/Jun/2018:08:02:19 +0200] "GET / HTTP/1.1" 404 - "https://duckduckgo.com/" "Mozilla/5.0 (Android 5.1.1; Mobile; rv:60.0) Gecko/60.0 Firefox/60.0"
89.15.239.161 - - [06/Jun/2018:08:02:19 +0200] "GET /favicon.ico HTTP/1.1" 404 - "-" "Mozilla/5.0 (Android 5.1.1; Mobile; rv:60.0.1) Gecko/60.0.1 Firefox/60.0.1"
193.28.173.58 - - [06/Jun/2018:08:21:02 +0200] "GET /kontakt.html HTTP/1.1" 404 - "http://www.google.de/url?sa=t&rct=j&q=&esrc=s&source=web&cd=2&ved=0ahUKEwixk-Svsr7bAhWLaFAKHRSAAsUQFggtMAE&url=http%3A%2F%2Fwww.mbingenieure.de%2Fkontakt.html&usg=AOvVaw1nINe3QAtZ4rUF6QwdkKCv" "Mozilla/5.0 (Windows NT 6.1; WOW64; Trident/7.0; rv:11.0) like Gecko"
193.28.173.58 - - [06/Jun/2018:08:21:03 +0200] "GET /kontakt.html HTTP/1.1" 404 - "http://www.google.de/url?sa=t&rct=j&q=&esrc=s&source=web&cd=2&ved=0ahUKEwixk-Svsr7bAhWLaFAKHRSAAsUQFggtMAE&url=http%3A%2F%2Fwww.mbingenieure.de%2Fkontakt.html&usg=AOvVaw1nINe3QAtZ4rUF6QwdkKCv" "Mozilla/5.0 (Windows NT 6.1; WOW64; Trident/7.0; rv:11.0) like Gecko"
193.28.173.58 - - [06/Jun/2018:08:21:05 +0200] "GET /kontakt.html HTTP/1.1" 404 - "http://www.google.de/url?sa=t&rct=j&q=&esrc=s&source=web&cd=2&ved=0ahUKEwixk-Svsr7bAhWLaFAKHRSAAsUQFggtMAE&url=http%3A%2F%2Fwww.mbingenieure.de%2Fkontakt.html&usg=AOvVaw1nINe3QAtZ4rUF6QwdkKCv" "Mozilla/5.0 (Windows NT 6.1; WOW64; Trident/7.0; rv:11.0) like Gecko"
173.212.205.61 - - [06/Jun/2018:08:49:40 +0200] "GET / HTTP/1.1" 404 - "-" "Mozilla/5.0 (Windows NT 10.0; Win64; x64) AppleWebKit/537.36 (KHTML, like Gecko) Chrome/55.0.2883.87 Safari/537.36"
173.212.205.61 - - [06/Jun/2018:09:50:07 +0200] "GET / HTTP/1.1" 404 - "-" "Mozilla/5.0 (Windows NT 10.0; Win64; x64) AppleWebKit/537.36 (KHTML, like Gecko) Chrome/55.0.2883.87 Safari/537.36"
173.212.205.61 - - [06/Jun/2018:10:50:09 +0200] "GET / HTTP/1.1" 404 - "-" "Mozilla/5.0 (Windows NT 10.0; Win64; x64) AppleWebKit/537.36 (KHTML, like Gecko) Chrome/55.0.2883.87 Safari/537.36"
46.101.94.163 - - [06/Jun/2018:11:10:03 +0200] "GET / HTTP/1.1" 404 - "http://www.mbingenieure.de/" "Mozilla/5.0 (iPhone; CPU iPhone OS 11_2_6 like Mac OS X) AppleWebKit/604.5.6 (KHTML, like Gecko) Version/11.0 Mobile/15D100 Safari/604.1"
87.114.160.240 - - [06/Jun/2018:11:10:04 +0200] "GET / HTTP/1.1" 404 - "http://www.mbingenieure.de/" "Mozilla/5.0 (iPhone; CPU iPhone OS 10_3_3 like Mac OS X) AppleWebKit/603.3.8 (KHTML, like Gecko) Version/10.0 Mobile/14G60 Safari/602.1"
165.227.0.128 - - [06/Jun/2018:11:10:04 +0200] "GET / HTTP/1.1" 404 - "http://www.mbingenieure.de/" "Mozilla/5.0 (Windows NT 10.0; Win64; x64; rv:59.0) Gecko/20100101 Firefox/59.0"
185.107.70.202 - - [06/Jun/2018:11:10:04 +0200] "GET / HTTP/1.1" 404 - "http://www.mbingenieure.de/" "Mozilla/5.0 (iPhone; CPU iPhone OS 10_3_3 like Mac OS X) AppleWebKit/603.3.8 (KHTML, like Gecko) Version/10.0 Mobile/14G60 Safari/602.1"
151.80.39.143 - - [06/Jun/2018:11:29:32 +0200] "GET /robots.txt HTTP/1.1" 404 - "-" "Mozilla/5.0 (compatible; AhrefsBot/5.2; +http://ahrefs.com/robot/)"
173.212.205.61 - - [06/Jun/2018:11:49:44 +0200] "GET / HTTP/1.1" 404 - "-" "Mozilla/5.0 (Windows NT 10.0; Win64; x64) AppleWebKit/537.36 (KHTML, like Gecko) Chrome/55.0.2883.87 Safari/537.36"
78.46.90.120 - - [06/Jun/2018:12:29:44 +0200] "GET / HTTP/1.1" 404 - "-" "Mozilla/5.0 (Macintosh; Intel Mac OS X 10_13_3) AppleWebKit/604.5.6 (KHTML, like Gecko) Version/11.0.3 Safari/604.5.6"
78.46.90.120 - - [06/Jun/2018:12:29:44 +0200] "GET /kontakt.html HTTP/1.1" 404 - "-" "Mozilla/5.0 (compatible; MSIE 10.0; Windows NT 6.1; WOW64; Trident/6.0)"
5.9.17.118 - - [06/Jun/2018:12:29:44 +0200] "GET /uns.html HTTP/1.1" 404 - "-" "Mozilla/5.0 (Macintosh; Intel Mac OS X 10_6_8) AppleWebKit/534.59.8 (KHTML, like Gecko) Version/5.1.9 Safari/534.59.8"
136.243.17.161 - - [06/Jun/2018:12:29:44 +0200] "GET /partner.html HTTP/1.1" 404 - "-" "Mozilla/5.0 (Macintosh; Intel Mac OS X 1084) AppleWebKit/536.29.13 (KHTML like Gecko) Version/6.0.4 Safari/536.29.13"
136.243.17.161 - - [06/Jun/2018:12:29:44 +0200] "GET /projekte.html HTTP/1.1" 404 - "-" "Mozilla/5.0 (Macintosh; Intel Mac OS X 10.13; rv:57.0) Gecko/20100101 Firefox/57.0"
5.9.106.81 - - [06/Jun/2018:12:29:44 +0200] "GET /referenz.html HTTP/1.1" 404 - "-" "Mozilla/5.0 (Windows NT 6.1; Win64; x64; rv:57.0) Gecko/20100101 Firefox/57.0"
173.212.205.61 - - [06/Jun/2018:12:49:50 +0200] "GET / HTTP/1.1" 404 - "-" "Mozilla/5.0 (Windows NT 10.0; Win64; x64) AppleWebKit/537.36 (KHTML, like Gecko) Chrome/55.0.2883.87 Safari/537.36"
173.212.205.61 - - [06/Jun/2018:13:49:25 +0200] "GET / HTTP/1.1" 404 - "-" "Mozilla/5.0 (Windows NT 10.0; Win64; x64) AppleWebKit/537.36 (KHTML, like Gecko) Chrome/55.0.2883.87 Safari/537.36"
193.28.173.58 - - [06/Jun/2018:14:12:03 +0200] "GET / HTTP/1.1" 404 - "https://www.bing.com/" "Mozilla/5.0 (Windows NT 6.1; WOW64; Trident/7.0; rv:11.0) like Gecko"
173.212.205.61 - - [06/Jun/2018:14:49:40 +0200] "GET / HTTP/1.1" 404 - "-" "Mozilla/5.0 (Windows NT 10.0; Win64; x64) AppleWebKit/537.36 (KHTML, like Gecko) Chrome/55.0.2883.87 Safari/537.36"
207.46.13.190 - - [06/Jun/2018:15:40:17 +0200] "GET /partner.html HTTP/1.1" 404 - "-" "Mozilla/5.0 (compatible; bingbot/2.0; +http://www.bing.com/bingbot.htm)"
173.212.205.61 - - [06/Jun/2018:15:49:57 +0200] "GET / HTTP/1.1" 404 - "-" "Mozilla/5.0 (Windows NT 10.0; Win64; x64) AppleWebKit/537.36 (KHTML, like Gecko) Chrome/55.0.2883.87 Safari/537.36"
180.76.15.14 - - [06/Jun/2018:15:53:59 +0200] "GET /robots.txt HTTP/1.1" 404 - "-" "Mozilla/5.0 (Windows NT 5.1; rv:6.0.2) Gecko/20100101 Firefox/6.0.2"
180.76.15.29 - - [06/Jun/2018:15:53:59 +0200] "GET /robots.txt HTTP/1.1" 404 - "-" "Mozilla/5.0 (Windows NT 5.1; rv:6.0.2) Gecko/20100101 Firefox/6.0.2"
180.76.15.152 - - [06/Jun/2018:15:57:02 +0200] "GET / HTTP/1.1" 404 - "-" "Mozilla/5.0 (compatible; Baiduspider/2.0; +http://www.baidu.com/search/spider.html)"
202.46.52.153 - - [06/Jun/2018:16:30:22 +0200] "GET / HTTP/1.1" 404 - "-" "Mozilla/5.0 (Windows NT 10.0; WOW64) AppleWebKit/537.36 (KHTML, like Gecko) Chrome/45.0.2454.93 Safari/537.36"
173.212.205.61 - - [06/Jun/2018:16:50:05 +0200] "GET / HTTP/1.1" 404 - "-" "Mozilla/5.0 (Windows NT 10.0; Win64; x64) AppleWebKit/537.36 (KHTML, like Gecko) Chrome/55.0.2883.87 Safari/537.36"
173.212.205.61 - - [06/Jun/2018:17:50:02 +0200] "GET / HTTP/1.1" 404 - "-" "Mozilla/5.0 (Windows NT 10.0; Win64; x64) AppleWebKit/537.36 (KHTML, like Gecko) Chrome/55.0.2883.87 Safari/537.36"
173.212.205.61 - - [06/Jun/2018:18:50:01 +0200] "GET / HTTP/1.1" 404 - "-" "Mozilla/5.0 (Windows NT 10.0; Win64; x64) AppleWebKit/537.36 (KHTML, like Gecko) Chrome/55.0.2883.87 Safari/537.36"
173.212.205.61 - - [06/Jun/2018:19:54:09 +0200] "GET / HTTP/1.1" 404 - "-" "Mozilla/5.0 (Windows NT 10.0; Win64; x64) AppleWebKit/537.36 (KHTML, like Gecko) Chrome/55.0.2883.87 Safari/537.36"
173.212.205.61 - - [06/Jun/2018:20:49:57 +0200] "GET / HTTP/1.1" 404 - "-" "Mozilla/5.0 (Windows NT 10.0; Win64; x64) AppleWebKit/537.36 (KHTML, like Gecko) Chrome/55.0.2883.87 Safari/537.36"
173.212.205.61 - - [06/Jun/2018:21:49:57 +0200] "GET / HTTP/1.1" 404 - "-" "Mozilla/5.0 (Windows NT 10.0; Win64; x64) AppleWebKit/537.36 (KHTML, like Gecko) Chrome/55.0.2883.87 Safari/537.36"
157.55.39.121 - - [06/Jun/2018:21:50:04 +0200] "GET / HTTP/1.1" 404 - "-" "Mozilla/5.0 (compatible; bingbot/2.0; +http://www.bing.com/bingbot.htm)"
173.212.205.61 - - [06/Jun/2018:22:49:49 +0200] "GET / HTTP/1.1" 404 - "-" "Mozilla/5.0 (Windows NT 10.0; Win64; x64) AppleWebKit/537.36 (KHTML, like Gecko) Chrome/55.0.2883.87 Safari/537.36"
173.212.205.61 - - [06/Jun/2018:23:49:58 +0200] "GET / HTTP/1.1" 404 - "-" "Mozilla/5.0 (Windows NT 10.0; Win64; x64) AppleWebKit/537.36 (KHTML, like Gecko) Chrome/55.0.2883.87 Safari/537.36"
173.212.205.61 - - [07/Jun/2018:00:50:09 +0200] "GET / HTTP/1.1" 404 - "-" "Mozilla/5.0 (Windows NT 10.0; Win64; x64) AppleWebKit/537.36 (KHTML, like Gecko) Chrome/55.0.2883.87 Safari/537.36"
173.212.205.61 - - [07/Jun/2018:01:49:47 +0200] "GET / HTTP/1.1" 404 - "-" "Mozilla/5.0 (Windows NT 10.0; Win64; x64) AppleWebKit/537.36 (KHTML, like Gecko) Chrome/55.0.2883.87 Safari/537.36"
173.212.205.61 - - [07/Jun/2018:02:49:49 +0200] "GET / HTTP/1.1" 404 - "-" "Mozilla/5.0 (Windows NT 10.0; Win64; x64) AppleWebKit/537.36 (KHTML, like Gecko) Chrome/55.0.2883.87 Safari/537.36"
173.212.205.61 - - [07/Jun/2018:03:49:52 +0200] "GET / HTTP/1.1" 404 - "-" "Mozilla/5.0 (Windows NT 10.0; Win64; x64) AppleWebKit/537.36 (KHTML, like Gecko) Chrome/55.0.2883.87 Safari/537.36"
157.55.39.239 - - [07/Jun/2018:04:46:57 +0200] "GET / HTTP/1.1" 404 - "-" "Mozilla/5.0 (compatible; bingbot/2.0; +http://www.bing.com/bingbot.htm)"
173.212.205.61 - - [07/Jun/2018:04:49:52 +0200] "GET / HTTP/1.1" 404 - "-" "Mozilla/5.0 (Windows NT 10.0; Win64; x64) AppleWebKit/537.36 (KHTML, like Gecko) Chrome/55.0.2883.87 Safari/537.36"
66.249.66.157 - - [07/Jun/2018:05:02:29 +0200] "GET /robots.txt HTTP/1.1" 404 - "-" "Mozilla/5.0 (compatible; Googlebot/2.1; +http://www.google.com/bot.html)"
66.249.66.156 - - [07/Jun/2018:05:02:29 +0200] "GET /referenz.html HTTP/1.1" 404 - "-" "Mozilla/5.0 (compatible; Googlebot/2.1; +http://www.google.com/bot.html)"
217.250.183.48 - - [07/Jun/2018:05:09:38 +0200] "GET / HTTP/1.1" 404 - "-" "Mozilla/5.0 (Windows; U; Windows NT 6.0; de; rv:1.9.2.3) Gecko/20100401 Firefox/3.6.3 ( .NET CLR 3.5.30729)"
173.212.205.61 - - [07/Jun/2018:05:50:08 +0200] "GET / HTTP/1.1" 404 - "-" "Mozilla/5.0 (Windows NT 10.0; Win64; x64) AppleWebKit/537.36 (KHTML, like Gecko) Chrome/55.0.2883.87 Safari/537.36"
157.55.39.237 - - [07/Jun/2018:05:50:31 +0200] "GET /referenz.html HTTP/1.1" 404 - "-" "Mozilla/5.0 (compatible; bingbot/2.0; +http://www.bing.com/bingbot.htm)"
66.249.66.158 - - [07/Jun/2018:06:34:06 +0200] "GET /index.html HTTP/1.1" 404 - "-" "Mozilla/5.0 (Linux; Android 6.0.1; Nexus 5X Build/MMB29P) AppleWebKit/537.36 (KHTML, like Gecko) Chrome/41.0.2272.96 Mobile Safari/537.36 (compatible; Googlebot/2.1; +http://www.google.com/bot.html)"
66.249.66.158 - - [07/Jun/2018:06:39:04 +0200] "GET /uns.html HTTP/1.1" 404 - "-" "Mozilla/5.0 (compatible; Googlebot/2.1; +http://www.google.com/bot.html)"
173.212.205.61 - - [07/Jun/2018:06:49:56 +0200] "GET / HTTP/1.1" 404 - "-" "Mozilla/5.0 (Windows NT 10.0; Win64; x64) AppleWebKit/537.36 (KHTML, like Gecko) Chrome/55.0.2883.87 Safari/537.36"
66.249.66.156 - - [07/Jun/2018:07:29:46 +0200] "GET /kontakt.html HTTP/1.1" 404 - "-" "Mozilla/5.0 (compatible; Googlebot/2.1; +http://www.google.com/bot.html)"
173.199.71.68 - - [07/Jun/2018:07:43:40 +0200] "GET / HTTP/1.1" 404 - "-" "Mozilla/5.0 (Windows NT 10.0; WOW64) AppleWebKit/537.36 (KHTML, like Gecko) Chrome/56.0.2924.87 Safari/537.36"
173.212.205.61 - - [07/Jun/2018:07:49:48 +0200] "GET / HTTP/1.1" 404 - "-" "Mozilla/5.0 (Windows NT 10.0; Win64; x64) AppleWebKit/537.36 (KHTML, like Gecko) Chrome/55.0.2883.87 Safari/537.36"
66.249.66.156 - - [07/Jun/2018:08:23:09 +0200] "GET /impressum.html HTTP/1.1" 404 - "-" "Mozilla/5.0 (compatible; Googlebot/2.1; +http://www.google.com/bot.html)"
173.212.205.61 - - [07/Jun/2018:08:50:04 +0200] "GET / HTTP/1.1" 404 - "-" "Mozilla/5.0 (Windows NT 10.0; Win64; x64) AppleWebKit/537.36 (KHTML, like Gecko) Chrome/55.0.2883.87 Safari/537.36"
173.212.205.61 - - [07/Jun/2018:09:50:15 +0200] "GET / HTTP/1.1" 404 - "-" "Mozilla/5.0 (Windows NT 10.0; Win64; x64) AppleWebKit/537.36 (KHTML, like Gecko) Chrome/55.0.2883.87 Safari/537.36"
54.36.149.0 - - [07/Jun/2018:10:13:49 +0200] "GET / HTTP/1.1" 404 - "-" "Mozilla/5.0 (compatible; AhrefsBot/5.2; +http://ahrefs.com/robot/)"
173.212.205.61 - - [07/Jun/2018:10:50:06 +0200] "GET / HTTP/1.1" 404 - "-" "Mozilla/5.0 (Windows NT 10.0; Win64; x64) AppleWebKit/537.36 (KHTML, like Gecko) Chrome/55.0.2883.87 Safari/537.36"
79.228.17.130 - - [07/Jun/2018:11:41:40 +0200] "GET / HTTP/1.1" 404 - "http://ling-srv01/ustrich/start/open/addressesandcontacts/index/64653564393239346664386138383261623133633965323333363934666438313134373631613334" "Mozilla/5.0 (Windows NT 10.0; Win64; x64; rv:60.0) Gecko/20100101 Firefox/60.0"
79.228.17.130 - - [07/Jun/2018:11:41:40 +0200] "GET /favicon.ico HTTP/1.1" 404 - "-" "Mozilla/5.0 (Windows NT 10.0; Win64; x64; rv:60.0) Gecko/20100101 Firefox/60.0"
79.228.17.130 - - [07/Jun/2018:11:41:46 +0200] "GET / HTTP/1.1" 404 - "http://ling-srv01/ustrich/start/open/addressesandcontacts/index/64653564393239346664386138383261623133633965323333363934666438313134373631613334" "Mozilla/5.0 (Windows NT 10.0; Win64; x64; rv:60.0) Gecko/20100101 Firefox/60.0"
173.212.205.61 - - [07/Jun/2018:11:50:18 +0200] "GET / HTTP/1.1" 404 - "-" "Mozilla/5.0 (Windows NT 10.0; Win64; x64) AppleWebKit/537.36 (KHTML, like Gecko) Chrome/55.0.2883.87 Safari/537.36"
173.212.205.61 - - [07/Jun/2018:12:49:51 +0200] "GET / HTTP/1.1" 404 - "-" "Mozilla/5.0 (Windows NT 10.0; Win64; x64) AppleWebKit/537.36 (KHTML, like Gecko) Chrome/55.0.2883.87 Safari/537.36"
173.212.205.61 - - [07/Jun/2018:13:49:59 +0200] "GET / HTTP/1.1" 404 - "-" "Mozilla/5.0 (Windows NT 10.0; Win64; x64) AppleWebKit/537.36 (KHTML, like Gecko) Chrome/55.0.2883.87 Safari/537.36"
173.212.205.61 - - [07/Jun/2018:14:50:11 +0200] "GET / HTTP/1.1" 404 - "-" "Mozilla/5.0 (Windows NT 10.0; Win64; x64) AppleWebKit/537.36 (KHTML, like Gecko) Chrome/55.0.2883.87 Safari/537.36"
173.212.205.61 - - [07/Jun/2018:15:54:18 +0200] "GET / HTTP/1.1" 404 - "-" "Mozilla/5.0 (Windows NT 10.0; Win64; x64) AppleWebKit/537.36 (KHTML, like Gecko) Chrome/55.0.2883.87 Safari/537.36"
151.80.39.143 - - [07/Jun/2018:16:43:31 +0200] "GET /robots.txt HTTP/1.1" 404 - "-" "Mozilla/5.0 (compatible; AhrefsBot/5.2; +http://ahrefs.com/robot/)"
54.36.148.44 - - [07/Jun/2018:16:43:32 +0200] "GET /impressum.html HTTP/1.1" 404 - "-" "Mozilla/5.0 (compatible; AhrefsBot/5.2; +http://ahrefs.com/robot/)"
173.212.205.61 - - [07/Jun/2018:16:50:05 +0200] "GET / HTTP/1.1" 404 - "-" "Mozilla/5.0 (Windows NT 10.0; Win64; x64) AppleWebKit/537.36 (KHTML, like Gecko) Chrome/55.0.2883.87 Safari/537.36"
101.199.112.50 - - [07/Jun/2018:17:26:19 +0200] "GET / HTTP/1.1" 404 - "http://www.mbingenieure.de/" "Mozilla/5.0 (Windows NT 6.1) AppleWebKit/537.36 (KHTML, like Gecko) Chrome/36.0.1985.125 Safari/537.36"
58.64.185.202 - - [07/Jun/2018:17:27:10 +0200] "GET / HTTP/1.1" 404 - "http://www.mbingenieure.de/" "Mozilla/5.0 (Windows NT 6.1) AppleWebKit/537.36 (KHTML, like Gecko) Chrome/36.0.1985.125 Safari/537.36"
173.212.205.61 - - [07/Jun/2018:17:50:17 +0200] "GET / HTTP/1.1" 404 - "-" "Mozilla/5.0 (Windows NT 10.0; Win64; x64) AppleWebKit/537.36 (KHTML, like Gecko) Chrome/55.0.2883.87 Safari/537.36"
66.249.66.156 - - [07/Jun/2018:18:47:07 +0200] "GET /robots.txt HTTP/1.1" 404 - "-" "Mozilla/5.0 (compatible; Googlebot/2.1; +http://www.google.com/bot.html)"
66.249.66.157 - - [07/Jun/2018:18:47:07 +0200] "GET / HTTP/1.1" 404 - "-" "Mozilla/5.0 (compatible; Googlebot/2.1; +http://www.google.com/bot.html)"
173.212.205.61 - - [07/Jun/2018:18:50:00 +0200] "GET / HTTP/1.1" 404 - "-" "Mozilla/5.0 (Windows NT 10.0; Win64; x64) AppleWebKit/537.36 (KHTML, like Gecko) Chrome/55.0.2883.87 Safari/537.36"
104.236.59.33 - - [07/Jun/2018:19:19:34 +0200] "GET / HTTP/1.1" 404 - "http://www.mbingenieure.de" "Mozilla/5.0 (X11; Datanyze; Linux x86_64) AppleWebKit/537.36 (KHTML, like Gecko) Chrome/65.0.3325.181 Safari/537.36"
173.212.205.61 - - [07/Jun/2018:19:50:10 +0200] "GET / HTTP/1.1" 404 - "-" "Mozilla/5.0 (Windows NT 10.0; Win64; x64) AppleWebKit/537.36 (KHTML, like Gecko) Chrome/55.0.2883.87 Safari/537.36"
141.8.141.131 - - [07/Jun/2018:19:58:43 +0200] "GET /robots.txt HTTP/1.1" 404 - "-" "Mozilla/5.0 (compatible; YandexBot/3.0; +http://yandex.com/bots)"
141.8.141.131 - - [07/Jun/2018:19:58:47 +0200] "GET /spektrum.html HTTP/1.1" 404 - "-" "Mozilla/5.0 (compatible; YandexBot/3.0; +http://yandex.com/bots)"
173.212.205.61 - - [07/Jun/2018:20:50:21 +0200] "GET / HTTP/1.1" 404 - "-" "Mozilla/5.0 (Windows NT 10.0; Win64; x64) AppleWebKit/537.36 (KHTML, like Gecko) Chrome/55.0.2883.87 Safari/537.36"
94.130.26.35 - - [07/Jun/2018:21:13:54 +0200] "GET / HTTP/1.1" 404 - "-" "Mozilla/5.0 (Windows NT 10.0; Win64; x64) AppleWebKit/537.36 (KHTML, like Gecko) Chrome/64.0.3282.186 Safari/537.36"
52.59.226.78 - - [07/Jun/2018:21:34:38 +0200] "GET /impressum.html HTTP/1.1" 404 - "-" "Mozilla/5.0 (Windows NT 6.1; de; rv:43.0) Gecko/20100101 Firefox/43.0"
13.57.220.0 - - [07/Jun/2018:21:46:21 +0200] "GET / HTTP/1.1" 404 - "-" "Mozilla/5.0 (Macintosh; Intel Mac OS X 10_12_6) AppleWebKit/537.36 (KHTML, like Gecko) Chrome/61.0.3163.100 Safari/537.36"
173.212.205.61 - - [07/Jun/2018:21:50:05 +0200] "GET / HTTP/1.1" 404 - "-" "Mozilla/5.0 (Windows NT 10.0; Win64; x64) AppleWebKit/537.36 (KHTML, like Gecko) Chrome/55.0.2883.87 Safari/537.36"
180.76.15.154 - - [07/Jun/2018:22:14:13 +0200] "GET / HTTP/1.1" 404 - "-" "Mozilla/5.0 (compatible; Baiduspider/2.0; +http://www.baidu.com/search/spider.html)"
173.212.205.61 - - [07/Jun/2018:22:50:21 +0200] "GET / HTTP/1.1" 404 - "-" "Mozilla/5.0 (Windows NT 10.0; Win64; x64) AppleWebKit/537.36 (KHTML, like Gecko) Chrome/55.0.2883.87 Safari/537.36"
173.212.205.61 - - [07/Jun/2018:23:50:07 +0200] "GET / HTTP/1.1" 404 - "-" "Mozilla/5.0 (Windows NT 10.0; Win64; x64) AppleWebKit/537.36 (KHTML, like Gecko) Chrome/55.0.2883.87 Safari/537.36"
66.249.66.158 - - [08/Jun/2018:00:07:57 +0200] "GET /index.html HTTP/1.1" 404 - "-" "Mozilla/5.0 (Linux; Android 6.0.1; Nexus 5X Build/MMB29P) AppleWebKit/537.36 (KHTML, like Gecko) Chrome/41.0.2272.96 Mobile Safari/537.36 (compatible; Googlebot/2.1; +http://www.google.com/bot.html)"
173.212.205.61 - - [08/Jun/2018:00:50:14 +0200] "GET / HTTP/1.1" 404 - "-" "Mozilla/5.0 (Windows NT 10.0; Win64; x64) AppleWebKit/537.36 (KHTML, like Gecko) Chrome/55.0.2883.87 Safari/537.36"
173.212.205.61 - - [08/Jun/2018:01:50:12 +0200] "GET / HTTP/1.1" 404 - "-" "Mozilla/5.0 (Windows NT 10.0; Win64; x64) AppleWebKit/537.36 (KHTML, like Gecko) Chrome/55.0.2883.87 Safari/537.36"
194.173.174.106 - - [08/Jun/2018:01:53:29 +0200] "HEAD / HTTP/1.1" 404 - "-" "Mozilla/5.0 (Windows NT 6.3; WOW64) AppleWebKit/537.36 (KHTML, like Gecko) Chrome/43.0.2357.134 Safari/537.36"
194.173.174.106 - - [08/Jun/2018:01:53:29 +0200] "GET / HTTP/1.1" 404 - "-" "Mozilla/5.0 (Windows NT 6.3; WOW64) AppleWebKit/537.36 (KHTML, like Gecko) Chrome/43.0.2357.134 Safari/537.36"
46.229.168.66 - - [08/Jun/2018:02:16:58 +0200] "GET /robots.txt HTTP/1.1" 404 - "-" "Mozilla/5.0 (compatible; SemrushBot/2~bl; +http://www.semrush.com/bot.html)"
46.229.168.72 - - [08/Jun/2018:02:16:59 +0200] "GET /referenz.html HTTP/1.1" 404 - "-" "Mozilla/5.0 (compatible; SemrushBot/2~bl; +http://www.semrush.com/bot.html)"
46.229.168.72 - - [08/Jun/2018:02:17:11 +0200] "GET /spektrum.html HTTP/1.1" 404 - "-" "Mozilla/5.0 (compatible; SemrushBot/2~bl; +http://www.semrush.com/bot.html)"
46.229.168.72 - - [08/Jun/2018:02:17:23 +0200] "GET / HTTP/1.1" 404 - "-" "Mozilla/5.0 (compatible; SemrushBot/2~bl; +http://www.semrush.com/bot.html)"
173.212.205.61 - - [08/Jun/2018:02:50:15 +0200] "GET / HTTP/1.1" 404 - "-" "Mozilla/5.0 (Windows NT 10.0; Win64; x64) AppleWebKit/537.36 (KHTML, like Gecko) Chrome/55.0.2883.87 Safari/537.36"
18.184.213.244 - - [08/Jun/2018:02:57:05 +0200] "GET /impressum.html HTTP/1.1" 404 - "-" "Mozilla/5.0 (Windows; U; Windows NT 6.1; de; rv:1.9.0.5) Gecko/2008120122 Firefox/3.0.5"
66.249.66.158 - - [08/Jun/2018:03:13:10 +0200] "GET /index.html HTTP/1.1" 404 - "-" "Mozilla/5.0 (Linux; Android 6.0.1; Nexus 5X Build/MMB29P) AppleWebKit/537.36 (KHTML, like Gecko) Chrome/41.0.2272.96 Mobile Safari/537.36 (compatible; Googlebot/2.1; +http://www.google.com/bot.html)"
173.212.205.61 - - [08/Jun/2018:03:50:14 +0200] "GET / HTTP/1.1" 404 - "-" "Mozilla/5.0 (Windows NT 10.0; Win64; x64) AppleWebKit/537.36 (KHTML, like Gecko) Chrome/55.0.2883.87 Safari/537.36"
173.212.205.61 - - [08/Jun/2018:04:50:14 +0200] "GET / HTTP/1.1" 404 - "-" "Mozilla/5.0 (Windows NT 10.0; Win64; x64) AppleWebKit/537.36 (KHTML, like Gecko) Chrome/55.0.2883.87 Safari/537.36"
173.212.205.61 - - [08/Jun/2018:05:50:07 +0200] "GET / HTTP/1.1" 404 - "-" "Mozilla/5.0 (Windows NT 10.0; Win64; x64) AppleWebKit/537.36 (KHTML, like Gecko) Chrome/55.0.2883.87 Safari/537.36"
35.159.19.199 - - [08/Jun/2018:06:47:05 +0200] "GET /impressum.html HTTP/1.1" 404 - "-" "Mozilla/5.0 (Windows NT 6.1; de; rv:43.0) Gecko/20100101 Firefox/43.0"
173.212.205.61 - - [08/Jun/2018:06:50:07 +0200] "GET / HTTP/1.1" 404 - "-" "Mozilla/5.0 (Windows NT 10.0; Win64; x64) AppleWebKit/537.36 (KHTML, like Gecko) Chrome/55.0.2883.87 Safari/537.36"
66.249.64.195 - - [08/Jun/2018:07:11:33 +0200] "GET /robots.txt HTTP/1.1" 404 - "-" "Mozilla/5.0 (compatible; Googlebot/2.1; +http://www.google.com/bot.html)"
66.249.64.222 - - [08/Jun/2018:07:11:33 +0200] "GET /index.html HTTP/1.1" 404 - "-" "Mozilla/5.0 (Linux; Android 6.0.1; Nexus 5X Build/MMB29P) AppleWebKit/537.36 (KHTML, like Gecko) Chrome/41.0.2272.96 Mobile Safari/537.36 (compatible; Googlebot/2.1; +http://www.google.com/bot.html)"
173.212.205.61 - - [08/Jun/2018:07:50:04 +0200] "GET / HTTP/1.1" 404 - "-" "Mozilla/5.0 (Windows NT 10.0; Win64; x64) AppleWebKit/537.36 (KHTML, like Gecko) Chrome/55.0.2883.87 Safari/537.36"
66.249.64.222 - - [08/Jun/2018:07:58:25 +0200] "GET / HTTP/1.1" 404 - "-" "Mozilla/5.0 (compatible; Googlebot/2.1; +http://www.google.com/bot.html)"
194.173.174.106 - - [08/Jun/2018:08:42:50 +0200] "HEAD / HTTP/1.1" 404 - "-" "Mozilla/5.0 (Windows NT 6.3; WOW64) AppleWebKit/537.36 (KHTML, like Gecko) Chrome/43.0.2357.134 Safari/537.36"
194.173.174.106 - - [08/Jun/2018:08:42:50 +0200] "GET / HTTP/1.1" 404 - "-" "Mozilla/5.0 (Windows NT 6.3; WOW64) AppleWebKit/537.36 (KHTML, like Gecko) Chrome/43.0.2357.134 Safari/537.36"
173.212.205.61 - - [08/Jun/2018:08:50:12 +0200] "GET / HTTP/1.1" 404 - "-" "Mozilla/5.0 (Windows NT 10.0; Win64; x64) AppleWebKit/537.36 (KHTML, like Gecko) Chrome/55.0.2883.87 Safari/537.36"
35.162.55.4 - - [08/Jun/2018:08:53:15 +0200] "GET / HTTP/1.1" 404 - "-" "Mozilla/4.0 (compatible; MSIE 6.0; Windows NT 5.0; .NET CLR 1.0.3705)"
35.162.55.4 - - [08/Jun/2018:08:53:16 +0200] "GET / HTTP/1.1" 404 - "-" "Mozilla/5.0 (compatible; MSIE 8.0; Windows NT 6.1; Trident/5.0)"
35.162.55.4 - - [08/Jun/2018:08:55:23 +0200] "GET / HTTP/1.1" 404 - "-" "Mozilla/5.0 (compatible; MSIE 9.0; Windows NT 6.1; Win64; x64; Trident/5.0)"
35.162.55.4 - - [08/Jun/2018:08:55:24 +0200] "GET / HTTP/1.1" 404 - "-" "Mozilla/5.0 (compatible; MSIE 9.0; Windows NT 6.1; Win64; x64; Trident/5.0)"
35.162.55.4 - - [08/Jun/2018:08:59:25 +0200] "GET / HTTP/1.1" 404 - "-" "Mozilla/5.0 (compatible; MSIE 9.0; Windows NT 6.1; Win64; x64; Trident/5.0)"
35.162.55.4 - - [08/Jun/2018:08:59:25 +0200] "GET / HTTP/1.1" 404 - "-" "Mozilla/4.0 (compatible; MSIE 7.0; Windows NT 5.1; Trident/4.0; .NET CLR 2.0.50727; .NET CLR 3.0.4506.2152; .NET CLR 3.5.30729)"
35.162.55.4 - - [08/Jun/2018:09:00:33 +0200] "GET / HTTP/1.1" 404 - "-" "Mozilla/5.0 (compatible; MSIE 9.0; Windows NT 6.1; Win64; x64; Trident/5.0)"
35.162.55.4 - - [08/Jun/2018:09:00:34 +0200] "GET / HTTP/1.1" 404 - "-" "Mozilla/5.0 (compatible; MSIE 8.0; Windows NT 6.1; Trident/5.0)"
35.162.55.4 - - [08/Jun/2018:09:02:44 +0200] "GET / HTTP/1.1" 404 - "-" "Mozilla/5.0 (Windows NT 6.1; WOW64; Trident/7.0; rv:11.0) like Gecko"
35.162.55.4 - - [08/Jun/2018:09:02:45 +0200] "GET / HTTP/1.1" 404 - "-" "Mozilla/4.0 (compatible; MSIE 7.0; Windows NT 5.1; Trident/4.0; .NET CLR 2.0.50727; .NET CLR 3.0.4506.2152; .NET CLR 3.5.30729)"
47.96.234.173 - - [08/Jun/2018:09:10:17 +0200] "HEAD /overlay.php HTTP/1.1" 404 - "-" "-"
35.162.55.4 - - [08/Jun/2018:09:16:45 +0200] "GET / HTTP/1.1" 404 - "-" "Mozilla/4.0 (compatible; MSIE 6.0; Windows NT 5.0; .NET CLR 1.0.3705)"
35.162.55.4 - - [08/Jun/2018:09:16:46 +0200] "GET / HTTP/1.1" 404 - "-" "Mozilla/4.0 (compatible; MSIE 7.0; Windows NT 5.1; Trident/4.0; .NET CLR 2.0.50727; .NET CLR 3.0.4506.2152; .NET CLR 3.5.30729)"
66.249.64.195 - - [08/Jun/2018:09:30:39 +0200] "GET /referenz.html HTTP/1.1" 404 - "-" "Mozilla/5.0 (Linux; Android 6.0.1; Nexus 5X Build/MMB29P) AppleWebKit/537.36 (KHTML, like Gecko) Chrome/41.0.2272.96 Mobile Safari/537.36 (compatible; Googlebot/2.1; +http://www.google.com/bot.html)"
35.162.55.4 - - [08/Jun/2018:09:30:48 +0200] "GET / HTTP/1.1" 404 - "-" "Mozilla/5.0 (compatible; MSIE 8.0; Windows NT 6.1; Trident/5.0)"
35.162.55.4 - - [08/Jun/2018:09:30:49 +0200] "GET / HTTP/1.1" 404 - "-" "Mozilla/5.0 (compatible; MSIE 8.0; Windows NT 6.1; Trident/5.0)"
35.162.55.4 - - [08/Jun/2018:09:38:46 +0200] "GET / HTTP/1.1" 404 - "-" "Mozilla/5.0 (Windows NT 6.1; WOW64; Trident/7.0; rv:11.0) like Gecko"
35.162.55.4 - - [08/Jun/2018:09:38:46 +0200] "GET / HTTP/1.1" 404 - "-" "Mozilla/5.0 (compatible; MSIE 8.0; Windows NT 6.1; Trident/5.0)"
35.162.55.4 - - [08/Jun/2018:09:39:41 +0200] "GET / HTTP/1.1" 404 - "-" "Mozilla/4.0 (compatible; MSIE 7.0; Windows NT 5.1; Trident/4.0; .NET CLR 2.0.50727; .NET CLR 3.0.4506.2152; .NET CLR 3.5.30729)"
35.162.55.4 - - [08/Jun/2018:09:39:42 +0200] "GET / HTTP/1.1" 404 - "-" "Mozilla/5.0 (compatible; MSIE 9.0; Windows NT 6.1; Win64; x64; Trident/5.0)"
173.212.205.61 - - [08/Jun/2018:09:50:16 +0200] "GET / HTTP/1.1" 404 - "-" "Mozilla/5.0 (Windows NT 10.0; Win64; x64) AppleWebKit/537.36 (KHTML, like Gecko) Chrome/55.0.2883.87 Safari/537.36"
35.162.55.4 - - [08/Jun/2018:09:57:31 +0200] "GET / HTTP/1.1" 404 - "-" "Mozilla/4.0 (compatible; MSIE 6.0; Windows NT 5.0; .NET CLR 1.0.3705)"
35.162.55.4 - - [08/Jun/2018:09:57:33 +0200] "GET / HTTP/1.1" 404 - "-" "Mozilla/5.0 (Windows NT 6.1; WOW64; Trident/7.0; rv:11.0) like Gecko"
207.46.13.192 - - [08/Jun/2018:10:22:15 +0200] "GET /robots.txt HTTP/1.1" 404 - "-" "Mozilla/5.0 (compatible; bingbot/2.0; +http://www.bing.com/bingbot.htm)"
207.46.13.77 - - [08/Jun/2018:10:22:19 +0200] "GET /projekte.html HTTP/1.1" 404 - "-" "Mozilla/5.0 (iPhone; CPU iPhone OS 7_0 like Mac OS X) AppleWebKit/537.51.1 (KHTML, like Gecko) Version/7.0 Mobile/11A465 Safari/9537.53 (compatible; bingbot/2.0; +http://www.bing.com/bingbot.htm)"
173.212.205.61 - - [08/Jun/2018:10:50:11 +0200] "GET / HTTP/1.1" 404 - "-" "Mozilla/5.0 (Windows NT 10.0; Win64; x64) AppleWebKit/537.36 (KHTML, like Gecko) Chrome/55.0.2883.87 Safari/537.36"
173.212.205.61 - - [08/Jun/2018:11:50:00 +0200] "GET / HTTP/1.1" 404 - "-" "Mozilla/5.0 (Windows NT 10.0; Win64; x64) AppleWebKit/537.36 (KHTML, like Gecko) Chrome/55.0.2883.87 Safari/537.36"
193.28.173.58 - - [08/Jun/2018:12:40:44 +0200] "GET /kontakt.html HTTP/1.1" 404 - "http://www.google.de/url?sa=t&rct=j&q=&esrc=s&source=web&cd=3&ved=0ahUKEwjt7fqQ8MPbAhUKLVAKHd2IBLEQFghCMAI&url=http%3A%2F%2Fwww.mbingenieure.de%2Fkontakt.html&usg=AOvVaw1nINe3QAtZ4rUF6QwdkKCv" "Mozilla/5.0 (Windows NT 6.1; WOW64; Trident/7.0; rv:11.0) like Gecko"
193.28.173.58 - - [08/Jun/2018:12:40:45 +0200] "GET /kontakt.html HTTP/1.1" 404 - "http://www.google.de/url?sa=t&rct=j&q=&esrc=s&source=web&cd=4&ved=0ahUKEwi6zMWS8MPbAhWKmbQKHQdSAm0QFghfMAM&url=http%3A%2F%2Fwww.mbingenieure.de%2Fkontakt.html&usg=AOvVaw1nINe3QAtZ4rUF6QwdkKCv" "Mozilla/5.0 (Windows NT 6.1; WOW64; Trident/7.0; rv:11.0) like Gecko"
193.28.173.58 - - [08/Jun/2018:12:40:47 +0200] "GET /kontakt.html HTTP/1.1" 404 - "http://www.google.de/url?sa=t&rct=j&q=&esrc=s&source=web&cd=4&ved=0ahUKEwi6zMWS8MPbAhWKmbQKHQdSAm0QFghfMAM&url=http%3A%2F%2Fwww.mbingenieure.de%2Fkontakt.html&usg=AOvVaw1nINe3QAtZ4rUF6QwdkKCv" "Mozilla/5.0 (Windows NT 6.1; WOW64; Trident/7.0; rv:11.0) like Gecko"
193.28.173.58 - - [08/Jun/2018:12:40:48 +0200] "GET /kontakt.html HTTP/1.1" 404 - "http://www.google.de/url?sa=t&rct=j&q=&esrc=s&source=web&cd=3&ved=0ahUKEwjt7fqQ8MPbAhUKLVAKHd2IBLEQFghCMAI&url=http%3A%2F%2Fwww.mbingenieure.de%2Fkontakt.html&usg=AOvVaw1nINe3QAtZ4rUF6QwdkKCv" "Mozilla/5.0 (Windows NT 6.1; WOW64; Trident/7.0; rv:11.0) like Gecko"
193.28.173.58 - - [08/Jun/2018:12:40:49 +0200] "GET /kontakt.html HTTP/1.1" 404 - "http://www.google.de/url?sa=t&rct=j&q=&esrc=s&source=web&cd=4&ved=0ahUKEwi6zMWS8MPbAhWKmbQKHQdSAm0QFghfMAM&url=http%3A%2F%2Fwww.mbingenieure.de%2Fkontakt.html&usg=AOvVaw1nINe3QAtZ4rUF6QwdkKCv" "Mozilla/5.0 (Windows NT 6.1; WOW64; Trident/7.0; rv:11.0) like Gecko"
193.28.173.58 - - [08/Jun/2018:12:40:49 +0200] "GET /kontakt.html HTTP/1.1" 404 - "http://www.google.de/url?sa=t&rct=j&q=&esrc=s&source=web&cd=4&ved=0ahUKEwi6zMWS8MPbAhWKmbQKHQdSAm0QFghfMAM&url=http%3A%2F%2Fwww.mbingenieure.de%2Fkontakt.html&usg=AOvVaw1nINe3QAtZ4rUF6QwdkKCv" "Mozilla/5.0 (Windows NT 6.1; WOW64; Trident/7.0; rv:11.0) like Gecko"
193.28.173.58 - - [08/Jun/2018:12:40:51 +0200] "GET /kontakt.html HTTP/1.1" 404 - "http://www.google.de/url?sa=t&rct=j&q=&esrc=s&source=web&cd=3&ved=0ahUKEwjt7fqQ8MPbAhUKLVAKHd2IBLEQFghCMAI&url=http%3A%2F%2Fwww.mbingenieure.de%2Fkontakt.html&usg=AOvVaw1nINe3QAtZ4rUF6QwdkKCv" "Mozilla/5.0 (Windows NT 6.1; WOW64; Trident/7.0; rv:11.0) like Gecko"
193.28.173.58 - - [08/Jun/2018:12:40:52 +0200] "GET /kontakt.html HTTP/1.1" 404 - "http://www.google.de/url?sa=t&rct=j&q=&esrc=s&source=web&cd=3&ved=0ahUKEwjt7fqQ8MPbAhUKLVAKHd2IBLEQFghCMAI&url=http%3A%2F%2Fwww.mbingenieure.de%2Fkontakt.html&usg=AOvVaw1nINe3QAtZ4rUF6QwdkKCv" "Mozilla/5.0 (Windows NT 6.1; WOW64; Trident/7.0; rv:11.0) like Gecko"
193.28.173.58 - - [08/Jun/2018:12:40:53 +0200] "GET /kontakt.html HTTP/1.1" 404 - "http://www.google.de/url?sa=t&rct=j&q=&esrc=s&source=web&cd=3&ved=0ahUKEwjt7fqQ8MPbAhUKLVAKHd2IBLEQFghCMAI&url=http%3A%2F%2Fwww.mbingenieure.de%2Fkontakt.html&usg=AOvVaw1nINe3QAtZ4rUF6QwdkKCv" "Mozilla/5.0 (Windows NT 6.1; WOW64; Trident/7.0; rv:11.0) like Gecko"
193.28.173.58 - - [08/Jun/2018:12:40:54 +0200] "GET /kontakt.html HTTP/1.1" 404 - "http://www.google.de/url?sa=t&rct=j&q=&esrc=s&source=web&cd=4&ved=0ahUKEwi6zMWS8MPbAhWKmbQKHQdSAm0QFghfMAM&url=http%3A%2F%2Fwww.mbingenieure.de%2Fkontakt.html&usg=AOvVaw1nINe3QAtZ4rUF6QwdkKCv" "Mozilla/5.0 (Windows NT 6.1; WOW64; Trident/7.0; rv:11.0) like Gecko"
193.28.173.58 - - [08/Jun/2018:12:40:55 +0200] "GET /kontakt.html HTTP/1.1" 404 - "http://www.google.de/url?sa=t&rct=j&q=&esrc=s&source=web&cd=4&ved=0ahUKEwi6zMWS8MPbAhWKmbQKHQdSAm0QFghfMAM&url=http%3A%2F%2Fwww.mbingenieure.de%2Fkontakt.html&usg=AOvVaw1nINe3QAtZ4rUF6QwdkKCv" "Mozilla/5.0 (Windows NT 6.1; WOW64; Trident/7.0; rv:11.0) like Gecko"
193.28.173.58 - - [08/Jun/2018:12:40:55 +0200] "GET /kontakt.html HTTP/1.1" 404 - "http://www.google.de/url?sa=t&rct=j&q=&esrc=s&source=web&cd=4&ved=0ahUKEwi6zMWS8MPbAhWKmbQKHQdSAm0QFghfMAM&url=http%3A%2F%2Fwww.mbingenieure.de%2Fkontakt.html&usg=AOvVaw1nINe3QAtZ4rUF6QwdkKCv" "Mozilla/5.0 (Windows NT 6.1; WOW64; Trident/7.0; rv:11.0) like Gecko"
193.28.173.58 - - [08/Jun/2018:12:40:56 +0200] "GET /kontakt.html HTTP/1.1" 404 - "http://www.google.de/url?sa=t&rct=j&q=&esrc=s&source=web&cd=3&ved=0ahUKEwjt7fqQ8MPbAhUKLVAKHd2IBLEQFghCMAI&url=http%3A%2F%2Fwww.mbingenieure.de%2Fkontakt.html&usg=AOvVaw1nINe3QAtZ4rUF6QwdkKCv" "Mozilla/5.0 (Windows NT 6.1; WOW64; Trident/7.0; rv:11.0) like Gecko"
193.28.173.58 - - [08/Jun/2018:12:40:59 +0200] "GET /kontakt.html HTTP/1.1" 404 - "http://www.google.de/url?sa=t&rct=j&q=&esrc=s&source=web&cd=3&ved=0ahUKEwjt7fqQ8MPbAhUKLVAKHd2IBLEQFghCMAI&url=http%3A%2F%2Fwww.mbingenieure.de%2Fkontakt.html&usg=AOvVaw1nINe3QAtZ4rUF6QwdkKCv" "Mozilla/5.0 (Windows NT 6.1; WOW64; Trident/7.0; rv:11.0) like Gecko"
193.28.173.58 - - [08/Jun/2018:12:41:01 +0200] "GET /kontakt.html HTTP/1.1" 404 - "http://www.google.de/url?sa=t&rct=j&q=&esrc=s&source=web&cd=3&ved=0ahUKEwjt7fqQ8MPbAhUKLVAKHd2IBLEQFghCMAI&url=http%3A%2F%2Fwww.mbingenieure.de%2Fkontakt.html&usg=AOvVaw1nINe3QAtZ4rUF6QwdkKCv" "Mozilla/5.0 (Windows NT 6.1; WOW64; Trident/7.0; rv:11.0) like Gecko"
193.28.173.58 - - [08/Jun/2018:12:41:16 +0200] "GET /partner.html HTTP/1.1" 404 - "http://www.google.de/url?sa=t&rct=j&q=&esrc=s&source=web&cd=5&ved=0ahUKEwjt7fqQ8MPbAhUKLVAKHd2IBLEQFghMMAQ&url=http%3A%2F%2Fwww.mbingenieure.de%2Fpartner.html&usg=AOvVaw0u6xW_wqCkAckIAncPPYNy" "Mozilla/5.0 (Windows NT 6.1; WOW64; Trident/7.0; rv:11.0) like Gecko"
173.212.205.61 - - [08/Jun/2018:12:50:17 +0200] "GET / HTTP/1.1" 404 - "-" "Mozilla/5.0 (Windows NT 10.0; Win64; x64) AppleWebKit/537.36 (KHTML, like Gecko) Chrome/55.0.2883.87 Safari/537.36"
173.212.205.61 - - [08/Jun/2018:13:50:08 +0200] "GET / HTTP/1.1" 404 - "-" "Mozilla/5.0 (Windows NT 10.0; Win64; x64) AppleWebKit/537.36 (KHTML, like Gecko) Chrome/55.0.2883.87 Safari/537.36"
66.249.64.195 - - [08/Jun/2018:14:27:50 +0200] "GET /uns.html HTTP/1.1" 404 - "-" "Mozilla/5.0 (Linux; Android 6.0.1; Nexus 5X Build/MMB29P) AppleWebKit/537.36 (KHTML, like Gecko) Chrome/41.0.2272.96 Mobile Safari/537.36 (compatible; Googlebot/2.1; +http://www.google.com/bot.html)"
193.28.173.58 - - [08/Jun/2018:14:36:46 +0200] "GET / HTTP/1.1" 404 - "https://www.bing.com/" "Mozilla/5.0 (Windows NT 6.1; WOW64; Trident/7.0; rv:11.0) like Gecko"
173.212.205.61 - - [08/Jun/2018:14:50:09 +0200] "GET / HTTP/1.1" 404 - "-" "Mozilla/5.0 (Windows NT 10.0; Win64; x64) AppleWebKit/537.36 (KHTML, like Gecko) Chrome/55.0.2883.87 Safari/537.36"
173.212.205.61 - - [08/Jun/2018:15:50:42 +0200] "GET / HTTP/1.1" 404 - "-" "Mozilla/5.0 (Windows NT 10.0; Win64; x64) AppleWebKit/537.36 (KHTML, like Gecko) Chrome/55.0.2883.87 Safari/537.36"
66.249.64.222 - - [08/Jun/2018:16:27:51 +0200] "GET /kontakt.html HTTP/1.1" 404 - "-" "Mozilla/5.0 (Linux; Android 6.0.1; Nexus 5X Build/MMB29P) AppleWebKit/537.36 (KHTML, like Gecko) Chrome/41.0.2272.96 Mobile Safari/537.36 (compatible; Googlebot/2.1; +http://www.google.com/bot.html)"
173.212.205.61 - - [08/Jun/2018:16:50:16 +0200] "GET / HTTP/1.1" 404 - "-" "Mozilla/5.0 (Windows NT 10.0; Win64; x64) AppleWebKit/537.36 (KHTML, like Gecko) Chrome/55.0.2883.87 Safari/537.36"
173.212.205.61 - - [08/Jun/2018:17:50:24 +0200] "GET / HTTP/1.1" 404 - "-" "Mozilla/5.0 (Windows NT 10.0; Win64; x64) AppleWebKit/537.36 (KHTML, like Gecko) Chrome/55.0.2883.87 Safari/537.36"
173.212.205.61 - - [08/Jun/2018:18:51:18 +0200] "GET / HTTP/1.1" 404 - "-" "Mozilla/5.0 (Windows NT 10.0; Win64; x64) AppleWebKit/537.36 (KHTML, like Gecko) Chrome/55.0.2883.87 Safari/537.36"
173.212.205.61 - - [08/Jun/2018:19:50:14 +0200] "GET / HTTP/1.1" 404 - "-" "Mozilla/5.0 (Windows NT 10.0; Win64; x64) AppleWebKit/537.36 (KHTML, like Gecko) Chrome/55.0.2883.87 Safari/537.36"
82.208.160.181 - - [08/Jun/2018:19:52:12 +0200] "GET / HTTP/1.1" 404 - "-" "Mozilla/5.0 (compatible& Googlebot/2.1& +http://www.google.com/bot.html)"
40.77.167.182 - - [08/Jun/2018:20:29:35 +0200] "GET /index.html HTTP/1.1" 404 - "-" "Mozilla/5.0 (compatible; bingbot/2.0; +http://www.bing.com/bingbot.htm)"
173.212.205.61 - - [08/Jun/2018:20:50:19 +0200] "GET / HTTP/1.1" 404 - "-" "Mozilla/5.0 (Windows NT 10.0; Win64; x64) AppleWebKit/537.36 (KHTML, like Gecko) Chrome/55.0.2883.87 Safari/537.36"
84.39.82.27 - - [08/Jun/2018:21:03:06 +0200] "GET /index.html HTTP/1.1" 404 - "https://www.google.de/" "Mozilla/5.0 (Linux; Android 5.0; SM-N9005 Build/LRX21V) AppleWebKit/537.36 (KHTML, like Gecko) Chrome/64.0.3282.137 Mobile Safari/537.36"
84.39.82.27 - - [08/Jun/2018:21:03:06 +0200] "GET /favicon.ico HTTP/1.1" 404 - "http://www.mbingenieure.de/index.html" "Mozilla/5.0 (Linux; Android 5.0; SM-N9005 Build/LRX21V) AppleWebKit/537.36 (KHTML, like Gecko) Chrome/64.0.3282.137 Mobile Safari/537.36"
84.39.82.27 - - [08/Jun/2018:21:03:11 +0200] "GET /uns.html HTTP/1.1" 404 - "https://www.google.de/" "Mozilla/5.0 (Linux; Android 5.0; SM-N9005 Build/LRX21V) AppleWebKit/537.36 (KHTML, like Gecko) Chrome/64.0.3282.137 Mobile Safari/537.36"
84.39.82.27 - - [08/Jun/2018:21:03:17 +0200] "GET /referenz.html HTTP/1.1" 404 - "https://www.google.de/" "Mozilla/5.0 (Linux; Android 5.0; SM-N9005 Build/LRX21V) AppleWebKit/537.36 (KHTML, like Gecko) Chrome/64.0.3282.137 Mobile Safari/537.36"
66.249.64.192 - - [08/Jun/2018:21:27:52 +0200] "GET /robots.txt HTTP/1.1" 404 - "-" "Mozilla/5.0 (compatible; Googlebot/2.1; +http://www.google.com/bot.html)"
66.249.64.192 - - [08/Jun/2018:21:27:52 +0200] "GET / HTTP/1.1" 404 - "-" "Mozilla/5.0 (Linux; Android 6.0.1; Nexus 5X Build/MMB29P) AppleWebKit/537.36 (KHTML, like Gecko) Chrome/41.0.2272.96 Mobile Safari/537.36 (compatible; Googlebot/2.1; +http://www.google.com/bot.html)"
173.212.205.61 - - [08/Jun/2018:21:50:18 +0200] "GET / HTTP/1.1" 404 - "-" "Mozilla/5.0 (Windows NT 10.0; Win64; x64) AppleWebKit/537.36 (KHTML, like Gecko) Chrome/55.0.2883.87 Safari/537.36"
173.212.205.61 - - [08/Jun/2018:22:50:51 +0200] "GET / HTTP/1.1" 404 - "-" "Mozilla/5.0 (Windows NT 10.0; Win64; x64) AppleWebKit/537.36 (KHTML, like Gecko) Chrome/55.0.2883.87 Safari/537.36"
66.249.64.222 - - [08/Jun/2018:23:36:43 +0200] "GET /impressum.html HTTP/1.1" 404 - "-" "Mozilla/5.0 (Linux; Android 6.0.1; Nexus 5X Build/MMB29P) AppleWebKit/537.36 (KHTML, like Gecko) Chrome/41.0.2272.96 Mobile Safari/537.36 (compatible; Googlebot/2.1; +http://www.google.com/bot.html)"
173.212.205.61 - - [08/Jun/2018:23:50:34 +0200] "GET / HTTP/1.1" 404 - "-" "Mozilla/5.0 (Windows NT 10.0; Win64; x64) AppleWebKit/537.36 (KHTML, like Gecko) Chrome/55.0.2883.87 Safari/537.36"
87.250.233.65 - - [09/Jun/2018:00:28:52 +0200] "GET /robots.txt HTTP/1.1" 404 - "-" "Mozilla/5.0 (compatible; YandexBot/3.0; +http://yandex.com/bots)"
87.250.233.65 - - [09/Jun/2018:00:28:56 +0200] "GET /impressum.html HTTP/1.1" 404 - "-" "Mozilla/5.0 (compatible; YandexBot/3.0; +http://yandex.com/bots)"
173.212.205.61 - - [09/Jun/2018:00:50:37 +0200] "GET / HTTP/1.1" 404 - "-" "Mozilla/5.0 (Windows NT 10.0; Win64; x64) AppleWebKit/537.36 (KHTML, like Gecko) Chrome/55.0.2883.87 Safari/537.36"
173.212.205.61 - - [09/Jun/2018:01:53:39 +0200] "GET / HTTP/1.1" 404 - "-" "Mozilla/5.0 (Windows NT 10.0; Win64; x64) AppleWebKit/537.36 (KHTML, like Gecko) Chrome/55.0.2883.87 Safari/537.36"
207.46.13.77 - - [09/Jun/2018:02:00:37 +0200] "GET / HTTP/1.1" 404 - "-" "Mozilla/5.0 (compatible; bingbot/2.0; +http://www.bing.com/bingbot.htm)"
173.212.205.61 - - [09/Jun/2018:03:07:16 +0200] "GET / HTTP/1.1" 404 - "-" "Mozilla/5.0 (Windows NT 10.0; Win64; x64) AppleWebKit/537.36 (KHTML, like Gecko) Chrome/55.0.2883.87 Safari/537.36"
49.51.168.80 - - [09/Jun/2018:05:38:34 +0200] "HEAD /modules/modules.php HTTP/1.1" 404 - "-" "-"
173.212.205.61 - - [09/Jun/2018:06:35:12 +0200] "GET / HTTP/1.1" 404 - "-" "Mozilla/5.0 (Windows NT 10.0; Win64; x64) AppleWebKit/537.36 (KHTML, like Gecko) Chrome/55.0.2883.87 Safari/537.36"
173.212.205.61 - - [09/Jun/2018:06:57:42 +0200] "GET / HTTP/1.1" 404 - "-" "Mozilla/5.0 (Windows NT 10.0; Win64; x64) AppleWebKit/537.36 (KHTML, like Gecko) Chrome/55.0.2883.87 Safari/537.36"
173.212.205.61 - - [09/Jun/2018:07:49:54 +0200] "GET / HTTP/1.1" 404 - "-" "Mozilla/5.0 (Windows NT 10.0; Win64; x64) AppleWebKit/537.36 (KHTML, like Gecko) Chrome/55.0.2883.87 Safari/537.36"
173.212.205.61 - - [09/Jun/2018:08:50:20 +0200] "GET / HTTP/1.1" 404 - "-" "Mozilla/5.0 (Windows NT 10.0; Win64; x64) AppleWebKit/537.36 (KHTML, like Gecko) Chrome/55.0.2883.87 Safari/537.36"
173.212.205.61 - - [09/Jun/2018:09:50:26 +0200] "GET / HTTP/1.1" 404 - "-" "Mozilla/5.0 (Windows NT 10.0; Win64; x64) AppleWebKit/537.36 (KHTML, like Gecko) Chrome/55.0.2883.87 Safari/537.36"
173.212.205.61 - - [09/Jun/2018:10:50:04 +0200] "GET / HTTP/1.1" 404 - "-" "Mozilla/5.0 (Windows NT 10.0; Win64; x64) AppleWebKit/537.36 (KHTML, like Gecko) Chrome/55.0.2883.87 Safari/537.36"
40.107.203.25 - - [09/Jun/2018:11:14:38 +0200] "GET / HTTP/1.1" 404 - "-" "Mozilla/5.0 (Windows NT 10.0; Win64; x64) AppleWebKit/537.36 (KHTML, like Gecko) Chrome/57.0.2987.133 Safari/537.36"
173.212.205.61 - - [09/Jun/2018:11:50:09 +0200] "GET / HTTP/1.1" 404 - "-" "Mozilla/5.0 (Windows NT 10.0; Win64; x64) AppleWebKit/537.36 (KHTML, like Gecko) Chrome/55.0.2883.87 Safari/537.36"
180.76.15.154 - - [09/Jun/2018:12:12:33 +0200] "GET / HTTP/1.1" 404 - "-" "Mozilla/5.0 (compatible; Baiduspider/2.0; +http://www.baidu.com/search/spider.html)"
173.212.205.61 - - [09/Jun/2018:12:50:16 +0200] "GET / HTTP/1.1" 404 - "-" "Mozilla/5.0 (Windows NT 10.0; Win64; x64) AppleWebKit/537.36 (KHTML, like Gecko) Chrome/55.0.2883.87 Safari/537.36"
173.212.205.61 - - [09/Jun/2018:13:50:13 +0200] "GET / HTTP/1.1" 404 - "-" "Mozilla/5.0 (Windows NT 10.0; Win64; x64) AppleWebKit/537.36 (KHTML, like Gecko) Chrome/55.0.2883.87 Safari/537.36"
173.212.205.61 - - [09/Jun/2018:14:50:29 +0200] "GET / HTTP/1.1" 404 - "-" "Mozilla/5.0 (Windows NT 10.0; Win64; x64) AppleWebKit/537.36 (KHTML, like Gecko) Chrome/55.0.2883.87 Safari/537.36"
173.212.205.61 - - [09/Jun/2018:15:50:19 +0200] "GET / HTTP/1.1" 404 - "-" "Mozilla/5.0 (Windows NT 10.0; Win64; x64) AppleWebKit/537.36 (KHTML, like Gecko) Chrome/55.0.2883.87 Safari/537.36"
66.249.64.192 - - [09/Jun/2018:16:28:01 +0200] "GET /robots.txt HTTP/1.1" 404 - "-" "Mozilla/5.0 (compatible; Googlebot/2.1; +http://www.google.com/bot.html)"
66.249.64.192 - - [09/Jun/2018:16:28:01 +0200] "GET /impressum.html HTTP/1.1" 404 - "-" "Mozilla/5.0 (compatible; Googlebot/2.1; +http://www.google.com/bot.html)"
151.80.39.143 - - [09/Jun/2018:16:34:44 +0200] "GET /robots.txt HTTP/1.1" 404 - "-" "Mozilla/5.0 (compatible; AhrefsBot/5.2; +http://ahrefs.com/robot/)"
54.36.149.10 - - [09/Jun/2018:16:34:45 +0200] "GET /referenz.html HTTP/1.1" 404 - "-" "Mozilla/5.0 (compatible; AhrefsBot/5.2; +http://ahrefs.com/robot/)"
173.212.205.61 - - [09/Jun/2018:16:50:12 +0200] "GET / HTTP/1.1" 404 - "-" "Mozilla/5.0 (Windows NT 10.0; Win64; x64) AppleWebKit/537.36 (KHTML, like Gecko) Chrome/55.0.2883.87 Safari/537.36"
207.46.13.231 - - [09/Jun/2018:17:27:32 +0200] "GET /referenz.html HTTP/1.1" 404 - "-" "Mozilla/5.0 (iPhone; CPU iPhone OS 7_0 like Mac OS X) AppleWebKit/537.51.1 (KHTML, like Gecko) Version/7.0 Mobile/11A465 Safari/9537.53 (compatible; bingbot/2.0; +http://www.bing.com/bingbot.htm)"
173.212.205.61 - - [09/Jun/2018:17:50:15 +0200] "GET / HTTP/1.1" 404 - "-" "Mozilla/5.0 (Windows NT 10.0; Win64; x64) AppleWebKit/537.36 (KHTML, like Gecko) Chrome/55.0.2883.87 Safari/537.36"
173.212.205.61 - - [09/Jun/2018:18:50:19 +0200] "GET / HTTP/1.1" 404 - "-" "Mozilla/5.0 (Windows NT 10.0; Win64; x64) AppleWebKit/537.36 (KHTML, like Gecko) Chrome/55.0.2883.87 Safari/537.36"
173.212.205.61 - - [09/Jun/2018:19:50:26 +0200] "GET / HTTP/1.1" 404 - "-" "Mozilla/5.0 (Windows NT 10.0; Win64; x64) AppleWebKit/537.36 (KHTML, like Gecko) Chrome/55.0.2883.87 Safari/537.36"
173.212.205.61 - - [09/Jun/2018:20:50:14 +0200] "GET / HTTP/1.1" 404 - "-" "Mozilla/5.0 (Windows NT 10.0; Win64; x64) AppleWebKit/537.36 (KHTML, like Gecko) Chrome/55.0.2883.87 Safari/537.36"
66.249.64.222 - - [09/Jun/2018:20:58:02 +0200] "GET /kontakt.html HTTP/1.1" 404 - "-" "Mozilla/5.0 (compatible; Googlebot/2.1; +http://www.google.com/bot.html)"
173.212.205.61 - - [09/Jun/2018:21:50:16 +0200] "GET / HTTP/1.1" 404 - "-" "Mozilla/5.0 (Windows NT 10.0; Win64; x64) AppleWebKit/537.36 (KHTML, like Gecko) Chrome/55.0.2883.87 Safari/537.36"
141.8.141.131 - - [09/Jun/2018:22:23:58 +0200] "GET /robots.txt HTTP/1.1" 404 - "-" "Mozilla/5.0 (compatible; YandexBot/3.0; +http://yandex.com/bots)"
141.8.141.131 - - [09/Jun/2018:22:24:02 +0200] "GET /favicon.ico HTTP/1.1" 404 - "-" "Mozilla/5.0 (compatible; YandexBot/3.0; +http://yandex.com/bots)"
173.212.205.61 - - [09/Jun/2018:22:50:17 +0200] "GET / HTTP/1.1" 404 - "-" "Mozilla/5.0 (Windows NT 10.0; Win64; x64) AppleWebKit/537.36 (KHTML, like Gecko) Chrome/55.0.2883.87 Safari/537.36"
13.57.220.0 - - [09/Jun/2018:23:06:24 +0200] "GET / HTTP/1.1" 404 - "-" "Mozilla/5.0 (Macintosh; Intel Mac OS X 10_12_6) AppleWebKit/537.36 (KHTML, like Gecko) Chrome/61.0.3163.100 Safari/537.36"
173.212.205.61 - - [09/Jun/2018:23:51:13 +0200] "GET / HTTP/1.1" 404 - "-" "Mozilla/5.0 (Windows NT 10.0; Win64; x64) AppleWebKit/537.36 (KHTML, like Gecko) Chrome/55.0.2883.87 Safari/537.36"
173.212.205.61 - - [10/Jun/2018:00:50:49 +0200] "GET / HTTP/1.1" 404 - "-" "Mozilla/5.0 (Windows NT 10.0; Win64; x64) AppleWebKit/537.36 (KHTML, like Gecko) Chrome/55.0.2883.87 Safari/537.36"
47.106.157.151 - - [10/Jun/2018:01:01:06 +0200] "HEAD /11.php HTTP/1.1" 404 - "-" "-"
173.212.205.61 - - [10/Jun/2018:01:50:47 +0200] "GET / HTTP/1.1" 404 - "-" "Mozilla/5.0 (Windows NT 10.0; Win64; x64) AppleWebKit/537.36 (KHTML, like Gecko) Chrome/55.0.2883.87 Safari/537.36"
173.212.205.61 - - [10/Jun/2018:02:50:05 +0200] "GET / HTTP/1.1" 404 - "-" "Mozilla/5.0 (Windows NT 10.0; Win64; x64) AppleWebKit/537.36 (KHTML, like Gecko) Chrome/55.0.2883.87 Safari/537.36"
173.212.205.61 - - [10/Jun/2018:03:51:41 +0200] "GET / HTTP/1.1" 404 - "-" "Mozilla/5.0 (Windows NT 10.0; Win64; x64) AppleWebKit/537.36 (KHTML, like Gecko) Chrome/55.0.2883.87 Safari/537.36"
194.187.170.139 - - [10/Jun/2018:04:08:26 +0200] "GET /robots.txt HTTP/1.1" 404 - "-" "Mozilla/5.0 (compatible; Qwantify/2.4w; +https://www.qwant.com/)/2.4w"
194.187.170.139 - - [10/Jun/2018:04:08:26 +0200] "GET /projekte.html HTTP/1.1" 404 - "-" "Mozilla/5.0 (compatible; Qwantify/2.4w; +https://www.qwant.com/)/2.4w"
66.249.64.222 - - [10/Jun/2018:04:09:40 +0200] "GET /impressum.html HTTP/1.1" 404 - "-" "Mozilla/5.0 (Linux; Android 6.0.1; Nexus 5X Build/MMB29P) AppleWebKit/537.36 (KHTML, like Gecko) Chrome/41.0.2272.96 Mobile Safari/537.36 (compatible; Googlebot/2.1; +http://www.google.com/bot.html)"
194.187.170.139 - - [10/Jun/2018:04:22:31 +0200] "GET / HTTP/1.1" 404 - "-" "Mozilla/5.0 (compatible; Qwantify/2.4w; +https://www.qwant.com/)/2.4w"
173.212.205.61 - - [10/Jun/2018:04:50:22 +0200] "GET / HTTP/1.1" 404 - "-" "Mozilla/5.0 (Windows NT 10.0; Win64; x64) AppleWebKit/537.36 (KHTML, like Gecko) Chrome/55.0.2883.87 Safari/537.36"
66.249.64.195 - - [10/Jun/2018:04:54:41 +0200] "GET /robots.txt HTTP/1.1" 404 - "-" "Mozilla/5.0 (compatible; Googlebot/2.1; +http://www.google.com/bot.html)"
66.249.64.222 - - [10/Jun/2018:04:54:41 +0200] "GET /kontakt.html HTTP/1.1" 404 - "-" "Mozilla/5.0 (Linux; Android 6.0.1; Nexus 5X Build/MMB29P) AppleWebKit/537.36 (KHTML, like Gecko) Chrome/41.0.2272.96 Mobile Safari/537.36 (compatible; Googlebot/2.1; +http://www.google.com/bot.html)"
173.212.205.61 - - [10/Jun/2018:05:50:32 +0200] "GET / HTTP/1.1" 404 - "-" "Mozilla/5.0 (Windows NT 10.0; Win64; x64) AppleWebKit/537.36 (KHTML, like Gecko) Chrome/55.0.2883.87 Safari/537.36"
204.79.180.11 - - [10/Jun/2018:06:03:52 +0200] "GET /referenz.html HTTP/1.1" 404 - "-" "Mozilla/5.0 (compatible; MSIE 9.0; Windows NT 6.1; Trident/5.0; Trident/5.0)"
173.212.205.61 - - [10/Jun/2018:06:50:19 +0200] "GET / HTTP/1.1" 404 - "-" "Mozilla/5.0 (Windows NT 10.0; Win64; x64) AppleWebKit/537.36 (KHTML, like Gecko) Chrome/55.0.2883.87 Safari/537.36"
184.94.240.92 - - [10/Jun/2018:07:34:26 +0200] "GET / HTTP/1.1" 404 - "-" "Mozilla/5.0 (Windows NT 10.0; WOW64; rv:53.0) Gecko/20100101 Firefox/53.0"
173.212.205.61 - - [10/Jun/2018:07:50:13 +0200] "GET / HTTP/1.1" 404 - "-" "Mozilla/5.0 (Windows NT 10.0; Win64; x64) AppleWebKit/537.36 (KHTML, like Gecko) Chrome/55.0.2883.87 Safari/537.36"
66.249.64.222 - - [10/Jun/2018:08:17:12 +0200] "GET / HTTP/1.1" 404 - "-" "Mozilla/5.0 (compatible; Googlebot/2.1; +http://www.google.com/bot.html)"
173.212.205.61 - - [10/Jun/2018:08:50:22 +0200] "GET / HTTP/1.1" 404 - "-" "Mozilla/5.0 (Windows NT 10.0; Win64; x64) AppleWebKit/537.36 (KHTML, like Gecko) Chrome/55.0.2883.87 Safari/537.36"
173.212.205.61 - - [10/Jun/2018:09:50:43 +0200] "GET / HTTP/1.1" 404 - "-" "Mozilla/5.0 (Windows NT 10.0; Win64; x64) AppleWebKit/537.36 (KHTML, like Gecko) Chrome/55.0.2883.87 Safari/537.36"
141.8.141.131 - - [10/Jun/2018:09:51:13 +0200] "GET /robots.txt HTTP/1.1" 404 - "-" "Mozilla/5.0 (compatible; YandexBot/3.0; +http://yandex.com/bots)"
141.8.141.131 - - [10/Jun/2018:09:51:17 +0200] "GET /uns.html HTTP/1.1" 404 - "-" "Mozilla/5.0 (compatible; YandexBot/3.0; +http://yandex.com/bots)"
204.79.180.1 - - [10/Jun/2018:10:46:59 +0200] "GET / HTTP/1.1" 404 - "-" "Mozilla/5.0 (compatible; MSIE 9.0; Windows NT 6.1; Trident/5.0; Trident/5.0)"
173.212.205.61 - - [10/Jun/2018:10:50:23 +0200] "GET / HTTP/1.1" 404 - "-" "Mozilla/5.0 (Windows NT 10.0; Win64; x64) AppleWebKit/537.36 (KHTML, like Gecko) Chrome/55.0.2883.87 Safari/537.36"
173.212.205.61 - - [10/Jun/2018:11:50:16 +0200] "GET / HTTP/1.1" 404 - "-" "Mozilla/5.0 (Windows NT 10.0; Win64; x64) AppleWebKit/537.36 (KHTML, like Gecko) Chrome/55.0.2883.87 Safari/537.36"
173.212.205.61 - - [10/Jun/2018:12:50:14 +0200] "GET / HTTP/1.1" 404 - "-" "Mozilla/5.0 (Windows NT 10.0; Win64; x64) AppleWebKit/537.36 (KHTML, like Gecko) Chrome/55.0.2883.87 Safari/537.36"
173.212.205.61 - - [10/Jun/2018:13:50:23 +0200] "GET / HTTP/1.1" 404 - "-" "Mozilla/5.0 (Windows NT 10.0; Win64; x64) AppleWebKit/537.36 (KHTML, like Gecko) Chrome/55.0.2883.87 Safari/537.36"
104.236.59.33 - - [10/Jun/2018:14:00:01 +0200] "GET / HTTP/1.1" 404 - "http://www.mbingenieure.de" "Mozilla/5.0 (X11; Datanyze; Linux x86_64) AppleWebKit/537.36 (KHTML, like Gecko) Chrome/65.0.3325.181 Safari/537.36"
