84.165.201.159 - - [09/Dec/2013:15:19:20 +0100] "GET /images/bild4.png HTTP/1.1" 200 65856 "http://www.mbingenieure.de/" "Mozilla/5.0 (Windows NT 6.1; WOW64) AppleWebKit/537.36 (KHTML, like Gecko) Chrome/31.0.1650.63 Safari/537.36"
84.165.201.159 - - [09/Dec/2013:15:19:20 +0100] "GET /favicon.ico HTTP/1.1" 200 93062 "-" "Mozilla/5.0 (Windows NT 6.1; WOW64) AppleWebKit/537.36 (KHTML, like Gecko) Chrome/31.0.1650.63 Safari/537.36"
84.165.201.159 - - [09/Dec/2013:15:19:34 +0100] "GET /impressum.html HTTP/1.1" 200 5721 "http://www.mbingenieure.de/" "Mozilla/5.0 (Windows NT 6.1; WOW64) AppleWebKit/537.36 (KHTML, like Gecko) Chrome/31.0.1650.63 Safari/537.36"
66.249.76.115 - - [09/Dec/2013:15:27:38 +0100] "GET /kontakt.html HTTP/1.1" 304 - "-" "Mozilla/5.0 (iPhone; CPU iPhone OS 6_0 like Mac OS X) AppleWebKit/536.26 (KHTML, like Gecko) Version/6.0 Mobile/10A5376e Safari/8536.25 (compatible; Googlebot-Mobile/2.1; +http://www.google.com/bot.html)"
5.10.83.77 - - [09/Dec/2013:17:24:05 +0100] "GET /kontakt.html HTTP/1.1" 200 4451 "-" "Mozilla/5.0 (compatible; AhrefsBot/5.0; +http://ahrefs.com/robot/)"
141.8.147.12 - - [09/Dec/2013:19:27:41 +0100] "GET /robots.txt HTTP/1.1" 404 - "-" "Mozilla/5.0 (compatible; YandexBot/3.0; +http://yandex.com/bots)"
141.8.147.12 - - [09/Dec/2013:19:27:43 +0100] "GET /images/bild2.png HTTP/1.1" 304 - "-" "Mozilla/5.0 (compatible; YandexImages/3.0; +http://yandex.com/bots)"
157.55.32.101 - - [09/Dec/2013:19:55:14 +0100] "GET /robots.txt HTTP/1.1" 404 - "-" "Mozilla/5.0 (compatible; bingbot/2.0; +http://www.bing.com/bingbot.htm)"
141.8.147.12 - - [09/Dec/2013:20:06:19 +0100] "GET /images/bild4.png HTTP/1.1" 304 - "-" "Mozilla/5.0 (compatible; YandexImages/3.0; +http://yandex.com/bots)"
141.8.147.12 - - [09/Dec/2013:20:32:11 +0100] "GET /images/bild1.png HTTP/1.1" 304 - "-" "Mozilla/5.0 (compatible; YandexImages/3.0; +http://yandex.com/bots)"
66.249.66.201 - - [09/Dec/2013:20:56:59 +0100] "GET /robots.txt HTTP/1.1" 404 - "-" "Mozilla/5.0 (compatible; Googlebot/2.1; +http://www.google.com/bot.html)"
66.249.66.201 - - [09/Dec/2013:20:56:59 +0100] "GET / HTTP/1.1" 200 4688 "-" "DoCoMo/2.0 N905i(c100;TB;W24H16) (compatible; Googlebot-Mobile/2.1; +http://www.google.com/bot.html)"
157.55.32.101 - - [09/Dec/2013:21:11:21 +0100] "GET /spektrum.html HTTP/1.1" 304 - "-" "Mozilla/5.0 (compatible; bingbot/2.0; +http://www.bing.com/bingbot.htm)"
178.8.86.119 - - [09/Dec/2013:21:34:29 +0100] "GET / HTTP/1.1" 200 4688 "http://www.google.com/search?client=ms-android-samsung&source=android-home&site=webhp&source=hp&ei=zyimUpm-OYiDywOShIHgAw&q=mb+ingenieure+hmbh&oq=mb+ingenieure+hmbh&gs_l=mobile-gws-hp.3..0i22i30l2.4682.18202.0.20045.19.18.0.1.1.0.332.2649.0j10j3j1.14.0.crnk_timepromotiona...0...1.1.32.mobile-gws-hp..4.15.2855.GRICT8Mg0jQ" "Mozilla/5.0 (Linux; U; Android 4.1.2; de-de; GT-I9100 Build/JZO54K) AppleWebKit/534.30 (KHTML, like Gecko) Version/4.0 Mobile Safari/534.30"
178.8.86.119 - - [09/Dec/2013:21:34:29 +0100] "GET /css/style.css HTTP/1.1" 200 2831 "http://www.mbingenieure.de/" "Mozilla/5.0 (Linux; U; Android 4.1.2; de-de; GT-I9100 Build/JZO54K) AppleWebKit/534.30 (KHTML, like Gecko) Version/4.0 Mobile Safari/534.30"
178.8.86.119 - - [09/Dec/2013:21:34:29 +0100] "GET /js/libs/modernizr-2.5.3.min.js HTTP/1.1" 200 15274 "http://www.mbingenieure.de/" "Mozilla/5.0 (Linux; U; Android 4.1.2; de-de; GT-I9100 Build/JZO54K) AppleWebKit/534.30 (KHTML, like Gecko) Version/4.0 Mobile Safari/534.30"
178.8.86.119 - - [09/Dec/2013:21:34:29 +0100] "GET /js/plugins.js HTTP/1.1" 200 898 "http://www.mbingenieure.de/" "Mozilla/5.0 (Linux; U; Android 4.1.2; de-de; GT-I9100 Build/JZO54K) AppleWebKit/534.30 (KHTML, like Gecko) Version/4.0 Mobile Safari/534.30"
178.8.86.119 - - [09/Dec/2013:21:34:29 +0100] "GET /images/footer.png HTTP/1.1" 200 1064 "http://www.mbingenieure.de/" "Mozilla/5.0 (Linux; U; Android 4.1.2; de-de; GT-I9100 Build/JZO54K) AppleWebKit/534.30 (KHTML, like Gecko) Version/4.0 Mobile Safari/534.30"
178.8.86.119 - - [09/Dec/2013:21:34:30 +0100] "GET /images/header.png HTTP/1.1" 200 1494 "http://www.mbingenieure.de/" "Mozilla/5.0 (Linux; U; Android 4.1.2; de-de; GT-I9100 Build/JZO54K) AppleWebKit/534.30 (KHTML, like Gecko) Version/4.0 Mobile Safari/534.30"
178.8.86.119 - - [09/Dec/2013:21:34:30 +0100] "GET /images/navi.png HTTP/1.1" 200 946 "http://www.mbingenieure.de/" "Mozilla/5.0 (Linux; U; Android 4.1.2; de-de; GT-I9100 Build/JZO54K) AppleWebKit/534.30 (KHTML, like Gecko) Version/4.0 Mobile Safari/534.30"
178.8.86.119 - - [09/Dec/2013:21:34:30 +0100] "GET /images/logo.png HTTP/1.1" 200 16467 "http://www.mbingenieure.de/" "Mozilla/5.0 (Linux; U; Android 4.1.2; de-de; GT-I9100 Build/JZO54K) AppleWebKit/534.30 (KHTML, like Gecko) Version/4.0 Mobile Safari/534.30"
178.8.86.119 - - [09/Dec/2013:21:34:30 +0100] "GET /images/bild1.png HTTP/1.1" 200 16301 "http://www.mbingenieure.de/" "Mozilla/5.0 (Linux; U; Android 4.1.2; de-de; GT-I9100 Build/JZO54K) AppleWebKit/534.30 (KHTML, like Gecko) Version/4.0 Mobile Safari/534.30"
178.8.86.119 - - [09/Dec/2013:21:34:30 +0100] "GET /images/bild2.png HTTP/1.1" 200 68475 "http://www.mbingenieure.de/" "Mozilla/5.0 (Linux; U; Android 4.1.2; de-de; GT-I9100 Build/JZO54K) AppleWebKit/534.30 (KHTML, like Gecko) Version/4.0 Mobile Safari/534.30"
178.8.86.119 - - [09/Dec/2013:21:34:30 +0100] "GET /images/bild4.png HTTP/1.1" 200 65856 "http://www.mbingenieure.de/" "Mozilla/5.0 (Linux; U; Android 4.1.2; de-de; GT-I9100 Build/JZO54K) AppleWebKit/534.30 (KHTML, like Gecko) Version/4.0 Mobile Safari/534.30"
178.8.86.119 - - [09/Dec/2013:21:34:31 +0100] "GET /favicon.ico HTTP/1.1" 200 93062 "http://www.mbingenieure.de/" "Mozilla/5.0 (Linux; U; Android 4.1.2; de-de; GT-I9100 Build/JZO54K) AppleWebKit/534.30 (KHTML, like Gecko) Version/4.0 Mobile Safari/534.30"
178.8.86.119 - - [09/Dec/2013:21:34:55 +0100] "GET /uns.html HTTP/1.1" 200 4398 "http://www.mbingenieure.de/" "Mozilla/5.0 (Linux; U; Android 4.1.2; de-de; GT-I9100 Build/JZO54K) AppleWebKit/534.30 (KHTML, like Gecko) Version/4.0 Mobile Safari/534.30"
178.8.86.119 - - [09/Dec/2013:21:35:06 +0100] "GET /spektrum.html HTTP/1.1" 200 4365 "http://www.mbingenieure.de/uns.html" "Mozilla/5.0 (Linux; U; Android 4.1.2; de-de; GT-I9100 Build/JZO54K) AppleWebKit/534.30 (KHTML, like Gecko) Version/4.0 Mobile Safari/534.30"
178.8.86.119 - - [09/Dec/2013:21:35:25 +0100] "GET /referenz.html HTTP/1.1" 200 10703 "http://www.mbingenieure.de/spektrum.html" "Mozilla/5.0 (Linux; U; Android 4.1.2; de-de; GT-I9100 Build/JZO54K) AppleWebKit/534.30 (KHTML, like Gecko) Version/4.0 Mobile Safari/534.30"
141.8.147.12 - - [10/Dec/2013:00:14:44 +0100] "GET /images/0941a.png HTTP/1.1" 304 - "-" "Mozilla/5.0 (compatible; YandexImages/3.0; +http://yandex.com/bots)"
5.199.136.130 - - [10/Dec/2013:01:22:07 +0100] "GET /robots.txt HTTP/1.1" 404 - "-" "Mozilla/5.0 (compatible; waybackarchive.org/1.0; +spider@waybackarchive.org)"
5.199.136.130 - - [10/Dec/2013:01:22:08 +0100] "GET /images/18a.png HTTP/1.1" 404 - "-" "Mozilla/5.0 (compatible; waybackarchive.org/1.0; +spider@waybackarchive.org)"
66.249.76.115 - - [10/Dec/2013:02:12:14 +0100] "GET /robots.txt HTTP/1.1" 404 - "-" "Mozilla/5.0 (compatible; Googlebot/2.1; +http://www.google.com/bot.html)"
66.249.76.115 - - [10/Dec/2013:02:12:15 +0100] "GET /impressum.html HTTP/1.1" 304 - "-" "DoCoMo/2.0 N905i(c100;TB;W24H16) (compatible; Googlebot-Mobile/2.1; +http://www.google.com/bot.html)"
66.249.76.115 - - [10/Dec/2013:03:39:55 +0100] "GET /impressum.html HTTP/1.1" 304 - "-" "Mozilla/5.0 (iPhone; CPU iPhone OS 6_0 like Mac OS X) AppleWebKit/536.26 (KHTML, like Gecko) Version/6.0 Mobile/10A5376e Safari/8536.25 (compatible; Googlebot-Mobile/2.1; +http://www.google.com/bot.html)"
66.249.76.115 - - [10/Dec/2013:03:46:44 +0100] "GET /impressum.html HTTP/1.1" 304 - "-" "DoCoMo/2.0 N905i(c100;TB;W24H16) (compatible; Googlebot-Mobile/2.1; +http://www.google.com/bot.html)"
217.172.189.42 - - [10/Dec/2013:08:27:45 +0100] "GET /robots.txt HTTP/1.1" 404 - "-" "Mozilla/5.0 (compatible; waybackarchive.org/1.0; +spider@waybackarchive.org)"
217.172.189.42 - - [10/Dec/2013:08:27:45 +0100] "GET /images/60a.png HTTP/1.1" 404 - "-" "Mozilla/5.0 (compatible; waybackarchive.org/1.0; +spider@waybackarchive.org)"
5.10.83.19 - - [10/Dec/2013:09:51:16 +0100] "GET /spektrum.html HTTP/1.1" 200 4365 "-" "Mozilla/5.0 (compatible; AhrefsBot/5.0; +http://ahrefs.com/robot/)"
217.172.189.42 - - [10/Dec/2013:15:12:47 +0100] "GET /robots.txt HTTP/1.1" 404 - "-" "Mozilla/5.0 (compatible; waybackarchive.org/1.0; +spider@waybackarchive.org)"
217.172.189.42 - - [10/Dec/2013:15:12:47 +0100] "GET /images/5a.png HTTP/1.1" 404 - "-" "Mozilla/5.0 (compatible; waybackarchive.org/1.0; +spider@waybackarchive.org)"
66.249.76.115 - - [10/Dec/2013:17:51:32 +0100] "GET /robots.txt HTTP/1.1" 404 - "-" "Mozilla/5.0 (compatible; Googlebot/2.1; +http://www.google.com/bot.html)"
66.249.76.115 - - [10/Dec/2013:17:51:32 +0100] "GET /referenz.html HTTP/1.1" 304 - "-" "Mozilla/5.0 (iPhone; CPU iPhone OS 6_0 like Mac OS X) AppleWebKit/536.26 (KHTML, like Gecko) Version/6.0 Mobile/10A5376e Safari/8536.25 (compatible; Googlebot-Mobile/2.1; +http://www.google.com/bot.html)"
65.55.52.88 - - [10/Dec/2013:18:41:15 +0100] "GET /robots.txt HTTP/1.1" 404 - "-" "Mozilla/5.0 (compatible; bingbot/2.0; +http://www.bing.com/bingbot.htm)"
65.55.52.88 - - [10/Dec/2013:18:44:30 +0100] "GET /referenz.html HTTP/1.1" 304 - "-" "Mozilla/5.0 (compatible; bingbot/2.0; +http://www.bing.com/bingbot.htm)"
178.77.126.55 - - [10/Dec/2013:19:09:35 +0100] "GET /robots.txt HTTP/1.1" 404 - "-" "Mozilla/5.0 (compatible; CareerBot/1.1; +http://www.career-x.de/bot.html)"
178.77.126.55 - - [10/Dec/2013:19:09:35 +0100] "GET / HTTP/1.1" 200 4688 "-" "Mozilla/5.0 (compatible; CareerBot/1.1; +http://www.career-x.de/bot.html)"
178.77.126.55 - - [10/Dec/2013:19:09:35 +0100] "GET /uns.html HTTP/1.1" 200 4398 "-" "Mozilla/5.0 (compatible; CareerBot/1.1; +http://www.career-x.de/bot.html)"
66.249.76.115 - - [10/Dec/2013:19:46:23 +0100] "GET / HTTP/1.1" 200 4688 "-" "Mozilla/5.0 (compatible; Googlebot/2.1; +http://www.google.com/bot.html)"
66.249.76.115 - - [10/Dec/2013:20:02:10 +0100] "GET /css/style.css HTTP/1.1" 200 2831 "-" "Mozilla/5.0 (compatible; Googlebot/2.1; +http://www.google.com/bot.html)"
54.211.221.108 - - [10/Dec/2013:20:20:45 +0100] "GET / HTTP/1.0" 200 4688 "-" "Mozilla/5.0 (compatible; NetcraftSurveyAgent/1.0; +info@netcraft.com)"
5.10.83.105 - - [10/Dec/2013:20:34:40 +0100] "GET /referenz.html HTTP/1.1" 200 10703 "-" "Mozilla/5.0 (compatible; AhrefsBot/5.0; +http://ahrefs.com/robot/)"
66.249.76.115 - - [10/Dec/2013:20:46:04 +0100] "GET /projekte.html HTTP/1.1" 200 7938 "-" "Mozilla/5.0 (compatible; Googlebot/2.1; +http://www.google.com/bot.html)"
66.249.76.115 - - [10/Dec/2013:20:47:02 +0100] "GET /impressum.html HTTP/1.1" 304 - "-" "SAMSUNG-SGH-E250/1.0 Profile/MIDP-2.0 Configuration/CLDC-1.1 UP.Browser/6.2.3.3.c.1.101 (GUI) MMP/2.0 (compatible; Googlebot-Mobile/2.1; +http://www.google.com/bot.html)"
80.83.123.232 - - [10/Dec/2013:21:35:17 +0100] "GET / HTTP/1.0" 200 4688 "-" "-"
217.172.189.42 - - [10/Dec/2013:21:56:46 +0100] "GET /robots.txt HTTP/1.1" 404 - "-" "Mozilla/5.0 (compatible; waybackarchive.org/1.0; +spider@waybackarchive.org)"
217.172.189.42 - - [10/Dec/2013:21:56:46 +0100] "GET /images/63a.png HTTP/1.1" 404 - "-" "Mozilla/5.0 (compatible; waybackarchive.org/1.0; +spider@waybackarchive.org)"
5.10.83.77 - - [11/Dec/2013:00:15:20 +0100] "GET /partner.html HTTP/1.1" 200 4401 "-" "Mozilla/5.0 (compatible; AhrefsBot/5.0; +http://ahrefs.com/robot/)"
5.10.83.19 - - [11/Dec/2013:02:59:14 +0100] "GET / HTTP/1.1" 200 4688 "-" "Mozilla/5.0 (compatible; AhrefsBot/5.0; +http://ahrefs.com/robot/)"
66.249.76.115 - - [11/Dec/2013:04:15:25 +0100] "GET /partner.html HTTP/1.1" 304 - "-" "Mozilla/5.0 (iPhone; CPU iPhone OS 6_0 like Mac OS X) AppleWebKit/536.26 (KHTML, like Gecko) Version/6.0 Mobile/10A5376e Safari/8536.25 (compatible; Googlebot-Mobile/2.1; +http://www.google.com/bot.html)"
217.69.133.225 - - [11/Dec/2013:04:32:55 +0100] "GET /robots.txt HTTP/1.1" 404 - "-" "Mozilla/5.0 (compatible; Linux x86_64; Mail.RU_Bot/2.0; +http://go.mail.ru/help/robots)"
217.69.133.224 - - [11/Dec/2013:04:32:56 +0100] "GET / HTTP/1.1" 200 4688 "-" "Mozilla/5.0 (compatible; Linux x86_64; Mail.RU_Bot/2.0; +http://go.mail.ru/help/robots)"
5.199.136.130 - - [11/Dec/2013:04:48:00 +0100] "GET /robots.txt HTTP/1.1" 404 - "-" "Mozilla/5.0 (compatible; waybackarchive.org/1.0; +spider@waybackarchive.org)"
5.199.136.130 - - [11/Dec/2013:04:48:00 +0100] "GET /images/bruehla.png HTTP/1.1" 404 - "-" "Mozilla/5.0 (compatible; waybackarchive.org/1.0; +spider@waybackarchive.org)"
157.55.32.166 - - [11/Dec/2013:05:22:52 +0100] "GET /robots.txt HTTP/1.1" 404 - "-" "Mozilla/5.0 (compatible; bingbot/2.0; +http://www.bing.com/bingbot.htm)"
157.55.32.166 - - [11/Dec/2013:05:23:29 +0100] "GET /uns.html HTTP/1.1" 200 4398 "-" "Mozilla/5.0 (compatible; bingbot/2.0; +http://www.bing.com/bingbot.htm)"
157.56.93.186 - - [11/Dec/2013:06:08:24 +0100] "GET /js/libs/modernizr-2.5.3.min.js HTTP/1.1" 200 15274 "-" "Mozilla/5.0 (compatible; bingbot/2.0; +http://www.bing.com/bingbot.htm)"
91.209.160.17 - - [11/Dec/2013:06:51:06 +0100] "GET / HTTP/1.1" 200 4688 "http://www.google.de/url?sa=t&rct=j&q=&esrc=s&frm=1&source=web&cd=1&ved=0CDQQFjAA&url=http%3A%2F%2Fwww.mbingenieure.de%2F&ei=Mv2nUvG7McyshQfcsoCACQ&usg=AFQjCNEyLqXMZj9hDUfmjIo04GBdDmaXCQ&sig2=2JztzDwcckcPUJIK6_irkg&bvm=bv.57799294,d.ZG4" "Mozilla/5.0 (compatible; MSIE 9.0; Windows NT 6.1; WOW64; Trident/5.0)"
91.209.160.17 - - [11/Dec/2013:06:51:06 +0100] "GET /css/style.css HTTP/1.1" 200 2831 "http://www.mbingenieure.de/" "Mozilla/5.0 (compatible; MSIE 9.0; Windows NT 6.1; WOW64; Trident/5.0)"
91.209.160.17 - - [11/Dec/2013:06:51:06 +0100] "GET /js/libs/modernizr-2.5.3.min.js HTTP/1.1" 200 15274 "http://www.mbingenieure.de/" "Mozilla/5.0 (compatible; MSIE 9.0; Windows NT 6.1; WOW64; Trident/5.0)"
91.209.160.17 - - [11/Dec/2013:06:51:06 +0100] "GET /images/footer.png HTTP/1.1" 200 1064 "http://www.mbingenieure.de/" "Mozilla/5.0 (compatible; MSIE 9.0; Windows NT 6.1; WOW64; Trident/5.0)"
91.209.160.17 - - [11/Dec/2013:06:51:06 +0100] "GET /images/logo.png HTTP/1.1" 200 16467 "http://www.mbingenieure.de/" "Mozilla/5.0 (compatible; MSIE 9.0; Windows NT 6.1; WOW64; Trident/5.0)"
91.209.160.17 - - [11/Dec/2013:06:51:06 +0100] "GET /js/plugins.js HTTP/1.1" 200 898 "http://www.mbingenieure.de/" "Mozilla/5.0 (compatible; MSIE 9.0; Windows NT 6.1; WOW64; Trident/5.0)"
91.209.160.17 - - [11/Dec/2013:06:51:06 +0100] "GET /images/bild1.png HTTP/1.1" 200 16301 "http://www.mbingenieure.de/" "Mozilla/5.0 (compatible; MSIE 9.0; Windows NT 6.1; WOW64; Trident/5.0)"
199.19.249.196 - - [11/Dec/2013:06:51:06 +0100] "GET / HTTP/1.1" 200 4688 "-" "Mozilla/4.0 (compatible; MSIE 7.0; Windows NT 5.1; InfoPath.1; .NET CLR 2.0.50727; .NET CLR 1.1.4322; MS-RTC LM 8; .NET CLR 3.0.4506.2152; .NET CLR 3.5.30729)"
91.209.160.17 - - [11/Dec/2013:06:51:06 +0100] "GET /images/bild4.png HTTP/1.1" 200 65856 "http://www.mbingenieure.de/" "Mozilla/5.0 (compatible; MSIE 9.0; Windows NT 6.1; WOW64; Trident/5.0)"
91.209.160.17 - - [11/Dec/2013:06:51:06 +0100] "GET /images/header.png HTTP/1.1" 200 1494 "http://www.mbingenieure.de/" "Mozilla/5.0 (compatible; MSIE 9.0; Windows NT 6.1; WOW64; Trident/5.0)"
91.209.160.17 - - [11/Dec/2013:06:51:06 +0100] "GET /images/bild2.png HTTP/1.1" 200 68475 "http://www.mbingenieure.de/" "Mozilla/5.0 (compatible; MSIE 9.0; Windows NT 6.1; WOW64; Trident/5.0)"
91.209.160.17 - - [11/Dec/2013:06:51:06 +0100] "GET /images/navi.png HTTP/1.1" 200 946 "http://www.mbingenieure.de/" "Mozilla/5.0 (compatible; MSIE 9.0; Windows NT 6.1; WOW64; Trident/5.0)"
91.209.160.17 - - [11/Dec/2013:06:51:06 +0100] "GET /favicon.ico HTTP/1.1" 200 93062 "-" "Mozilla/5.0 (compatible; MSIE 9.0; Windows NT 6.1; WOW64; Trident/5.0)"
157.55.35.113 - - [11/Dec/2013:06:51:31 +0100] "GET /css/style.css HTTP/1.1" 200 2831 "-" "Mozilla/5.0 (compatible; bingbot/2.0; +http://www.bing.com/bingbot.htm)"
157.55.35.113 - - [11/Dec/2013:06:51:32 +0100] "GET /js/plugins.js HTTP/1.1" 200 898 "-" "Mozilla/5.0 (compatible; bingbot/2.0; +http://www.bing.com/bingbot.htm)"
91.209.160.17 - - [11/Dec/2013:06:51:41 +0100] "GET /kontakt.html HTTP/1.1" 200 4451 "http://www.mbingenieure.de/" "Mozilla/5.0 (compatible; MSIE 9.0; Windows NT 6.1; WOW64; Trident/5.0)"
199.19.249.196 - - [11/Dec/2013:06:51:41 +0100] "GET /kontakt.html HTTP/1.1" 200 4451 "-" "Mozilla/4.0 (compatible; MSIE 7.0; Windows NT 5.1; InfoPath.1; .NET CLR 2.0.50727; .NET CLR 1.1.4322; MS-RTC LM 8; .NET CLR 3.0.4506.2152; .NET CLR 3.5.30729)"
91.209.160.17 - - [11/Dec/2013:06:51:41 +0100] "GET /css/style.css HTTP/1.1" 304 - "http://www.mbingenieure.de/kontakt.html" "Mozilla/5.0 (compatible; MSIE 9.0; Windows NT 6.1; WOW64; Trident/5.0)"
91.209.160.17 - - [11/Dec/2013:06:51:41 +0100] "GET /js/libs/modernizr-2.5.3.min.js HTTP/1.1" 304 - "http://www.mbingenieure.de/kontakt.html" "Mozilla/5.0 (compatible; MSIE 9.0; Windows NT 6.1; WOW64; Trident/5.0)"
91.209.160.17 - - [11/Dec/2013:06:51:41 +0100] "GET /js/plugins.js HTTP/1.1" 304 - "http://www.mbingenieure.de/kontakt.html" "Mozilla/5.0 (compatible; MSIE 9.0; Windows NT 6.1; WOW64; Trident/5.0)"
91.209.160.17 - - [11/Dec/2013:06:51:41 +0100] "GET /images/header.png HTTP/1.1" 304 - "http://www.mbingenieure.de/kontakt.html" "Mozilla/5.0 (compatible; MSIE 9.0; Windows NT 6.1; WOW64; Trident/5.0)"
91.209.160.17 - - [11/Dec/2013:06:51:41 +0100] "GET /images/footer.png HTTP/1.1" 304 - "http://www.mbingenieure.de/kontakt.html" "Mozilla/5.0 (compatible; MSIE 9.0; Windows NT 6.1; WOW64; Trident/5.0)"
91.209.160.17 - - [11/Dec/2013:06:51:41 +0100] "GET /images/navi.png HTTP/1.1" 304 - "http://www.mbingenieure.de/kontakt.html" "Mozilla/5.0 (compatible; MSIE 9.0; Windows NT 6.1; WOW64; Trident/5.0)"
91.209.160.17 - - [11/Dec/2013:06:52:36 +0100] "GET /uns.html HTTP/1.1" 200 4398 "http://www.mbingenieure.de/kontakt.html" "Mozilla/5.0 (compatible; MSIE 9.0; Windows NT 6.1; WOW64; Trident/5.0)"
199.19.249.196 - - [11/Dec/2013:06:52:36 +0100] "GET /uns.html HTTP/1.1" 200 4398 "-" "Mozilla/4.0 (compatible; MSIE 7.0; Windows NT 5.1; InfoPath.1; .NET CLR 2.0.50727; .NET CLR 1.1.4322; MS-RTC LM 8; .NET CLR 3.0.4506.2152; .NET CLR 3.5.30729)"
91.209.160.17 - - [11/Dec/2013:06:52:36 +0100] "GET /css/style.css HTTP/1.1" 304 - "http://www.mbingenieure.de/uns.html" "Mozilla/5.0 (compatible; MSIE 9.0; Windows NT 6.1; WOW64; Trident/5.0)"
91.209.160.17 - - [11/Dec/2013:06:52:36 +0100] "GET /js/libs/modernizr-2.5.3.min.js HTTP/1.1" 304 - "http://www.mbingenieure.de/uns.html" "Mozilla/5.0 (compatible; MSIE 9.0; Windows NT 6.1; WOW64; Trident/5.0)"
91.209.160.17 - - [11/Dec/2013:06:52:36 +0100] "GET /js/plugins.js HTTP/1.1" 304 - "http://www.mbingenieure.de/uns.html" "Mozilla/5.0 (compatible; MSIE 9.0; Windows NT 6.1; WOW64; Trident/5.0)"
91.209.160.17 - - [11/Dec/2013:06:52:37 +0100] "GET /images/header.png HTTP/1.1" 304 - "http://www.mbingenieure.de/uns.html" "Mozilla/5.0 (compatible; MSIE 9.0; Windows NT 6.1; WOW64; Trident/5.0)"
91.209.160.17 - - [11/Dec/2013:06:52:37 +0100] "GET /images/footer.png HTTP/1.1" 304 - "http://www.mbingenieure.de/uns.html" "Mozilla/5.0 (compatible; MSIE 9.0; Windows NT 6.1; WOW64; Trident/5.0)"
91.209.160.17 - - [11/Dec/2013:06:52:37 +0100] "GET /images/navi.png HTTP/1.1" 304 - "http://www.mbingenieure.de/uns.html" "Mozilla/5.0 (compatible; MSIE 9.0; Windows NT 6.1; WOW64; Trident/5.0)"
91.209.160.17 - - [11/Dec/2013:06:52:41 +0100] "GET /uns.html HTTP/1.1" 304 - "http://www.mbingenieure.de/uns.html" "Mozilla/5.0 (compatible; MSIE 9.0; Windows NT 6.1; WOW64; Trident/5.0)"
91.209.160.17 - - [11/Dec/2013:06:52:41 +0100] "GET /css/style.css HTTP/1.1" 304 - "http://www.mbingenieure.de/uns.html" "Mozilla/5.0 (compatible; MSIE 9.0; Windows NT 6.1; WOW64; Trident/5.0)"
91.209.160.17 - - [11/Dec/2013:06:52:41 +0100] "GET /js/libs/modernizr-2.5.3.min.js HTTP/1.1" 304 - "http://www.mbingenieure.de/uns.html" "Mozilla/5.0 (compatible; MSIE 9.0; Windows NT 6.1; WOW64; Trident/5.0)"
91.209.160.17 - - [11/Dec/2013:06:52:41 +0100] "GET /js/plugins.js HTTP/1.1" 304 - "http://www.mbingenieure.de/uns.html" "Mozilla/5.0 (compatible; MSIE 9.0; Windows NT 6.1; WOW64; Trident/5.0)"
91.209.160.17 - - [11/Dec/2013:06:52:41 +0100] "GET /images/header.png HTTP/1.1" 304 - "http://www.mbingenieure.de/uns.html" "Mozilla/5.0 (compatible; MSIE 9.0; Windows NT 6.1; WOW64; Trident/5.0)"
91.209.160.17 - - [11/Dec/2013:06:52:41 +0100] "GET /images/footer.png HTTP/1.1" 304 - "http://www.mbingenieure.de/uns.html" "Mozilla/5.0 (compatible; MSIE 9.0; Windows NT 6.1; WOW64; Trident/5.0)"
91.209.160.17 - - [11/Dec/2013:06:52:42 +0100] "GET /images/navi.png HTTP/1.1" 304 - "http://www.mbingenieure.de/uns.html" "Mozilla/5.0 (compatible; MSIE 9.0; Windows NT 6.1; WOW64; Trident/5.0)"
91.209.160.17 - - [11/Dec/2013:06:52:58 +0100] "GET /spektrum.html HTTP/1.1" 200 4365 "http://www.mbingenieure.de/uns.html" "Mozilla/5.0 (compatible; MSIE 9.0; Windows NT 6.1; WOW64; Trident/5.0)"
199.19.249.196 - - [11/Dec/2013:06:52:58 +0100] "GET /spektrum.html HTTP/1.1" 200 4365 "-" "Mozilla/4.0 (compatible; MSIE 7.0; Windows NT 5.1; InfoPath.1; .NET CLR 2.0.50727; .NET CLR 1.1.4322; MS-RTC LM 8; .NET CLR 3.0.4506.2152; .NET CLR 3.5.30729)"
91.209.160.17 - - [11/Dec/2013:06:52:58 +0100] "GET /css/style.css HTTP/1.1" 304 - "http://www.mbingenieure.de/spektrum.html" "Mozilla/5.0 (compatible; MSIE 9.0; Windows NT 6.1; WOW64; Trident/5.0)"
91.209.160.17 - - [11/Dec/2013:06:52:58 +0100] "GET /js/libs/modernizr-2.5.3.min.js HTTP/1.1" 304 - "http://www.mbingenieure.de/spektrum.html" "Mozilla/5.0 (compatible; MSIE 9.0; Windows NT 6.1; WOW64; Trident/5.0)"
91.209.160.17 - - [11/Dec/2013:06:52:58 +0100] "GET /js/plugins.js HTTP/1.1" 304 - "http://www.mbingenieure.de/spektrum.html" "Mozilla/5.0 (compatible; MSIE 9.0; Windows NT 6.1; WOW64; Trident/5.0)"
91.209.160.17 - - [11/Dec/2013:06:52:58 +0100] "GET /images/header.png HTTP/1.1" 304 - "http://www.mbingenieure.de/spektrum.html" "Mozilla/5.0 (compatible; MSIE 9.0; Windows NT 6.1; WOW64; Trident/5.0)"
91.209.160.17 - - [11/Dec/2013:06:52:58 +0100] "GET /images/footer.png HTTP/1.1" 304 - "http://www.mbingenieure.de/spektrum.html" "Mozilla/5.0 (compatible; MSIE 9.0; Windows NT 6.1; WOW64; Trident/5.0)"
91.209.160.17 - - [11/Dec/2013:06:52:58 +0100] "GET /images/navi.png HTTP/1.1" 304 - "http://www.mbingenieure.de/spektrum.html" "Mozilla/5.0 (compatible; MSIE 9.0; Windows NT 6.1; WOW64; Trident/5.0)"
91.209.160.17 - - [11/Dec/2013:06:53:03 +0100] "GET /referenz.html HTTP/1.1" 200 10703 "http://www.mbingenieure.de/spektrum.html" "Mozilla/5.0 (compatible; MSIE 9.0; Windows NT 6.1; WOW64; Trident/5.0)"
199.19.249.196 - - [11/Dec/2013:06:53:04 +0100] "GET /referenz.html HTTP/1.1" 200 10703 "-" "Mozilla/4.0 (compatible; MSIE 7.0; Windows NT 5.1; InfoPath.1; .NET CLR 2.0.50727; .NET CLR 1.1.4322; MS-RTC LM 8; .NET CLR 3.0.4506.2152; .NET CLR 3.5.30729)"
91.209.160.17 - - [11/Dec/2013:06:53:04 +0100] "GET /css/style.css HTTP/1.1" 304 - "http://www.mbingenieure.de/referenz.html" "Mozilla/5.0 (compatible; MSIE 9.0; Windows NT 6.1; WOW64; Trident/5.0)"
91.209.160.17 - - [11/Dec/2013:06:53:04 +0100] "GET /js/libs/modernizr-2.5.3.min.js HTTP/1.1" 304 - "http://www.mbingenieure.de/referenz.html" "Mozilla/5.0 (compatible; MSIE 9.0; Windows NT 6.1; WOW64; Trident/5.0)"
91.209.160.17 - - [11/Dec/2013:06:53:04 +0100] "GET /js/plugins.js HTTP/1.1" 304 - "http://www.mbingenieure.de/referenz.html" "Mozilla/5.0 (compatible; MSIE 9.0; Windows NT 6.1; WOW64; Trident/5.0)"
91.209.160.17 - - [11/Dec/2013:06:53:04 +0100] "GET /images/header.png HTTP/1.1" 304 - "http://www.mbingenieure.de/referenz.html" "Mozilla/5.0 (compatible; MSIE 9.0; Windows NT 6.1; WOW64; Trident/5.0)"
91.209.160.17 - - [11/Dec/2013:06:53:04 +0100] "GET /images/footer.png HTTP/1.1" 304 - "http://www.mbingenieure.de/referenz.html" "Mozilla/5.0 (compatible; MSIE 9.0; Windows NT 6.1; WOW64; Trident/5.0)"
91.209.160.17 - - [11/Dec/2013:06:53:04 +0100] "GET /images/navi.png HTTP/1.1" 304 - "http://www.mbingenieure.de/referenz.html" "Mozilla/5.0 (compatible; MSIE 9.0; Windows NT 6.1; WOW64; Trident/5.0)"
91.209.160.17 - - [11/Dec/2013:06:53:11 +0100] "GET /partner.html HTTP/1.1" 200 4401 "http://www.mbingenieure.de/referenz.html" "Mozilla/5.0 (compatible; MSIE 9.0; Windows NT 6.1; WOW64; Trident/5.0)"
91.209.160.17 - - [11/Dec/2013:06:53:11 +0100] "GET /css/style.css HTTP/1.1" 304 - "http://www.mbingenieure.de/partner.html" "Mozilla/5.0 (compatible; MSIE 9.0; Windows NT 6.1; WOW64; Trident/5.0)"
199.19.249.196 - - [11/Dec/2013:06:53:11 +0100] "GET /partner.html HTTP/1.1" 200 4401 "-" "Mozilla/4.0 (compatible; MSIE 7.0; Windows NT 5.1; InfoPath.1; .NET CLR 2.0.50727; .NET CLR 1.1.4322; MS-RTC LM 8; .NET CLR 3.0.4506.2152; .NET CLR 3.5.30729)"
91.209.160.17 - - [11/Dec/2013:06:53:11 +0100] "GET /js/libs/modernizr-2.5.3.min.js HTTP/1.1" 304 - "http://www.mbingenieure.de/partner.html" "Mozilla/5.0 (compatible; MSIE 9.0; Windows NT 6.1; WOW64; Trident/5.0)"
91.209.160.17 - - [11/Dec/2013:06:53:11 +0100] "GET /js/plugins.js HTTP/1.1" 304 - "http://www.mbingenieure.de/partner.html" "Mozilla/5.0 (compatible; MSIE 9.0; Windows NT 6.1; WOW64; Trident/5.0)"
91.209.160.17 - - [11/Dec/2013:06:53:11 +0100] "GET /images/header.png HTTP/1.1" 304 - "http://www.mbingenieure.de/partner.html" "Mozilla/5.0 (compatible; MSIE 9.0; Windows NT 6.1; WOW64; Trident/5.0)"
91.209.160.17 - - [11/Dec/2013:06:53:11 +0100] "GET /images/footer.png HTTP/1.1" 304 - "http://www.mbingenieure.de/partner.html" "Mozilla/5.0 (compatible; MSIE 9.0; Windows NT 6.1; WOW64; Trident/5.0)"
91.209.160.17 - - [11/Dec/2013:06:53:11 +0100] "GET /images/navi.png HTTP/1.1" 304 - "http://www.mbingenieure.de/partner.html" "Mozilla/5.0 (compatible; MSIE 9.0; Windows NT 6.1; WOW64; Trident/5.0)"
91.209.160.17 - - [11/Dec/2013:06:53:19 +0100] "GET /kontakt.html HTTP/1.1" 304 - "http://www.mbingenieure.de/partner.html" "Mozilla/5.0 (compatible; MSIE 9.0; Windows NT 6.1; WOW64; Trident/5.0)"
91.209.160.17 - - [11/Dec/2013:06:53:19 +0100] "GET /css/style.css HTTP/1.1" 304 - "http://www.mbingenieure.de/kontakt.html" "Mozilla/5.0 (compatible; MSIE 9.0; Windows NT 6.1; WOW64; Trident/5.0)"
91.209.160.17 - - [11/Dec/2013:06:53:19 +0100] "GET /js/libs/modernizr-2.5.3.min.js HTTP/1.1" 304 - "http://www.mbingenieure.de/kontakt.html" "Mozilla/5.0 (compatible; MSIE 9.0; Windows NT 6.1; WOW64; Trident/5.0)"
91.209.160.17 - - [11/Dec/2013:06:53:19 +0100] "GET /js/plugins.js HTTP/1.1" 304 - "http://www.mbingenieure.de/kontakt.html" "Mozilla/5.0 (compatible; MSIE 9.0; Windows NT 6.1; WOW64; Trident/5.0)"
91.209.160.17 - - [11/Dec/2013:06:53:20 +0100] "GET /images/header.png HTTP/1.1" 304 - "http://www.mbingenieure.de/kontakt.html" "Mozilla/5.0 (compatible; MSIE 9.0; Windows NT 6.1; WOW64; Trident/5.0)"
91.209.160.17 - - [11/Dec/2013:06:53:20 +0100] "GET /images/footer.png HTTP/1.1" 304 - "http://www.mbingenieure.de/kontakt.html" "Mozilla/5.0 (compatible; MSIE 9.0; Windows NT 6.1; WOW64; Trident/5.0)"
91.209.160.17 - - [11/Dec/2013:06:53:20 +0100] "GET /images/navi.png HTTP/1.1" 304 - "http://www.mbingenieure.de/kontakt.html" "Mozilla/5.0 (compatible; MSIE 9.0; Windows NT 6.1; WOW64; Trident/5.0)"
87.139.48.75 - - [11/Dec/2013:08:06:29 +0100] "GET / HTTP/1.1" 200 4688 "http://www.google.de/url?sa=t&rct=j&q=&esrc=s&source=web&cd=1&ved=0CDAQFjAA&url=http%3A%2F%2Fwww.mbingenieure.de%2F&ei=3g6oUtu1FsWh0QX69YDYDw&usg=AFQjCNEyLqXMZj9hDUfmjIo04GBdDmaXCQ&bvm=bv.57799294,d.bGQ" "Mozilla/5.0 (Windows NT 6.1; WOW64; rv:23.0) Gecko/20100101 Firefox/23.0"
87.139.48.75 - - [11/Dec/2013:08:06:29 +0100] "GET /css/style.css HTTP/1.1" 200 2831 "http://www.mbingenieure.de/" "Mozilla/5.0 (Windows NT 6.1; WOW64; rv:23.0) Gecko/20100101 Firefox/23.0"
87.139.48.75 - - [11/Dec/2013:08:06:29 +0100] "GET /js/libs/modernizr-2.5.3.min.js HTTP/1.1" 200 15274 "http://www.mbingenieure.de/" "Mozilla/5.0 (Windows NT 6.1; WOW64; rv:23.0) Gecko/20100101 Firefox/23.0"
87.139.48.75 - - [11/Dec/2013:08:06:29 +0100] "GET /js/plugins.js HTTP/1.1" 200 898 "http://www.mbingenieure.de/" "Mozilla/5.0 (Windows NT 6.1; WOW64; rv:23.0) Gecko/20100101 Firefox/23.0"
87.139.48.75 - - [11/Dec/2013:08:06:29 +0100] "GET /images/logo.png HTTP/1.1" 200 16467 "http://www.mbingenieure.de/" "Mozilla/5.0 (Windows NT 6.1; WOW64; rv:23.0) Gecko/20100101 Firefox/23.0"
87.139.48.75 - - [11/Dec/2013:08:06:29 +0100] "GET /images/bild1.png HTTP/1.1" 200 16301 "http://www.mbingenieure.de/" "Mozilla/5.0 (Windows NT 6.1; WOW64; rv:23.0) Gecko/20100101 Firefox/23.0"
87.139.48.75 - - [11/Dec/2013:08:06:29 +0100] "GET /images/footer.png HTTP/1.1" 200 1064 "http://www.mbingenieure.de/css/style.css" "Mozilla/5.0 (Windows NT 6.1; WOW64; rv:23.0) Gecko/20100101 Firefox/23.0"
87.139.48.75 - - [11/Dec/2013:08:06:29 +0100] "GET /images/header.png HTTP/1.1" 200 1494 "http://www.mbingenieure.de/css/style.css" "Mozilla/5.0 (Windows NT 6.1; WOW64; rv:23.0) Gecko/20100101 Firefox/23.0"
87.139.48.75 - - [11/Dec/2013:08:06:29 +0100] "GET /images/navi.png HTTP/1.1" 200 946 "http://www.mbingenieure.de/css/style.css" "Mozilla/5.0 (Windows NT 6.1; WOW64; rv:23.0) Gecko/20100101 Firefox/23.0"
87.139.48.75 - - [11/Dec/2013:08:06:29 +0100] "GET /images/bild2.png HTTP/1.1" 200 68475 "http://www.mbingenieure.de/" "Mozilla/5.0 (Windows NT 6.1; WOW64; rv:23.0) Gecko/20100101 Firefox/23.0"
87.139.48.75 - - [11/Dec/2013:08:06:29 +0100] "GET /images/bild4.png HTTP/1.1" 200 65856 "http://www.mbingenieure.de/" "Mozilla/5.0 (Windows NT 6.1; WOW64; rv:23.0) Gecko/20100101 Firefox/23.0"
87.139.48.75 - - [11/Dec/2013:08:06:30 +0100] "GET /favicon.ico HTTP/1.1" 200 93062 "-" "Mozilla/5.0 (Windows NT 6.1; WOW64; rv:23.0) Gecko/20100101 Firefox/23.0"
87.139.48.75 - - [11/Dec/2013:08:06:36 +0100] "GET /uns.html HTTP/1.1" 200 4398 "http://www.mbingenieure.de/" "Mozilla/5.0 (Windows NT 6.1; WOW64; rv:23.0) Gecko/20100101 Firefox/23.0"
87.139.48.75 - - [11/Dec/2013:08:06:55 +0100] "GET /partner.html HTTP/1.1" 200 4401 "http://www.mbingenieure.de/uns.html" "Mozilla/5.0 (Windows NT 6.1; WOW64; rv:23.0) Gecko/20100101 Firefox/23.0"
87.139.48.75 - - [11/Dec/2013:08:06:58 +0100] "GET /referenz.html HTTP/1.1" 200 10703 "http://www.mbingenieure.de/partner.html" "Mozilla/5.0 (Windows NT 6.1; WOW64; rv:23.0) Gecko/20100101 Firefox/23.0"
87.139.48.75 - - [11/Dec/2013:08:07:09 +0100] "GET /projekte.html HTTP/1.1" 200 7938 "http://www.mbingenieure.de/referenz.html" "Mozilla/5.0 (Windows NT 6.1; WOW64; rv:23.0) Gecko/20100101 Firefox/23.0"
87.139.48.75 - - [11/Dec/2013:08:07:09 +0100] "GET /images/0542a.png HTTP/1.1" 200 15693 "http://www.mbingenieure.de/projekte.html" "Mozilla/5.0 (Windows NT 6.1; WOW64; rv:23.0) Gecko/20100101 Firefox/23.0"
87.139.48.75 - - [11/Dec/2013:08:07:09 +0100] "GET /images/0541a.png HTTP/1.1" 200 16258 "http://www.mbingenieure.de/projekte.html" "Mozilla/5.0 (Windows NT 6.1; WOW64; rv:23.0) Gecko/20100101 Firefox/23.0"
87.139.48.75 - - [11/Dec/2013:08:07:09 +0100] "GET /images/0941a.png HTTP/1.1" 200 14217 "http://www.mbingenieure.de/projekte.html" "Mozilla/5.0 (Windows NT 6.1; WOW64; rv:23.0) Gecko/20100101 Firefox/23.0"
87.139.48.75 - - [11/Dec/2013:08:07:09 +0100] "GET /images/0543a.png HTTP/1.1" 200 16618 "http://www.mbingenieure.de/projekte.html" "Mozilla/5.0 (Windows NT 6.1; WOW64; rv:23.0) Gecko/20100101 Firefox/23.0"
87.139.48.75 - - [11/Dec/2013:08:07:15 +0100] "GET /index.html HTTP/1.1" 200 4688 "http://www.mbingenieure.de/projekte.html" "Mozilla/5.0 (Windows NT 6.1; WOW64; rv:23.0) Gecko/20100101 Firefox/23.0"
87.139.48.75 - - [11/Dec/2013:08:07:18 +0100] "GET /spektrum.html HTTP/1.1" 200 4365 "http://www.mbingenieure.de/uns.html" "Mozilla/5.0 (Windows NT 6.1; WOW64; rv:23.0) Gecko/20100101 Firefox/23.0"
5.10.83.42 - - [11/Dec/2013:09:27:59 +0100] "GET /projekte.html HTTP/1.1" 200 7938 "-" "Mozilla/5.0 (compatible; AhrefsBot/5.0; +http://ahrefs.com/robot/)"
84.161.198.39 - - [11/Dec/2013:10:50:42 +0100] "GET / HTTP/1.1" 200 4688 "http://www.google.de/url?sa=t&rct=j&q=&esrc=s&source=web&cd=1&ved=0CDAQFjAA&url=http%3A%2F%2Fwww.mbingenieure.de%2F&ei=UDWoUrTiEIjGswazsYDABw&usg=AFQjCNEyLqXMZj9hDUfmjIo04GBdDmaXCQ&bvm=bv.57799294,d.Yms" "Mozilla/5.0 (Windows NT 6.1; Trident/7.0; rv:11.0) like Gecko"
84.161.198.39 - - [11/Dec/2013:10:50:42 +0100] "GET /css/style.css HTTP/1.1" 200 2831 "http://www.mbingenieure.de/" "Mozilla/5.0 (Windows NT 6.1; Trident/7.0; rv:11.0) like Gecko"
84.161.198.39 - - [11/Dec/2013:10:50:42 +0100] "GET /js/libs/modernizr-2.5.3.min.js HTTP/1.1" 200 15274 "http://www.mbingenieure.de/" "Mozilla/5.0 (Windows NT 6.1; Trident/7.0; rv:11.0) like Gecko"
84.161.198.39 - - [11/Dec/2013:10:50:42 +0100] "GET /images/logo.png HTTP/1.1" 200 16467 "http://www.mbingenieure.de/" "Mozilla/5.0 (Windows NT 6.1; Trident/7.0; rv:11.0) like Gecko"
84.161.198.39 - - [11/Dec/2013:10:50:42 +0100] "GET /js/plugins.js HTTP/1.1" 200 898 "http://www.mbingenieure.de/" "Mozilla/5.0 (Windows NT 6.1; Trident/7.0; rv:11.0) like Gecko"
84.161.198.39 - - [11/Dec/2013:10:50:42 +0100] "GET /images/bild1.png HTTP/1.1" 200 16301 "http://www.mbingenieure.de/" "Mozilla/5.0 (Windows NT 6.1; Trident/7.0; rv:11.0) like Gecko"
84.161.198.39 - - [11/Dec/2013:10:50:42 +0100] "GET /images/footer.png HTTP/1.1" 200 1064 "http://www.mbingenieure.de/" "Mozilla/5.0 (Windows NT 6.1; Trident/7.0; rv:11.0) like Gecko"
84.161.198.39 - - [11/Dec/2013:10:50:42 +0100] "GET /images/bild2.png HTTP/1.1" 200 68475 "http://www.mbingenieure.de/" "Mozilla/5.0 (Windows NT 6.1; Trident/7.0; rv:11.0) like Gecko"
84.161.198.39 - - [11/Dec/2013:10:50:42 +0100] "GET /images/bild4.png HTTP/1.1" 200 65856 "http://www.mbingenieure.de/" "Mozilla/5.0 (Windows NT 6.1; Trident/7.0; rv:11.0) like Gecko"
84.161.198.39 - - [11/Dec/2013:10:50:43 +0100] "GET /images/header.png HTTP/1.1" 200 1494 "http://www.mbingenieure.de/" "Mozilla/5.0 (Windows NT 6.1; Trident/7.0; rv:11.0) like Gecko"
84.161.198.39 - - [11/Dec/2013:10:50:43 +0100] "GET /images/navi.png HTTP/1.1" 200 946 "http://www.mbingenieure.de/" "Mozilla/5.0 (Windows NT 6.1; Trident/7.0; rv:11.0) like Gecko"
84.161.198.39 - - [11/Dec/2013:10:50:43 +0100] "GET /favicon.ico HTTP/1.1" 200 93062 "-" "Mozilla/5.0 (Windows NT 6.1; Trident/7.0; rv:11.0) like Gecko"
84.161.198.39 - - [11/Dec/2013:10:50:57 +0100] "GET /spektrum.html HTTP/1.1" 200 4365 "http://www.mbingenieure.de/" "Mozilla/5.0 (Windows NT 6.1; Trident/7.0; rv:11.0) like Gecko"
84.161.198.39 - - [11/Dec/2013:10:51:19 +0100] "GET /referenz.html HTTP/1.1" 200 10703 "http://www.mbingenieure.de/spektrum.html" "Mozilla/5.0 (Windows NT 6.1; Trident/7.0; rv:11.0) like Gecko"
84.161.198.39 - - [11/Dec/2013:10:51:28 +0100] "GET /partner.html HTTP/1.1" 200 4401 "http://www.mbingenieure.de/referenz.html" "Mozilla/5.0 (Windows NT 6.1; Trident/7.0; rv:11.0) like Gecko"
84.161.198.39 - - [11/Dec/2013:10:51:34 +0100] "GET /kontakt.html HTTP/1.1" 200 4451 "http://www.mbingenieure.de/partner.html" "Mozilla/5.0 (Windows NT 6.1; Trident/7.0; rv:11.0) like Gecko"
84.161.198.39 - - [11/Dec/2013:10:51:36 +0100] "GET /impressum.html HTTP/1.1" 200 5721 "http://www.mbingenieure.de/kontakt.html" "Mozilla/5.0 (Windows NT 6.1; Trident/7.0; rv:11.0) like Gecko"
84.161.198.39 - - [11/Dec/2013:10:51:38 +0100] "GET /uns.html HTTP/1.1" 200 4398 "http://www.mbingenieure.de/impressum.html" "Mozilla/5.0 (Windows NT 6.1; Trident/7.0; rv:11.0) like Gecko"
84.161.198.39 - - [11/Dec/2013:10:51:47 +0100] "GET /index.html HTTP/1.1" 200 4688 "http://www.mbingenieure.de/uns.html" "Mozilla/5.0 (Windows NT 6.1; Trident/7.0; rv:11.0) like Gecko"
66.249.78.8 - - [11/Dec/2013:14:13:54 +0100] "GET /robots.txt HTTP/1.1" 404 - "-" "Mozilla/5.0 (compatible; Googlebot/2.1; +http://www.google.com/bot.html)"
66.249.78.8 - - [11/Dec/2013:14:13:54 +0100] "GET /projekte.html HTTP/1.1" 304 - "-" "Mozilla/5.0 (iPhone; CPU iPhone OS 6_0 like Mac OS X) AppleWebKit/536.26 (KHTML, like Gecko) Version/6.0 Mobile/10A5376e Safari/8536.25 (compatible; Googlebot-Mobile/2.1; +http://www.google.com/bot.html)"
82.100.235.57 - - [11/Dec/2013:14:51:09 +0100] "GET /images/bild1.png HTTP/1.1" 304 - "http://www.mbingenieure.de/" "Mozilla/5.0 (Windows NT 5.1; rv:25.0) Gecko/20100101 Firefox/25.0"
82.100.235.57 - - [11/Dec/2013:14:51:28 +0100] "GET /projekte.html HTTP/1.1" 200 7938 "http://www.google.de/url?sa=t&rct=j&q=&esrc=s&source=web&cd=4&ved=0CEsQjBAwAw&url=http%3A%2F%2Fwww.mbingenieure.de%2Fprojekte.html&ei=rW2oUviSHu7S4QTbyYGICw&usg=AFQjCNERVBFaKrXTbAzeHMTU8rxEP-iO9A&bvm=bv.57799294,d.bGE" "Mozilla/5.0 (Windows NT 5.1; rv:25.0) Gecko/20100101 Firefox/25.0"
82.100.235.57 - - [11/Dec/2013:14:51:28 +0100] "GET /images/0542a.png HTTP/1.1" 200 15693 "http://www.mbingenieure.de/projekte.html" "Mozilla/5.0 (Windows NT 5.1; rv:25.0) Gecko/20100101 Firefox/25.0"
82.100.235.57 - - [11/Dec/2013:14:51:28 +0100] "GET /images/0941a.png HTTP/1.1" 200 14217 "http://www.mbingenieure.de/projekte.html" "Mozilla/5.0 (Windows NT 5.1; rv:25.0) Gecko/20100101 Firefox/25.0"
82.100.235.57 - - [11/Dec/2013:14:51:28 +0100] "GET /images/0543a.png HTTP/1.1" 200 16618 "http://www.mbingenieure.de/projekte.html" "Mozilla/5.0 (Windows NT 5.1; rv:25.0) Gecko/20100101 Firefox/25.0"
82.100.235.57 - - [11/Dec/2013:14:51:28 +0100] "GET /images/0541a.png HTTP/1.1" 200 16258 "http://www.mbingenieure.de/projekte.html" "Mozilla/5.0 (Windows NT 5.1; rv:25.0) Gecko/20100101 Firefox/25.0"
141.8.147.12 - - [11/Dec/2013:19:52:26 +0100] "GET /robots.txt HTTP/1.1" 404 - "-" "Mozilla/5.0 (compatible; YandexBot/3.0; +http://yandex.com/bots)"
66.249.78.8 - - [12/Dec/2013:01:03:47 +0100] "GET /kontakt.html HTTP/1.1" 304 - "-" "Mozilla/5.0 (compatible; Googlebot/2.1; +http://www.google.com/bot.html)"
193.111.141.54 - - [12/Dec/2013:01:38:19 +0100] "GET /uns.html HTTP/1.1" 200 4398 "-" "Mozilla/5.0 (X11; Linux i686; rv:6.0) Gecko/20100101 Firefox/6.0"
176.57.141.254 - - [12/Dec/2013:01:38:19 +0100] "GET / HTTP/1.1" 200 4688 "-" "Mozilla/5.0 (X11; Linux i686; rv:6.0) Gecko/20100101 Firefox/6.0"
176.57.142.28 - - [12/Dec/2013:01:38:19 +0100] "GET /impressum.html HTTP/1.1" 200 5721 "-" "Mozilla/5.0 (X11; Linux i686; rv:6.0) Gecko/20100101 Firefox/6.0"
66.249.78.8 - - [12/Dec/2013:01:41:35 +0100] "GET /kontakt.html HTTP/1.1" 304 - "-" "SAMSUNG-SGH-E250/1.0 Profile/MIDP-2.0 Configuration/CLDC-1.1 UP.Browser/6.2.3.3.c.1.101 (GUI) MMP/2.0 (compatible; Googlebot-Mobile/2.1; +http://www.google.com/bot.html)"
66.249.78.8 - - [12/Dec/2013:01:41:41 +0100] "GET /impressum.html HTTP/1.1" 200 5721 "-" "Mozilla/5.0 (compatible; Googlebot/2.1; +http://www.google.com/bot.html)"
66.249.78.8 - - [12/Dec/2013:01:45:18 +0100] "GET /css/style.css HTTP/1.1" 200 2831 "-" "Mozilla/5.0 (compatible; Googlebot/2.1; +http://www.google.com/bot.html)"
141.8.147.12 - - [12/Dec/2013:02:05:52 +0100] "GET / HTTP/1.1" 200 4688 "-" "Mozilla/5.0 (compatible; YandexBot/3.0; +http://yandex.com/bots)"
66.249.78.8 - - [12/Dec/2013:02:59:10 +0100] "GET /robots.txt HTTP/1.1" 404 - "-" "Mozilla/5.0 (compatible; Googlebot/2.1; +http://www.google.com/bot.html)"
66.249.78.8 - - [12/Dec/2013:02:59:10 +0100] "GET /referenz.html HTTP/1.1" 200 10703 "-" "Mozilla/5.0 (compatible; Googlebot/2.1; +http://www.google.com/bot.html)"
66.249.78.8 - - [12/Dec/2013:03:50:07 +0100] "GET /projekte.html HTTP/1.1" 304 - "-" "Mozilla/5.0 (compatible; Googlebot/2.1; +http://www.google.com/bot.html)"
66.249.78.8 - - [12/Dec/2013:04:24:06 +0100] "GET /spektrum.html HTTP/1.1" 304 - "-" "Mozilla/5.0 (compatible; Googlebot/2.1; +http://www.google.com/bot.html)"
66.249.78.8 - - [12/Dec/2013:05:45:37 +0100] "GET /partner.html HTTP/1.1" 304 - "-" "Mozilla/5.0 (compatible; Googlebot/2.1; +http://www.google.com/bot.html)"
141.8.147.12 - - [12/Dec/2013:06:00:05 +0100] "GET /index.html HTTP/1.1" 200 4688 "-" "Mozilla/5.0 (compatible; YandexBot/3.0; +http://yandex.com/bots)"
141.8.147.12 - - [12/Dec/2013:06:47:28 +0100] "GET /referenz.html HTTP/1.1" 200 10703 "-" "Mozilla/5.0 (compatible; YandexBot/3.0; +http://yandex.com/bots)"
5.9.88.119 - - [12/Dec/2013:07:26:16 +0100] "GET /robots.txt HTTP/1.1" 404 - "-" "Mozilla/5.0 (compatible; Infohelfer/1.3.3; +http://www.infohelfer.de/crawler.php)"
5.9.88.119 - - [12/Dec/2013:07:26:16 +0100] "GET / HTTP/1.1" 200 4688 "-" "Mozilla/5.0 (compatible; Infohelfer/1.3.3; +http://www.infohelfer.de/crawler.php)"
62.224.79.206 - - [12/Dec/2013:10:57:15 +0100] "GET / HTTP/1.0" 200 4688 "-" "Mozilla/4.0 (compatible; MSIE 8.0; Windows NT 5.1; Trident/4.0; GTB7.5; AskTbORJ/5.15.23.36191; .NET CLR 2.0.50727; .NET CLR 3.0.4506.2152; .NET CLR 3.5.30729)"
62.224.79.206 - - [12/Dec/2013:10:57:15 +0100] "GET /css/style.css HTTP/1.0" 200 2831 "http://www.mbingenieure.de/" "Mozilla/4.0 (compatible; MSIE 8.0; Windows NT 5.1; Trident/4.0; GTB7.5; AskTbORJ/5.15.23.36191; .NET CLR 2.0.50727; .NET CLR 3.0.4506.2152; .NET CLR 3.5.30729)"
62.224.79.206 - - [12/Dec/2013:10:57:15 +0100] "GET /js/libs/modernizr-2.5.3.min.js HTTP/1.0" 200 15274 "http://www.mbingenieure.de/" "Mozilla/4.0 (compatible; MSIE 8.0; Windows NT 5.1; Trident/4.0; GTB7.5; AskTbORJ/5.15.23.36191; .NET CLR 2.0.50727; .NET CLR 3.0.4506.2152; .NET CLR 3.5.30729)"
62.224.79.206 - - [12/Dec/2013:10:57:15 +0100] "GET /images/footer.png HTTP/1.0" 200 1064 "http://www.mbingenieure.de/" "Mozilla/4.0 (compatible; MSIE 8.0; Windows NT 5.1; Trident/4.0; GTB7.5; AskTbORJ/5.15.23.36191; .NET CLR 2.0.50727; .NET CLR 3.0.4506.2152; .NET CLR 3.5.30729)"
62.224.79.206 - - [12/Dec/2013:10:57:16 +0100] "GET /images/logo.png HTTP/1.0" 200 16467 "http://www.mbingenieure.de/" "Mozilla/4.0 (compatible; MSIE 8.0; Windows NT 5.1; Trident/4.0; GTB7.5; AskTbORJ/5.15.23.36191; .NET CLR 2.0.50727; .NET CLR 3.0.4506.2152; .NET CLR 3.5.30729)"
62.224.79.206 - - [12/Dec/2013:10:57:16 +0100] "GET /images/bild1.png HTTP/1.0" 200 16301 "http://www.mbingenieure.de/" "Mozilla/4.0 (compatible; MSIE 8.0; Windows NT 5.1; Trident/4.0; GTB7.5; AskTbORJ/5.15.23.36191; .NET CLR 2.0.50727; .NET CLR 3.0.4506.2152; .NET CLR 3.5.30729)"
62.224.79.206 - - [12/Dec/2013:10:57:16 +0100] "GET /images/header.png HTTP/1.0" 200 1494 "http://www.mbingenieure.de/" "Mozilla/4.0 (compatible; MSIE 8.0; Windows NT 5.1; Trident/4.0; GTB7.5; AskTbORJ/5.15.23.36191; .NET CLR 2.0.50727; .NET CLR 3.0.4506.2152; .NET CLR 3.5.30729)"
62.224.79.206 - - [12/Dec/2013:10:57:16 +0100] "GET /images/navi.png HTTP/1.0" 200 946 "http://www.mbingenieure.de/" "Mozilla/4.0 (compatible; MSIE 8.0; Windows NT 5.1; Trident/4.0; GTB7.5; AskTbORJ/5.15.23.36191; .NET CLR 2.0.50727; .NET CLR 3.0.4506.2152; .NET CLR 3.5.30729)"
62.224.79.206 - - [12/Dec/2013:10:57:16 +0100] "GET /images/bild4.png HTTP/1.0" 200 65856 "http://www.mbingenieure.de/" "Mozilla/4.0 (compatible; MSIE 8.0; Windows NT 5.1; Trident/4.0; GTB7.5; AskTbORJ/5.15.23.36191; .NET CLR 2.0.50727; .NET CLR 3.0.4506.2152; .NET CLR 3.5.30729)"
62.224.79.206 - - [12/Dec/2013:10:57:16 +0100] "GET /js/plugins.js HTTP/1.0" 200 898 "http://www.mbingenieure.de/" "Mozilla/4.0 (compatible; MSIE 8.0; Windows NT 5.1; Trident/4.0; GTB7.5; AskTbORJ/5.15.23.36191; .NET CLR 2.0.50727; .NET CLR 3.0.4506.2152; .NET CLR 3.5.30729)"
62.224.79.206 - - [12/Dec/2013:10:57:16 +0100] "GET /images/bild2.png HTTP/1.0" 200 68475 "http://www.mbingenieure.de/" "Mozilla/4.0 (compatible; MSIE 8.0; Windows NT 5.1; Trident/4.0; GTB7.5; AskTbORJ/5.15.23.36191; .NET CLR 2.0.50727; .NET CLR 3.0.4506.2152; .NET CLR 3.5.30729)"
62.224.79.206 - - [12/Dec/2013:10:57:17 +0100] "GET /favicon.ico HTTP/1.0" 200 93062 "-" "Mozilla/4.0 (compatible; MSIE 8.0; Windows NT 5.1; Trident/4.0; GTB7.5; AskTbORJ/5.15.23.36191; .NET CLR 2.0.50727; .NET CLR 3.0.4506.2152; .NET CLR 3.5.30729)"
62.224.79.206 - - [12/Dec/2013:10:57:30 +0100] "GET /uns.html HTTP/1.0" 200 4398 "http://www.mbingenieure.de/" "Mozilla/4.0 (compatible; MSIE 8.0; Windows NT 5.1; Trident/4.0; GTB7.5; AskTbORJ/5.15.23.36191; .NET CLR 2.0.50727; .NET CLR 3.0.4506.2152; .NET CLR 3.5.30729)"
62.224.79.206 - - [12/Dec/2013:10:57:43 +0100] "GET /impressum.html HTTP/1.0" 200 5721 "http://www.mbingenieure.de/uns.html" "Mozilla/4.0 (compatible; MSIE 8.0; Windows NT 5.1; Trident/4.0; GTB7.5; AskTbORJ/5.15.23.36191; .NET CLR 2.0.50727; .NET CLR 3.0.4506.2152; .NET CLR 3.5.30729)"
62.224.79.206 - - [12/Dec/2013:10:58:07 +0100] "GET /spektrum.html HTTP/1.0" 200 4365 "http://www.mbingenieure.de/uns.html" "Mozilla/4.0 (compatible; MSIE 8.0; Windows NT 5.1; Trident/4.0; GTB7.5; AskTbORJ/5.15.23.36191; .NET CLR 2.0.50727; .NET CLR 3.0.4506.2152; .NET CLR 3.5.30729)"
62.224.79.206 - - [12/Dec/2013:10:58:12 +0100] "GET /kontakt.html HTTP/1.0" 200 4451 "http://www.mbingenieure.de/spektrum.html" "Mozilla/4.0 (compatible; MSIE 8.0; Windows NT 5.1; Trident/4.0; GTB7.5; AskTbORJ/5.15.23.36191; .NET CLR 2.0.50727; .NET CLR 3.0.4506.2152; .NET CLR 3.5.30729)"
84.159.204.212 - - [12/Dec/2013:11:24:37 +0100] "GET / HTTP/1.1" 200 4688 "http://www.google.de/url?sa=t&rct=j&q=&esrc=s&source=web&cd=1&ved=0CDEQFjAA&url=http%3A%2F%2Fwww.mbingenieure.de%2F&ei=tI6pUqGoAojMtQbMqYCwCQ&usg=AFQjCNEyLqXMZj9hDUfmjIo04GBdDmaXCQ&bvm=bv.57967247,d.Yms" "Mozilla/5.0 (Windows NT 6.1; WOW64; rv:26.0) Gecko/20100101 Firefox/26.0"
84.159.204.212 - - [12/Dec/2013:11:24:37 +0100] "GET /css/style.css HTTP/1.1" 200 2831 "http://www.mbingenieure.de/" "Mozilla/5.0 (Windows NT 6.1; WOW64; rv:26.0) Gecko/20100101 Firefox/26.0"
84.159.204.212 - - [12/Dec/2013:11:24:37 +0100] "GET /js/libs/modernizr-2.5.3.min.js HTTP/1.1" 200 15274 "http://www.mbingenieure.de/" "Mozilla/5.0 (Windows NT 6.1; WOW64; rv:26.0) Gecko/20100101 Firefox/26.0"
84.159.204.212 - - [12/Dec/2013:11:24:37 +0100] "GET /js/plugins.js HTTP/1.1" 200 898 "http://www.mbingenieure.de/" "Mozilla/5.0 (Windows NT 6.1; WOW64; rv:26.0) Gecko/20100101 Firefox/26.0"
84.159.204.212 - - [12/Dec/2013:11:24:37 +0100] "GET /images/logo.png HTTP/1.1" 200 16467 "http://www.mbingenieure.de/" "Mozilla/5.0 (Windows NT 6.1; WOW64; rv:26.0) Gecko/20100101 Firefox/26.0"
84.159.204.212 - - [12/Dec/2013:11:24:37 +0100] "GET /images/bild1.png HTTP/1.1" 200 16301 "http://www.mbingenieure.de/" "Mozilla/5.0 (Windows NT 6.1; WOW64; rv:26.0) Gecko/20100101 Firefox/26.0"
84.159.204.212 - - [12/Dec/2013:11:24:37 +0100] "GET /images/bild2.png HTTP/1.1" 200 68475 "http://www.mbingenieure.de/" "Mozilla/5.0 (Windows NT 6.1; WOW64; rv:26.0) Gecko/20100101 Firefox/26.0"
84.159.204.212 - - [12/Dec/2013:11:24:37 +0100] "GET /images/bild4.png HTTP/1.1" 200 65856 "http://www.mbingenieure.de/" "Mozilla/5.0 (Windows NT 6.1; WOW64; rv:26.0) Gecko/20100101 Firefox/26.0"
84.159.204.212 - - [12/Dec/2013:11:24:37 +0100] "GET /images/footer.png HTTP/1.1" 200 1064 "http://www.mbingenieure.de/css/style.css" "Mozilla/5.0 (Windows NT 6.1; WOW64; rv:26.0) Gecko/20100101 Firefox/26.0"
84.159.204.212 - - [12/Dec/2013:11:24:37 +0100] "GET /images/header.png HTTP/1.1" 200 1494 "http://www.mbingenieure.de/css/style.css" "Mozilla/5.0 (Windows NT 6.1; WOW64; rv:26.0) Gecko/20100101 Firefox/26.0"
84.159.204.212 - - [12/Dec/2013:11:24:37 +0100] "GET /images/navi.png HTTP/1.1" 200 946 "http://www.mbingenieure.de/css/style.css" "Mozilla/5.0 (Windows NT 6.1; WOW64; rv:26.0) Gecko/20100101 Firefox/26.0"
84.159.204.212 - - [12/Dec/2013:11:24:39 +0100] "GET /favicon.ico HTTP/1.1" 200 93062 "-" "Mozilla/5.0 (Windows NT 6.1; WOW64; rv:26.0) Gecko/20100101 Firefox/26.0"
157.55.33.30 - - [12/Dec/2013:13:13:05 +0100] "GET /robots.txt HTTP/1.1" 404 - "-" "Mozilla/5.0 (compatible; bingbot/2.0; +http://www.bing.com/bingbot.htm)"
157.55.33.30 - - [12/Dec/2013:13:13:45 +0100] "GET / HTTP/1.1" 200 4688 "-" "Mozilla/5.0 (compatible; bingbot/2.0; +http://www.bing.com/bingbot.htm)"
141.8.147.12 - - [12/Dec/2013:14:14:38 +0100] "GET /robots.txt HTTP/1.1" 404 - "-" "Mozilla/5.0 (compatible; YandexBot/3.0; +http://yandex.com/bots)"
141.8.147.12 - - [12/Dec/2013:14:17:12 +0100] "GET /projekte.html HTTP/1.1" 200 7938 "-" "Mozilla/5.0 (compatible; YandexBot/3.0; +http://yandex.com/bots)"
66.249.78.8 - - [12/Dec/2013:15:29:44 +0100] "GET /robots.txt HTTP/1.1" 404 - "-" "Mozilla/5.0 (compatible; Googlebot/2.1; +http://www.google.com/bot.html)"
66.249.78.8 - - [12/Dec/2013:15:29:44 +0100] "GET /spektrum.html HTTP/1.1" 304 - "-" "Mozilla/5.0 (iPhone; CPU iPhone OS 6_0 like Mac OS X) AppleWebKit/536.26 (KHTML, like Gecko) Version/6.0 Mobile/10A5376e Safari/8536.25 (compatible; Googlebot-Mobile/2.1; +http://www.google.com/bot.html)"
5.199.136.130 - - [12/Dec/2013:18:54:00 +0100] "GET /robots.txt HTTP/1.1" 404 - "-" "Mozilla/5.0 (compatible; waybackarchive.org/1.0; +spider@waybackarchive.org)"
5.199.136.130 - - [12/Dec/2013:18:54:00 +0100] "GET /images/63a.png HTTP/1.1" 404 - "-" "Mozilla/5.0 (compatible; waybackarchive.org/1.0; +spider@waybackarchive.org)"
5.199.136.130 - - [12/Dec/2013:19:28:12 +0100] "GET /robots.txt HTTP/1.1" 404 - "-" "Mozilla/5.0 (compatible; waybackarchive.org/1.0; +spider@waybackarchive.org)"
5.199.136.130 - - [12/Dec/2013:19:28:12 +0100] "GET /images/60a.png HTTP/1.1" 404 - "-" "Mozilla/5.0 (compatible; waybackarchive.org/1.0; +spider@waybackarchive.org)"
217.172.189.42 - - [12/Dec/2013:19:54:17 +0100] "GET /robots.txt HTTP/1.1" 404 - "-" "Mozilla/5.0 (compatible; waybackarchive.org/1.0; +spider@waybackarchive.org)"
217.172.189.42 - - [12/Dec/2013:19:54:17 +0100] "GET /images/18a.png HTTP/1.1" 404 - "-" "Mozilla/5.0 (compatible; waybackarchive.org/1.0; +spider@waybackarchive.org)"
217.172.189.42 - - [12/Dec/2013:20:41:53 +0100] "GET /robots.txt HTTP/1.1" 404 - "-" "Mozilla/5.0 (compatible; waybackarchive.org/1.0; +spider@waybackarchive.org)"
217.172.189.42 - - [12/Dec/2013:20:41:53 +0100] "GET /images/bruehla.png HTTP/1.1" 404 - "-" "Mozilla/5.0 (compatible; waybackarchive.org/1.0; +spider@waybackarchive.org)"
157.55.32.84 - - [12/Dec/2013:21:11:12 +0100] "GET /robots.txt HTTP/1.1" 404 - "-" "Mozilla/5.0 (compatible; bingbot/2.0; +http://www.bing.com/bingbot.htm)"
