87.193.220.170 - - [25/Jul/2013:14:29:34 +0200] "GET /images/bild2.png HTTP/1.1" 200 68475 "http://www.mbingenieure.de/" "Mozilla/5.0 (Windows NT 6.0; rv:22.0) Gecko/20100101 Firefox/22.0"
87.193.220.170 - - [25/Jul/2013:14:29:35 +0200] "GET /js/plugins.js HTTP/1.1" 200 898 "http://www.mbingenieure.de/" "Mozilla/5.0 (Windows NT 6.0; rv:22.0) Gecko/20100101 Firefox/22.0"
87.193.220.170 - - [25/Jul/2013:14:29:35 +0200] "GET /favicon.ico HTTP/1.1" 200 93062 "-" "Mozilla/5.0 (Windows NT 6.0; rv:22.0) Gecko/20100101 Firefox/22.0"
87.193.220.170 - - [25/Jul/2013:14:29:53 +0200] "GET /spektrum.html HTTP/1.1" 200 4365 "http://www.mbingenieure.de/" "Mozilla/5.0 (Windows NT 6.0; rv:22.0) Gecko/20100101 Firefox/22.0"
87.193.220.170 - - [25/Jul/2013:14:30:03 +0200] "GET /referenz.html HTTP/1.1" 200 10703 "http://www.mbingenieure.de/spektrum.html" "Mozilla/5.0 (Windows NT 6.0; rv:22.0) Gecko/20100101 Firefox/22.0"
87.193.220.170 - - [25/Jul/2013:14:30:13 +0200] "GET /kontakt.html HTTP/1.1" 200 4451 "http://www.mbingenieure.de/referenz.html" "Mozilla/5.0 (Windows NT 6.0; rv:22.0) Gecko/20100101 Firefox/22.0"
87.193.220.170 - - [25/Jul/2013:14:30:15 +0200] "GET /impressum.html HTTP/1.1" 200 5721 "http://www.mbingenieure.de/kontakt.html" "Mozilla/5.0 (Windows NT 6.0; rv:22.0) Gecko/20100101 Firefox/22.0"
87.193.220.170 - - [25/Jul/2013:14:30:18 +0200] "GET /partner.html HTTP/1.1" 200 4401 "http://www.mbingenieure.de/impressum.html" "Mozilla/5.0 (Windows NT 6.0; rv:22.0) Gecko/20100101 Firefox/22.0"
87.193.220.170 - - [25/Jul/2013:14:30:24 +0200] "GET /uns.html HTTP/1.1" 200 4398 "http://www.mbingenieure.de/spektrum.html" "Mozilla/5.0 (Windows NT 6.0; rv:22.0) Gecko/20100101 Firefox/22.0"
5.10.83.7 - - [25/Jul/2013:14:30:39 +0200] "GET /referenz.html HTTP/1.1" 200 10703 "-" "Mozilla/5.0 (compatible; AhrefsBot/5.0; +http://ahrefs.com/robot/)"
87.193.220.170 - - [25/Jul/2013:14:30:42 +0200] "GET /index.html HTTP/1.1" 200 4688 "http://www.mbingenieure.de/uns.html" "Mozilla/5.0 (Windows NT 6.0; rv:22.0) Gecko/20100101 Firefox/22.0"
150.70.97.113 - - [25/Jul/2013:14:31:32 +0200] "GET /js/plugins.js HTTP/1.1" 200 898 "-" "Mozilla/4.0 (compatible; MSIE 8.0; Windows NT 5.1; Trident/4.0)"
150.70.97.115 - - [25/Jul/2013:14:31:36 +0200] "GET /js/libs/modernizr-2.5.3.min.js HTTP/1.1" 200 15274 "-" "Mozilla/4.0 (compatible; MSIE 8.0; Windows NT 5.1; Trident/4.0)"
150.70.75.31 - - [25/Jul/2013:14:32:25 +0200] "GET / HTTP/1.0" 200 4688 "-" "Mozilla/4.0 (compatible; MSIE 6.0; Windows NT 5.1)"
5.10.83.7 - - [25/Jul/2013:14:45:28 +0200] "GET /uns.html HTTP/1.1" 200 4398 "-" "Mozilla/5.0 (compatible; AhrefsBot/5.0; +http://ahrefs.com/robot/)"
150.70.75.35 - - [25/Jul/2013:14:52:47 +0200] "GET /js/libs/modernizr-2.5.3.min.js HTTP/1.0" 200 15274 "-" "Mozilla/4.0 (compatible; MSIE 6.0; Windows NT 5.1)"
5.10.83.7 - - [25/Jul/2013:15:08:27 +0200] "GET /partner.html HTTP/1.1" 200 4401 "-" "Mozilla/5.0 (compatible; AhrefsBot/5.0; +http://ahrefs.com/robot/)"
5.10.83.7 - - [25/Jul/2013:15:27:21 +0200] "GET /impressum.html HTTP/1.1" 200 5721 "-" "Mozilla/5.0 (compatible; AhrefsBot/5.0; +http://ahrefs.com/robot/)"
5.10.83.7 - - [25/Jul/2013:15:28:55 +0200] "GET /index.html HTTP/1.1" 200 4688 "-" "Mozilla/5.0 (compatible; AhrefsBot/5.0; +http://ahrefs.com/robot/)"
178.77.126.55 - - [25/Jul/2013:15:29:07 +0200] "GET /robots.txt HTTP/1.1" 404 - "-" "Mozilla/5.0 (compatible; CareerBot/1.1; +http://www.career-x.de/bot.html)"
178.77.126.55 - - [25/Jul/2013:15:29:07 +0200] "GET / HTTP/1.1" 200 4688 "-" "Mozilla/5.0 (compatible; CareerBot/1.1; +http://www.career-x.de/bot.html)"
178.77.126.55 - - [25/Jul/2013:15:29:07 +0200] "GET /uns.html HTTP/1.1" 200 4398 "-" "Mozilla/5.0 (compatible; CareerBot/1.1; +http://www.career-x.de/bot.html)"
5.10.83.7 - - [25/Jul/2013:15:43:35 +0200] "GET /spektrum.html HTTP/1.1" 200 4365 "-" "Mozilla/5.0 (compatible; AhrefsBot/5.0; +http://ahrefs.com/robot/)"
150.70.75.212 - - [25/Jul/2013:17:03:28 +0200] "GET / HTTP/1.1" 200 4688 "-" "Mozilla/4.0 (compatible; MSIE 8.0; Windows NT 5.1; Trident/4.0)"
65.55.213.43 - - [25/Jul/2013:18:26:20 +0200] "GET /impressum.html HTTP/1.1" 200 5721 "-" "Mozilla/4.0 (compatible; MSIE 7.0; Windows NT 5.1; SV1; .NET CLR 1.1.4322; .NET CLR 2.0.40607; .NET CLR 3.0.30729)"
65.55.213.43 - - [25/Jul/2013:18:26:21 +0200] "GET /css/style.css HTTP/1.1" 200 2831 "http://www.mbingenieure.de/impressum.html" "Mozilla/4.0 (compatible; MSIE 7.0; Windows NT 5.1; SV1; .NET CLR 1.1.4322; .NET CLR 2.0.40607; .NET CLR 3.0.30729)"
65.55.213.43 - - [25/Jul/2013:18:26:21 +0200] "GET /js/libs/modernizr-2.5.3.min.js HTTP/1.1" 200 15274 "http://www.mbingenieure.de/impressum.html" "Mozilla/4.0 (compatible; MSIE 7.0; Windows NT 5.1; SV1; .NET CLR 1.1.4322; .NET CLR 2.0.40607; .NET CLR 3.0.30729)"
65.55.213.43 - - [25/Jul/2013:18:26:25 +0200] "GET /js/plugins.js HTTP/1.1" 200 898 "http://www.mbingenieure.de/impressum.html" "Mozilla/4.0 (compatible; MSIE 7.0; Windows NT 5.1; SV1; .NET CLR 1.1.4322; .NET CLR 2.0.40607; .NET CLR 3.0.30729)"
5.10.83.19 - - [25/Jul/2013:20:31:08 +0200] "GET /impressum.html HTTP/1.1" 200 5721 "-" "Mozilla/5.0 (compatible; AhrefsBot/5.0; +http://ahrefs.com/robot/)"
5.10.83.19 - - [25/Jul/2013:20:33:13 +0200] "GET /spektrum.html HTTP/1.1" 200 4365 "-" "Mozilla/5.0 (compatible; AhrefsBot/5.0; +http://ahrefs.com/robot/)"
5.10.83.19 - - [25/Jul/2013:20:36:22 +0200] "GET /uns.html HTTP/1.1" 200 4398 "-" "Mozilla/5.0 (compatible; AhrefsBot/5.0; +http://ahrefs.com/robot/)"
5.10.83.19 - - [25/Jul/2013:21:29:51 +0200] "GET /referenz.html HTTP/1.1" 200 10703 "-" "Mozilla/5.0 (compatible; AhrefsBot/5.0; +http://ahrefs.com/robot/)"
5.10.83.19 - - [25/Jul/2013:22:19:17 +0200] "GET /index.html HTTP/1.1" 200 4688 "-" "Mozilla/5.0 (compatible; AhrefsBot/5.0; +http://ahrefs.com/robot/)"
5.10.83.19 - - [25/Jul/2013:22:59:21 +0200] "GET /partner.html HTTP/1.1" 200 4401 "-" "Mozilla/5.0 (compatible; AhrefsBot/5.0; +http://ahrefs.com/robot/)"
5.10.83.19 - - [25/Jul/2013:23:11:29 +0200] "GET /kontakt.html HTTP/1.1" 200 4451 "-" "Mozilla/5.0 (compatible; AhrefsBot/5.0; +http://ahrefs.com/robot/)"
66.249.72.201 - - [26/Jul/2013:01:19:25 +0200] "GET /robots.txt HTTP/1.1" 404 - "-" "Mozilla/5.0 (compatible; Googlebot/2.1; +http://www.google.com/bot.html)"
66.249.72.201 - - [26/Jul/2013:01:19:25 +0200] "GET / HTTP/1.1" 200 4688 "-" "Mozilla/5.0 (iPhone; U; CPU iPhone OS 4_1 like Mac OS X; en-us) AppleWebKit/532.9 (KHTML, like Gecko) Version/4.0.5 Mobile/8B117 Safari/6531.22.7 (compatible; Googlebot-Mobile/2.1; +http://www.google.com/bot.html)"
5.10.83.57 - - [26/Jul/2013:01:23:26 +0200] "GET /impressum.html HTTP/1.1" 200 5721 "-" "Mozilla/5.0 (compatible; AhrefsBot/5.0; +http://ahrefs.com/robot/)"
150.70.75.212 - - [26/Jul/2013:01:23:57 +0200] "GET / HTTP/1.1" 200 4688 "-" "Mozilla/4.0 (compatible; MSIE 8.0; Windows NT 5.1; Trident/4.0)"
141.8.147.12 - - [26/Jul/2013:01:54:52 +0200] "GET /robots.txt HTTP/1.1" 404 - "-" "Mozilla/5.0 (compatible; YandexBot/3.0; +http://yandex.com/bots)"
5.10.83.57 - - [26/Jul/2013:02:00:26 +0200] "GET / HTTP/1.1" 200 4688 "-" "Mozilla/5.0 (compatible; AhrefsBot/5.0; +http://ahrefs.com/robot/)"
66.249.72.201 - - [26/Jul/2013:02:35:08 +0200] "GET /partner.html HTTP/1.1" 304 - "-" "Mozilla/5.0 (iPhone; U; CPU iPhone OS 4_1 like Mac OS X; en-us) AppleWebKit/532.9 (KHTML, like Gecko) Version/4.0.5 Mobile/8B117 Safari/6531.22.7 (compatible; Googlebot-Mobile/2.1; +http://www.google.com/bot.html)"
5.10.83.57 - - [26/Jul/2013:02:57:20 +0200] "GET /uns.html HTTP/1.1" 200 4398 "-" "Mozilla/5.0 (compatible; AhrefsBot/5.0; +http://ahrefs.com/robot/)"
5.10.83.57 - - [26/Jul/2013:03:14:04 +0200] "GET /index.html HTTP/1.1" 200 4688 "-" "Mozilla/5.0 (compatible; AhrefsBot/5.0; +http://ahrefs.com/robot/)"
5.10.83.57 - - [26/Jul/2013:03:16:07 +0200] "GET /projekte.html HTTP/1.1" 200 8297 "-" "Mozilla/5.0 (compatible; AhrefsBot/5.0; +http://ahrefs.com/robot/)"
5.10.83.84 - - [26/Jul/2013:06:21:44 +0200] "GET /index.html HTTP/1.1" 200 4688 "-" "Mozilla/5.0 (compatible; AhrefsBot/5.0; +http://ahrefs.com/robot/)"
5.10.83.84 - - [26/Jul/2013:07:09:26 +0200] "GET /projekte.html HTTP/1.1" 200 8297 "-" "Mozilla/5.0 (compatible; AhrefsBot/5.0; +http://ahrefs.com/robot/)"
5.10.83.84 - - [26/Jul/2013:07:15:27 +0200] "GET /spektrum.html HTTP/1.1" 200 4365 "-" "Mozilla/5.0 (compatible; AhrefsBot/5.0; +http://ahrefs.com/robot/)"
5.10.83.84 - - [26/Jul/2013:07:36:12 +0200] "GET /uns.html HTTP/1.1" 200 4398 "-" "Mozilla/5.0 (compatible; AhrefsBot/5.0; +http://ahrefs.com/robot/)"
141.8.147.12 - - [26/Jul/2013:08:30:58 +0200] "GET / HTTP/1.1" 200 4688 "-" "Mozilla/5.0 (compatible; YandexBot/3.0; +http://yandex.com/bots)"
5.10.83.84 - - [26/Jul/2013:08:52:30 +0200] "GET /referenz.html HTTP/1.1" 200 10703 "-" "Mozilla/5.0 (compatible; AhrefsBot/5.0; +http://ahrefs.com/robot/)"
66.249.72.201 - - [26/Jul/2013:09:54:06 +0200] "GET /referenz.html HTTP/1.1" 304 - "-" "Mozilla/5.0 (iPhone; U; CPU iPhone OS 4_1 like Mac OS X; en-us) AppleWebKit/532.9 (KHTML, like Gecko) Version/4.0.5 Mobile/8B117 Safari/6531.22.7 (compatible; Googlebot-Mobile/2.1; +http://www.google.com/bot.html)"
141.8.147.12 - - [26/Jul/2013:10:18:23 +0200] "GET /robots.txt HTTP/1.1" 404 - "-" "Mozilla/5.0 (compatible; YandexBot/3.0; +http://yandex.com/bots)"
217.17.206.52 - - [26/Jul/2013:11:26:37 +0200] "GET / HTTP/1.1" 200 4688 "http://www.google.de/url?sa=t&rct=j&q=mb%20ingenieure&source=web&cd=1&ved=0CDAQFjAA&url=http%3A%2F%2Fwww.mbingenieure.de%2F&ei=jUDyUevAGY_FswbW-ICwBg&usg=AFQjCNEyLqXMZj9hDUfmjIo04GBdDmaXCQ&bvm=bv.49784469,d.Yms" "Mozilla/5.0 (Windows NT 6.1; rv:22.0) Gecko/20100101 Firefox/22.0"
217.17.206.52 - - [26/Jul/2013:11:26:38 +0200] "GET /css/style.css HTTP/1.1" 200 2831 "http://www.mbingenieure.de/" "Mozilla/5.0 (Windows NT 6.1; rv:22.0) Gecko/20100101 Firefox/22.0"
217.17.206.52 - - [26/Jul/2013:11:26:38 +0200] "GET /js/libs/modernizr-2.5.3.min.js HTTP/1.1" 200 15274 "http://www.mbingenieure.de/" "Mozilla/5.0 (Windows NT 6.1; rv:22.0) Gecko/20100101 Firefox/22.0"
217.17.206.52 - - [26/Jul/2013:11:26:38 +0200] "GET /images/logo.png HTTP/1.1" 200 16467 "http://www.mbingenieure.de/" "Mozilla/5.0 (Windows NT 6.1; rv:22.0) Gecko/20100101 Firefox/22.0"
217.17.206.52 - - [26/Jul/2013:11:26:38 +0200] "GET /js/plugins.js HTTP/1.1" 200 898 "http://www.mbingenieure.de/" "Mozilla/5.0 (Windows NT 6.1; rv:22.0) Gecko/20100101 Firefox/22.0"
217.17.206.52 - - [26/Jul/2013:11:26:38 +0200] "GET /images/bild1.png HTTP/1.1" 200 15538 "http://www.mbingenieure.de/" "Mozilla/5.0 (Windows NT 6.1; rv:22.0) Gecko/20100101 Firefox/22.0"
217.17.206.52 - - [26/Jul/2013:11:26:39 +0200] "GET /images/footer.png HTTP/1.1" 200 1064 "http://www.mbingenieure.de/css/style.css" "Mozilla/5.0 (Windows NT 6.1; rv:22.0) Gecko/20100101 Firefox/22.0"
217.17.206.52 - - [26/Jul/2013:11:26:39 +0200] "GET /images/header.png HTTP/1.1" 200 1494 "http://www.mbingenieure.de/css/style.css" "Mozilla/5.0 (Windows NT 6.1; rv:22.0) Gecko/20100101 Firefox/22.0"
217.17.206.52 - - [26/Jul/2013:11:26:39 +0200] "GET /images/navi.png HTTP/1.1" 200 946 "http://www.mbingenieure.de/css/style.css" "Mozilla/5.0 (Windows NT 6.1; rv:22.0) Gecko/20100101 Firefox/22.0"
217.17.206.52 - - [26/Jul/2013:11:26:38 +0200] "GET /images/bild2.png HTTP/1.1" 200 68475 "http://www.mbingenieure.de/" "Mozilla/5.0 (Windows NT 6.1; rv:22.0) Gecko/20100101 Firefox/22.0"
217.17.206.52 - - [26/Jul/2013:11:26:38 +0200] "GET /images/bild4.png HTTP/1.1" 200 65856 "http://www.mbingenieure.de/" "Mozilla/5.0 (Windows NT 6.1; rv:22.0) Gecko/20100101 Firefox/22.0"
217.17.206.52 - - [26/Jul/2013:11:26:39 +0200] "GET /favicon.ico HTTP/1.1" 200 93062 "-" "Mozilla/5.0 (Windows NT 6.1; rv:22.0) Gecko/20100101 Firefox/22.0"
62.246.117.85 - - [26/Jul/2013:11:53:41 +0200] "GET / HTTP/1.1" 200 4688 "http://www.google.de/url?sa=t&rct=j&q=mb%20ingenieure&source=web&cd=1&sqi=2&ved=0CDAQFjAA&url=http%3A%2F%2Fwww.mbingenieure.de%2F&ei=40byUaC7Oonk4QTIpYDQAQ&usg=AFQjCNEyLqXMZj9hDUfmjIo04GBdDmaXCQ&bvm=bv.49784469,d.bGE" "Mozilla/5.0 (compatible; MSIE 9.0; Windows NT 6.1; Trident/5.0)"
62.246.117.85 - - [26/Jul/2013:11:53:42 +0200] "GET /css/style.css HTTP/1.1" 200 2831 "http://www.mbingenieure.de/" "Mozilla/5.0 (compatible; MSIE 9.0; Windows NT 6.1; Trident/5.0)"
62.246.117.85 - - [26/Jul/2013:11:53:42 +0200] "GET /images/logo.png HTTP/1.1" 200 16467 "http://www.mbingenieure.de/" "Mozilla/5.0 (compatible; MSIE 9.0; Windows NT 6.1; Trident/5.0)"
62.246.117.85 - - [26/Jul/2013:11:53:42 +0200] "GET /js/libs/modernizr-2.5.3.min.js HTTP/1.1" 200 15274 "http://www.mbingenieure.de/" "Mozilla/5.0 (compatible; MSIE 9.0; Windows NT 6.1; Trident/5.0)"
62.246.117.85 - - [26/Jul/2013:11:53:42 +0200] "GET /images/footer.png HTTP/1.1" 200 1064 "http://www.mbingenieure.de/" "Mozilla/5.0 (compatible; MSIE 9.0; Windows NT 6.1; Trident/5.0)"
62.246.117.85 - - [26/Jul/2013:11:53:42 +0200] "GET /images/bild1.png HTTP/1.1" 200 15538 "http://www.mbingenieure.de/" "Mozilla/5.0 (compatible; MSIE 9.0; Windows NT 6.1; Trident/5.0)"
62.246.117.85 - - [26/Jul/2013:11:53:42 +0200] "GET /js/plugins.js HTTP/1.1" 200 898 "http://www.mbingenieure.de/" "Mozilla/5.0 (compatible; MSIE 9.0; Windows NT 6.1; Trident/5.0)"
62.246.117.85 - - [26/Jul/2013:11:53:42 +0200] "GET /images/bild2.png HTTP/1.1" 200 68475 "http://www.mbingenieure.de/" "Mozilla/5.0 (compatible; MSIE 9.0; Windows NT 6.1; Trident/5.0)"
62.246.117.85 - - [26/Jul/2013:11:53:42 +0200] "GET /images/bild4.png HTTP/1.1" 200 65856 "http://www.mbingenieure.de/" "Mozilla/5.0 (compatible; MSIE 9.0; Windows NT 6.1; Trident/5.0)"
62.246.117.85 - - [26/Jul/2013:11:53:42 +0200] "GET /images/header.png HTTP/1.1" 200 1494 "http://www.mbingenieure.de/" "Mozilla/5.0 (compatible; MSIE 9.0; Windows NT 6.1; Trident/5.0)"
62.246.117.85 - - [26/Jul/2013:11:53:42 +0200] "GET /images/navi.png HTTP/1.1" 200 946 "http://www.mbingenieure.de/" "Mozilla/5.0 (compatible; MSIE 9.0; Windows NT 6.1; Trident/5.0)"
62.246.117.85 - - [26/Jul/2013:11:53:42 +0200] "GET /favicon.ico HTTP/1.1" 200 93062 "-" "Mozilla/5.0 (compatible; MSIE 9.0; Windows NT 6.1; Trident/5.0)"
62.246.117.85 - - [26/Jul/2013:11:53:50 +0200] "GET /impressum.html HTTP/1.1" 200 5721 "http://www.mbingenieure.de/" "Mozilla/5.0 (compatible; MSIE 9.0; Windows NT 6.1; Trident/5.0)"
66.249.72.201 - - [26/Jul/2013:12:47:46 +0200] "GET / HTTP/1.1" 200 4688 "-" "Mozilla/5.0 (compatible; Googlebot/2.1; +http://www.google.com/bot.html)"
66.249.72.201 - - [26/Jul/2013:12:51:11 +0200] "GET /css/style.css HTTP/1.1" 200 2831 "-" "Mozilla/5.0 (compatible; Googlebot/2.1; +http://www.google.com/bot.html)"
5.10.83.85 - - [26/Jul/2013:14:00:27 +0200] "GET / HTTP/1.1" 200 4688 "-" "Mozilla/5.0 (compatible; AhrefsBot/5.0; +http://ahrefs.com/robot/)"
5.10.83.85 - - [26/Jul/2013:14:56:22 +0200] "GET /partner.html HTTP/1.1" 200 4401 "-" "Mozilla/5.0 (compatible; AhrefsBot/5.0; +http://ahrefs.com/robot/)"
66.249.72.201 - - [26/Jul/2013:15:40:12 +0200] "GET /robots.txt HTTP/1.1" 404 - "-" "Mozilla/5.0 (compatible; Googlebot/2.1; +http://www.google.com/bot.html)"
5.10.83.85 - - [26/Jul/2013:16:11:43 +0200] "GET /kontakt.html HTTP/1.1" 200 4451 "-" "Mozilla/5.0 (compatible; AhrefsBot/5.0; +http://ahrefs.com/robot/)"
5.10.83.85 - - [26/Jul/2013:16:18:00 +0200] "GET /index.html HTTP/1.1" 200 4688 "-" "Mozilla/5.0 (compatible; AhrefsBot/5.0; +http://ahrefs.com/robot/)"
5.10.83.85 - - [26/Jul/2013:16:33:01 +0200] "GET /uns.html HTTP/1.1" 200 4398 "-" "Mozilla/5.0 (compatible; AhrefsBot/5.0; +http://ahrefs.com/robot/)"
141.8.147.12 - - [26/Jul/2013:17:52:19 +0200] "GET /robots.txt HTTP/1.1" 404 - "-" "Mozilla/5.0 (compatible; YandexBot/3.0; +http://yandex.com/bots)"
141.8.147.12 - - [26/Jul/2013:17:52:23 +0200] "GET /images/bild2.png HTTP/1.1" 304 - "-" "Mozilla/5.0 (compatible; YandexImages/3.0; +http://yandex.com/bots)"
141.8.147.12 - - [26/Jul/2013:20:47:16 +0200] "GET /images/logo.png HTTP/1.1" 304 - "-" "Mozilla/5.0 (compatible; YandexImages/3.0; +http://yandex.com/bots)"
5.10.83.62 - - [26/Jul/2013:21:12:05 +0200] "GET /projekte.html HTTP/1.1" 200 8297 "-" "Mozilla/5.0 (compatible; AhrefsBot/5.0; +http://ahrefs.com/robot/)"
141.8.147.12 - - [26/Jul/2013:21:48:11 +0200] "GET /images/63a.png HTTP/1.1" 304 - "-" "Mozilla/5.0 (compatible; YandexImages/3.0; +http://yandex.com/bots)"
5.10.83.62 - - [26/Jul/2013:22:12:13 +0200] "GET /spektrum.html HTTP/1.1" 200 4365 "-" "Mozilla/5.0 (compatible; AhrefsBot/5.0; +http://ahrefs.com/robot/)"
141.8.147.12 - - [26/Jul/2013:22:25:01 +0200] "GET /images/60a.png HTTP/1.1" 304 - "-" "Mozilla/5.0 (compatible; YandexImages/3.0; +http://yandex.com/bots)"
5.10.83.62 - - [26/Jul/2013:22:30:44 +0200] "GET /impressum.html HTTP/1.1" 200 5721 "-" "Mozilla/5.0 (compatible; AhrefsBot/5.0; +http://ahrefs.com/robot/)"
141.8.147.12 - - [26/Jul/2013:22:38:56 +0200] "GET /images/0941a.png HTTP/1.1" 304 - "-" "Mozilla/5.0 (compatible; YandexImages/3.0; +http://yandex.com/bots)"
141.8.147.12 - - [26/Jul/2013:23:44:24 +0200] "GET /images/5a.png HTTP/1.1" 304 - "-" "Mozilla/5.0 (compatible; YandexImages/3.0; +http://yandex.com/bots)"
141.8.147.12 - - [27/Jul/2013:00:05:39 +0200] "GET /images/bruehla.png HTTP/1.1" 304 - "-" "Mozilla/5.0 (compatible; YandexImages/3.0; +http://yandex.com/bots)"
5.10.83.62 - - [27/Jul/2013:00:11:23 +0200] "GET /uns.html HTTP/1.1" 200 4398 "-" "Mozilla/5.0 (compatible; AhrefsBot/5.0; +http://ahrefs.com/robot/)"
131.253.24.75 - - [27/Jul/2013:00:31:05 +0200] "GET /impressum.html HTTP/1.1" 200 5721 "-" "Mozilla/4.0 (compatible; MSIE 7.0; Windows NT 5.2; SLCC1; .NET CLR 1.1.4325; .NET CLR 2.0.50727; .NET CLR 3.0.04506.648)"
131.253.24.75 - - [27/Jul/2013:00:31:05 +0200] "GET /js/libs/modernizr-2.5.3.min.js HTTP/1.1" 200 15274 "http://www.mbingenieure.de/impressum.html" "Mozilla/4.0 (compatible; MSIE 7.0; Windows NT 5.2; SLCC1; .NET CLR 1.1.4325; .NET CLR 2.0.50727; .NET CLR 3.0.04506.648)"
131.253.24.75 - - [27/Jul/2013:00:31:05 +0200] "GET /css/style.css HTTP/1.1" 200 2831 "http://www.mbingenieure.de/impressum.html" "Mozilla/4.0 (compatible; MSIE 7.0; Windows NT 5.2; SLCC1; .NET CLR 1.1.4325; .NET CLR 2.0.50727; .NET CLR 3.0.04506.648)"
131.253.24.75 - - [27/Jul/2013:00:31:08 +0200] "GET /js/plugins.js HTTP/1.1" 200 898 "http://www.mbingenieure.de/impressum.html" "Mozilla/4.0 (compatible; MSIE 7.0; Windows NT 5.2; SLCC1; .NET CLR 1.1.4325; .NET CLR 2.0.50727; .NET CLR 3.0.04506.648)"
141.8.147.12 - - [27/Jul/2013:00:52:36 +0200] "GET /images/bild4.png HTTP/1.1" 304 - "-" "Mozilla/5.0 (compatible; YandexImages/3.0; +http://yandex.com/bots)"
5.10.83.62 - - [27/Jul/2013:01:01:45 +0200] "GET /index.html HTTP/1.1" 200 4688 "-" "Mozilla/5.0 (compatible; AhrefsBot/5.0; +http://ahrefs.com/robot/)"
157.56.92.160 - - [27/Jul/2013:01:46:20 +0200] "GET /robots.txt HTTP/1.1" 404 - "-" "Mozilla/5.0 (compatible; bingbot/2.0; +http://www.bing.com/bingbot.htm)"
157.56.92.160 - - [27/Jul/2013:01:46:52 +0200] "GET /partner.html HTTP/1.1" 304 - "-" "Mozilla/5.0 (compatible; bingbot/2.0; +http://www.bing.com/bingbot.htm)"
141.8.147.12 - - [27/Jul/2013:02:11:25 +0200] "GET /images/18a.png HTTP/1.1" 304 - "-" "Mozilla/5.0 (compatible; YandexImages/3.0; +http://yandex.com/bots)"
141.8.147.12 - - [27/Jul/2013:02:32:58 +0200] "GET /images/bild1.png HTTP/1.1" 304 - "-" "Mozilla/5.0 (compatible; YandexImages/3.0; +http://yandex.com/bots)"
5.199.136.130 - - [27/Jul/2013:02:52:13 +0200] "GET /robots.txt HTTP/1.1" 404 - "-" "Mozilla/5.0 (compatible; Spiderlytics/1.0; +spider@spiderlytics.com)"
5.199.136.130 - - [27/Jul/2013:02:52:13 +0200] "GET /impressum.html HTTP/1.1" 200 5721 "-" "Mozilla/5.0 (compatible; Spiderlytics/1.0; +spider@spiderlytics.com)"
5.10.83.72 - - [27/Jul/2013:03:29:08 +0200] "GET /projekte.html HTTP/1.1" 200 8297 "-" "Mozilla/5.0 (compatible; AhrefsBot/5.0; +http://ahrefs.com/robot/)"
5.10.83.72 - - [27/Jul/2013:04:17:04 +0200] "GET /index.html HTTP/1.1" 200 4688 "-" "Mozilla/5.0 (compatible; AhrefsBot/5.0; +http://ahrefs.com/robot/)"
141.8.147.12 - - [27/Jul/2013:04:28:52 +0200] "GET /images/18a.png HTTP/1.1" 304 - "-" "Mozilla/5.0 (compatible; YandexImages/3.0; +http://yandex.com/bots)"
141.8.147.12 - - [27/Jul/2013:04:40:23 +0200] "GET /images/63a.png HTTP/1.1" 304 - "-" "Mozilla/5.0 (compatible; YandexImages/3.0; +http://yandex.com/bots)"
5.9.112.66 - - [27/Jul/2013:05:16:35 +0200] "GET /robots.txt HTTP/1.1" 404 - "-" "Mozilla/5.0 (compatible; SISTRIX Crawler; http://crawler.sistrix.net/)"
5.9.112.66 - - [27/Jul/2013:05:16:35 +0200] "GET / HTTP/1.1" 206 4688 "-" "Mozilla/5.0 (compatible; SISTRIX Crawler; http://crawler.sistrix.net/)"
141.8.147.12 - - [27/Jul/2013:06:45:53 +0200] "GET /robots.txt HTTP/1.1" 404 - "-" "Mozilla/5.0 (compatible; YandexBot/3.0; +http://yandex.com/bots)"
141.8.147.12 - - [27/Jul/2013:06:46:17 +0200] "GET /images/bild2.png HTTP/1.1" 304 - "-" "Mozilla/5.0 (compatible; YandexImages/3.0; +http://yandex.com/bots)"
141.8.147.12 - - [27/Jul/2013:06:47:45 +0200] "GET /images/bruehla.png HTTP/1.1" 304 - "-" "Mozilla/5.0 (compatible; YandexImages/3.0; +http://yandex.com/bots)"
5.10.83.72 - - [27/Jul/2013:06:56:32 +0200] "GET /uns.html HTTP/1.1" 200 4398 "-" "Mozilla/5.0 (compatible; AhrefsBot/5.0; +http://ahrefs.com/robot/)"
141.8.147.12 - - [27/Jul/2013:07:12:18 +0200] "GET /images/0941a.png HTTP/1.1" 304 - "-" "Mozilla/5.0 (compatible; YandexImages/3.0; +http://yandex.com/bots)"
5.10.83.72 - - [27/Jul/2013:07:14:48 +0200] "GET /referenz.html HTTP/1.1" 200 10703 "-" "Mozilla/5.0 (compatible; AhrefsBot/5.0; +http://ahrefs.com/robot/)"
5.10.83.72 - - [27/Jul/2013:07:43:07 +0200] "GET / HTTP/1.1" 200 4688 "-" "Mozilla/5.0 (compatible; AhrefsBot/5.0; +http://ahrefs.com/robot/)"
66.249.72.201 - - [27/Jul/2013:08:47:36 +0200] "GET /robots.txt HTTP/1.1" 404 - "-" "Mozilla/5.0 (compatible; Googlebot/2.1; +http://www.google.com/bot.html)"
66.249.72.201 - - [27/Jul/2013:08:47:36 +0200] "GET / HTTP/1.1" 200 4688 "-" "Mozilla/5.0 (iPhone; U; CPU iPhone OS 4_1 like Mac OS X; en-us) AppleWebKit/532.9 (KHTML, like Gecko) Version/4.0.5 Mobile/8B117 Safari/6531.22.7 (compatible; Googlebot-Mobile/2.1; +http://www.google.com/bot.html)"
141.8.147.12 - - [27/Jul/2013:09:08:44 +0200] "GET /images/bild1.png HTTP/1.1" 304 - "-" "Mozilla/5.0 (compatible; YandexImages/3.0; +http://yandex.com/bots)"
141.8.147.12 - - [27/Jul/2013:09:11:26 +0200] "GET /images/bild4.png HTTP/1.1" 304 - "-" "Mozilla/5.0 (compatible; YandexImages/3.0; +http://yandex.com/bots)"
157.56.93.95 - - [27/Jul/2013:10:09:31 +0200] "GET /robots.txt HTTP/1.1" 404 - "-" "Mozilla/5.0 (compatible; bingbot/2.0; +http://www.bing.com/bingbot.htm)"
157.56.93.95 - - [27/Jul/2013:10:12:31 +0200] "GET /index.html HTTP/1.1" 200 4688 "-" "Mozilla/5.0 (compatible; bingbot/2.0; +http://www.bing.com/bingbot.htm)"
66.249.72.201 - - [27/Jul/2013:11:04:22 +0200] "GET /uns.html HTTP/1.1" 304 - "-" "Mozilla/5.0 (iPhone; U; CPU iPhone OS 4_1 like Mac OS X; en-us) AppleWebKit/532.9 (KHTML, like Gecko) Version/4.0.5 Mobile/8B117 Safari/6531.22.7 (compatible; Googlebot-Mobile/2.1; +http://www.google.com/bot.html)"
141.8.147.12 - - [27/Jul/2013:11:41:13 +0200] "GET /images/5a.png HTTP/1.1" 304 - "-" "Mozilla/5.0 (compatible; YandexImages/3.0; +http://yandex.com/bots)"
141.8.147.12 - - [27/Jul/2013:11:58:14 +0200] "GET /images/logo.png HTTP/1.1" 304 - "-" "Mozilla/5.0 (compatible; YandexImages/3.0; +http://yandex.com/bots)"
141.8.147.12 - - [27/Jul/2013:14:14:49 +0200] "GET /images/60a.png HTTP/1.1" 304 - "-" "Mozilla/5.0 (compatible; YandexImages/3.0; +http://yandex.com/bots)"
5.10.83.46 - - [27/Jul/2013:15:43:30 +0200] "GET /uns.html HTTP/1.1" 200 4398 "-" "Mozilla/5.0 (compatible; AhrefsBot/5.0; +http://ahrefs.com/robot/)"
5.10.83.46 - - [27/Jul/2013:16:00:35 +0200] "GET /index.html HTTP/1.1" 200 4688 "-" "Mozilla/5.0 (compatible; AhrefsBot/5.0; +http://ahrefs.com/robot/)"
37.59.16.211 - - [27/Jul/2013:16:49:58 +0200] "GET / HTTP/1.1" 200 4688 "-" "Mozilla/5.0 (X11; Linux i686; rv:6.0) Gecko/20100101 Firefox/6.0"
37.59.16.211 - - [27/Jul/2013:16:49:58 +0200] "GET /kontakt.html HTTP/1.1" 200 4451 "-" "Mozilla/5.0 (X11; Linux i686; rv:6.0) Gecko/20100101 Firefox/6.0"
176.57.141.254 - - [27/Jul/2013:16:49:58 +0200] "GET /uns.html HTTP/1.1" 200 4398 "-" "Mozilla/5.0 (X11; Linux i686; rv:6.0) Gecko/20100101 Firefox/6.0"
46.105.114.127 - - [27/Jul/2013:16:49:58 +0200] "GET /impressum.html HTTP/1.1" 200 5721 "-" "Mozilla/5.0 (X11; Linux i686; rv:6.0) Gecko/20100101 Firefox/6.0"
178.33.122.74 - - [27/Jul/2013:16:49:58 +0200] "GET /referenz.html HTTP/1.1" 200 10703 "-" "Mozilla/5.0 (X11; Linux i686; rv:6.0) Gecko/20100101 Firefox/6.0"
5.10.83.46 - - [27/Jul/2013:16:52:49 +0200] "GET /partner.html HTTP/1.1" 200 4401 "-" "Mozilla/5.0 (compatible; AhrefsBot/5.0; +http://ahrefs.com/robot/)"
5.10.83.46 - - [27/Jul/2013:17:26:29 +0200] "GET / HTTP/1.1" 200 4688 "-" "Mozilla/5.0 (compatible; AhrefsBot/5.0; +http://ahrefs.com/robot/)"
5.10.83.46 - - [27/Jul/2013:17:30:33 +0200] "GET /kontakt.html HTTP/1.1" 200 4451 "-" "Mozilla/5.0 (compatible; AhrefsBot/5.0; +http://ahrefs.com/robot/)"
208.115.111.69 - - [27/Jul/2013:18:21:20 +0200] "GET /robots.txt HTTP/1.1" 404 - "-" "Mozilla/5.0 (compatible; Ezooms/1.0; ezooms.bot@gmail.com)"
65.55.215.62 - - [27/Jul/2013:18:49:46 +0200] "GET /robots.txt HTTP/1.1" 404 - "-" "msnbot-media/1.1 (+http://search.msn.com/msnbot.htm)"
65.55.215.62 - - [27/Jul/2013:18:49:47 +0200] "GET /images/bild1.png HTTP/1.1" 200 15538 "-" "msnbot-media/1.1 (+http://search.msn.com/msnbot.htm)"
217.253.200.52 - - [27/Jul/2013:19:07:09 +0200] "GET /favicon.ico HTTP/1.1" 200 93062 "-" "Mozilla/5.0 (Windows; U; Windows NT 5.2; de; rv:1.9.2.18) Gecko/20110614 Firefox/3.6.18"
5.10.83.17 - - [27/Jul/2013:19:35:13 +0200] "GET /index.html HTTP/1.1" 200 4688 "-" "Mozilla/5.0 (compatible; AhrefsBot/5.0; +http://ahrefs.com/robot/)"
5.10.83.17 - - [27/Jul/2013:19:42:34 +0200] "GET /spektrum.html HTTP/1.1" 200 4365 "-" "Mozilla/5.0 (compatible; AhrefsBot/5.0; +http://ahrefs.com/robot/)"
157.55.34.178 - - [27/Jul/2013:19:47:07 +0200] "GET /robots.txt HTTP/1.1" 404 - "-" "Mozilla/5.0 (compatible; bingbot/2.0; +http://www.bing.com/bingbot.htm)"
157.55.34.178 - - [27/Jul/2013:19:50:06 +0200] "GET / HTTP/1.1" 304 - "-" "Mozilla/5.0 (compatible; bingbot/2.0; +http://www.bing.com/bingbot.htm)"
208.115.111.69 - - [27/Jul/2013:20:17:44 +0200] "GET /impressum.html HTTP/1.1" 200 5721 "-" "Mozilla/5.0 (compatible; Ezooms/1.0; ezooms.bot@gmail.com)"
5.10.83.17 - - [27/Jul/2013:21:21:03 +0200] "GET /uns.html HTTP/1.1" 200 4398 "-" "Mozilla/5.0 (compatible; AhrefsBot/5.0; +http://ahrefs.com/robot/)"
5.10.83.17 - - [27/Jul/2013:21:38:20 +0200] "GET / HTTP/1.1" 200 4688 "-" "Mozilla/5.0 (compatible; AhrefsBot/5.0; +http://ahrefs.com/robot/)"
5.10.83.17 - - [27/Jul/2013:22:01:05 +0200] "GET /impressum.html HTTP/1.1" 200 5721 "-" "Mozilla/5.0 (compatible; AhrefsBot/5.0; +http://ahrefs.com/robot/)"
66.249.72.201 - - [27/Jul/2013:23:19:15 +0200] "GET /robots.txt HTTP/1.1" 404 - "-" "Mozilla/5.0 (compatible; Googlebot/2.1; +http://www.google.com/bot.html)"
66.249.72.201 - - [27/Jul/2013:23:19:15 +0200] "GET /impressum.html HTTP/1.1" 304 - "-" "Mozilla/5.0 (iPhone; U; CPU iPhone OS 4_1 like Mac OS X; en-us) AppleWebKit/532.9 (KHTML, like Gecko) Version/4.0.5 Mobile/8B117 Safari/6531.22.7 (compatible; Googlebot-Mobile/2.1; +http://www.google.com/bot.html)"
157.55.34.178 - - [27/Jul/2013:23:20:09 +0200] "GET /robots.txt HTTP/1.1" 404 - "-" "Mozilla/5.0 (compatible; bingbot/2.0; +http://www.bing.com/bingbot.htm)"
157.55.34.178 - - [27/Jul/2013:23:20:40 +0200] "GET /spektrum.html HTTP/1.1" 304 - "-" "Mozilla/5.0 (compatible; bingbot/2.0; +http://www.bing.com/bingbot.htm)"
217.80.122.110 - - [27/Jul/2013:23:48:17 +0200] "GET /projekte.html HTTP/1.1" 304 - "-" "Mozilla/5.0 (iPhone; CPU iPhone OS 6_1_3 like Mac OS X) AppleWebKit/536.26 (KHTML, like Gecko) Version/6.0 Mobile/10B329 Safari/8536.25"
217.80.122.110 - - [27/Jul/2013:23:48:18 +0200] "GET /css/style.css HTTP/1.1" 304 - "http://www.mbingenieure.de/projekte.html" "Mozilla/5.0 (iPhone; CPU iPhone OS 6_1_3 like Mac OS X) AppleWebKit/536.26 (KHTML, like Gecko) Version/6.0 Mobile/10B329 Safari/8536.25"
217.80.122.110 - - [27/Jul/2013:23:48:18 +0200] "GET /js/libs/modernizr-2.5.3.min.js HTTP/1.1" 304 - "http://www.mbingenieure.de/projekte.html" "Mozilla/5.0 (iPhone; CPU iPhone OS 6_1_3 like Mac OS X) AppleWebKit/536.26 (KHTML, like Gecko) Version/6.0 Mobile/10B329 Safari/8536.25"
217.80.122.110 - - [27/Jul/2013:23:48:18 +0200] "GET /images/footer.png HTTP/1.1" 304 - "http://www.mbingenieure.de/projekte.html" "Mozilla/5.0 (iPhone; CPU iPhone OS 6_1_3 like Mac OS X) AppleWebKit/536.26 (KHTML, like Gecko) Version/6.0 Mobile/10B329 Safari/8536.25"
217.80.122.110 - - [27/Jul/2013:23:48:19 +0200] "GET /images/header.png HTTP/1.1" 304 - "http://www.mbingenieure.de/projekte.html" "Mozilla/5.0 (iPhone; CPU iPhone OS 6_1_3 like Mac OS X) AppleWebKit/536.26 (KHTML, like Gecko) Version/6.0 Mobile/10B329 Safari/8536.25"
217.80.122.110 - - [27/Jul/2013:23:48:19 +0200] "GET /images/navi.png HTTP/1.1" 304 - "http://www.mbingenieure.de/projekte.html" "Mozilla/5.0 (iPhone; CPU iPhone OS 6_1_3 like Mac OS X) AppleWebKit/536.26 (KHTML, like Gecko) Version/6.0 Mobile/10B329 Safari/8536.25"
5.10.83.10 - - [28/Jul/2013:01:28:46 +0200] "GET /referenz.html HTTP/1.1" 200 10703 "-" "Mozilla/5.0 (compatible; AhrefsBot/5.0; +http://ahrefs.com/robot/)"
5.10.83.10 - - [28/Jul/2013:01:57:07 +0200] "GET /index.html HTTP/1.1" 200 4688 "-" "Mozilla/5.0 (compatible; AhrefsBot/5.0; +http://ahrefs.com/robot/)"
5.10.83.10 - - [28/Jul/2013:02:02:19 +0200] "GET /projekte.html HTTP/1.1" 200 8297 "-" "Mozilla/5.0 (compatible; AhrefsBot/5.0; +http://ahrefs.com/robot/)"
5.10.83.10 - - [28/Jul/2013:02:08:09 +0200] "GET /partner.html HTTP/1.1" 200 4401 "-" "Mozilla/5.0 (compatible; AhrefsBot/5.0; +http://ahrefs.com/robot/)"
5.10.83.10 - - [28/Jul/2013:02:19:25 +0200] "GET /uns.html HTTP/1.1" 200 4398 "-" "Mozilla/5.0 (compatible; AhrefsBot/5.0; +http://ahrefs.com/robot/)"
208.115.113.85 - - [28/Jul/2013:04:21:31 +0200] "GET /robots.txt HTTP/1.1" 404 - "-" "Mozilla/5.0 (compatible; Ezooms/1.0; ezooms.bot@gmail.com)"
157.55.34.178 - - [28/Jul/2013:05:42:16 +0200] "GET /robots.txt HTTP/1.1" 404 - "-" "Mozilla/5.0 (compatible; bingbot/2.0; +http://www.bing.com/bingbot.htm)"
157.55.34.178 - - [28/Jul/2013:05:44:15 +0200] "GET / HTTP/1.1" 200 4688 "-" "Mozilla/5.0 (compatible; bingbot/2.0; +http://www.bing.com/bingbot.htm)"
209.85.238.128 - - [28/Jul/2013:06:18:01 +0200] "GET /google96721bab6c5575fe.html HTTP/1.1" 200 53 "-" "Mozilla/5.0 (compatible; Google-Site-Verification/1.0)"
208.115.113.85 - - [28/Jul/2013:06:26:19 +0200] "GET /referenz.html HTTP/1.1" 200 10703 "-" "Mozilla/5.0 (compatible; Ezooms/1.0; ezooms.bot@gmail.com)"
141.8.147.12 - - [28/Jul/2013:10:37:26 +0200] "GET /robots.txt HTTP/1.1" 404 - "-" "Mozilla/5.0 (compatible; YandexBot/3.0; +http://yandex.com/bots)"
157.55.34.178 - - [28/Jul/2013:10:42:40 +0200] "GET /robots.txt HTTP/1.1" 404 - "-" "Mozilla/5.0 (compatible; bingbot/2.0; +http://www.bing.com/bingbot.htm)"
157.55.34.178 - - [28/Jul/2013:10:43:25 +0200] "GET /projekte.html HTTP/1.1" 200 8297 "-" "Mozilla/5.0 (compatible; bingbot/2.0; +http://www.bing.com/bingbot.htm)"
141.8.147.12 - - [28/Jul/2013:11:04:49 +0200] "GET / HTTP/1.1" 200 4688 "-" "Mozilla/5.0 (compatible; YandexBot/3.0; +http://yandex.com/bots)"
5.10.83.73 - - [28/Jul/2013:11:07:12 +0200] "GET /index.html HTTP/1.1" 200 4688 "-" "Mozilla/5.0 (compatible; AhrefsBot/5.0; +http://ahrefs.com/robot/)"
66.249.72.201 - - [28/Jul/2013:11:28:17 +0200] "GET /robots.txt HTTP/1.1" 404 - "-" "Mozilla/5.0 (compatible; Googlebot/2.1; +http://www.google.com/bot.html)"
66.249.72.201 - - [28/Jul/2013:11:28:17 +0200] "GET / HTTP/1.1" 200 4688 "-" "Mozilla/5.0 (iPhone; U; CPU iPhone OS 4_1 like Mac OS X; en-us) AppleWebKit/532.9 (KHTML, like Gecko) Version/4.0.5 Mobile/8B117 Safari/6531.22.7 (compatible; Googlebot-Mobile/2.1; +http://www.google.com/bot.html)"
66.249.72.201 - - [28/Jul/2013:12:49:29 +0200] "GET /kontakt.html HTTP/1.1" 304 - "-" "Mozilla/5.0 (iPhone; U; CPU iPhone OS 4_1 like Mac OS X; en-us) AppleWebKit/532.9 (KHTML, like Gecko) Version/4.0.5 Mobile/8B117 Safari/6531.22.7 (compatible; Googlebot-Mobile/2.1; +http://www.google.com/bot.html)"
5.10.83.63 - - [28/Jul/2013:16:53:08 +0200] "GET /index.html HTTP/1.1" 200 4688 "-" "Mozilla/5.0 (compatible; AhrefsBot/5.0; +http://ahrefs.com/robot/)"
5.10.83.63 - - [28/Jul/2013:17:45:02 +0200] "GET / HTTP/1.1" 200 4688 "-" "Mozilla/5.0 (compatible; AhrefsBot/5.0; +http://ahrefs.com/robot/)"
5.10.83.63 - - [28/Jul/2013:17:52:23 +0200] "GET /uns.html HTTP/1.1" 200 4398 "-" "Mozilla/5.0 (compatible; AhrefsBot/5.0; +http://ahrefs.com/robot/)"
5.10.83.63 - - [28/Jul/2013:18:22:53 +0200] "GET /kontakt.html HTTP/1.1" 200 4451 "-" "Mozilla/5.0 (compatible; AhrefsBot/5.0; +http://ahrefs.com/robot/)"
5.10.83.63 - - [28/Jul/2013:18:33:17 +0200] "GET /spektrum.html HTTP/1.1" 200 4365 "-" "Mozilla/5.0 (compatible; AhrefsBot/5.0; +http://ahrefs.com/robot/)"
5.10.83.63 - - [28/Jul/2013:19:34:52 +0200] "GET /partner.html HTTP/1.1" 200 4401 "-" "Mozilla/5.0 (compatible; AhrefsBot/5.0; +http://ahrefs.com/robot/)"
178.77.126.55 - - [28/Jul/2013:20:25:33 +0200] "GET /robots.txt HTTP/1.1" 404 - "-" "Mozilla/5.0 (compatible; CareerBot/1.1; +http://www.career-x.de/bot.html)"
178.77.126.55 - - [28/Jul/2013:20:25:33 +0200] "GET / HTTP/1.1" 200 4688 "-" "Mozilla/5.0 (compatible; CareerBot/1.1; +http://www.career-x.de/bot.html)"
178.77.126.55 - - [28/Jul/2013:20:25:33 +0200] "GET /uns.html HTTP/1.1" 200 4398 "-" "Mozilla/5.0 (compatible; CareerBot/1.1; +http://www.career-x.de/bot.html)"
66.249.72.201 - - [28/Jul/2013:20:40:45 +0200] "GET /robots.txt HTTP/1.1" 404 - "-" "Mozilla/5.0 (compatible; Googlebot/2.1; +http://www.google.com/bot.html)"
66.249.72.201 - - [28/Jul/2013:20:40:45 +0200] "GET /spektrum.html HTTP/1.1" 304 - "-" "Mozilla/5.0 (iPhone; U; CPU iPhone OS 4_1 like Mac OS X; en-us) AppleWebKit/532.9 (KHTML, like Gecko) Version/4.0.5 Mobile/8B117 Safari/6531.22.7 (compatible; Googlebot-Mobile/2.1; +http://www.google.com/bot.html)"
141.8.147.12 - - [28/Jul/2013:22:39:09 +0200] "GET /robots.txt HTTP/1.1" 404 - "-" "Mozilla/5.0 (compatible; YandexBot/3.0; +http://yandex.com/bots)"
5.10.83.50 - - [28/Jul/2013:23:06:02 +0200] "GET /index.html HTTP/1.1" 200 4688 "-" "Mozilla/5.0 (compatible; AhrefsBot/5.0; +http://ahrefs.com/robot/)"
5.10.83.50 - - [28/Jul/2013:23:10:24 +0200] "GET /uns.html HTTP/1.1" 200 4398 "-" "Mozilla/5.0 (compatible; AhrefsBot/5.0; +http://ahrefs.com/robot/)"
5.10.83.50 - - [28/Jul/2013:23:22:01 +0200] "GET /kontakt.html HTTP/1.1" 200 4451 "-" "Mozilla/5.0 (compatible; AhrefsBot/5.0; +http://ahrefs.com/robot/)"
5.10.83.50 - - [28/Jul/2013:23:58:00 +0200] "GET /partner.html HTTP/1.1" 200 4401 "-" "Mozilla/5.0 (compatible; AhrefsBot/5.0; +http://ahrefs.com/robot/)"
5.10.83.50 - - [29/Jul/2013:01:36:55 +0200] "GET /impressum.html HTTP/1.1" 200 5721 "-" "Mozilla/5.0 (compatible; AhrefsBot/5.0; +http://ahrefs.com/robot/)"
5.10.83.50 - - [29/Jul/2013:01:53:49 +0200] "GET /referenz.html HTTP/1.1" 200 10703 "-" "Mozilla/5.0 (compatible; AhrefsBot/5.0; +http://ahrefs.com/robot/)"
5.10.83.53 - - [29/Jul/2013:06:22:02 +0200] "GET / HTTP/1.1" 200 4688 "-" "Mozilla/5.0 (compatible; AhrefsBot/5.0; +http://ahrefs.com/robot/)"
5.10.83.53 - - [29/Jul/2013:06:37:38 +0200] "GET /index.html HTTP/1.1" 200 4688 "-" "Mozilla/5.0 (compatible; AhrefsBot/5.0; +http://ahrefs.com/robot/)"
5.10.83.53 - - [29/Jul/2013:06:51:54 +0200] "GET /uns.html HTTP/1.1" 200 4398 "-" "Mozilla/5.0 (compatible; AhrefsBot/5.0; +http://ahrefs.com/robot/)"
5.10.83.53 - - [29/Jul/2013:06:53:36 +0200] "GET /kontakt.html HTTP/1.1" 200 4451 "-" "Mozilla/5.0 (compatible; AhrefsBot/5.0; +http://ahrefs.com/robot/)"
5.10.83.53 - - [29/Jul/2013:08:18:29 +0200] "GET /projekte.html HTTP/1.1" 200 8297 "-" "Mozilla/5.0 (compatible; AhrefsBot/5.0; +http://ahrefs.com/robot/)"
5.10.83.53 - - [29/Jul/2013:09:04:53 +0200] "GET /partner.html HTTP/1.1" 200 4401 "-" "Mozilla/5.0 (compatible; AhrefsBot/5.0; +http://ahrefs.com/robot/)"
66.249.72.201 - - [29/Jul/2013:10:59:55 +0200] "GET /robots.txt HTTP/1.1" 404 - "-" "Mozilla/5.0 (compatible; Googlebot/2.1; +http://www.google.com/bot.html)"
66.249.72.201 - - [29/Jul/2013:10:59:55 +0200] "GET /images/logo.png HTTP/1.1" 304 - "-" "Googlebot-Image/1.0"
66.249.72.201 - - [29/Jul/2013:11:41:50 +0200] "GET /referenz.html HTTP/1.1" 304 - "-" "Mozilla/5.0 (iPhone; U; CPU iPhone OS 4_1 like Mac OS X; en-us) AppleWebKit/532.9 (KHTML, like Gecko) Version/4.0.5 Mobile/8B117 Safari/6531.22.7 (compatible; Googlebot-Mobile/2.1; +http://www.google.com/bot.html)"
150.70.75.212 - - [29/Jul/2013:11:46:52 +0200] "GET / HTTP/1.1" 200 4688 "-" "Mozilla/4.0 (compatible; MSIE 8.0; Windows NT 5.1; Trident/4.0)"
217.92.111.15 - - [29/Jul/2013:12:38:09 +0200] "GET / HTTP/1.1" 200 4688 "http://www.google.de/url?sa=t&rct=j&q=mb-ingenieure%20lengede&source=web&cd=3&cad=rja&ved=0CDoQFjAC&url=http%3A%2F%2Fwww.mbingenieure.de%2F&ei=iUX2UcDSIIOKOPXkgZAP&usg=AFQjCNEyLqXMZj9hDUfmjIo04GBdDmaXCQ&bvm=bv.49784469,d.bGE" "Mozilla/5.0 (compatible; MSIE 10.0; Windows NT 6.1; WOW64; Trident/6.0)"
217.92.111.15 - - [29/Jul/2013:12:38:09 +0200] "GET /css/style.css HTTP/1.1" 200 2831 "http://www.mbingenieure.de/" "Mozilla/5.0 (compatible; MSIE 10.0; Windows NT 6.1; WOW64; Trident/6.0)"
217.92.111.15 - - [29/Jul/2013:12:38:09 +0200] "GET /js/libs/modernizr-2.5.3.min.js HTTP/1.1" 200 15274 "http://www.mbingenieure.de/" "Mozilla/5.0 (compatible; MSIE 10.0; Windows NT 6.1; WOW64; Trident/6.0)"
217.92.111.15 - - [29/Jul/2013:12:38:09 +0200] "GET /images/logo.png HTTP/1.1" 200 16467 "http://www.mbingenieure.de/" "Mozilla/5.0 (compatible; MSIE 10.0; Windows NT 6.1; WOW64; Trident/6.0)"
217.92.111.15 - - [29/Jul/2013:12:38:09 +0200] "GET /images/bild1.png HTTP/1.1" 200 15538 "http://www.mbingenieure.de/" "Mozilla/5.0 (compatible; MSIE 10.0; Windows NT 6.1; WOW64; Trident/6.0)"
217.92.111.15 - - [29/Jul/2013:12:38:09 +0200] "GET /js/plugins.js HTTP/1.1" 200 898 "http://www.mbingenieure.de/" "Mozilla/5.0 (compatible; MSIE 10.0; Windows NT 6.1; WOW64; Trident/6.0)"
217.92.111.15 - - [29/Jul/2013:12:38:09 +0200] "GET /images/footer.png HTTP/1.1" 200 1064 "http://www.mbingenieure.de/" "Mozilla/5.0 (compatible; MSIE 10.0; Windows NT 6.1; WOW64; Trident/6.0)"
217.92.111.15 - - [29/Jul/2013:12:38:09 +0200] "GET /images/header.png HTTP/1.1" 200 1494 "http://www.mbingenieure.de/" "Mozilla/5.0 (compatible; MSIE 10.0; Windows NT 6.1; WOW64; Trident/6.0)"
217.92.111.15 - - [29/Jul/2013:12:38:09 +0200] "GET /images/bild2.png HTTP/1.1" 200 68475 "http://www.mbingenieure.de/" "Mozilla/5.0 (compatible; MSIE 10.0; Windows NT 6.1; WOW64; Trident/6.0)"
217.92.111.15 - - [29/Jul/2013:12:38:09 +0200] "GET /images/navi.png HTTP/1.1" 200 946 "http://www.mbingenieure.de/" "Mozilla/5.0 (compatible; MSIE 10.0; Windows NT 6.1; WOW64; Trident/6.0)"
217.92.111.15 - - [29/Jul/2013:12:38:09 +0200] "GET /images/bild4.png HTTP/1.1" 200 65856 "http://www.mbingenieure.de/" "Mozilla/5.0 (compatible; MSIE 10.0; Windows NT 6.1; WOW64; Trident/6.0)"
217.92.111.15 - - [29/Jul/2013:12:38:10 +0200] "GET /favicon.ico HTTP/1.1" 200 93062 "-" "Mozilla/5.0 (compatible; MSIE 10.0; Windows NT 6.1; Win64; x64; Trident/6.0)"
217.253.237.21 - - [29/Jul/2013:13:42:16 +0200] "GET /favicon.ico HTTP/1.1" 200 93062 "-" "Mozilla/5.0 (Windows; U; Windows NT 5.2; de; rv:1.9.2.18) Gecko/20110614 Firefox/3.6.18"
66.249.72.201 - - [29/Jul/2013:14:06:40 +0200] "GET / HTTP/1.1" 200 4688 "-" "Mozilla/5.0 (compatible; Googlebot/2.1; +http://www.google.com/bot.html)"
150.70.75.212 - - [29/Jul/2013:14:31:41 +0200] "GET / HTTP/1.1" 200 4688 "-" "Mozilla/4.0 (compatible; MSIE 8.0; Windows NT 5.1; Trident/4.0)"
217.253.237.21 - - [29/Jul/2013:15:14:42 +0200] "GET /favicon.ico HTTP/1.1" 200 93062 "-" "Mozilla/5.0 (Windows; U; Windows NT 5.2; de; rv:1.9.2.18) Gecko/20110614 Firefox/3.6.18"
66.249.72.201 - - [29/Jul/2013:15:32:51 +0200] "GET /css/style.css HTTP/1.1" 200 2831 "-" "Mozilla/5.0 (compatible; Googlebot/2.1; +http://www.google.com/bot.html)"
150.70.75.212 - - [29/Jul/2013:15:38:36 +0200] "GET / HTTP/1.1" 200 4688 "-" "Mozilla/4.0 (compatible; MSIE 8.0; Windows NT 5.1; Trident/4.0)"
66.249.72.201 - - [29/Jul/2013:16:03:32 +0200] "GET /kontakt.html HTTP/1.1" 304 - "-" "Mozilla/5.0 (iPhone; U; CPU iPhone OS 4_1 like Mac OS X; en-us) AppleWebKit/532.9 (KHTML, like Gecko) Version/4.0.5 Mobile/8B117 Safari/6531.22.7 (compatible; Googlebot-Mobile/2.1; +http://www.google.com/bot.html)"
66.249.72.201 - - [29/Jul/2013:19:07:06 +0200] "GET /index.html HTTP/1.1" 200 4688 "-" "Mozilla/5.0 (compatible; Googlebot/2.1; +http://www.google.com/bot.html)"
66.249.72.201 - - [29/Jul/2013:23:32:38 +0200] "GET /robots.txt HTTP/1.1" 404 - "-" "Mozilla/5.0 (compatible; Googlebot/2.1; +http://www.google.com/bot.html)"
66.249.72.201 - - [29/Jul/2013:23:32:38 +0200] "GET / HTTP/1.1" 200 4688 "-" "Mozilla/5.0 (iPhone; U; CPU iPhone OS 4_1 like Mac OS X; en-us) AppleWebKit/532.9 (KHTML, like Gecko) Version/4.0.5 Mobile/8B117 Safari/6531.22.7 (compatible; Googlebot-Mobile/2.1; +http://www.google.com/bot.html)"
66.249.72.201 - - [30/Jul/2013:00:12:54 +0200] "GET /partner.html HTTP/1.1" 304 - "-" "Mozilla/5.0 (iPhone; U; CPU iPhone OS 4_1 like Mac OS X; en-us) AppleWebKit/532.9 (KHTML, like Gecko) Version/4.0.5 Mobile/8B117 Safari/6531.22.7 (compatible; Googlebot-Mobile/2.1; +http://www.google.com/bot.html)"
157.55.34.178 - - [30/Jul/2013:01:36:46 +0200] "GET /robots.txt HTTP/1.1" 404 - "-" "Mozilla/5.0 (compatible; bingbot/2.0; +http://www.bing.com/bingbot.htm)"
157.55.34.178 - - [30/Jul/2013:01:38:49 +0200] "GET /spektrum.html HTTP/1.1" 200 4365 "-" "Mozilla/5.0 (compatible; bingbot/2.0; +http://www.bing.com/bingbot.htm)"
66.249.72.201 - - [30/Jul/2013:03:00:41 +0200] "GET /robots.txt HTTP/1.1" 404 - "-" "Mozilla/5.0 (compatible; Googlebot/2.1; +http://www.google.com/bot.html)"
66.249.72.201 - - [30/Jul/2013:03:00:41 +0200] "GET /projekte.html HTTP/1.1" 304 - "-" "Mozilla/5.0 (iPhone; U; CPU iPhone OS 4_1 like Mac OS X; en-us) AppleWebKit/532.9 (KHTML, like Gecko) Version/4.0.5 Mobile/8B117 Safari/6531.22.7 (compatible; Googlebot-Mobile/2.1; +http://www.google.com/bot.html)"
141.8.147.12 - - [30/Jul/2013:05:08:01 +0200] "GET /robots.txt HTTP/1.1" 404 - "-" "Mozilla/5.0 (compatible; YandexBot/3.0; +http://yandex.com/bots)"
144.76.95.231 - - [30/Jul/2013:06:37:36 +0200] "GET /robots.txt HTTP/1.0" 404 - "-" "Mozilla/5.0 (compatible; MJ12bot/v1.4.3; http://www.majestic12.co.uk/bot.php?+)"
144.76.95.231 - - [30/Jul/2013:06:37:50 +0200] "GET /partner.html HTTP/1.0" 200 4401 "-" "Mozilla/5.0 (compatible; MJ12bot/v1.4.3; http://www.majestic12.co.uk/bot.php?+)"
79.234.21.242 - - [30/Jul/2013:08:19:41 +0200] "GET / HTTP/1.1" 200 4688 "http://www.google.de/url?sa=t&rct=j&q=%20mb%20ingenieure&source=web&cd=1&ved=0CCwQFjAA&url=http%3A%2F%2Fwww.mbingenieure.de%2F&ei=9lr3UfHfF8WuO7vOgbgL&usg=AFQjCNEyLqXMZj9hDUfmjIo04GBdDmaXCQ&bvm=bv.49967636,d.ZWU" "Mozilla/5.0 (Macintosh; Intel Mac OS X 10_7_5) AppleWebKit/536.30.1 (KHTML, like Gecko) Version/6.0.5 Safari/536.30.1"
79.234.21.242 - - [30/Jul/2013:08:19:41 +0200] "GET /js/plugins.js HTTP/1.1" 200 898 "http://www.mbingenieure.de/" "Mozilla/5.0 (Macintosh; Intel Mac OS X 10_7_5) AppleWebKit/536.30.1 (KHTML, like Gecko) Version/6.0.5 Safari/536.30.1"
79.234.21.242 - - [30/Jul/2013:08:19:41 +0200] "GET /css/style.css HTTP/1.1" 200 2831 "http://www.mbingenieure.de/" "Mozilla/5.0 (Macintosh; Intel Mac OS X 10_7_5) AppleWebKit/536.30.1 (KHTML, like Gecko) Version/6.0.5 Safari/536.30.1"
79.234.21.242 - - [30/Jul/2013:08:19:41 +0200] "GET /js/libs/modernizr-2.5.3.min.js HTTP/1.1" 200 15274 "http://www.mbingenieure.de/" "Mozilla/5.0 (Macintosh; Intel Mac OS X 10_7_5) AppleWebKit/536.30.1 (KHTML, like Gecko) Version/6.0.5 Safari/536.30.1"
79.234.21.242 - - [30/Jul/2013:08:19:41 +0200] "GET /images/footer.png HTTP/1.1" 200 1064 "http://www.mbingenieure.de/" "Mozilla/5.0 (Macintosh; Intel Mac OS X 10_7_5) AppleWebKit/536.30.1 (KHTML, like Gecko) Version/6.0.5 Safari/536.30.1"
79.234.21.242 - - [30/Jul/2013:08:19:43 +0200] "GET /images/header.png HTTP/1.1" 200 1494 "http://www.mbingenieure.de/" "Mozilla/5.0 (Macintosh; Intel Mac OS X 10_7_5) AppleWebKit/536.30.1 (KHTML, like Gecko) Version/6.0.5 Safari/536.30.1"
79.234.21.242 - - [30/Jul/2013:08:19:43 +0200] "GET /images/navi.png HTTP/1.1" 200 946 "http://www.mbingenieure.de/" "Mozilla/5.0 (Macintosh; Intel Mac OS X 10_7_5) AppleWebKit/536.30.1 (KHTML, like Gecko) Version/6.0.5 Safari/536.30.1"
79.234.21.242 - - [30/Jul/2013:08:19:43 +0200] "GET /images/logo.png HTTP/1.1" 200 16467 "http://www.mbingenieure.de/" "Mozilla/5.0 (Macintosh; Intel Mac OS X 10_7_5) AppleWebKit/536.30.1 (KHTML, like Gecko) Version/6.0.5 Safari/536.30.1"
79.234.21.242 - - [30/Jul/2013:08:19:43 +0200] "GET /images/bild1.png HTTP/1.1" 200 15538 "http://www.mbingenieure.de/" "Mozilla/5.0 (Macintosh; Intel Mac OS X 10_7_5) AppleWebKit/536.30.1 (KHTML, like Gecko) Version/6.0.5 Safari/536.30.1"
79.234.21.242 - - [30/Jul/2013:08:19:43 +0200] "GET /images/bild2.png HTTP/1.1" 200 68475 "http://www.mbingenieure.de/" "Mozilla/5.0 (Macintosh; Intel Mac OS X 10_7_5) AppleWebKit/536.30.1 (KHTML, like Gecko) Version/6.0.5 Safari/536.30.1"
79.234.21.242 - - [30/Jul/2013:08:19:43 +0200] "GET /images/bild4.png HTTP/1.1" 200 65856 "http://www.mbingenieure.de/" "Mozilla/5.0 (Macintosh; Intel Mac OS X 10_7_5) AppleWebKit/536.30.1 (KHTML, like Gecko) Version/6.0.5 Safari/536.30.1"
79.234.21.242 - - [30/Jul/2013:08:19:43 +0200] "GET /favicon.ico HTTP/1.1" 200 93062 "http://www.mbingenieure.de/" "Mozilla/5.0 (Macintosh; Intel Mac OS X 10_7_5) AppleWebKit/536.30.1 (KHTML, like Gecko) Version/6.0.5 Safari/536.30.1"
79.234.21.242 - - [30/Jul/2013:08:19:55 +0200] "GET /partner.html HTTP/1.1" 200 4401 "http://www.mbingenieure.de/" "Mozilla/5.0 (Macintosh; Intel Mac OS X 10_7_5) AppleWebKit/536.30.1 (KHTML, like Gecko) Version/6.0.5 Safari/536.30.1"
79.234.21.242 - - [30/Jul/2013:08:20:01 +0200] "GET /kontakt.html HTTP/1.1" 200 4451 "http://www.mbingenieure.de/partner.html" "Mozilla/5.0 (Macintosh; Intel Mac OS X 10_7_5) AppleWebKit/536.30.1 (KHTML, like Gecko) Version/6.0.5 Safari/536.30.1"
79.234.21.242 - - [30/Jul/2013:08:21:00 +0200] "GET /uns.html HTTP/1.1" 200 4398 "http://www.mbingenieure.de/kontakt.html" "Mozilla/5.0 (Macintosh; Intel Mac OS X 10_7_5) AppleWebKit/536.30.1 (KHTML, like Gecko) Version/6.0.5 Safari/536.30.1"
79.234.21.242 - - [30/Jul/2013:08:21:10 +0200] "GET /referenz.html HTTP/1.1" 200 10703 "http://www.mbingenieure.de/uns.html" "Mozilla/5.0 (Macintosh; Intel Mac OS X 10_7_5) AppleWebKit/536.30.1 (KHTML, like Gecko) Version/6.0.5 Safari/536.30.1"
85.25.120.73 - - [30/Jul/2013:08:58:19 +0200] "GET / HTTP/1.1" 200 4688 "-" "Mozilla/5.0 (X11; U; Linux i686; en-US; rv:1.9.0.1) Gecko/2008070206 Firefox/3.0.1"
85.25.120.73 - - [30/Jul/2013:08:58:19 +0200] "GET /kontakt.html HTTP/1.1" 200 4451 "-" "Mozilla/5.0 (X11; U; Linux i686; en-US; rv:1.9.0.1) Gecko/2008070206 Firefox/3.0.1"
141.8.147.12 - - [30/Jul/2013:08:58:50 +0200] "GET / HTTP/1.1" 200 4688 "-" "Mozilla/5.0 (compatible; YandexBot/3.0; +http://yandex.com/bots)"
150.70.75.212 - - [30/Jul/2013:09:21:43 +0200] "GET / HTTP/1.1" 200 4688 "-" "Mozilla/4.0 (compatible; MSIE 8.0; Windows NT 5.1; Trident/4.0)"
217.253.232.237 - - [30/Jul/2013:09:51:41 +0200] "GET /favicon.ico HTTP/1.1" 200 93062 "-" "Mozilla/5.0 (Windows; U; Windows NT 5.2; de; rv:1.9.2.18) Gecko/20110614 Firefox/3.6.18"
193.246.68.29 - - [30/Jul/2013:10:09:13 +0200] "GET / HTTP/1.1" 200 4688 "http://www.google.de/url?sa=t&rct=j&q=mb%20ingenieure&source=web&cd=1&ved=0CDIQFjAA&url=http%3A%2F%2Fwww.mbingenieure.de%2F&ei=onT3UcyYG9PX7AbA5oGgCA&usg=AFQjCNEyLqXMZj9hDUfmjIo04GBdDmaXCQ&bvm=bv.49967636,d.ZGU" "Mozilla/4.0 (compatible; MSIE 8.0; Windows NT 6.1; Trident/4.0; chromeframe/28.0.1500.71; SLCC2; .NET CLR 2.0.50727; .NET CLR 3.5.30729; .NET CLR 3.0.30729; Media Center PC 6.0; .NET CLR 1.1.4322; .NET4.0C; .NET4.0E; Tablet PC 2.0)"
193.246.68.29 - - [30/Jul/2013:10:09:13 +0200] "GET /css/style.css HTTP/1.1" 200 2831 "http://www.mbingenieure.de/" "Mozilla/5.0 (Windows NT 6.1; chromeframe/28.0.1500.71) AppleWebKit/537.36 (KHTML, like Gecko) Chrome/28.0.1500.71 Safari/537.36"
193.246.68.29 - - [30/Jul/2013:10:09:13 +0200] "GET /js/plugins.js HTTP/1.1" 200 898 "http://www.mbingenieure.de/" "Mozilla/5.0 (Windows NT 6.1; chromeframe/28.0.1500.71) AppleWebKit/537.36 (KHTML, like Gecko) Chrome/28.0.1500.71 Safari/537.36"
193.246.68.29 - - [30/Jul/2013:10:09:13 +0200] "GET /js/libs/modernizr-2.5.3.min.js HTTP/1.1" 200 15274 "http://www.mbingenieure.de/" "Mozilla/5.0 (Windows NT 6.1; chromeframe/28.0.1500.71) AppleWebKit/537.36 (KHTML, like Gecko) Chrome/28.0.1500.71 Safari/537.36"
193.246.68.29 - - [30/Jul/2013:10:09:14 +0200] "GET /images/footer.png HTTP/1.1" 200 1064 "http://www.mbingenieure.de/" "Mozilla/5.0 (Windows NT 6.1; chromeframe/28.0.1500.71) AppleWebKit/537.36 (KHTML, like Gecko) Chrome/28.0.1500.71 Safari/537.36"
193.246.68.29 - - [30/Jul/2013:10:09:14 +0200] "GET /images/header.png HTTP/1.1" 200 1494 "http://www.mbingenieure.de/" "Mozilla/5.0 (Windows NT 6.1; chromeframe/28.0.1500.71) AppleWebKit/537.36 (KHTML, like Gecko) Chrome/28.0.1500.71 Safari/537.36"
193.246.68.29 - - [30/Jul/2013:10:09:14 +0200] "GET /images/logo.png HTTP/1.1" 200 16467 "http://www.mbingenieure.de/" "Mozilla/5.0 (Windows NT 6.1; chromeframe/28.0.1500.71) AppleWebKit/537.36 (KHTML, like Gecko) Chrome/28.0.1500.71 Safari/537.36"
193.246.68.29 - - [30/Jul/2013:10:09:14 +0200] "GET /images/bild2.png HTTP/1.1" 200 68475 "http://www.mbingenieure.de/" "Mozilla/5.0 (Windows NT 6.1; chromeframe/28.0.1500.71) AppleWebKit/537.36 (KHTML, like Gecko) Chrome/28.0.1500.71 Safari/537.36"
