157.55.33.47 - - [18/Jul/2013:06:54:14 +0200] "GET /robots.txt HTTP/1.1" 404 - "-" "Mozilla/5.0 (compatible; bingbot/2.0; +http://www.bing.com/bingbot.htm)"
157.55.33.47 - - [18/Jul/2013:06:57:51 +0200] "GET / HTTP/1.1" 200 4688 "-" "Mozilla/5.0 (compatible; bingbot/2.0; +http://www.bing.com/bingbot.htm)"
141.8.147.12 - - [18/Jul/2013:09:12:52 +0200] "GET /images/60a.png HTTP/1.1" 304 - "-" "Mozilla/5.0 (compatible; YandexImages/3.0; +http://yandex.com/bots)"
213.61.229.62 - - [18/Jul/2013:09:51:56 +0200] "GET / HTTP/1.1" 200 4688 "http://www.google.de/url?sa=t&rct=j&q=&esrc=s&source=web&cd=2&ved=0CDcQFjAB&url=http%3A%2F%2Fwww.mbingenieure.de%2F&ei=I57nUcemBsPX0QWUt4DgDA&usg=AFQjCNEyLqXMZj9hDUfmjIo04GBdDmaXCQ&bvm=bv.49478099,d.d2k" "Mozilla/5.0 (Windows NT 6.1; WOW64; rv:22.0) Gecko/20100101 Firefox/22.0"
213.61.229.62 - - [18/Jul/2013:09:51:56 +0200] "GET /css/style.css HTTP/1.1" 200 2831 "http://www.mbingenieure.de/" "Mozilla/5.0 (Windows NT 6.1; WOW64; rv:22.0) Gecko/20100101 Firefox/22.0"
213.61.229.62 - - [18/Jul/2013:09:51:56 +0200] "GET /js/libs/modernizr-2.5.3.min.js HTTP/1.1" 200 15274 "http://www.mbingenieure.de/" "Mozilla/5.0 (Windows NT 6.1; WOW64; rv:22.0) Gecko/20100101 Firefox/22.0"
213.61.229.62 - - [18/Jul/2013:09:51:56 +0200] "GET /js/plugins.js HTTP/1.1" 200 898 "http://www.mbingenieure.de/" "Mozilla/5.0 (Windows NT 6.1; WOW64; rv:22.0) Gecko/20100101 Firefox/22.0"
213.61.229.62 - - [18/Jul/2013:09:51:56 +0200] "GET /images/logo.png HTTP/1.1" 200 16467 "http://www.mbingenieure.de/" "Mozilla/5.0 (Windows NT 6.1; WOW64; rv:22.0) Gecko/20100101 Firefox/22.0"
213.61.229.62 - - [18/Jul/2013:09:51:56 +0200] "GET /images/bild1.png HTTP/1.1" 200 15538 "http://www.mbingenieure.de/" "Mozilla/5.0 (Windows NT 6.1; WOW64; rv:22.0) Gecko/20100101 Firefox/22.0"
213.61.229.62 - - [18/Jul/2013:09:51:56 +0200] "GET /images/bild4.png HTTP/1.1" 200 65856 "http://www.mbingenieure.de/" "Mozilla/5.0 (Windows NT 6.1; WOW64; rv:22.0) Gecko/20100101 Firefox/22.0"
213.61.229.62 - - [18/Jul/2013:09:51:56 +0200] "GET /images/bild2.png HTTP/1.1" 200 68475 "http://www.mbingenieure.de/" "Mozilla/5.0 (Windows NT 6.1; WOW64; rv:22.0) Gecko/20100101 Firefox/22.0"
213.61.229.62 - - [18/Jul/2013:09:51:57 +0200] "GET /images/footer.png HTTP/1.1" 200 1064 "http://www.mbingenieure.de/css/style.css" "Mozilla/5.0 (Windows NT 6.1; WOW64; rv:22.0) Gecko/20100101 Firefox/22.0"
213.61.229.62 - - [18/Jul/2013:09:51:57 +0200] "GET /images/header.png HTTP/1.1" 200 1494 "http://www.mbingenieure.de/css/style.css" "Mozilla/5.0 (Windows NT 6.1; WOW64; rv:22.0) Gecko/20100101 Firefox/22.0"
213.61.229.62 - - [18/Jul/2013:09:51:57 +0200] "GET /images/navi.png HTTP/1.1" 200 946 "http://www.mbingenieure.de/css/style.css" "Mozilla/5.0 (Windows NT 6.1; WOW64; rv:22.0) Gecko/20100101 Firefox/22.0"
213.61.229.62 - - [18/Jul/2013:09:51:57 +0200] "GET /favicon.ico HTTP/1.1" 200 93062 "-" "Mozilla/5.0 (Windows NT 6.1; WOW64; rv:22.0) Gecko/20100101 Firefox/22.0"
213.61.229.62 - - [18/Jul/2013:09:52:17 +0200] "GET /impressum.html HTTP/1.1" 200 5721 "http://www.mbingenieure.de/" "Mozilla/5.0 (Windows NT 6.1; WOW64; rv:22.0) Gecko/20100101 Firefox/22.0"
213.3.63.81 - - [18/Jul/2013:10:16:36 +0200] "GET / HTTP/1.1" 200 4688 "http://www.google.com/url?sa=t&rct=j&q=&esrc=s&frm=1&source=web&cd=1&ved=0CCoQFjAA&url=http%3A%2F%2Fwww.mbingenieure.de%2F&ei=PKTnUe_zOIrBhAfhjICQBQ&usg=AFQjCNEyLqXMZj9hDUfmjIo04GBdDmaXCQ&sig2=pdFCPT0DeWLput5DFNDnfA&bvm=bv.49478099,d.ZG4" "Mozilla/5.0 (compatible; MSIE 10.0; Windows NT 6.1; WOW64; Trident/6.0)"
213.3.63.81 - - [18/Jul/2013:10:16:36 +0200] "GET /css/style.css HTTP/1.1" 200 2831 "http://www.mbingenieure.de/" "Mozilla/5.0 (compatible; MSIE 10.0; Windows NT 6.1; WOW64; Trident/6.0)"
213.3.63.81 - - [18/Jul/2013:10:16:36 +0200] "GET /js/libs/modernizr-2.5.3.min.js HTTP/1.1" 200 15274 "http://www.mbingenieure.de/" "Mozilla/5.0 (compatible; MSIE 10.0; Windows NT 6.1; WOW64; Trident/6.0)"
213.3.63.81 - - [18/Jul/2013:10:16:36 +0200] "GET /images/logo.png HTTP/1.1" 200 16467 "http://www.mbingenieure.de/" "Mozilla/5.0 (compatible; MSIE 10.0; Windows NT 6.1; WOW64; Trident/6.0)"
213.3.63.81 - - [18/Jul/2013:10:16:36 +0200] "GET /images/bild1.png HTTP/1.1" 200 15538 "http://www.mbingenieure.de/" "Mozilla/5.0 (compatible; MSIE 10.0; Windows NT 6.1; WOW64; Trident/6.0)"
213.3.63.81 - - [18/Jul/2013:10:16:36 +0200] "GET /js/plugins.js HTTP/1.1" 200 898 "http://www.mbingenieure.de/" "Mozilla/5.0 (compatible; MSIE 10.0; Windows NT 6.1; WOW64; Trident/6.0)"
213.3.63.81 - - [18/Jul/2013:10:16:36 +0200] "GET /images/footer.png HTTP/1.1" 200 1064 "http://www.mbingenieure.de/" "Mozilla/5.0 (compatible; MSIE 10.0; Windows NT 6.1; WOW64; Trident/6.0)"
213.3.63.81 - - [18/Jul/2013:10:16:37 +0200] "GET /images/header.png HTTP/1.1" 200 1494 "http://www.mbingenieure.de/" "Mozilla/5.0 (compatible; MSIE 10.0; Windows NT 6.1; WOW64; Trident/6.0)"
213.3.63.81 - - [18/Jul/2013:10:16:36 +0200] "GET /images/bild2.png HTTP/1.1" 200 68475 "http://www.mbingenieure.de/" "Mozilla/5.0 (compatible; MSIE 10.0; Windows NT 6.1; WOW64; Trident/6.0)"
213.3.63.81 - - [18/Jul/2013:10:16:37 +0200] "GET /images/navi.png HTTP/1.1" 200 946 "http://www.mbingenieure.de/" "Mozilla/5.0 (compatible; MSIE 10.0; Windows NT 6.1; WOW64; Trident/6.0)"
213.3.63.81 - - [18/Jul/2013:10:16:36 +0200] "GET /images/bild4.png HTTP/1.1" 200 65856 "http://www.mbingenieure.de/" "Mozilla/5.0 (compatible; MSIE 10.0; Windows NT 6.1; WOW64; Trident/6.0)"
150.70.75.212 - - [18/Jul/2013:12:33:59 +0200] "GET / HTTP/1.1" 200 4688 "-" "Mozilla/4.0 (compatible; MSIE 8.0; Windows NT 5.1; Trident/4.0)"
87.139.171.10 - - [18/Jul/2013:12:49:37 +0200] "GET / HTTP/1.1" 200 4688 "http://www.google.de/url?sa=t&rct=j&q=mb%20ingenieure%20panketal&source=web&cd=1&ved=0CDEQFjAA&url=http%3A%2F%2Fwww.mbingenieure.de%2F&ei=FcjnUdfOKYWEONOIgBA&usg=AFQjCNEyLqXMZj9hDUfmjIo04GBdDmaXCQ&bvm=bv.49478099,d.ZWU" "Mozilla/4.0 (compatible; MSIE 8.0; Windows NT 5.1; Trident/4.0; GTB7.5; .NET CLR 1.1.4322; .NET CLR 2.0.50727; .NET CLR 3.0.4506.2152; .NET CLR 3.5.30729)"
87.139.171.10 - - [18/Jul/2013:12:49:37 +0200] "GET /js/libs/modernizr-2.5.3.min.js HTTP/1.1" 200 15274 "http://www.mbingenieure.de/" "Mozilla/4.0 (compatible; MSIE 8.0; Windows NT 5.1; Trident/4.0; GTB7.5; .NET CLR 1.1.4322; .NET CLR 2.0.50727; .NET CLR 3.0.4506.2152; .NET CLR 3.5.30729)"
87.139.171.10 - - [18/Jul/2013:12:49:37 +0200] "GET /css/style.css HTTP/1.1" 200 2831 "http://www.mbingenieure.de/" "Mozilla/4.0 (compatible; MSIE 8.0; Windows NT 5.1; Trident/4.0; GTB7.5; .NET CLR 1.1.4322; .NET CLR 2.0.50727; .NET CLR 3.0.4506.2152; .NET CLR 3.5.30729)"
87.139.171.10 - - [18/Jul/2013:12:49:38 +0200] "GET /images/footer.png HTTP/1.1" 200 1064 "http://www.mbingenieure.de/" "Mozilla/4.0 (compatible; MSIE 8.0; Windows NT 5.1; Trident/4.0; GTB7.5; .NET CLR 1.1.4322; .NET CLR 2.0.50727; .NET CLR 3.0.4506.2152; .NET CLR 3.5.30729)"
87.139.171.10 - - [18/Jul/2013:12:49:38 +0200] "GET /images/logo.png HTTP/1.1" 200 16467 "http://www.mbingenieure.de/" "Mozilla/4.0 (compatible; MSIE 8.0; Windows NT 5.1; Trident/4.0; GTB7.5; .NET CLR 1.1.4322; .NET CLR 2.0.50727; .NET CLR 3.0.4506.2152; .NET CLR 3.5.30729)"
87.139.171.10 - - [18/Jul/2013:12:49:38 +0200] "GET /images/bild1.png HTTP/1.1" 200 15538 "http://www.mbingenieure.de/" "Mozilla/4.0 (compatible; MSIE 8.0; Windows NT 5.1; Trident/4.0; GTB7.5; .NET CLR 1.1.4322; .NET CLR 2.0.50727; .NET CLR 3.0.4506.2152; .NET CLR 3.5.30729)"
87.139.171.10 - - [18/Jul/2013:12:49:38 +0200] "GET /images/header.png HTTP/1.1" 200 1494 "http://www.mbingenieure.de/" "Mozilla/4.0 (compatible; MSIE 8.0; Windows NT 5.1; Trident/4.0; GTB7.5; .NET CLR 1.1.4322; .NET CLR 2.0.50727; .NET CLR 3.0.4506.2152; .NET CLR 3.5.30729)"
87.139.171.10 - - [18/Jul/2013:12:49:38 +0200] "GET /images/navi.png HTTP/1.1" 200 946 "http://www.mbingenieure.de/" "Mozilla/4.0 (compatible; MSIE 8.0; Windows NT 5.1; Trident/4.0; GTB7.5; .NET CLR 1.1.4322; .NET CLR 2.0.50727; .NET CLR 3.0.4506.2152; .NET CLR 3.5.30729)"
87.139.171.10 - - [18/Jul/2013:12:49:38 +0200] "GET /images/bild2.png HTTP/1.1" 200 68475 "http://www.mbingenieure.de/" "Mozilla/4.0 (compatible; MSIE 8.0; Windows NT 5.1; Trident/4.0; GTB7.5; .NET CLR 1.1.4322; .NET CLR 2.0.50727; .NET CLR 3.0.4506.2152; .NET CLR 3.5.30729)"
87.139.171.10 - - [18/Jul/2013:12:49:38 +0200] "GET /js/plugins.js HTTP/1.1" 200 898 "http://www.mbingenieure.de/" "Mozilla/4.0 (compatible; MSIE 8.0; Windows NT 5.1; Trident/4.0; GTB7.5; .NET CLR 1.1.4322; .NET CLR 2.0.50727; .NET CLR 3.0.4506.2152; .NET CLR 3.5.30729)"
87.139.171.10 - - [18/Jul/2013:12:49:38 +0200] "GET /images/bild4.png HTTP/1.1" 200 65856 "http://www.mbingenieure.de/" "Mozilla/4.0 (compatible; MSIE 8.0; Windows NT 5.1; Trident/4.0; GTB7.5; .NET CLR 1.1.4322; .NET CLR 2.0.50727; .NET CLR 3.0.4506.2152; .NET CLR 3.5.30729)"
87.139.171.10 - - [18/Jul/2013:12:49:38 +0200] "GET /favicon.ico HTTP/1.1" 200 93062 "-" "Mozilla/4.0 (compatible; MSIE 8.0; Windows NT 5.1; Trident/4.0; GTB7.5; .NET CLR 1.1.4322; .NET CLR 2.0.50727; .NET CLR 3.0.4506.2152; .NET CLR 3.5.30729)"
66.249.78.8 - - [18/Jul/2013:13:26:53 +0200] "GET /robots.txt HTTP/1.1" 404 - "-" "Mozilla/5.0 (compatible; Googlebot/2.1; +http://www.google.com/bot.html)"
66.249.78.8 - - [18/Jul/2013:13:26:53 +0200] "GET /referenz.html HTTP/1.1" 304 - "-" "Mozilla/5.0 (iPhone; U; CPU iPhone OS 4_1 like Mac OS X; en-us) AppleWebKit/532.9 (KHTML, like Gecko) Version/4.0.5 Mobile/8B117 Safari/6531.22.7 (compatible; Googlebot-Mobile/2.1; +http://www.google.com/bot.html)"
62.154.238.228 - - [18/Jul/2013:15:00:44 +0200] "GET / HTTP/1.1" 200 4688 "http://www.google.de/url?sa=t&rct=j&q=&esrc=s&source=web&cd=1&ved=0CDIQFjAA&url=http%3A%2F%2Fwww.mbingenieure.de%2F&ei=0ObnUcq1MM3Qsga8vIDQAg&usg=AFQjCNEyLqXMZj9hDUfmjIo04GBdDmaXCQ&bvm=bv.49478099,d.Yms" "Mozilla/5.0 (Windows NT 6.1; rv:17.0) Gecko/17.0 Firefox/17.0"
62.154.238.228 - - [18/Jul/2013:15:00:44 +0200] "GET /css/style.css HTTP/1.1" 200 2831 "http://www.mbingenieure.de/" "Mozilla/5.0 (Windows NT 6.1; rv:17.0) Gecko/17.0 Firefox/17.0"
62.154.238.228 - - [18/Jul/2013:15:00:44 +0200] "GET /js/plugins.js HTTP/1.1" 200 898 "http://www.mbingenieure.de/" "Mozilla/5.0 (Windows NT 6.1; rv:17.0) Gecko/17.0 Firefox/17.0"
62.154.238.228 - - [18/Jul/2013:15:00:44 +0200] "GET /images/logo.png HTTP/1.1" 200 16467 "http://www.mbingenieure.de/" "Mozilla/5.0 (Windows NT 6.1; rv:17.0) Gecko/17.0 Firefox/17.0"
62.154.238.228 - - [18/Jul/2013:15:00:44 +0200] "GET /js/libs/modernizr-2.5.3.min.js HTTP/1.1" 200 15274 "http://www.mbingenieure.de/" "Mozilla/5.0 (Windows NT 6.1; rv:17.0) Gecko/17.0 Firefox/17.0"
62.154.238.228 - - [18/Jul/2013:15:00:44 +0200] "GET /images/bild1.png HTTP/1.1" 200 15538 "http://www.mbingenieure.de/" "Mozilla/5.0 (Windows NT 6.1; rv:17.0) Gecko/17.0 Firefox/17.0"
62.154.238.228 - - [18/Jul/2013:15:00:44 +0200] "GET /images/bild4.png HTTP/1.1" 200 65856 "http://www.mbingenieure.de/" "Mozilla/5.0 (Windows NT 6.1; rv:17.0) Gecko/17.0 Firefox/17.0"
62.154.238.228 - - [18/Jul/2013:15:00:44 +0200] "GET /images/header.png HTTP/1.1" 200 1494 "http://www.mbingenieure.de/css/style.css" "Mozilla/5.0 (Windows NT 6.1; rv:17.0) Gecko/17.0 Firefox/17.0"
62.154.238.228 - - [18/Jul/2013:15:00:44 +0200] "GET /images/navi.png HTTP/1.1" 200 946 "http://www.mbingenieure.de/css/style.css" "Mozilla/5.0 (Windows NT 6.1; rv:17.0) Gecko/17.0 Firefox/17.0"
62.154.238.228 - - [18/Jul/2013:15:00:44 +0200] "GET /images/bild2.png HTTP/1.1" 200 68475 "http://www.mbingenieure.de/" "Mozilla/5.0 (Windows NT 6.1; rv:17.0) Gecko/17.0 Firefox/17.0"
62.154.238.228 - - [18/Jul/2013:15:00:45 +0200] "GET /images/footer.png HTTP/1.1" 200 1064 "http://www.mbingenieure.de/css/style.css" "Mozilla/5.0 (Windows NT 6.1; rv:17.0) Gecko/17.0 Firefox/17.0"
62.154.238.228 - - [18/Jul/2013:15:00:45 +0200] "GET /favicon.ico HTTP/1.1" 200 93062 "-" "Mozilla/5.0 (Windows NT 6.1; rv:17.0) Gecko/17.0 Firefox/17.0"
66.249.75.201 - - [18/Jul/2013:17:56:44 +0200] "GET /spektrum.html HTTP/1.1" 200 4365 "-" "SAMSUNG-SGH-E250/1.0 Profile/MIDP-2.0 Configuration/CLDC-1.1 UP.Browser/6.2.3.3.c.1.101 (GUI) MMP/2.0 (compatible; Googlebot-Mobile/2.1; +http://www.google.com/bot.html)"
66.249.78.8 - - [19/Jul/2013:00:40:58 +0200] "GET / HTTP/1.1" 200 4688 "-" "Mozilla/5.0 (iPhone; U; CPU iPhone OS 4_1 like Mac OS X; en-us) AppleWebKit/532.9 (KHTML, like Gecko) Version/4.0.5 Mobile/8B117 Safari/6531.22.7 (compatible; Googlebot-Mobile/2.1; +http://www.google.com/bot.html)"
66.249.78.8 - - [19/Jul/2013:03:30:02 +0200] "GET /robots.txt HTTP/1.1" 404 - "-" "Mozilla/5.0 (compatible; Googlebot/2.1; +http://www.google.com/bot.html)"
66.249.78.8 - - [19/Jul/2013:03:30:02 +0200] "GET /partner.html HTTP/1.1" 304 - "-" "Mozilla/5.0 (iPhone; U; CPU iPhone OS 4_1 like Mac OS X; en-us) AppleWebKit/532.9 (KHTML, like Gecko) Version/4.0.5 Mobile/8B117 Safari/6531.22.7 (compatible; Googlebot-Mobile/2.1; +http://www.google.com/bot.html)"
66.249.78.8 - - [19/Jul/2013:04:20:58 +0200] "GET /kontakt.html HTTP/1.1" 304 - "-" "Mozilla/5.0 (iPhone; U; CPU iPhone OS 4_1 like Mac OS X; en-us) AppleWebKit/532.9 (KHTML, like Gecko) Version/4.0.5 Mobile/8B117 Safari/6531.22.7 (compatible; Googlebot-Mobile/2.1; +http://www.google.com/bot.html)"
208.115.113.85 - - [19/Jul/2013:04:24:40 +0200] "GET /robots.txt HTTP/1.1" 404 - "-" "Mozilla/5.0 (compatible; Ezooms/1.0; ezooms.bot@gmail.com)"
141.8.147.12 - - [19/Jul/2013:06:10:40 +0200] "GET /robots.txt HTTP/1.1" 404 - "-" "Mozilla/5.0 (compatible; YandexBot/3.0; +http://yandex.com/bots)"
141.8.147.12 - - [19/Jul/2013:06:10:44 +0200] "GET /images/bruehla.png HTTP/1.1" 304 - "-" "Mozilla/5.0 (compatible; YandexImages/3.0; +http://yandex.com/bots)"
208.115.113.85 - - [19/Jul/2013:06:15:41 +0200] "GET /uns.html HTTP/1.1" 200 4398 "-" "Mozilla/5.0 (compatible; Ezooms/1.0; ezooms.bot@gmail.com)"
141.8.147.12 - - [19/Jul/2013:06:48:56 +0200] "GET /images/logo.png HTTP/1.1" 304 - "-" "Mozilla/5.0 (compatible; YandexImages/3.0; +http://yandex.com/bots)"
157.55.33.47 - - [19/Jul/2013:07:16:29 +0200] "GET /robots.txt HTTP/1.1" 404 - "-" "Mozilla/5.0 (compatible; bingbot/2.0; +http://www.bing.com/bingbot.htm)"
157.55.33.47 - - [19/Jul/2013:07:26:08 +0200] "GET / HTTP/1.1" 200 4688 "-" "Mozilla/5.0 (compatible; bingbot/2.0; +http://www.bing.com/bingbot.htm)"
141.8.147.12 - - [19/Jul/2013:07:38:14 +0200] "GET / HTTP/1.1" 200 4688 "-" "Mozilla/5.0 (compatible; YandexBot/3.0; +http://yandex.com/bots)"
141.8.147.12 - - [19/Jul/2013:07:38:27 +0200] "GET /images/bild2.png HTTP/1.1" 304 - "-" "Mozilla/5.0 (compatible; YandexImages/3.0; +http://yandex.com/bots)"
141.8.147.12 - - [19/Jul/2013:07:50:13 +0200] "GET /images/5a.png HTTP/1.1" 304 - "-" "Mozilla/5.0 (compatible; YandexImages/3.0; +http://yandex.com/bots)"
141.8.147.12 - - [19/Jul/2013:08:10:59 +0200] "GET /images/0941a.png HTTP/1.1" 304 - "-" "Mozilla/5.0 (compatible; YandexImages/3.0; +http://yandex.com/bots)"
141.8.147.12 - - [19/Jul/2013:08:23:59 +0200] "GET /images/63a.png HTTP/1.1" 304 - "-" "Mozilla/5.0 (compatible; YandexImages/3.0; +http://yandex.com/bots)"
141.8.147.12 - - [19/Jul/2013:08:53:37 +0200] "GET /images/18a.png HTTP/1.1" 304 - "-" "Mozilla/5.0 (compatible; YandexImages/3.0; +http://yandex.com/bots)"
141.8.147.12 - - [19/Jul/2013:08:55:36 +0200] "GET /images/60a.png HTTP/1.1" 304 - "-" "Mozilla/5.0 (compatible; YandexImages/3.0; +http://yandex.com/bots)"
141.8.147.12 - - [19/Jul/2013:08:56:23 +0200] "GET /images/bild1.png HTTP/1.1" 304 - "-" "Mozilla/5.0 (compatible; YandexImages/3.0; +http://yandex.com/bots)"
150.70.75.212 - - [19/Jul/2013:09:12:06 +0200] "GET / HTTP/1.1" 200 4688 "-" "Mozilla/4.0 (compatible; MSIE 8.0; Windows NT 5.1; Trident/4.0)"
212.184.90.83 - - [19/Jul/2013:09:38:09 +0200] "GET / HTTP/1.1" 200 4688 "-" "Mozilla/5.0 (Windows NT 5.1; rv:22.0) Gecko/20100101 Firefox/22.0"
212.184.90.83 - - [19/Jul/2013:09:38:09 +0200] "GET /css/style.css HTTP/1.1" 200 2831 "http://www.mbingenieure.de/" "Mozilla/5.0 (Windows NT 5.1; rv:22.0) Gecko/20100101 Firefox/22.0"
212.184.90.83 - - [19/Jul/2013:09:38:09 +0200] "GET /js/libs/modernizr-2.5.3.min.js HTTP/1.1" 200 15274 "http://www.mbingenieure.de/" "Mozilla/5.0 (Windows NT 5.1; rv:22.0) Gecko/20100101 Firefox/22.0"
212.184.90.83 - - [19/Jul/2013:09:38:09 +0200] "GET /js/plugins.js HTTP/1.1" 200 898 "http://www.mbingenieure.de/" "Mozilla/5.0 (Windows NT 5.1; rv:22.0) Gecko/20100101 Firefox/22.0"
212.184.90.83 - - [19/Jul/2013:09:38:09 +0200] "GET /images/bild2.png HTTP/1.1" 200 68475 "http://www.mbingenieure.de/" "Mozilla/5.0 (Windows NT 5.1; rv:22.0) Gecko/20100101 Firefox/22.0"
212.184.90.83 - - [19/Jul/2013:09:38:10 +0200] "GET /images/footer.png HTTP/1.1" 200 1064 "http://www.mbingenieure.de/css/style.css" "Mozilla/5.0 (Windows NT 5.1; rv:22.0) Gecko/20100101 Firefox/22.0"
212.184.90.83 - - [19/Jul/2013:09:38:10 +0200] "GET /images/header.png HTTP/1.1" 200 1494 "http://www.mbingenieure.de/css/style.css" "Mozilla/5.0 (Windows NT 5.1; rv:22.0) Gecko/20100101 Firefox/22.0"
212.184.90.83 - - [19/Jul/2013:09:38:10 +0200] "GET /images/navi.png HTTP/1.1" 200 946 "http://www.mbingenieure.de/css/style.css" "Mozilla/5.0 (Windows NT 5.1; rv:22.0) Gecko/20100101 Firefox/22.0"
212.184.90.83 - - [19/Jul/2013:09:38:10 +0200] "GET /images/logo.png HTTP/1.1" 200 16467 "http://www.mbingenieure.de/" "Mozilla/5.0 (Windows NT 5.1; rv:22.0) Gecko/20100101 Firefox/22.0"
212.184.90.83 - - [19/Jul/2013:09:38:10 +0200] "GET /images/bild1.png HTTP/1.1" 200 15538 "http://www.mbingenieure.de/" "Mozilla/5.0 (Windows NT 5.1; rv:22.0) Gecko/20100101 Firefox/22.0"
212.184.90.83 - - [19/Jul/2013:09:38:10 +0200] "GET /images/bild4.png HTTP/1.1" 200 65856 "http://www.mbingenieure.de/" "Mozilla/5.0 (Windows NT 5.1; rv:22.0) Gecko/20100101 Firefox/22.0"
212.184.90.83 - - [19/Jul/2013:09:38:10 +0200] "GET /favicon.ico HTTP/1.1" 200 93062 "-" "Mozilla/5.0 (Windows NT 5.1; rv:22.0) Gecko/20100101 Firefox/22.0"
212.184.90.83 - - [19/Jul/2013:09:38:15 +0200] "GET /kontakt.html HTTP/1.1" 200 4451 "http://www.mbingenieure.de/" "Mozilla/5.0 (Windows NT 5.1; rv:22.0) Gecko/20100101 Firefox/22.0"
212.184.90.83 - - [19/Jul/2013:09:38:19 +0200] "GET /impressum.html HTTP/1.1" 200 5721 "http://www.mbingenieure.de/kontakt.html" "Mozilla/5.0 (Windows NT 5.1; rv:22.0) Gecko/20100101 Firefox/22.0"
212.184.90.83 - - [19/Jul/2013:09:38:26 +0200] "GET /uns.html HTTP/1.1" 200 4398 "http://www.mbingenieure.de/impressum.html" "Mozilla/5.0 (Windows NT 5.1; rv:22.0) Gecko/20100101 Firefox/22.0"
212.184.90.83 - - [19/Jul/2013:09:38:29 +0200] "GET /spektrum.html HTTP/1.1" 200 4365 "http://www.mbingenieure.de/uns.html" "Mozilla/5.0 (Windows NT 5.1; rv:22.0) Gecko/20100101 Firefox/22.0"
212.184.90.83 - - [19/Jul/2013:09:38:31 +0200] "GET /index.html HTTP/1.1" 200 4688 "http://www.mbingenieure.de/spektrum.html" "Mozilla/5.0 (Windows NT 5.1; rv:22.0) Gecko/20100101 Firefox/22.0"
141.8.147.12 - - [19/Jul/2013:09:57:32 +0200] "GET /images/bild4.png HTTP/1.1" 304 - "-" "Mozilla/5.0 (compatible; YandexImages/3.0; +http://yandex.com/bots)"
66.249.78.8 - - [19/Jul/2013:16:26:34 +0200] "GET /robots.txt HTTP/1.1" 404 - "-" "Mozilla/5.0 (compatible; Googlebot/2.1; +http://www.google.com/bot.html)"
66.249.78.8 - - [19/Jul/2013:16:26:34 +0200] "GET /impressum.html HTTP/1.1" 304 - "-" "Mozilla/5.0 (iPhone; U; CPU iPhone OS 4_1 like Mac OS X; en-us) AppleWebKit/532.9 (KHTML, like Gecko) Version/4.0.5 Mobile/8B117 Safari/6531.22.7 (compatible; Googlebot-Mobile/2.1; +http://www.google.com/bot.html)"
5.10.83.8 - - [19/Jul/2013:16:29:46 +0200] "GET / HTTP/1.1" 200 4688 "-" "Mozilla/5.0 (compatible; AhrefsBot/5.0; +http://ahrefs.com/robot/)"
157.55.33.47 - - [19/Jul/2013:22:45:35 +0200] "GET /robots.txt HTTP/1.1" 404 - "-" "Mozilla/5.0 (compatible; bingbot/2.0; +http://www.bing.com/bingbot.htm)"
157.55.33.47 - - [19/Jul/2013:22:47:04 +0200] "GET /kontakt.html HTTP/1.1" 200 4451 "-" "Mozilla/5.0 (compatible; bingbot/2.0; +http://www.bing.com/bingbot.htm)"
66.249.78.8 - - [20/Jul/2013:01:44:07 +0200] "GET /robots.txt HTTP/1.1" 404 - "-" "Mozilla/5.0 (compatible; Googlebot/2.1; +http://www.google.com/bot.html)"
66.249.78.8 - - [20/Jul/2013:01:44:07 +0200] "GET /spektrum.html HTTP/1.1" 304 - "-" "Mozilla/5.0 (iPhone; U; CPU iPhone OS 4_1 like Mac OS X; en-us) AppleWebKit/532.9 (KHTML, like Gecko) Version/4.0.5 Mobile/8B117 Safari/6531.22.7 (compatible; Googlebot-Mobile/2.1; +http://www.google.com/bot.html)"
144.76.71.146 - - [20/Jul/2013:05:19:41 +0200] "GET /robots.txt HTTP/1.1" 404 - "-" "Mozilla/5.0 (compatible; SISTRIX Crawler; http://crawler.sistrix.net/)"
144.76.71.146 - - [20/Jul/2013:05:19:41 +0200] "GET / HTTP/1.1" 206 4688 "-" "Mozilla/5.0 (compatible; SISTRIX Crawler; http://crawler.sistrix.net/)"
208.115.111.69 - - [20/Jul/2013:10:24:09 +0200] "GET /robots.txt HTTP/1.1" 404 - "-" "Mozilla/5.0 (compatible; Ezooms/1.0; ezooms.bot@gmail.com)"
66.249.78.8 - - [20/Jul/2013:11:00:24 +0200] "GET /robots.txt HTTP/1.1" 404 - "-" "Mozilla/5.0 (compatible; Googlebot/2.1; +http://www.google.com/bot.html)"
66.249.78.8 - - [20/Jul/2013:11:00:24 +0200] "GET / HTTP/1.1" 200 4688 "-" "Mozilla/5.0 (iPhone; U; CPU iPhone OS 4_1 like Mac OS X; en-us) AppleWebKit/532.9 (KHTML, like Gecko) Version/4.0.5 Mobile/8B117 Safari/6531.22.7 (compatible; Googlebot-Mobile/2.1; +http://www.google.com/bot.html)"
176.9.39.170 - - [20/Jul/2013:11:15:44 +0200] "GET / HTTP/1.1" 200 4688 "-" "-"
208.115.111.69 - - [20/Jul/2013:12:03:24 +0200] "GET /index.html HTTP/1.1" 200 4688 "-" "Mozilla/5.0 (compatible; Ezooms/1.0; ezooms.bot@gmail.com)"
178.77.126.55 - - [20/Jul/2013:12:24:06 +0200] "GET /robots.txt HTTP/1.1" 404 - "-" "Mozilla/5.0 (compatible; CareerBot/1.1; +http://www.career-x.de/bot.html)"
178.77.126.55 - - [20/Jul/2013:12:24:06 +0200] "GET / HTTP/1.1" 200 4688 "-" "Mozilla/5.0 (compatible; CareerBot/1.1; +http://www.career-x.de/bot.html)"
178.77.126.55 - - [20/Jul/2013:12:24:06 +0200] "GET /uns.html HTTP/1.1" 200 4398 "-" "Mozilla/5.0 (compatible; CareerBot/1.1; +http://www.career-x.de/bot.html)"
66.249.75.201 - - [20/Jul/2013:13:47:40 +0200] "GET /images/bild2.png HTTP/1.1" 304 - "-" "Googlebot-Image/1.0"
66.249.78.8 - - [20/Jul/2013:13:51:28 +0200] "GET /uns.html HTTP/1.1" 304 - "-" "Mozilla/5.0 (iPhone; U; CPU iPhone OS 4_1 like Mac OS X; en-us) AppleWebKit/532.9 (KHTML, like Gecko) Version/4.0.5 Mobile/8B117 Safari/6531.22.7 (compatible; Googlebot-Mobile/2.1; +http://www.google.com/bot.html)"
66.249.78.8 - - [20/Jul/2013:16:18:17 +0200] "GET / HTTP/1.1" 200 4688 "-" "Mozilla/5.0 (compatible; Googlebot/2.1; +http://www.google.com/bot.html)"
66.249.78.8 - - [20/Jul/2013:16:21:35 +0200] "GET /css/style.css HTTP/1.1" 200 2831 "-" "Mozilla/5.0 (compatible; Googlebot/2.1; +http://www.google.com/bot.html)"
208.115.111.69 - - [20/Jul/2013:18:26:19 +0200] "GET /robots.txt HTTP/1.1" 404 - "-" "Mozilla/5.0 (compatible; Ezooms/1.0; ezooms.bot@gmail.com)"
208.115.111.69 - - [20/Jul/2013:20:02:14 +0200] "GET /projekte.html HTTP/1.1" 200 8297 "-" "Mozilla/5.0 (compatible; Ezooms/1.0; ezooms.bot@gmail.com)"
69.58.178.58 - - [20/Jul/2013:22:58:56 +0200] "GET /robots.txt HTTP/1.1" 404 - "-" "Mozilla/5.0 (X11; Ubuntu; Linux i686; rv:14.0; ips-agent) Gecko/20100101 Firefox/14.0.1"
69.58.178.58 - - [20/Jul/2013:22:58:57 +0200] "GET / HTTP/1.1" 200 4688 "-" "Mozilla/5.0 (X11; Ubuntu; Linux i686; rv:14.0; ips-agent) Gecko/20100101 Firefox/14.0.1"
69.58.178.58 - - [20/Jul/2013:22:58:59 +0200] "GET /index.html HTTP/1.1" 200 4688 "-" "Mozilla/5.0 (X11; Ubuntu; Linux i686; rv:14.0; ips-agent) Gecko/20100101 Firefox/14.0.1"
69.58.178.58 - - [20/Jul/2013:22:59:00 +0200] "GET /uns.html HTTP/1.1" 200 4398 "-" "Mozilla/5.0 (X11; Ubuntu; Linux i686; rv:14.0; ips-agent) Gecko/20100101 Firefox/14.0.1"
69.58.178.58 - - [20/Jul/2013:22:59:01 +0200] "GET /spektrum.html HTTP/1.1" 200 4365 "-" "Mozilla/5.0 (X11; Ubuntu; Linux i686; rv:14.0; ips-agent) Gecko/20100101 Firefox/14.0.1"
69.58.178.58 - - [20/Jul/2013:22:59:02 +0200] "GET /referenz.html HTTP/1.1" 200 10703 "-" "Mozilla/5.0 (X11; Ubuntu; Linux i686; rv:14.0; ips-agent) Gecko/20100101 Firefox/14.0.1"
69.58.178.58 - - [20/Jul/2013:22:59:04 +0200] "GET /partner.html HTTP/1.1" 200 4401 "-" "Mozilla/5.0 (X11; Ubuntu; Linux i686; rv:14.0; ips-agent) Gecko/20100101 Firefox/14.0.1"
69.58.178.58 - - [20/Jul/2013:22:59:05 +0200] "GET /kontakt.html HTTP/1.1" 200 4451 "-" "Mozilla/5.0 (X11; Ubuntu; Linux i686; rv:14.0; ips-agent) Gecko/20100101 Firefox/14.0.1"
69.58.178.58 - - [20/Jul/2013:22:59:06 +0200] "GET /impressum.html HTTP/1.1" 200 5721 "-" "Mozilla/5.0 (X11; Ubuntu; Linux i686; rv:14.0; ips-agent) Gecko/20100101 Firefox/14.0.1"
69.58.178.58 - - [20/Jul/2013:22:59:07 +0200] "GET /projekte.html HTTP/1.1" 200 8297 "-" "Mozilla/5.0 (X11; Ubuntu; Linux i686; rv:14.0; ips-agent) Gecko/20100101 Firefox/14.0.1"
66.249.78.8 - - [20/Jul/2013:23:45:28 +0200] "GET /robots.txt HTTP/1.1" 404 - "-" "Mozilla/5.0 (compatible; Googlebot/2.1; +http://www.google.com/bot.html)"
66.249.78.8 - - [21/Jul/2013:01:05:35 +0200] "GET /referenz.html HTTP/1.1" 304 - "-" "Mozilla/5.0 (iPhone; U; CPU iPhone OS 4_1 like Mac OS X; en-us) AppleWebKit/532.9 (KHTML, like Gecko) Version/4.0.5 Mobile/8B117 Safari/6531.22.7 (compatible; Googlebot-Mobile/2.1; +http://www.google.com/bot.html)"
157.55.33.47 - - [21/Jul/2013:01:05:47 +0200] "GET /robots.txt HTTP/1.1" 404 - "-" "Mozilla/5.0 (compatible; bingbot/2.0; +http://www.bing.com/bingbot.htm)"
95.133.7.159 - - [21/Jul/2013:01:41:56 +0200] "GET /robots.txt HTTP/1.1" 404 - "-" "Mozilla/5.0 (compatible; 008/0.83; http://www.80legs.com/webcrawler.html;) Gecko/2008032620"
95.133.7.159 - - [21/Jul/2013:01:41:56 +0200] "GET / HTTP/1.1" 200 4688 "-" "Mozilla/5.0 (compatible; 008/0.85; http://www.80legs.com/webcrawler.html) Gecko/2008032620"
178.126.17.231 - - [21/Jul/2013:02:05:48 +0200] "GET /robots.txt HTTP/1.1" 404 - "-" "Mozilla/5.0 (compatible; 008/0.83; http://www.80legs.com/webcrawler.html;) Gecko/2008032620"
178.126.17.231 - - [21/Jul/2013:02:05:49 +0200] "GET / HTTP/1.1" 200 4688 "-" "Mozilla/5.0 (compatible; 008/0.85; http://www.80legs.com/webcrawler.html) Gecko/2008032620"
64.125.222.50 - - [21/Jul/2013:03:54:11 +0200] "GET /robots.txt HTTP/1.1" 404 - "-" "Mozilla/5.0 (compatible; 008/0.83; http://www.80legs.com/webcrawler.html;) Gecko/2008032620"
64.125.222.16 - - [21/Jul/2013:03:58:12 +0200] "GET /robots.txt HTTP/1.1" 404 - "-" "Mozilla/5.0 (compatible; 008/0.83; http://www.80legs.com/webcrawler.html;) Gecko/2008032620"
157.55.33.47 - - [21/Jul/2013:04:04:53 +0200] "GET /robots.txt HTTP/1.1" 404 - "-" "Mozilla/5.0 (compatible; bingbot/2.0; +http://www.bing.com/bingbot.htm)"
157.55.33.47 - - [21/Jul/2013:04:06:42 +0200] "GET /partner.html HTTP/1.1" 200 4401 "-" "Mozilla/5.0 (compatible; bingbot/2.0; +http://www.bing.com/bingbot.htm)"
157.55.32.110 - - [21/Jul/2013:04:10:38 +0200] "GET /impressum.html HTTP/1.1" 200 5721 "-" "Mozilla/5.0 (compatible; bingbot/2.0; +http://www.bing.com/bingbot.htm)"
212.21.30.139 - - [21/Jul/2013:04:16:49 +0200] "GET / HTTP/1.1" 200 4688 "-" "Mozilla/5.0 (compatible; 008/0.85; http://www.80legs.com/webcrawler.html) Gecko/2008032620"
185.10.182.29 - - [21/Jul/2013:04:17:00 +0200] "GET /impressum.html HTTP/1.1" 200 5721 "-" "Mozilla/5.0 (compatible; 008/0.85; http://www.80legs.com/webcrawler.html) Gecko/2008032620"
31.131.77.104 - - [21/Jul/2013:04:23:38 +0200] "GET / HTTP/1.1" 200 4688 "-" "Mozilla/5.0 (compatible; 008/0.85; http://www.80legs.com/webcrawler.html) Gecko/2008032620"
176.125.102.68 - - [21/Jul/2013:04:41:59 +0200] "GET /impressum.html HTTP/1.1" 200 5721 "-" "Mozilla/5.0 (compatible; 008/0.85; http://www.80legs.com/webcrawler.html) Gecko/2008032620"
124.13.68.128 - - [21/Jul/2013:04:46:30 +0200] "GET /index.html HTTP/1.1" 200 4688 "-" "Mozilla/5.0 (compatible; 008/0.85; http://www.80legs.com/webcrawler.html) Gecko/2008032620"
89.105.243.135 - - [21/Jul/2013:04:56:26 +0200] "GET /impressum.html HTTP/1.1" 200 5721 "-" "Mozilla/5.0 (compatible; 008/0.85; http://www.80legs.com/webcrawler.html) Gecko/2008032620"
78.106.130.126 - - [21/Jul/2013:04:57:12 +0200] "GET /impressum.html HTTP/1.1" 200 5721 "-" "Mozilla/5.0 (compatible; 008/0.85; http://www.80legs.com/webcrawler.html) Gecko/2008032620"
37.214.169.130 - - [21/Jul/2013:05:04:25 +0200] "GET /impressum.html HTTP/1.1" 200 5721 "-" "Mozilla/5.0 (compatible; 008/0.85; http://www.80legs.com/webcrawler.html) Gecko/2008032620"
64.125.222.50 - - [21/Jul/2013:05:55:50 +0200] "GET /robots.txt HTTP/1.1" 404 - "-" "Mozilla/5.0 (compatible; 008/0.83; http://www.80legs.com/webcrawler.html;) Gecko/2008032620"
94.41.78.220 - - [21/Jul/2013:06:01:33 +0200] "GET /partner.html HTTP/1.1" 200 4401 "-" "Mozilla/5.0 (compatible; 008/0.85; http://www.80legs.com/webcrawler.html) Gecko/2008032620"
5.34.60.60 - - [21/Jul/2013:06:01:36 +0200] "GET /partner.html HTTP/1.1" 200 4401 "-" "Mozilla/5.0 (compatible; 008/0.85; http://www.80legs.com/webcrawler.html) Gecko/2008032620"
5.34.60.60 - - [21/Jul/2013:06:01:41 +0200] "GET /referenz.html HTTP/1.1" 200 10703 "-" "Mozilla/5.0 (compatible; 008/0.85; http://www.80legs.com/webcrawler.html) Gecko/2008032620"
95.131.9.242 - - [21/Jul/2013:06:01:42 +0200] "GET /kontakt.html HTTP/1.1" 200 4451 "-" "Mozilla/5.0 (compatible; 008/0.85; http://www.80legs.com/webcrawler.html) Gecko/2008032620"
95.131.9.242 - - [21/Jul/2013:06:01:46 +0200] "GET /kontakt.html HTTP/1.1" 200 4451 "-" "Mozilla/5.0 (compatible; 008/0.85; http://www.80legs.com/webcrawler.html) Gecko/2008032620"
5.164.56.255 - - [21/Jul/2013:06:04:25 +0200] "GET /kontakt.html HTTP/1.1" 200 4451 "-" "Mozilla/5.0 (compatible; 008/0.85; http://www.80legs.com/webcrawler.html) Gecko/2008032620"
64.125.222.16 - - [21/Jul/2013:06:06:10 +0200] "GET /robots.txt HTTP/1.1" 404 - "-" "Mozilla/5.0 (compatible; 008/0.83; http://www.80legs.com/webcrawler.html;) Gecko/2008032620"
77.239.174.37 - - [21/Jul/2013:06:07:38 +0200] "GET /kontakt.html HTTP/1.1" 200 4451 "-" "Mozilla/5.0 (compatible; 008/0.85; http://www.80legs.com/webcrawler.html) Gecko/2008032620"
77.239.174.37 - - [21/Jul/2013:06:07:40 +0200] "GET /kontakt.html HTTP/1.1" 200 4451 "-" "Mozilla/5.0 (compatible; 008/0.85; http://www.80legs.com/webcrawler.html) Gecko/2008032620"
77.239.174.37 - - [21/Jul/2013:06:07:41 +0200] "GET /partner.html HTTP/1.1" 200 4401 "-" "Mozilla/5.0 (compatible; 008/0.85; http://www.80legs.com/webcrawler.html) Gecko/2008032620"
77.239.174.37 - - [21/Jul/2013:06:07:42 +0200] "GET /referenz.html HTTP/1.1" 200 10703 "-" "Mozilla/5.0 (compatible; 008/0.85; http://www.80legs.com/webcrawler.html) Gecko/2008032620"
77.239.174.37 - - [21/Jul/2013:06:07:43 +0200] "GET /spektrum.html HTTP/1.1" 200 4365 "-" "Mozilla/5.0 (compatible; 008/0.85; http://www.80legs.com/webcrawler.html) Gecko/2008032620"
77.239.174.37 - - [21/Jul/2013:06:07:44 +0200] "GET /uns.html HTTP/1.1" 200 4398 "-" "Mozilla/5.0 (compatible; 008/0.85; http://www.80legs.com/webcrawler.html) Gecko/2008032620"
178.185.4.121 - - [21/Jul/2013:06:10:23 +0200] "GET /spektrum.html HTTP/1.1" 200 4365 "-" "Mozilla/5.0 (compatible; 008/0.85; http://www.80legs.com/webcrawler.html) Gecko/2008032620"
115.134.201.67 - - [21/Jul/2013:06:11:06 +0200] "GET /robots.txt HTTP/1.1" 404 - "-" "Mozilla/5.0 (compatible; 008/0.83; http://www.80legs.com/webcrawler.html;) Gecko/2008032620"
115.134.201.67 - - [21/Jul/2013:06:11:07 +0200] "GET /uns.html HTTP/1.1" 200 4398 "-" "Mozilla/5.0 (compatible; 008/0.85; http://www.80legs.com/webcrawler.html) Gecko/2008032620"
212.35.75.64 - - [21/Jul/2013:06:11:33 +0200] "GET /spektrum.html HTTP/1.1" 200 4365 "-" "Mozilla/5.0 (compatible; 008/0.85; http://www.80legs.com/webcrawler.html) Gecko/2008032620"
94.41.78.220 - - [21/Jul/2013:06:11:48 +0200] "GET /robots.txt HTTP/1.1" 404 - "-" "Mozilla/5.0 (compatible; 008/0.83; http://www.80legs.com/webcrawler.html;) Gecko/2008032620"
94.41.78.220 - - [21/Jul/2013:06:11:48 +0200] "GET /uns.html HTTP/1.1" 200 4398 "-" "Mozilla/5.0 (compatible; 008/0.85; http://www.80legs.com/webcrawler.html) Gecko/2008032620"
64.125.222.50 - - [21/Jul/2013:06:23:35 +0200] "GET /robots.txt HTTP/1.1" 404 - "-" "Mozilla/5.0 (compatible; 008/0.83; http://www.80legs.com/webcrawler.html;) Gecko/2008032620"
178.185.4.121 - - [21/Jul/2013:06:23:48 +0200] "GET /spektrum.html HTTP/1.1" 200 4365 "-" "Mozilla/5.0 (compatible; 008/0.85; http://www.80legs.com/webcrawler.html) Gecko/2008032620"
109.205.253.193 - - [21/Jul/2013:06:24:01 +0200] "GET /spektrum.html HTTP/1.1" 200 4365 "-" "Mozilla/5.0 (compatible; 008/0.85; http://www.80legs.com/webcrawler.html) Gecko/2008032620"
178.76.200.240 - - [21/Jul/2013:06:24:04 +0200] "GET /spektrum.html HTTP/1.1" 200 4365 "-" "Mozilla/5.0 (compatible; 008/0.85; http://www.80legs.com/webcrawler.html) Gecko/2008032620"
176.51.31.39 - - [21/Jul/2013:06:24:10 +0200] "GET /spektrum.html HTTP/1.1" 200 4365 "-" "Mozilla/5.0 (compatible; 008/0.85; http://www.80legs.com/webcrawler.html) Gecko/2008032620"
213.174.0.4 - - [21/Jul/2013:06:24:14 +0200] "GET /spektrum.html HTTP/1.1" 200 4365 "-" "Mozilla/5.0 (compatible; 008/0.85; http://www.80legs.com/webcrawler.html) Gecko/2008032620"
64.125.222.50 - - [21/Jul/2013:06:38:42 +0200] "GET /robots.txt HTTP/1.1" 404 - "-" "Mozilla/5.0 (compatible; 008/0.83; http://www.80legs.com/webcrawler.html;) Gecko/2008032620"
176.51.145.253 - - [21/Jul/2013:06:49:46 +0200] "GET /projekte.html HTTP/1.1" 200 8297 "-" "Mozilla/5.0 (compatible; 008/0.85; http://www.80legs.com/webcrawler.html) Gecko/2008032620"
95.133.155.125 - - [21/Jul/2013:06:53:17 +0200] "GET /projekte.html HTTP/1.1" 200 8297 "-" "Mozilla/5.0 (compatible; 008/0.85; http://www.80legs.com/webcrawler.html) Gecko/2008032620"
141.8.147.12 - - [21/Jul/2013:07:40:59 +0200] "GET /robots.txt HTTP/1.1" 404 - "-" "Mozilla/5.0 (compatible; YandexBot/3.0; +http://yandex.com/bots)"
141.8.147.12 - - [21/Jul/2013:07:41:01 +0200] "GET /images/5a.png HTTP/1.1" 304 - "-" "Mozilla/5.0 (compatible; YandexImages/3.0; +http://yandex.com/bots)"
141.8.147.12 - - [21/Jul/2013:09:25:50 +0200] "GET /images/63a.png HTTP/1.1" 304 - "-" "Mozilla/5.0 (compatible; YandexImages/3.0; +http://yandex.com/bots)"
208.167.230.67 - - [21/Jul/2013:10:29:32 +0200] "GET /spektrum.html HTTP/1.1" 200 4365 "-" "Mozilla/5.0 (compatible; AhrefsBot/4.0; +http://ahrefs.com/robot/)"
208.167.230.67 - - [21/Jul/2013:10:37:29 +0200] "GET / HTTP/1.1" 200 4688 "-" "Mozilla/5.0 (compatible; AhrefsBot/4.0; +http://ahrefs.com/robot/)"
66.249.78.8 - - [21/Jul/2013:11:16:19 +0200] "GET /robots.txt HTTP/1.1" 404 - "-" "Mozilla/5.0 (compatible; Googlebot/2.1; +http://www.google.com/bot.html)"
66.249.78.8 - - [21/Jul/2013:11:16:19 +0200] "GET /kontakt.html HTTP/1.1" 304 - "-" "Mozilla/5.0 (iPhone; U; CPU iPhone OS 4_1 like Mac OS X; en-us) AppleWebKit/532.9 (KHTML, like Gecko) Version/4.0.5 Mobile/8B117 Safari/6531.22.7 (compatible; Googlebot-Mobile/2.1; +http://www.google.com/bot.html)"
208.167.230.67 - - [21/Jul/2013:11:19:43 +0200] "GET /kontakt.html HTTP/1.1" 200 4451 "-" "Mozilla/5.0 (compatible; AhrefsBot/4.0; +http://ahrefs.com/robot/)"
141.8.147.12 - - [21/Jul/2013:13:36:37 +0200] "GET /images/18a.png HTTP/1.1" 304 - "-" "Mozilla/5.0 (compatible; YandexImages/3.0; +http://yandex.com/bots)"
141.8.147.12 - - [21/Jul/2013:13:50:47 +0200] "GET /images/bild2.png HTTP/1.1" 304 - "-" "Mozilla/5.0 (compatible; YandexImages/3.0; +http://yandex.com/bots)"
141.8.147.12 - - [21/Jul/2013:13:53:28 +0200] "GET /images/logo.png HTTP/1.1" 304 - "-" "Mozilla/5.0 (compatible; YandexImages/3.0; +http://yandex.com/bots)"
141.8.147.12 - - [21/Jul/2013:14:47:23 +0200] "GET /images/0941a.png HTTP/1.1" 304 - "-" "Mozilla/5.0 (compatible; YandexImages/3.0; +http://yandex.com/bots)"
141.8.147.12 - - [21/Jul/2013:14:56:29 +0200] "GET /images/bild4.png HTTP/1.1" 304 - "-" "Mozilla/5.0 (compatible; YandexImages/3.0; +http://yandex.com/bots)"
141.8.147.12 - - [21/Jul/2013:16:30:20 +0200] "GET /images/bruehla.png HTTP/1.1" 304 - "-" "Mozilla/5.0 (compatible; YandexImages/3.0; +http://yandex.com/bots)"
141.8.147.12 - - [21/Jul/2013:17:49:24 +0200] "GET /images/60a.png HTTP/1.1" 304 - "-" "Mozilla/5.0 (compatible; YandexImages/3.0; +http://yandex.com/bots)"
141.8.147.12 - - [21/Jul/2013:18:45:07 +0200] "GET /images/bild1.png HTTP/1.1" 304 - "-" "Mozilla/5.0 (compatible; YandexImages/3.0; +http://yandex.com/bots)"
66.249.78.8 - - [21/Jul/2013:18:58:30 +0200] "GET /robots.txt HTTP/1.1" 404 - "-" "Mozilla/5.0 (compatible; Googlebot/2.1; +http://www.google.com/bot.html)"
66.249.75.201 - - [21/Jul/2013:18:58:30 +0200] "GET / HTTP/1.1" 200 4688 "-" "DoCoMo/2.0 N905i(c100;TB;W24H16) (compatible; Googlebot-Mobile/2.1; +http://www.google.com/bot.html)"
66.249.78.8 - - [21/Jul/2013:22:22:30 +0200] "GET / HTTP/1.1" 200 4688 "-" "Mozilla/5.0 (iPhone; U; CPU iPhone OS 4_1 like Mac OS X; en-us) AppleWebKit/532.9 (KHTML, like Gecko) Version/4.0.5 Mobile/8B117 Safari/6531.22.7 (compatible; Googlebot-Mobile/2.1; +http://www.google.com/bot.html)"
157.55.33.47 - - [22/Jul/2013:00:32:44 +0200] "GET /robots.txt HTTP/1.1" 404 - "-" "Mozilla/5.0 (compatible; bingbot/2.0; +http://www.bing.com/bingbot.htm)"
157.55.33.47 - - [22/Jul/2013:00:33:59 +0200] "GET /spektrum.html HTTP/1.1" 200 4365 "-" "Mozilla/5.0 (compatible; bingbot/2.0; +http://www.bing.com/bingbot.htm)"
84.38.65.176 - - [22/Jul/2013:00:56:58 +0200] "GET / HTTP/1.0" 200 4688 "http://www.backlink-webkatalog.de/" "T-Online Browser"
66.249.78.8 - - [22/Jul/2013:02:15:00 +0200] "GET /impressum.html HTTP/1.1" 304 - "-" "Mozilla/5.0 (iPhone; U; CPU iPhone OS 4_1 like Mac OS X; en-us) AppleWebKit/532.9 (KHTML, like Gecko) Version/4.0.5 Mobile/8B117 Safari/6531.22.7 (compatible; Googlebot-Mobile/2.1; +http://www.google.com/bot.html)"
5.10.83.52 - - [22/Jul/2013:08:09:56 +0200] "GET / HTTP/1.1" 200 4688 "-" "Mozilla/5.0 (compatible; AhrefsBot/5.0; +http://ahrefs.com/robot/)"
141.8.147.12 - - [22/Jul/2013:08:21:46 +0200] "GET /robots.txt HTTP/1.1" 404 - "-" "Mozilla/5.0 (compatible; YandexBot/3.0; +http://yandex.com/bots)"
208.167.230.67 - - [22/Jul/2013:08:52:37 +0200] "GET /referenz.html HTTP/1.1" 200 10703 "-" "Mozilla/5.0 (compatible; AhrefsBot/4.0; +http://ahrefs.com/robot/)"
66.249.78.8 - - [22/Jul/2013:13:40:33 +0200] "GET /robots.txt HTTP/1.1" 404 - "-" "Mozilla/5.0 (compatible; Googlebot/2.1; +http://www.google.com/bot.html)"
66.249.78.8 - - [22/Jul/2013:13:40:33 +0200] "GET /kontakt.html HTTP/1.1" 304 - "-" "Mozilla/5.0 (iPhone; U; CPU iPhone OS 4_1 like Mac OS X; en-us) AppleWebKit/532.9 (KHTML, like Gecko) Version/4.0.5 Mobile/8B117 Safari/6531.22.7 (compatible; Googlebot-Mobile/2.1; +http://www.google.com/bot.html)"
66.249.75.201 - - [22/Jul/2013:14:01:53 +0200] "GET /spektrum.html HTTP/1.1" 304 - "-" "Mozilla/5.0 (iPhone; U; CPU iPhone OS 4_1 like Mac OS X; en-us) AppleWebKit/532.9 (KHTML, like Gecko) Version/4.0.5 Mobile/8B117 Safari/6531.22.7 (compatible; Googlebot-Mobile/2.1; +http://www.google.com/bot.html)"
141.8.147.12 - - [22/Jul/2013:14:23:07 +0200] "GET / HTTP/1.1" 200 4688 "-" "Mozilla/5.0 (compatible; YandexBot/3.0; +http://yandex.com/bots)"
88.72.195.209 - - [22/Jul/2013:15:48:30 +0200] "GET / HTTP/1.1" 200 4688 "http://maps.google.de/local_url?dq=ingenieurb%C3%BCro+wandlitz&q=http://www.mbingenieure.de/&ved=0CE4Q5AQ&sa=X&ei=ujftUdzFJcaliAbcloDwDA&s=ANYYN7mmG8I7pi-oDoTo408hDorvO0_0fA" "Mozilla/5.0 (Windows NT 6.1; rv:22.0) Gecko/20100101 Firefox/22.0"
88.72.195.209 - - [22/Jul/2013:15:48:31 +0200] "GET /css/style.css HTTP/1.1" 200 2831 "http://www.mbingenieure.de/" "Mozilla/5.0 (Windows NT 6.1; rv:22.0) Gecko/20100101 Firefox/22.0"
88.72.195.209 - - [22/Jul/2013:15:48:31 +0200] "GET /js/libs/modernizr-2.5.3.min.js HTTP/1.1" 200 15274 "http://www.mbingenieure.de/" "Mozilla/5.0 (Windows NT 6.1; rv:22.0) Gecko/20100101 Firefox/22.0"
88.72.195.209 - - [22/Jul/2013:15:48:31 +0200] "GET /js/plugins.js HTTP/1.1" 200 898 "http://www.mbingenieure.de/" "Mozilla/5.0 (Windows NT 6.1; rv:22.0) Gecko/20100101 Firefox/22.0"
88.72.195.209 - - [22/Jul/2013:15:48:31 +0200] "GET /images/logo.png HTTP/1.1" 200 16467 "http://www.mbingenieure.de/" "Mozilla/5.0 (Windows NT 6.1; rv:22.0) Gecko/20100101 Firefox/22.0"
88.72.195.209 - - [22/Jul/2013:15:48:31 +0200] "GET /images/bild1.png HTTP/1.1" 200 15538 "http://www.mbingenieure.de/" "Mozilla/5.0 (Windows NT 6.1; rv:22.0) Gecko/20100101 Firefox/22.0"
88.72.195.209 - - [22/Jul/2013:15:48:31 +0200] "GET /images/footer.png HTTP/1.1" 200 1064 "http://www.mbingenieure.de/css/style.css" "Mozilla/5.0 (Windows NT 6.1; rv:22.0) Gecko/20100101 Firefox/22.0"
88.72.195.209 - - [22/Jul/2013:15:48:31 +0200] "GET /images/header.png HTTP/1.1" 200 1494 "http://www.mbingenieure.de/css/style.css" "Mozilla/5.0 (Windows NT 6.1; rv:22.0) Gecko/20100101 Firefox/22.0"
88.72.195.209 - - [22/Jul/2013:15:48:31 +0200] "GET /images/navi.png HTTP/1.1" 200 946 "http://www.mbingenieure.de/css/style.css" "Mozilla/5.0 (Windows NT 6.1; rv:22.0) Gecko/20100101 Firefox/22.0"
88.72.195.209 - - [22/Jul/2013:15:48:31 +0200] "GET /images/bild2.png HTTP/1.1" 200 68475 "http://www.mbingenieure.de/" "Mozilla/5.0 (Windows NT 6.1; rv:22.0) Gecko/20100101 Firefox/22.0"
88.72.195.209 - - [22/Jul/2013:15:48:31 +0200] "GET /images/bild4.png HTTP/1.1" 200 65856 "http://www.mbingenieure.de/" "Mozilla/5.0 (Windows NT 6.1; rv:22.0) Gecko/20100101 Firefox/22.0"
88.72.195.209 - - [22/Jul/2013:15:48:32 +0200] "GET /favicon.ico HTTP/1.1" 200 93062 "-" "Mozilla/5.0 (Windows NT 6.1; rv:22.0) Gecko/20100101 Firefox/22.0"
88.72.195.209 - - [22/Jul/2013:15:48:34 +0200] "GET /spektrum.html HTTP/1.1" 200 4365 "http://www.mbingenieure.de/" "Mozilla/5.0 (Windows NT 6.1; rv:22.0) Gecko/20100101 Firefox/22.0"
88.72.195.209 - - [22/Jul/2013:15:48:44 +0200] "GET /referenz.html HTTP/1.1" 200 10703 "http://www.mbingenieure.de/spektrum.html" "Mozilla/5.0 (Windows NT 6.1; rv:22.0) Gecko/20100101 Firefox/22.0"
88.72.195.209 - - [22/Jul/2013:15:48:57 +0200] "GET /partner.html HTTP/1.1" 200 4401 "http://www.mbingenieure.de/referenz.html" "Mozilla/5.0 (Windows NT 6.1; rv:22.0) Gecko/20100101 Firefox/22.0"
88.72.195.209 - - [22/Jul/2013:15:49:01 +0200] "GET /kontakt.html HTTP/1.1" 200 4451 "http://www.mbingenieure.de/partner.html" "Mozilla/5.0 (Windows NT 6.1; rv:22.0) Gecko/20100101 Firefox/22.0"
150.70.97.125 - - [22/Jul/2013:15:49:07 +0200] "GET / HTTP/1.1" 200 4688 "-" "Mozilla/4.0 (compatible; MSIE 8.0; Windows NT 5.1; Trident/4.0)"
150.70.75.31 - - [22/Jul/2013:15:51:14 +0200] "GET / HTTP/1.0" 200 4688 "-" "Mozilla/4.0 (compatible; MSIE 6.0; Windows NT 5.1)"
80.156.247.58 - - [22/Jul/2013:16:00:13 +0200] "GET / HTTP/1.1" 200 4688 "http://www.google.de/url?sa=t&rct=j&q=mb%20ingenieure%20panketal&source=web&cd=1&ved=0CC8QFjAA&url=http%3A%2F%2Fwww.mbingenieure.de%2F&ei=fDrtUZnWF8nlswbil4HoAg&usg=AFQjCNEyLqXMZj9hDUfmjIo04GBdDmaXCQ&bvm=bv.49478099,d.Yms" "Mozilla/4.0 (compatible; MSIE 8.0; Windows NT 5.1; Trident/4.0; .NET CLR 1.1.4322; .NET CLR 2.0.50727; .NET CLR 3.0.04506.30; .NET CLR 3.0.4506.2152; .NET CLR 3.5.30729; .NET4.0C; .NET4.0E)"
80.156.247.58 - - [22/Jul/2013:16:00:13 +0200] "GET /css/style.css HTTP/1.1" 200 2831 "http://www.mbingenieure.de/" "Mozilla/4.0 (compatible; MSIE 8.0; Windows NT 5.1; Trident/4.0; .NET CLR 1.1.4322; .NET CLR 2.0.50727; .NET CLR 3.0.04506.30; .NET CLR 3.0.4506.2152; .NET CLR 3.5.30729; .NET4.0C; .NET4.0E)"
80.156.247.58 - - [22/Jul/2013:16:00:13 +0200] "GET /js/libs/modernizr-2.5.3.min.js HTTP/1.1" 200 15274 "http://www.mbingenieure.de/" "Mozilla/4.0 (compatible; MSIE 8.0; Windows NT 5.1; Trident/4.0; .NET CLR 1.1.4322; .NET CLR 2.0.50727; .NET CLR 3.0.04506.30; .NET CLR 3.0.4506.2152; .NET CLR 3.5.30729; .NET4.0C; .NET4.0E)"
80.156.247.58 - - [22/Jul/2013:16:00:13 +0200] "GET /images/footer.png HTTP/1.1" 200 1064 "http://www.mbingenieure.de/" "Mozilla/4.0 (compatible; MSIE 8.0; Windows NT 5.1; Trident/4.0; .NET CLR 1.1.4322; .NET CLR 2.0.50727; .NET CLR 3.0.04506.30; .NET CLR 3.0.4506.2152; .NET CLR 3.5.30729; .NET4.0C; .NET4.0E)"
80.156.247.58 - - [22/Jul/2013:16:00:13 +0200] "GET /images/logo.png HTTP/1.1" 200 16467 "http://www.mbingenieure.de/" "Mozilla/4.0 (compatible; MSIE 8.0; Windows NT 5.1; Trident/4.0; .NET CLR 1.1.4322; .NET CLR 2.0.50727; .NET CLR 3.0.04506.30; .NET CLR 3.0.4506.2152; .NET CLR 3.5.30729; .NET4.0C; .NET4.0E)"
80.156.247.58 - - [22/Jul/2013:16:00:13 +0200] "GET /images/header.png HTTP/1.1" 200 1494 "http://www.mbingenieure.de/" "Mozilla/4.0 (compatible; MSIE 8.0; Windows NT 5.1; Trident/4.0; .NET CLR 1.1.4322; .NET CLR 2.0.50727; .NET CLR 3.0.04506.30; .NET CLR 3.0.4506.2152; .NET CLR 3.5.30729; .NET4.0C; .NET4.0E)"
80.156.247.58 - - [22/Jul/2013:16:00:13 +0200] "GET /images/bild1.png HTTP/1.1" 200 15538 "http://www.mbingenieure.de/" "Mozilla/4.0 (compatible; MSIE 8.0; Windows NT 5.1; Trident/4.0; .NET CLR 1.1.4322; .NET CLR 2.0.50727; .NET CLR 3.0.04506.30; .NET CLR 3.0.4506.2152; .NET CLR 3.5.30729; .NET4.0C; .NET4.0E)"
80.156.247.58 - - [22/Jul/2013:16:00:13 +0200] "GET /images/navi.png HTTP/1.1" 200 946 "http://www.mbingenieure.de/" "Mozilla/4.0 (compatible; MSIE 8.0; Windows NT 5.1; Trident/4.0; .NET CLR 1.1.4322; .NET CLR 2.0.50727; .NET CLR 3.0.04506.30; .NET CLR 3.0.4506.2152; .NET CLR 3.5.30729; .NET4.0C; .NET4.0E)"
80.156.247.58 - - [22/Jul/2013:16:00:13 +0200] "GET /images/bild2.png HTTP/1.1" 200 68475 "http://www.mbingenieure.de/" "Mozilla/4.0 (compatible; MSIE 8.0; Windows NT 5.1; Trident/4.0; .NET CLR 1.1.4322; .NET CLR 2.0.50727; .NET CLR 3.0.04506.30; .NET CLR 3.0.4506.2152; .NET CLR 3.5.30729; .NET4.0C; .NET4.0E)"
80.156.247.58 - - [22/Jul/2013:16:00:14 +0200] "GET /js/plugins.js HTTP/1.1" 200 898 "http://www.mbingenieure.de/" "Mozilla/4.0 (compatible; MSIE 8.0; Windows NT 5.1; Trident/4.0; .NET CLR 1.1.4322; .NET CLR 2.0.50727; .NET CLR 3.0.04506.30; .NET CLR 3.0.4506.2152; .NET CLR 3.5.30729; .NET4.0C; .NET4.0E)"
80.156.247.58 - - [22/Jul/2013:16:00:13 +0200] "GET /images/bild4.png HTTP/1.1" 200 65856 "http://www.mbingenieure.de/" "Mozilla/4.0 (compatible; MSIE 8.0; Windows NT 5.1; Trident/4.0; .NET CLR 1.1.4322; .NET CLR 2.0.50727; .NET CLR 3.0.04506.30; .NET CLR 3.0.4506.2152; .NET CLR 3.5.30729; .NET4.0C; .NET4.0E)"
80.156.247.58 - - [22/Jul/2013:16:00:14 +0200] "GET /favicon.ico HTTP/1.1" 200 93062 "-" "Mozilla/4.0 (compatible; MSIE 8.0; Windows NT 5.1; Trident/4.0; .NET CLR 1.1.4322; .NET CLR 2.0.50727; .NET CLR 3.0.04506.30; .NET CLR 3.0.4506.2152; .NET CLR 3.5.30729; .NET4.0C; .NET4.0E)"
80.156.247.58 - - [22/Jul/2013:16:00:26 +0200] "GET /impressum.html HTTP/1.1" 200 5721 "http://www.mbingenieure.de/" "Mozilla/4.0 (compatible; MSIE 8.0; Windows NT 5.1; Trident/4.0; .NET CLR 1.1.4322; .NET CLR 2.0.50727; .NET CLR 3.0.04506.30; .NET CLR 3.0.4506.2152; .NET CLR 3.5.30729; .NET4.0C; .NET4.0E)"
157.55.33.47 - - [22/Jul/2013:18:44:58 +0200] "GET /robots.txt HTTP/1.1" 404 - "-" "Mozilla/5.0 (compatible; bingbot/2.0; +http://www.bing.com/bingbot.htm)"
157.55.33.47 - - [22/Jul/2013:18:45:35 +0200] "GET / HTTP/1.1" 200 4688 "-" "Mozilla/5.0 (compatible; bingbot/2.0; +http://www.bing.com/bingbot.htm)"
141.8.147.12 - - [22/Jul/2013:21:25:56 +0200] "GET /robots.txt HTTP/1.1" 404 - "-" "Mozilla/5.0 (compatible; YandexBot/3.0; +http://yandex.com/bots)"
141.8.147.12 - - [22/Jul/2013:21:25:58 +0200] "GET /images/18a.png HTTP/1.1" 304 - "-" "Mozilla/5.0 (compatible; YandexImages/3.0; +http://yandex.com/bots)"
208.167.230.67 - - [22/Jul/2013:21:33:52 +0200] "GET /partner.html HTTP/1.1" 200 4401 "-" "Mozilla/5.0 (compatible; AhrefsBot/4.0; +http://ahrefs.com/robot/)"
178.77.126.55 - - [22/Jul/2013:21:37:31 +0200] "GET /robots.txt HTTP/1.1" 404 - "-" "Mozilla/5.0 (compatible; CareerBot/1.1; +http://www.career-x.de/bot.html)"
178.77.126.55 - - [22/Jul/2013:21:37:31 +0200] "GET / HTTP/1.1" 200 4688 "-" "Mozilla/5.0 (compatible; CareerBot/1.1; +http://www.career-x.de/bot.html)"
178.77.126.55 - - [22/Jul/2013:21:37:31 +0200] "GET /uns.html HTTP/1.1" 200 4398 "-" "Mozilla/5.0 (compatible; CareerBot/1.1; +http://www.career-x.de/bot.html)"
5.10.83.18 - - [22/Jul/2013:21:46:43 +0200] "GET /referenz.html HTTP/1.1" 200 10703 "-" "Mozilla/5.0 (compatible; AhrefsBot/5.0; +http://ahrefs.com/robot/)"
5.10.83.18 - - [22/Jul/2013:21:56:42 +0200] "GET /partner.html HTTP/1.1" 200 4401 "-" "Mozilla/5.0 (compatible; AhrefsBot/5.0; +http://ahrefs.com/robot/)"
5.10.83.18 - - [22/Jul/2013:22:04:17 +0200] "GET /impressum.html HTTP/1.1" 200 5721 "-" "Mozilla/5.0 (compatible; AhrefsBot/5.0; +http://ahrefs.com/robot/)"
141.8.147.12 - - [22/Jul/2013:22:37:25 +0200] "GET /images/bild4.png HTTP/1.1" 304 - "-" "Mozilla/5.0 (compatible; YandexImages/3.0; +http://yandex.com/bots)"
87.123.89.29 - - [22/Jul/2013:22:53:04 +0200] "GET /projekte.html HTTP/1.1" 200 8297 "http://www.google.de/url?sa=t&rct=j&q=&esrc=s&source=web&cd=8&ved=0CFgQFjAH&url=http%3A%2F%2Fwww.mbingenieure.de%2Fprojekte.html&ei=1JrtUeumNcLctAbdrYHgBg&usg=AFQjCNERVBFaKrXTbAzeHMTU8rxEP-iO9A&bvm=bv.49478099,d.Yms" "Mozilla/5.0 (Windows NT 5.1; rv:22.0) Gecko/20100101 Firefox/22.0"
87.123.89.29 - - [22/Jul/2013:22:53:04 +0200] "GET /css/style.css HTTP/1.1" 200 2831 "http://www.mbingenieure.de/projekte.html" "Mozilla/5.0 (Windows NT 5.1; rv:22.0) Gecko/20100101 Firefox/22.0"
87.123.89.29 - - [22/Jul/2013:22:53:04 +0200] "GET /js/libs/modernizr-2.5.3.min.js HTTP/1.1" 200 15274 "http://www.mbingenieure.de/projekte.html" "Mozilla/5.0 (Windows NT 5.1; rv:22.0) Gecko/20100101 Firefox/22.0"
87.123.89.29 - - [22/Jul/2013:22:53:04 +0200] "GET /js/plugins.js HTTP/1.1" 200 898 "http://www.mbingenieure.de/projekte.html" "Mozilla/5.0 (Windows NT 5.1; rv:22.0) Gecko/20100101 Firefox/22.0"
87.123.89.29 - - [22/Jul/2013:22:53:04 +0200] "GET /images/5a.png HTTP/1.1" 200 16540 "http://www.mbingenieure.de/projekte.html" "Mozilla/5.0 (Windows NT 5.1; rv:22.0) Gecko/20100101 Firefox/22.0"
87.123.89.29 - - [22/Jul/2013:22:53:04 +0200] "GET /images/60a.png HTTP/1.1" 200 14729 "http://www.mbingenieure.de/projekte.html" "Mozilla/5.0 (Windows NT 5.1; rv:22.0) Gecko/20100101 Firefox/22.0"
