81.144.138.34 - - [01/Jul/2013:03:21:11 +0200] "GET /robots.txt HTTP/1.1" 404 - "-" "Wotbox/2.01 (+http://www.wotbox.com/bot/)"
81.144.138.34 - - [01/Jul/2013:03:21:24 +0200] "GET / HTTP/1.1" 200 4688 "-" "Wotbox/2.01 (+http://www.wotbox.com/bot/)"
81.144.138.34 - - [01/Jul/2013:03:21:29 +0200] "GET /index.html HTTP/1.1" 200 4688 "-" "Wotbox/2.01 (+http://www.wotbox.com/bot/)"
81.144.138.34 - - [01/Jul/2013:03:21:36 +0200] "GET /uns.html HTTP/1.1" 200 4398 "-" "Wotbox/2.01 (+http://www.wotbox.com/bot/)"
81.144.138.34 - - [01/Jul/2013:03:21:41 +0200] "GET /spektrum.html HTTP/1.1" 200 4365 "-" "Wotbox/2.01 (+http://www.wotbox.com/bot/)"
81.144.138.34 - - [01/Jul/2013:03:21:48 +0200] "GET /referenz.html HTTP/1.1" 200 10703 "-" "Wotbox/2.01 (+http://www.wotbox.com/bot/)"
81.144.138.34 - - [01/Jul/2013:03:21:58 +0200] "GET /partner.html HTTP/1.1" 200 4401 "-" "Wotbox/2.01 (+http://www.wotbox.com/bot/)"
81.144.138.34 - - [01/Jul/2013:03:22:04 +0200] "GET /kontakt.html HTTP/1.1" 200 4451 "-" "Wotbox/2.01 (+http://www.wotbox.com/bot/)"
81.144.138.34 - - [01/Jul/2013:03:22:11 +0200] "GET /impressum.html HTTP/1.1" 200 5721 "-" "Wotbox/2.01 (+http://www.wotbox.com/bot/)"
81.144.138.34 - - [01/Jul/2013:03:22:17 +0200] "GET /projekte.html HTTP/1.1" 200 8297 "-" "Wotbox/2.01 (+http://www.wotbox.com/bot/)"
95.117.163.66 - - [01/Jul/2013:06:28:47 +0200] "GET / HTTP/1.0" 200 4688 "-" "=Mozilla/5.0 (Windows NT 6.1; WOW64; rv:5.0) Gecko/20100101 Firefox/5.0"
66.249.78.8 - - [01/Jul/2013:08:20:57 +0200] "GET /robots.txt HTTP/1.1" 404 - "-" "Mozilla/5.0 (compatible; Googlebot/2.1; +http://www.google.com/bot.html)"
66.249.78.8 - - [01/Jul/2013:08:20:58 +0200] "GET / HTTP/1.1" 200 4688 "-" "Mozilla/5.0 (iPhone; U; CPU iPhone OS 4_1 like Mac OS X; en-us) AppleWebKit/532.9 (KHTML, like Gecko) Version/4.0.5 Mobile/8B117 Safari/6531.22.7 (compatible; Googlebot-Mobile/2.1; +http://www.google.com/bot.html)"
66.249.72.201 - - [01/Jul/2013:08:44:09 +0200] "GET /partner.html HTTP/1.1" 304 - "-" "DoCoMo/2.0 N905i(c100;TB;W24H16) (compatible; Googlebot-Mobile/2.1; +http://www.google.com/bot.html)"
80.152.244.68 - - [01/Jul/2013:10:15:04 +0200] "GET / HTTP/1.1" 200 4688 "http://www.google.com/url?sa=t&rct=j&q=mb.%20ingenieur&source=web&cd=2&ved=0CDUQFjAB&url=http%3A%2F%2Fwww.mbingenieure.de%2F&ei=LzrRUeeRF4vBtAbp5oCoCQ&usg=AFQjCNEyLqXMZj9hDUfmjIo04GBdDmaXCQ&bvm=bv.48572450,d.Yms" "Mozilla/5.0 (compatible; MSIE 10.0; Windows NT 6.1; Trident/6.0)"
80.152.244.68 - - [01/Jul/2013:10:15:04 +0200] "GET /css/style.css HTTP/1.1" 200 2831 "http://www.mbingenieure.de/" "Mozilla/5.0 (compatible; MSIE 10.0; Windows NT 6.1; Trident/6.0)"
80.152.244.68 - - [01/Jul/2013:10:15:04 +0200] "GET /js/libs/modernizr-2.5.3.min.js HTTP/1.1" 200 15274 "http://www.mbingenieure.de/" "Mozilla/5.0 (compatible; MSIE 10.0; Windows NT 6.1; Trident/6.0)"
80.152.244.68 - - [01/Jul/2013:10:15:04 +0200] "GET /images/logo.png HTTP/1.1" 200 16467 "http://www.mbingenieure.de/" "Mozilla/5.0 (compatible; MSIE 10.0; Windows NT 6.1; Trident/6.0)"
80.152.244.68 - - [01/Jul/2013:10:15:04 +0200] "GET /images/bild1.png HTTP/1.1" 200 15538 "http://www.mbingenieure.de/" "Mozilla/5.0 (compatible; MSIE 10.0; Windows NT 6.1; Trident/6.0)"
80.152.244.68 - - [01/Jul/2013:10:15:04 +0200] "GET /js/plugins.js HTTP/1.1" 200 898 "http://www.mbingenieure.de/" "Mozilla/5.0 (compatible; MSIE 10.0; Windows NT 6.1; Trident/6.0)"
80.152.244.68 - - [01/Jul/2013:10:15:04 +0200] "GET /images/footer.png HTTP/1.1" 200 1064 "http://www.mbingenieure.de/" "Mozilla/5.0 (compatible; MSIE 10.0; Windows NT 6.1; Trident/6.0)"
80.152.244.68 - - [01/Jul/2013:10:15:04 +0200] "GET /images/header.png HTTP/1.1" 200 1494 "http://www.mbingenieure.de/" "Mozilla/5.0 (compatible; MSIE 10.0; Windows NT 6.1; Trident/6.0)"
80.152.244.68 - - [01/Jul/2013:10:15:05 +0200] "GET /images/navi.png HTTP/1.1" 200 946 "http://www.mbingenieure.de/" "Mozilla/5.0 (compatible; MSIE 10.0; Windows NT 6.1; Trident/6.0)"
80.152.244.68 - - [01/Jul/2013:10:15:04 +0200] "GET /images/bild4.png HTTP/1.1" 200 65856 "http://www.mbingenieure.de/" "Mozilla/5.0 (compatible; MSIE 10.0; Windows NT 6.1; Trident/6.0)"
80.152.244.68 - - [01/Jul/2013:10:15:04 +0200] "GET /images/bild2.png HTTP/1.1" 200 68475 "http://www.mbingenieure.de/" "Mozilla/5.0 (compatible; MSIE 10.0; Windows NT 6.1; Trident/6.0)"
80.152.244.68 - - [01/Jul/2013:10:15:05 +0200] "GET /favicon.ico HTTP/1.1" 200 93062 "-" "Mozilla/5.0 (compatible; MSIE 10.0; Windows NT 6.1; Trident/6.0)"
66.249.78.8 - - [01/Jul/2013:10:24:13 +0200] "GET /uns.html HTTP/1.1" 304 - "-" "Mozilla/5.0 (iPhone; U; CPU iPhone OS 4_1 like Mac OS X; en-us) AppleWebKit/532.9 (KHTML, like Gecko) Version/4.0.5 Mobile/8B117 Safari/6531.22.7 (compatible; Googlebot-Mobile/2.1; +http://www.google.com/bot.html)"
150.70.75.212 - - [01/Jul/2013:11:37:32 +0200] "GET / HTTP/1.1" 200 4688 "-" "Mozilla/4.0 (compatible; MSIE 8.0; Windows NT 5.1; Trident/4.0)"
208.115.111.69 - - [01/Jul/2013:14:28:00 +0200] "GET /robots.txt HTTP/1.1" 404 - "-" "Mozilla/5.0 (compatible; Ezooms/1.0; ezooms.bot@gmail.com)"
208.115.111.69 - - [01/Jul/2013:14:49:38 +0200] "GET / HTTP/1.1" 200 4688 "-" "Mozilla/5.0 (compatible; Ezooms/1.0; ezooms.bot@gmail.com)"
66.249.78.8 - - [01/Jul/2013:15:36:47 +0200] "GET /robots.txt HTTP/1.1" 404 - "-" "Mozilla/5.0 (compatible; Googlebot/2.1; +http://www.google.com/bot.html)"
66.249.78.8 - - [01/Jul/2013:15:36:47 +0200] "GET /kontakt.html HTTP/1.1" 304 - "-" "Mozilla/5.0 (iPhone; U; CPU iPhone OS 4_1 like Mac OS X; en-us) AppleWebKit/532.9 (KHTML, like Gecko) Version/4.0.5 Mobile/8B117 Safari/6531.22.7 (compatible; Googlebot-Mobile/2.1; +http://www.google.com/bot.html)"
66.249.78.8 - - [01/Jul/2013:17:50:41 +0200] "GET / HTTP/1.1" 200 4688 "-" "Mozilla/5.0 (compatible; Googlebot/2.1; +http://www.google.com/bot.html)"
66.249.78.8 - - [01/Jul/2013:17:52:00 +0200] "GET /css/style.css HTTP/1.1" 200 2831 "-" "Mozilla/5.0 (compatible; Googlebot/2.1; +http://www.google.com/bot.html)"
66.249.78.8 - - [01/Jul/2013:17:52:01 +0200] "GET /js/libs/modernizr-2.5.3.min.js HTTP/1.1" 200 15274 "-" "Mozilla/5.0 (compatible; Googlebot/2.1; +http://www.google.com/bot.html)"
66.249.78.8 - - [01/Jul/2013:17:52:01 +0200] "GET /js/plugins.js HTTP/1.1" 200 898 "-" "Mozilla/5.0 (compatible; Googlebot/2.1; +http://www.google.com/bot.html)"
173.199.114.51 - - [01/Jul/2013:18:08:19 +0200] "GET /kontakt.html HTTP/1.1" 200 4451 "-" "Mozilla/5.0 (compatible; AhrefsBot/4.0; +http://ahrefs.com/robot/)"
95.78.244.88 - - [01/Jul/2013:19:58:35 +0200] "GET / HTTP/1.1" 200 4688 "-" "Mozilla/5.0 (iPhone; CPU iPhone OS 6_1_3 like Mac OS X) AppleWebKit/536.26 (KHTML, like Gecko) Version/6.0 Mobile/10B329 Safari/8536.25"
95.78.244.88 - - [01/Jul/2013:19:58:36 +0200] "GET /css/style.css HTTP/1.1" 200 2831 "http://www.mbingenieure.de/" "Mozilla/5.0 (iPhone; CPU iPhone OS 6_1_3 like Mac OS X) AppleWebKit/536.26 (KHTML, like Gecko) Version/6.0 Mobile/10B329 Safari/8536.25"
95.78.244.88 - - [01/Jul/2013:19:58:36 +0200] "GET /js/plugins.js HTTP/1.1" 200 898 "http://www.mbingenieure.de/" "Mozilla/5.0 (iPhone; CPU iPhone OS 6_1_3 like Mac OS X) AppleWebKit/536.26 (KHTML, like Gecko) Version/6.0 Mobile/10B329 Safari/8536.25"
95.78.244.88 - - [01/Jul/2013:19:58:36 +0200] "GET /js/libs/modernizr-2.5.3.min.js HTTP/1.1" 200 15274 "http://www.mbingenieure.de/" "Mozilla/5.0 (iPhone; CPU iPhone OS 6_1_3 like Mac OS X) AppleWebKit/536.26 (KHTML, like Gecko) Version/6.0 Mobile/10B329 Safari/8536.25"
95.78.244.88 - - [01/Jul/2013:19:58:37 +0200] "GET /images/bild2.png HTTP/1.1" 200 68475 "http://www.mbingenieure.de/" "Mozilla/5.0 (iPhone; CPU iPhone OS 6_1_3 like Mac OS X) AppleWebKit/536.26 (KHTML, like Gecko) Version/6.0 Mobile/10B329 Safari/8536.25"
95.78.244.88 - - [01/Jul/2013:19:58:37 +0200] "GET /images/logo.png HTTP/1.1" 200 16467 "http://www.mbingenieure.de/" "Mozilla/5.0 (iPhone; CPU iPhone OS 6_1_3 like Mac OS X) AppleWebKit/536.26 (KHTML, like Gecko) Version/6.0 Mobile/10B329 Safari/8536.25"
95.78.244.88 - - [01/Jul/2013:19:58:37 +0200] "GET /images/bild4.png HTTP/1.1" 200 65856 "http://www.mbingenieure.de/" "Mozilla/5.0 (iPhone; CPU iPhone OS 6_1_3 like Mac OS X) AppleWebKit/536.26 (KHTML, like Gecko) Version/6.0 Mobile/10B329 Safari/8536.25"
95.78.244.88 - - [01/Jul/2013:19:58:37 +0200] "GET /images/bild1.png HTTP/1.1" 200 15538 "http://www.mbingenieure.de/" "Mozilla/5.0 (iPhone; CPU iPhone OS 6_1_3 like Mac OS X) AppleWebKit/536.26 (KHTML, like Gecko) Version/6.0 Mobile/10B329 Safari/8536.25"
95.78.244.88 - - [01/Jul/2013:19:58:37 +0200] "GET /images/footer.png HTTP/1.1" 200 1064 "http://www.mbingenieure.de/" "Mozilla/5.0 (iPhone; CPU iPhone OS 6_1_3 like Mac OS X) AppleWebKit/536.26 (KHTML, like Gecko) Version/6.0 Mobile/10B329 Safari/8536.25"
95.78.244.88 - - [01/Jul/2013:19:58:37 +0200] "GET /images/navi.png HTTP/1.1" 200 946 "http://www.mbingenieure.de/" "Mozilla/5.0 (iPhone; CPU iPhone OS 6_1_3 like Mac OS X) AppleWebKit/536.26 (KHTML, like Gecko) Version/6.0 Mobile/10B329 Safari/8536.25"
95.78.244.88 - - [01/Jul/2013:19:58:37 +0200] "GET /images/header.png HTTP/1.1" 200 1494 "http://www.mbingenieure.de/" "Mozilla/5.0 (iPhone; CPU iPhone OS 6_1_3 like Mac OS X) AppleWebKit/536.26 (KHTML, like Gecko) Version/6.0 Mobile/10B329 Safari/8536.25"
66.249.78.8 - - [01/Jul/2013:20:23:06 +0200] "GET /robots.txt HTTP/1.1" 404 - "-" "Mozilla/5.0 (compatible; Googlebot/2.1; +http://www.google.com/bot.html)"
66.249.75.201 - - [01/Jul/2013:20:23:07 +0200] "GET / HTTP/1.1" 200 4688 "-" "DoCoMo/2.0 N905i(c100;TB;W24H16) (compatible; Googlebot-Mobile/2.1; +http://www.google.com/bot.html)"
150.70.75.212 - - [01/Jul/2013:20:48:17 +0200] "GET / HTTP/1.1" 200 4688 "-" "Mozilla/4.0 (compatible; MSIE 8.0; Windows NT 5.1; Trident/4.0)"
66.249.78.8 - - [01/Jul/2013:20:55:49 +0200] "GET /partner.html HTTP/1.1" 304 - "-" "Mozilla/5.0 (iPhone; U; CPU iPhone OS 4_1 like Mac OS X; en-us) AppleWebKit/532.9 (KHTML, like Gecko) Version/4.0.5 Mobile/8B117 Safari/6531.22.7 (compatible; Googlebot-Mobile/2.1; +http://www.google.com/bot.html)"
62.158.66.30 - - [01/Jul/2013:21:05:11 +0200] "GET /impressum.html HTTP/1.1" 200 5721 "-" "Mozilla/5.0 (Windows NT 6.1; rv:2.0) Gecko/20100101 Firefox/4.0 Opera 12.15"
62.158.66.30 - - [01/Jul/2013:21:05:11 +0200] "GET /js/libs/modernizr-2.5.3.min.js HTTP/1.1" 200 15274 "http://www.mbingenieure.de/impressum.html" "Mozilla/5.0 (Windows NT 6.1; rv:2.0) Gecko/20100101 Firefox/4.0 Opera 12.15"
62.158.66.30 - - [01/Jul/2013:21:05:11 +0200] "GET /css/style.css HTTP/1.1" 200 2831 "http://www.mbingenieure.de/impressum.html" "Mozilla/5.0 (Windows NT 6.1; rv:2.0) Gecko/20100101 Firefox/4.0 Opera 12.15"
62.158.66.30 - - [01/Jul/2013:21:05:11 +0200] "GET /js/plugins.js HTTP/1.1" 200 898 "http://www.mbingenieure.de/impressum.html" "Mozilla/5.0 (Windows NT 6.1; rv:2.0) Gecko/20100101 Firefox/4.0 Opera 12.15"
62.158.66.30 - - [01/Jul/2013:21:05:11 +0200] "GET /images/footer.png HTTP/1.1" 200 1064 "http://www.mbingenieure.de/impressum.html" "Mozilla/5.0 (Windows NT 6.1; rv:2.0) Gecko/20100101 Firefox/4.0 Opera 12.15"
62.158.66.30 - - [01/Jul/2013:21:05:11 +0200] "GET /images/header.png HTTP/1.1" 200 1494 "http://www.mbingenieure.de/impressum.html" "Mozilla/5.0 (Windows NT 6.1; rv:2.0) Gecko/20100101 Firefox/4.0 Opera 12.15"
62.158.66.30 - - [01/Jul/2013:21:05:11 +0200] "GET /images/navi.png HTTP/1.1" 200 946 "http://www.mbingenieure.de/impressum.html" "Mozilla/5.0 (Windows NT 6.1; rv:2.0) Gecko/20100101 Firefox/4.0 Opera 12.15"
62.158.66.30 - - [01/Jul/2013:21:05:11 +0200] "GET /images/header.png HTTP/1.1" 200 1494 "http://www.mbingenieure.de/impressum.html" "Mozilla/5.0 (Windows NT 6.1; rv:2.0) Gecko/20100101 Firefox/4.0 Opera 12.15"
62.158.66.30 - - [01/Jul/2013:21:05:11 +0200] "GET /favicon.ico HTTP/1.1" 200 93062 "http://www.mbingenieure.de/impressum.html" "Mozilla/5.0 (Windows NT 6.1; rv:2.0) Gecko/20100101 Firefox/4.0 Opera 12.15"
62.158.66.30 - - [01/Jul/2013:21:05:19 +0200] "GET /uns.html HTTP/1.1" 200 4398 "http://www.mbingenieure.de/impressum.html" "Mozilla/5.0 (Windows NT 6.1; rv:2.0) Gecko/20100101 Firefox/4.0 Opera 12.15"
62.158.66.30 - - [01/Jul/2013:21:05:20 +0200] "GET /spektrum.html HTTP/1.1" 200 4365 "http://www.mbingenieure.de/uns.html" "Mozilla/5.0 (Windows NT 6.1; rv:2.0) Gecko/20100101 Firefox/4.0 Opera 12.15"
62.158.66.30 - - [01/Jul/2013:21:05:22 +0200] "GET /referenz.html HTTP/1.1" 200 10703 "http://www.mbingenieure.de/spektrum.html" "Mozilla/5.0 (Windows NT 6.1; rv:2.0) Gecko/20100101 Firefox/4.0 Opera 12.15"
62.158.66.30 - - [01/Jul/2013:21:05:28 +0200] "GET /partner.html HTTP/1.1" 200 4401 "http://www.mbingenieure.de/referenz.html" "Mozilla/5.0 (Windows NT 6.1; rv:2.0) Gecko/20100101 Firefox/4.0 Opera 12.15"
62.158.66.30 - - [01/Jul/2013:21:05:33 +0200] "GET /kontakt.html HTTP/1.1" 200 4451 "http://www.mbingenieure.de/partner.html" "Mozilla/5.0 (Windows NT 6.1; rv:2.0) Gecko/20100101 Firefox/4.0 Opera 12.15"
62.158.66.30 - - [01/Jul/2013:21:05:35 +0200] "GET /impressum.html HTTP/1.1" 304 - "http://www.mbingenieure.de/kontakt.html" "Mozilla/5.0 (Windows NT 6.1; rv:2.0) Gecko/20100101 Firefox/4.0 Opera 12.15"
62.158.66.30 - - [01/Jul/2013:21:05:41 +0200] "GET /uns.html HTTP/1.1" 304 - "http://www.mbingenieure.de/impressum.html" "Mozilla/5.0 (Windows NT 6.1; rv:2.0) Gecko/20100101 Firefox/4.0 Opera 12.15"
62.158.66.30 - - [01/Jul/2013:21:05:48 +0200] "GET /spektrum.html HTTP/1.1" 304 - "http://www.mbingenieure.de/uns.html" "Mozilla/5.0 (Windows NT 6.1; rv:2.0) Gecko/20100101 Firefox/4.0 Opera 12.15"
62.158.66.30 - - [01/Jul/2013:21:05:50 +0200] "GET /uns.html HTTP/1.1" 304 - "http://www.mbingenieure.de/spektrum.html" "Mozilla/5.0 (Windows NT 6.1; rv:2.0) Gecko/20100101 Firefox/4.0 Opera 12.15"
62.158.66.30 - - [01/Jul/2013:21:05:51 +0200] "GET /index.html HTTP/1.1" 200 4688 "http://www.mbingenieure.de/uns.html" "Mozilla/5.0 (Windows NT 6.1; rv:2.0) Gecko/20100101 Firefox/4.0 Opera 12.15"
62.158.66.30 - - [01/Jul/2013:21:05:51 +0200] "GET /images/logo.png HTTP/1.1" 200 16467 "http://www.mbingenieure.de/index.html" "Mozilla/5.0 (Windows NT 6.1; rv:2.0) Gecko/20100101 Firefox/4.0 Opera 12.15"
62.158.66.30 - - [01/Jul/2013:21:05:51 +0200] "GET /images/bild1.png HTTP/1.1" 200 15538 "http://www.mbingenieure.de/index.html" "Mozilla/5.0 (Windows NT 6.1; rv:2.0) Gecko/20100101 Firefox/4.0 Opera 12.15"
62.158.66.30 - - [01/Jul/2013:21:05:51 +0200] "GET /images/bild4.png HTTP/1.1" 200 65856 "http://www.mbingenieure.de/index.html" "Mozilla/5.0 (Windows NT 6.1; rv:2.0) Gecko/20100101 Firefox/4.0 Opera 12.15"
62.158.66.30 - - [01/Jul/2013:21:05:51 +0200] "GET /images/bild2.png HTTP/1.1" 200 68475 "http://www.mbingenieure.de/index.html" "Mozilla/5.0 (Windows NT 6.1; rv:2.0) Gecko/20100101 Firefox/4.0 Opera 12.15"
173.199.114.51 - - [01/Jul/2013:22:12:49 +0200] "GET /spektrum.html HTTP/1.1" 200 4365 "-" "Mozilla/5.0 (compatible; AhrefsBot/4.0; +http://ahrefs.com/robot/)"
208.115.111.69 - - [01/Jul/2013:23:10:10 +0200] "GET /robots.txt HTTP/1.1" 404 - "-" "Mozilla/5.0 (compatible; Ezooms/1.0; ezooms.bot@gmail.com)"
173.199.114.51 - - [01/Jul/2013:23:43:00 +0200] "GET /impressum.html HTTP/1.1" 200 5721 "-" "Mozilla/5.0 (compatible; AhrefsBot/4.0; +http://ahrefs.com/robot/)"
208.115.111.69 - - [02/Jul/2013:01:01:31 +0200] "GET /partner.html HTTP/1.1" 200 4401 "-" "Mozilla/5.0 (compatible; Ezooms/1.0; ezooms.bot@gmail.com)"
66.249.78.8 - - [02/Jul/2013:07:45:39 +0200] "GET /impressum.html HTTP/1.1" 304 - "-" "Mozilla/5.0 (iPhone; U; CPU iPhone OS 4_1 like Mac OS X; en-us) AppleWebKit/532.9 (KHTML, like Gecko) Version/4.0.5 Mobile/8B117 Safari/6531.22.7 (compatible; Googlebot-Mobile/2.1; +http://www.google.com/bot.html)"
150.70.75.212 - - [02/Jul/2013:11:12:19 +0200] "GET / HTTP/1.1" 200 4688 "-" "Mozilla/4.0 (compatible; MSIE 8.0; Windows NT 5.1; Trident/4.0)"
141.8.147.12 - - [02/Jul/2013:14:17:34 +0200] "GET /robots.txt HTTP/1.1" 404 - "-" "Mozilla/5.0 (compatible; YandexBot/3.0; +http://yandex.com/bots)"
66.249.78.8 - - [02/Jul/2013:18:27:17 +0200] "GET /robots.txt HTTP/1.1" 404 - "-" "Mozilla/5.0 (compatible; Googlebot/2.1; +http://www.google.com/bot.html)"
66.249.78.8 - - [02/Jul/2013:18:27:17 +0200] "GET / HTTP/1.1" 200 4688 "-" "Mozilla/5.0 (iPhone; U; CPU iPhone OS 4_1 like Mac OS X; en-us) AppleWebKit/532.9 (KHTML, like Gecko) Version/4.0.5 Mobile/8B117 Safari/6531.22.7 (compatible; Googlebot-Mobile/2.1; +http://www.google.com/bot.html)"
141.8.147.12 - - [02/Jul/2013:21:01:04 +0200] "GET / HTTP/1.1" 200 4688 "-" "Mozilla/5.0 (compatible; YandexBot/3.0; +http://yandex.com/bots)"
66.249.78.8 - - [02/Jul/2013:22:15:38 +0200] "GET / HTTP/1.1" 200 4688 "-" "Mozilla/5.0 (compatible; Googlebot/2.1; +http://www.google.com/bot.html)"
46.229.170.197 - - [02/Jul/2013:22:23:36 +0200] "GET / HTTP/1.1" 200 4688 "-" "Mozilla/5.0 (Windows NT 6.1; Win64; x64; rv:2.0b10pre) Gecko/20110118 Firefox/4.0b10pre"
66.249.78.8 - - [02/Jul/2013:22:46:41 +0200] "GET /referenz.html HTTP/1.1" 304 - "-" "Mozilla/5.0 (iPhone; U; CPU iPhone OS 4_1 like Mac OS X; en-us) AppleWebKit/532.9 (KHTML, like Gecko) Version/4.0.5 Mobile/8B117 Safari/6531.22.7 (compatible; Googlebot-Mobile/2.1; +http://www.google.com/bot.html)"
66.249.78.8 - - [02/Jul/2013:23:22:14 +0200] "GET /projekte.html HTTP/1.1" 200 8297 "-" "Mozilla/5.0 (compatible; Googlebot/2.1; +http://www.google.com/bot.html)"
178.77.126.55 - - [03/Jul/2013:06:59:10 +0200] "GET /robots.txt HTTP/1.1" 404 - "-" "Mozilla/5.0 (compatible; CareerBot/1.1; +http://www.career-x.de/bot.html)"
178.77.126.55 - - [03/Jul/2013:06:59:10 +0200] "GET / HTTP/1.1" 200 4688 "-" "Mozilla/5.0 (compatible; CareerBot/1.1; +http://www.career-x.de/bot.html)"
178.77.126.55 - - [03/Jul/2013:06:59:10 +0200] "GET /uns.html HTTP/1.1" 200 4398 "-" "Mozilla/5.0 (compatible; CareerBot/1.1; +http://www.career-x.de/bot.html)"
66.249.78.8 - - [03/Jul/2013:09:10:40 +0200] "GET /robots.txt HTTP/1.1" 404 - "-" "Mozilla/5.0 (compatible; Googlebot/2.1; +http://www.google.com/bot.html)"
66.249.78.8 - - [03/Jul/2013:09:10:40 +0200] "GET /uns.html HTTP/1.1" 304 - "-" "SAMSUNG-SGH-E250/1.0 Profile/MIDP-2.0 Configuration/CLDC-1.1 UP.Browser/6.2.3.3.c.1.101 (GUI) MMP/2.0 (compatible; Googlebot-Mobile/2.1; +http://www.google.com/bot.html)"
87.146.6.41 - - [03/Jul/2013:12:31:42 +0200] "GET / HTTP/1.1" 200 4688 "-" "Mozilla/5.0 (Windows; U; Windows NT 5.2; de; rv:1.9.2.18) Gecko/20110614 Firefox/3.6.18"
87.146.6.41 - - [03/Jul/2013:12:31:42 +0200] "GET /css/style.css HTTP/1.1" 200 2831 "http://www.mbingenieure.de/" "Mozilla/5.0 (Windows; U; Windows NT 5.2; de; rv:1.9.2.18) Gecko/20110614 Firefox/3.6.18"
87.146.6.41 - - [03/Jul/2013:12:31:42 +0200] "GET /images/logo.png HTTP/1.1" 200 16467 "http://www.mbingenieure.de/" "Mozilla/5.0 (Windows; U; Windows NT 5.2; de; rv:1.9.2.18) Gecko/20110614 Firefox/3.6.18"
87.146.6.41 - - [03/Jul/2013:12:31:42 +0200] "GET /images/bild1.png HTTP/1.1" 200 15538 "http://www.mbingenieure.de/" "Mozilla/5.0 (Windows; U; Windows NT 5.2; de; rv:1.9.2.18) Gecko/20110614 Firefox/3.6.18"
87.146.6.41 - - [03/Jul/2013:12:31:42 +0200] "GET /images/header.png HTTP/1.1" 200 1494 "http://www.mbingenieure.de/css/style.css" "Mozilla/5.0 (Windows; U; Windows NT 5.2; de; rv:1.9.2.18) Gecko/20110614 Firefox/3.6.18"
87.146.6.41 - - [03/Jul/2013:12:31:42 +0200] "GET /images/navi.png HTTP/1.1" 200 946 "http://www.mbingenieure.de/css/style.css" "Mozilla/5.0 (Windows; U; Windows NT 5.2; de; rv:1.9.2.18) Gecko/20110614 Firefox/3.6.18"
87.146.6.41 - - [03/Jul/2013:12:31:42 +0200] "GET /images/footer.png HTTP/1.1" 200 1064 "http://www.mbingenieure.de/css/style.css" "Mozilla/5.0 (Windows; U; Windows NT 5.2; de; rv:1.9.2.18) Gecko/20110614 Firefox/3.6.18"
87.146.6.41 - - [03/Jul/2013:12:31:42 +0200] "GET /images/bild2.png HTTP/1.1" 200 68475 "http://www.mbingenieure.de/" "Mozilla/5.0 (Windows; U; Windows NT 5.2; de; rv:1.9.2.18) Gecko/20110614 Firefox/3.6.18"
87.146.6.41 - - [03/Jul/2013:12:31:42 +0200] "GET /images/bild4.png HTTP/1.1" 200 65856 "http://www.mbingenieure.de/" "Mozilla/5.0 (Windows; U; Windows NT 5.2; de; rv:1.9.2.18) Gecko/20110614 Firefox/3.6.18"
87.146.6.41 - - [03/Jul/2013:12:31:43 +0200] "GET /favicon.ico HTTP/1.1" 200 93062 "-" "Mozilla/5.0 (Windows; U; Windows NT 5.2; de; rv:1.9.2.18) Gecko/20110614 Firefox/3.6.18"
87.146.6.41 - - [03/Jul/2013:12:35:23 +0200] "GET /uns.html HTTP/1.1" 200 4398 "http://www.mbingenieure.de/" "Mozilla/5.0 (Windows; U; Windows NT 5.2; de; rv:1.9.2.18) Gecko/20110614 Firefox/3.6.18"
87.146.6.41 - - [03/Jul/2013:12:35:41 +0200] "GET /spektrum.html HTTP/1.1" 200 4365 "http://www.mbingenieure.de/uns.html" "Mozilla/5.0 (Windows; U; Windows NT 5.2; de; rv:1.9.2.18) Gecko/20110614 Firefox/3.6.18"
87.146.6.41 - - [03/Jul/2013:12:35:51 +0200] "GET /referenz.html HTTP/1.1" 200 10703 "http://www.mbingenieure.de/spektrum.html" "Mozilla/5.0 (Windows; U; Windows NT 5.2; de; rv:1.9.2.18) Gecko/20110614 Firefox/3.6.18"
87.146.6.41 - - [03/Jul/2013:12:36:15 +0200] "GET /projekte.html HTTP/1.1" 200 8297 "http://www.mbingenieure.de/referenz.html" "Mozilla/5.0 (Windows; U; Windows NT 5.2; de; rv:1.9.2.18) Gecko/20110614 Firefox/3.6.18"
87.146.6.41 - - [03/Jul/2013:12:36:16 +0200] "GET /images/18a.png HTTP/1.1" 200 14908 "http://www.mbingenieure.de/projekte.html" "Mozilla/5.0 (Windows; U; Windows NT 5.2; de; rv:1.9.2.18) Gecko/20110614 Firefox/3.6.18"
87.146.6.41 - - [03/Jul/2013:12:36:16 +0200] "GET /images/5a.png HTTP/1.1" 200 16540 "http://www.mbingenieure.de/projekte.html" "Mozilla/5.0 (Windows; U; Windows NT 5.2; de; rv:1.9.2.18) Gecko/20110614 Firefox/3.6.18"
87.146.6.41 - - [03/Jul/2013:12:36:16 +0200] "GET /images/60a.png HTTP/1.1" 200 14729 "http://www.mbingenieure.de/projekte.html" "Mozilla/5.0 (Windows; U; Windows NT 5.2; de; rv:1.9.2.18) Gecko/20110614 Firefox/3.6.18"
87.146.6.41 - - [03/Jul/2013:12:36:16 +0200] "GET /images/63a.png HTTP/1.1" 200 15042 "http://www.mbingenieure.de/projekte.html" "Mozilla/5.0 (Windows; U; Windows NT 5.2; de; rv:1.9.2.18) Gecko/20110614 Firefox/3.6.18"
87.146.6.41 - - [03/Jul/2013:12:36:16 +0200] "GET /images/0941a.png HTTP/1.1" 200 14217 "http://www.mbingenieure.de/projekte.html" "Mozilla/5.0 (Windows; U; Windows NT 5.2; de; rv:1.9.2.18) Gecko/20110614 Firefox/3.6.18"
87.146.6.41 - - [03/Jul/2013:12:36:16 +0200] "GET /images/bruehla.png HTTP/1.1" 200 14499 "http://www.mbingenieure.de/projekte.html" "Mozilla/5.0 (Windows; U; Windows NT 5.2; de; rv:1.9.2.18) Gecko/20110614 Firefox/3.6.18"
87.146.6.41 - - [03/Jul/2013:12:36:37 +0200] "GET /partner.html HTTP/1.1" 200 4401 "http://www.mbingenieure.de/projekte.html" "Mozilla/5.0 (Windows; U; Windows NT 5.2; de; rv:1.9.2.18) Gecko/20110614 Firefox/3.6.18"
87.146.6.41 - - [03/Jul/2013:12:36:45 +0200] "GET /kontakt.html HTTP/1.1" 200 4451 "http://www.mbingenieure.de/partner.html" "Mozilla/5.0 (Windows; U; Windows NT 5.2; de; rv:1.9.2.18) Gecko/20110614 Firefox/3.6.18"
87.146.6.41 - - [03/Jul/2013:12:37:01 +0200] "GET /index.html HTTP/1.1" 200 4688 "http://www.mbingenieure.de/kontakt.html" "Mozilla/5.0 (Windows; U; Windows NT 5.2; de; rv:1.9.2.18) Gecko/20110614 Firefox/3.6.18"
85.25.120.73 - - [03/Jul/2013:13:18:42 +0200] "GET / HTTP/1.1" 200 4688 "-" "Mozilla/5.0 (X11; U; Linux i686; en-US; rv:1.9.0.1) Gecko/2008070206 Firefox/3.0.1"
85.25.120.73 - - [03/Jul/2013:13:18:42 +0200] "GET /kontakt.html HTTP/1.1" 200 4451 "-" "Mozilla/5.0 (X11; U; Linux i686; en-US; rv:1.9.0.1) Gecko/2008070206 Firefox/3.0.1"
64.125.222.50 - - [03/Jul/2013:17:22:55 +0200] "GET /robots.txt HTTP/1.1" 404 - "-" "Mozilla/5.0 (compatible; 008/0.83; http://www.80legs.com/webcrawler.html;) Gecko/2008032620"
189.12.170.58 - - [03/Jul/2013:17:24:05 +0200] "GET / HTTP/1.1" 200 4688 "-" "Mozilla/5.0 (compatible; 008/0.85; http://www.80legs.com/webcrawler.html) Gecko/2008032620"
37.194.250.17 - - [03/Jul/2013:17:24:07 +0200] "GET / HTTP/1.1" 200 4688 "-" "Mozilla/5.0 (compatible; 008/0.85; http://www.80legs.com/webcrawler.html) Gecko/2008032620"
37.194.250.17 - - [03/Jul/2013:17:24:10 +0200] "GET / HTTP/1.1" 200 4688 "-" "Mozilla/5.0 (compatible; 008/0.85; http://www.80legs.com/webcrawler.html) Gecko/2008032620"
37.194.250.17 - - [03/Jul/2013:17:24:11 +0200] "GET / HTTP/1.1" 200 4688 "-" "Mozilla/5.0 (compatible; 008/0.85; http://www.80legs.com/webcrawler.html) Gecko/2008032620"
189.12.170.58 - - [03/Jul/2013:17:24:12 +0200] "GET / HTTP/1.1" 200 4688 "-" "Mozilla/5.0 (compatible; 008/0.85; http://www.80legs.com/webcrawler.html) Gecko/2008032620"
189.12.170.58 - - [03/Jul/2013:17:24:12 +0200] "GET / HTTP/1.1" 200 4688 "-" "Mozilla/5.0 (compatible; 008/0.85; http://www.80legs.com/webcrawler.html) Gecko/2008032620"
74.32.124.96 - - [03/Jul/2013:17:24:13 +0200] "GET / HTTP/1.1" 200 4688 "-" "Mozilla/5.0 (compatible; 008/0.85; http://www.80legs.com/webcrawler.html) Gecko/2008032620"
74.32.124.96 - - [03/Jul/2013:17:24:16 +0200] "GET / HTTP/1.1" 200 4688 "-" "Mozilla/5.0 (compatible; 008/0.85; http://www.80legs.com/webcrawler.html) Gecko/2008032620"
74.32.124.96 - - [03/Jul/2013:17:24:18 +0200] "GET / HTTP/1.1" 200 4688 "-" "Mozilla/5.0 (compatible; 008/0.85; http://www.80legs.com/webcrawler.html) Gecko/2008032620"
46.149.188.248 - - [03/Jul/2013:17:24:20 +0200] "GET / HTTP/1.1" 200 4688 "-" "Mozilla/5.0 (compatible; 008/0.85; http://www.80legs.com/webcrawler.html) Gecko/2008032620"
89.185.26.120 - - [03/Jul/2013:17:24:21 +0200] "GET / HTTP/1.1" 200 4688 "-" "Mozilla/5.0 (compatible; 008/0.85; http://www.80legs.com/webcrawler.html) Gecko/2008032620"
46.149.188.248 - - [03/Jul/2013:17:24:21 +0200] "GET / HTTP/1.1" 200 4688 "-" "Mozilla/5.0 (compatible; 008/0.85; http://www.80legs.com/webcrawler.html) Gecko/2008032620"
46.149.188.248 - - [03/Jul/2013:17:24:22 +0200] "GET / HTTP/1.1" 200 4688 "-" "Mozilla/5.0 (compatible; 008/0.85; http://www.80legs.com/webcrawler.html) Gecko/2008032620"
89.185.26.120 - - [03/Jul/2013:17:24:35 +0200] "GET / HTTP/1.1" 200 4688 "-" "Mozilla/5.0 (compatible; 008/0.85; http://www.80legs.com/webcrawler.html) Gecko/2008032620"
66.249.75.201 - - [03/Jul/2013:18:40:03 +0200] "GET /robots.txt HTTP/1.1" 404 - "-" "Mozilla/5.0 (compatible; Googlebot/2.1; +http://www.google.com/bot.html)"
66.249.78.8 - - [03/Jul/2013:18:40:03 +0200] "GET /spektrum.html HTTP/1.1" 304 - "-" "Mozilla/5.0 (iPhone; U; CPU iPhone OS 4_1 like Mac OS X; en-us) AppleWebKit/532.9 (KHTML, like Gecko) Version/4.0.5 Mobile/8B117 Safari/6531.22.7 (compatible; Googlebot-Mobile/2.1; +http://www.google.com/bot.html)"
37.140.141.34 - - [03/Jul/2013:19:43:20 +0200] "GET /robots.txt HTTP/1.1" 404 - "-" "Mozilla/5.0 (compatible; YandexImages/3.0; +http://yandex.com/bots)"
188.187.156.152 - - [03/Jul/2013:19:57:45 +0200] "GET /uns.html HTTP/1.1" 200 4398 "-" "Mozilla/5.0 (compatible; 008/0.85; http://www.80legs.com/webcrawler.html) Gecko/2008032620"
188.134.36.64 - - [03/Jul/2013:20:05:08 +0200] "GET /referenz.html HTTP/1.1" 200 10703 "-" "Mozilla/5.0 (compatible; 008/0.85; http://www.80legs.com/webcrawler.html) Gecko/2008032620"
178.65.63.153 - - [03/Jul/2013:20:09:30 +0200] "GET /spektrum.html HTTP/1.1" 200 4365 "-" "Mozilla/5.0 (compatible; 008/0.85; http://www.80legs.com/webcrawler.html) Gecko/2008032620"
64.125.222.50 - - [03/Jul/2013:20:23:34 +0200] "GET /robots.txt HTTP/1.1" 404 - "-" "Mozilla/5.0 (compatible; 008/0.83; http://www.80legs.com/webcrawler.html;) Gecko/2008032620"
178.76.218.52 - - [03/Jul/2013:20:23:44 +0200] "GET /index.html HTTP/1.1" 200 4688 "-" "Mozilla/5.0 (compatible; 008/0.85; http://www.80legs.com/webcrawler.html) Gecko/2008032620"
109.75.140.89 - - [03/Jul/2013:20:37:47 +0200] "GET /impressum.html HTTP/1.1" 200 5721 "-" "Mozilla/5.0 (compatible; 008/0.85; http://www.80legs.com/webcrawler.html) Gecko/2008032620"
95.140.84.28 - - [03/Jul/2013:21:13:42 +0200] "GET /partner.html HTTP/1.1" 200 4401 "-" "Mozilla/5.0 (compatible; 008/0.85; http://www.80legs.com/webcrawler.html) Gecko/2008032620"
151.249.96.53 - - [03/Jul/2013:21:16:28 +0200] "GET /kontakt.html HTTP/1.1" 200 4451 "-" "Mozilla/5.0 (compatible; 008/0.85; http://www.80legs.com/webcrawler.html) Gecko/2008032620"
5.164.165.220 - - [03/Jul/2013:22:57:59 +0200] "GET /projekte.html HTTP/1.1" 200 8297 "-" "Mozilla/5.0 (compatible; 008/0.85; http://www.80legs.com/webcrawler.html) Gecko/2008032620"
178.75.89.89 - - [03/Jul/2013:23:11:04 +0200] "GET /projekte.html HTTP/1.1" 200 8297 "-" "Mozilla/5.0 (compatible; 008/0.85; http://www.80legs.com/webcrawler.html) Gecko/2008032620"
91.196.63.47 - - [03/Jul/2013:23:13:12 +0200] "GET /projekte.html HTTP/1.1" 200 8297 "-" "Mozilla/5.0 (compatible; 008/0.85; http://www.80legs.com/webcrawler.html) Gecko/2008032620"
37.140.141.34 - - [03/Jul/2013:23:52:22 +0200] "GET /images/bruehla.png HTTP/1.1" 200 14499 "-" "Mozilla/5.0 (compatible; YandexImages/3.0; +http://yandex.com/bots)"
66.249.78.8 - - [04/Jul/2013:01:10:59 +0200] "GET /www.asabau.de HTTP/1.1" 404 - "-" "Mozilla/5.0 (compatible; Googlebot/2.1; +http://www.google.com/bot.html)"
37.58.52.15 - - [04/Jul/2013:01:51:38 +0200] "GET /robots.txt HTTP/1.0" 404 - "-" "Mozilla/5.0 (compatible; AcoonBot/4.11.1; +http://www.acoon.de/robot.asp)"
37.58.52.15 - - [04/Jul/2013:01:51:38 +0200] "GET / HTTP/1.0" 200 4688 "-" "Mozilla/5.0 (compatible; AcoonBot/4.11.1; +http://www.acoon.de/robot.asp)"
65.55.24.216 - - [04/Jul/2013:01:57:56 +0200] "GET /robots.txt HTTP/1.1" 404 - "-" "Mozilla/5.0 (compatible; bingbot/2.0; +http://www.bing.com/bingbot.htm)"
65.55.24.216 - - [04/Jul/2013:01:58:49 +0200] "GET /uns.html HTTP/1.1" 304 - "-" "Mozilla/5.0 (compatible; bingbot/2.0; +http://www.bing.com/bingbot.htm)"
131.253.24.81 - - [04/Jul/2013:03:23:52 +0200] "GET / HTTP/1.1" 200 4688 "-" "Mozilla/4.0 (compatible; MSIE 7.0; Windows NT 5.2; SLCC1; .NET CLR 1.1.4322; .NET CLR 2.0.40607)"
131.253.24.81 - - [04/Jul/2013:03:23:54 +0200] "GET /js/libs/modernizr-2.5.3.min.js HTTP/1.1" 200 15274 "http://www.mbingenieure.de/" "Mozilla/4.0 (compatible; MSIE 7.0; Windows NT 5.2; SLCC1; .NET CLR 1.1.4322; .NET CLR 2.0.40607)"
131.253.24.81 - - [04/Jul/2013:03:23:54 +0200] "GET /css/style.css HTTP/1.1" 200 2831 "http://www.mbingenieure.de/" "Mozilla/4.0 (compatible; MSIE 7.0; Windows NT 5.2; SLCC1; .NET CLR 1.1.4322; .NET CLR 2.0.40607)"
131.253.24.81 - - [04/Jul/2013:03:23:58 +0200] "GET /js/plugins.js HTTP/1.1" 200 898 "http://www.mbingenieure.de/" "Mozilla/4.0 (compatible; MSIE 7.0; Windows NT 5.2; SLCC1; .NET CLR 1.1.4322; .NET CLR 2.0.40607)"
66.249.78.8 - - [04/Jul/2013:04:26:00 +0200] "GET / HTTP/1.1" 200 4688 "-" "Mozilla/5.0 (compatible; Googlebot/2.1; +http://www.google.com/bot.html)"
66.249.78.8 - - [04/Jul/2013:04:29:34 +0200] "GET /css/style.css HTTP/1.1" 200 2831 "-" "Mozilla/5.0 (compatible; Googlebot/2.1; +http://www.google.com/bot.html)"
37.140.141.34 - - [04/Jul/2013:04:30:44 +0200] "GET /images/63a.png HTTP/1.1" 200 15042 "-" "Mozilla/5.0 (compatible; YandexImages/3.0; +http://yandex.com/bots)"
208.115.113.85 - - [04/Jul/2013:04:44:15 +0200] "GET /robots.txt HTTP/1.1" 404 - "-" "Mozilla/5.0 (compatible; Ezooms/1.0; ezooms.bot@gmail.com)"
208.115.113.85 - - [04/Jul/2013:06:36:05 +0200] "GET /uns.html HTTP/1.1" 200 4398 "-" "Mozilla/5.0 (compatible; Ezooms/1.0; ezooms.bot@gmail.com)"
65.55.215.236 - - [04/Jul/2013:06:57:52 +0200] "GET /projekte.html HTTP/1.1" 200 8297 "-" "Mozilla/4.0 (compatible; MSIE 7.0; Windows NT 5.2; SV1; .NET CLR 1.1.4322; .NET CLR 2.0.40607; .NET CLR 3.0.30729; .NET CLR 3.5.30729; InfoPath.2)"
65.55.215.236 - - [04/Jul/2013:06:57:53 +0200] "GET /css/style.css HTTP/1.1" 200 2831 "http://www.mbingenieure.de/projekte.html" "Mozilla/4.0 (compatible; MSIE 7.0; Windows NT 5.2; SV1; .NET CLR 1.1.4322; .NET CLR 2.0.40607; .NET CLR 3.0.30729; .NET CLR 3.5.30729; InfoPath.2)"
65.55.215.236 - - [04/Jul/2013:06:57:53 +0200] "GET /js/libs/modernizr-2.5.3.min.js HTTP/1.1" 200 15274 "http://www.mbingenieure.de/projekte.html" "Mozilla/4.0 (compatible; MSIE 7.0; Windows NT 5.2; SV1; .NET CLR 1.1.4322; .NET CLR 2.0.40607; .NET CLR 3.0.30729; .NET CLR 3.5.30729; InfoPath.2)"
65.55.215.236 - - [04/Jul/2013:06:57:56 +0200] "GET /js/libs/modernizr-2.5.3.min.js HTTP/1.1" 304 - "http://www.mbingenieure.de/projekte.html" "Mozilla/4.0 (compatible; MSIE 7.0; Windows NT 5.2; SV1; .NET CLR 1.1.4322; .NET CLR 2.0.40607; .NET CLR 3.0.30729; .NET CLR 3.5.30729; InfoPath.2)"
65.55.215.236 - - [04/Jul/2013:06:57:57 +0200] "GET /css/style.css HTTP/1.1" 304 - "http://www.mbingenieure.de/projekte.html" "Mozilla/4.0 (compatible; MSIE 7.0; Windows NT 5.2; SV1; .NET CLR 1.1.4322; .NET CLR 2.0.40607; .NET CLR 3.0.30729; .NET CLR 3.5.30729; InfoPath.2)"
65.55.215.236 - - [04/Jul/2013:06:58:00 +0200] "GET /js/plugins.js HTTP/1.1" 200 898 "http://www.mbingenieure.de/projekte.html" "Mozilla/4.0 (compatible; MSIE 7.0; Windows NT 5.2; SV1; .NET CLR 1.1.4322; .NET CLR 2.0.40607; .NET CLR 3.0.30729; .NET CLR 3.5.30729; InfoPath.2)"
66.249.78.8 - - [04/Jul/2013:07:21:51 +0200] "GET /robots.txt HTTP/1.1" 404 - "-" "Mozilla/5.0 (compatible; Googlebot/2.1; +http://www.google.com/bot.html)"
66.249.78.8 - - [04/Jul/2013:07:21:51 +0200] "GET / HTTP/1.1" 200 4688 "-" "Mozilla/5.0 (iPhone; U; CPU iPhone OS 4_1 like Mac OS X; en-us) AppleWebKit/532.9 (KHTML, like Gecko) Version/4.0.5 Mobile/8B117 Safari/6531.22.7 (compatible; Googlebot-Mobile/2.1; +http://www.google.com/bot.html)"
150.70.75.212 - - [04/Jul/2013:08:10:59 +0200] "GET / HTTP/1.1" 200 4688 "-" "Mozilla/4.0 (compatible; MSIE 8.0; Windows NT 5.1; Trident/4.0)"
66.249.78.8 - - [04/Jul/2013:08:24:09 +0200] "GET /kontakt.html HTTP/1.1" 304 - "-" "Mozilla/5.0 (iPhone; U; CPU iPhone OS 4_1 like Mac OS X; en-us) AppleWebKit/532.9 (KHTML, like Gecko) Version/4.0.5 Mobile/8B117 Safari/6531.22.7 (compatible; Googlebot-Mobile/2.1; +http://www.google.com/bot.html)"
150.70.75.212 - - [04/Jul/2013:08:32:11 +0200] "GET / HTTP/1.1" 200 4688 "-" "Mozilla/4.0 (compatible; MSIE 8.0; Windows NT 5.1; Trident/4.0)"
37.140.141.34 - - [04/Jul/2013:09:13:16 +0200] "GET /images/5a.png HTTP/1.1" 200 16540 "-" "Mozilla/5.0 (compatible; YandexImages/3.0; +http://yandex.com/bots)"
141.8.147.12 - - [04/Jul/2013:10:02:40 +0200] "GET /robots.txt HTTP/1.1" 404 - "-" "Mozilla/5.0 (compatible; YandexBot/3.0; +http://yandex.com/bots)"
176.198.58.83 - - [04/Jul/2013:11:46:27 +0200] "GET / HTTP/1.1" 200 4688 "http://www.google.de/url?sa=t&rct=j&q=&esrc=s&source=web&cd=1&ved=0CDEQFjAA&url=http%3A%2F%2Fwww.mbingenieure.de%2F&ei=SUTVUcSBIYqYhQf1roHIDg&usg=AFQjCNEyLqXMZj9hDUfmjIo04GBdDmaXCQ&bvm=bv.48705608,d.ZG4" "Mozilla/5.0 (Windows NT 5.1; rv:22.0) Gecko/20100101 Firefox/22.0"
176.198.58.83 - - [04/Jul/2013:11:46:27 +0200] "GET /css/style.css HTTP/1.1" 200 2831 "http://www.mbingenieure.de/" "Mozilla/5.0 (Windows NT 5.1; rv:22.0) Gecko/20100101 Firefox/22.0"
176.198.58.83 - - [04/Jul/2013:11:46:27 +0200] "GET /js/libs/modernizr-2.5.3.min.js HTTP/1.1" 200 15274 "http://www.mbingenieure.de/" "Mozilla/5.0 (Windows NT 5.1; rv:22.0) Gecko/20100101 Firefox/22.0"
176.198.58.83 - - [04/Jul/2013:11:46:27 +0200] "GET /js/plugins.js HTTP/1.1" 200 898 "http://www.mbingenieure.de/" "Mozilla/5.0 (Windows NT 5.1; rv:22.0) Gecko/20100101 Firefox/22.0"
176.198.58.83 - - [04/Jul/2013:11:46:27 +0200] "GET /images/logo.png HTTP/1.1" 200 16467 "http://www.mbingenieure.de/" "Mozilla/5.0 (Windows NT 5.1; rv:22.0) Gecko/20100101 Firefox/22.0"
176.198.58.83 - - [04/Jul/2013:11:46:27 +0200] "GET /images/bild1.png HTTP/1.1" 200 15538 "http://www.mbingenieure.de/" "Mozilla/5.0 (Windows NT 5.1; rv:22.0) Gecko/20100101 Firefox/22.0"
176.198.58.83 - - [04/Jul/2013:11:46:27 +0200] "GET /images/footer.png HTTP/1.1" 200 1064 "http://www.mbingenieure.de/css/style.css" "Mozilla/5.0 (Windows NT 5.1; rv:22.0) Gecko/20100101 Firefox/22.0"
176.198.58.83 - - [04/Jul/2013:11:46:27 +0200] "GET /images/header.png HTTP/1.1" 200 1494 "http://www.mbingenieure.de/css/style.css" "Mozilla/5.0 (Windows NT 5.1; rv:22.0) Gecko/20100101 Firefox/22.0"
176.198.58.83 - - [04/Jul/2013:11:46:27 +0200] "GET /images/navi.png HTTP/1.1" 200 946 "http://www.mbingenieure.de/css/style.css" "Mozilla/5.0 (Windows NT 5.1; rv:22.0) Gecko/20100101 Firefox/22.0"
176.198.58.83 - - [04/Jul/2013:11:46:27 +0200] "GET /images/bild2.png HTTP/1.1" 200 68475 "http://www.mbingenieure.de/" "Mozilla/5.0 (Windows NT 5.1; rv:22.0) Gecko/20100101 Firefox/22.0"
176.198.58.83 - - [04/Jul/2013:11:46:27 +0200] "GET /images/bild4.png HTTP/1.1" 200 65856 "http://www.mbingenieure.de/" "Mozilla/5.0 (Windows NT 5.1; rv:22.0) Gecko/20100101 Firefox/22.0"
176.198.58.83 - - [04/Jul/2013:11:46:27 +0200] "GET /favicon.ico HTTP/1.1" 200 93062 "-" "Mozilla/5.0 (Windows NT 5.1; rv:22.0) Gecko/20100101 Firefox/22.0"
176.198.58.83 - - [04/Jul/2013:11:46:37 +0200] "GET /uns.html HTTP/1.1" 200 4398 "http://www.mbingenieure.de/" "Mozilla/5.0 (Windows NT 5.1; rv:22.0) Gecko/20100101 Firefox/22.0"
176.198.58.83 - - [04/Jul/2013:11:46:41 +0200] "GET /referenz.html HTTP/1.1" 200 10703 "http://www.mbingenieure.de/uns.html" "Mozilla/5.0 (Windows NT 5.1; rv:22.0) Gecko/20100101 Firefox/22.0"
176.198.58.83 - - [04/Jul/2013:11:47:02 +0200] "GET /spektrum.html HTTP/1.1" 200 4365 "http://www.mbingenieure.de/referenz.html" "Mozilla/5.0 (Windows NT 5.1; rv:22.0) Gecko/20100101 Firefox/22.0"
176.198.58.83 - - [04/Jul/2013:12:08:54 +0200] "GET /projekte.html HTTP/1.1" 200 8297 "http://www.mbingenieure.de/referenz.html" "Mozilla/5.0 (Windows NT 5.1; rv:22.0) Gecko/20100101 Firefox/22.0"
176.198.58.83 - - [04/Jul/2013:12:08:54 +0200] "GET /images/5a.png HTTP/1.1" 200 16540 "http://www.mbingenieure.de/projekte.html" "Mozilla/5.0 (Windows NT 5.1; rv:22.0) Gecko/20100101 Firefox/22.0"
176.198.58.83 - - [04/Jul/2013:12:08:54 +0200] "GET /images/60a.png HTTP/1.1" 200 14729 "http://www.mbingenieure.de/projekte.html" "Mozilla/5.0 (Windows NT 5.1; rv:22.0) Gecko/20100101 Firefox/22.0"
176.198.58.83 - - [04/Jul/2013:12:08:54 +0200] "GET /images/18a.png HTTP/1.1" 200 14908 "http://www.mbingenieure.de/projekte.html" "Mozilla/5.0 (Windows NT 5.1; rv:22.0) Gecko/20100101 Firefox/22.0"
176.198.58.83 - - [04/Jul/2013:12:08:54 +0200] "GET /images/63a.png HTTP/1.1" 200 15042 "http://www.mbingenieure.de/projekte.html" "Mozilla/5.0 (Windows NT 5.1; rv:22.0) Gecko/20100101 Firefox/22.0"
176.198.58.83 - - [04/Jul/2013:12:08:54 +0200] "GET /images/0941a.png HTTP/1.1" 200 14217 "http://www.mbingenieure.de/projekte.html" "Mozilla/5.0 (Windows NT 5.1; rv:22.0) Gecko/20100101 Firefox/22.0"
176.198.58.83 - - [04/Jul/2013:12:08:54 +0200] "GET /images/bruehla.png HTTP/1.1" 200 14499 "http://www.mbingenieure.de/projekte.html" "Mozilla/5.0 (Windows NT 5.1; rv:22.0) Gecko/20100101 Firefox/22.0"
176.28.49.11 - - [04/Jul/2013:12:11:25 +0200] "GET / HTTP/1.1" 200 4688 "-" "Mozilla/5.0 (Windows NT 6.2; rv:10.0.1) Gecko/20100101 Firefox/10.0.1"
66.249.75.201 - - [04/Jul/2013:13:38:28 +0200] "GET /www.witerra-bau.de HTTP/1.1" 404 - "-" "Mozilla/5.0 (compatible; Googlebot/2.1; +http://www.google.com/bot.html)"
5.10.177.114 - - [04/Jul/2013:14:15:34 +0200] "GET / HTTP/1.1" 200 4688 "-" "Mozilla/4.0 (compatible; MSIE 8.0; Windows NT 5.1; Trident/4.0; .NET CLR 1.1.4322; .NET CLR 2.0.50727; .NET CLR 3.0.04506.30; .NET CLR 3.0.4506.2152; .NET CLR 3.5.30729; .NET4.0C; .NET4.0E)"
5.10.177.114 - - [04/Jul/2013:14:15:34 +0200] "GET /css/style.css HTTP/1.1" 200 2831 "http://www.mbingenieure.de/" "Mozilla/4.0 (compatible; MSIE 8.0; Windows NT 5.1; Trident/4.0; .NET CLR 1.1.4322; .NET CLR 2.0.50727; .NET CLR 3.0.04506.30; .NET CLR 3.0.4506.2152; .NET CLR 3.5.30729; .NET4.0C; .NET4.0E)"
5.10.177.114 - - [04/Jul/2013:14:15:34 +0200] "GET /js/libs/modernizr-2.5.3.min.js HTTP/1.1" 200 15274 "http://www.mbingenieure.de/" "Mozilla/4.0 (compatible; MSIE 8.0; Windows NT 5.1; Trident/4.0; .NET CLR 1.1.4322; .NET CLR 2.0.50727; .NET CLR 3.0.04506.30; .NET CLR 3.0.4506.2152; .NET CLR 3.5.30729; .NET4.0C; .NET4.0E)"
5.10.177.114 - - [04/Jul/2013:14:15:35 +0200] "GET /images/logo.png HTTP/1.1" 200 16467 "http://www.mbingenieure.de/" "Mozilla/4.0 (compatible; MSIE 8.0; Windows NT 5.1; Trident/4.0; .NET CLR 1.1.4322; .NET CLR 2.0.50727; .NET CLR 3.0.04506.30; .NET CLR 3.0.4506.2152; .NET CLR 3.5.30729; .NET4.0C; .NET4.0E)"
5.10.177.114 - - [04/Jul/2013:14:15:35 +0200] "GET /images/navi.png HTTP/1.1" 200 946 "http://www.mbingenieure.de/" "Mozilla/4.0 (compatible; MSIE 8.0; Windows NT 5.1; Trident/4.0; .NET CLR 1.1.4322; .NET CLR 2.0.50727; .NET CLR 3.0.04506.30; .NET CLR 3.0.4506.2152; .NET CLR 3.5.30729; .NET4.0C; .NET4.0E)"
5.10.177.114 - - [04/Jul/2013:14:15:35 +0200] "GET /images/header.png HTTP/1.1" 200 1494 "http://www.mbingenieure.de/" "Mozilla/4.0 (compatible; MSIE 8.0; Windows NT 5.1; Trident/4.0; .NET CLR 1.1.4322; .NET CLR 2.0.50727; .NET CLR 3.0.04506.30; .NET CLR 3.0.4506.2152; .NET CLR 3.5.30729; .NET4.0C; .NET4.0E)"
5.10.177.114 - - [04/Jul/2013:14:15:35 +0200] "GET /images/bild1.png HTTP/1.1" 200 15538 "http://www.mbingenieure.de/" "Mozilla/4.0 (compatible; MSIE 8.0; Windows NT 5.1; Trident/4.0; .NET CLR 1.1.4322; .NET CLR 2.0.50727; .NET CLR 3.0.04506.30; .NET CLR 3.0.4506.2152; .NET CLR 3.5.30729; .NET4.0C; .NET4.0E)"
5.10.177.114 - - [04/Jul/2013:14:15:35 +0200] "GET /images/bild4.png HTTP/1.1" 200 65856 "http://www.mbingenieure.de/" "Mozilla/4.0 (compatible; MSIE 8.0; Windows NT 5.1; Trident/4.0; .NET CLR 1.1.4322; .NET CLR 2.0.50727; .NET CLR 3.0.04506.30; .NET CLR 3.0.4506.2152; .NET CLR 3.5.30729; .NET4.0C; .NET4.0E)"
5.10.177.114 - - [04/Jul/2013:14:15:35 +0200] "GET /images/bild2.png HTTP/1.1" 200 68475 "http://www.mbingenieure.de/" "Mozilla/4.0 (compatible; MSIE 8.0; Windows NT 5.1; Trident/4.0; .NET CLR 1.1.4322; .NET CLR 2.0.50727; .NET CLR 3.0.04506.30; .NET CLR 3.0.4506.2152; .NET CLR 3.5.30729; .NET4.0C; .NET4.0E)"
5.10.177.114 - - [04/Jul/2013:14:15:35 +0200] "GET /js/plugins.js HTTP/1.1" 200 898 "http://www.mbingenieure.de/" "Mozilla/4.0 (compatible; MSIE 8.0; Windows NT 5.1; Trident/4.0; .NET CLR 1.1.4322; .NET CLR 2.0.50727; .NET CLR 3.0.04506.30; .NET CLR 3.0.4506.2152; .NET CLR 3.5.30729; .NET4.0C; .NET4.0E)"
5.10.177.114 - - [04/Jul/2013:14:15:35 +0200] "GET /images/footer.png HTTP/1.1" 200 1064 "http://www.mbingenieure.de/" "Mozilla/4.0 (compatible; MSIE 8.0; Windows NT 5.1; Trident/4.0; .NET CLR 1.1.4322; .NET CLR 2.0.50727; .NET CLR 3.0.04506.30; .NET CLR 3.0.4506.2152; .NET CLR 3.5.30729; .NET4.0C; .NET4.0E)"
5.10.177.114 - - [04/Jul/2013:14:15:36 +0200] "GET /favicon.ico HTTP/1.1" 200 93062 "-" "Mozilla/4.0 (compatible; MSIE 8.0; Windows NT 5.1; Trident/4.0; .NET CLR 1.1.4322; .NET CLR 2.0.50727; .NET CLR 3.0.04506.30; .NET CLR 3.0.4506.2152; .NET CLR 3.5.30729; .NET4.0C; .NET4.0E)"
5.10.177.114 - - [04/Jul/2013:14:15:37 +0200] "GET /kontakt.html HTTP/1.1" 200 4451 "http://www.mbingenieure.de/" "Mozilla/4.0 (compatible; MSIE 8.0; Windows NT 5.1; Trident/4.0; .NET CLR 1.1.4322; .NET CLR 2.0.50727; .NET CLR 3.0.04506.30; .NET CLR 3.0.4506.2152; .NET CLR 3.5.30729; .NET4.0C; .NET4.0E)"
78.109.1.43 - - [04/Jul/2013:16:40:31 +0200] "GET / HTTP/1.1" 200 4688 "-" "Mozilla/5.0 (compatible; MSIE 9.0; Windows NT 6.1; Trident/5.0)"
78.109.1.43 - - [04/Jul/2013:16:40:31 +0200] "GET /css/style.css HTTP/1.1" 200 2831 "http://www.mbingenieure.de/" "Mozilla/5.0 (compatible; MSIE 9.0; Windows NT 6.1; Trident/5.0)"
78.109.1.43 - - [04/Jul/2013:16:40:31 +0200] "GET /images/logo.png HTTP/1.1" 200 16467 "http://www.mbingenieure.de/" "Mozilla/5.0 (compatible; MSIE 9.0; Windows NT 6.1; Trident/5.0)"
78.109.1.43 - - [04/Jul/2013:16:40:31 +0200] "GET /images/footer.png HTTP/1.1" 200 1064 "http://www.mbingenieure.de/" "Mozilla/5.0 (compatible; MSIE 9.0; Windows NT 6.1; Trident/5.0)"
78.109.1.43 - - [04/Jul/2013:16:40:31 +0200] "GET /js/libs/modernizr-2.5.3.min.js HTTP/1.1" 200 15274 "http://www.mbingenieure.de/" "Mozilla/5.0 (compatible; MSIE 9.0; Windows NT 6.1; Trident/5.0)"
78.109.1.43 - - [04/Jul/2013:16:40:31 +0200] "GET /images/bild1.png HTTP/1.1" 200 15538 "http://www.mbingenieure.de/" "Mozilla/5.0 (compatible; MSIE 9.0; Windows NT 6.1; Trident/5.0)"
78.109.1.43 - - [04/Jul/2013:16:40:32 +0200] "GET /js/plugins.js HTTP/1.1" 200 898 "http://www.mbingenieure.de/" "Mozilla/5.0 (compatible; MSIE 9.0; Windows NT 6.1; Trident/5.0)"
78.109.1.43 - - [04/Jul/2013:16:40:31 +0200] "GET /images/bild2.png HTTP/1.1" 200 68475 "http://www.mbingenieure.de/" "Mozilla/5.0 (compatible; MSIE 9.0; Windows NT 6.1; Trident/5.0)"
78.109.1.43 - - [04/Jul/2013:16:40:32 +0200] "GET /images/bild4.png HTTP/1.1" 200 65856 "http://www.mbingenieure.de/" "Mozilla/5.0 (compatible; MSIE 9.0; Windows NT 6.1; Trident/5.0)"
78.109.1.43 - - [04/Jul/2013:16:40:33 +0200] "GET /images/header.png HTTP/1.1" 200 1494 "http://www.mbingenieure.de/" "Mozilla/5.0 (compatible; MSIE 9.0; Windows NT 6.1; Trident/5.0)"
78.109.1.43 - - [04/Jul/2013:16:40:33 +0200] "GET /images/navi.png HTTP/1.1" 200 946 "http://www.mbingenieure.de/" "Mozilla/5.0 (compatible; MSIE 9.0; Windows NT 6.1; Trident/5.0)"
78.109.1.43 - - [04/Jul/2013:16:40:33 +0200] "GET /favicon.ico HTTP/1.1" 200 93062 "-" "Mozilla/5.0 (compatible; MSIE 9.0; Windows NT 6.1; Trident/5.0)"
141.8.147.12 - - [04/Jul/2013:17:00:53 +0200] "GET / HTTP/1.1" 200 4688 "-" "Mozilla/5.0 (compatible; YandexBot/3.0; +http://yandex.com/bots)"
66.249.78.8 - - [04/Jul/2013:17:59:47 +0200] "GET /uns.html HTTP/1.1" 304 - "-" "Mozilla/5.0 (iPhone; U; CPU iPhone OS 4_1 like Mac OS X; en-us) AppleWebKit/532.9 (KHTML, like Gecko) Version/4.0.5 Mobile/8B117 Safari/6531.22.7 (compatible; Googlebot-Mobile/2.1; +http://www.google.com/bot.html)"
66.249.78.8 - - [04/Jul/2013:19:57:28 +0200] "GET /robots.txt HTTP/1.1" 404 - "-" "Mozilla/5.0 (compatible; Googlebot/2.1; +http://www.google.com/bot.html)"
66.249.78.8 - - [04/Jul/2013:19:57:28 +0200] "GET / HTTP/1.1" 200 4688 "-" "SAMSUNG-SGH-E250/1.0 Profile/MIDP-2.0 Configuration/CLDC-1.1 UP.Browser/6.2.3.3.c.1.101 (GUI) MMP/2.0 (compatible; Googlebot-Mobile/2.1; +http://www.google.com/bot.html)"
157.55.33.47 - - [04/Jul/2013:21:11:06 +0200] "GET /robots.txt HTTP/1.1" 404 - "-" "Mozilla/5.0 (compatible; bingbot/2.0; +http://www.bing.com/bingbot.htm)"
157.55.33.47 - - [04/Jul/2013:21:15:13 +0200] "GET /projekte.html HTTP/1.1" 304 - "-" "Mozilla/5.0 (compatible; bingbot/2.0; +http://www.bing.com/bingbot.htm)"
199.30.20.97 - - [04/Jul/2013:21:20:32 +0200] "GET /robots.txt HTTP/1.1" 404 - "-" "msnbot-media/1.1 (+http://search.msn.com/msnbot.htm)"
199.30.20.97 - - [04/Jul/2013:21:20:32 +0200] "GET /images/logo.png HTTP/1.1" 200 16467 "-" "msnbot-media/1.1 (+http://search.msn.com/msnbot.htm)"
141.8.147.12 - - [04/Jul/2013:23:02:43 +0200] "GET /robots.txt HTTP/1.1" 404 - "-" "Mozilla/5.0 (compatible; YandexBot/3.0; +http://yandex.com/bots)"
65.55.52.96 - - [05/Jul/2013:01:51:51 +0200] "GET /robots.txt HTTP/1.1" 404 - "-" "Mozilla/5.0 (compatible; bingbot/2.0; +http://www.bing.com/bingbot.htm)"
65.55.52.96 - - [05/Jul/2013:01:57:24 +0200] "GET /uns.html HTTP/1.1" 200 4398 "-" "Mozilla/5.0 (compatible; bingbot/2.0; +http://www.bing.com/bingbot.htm)"
208.115.111.69 - - [05/Jul/2013:02:23:31 +0200] "GET /robots.txt HTTP/1.1" 404 - "-" "Mozilla/5.0 (compatible; Ezooms/1.0; ezooms.bot@gmail.com)"
65.55.52.96 - - [05/Jul/2013:03:41:45 +0200] "GET /robots.txt HTTP/1.1" 404 - "-" "Mozilla/5.0 (compatible; bingbot/2.0; +http://www.bing.com/bingbot.htm)"
65.55.52.96 - - [05/Jul/2013:03:57:36 +0200] "GET /uns.html HTTP/1.1" 200 4398 "-" "Mozilla/5.0 (compatible; bingbot/2.0; +http://www.bing.com/bingbot.htm)"
208.115.111.69 - - [05/Jul/2013:04:02:11 +0200] "GET /index.html HTTP/1.1" 200 4688 "-" "Mozilla/5.0 (compatible; Ezooms/1.0; ezooms.bot@gmail.com)"
66.249.78.8 - - [05/Jul/2013:07:31:17 +0200] "GET /robots.txt HTTP/1.1" 404 - "-" "Mozilla/5.0 (compatible; Googlebot/2.1; +http://www.google.com/bot.html)"
66.249.78.8 - - [05/Jul/2013:07:31:17 +0200] "GET /partner.html HTTP/1.1" 304 - "-" "Mozilla/5.0 (iPhone; U; CPU iPhone OS 4_1 like Mac OS X; en-us) AppleWebKit/532.9 (KHTML, like Gecko) Version/4.0.5 Mobile/8B117 Safari/6531.22.7 (compatible; Googlebot-Mobile/2.1; +http://www.google.com/bot.html)"
66.249.78.8 - - [05/Jul/2013:07:46:11 +0200] "GET / HTTP/1.1" 200 4688 "-" "Mozilla/5.0 (compatible; Googlebot/2.1; +http://www.google.com/bot.html)"
88.76.159.101 - - [05/Jul/2013:08:56:32 +0200] "GET /kontakt.html HTTP/1.1" 200 4451 "http://www.google.de/url?sa=t&rct=j&q=mb%20ingenieure&source=web&cd=3&sqi=2&ved=0CDoQjBAwAg&url=http%3A%2F%2Fwww.mbingenieure.de%2Fkontakt.html&ei=6m3WUYiQLYntsgaj3oHQDg&usg=AFQjCNG64ZP__-Dmm2mwFu9UfbX6mPE5Rg&bvm=bv.48705608,d.Yms" "Mozilla/5.0 (Windows NT 5.1; rv:22.0) Gecko/20100101 Firefox/22.0"
88.76.159.101 - - [05/Jul/2013:08:56:32 +0200] "GET /css/style.css HTTP/1.1" 200 2831 "http://www.mbingenieure.de/kontakt.html" "Mozilla/5.0 (Windows NT 5.1; rv:22.0) Gecko/20100101 Firefox/22.0"
88.76.159.101 - - [05/Jul/2013:08:56:32 +0200] "GET /js/libs/modernizr-2.5.3.min.js HTTP/1.1" 200 15274 "http://www.mbingenieure.de/kontakt.html" "Mozilla/5.0 (Windows NT 5.1; rv:22.0) Gecko/20100101 Firefox/22.0"
88.76.159.101 - - [05/Jul/2013:08:56:33 +0200] "GET /js/plugins.js HTTP/1.1" 200 898 "http://www.mbingenieure.de/kontakt.html" "Mozilla/5.0 (Windows NT 5.1; rv:22.0) Gecko/20100101 Firefox/22.0"
88.76.159.101 - - [05/Jul/2013:08:56:33 +0200] "GET /images/navi.png HTTP/1.1" 200 946 "http://www.mbingenieure.de/css/style.css" "Mozilla/5.0 (Windows NT 5.1; rv:22.0) Gecko/20100101 Firefox/22.0"
88.76.159.101 - - [05/Jul/2013:08:56:33 +0200] "GET /images/footer.png HTTP/1.1" 200 1064 "http://www.mbingenieure.de/css/style.css" "Mozilla/5.0 (Windows NT 5.1; rv:22.0) Gecko/20100101 Firefox/22.0"
88.76.159.101 - - [05/Jul/2013:08:56:33 +0200] "GET /images/header.png HTTP/1.1" 200 1494 "http://www.mbingenieure.de/css/style.css" "Mozilla/5.0 (Windows NT 5.1; rv:22.0) Gecko/20100101 Firefox/22.0"
88.76.159.101 - - [05/Jul/2013:08:56:33 +0200] "GET /favicon.ico HTTP/1.1" 200 93062 "-" "Mozilla/5.0 (Windows NT 5.1; rv:22.0) Gecko/20100101 Firefox/22.0"
