208.115.113.85 - - [02/May/2012:01:08:09 +0200] "GET /robots.txt HTTP/1.1" 404 - "-" "Mozilla/5.0 (compatible; Ezooms/1.0; ezooms.bot@gmail.com)"
208.115.113.85 - - [02/May/2012:02:35:54 +0200] "GET /index.html HTTP/1.1" 200 2338 "-" "Mozilla/5.0 (compatible; Ezooms/1.0; ezooms.bot@gmail.com)"
207.46.199.50 - - [02/May/2012:02:42:48 +0200] "GET /robots.txt HTTP/1.1" 404 - "-" "Mozilla/5.0 (compatible; bingbot/2.0; +http://www.bing.com/bingbot.htm)"
207.46.199.50 - - [02/May/2012:02:43:40 +0200] "GET /uns.html HTTP/1.1" 304 - "-" "Mozilla/5.0 (compatible; bingbot/2.0; +http://www.bing.com/bingbot.htm)"
208.115.113.85 - - [02/May/2012:12:10:56 +0200] "GET /robots.txt HTTP/1.1" 404 - "-" "Mozilla/5.0 (compatible; Ezooms/1.0; ezooms.bot@gmail.com)"
208.115.113.85 - - [02/May/2012:13:45:41 +0200] "GET /partner.html HTTP/1.1" 200 2119 "-" "Mozilla/5.0 (compatible; Ezooms/1.0; ezooms.bot@gmail.com)"
66.249.72.148 - - [02/May/2012:19:42:16 +0200] "GET /robots.txt HTTP/1.1" 404 - "-" "Mozilla/5.0 (compatible; Googlebot/2.1; +http://www.google.com/bot.html)"
66.249.72.148 - - [02/May/2012:19:42:16 +0200] "GET /uns.html HTTP/1.1" 304 - "-" "Mozilla/5.0 (compatible; Googlebot/2.1; +http://www.google.com/bot.html)"
65.52.110.190 - - [03/May/2012:06:40:48 +0200] "GET /robots.txt HTTP/1.1" 404 - "-" "Mozilla/5.0 (compatible; bingbot/2.0; +http://www.bing.com/bingbot.htm)"
65.52.110.190 - - [03/May/2012:06:41:40 +0200] "GET /partner.html HTTP/1.1" 304 - "-" "Mozilla/5.0 (compatible; bingbot/2.0; +http://www.bing.com/bingbot.htm)"
95.108.151.244 - - [03/May/2012:08:57:11 +0200] "GET /robots.txt HTTP/1.1" 404 - "-" "Mozilla/5.0 (compatible; YandexBot/3.0; +http://yandex.com/bots)"
95.108.151.244 - - [03/May/2012:08:57:11 +0200] "GET / HTTP/1.1" 200 2338 "-" "Mozilla/5.0 (compatible; YandexBot/3.0; +http://yandex.com/bots)"
95.108.151.244 - - [03/May/2012:08:57:13 +0200] "GET / HTTP/1.1" 200 2338 "-" "Mozilla/5.0 (compatible; YandexBot/3.0; +http://yandex.com/bots)"
157.55.16.230 - - [03/May/2012:12:10:55 +0200] "GET /robots.txt HTTP/1.1" 404 - "-" "Mozilla/5.0 (compatible; bingbot/2.0; +http://www.bing.com/bingbot.htm)"
157.55.16.230 - - [03/May/2012:12:11:43 +0200] "GET / HTTP/1.1" 304 - "-" "Mozilla/5.0 (compatible; bingbot/2.0; +http://www.bing.com/bingbot.htm)"
81.209.177.145 - - [03/May/2012:14:16:34 +0200] "GET /robots.txt HTTP/1.1" 404 - "-" "netEstate NE Crawler (+http://www.sengine.info/)"
81.209.177.95 - - [03/May/2012:14:16:34 +0200] "GET / HTTP/1.1" 200 2338 "-" "netEstate NE Crawler (+http://www.sengine.info/)"
81.209.177.95 - - [03/May/2012:14:16:44 +0200] "GET /partner.html HTTP/1.1" 200 2119 "-" "netEstate NE Crawler (+http://www.sengine.info/)"
81.209.177.95 - - [03/May/2012:14:16:55 +0200] "GET /www.asabau.de HTTP/1.1" 404 - "-" "netEstate NE Crawler (+http://www.sengine.info/)"
81.209.177.95 - - [03/May/2012:14:17:05 +0200] "GET /referenz.html HTTP/1.1" 200 8403 "-" "netEstate NE Crawler (+http://www.sengine.info/)"
81.209.177.95 - - [03/May/2012:14:17:15 +0200] "GET /spektrum.html HTTP/1.1" 200 2273 "-" "netEstate NE Crawler (+http://www.sengine.info/)"
81.209.177.201 - - [03/May/2012:14:17:25 +0200] "GET /kontakt.html HTTP/1.1" 200 2183 "-" "netEstate NE Crawler (+http://www.sengine.info/)"
81.209.177.202 - - [03/May/2012:14:17:37 +0200] "GET /index.html HTTP/1.1" 200 2338 "-" "netEstate NE Crawler (+http://www.sengine.info/)"
81.209.177.202 - - [03/May/2012:14:17:47 +0200] "GET /www.witerra-bau.de HTTP/1.1" 404 - "-" "netEstate NE Crawler (+http://www.sengine.info/)"
81.209.177.203 - - [03/May/2012:14:17:57 +0200] "GET /impressum.html HTTP/1.1" 200 3453 "-" "netEstate NE Crawler (+http://www.sengine.info/)"
81.209.177.201 - - [03/May/2012:14:18:08 +0200] "GET /uns.html HTTP/1.1" 200 2130 "-" "netEstate NE Crawler (+http://www.sengine.info/)"
83.133.125.202 - - [03/May/2012:15:08:45 +0200] "GET / HTTP/1.1" 200 2338 "http://www.bigfinder.de/" "Mozilla/5.0 (Macintosh; U; Intel Mac OS X 10.6; de-DE; rv:1.9.2.8) Gecko/20100722 Firefox/3.6.8"
77.75.77.17 - - [03/May/2012:15:19:37 +0200] "GET /robots.txt HTTP/1.1" 404 - "-" "SeznamBot/3.0 (+http://fulltext.sblog.cz/)"
77.75.77.17 - - [03/May/2012:15:19:37 +0200] "GET / HTTP/1.1" 304 - "-" "SeznamBot/3.0 (+http://fulltext.sblog.cz/)"
50.16.160.59 - - [03/May/2012:18:07:35 +0200] "GET / HTTP/1.0" 200 2338 "-" "Mozilla/5.0 (compatible; NetcraftSurveyAgent/1.0; +info@netcraft.com)"
81.209.177.187 - - [04/May/2012:00:58:08 +0200] "GET /robots.txt HTTP/1.1" 404 - "-" "netEstate NE Crawler (+http://www.website-datenbank.de/)"
81.209.177.187 - - [04/May/2012:00:58:08 +0200] "GET / HTTP/1.1" 200 2338 "-" "netEstate NE Crawler (+http://www.website-datenbank.de/)"
81.209.177.187 - - [04/May/2012:00:58:08 +0200] "GET /impressum.html HTTP/1.1" 200 3453 "-" "netEstate NE Crawler (+http://www.website-datenbank.de/)"
81.209.177.187 - - [04/May/2012:00:58:09 +0200] "GET / HTTP/1.1" 200 2338 "-" "netEstate NE Crawler (+http://www.website-datenbank.de/)"
92.78.106.27 - - [04/May/2012:08:51:12 +0200] "GET / HTTP/1.1" 200 2338 "-" "Mozilla/5.0 (Windows NT 6.1; WOW64; rv:11.0) Gecko/20100101 Firefox/11.0"
92.78.106.27 - - [04/May/2012:08:51:12 +0200] "GET /css/style.css HTTP/1.1" 200 2439 "http://www.mbingenieure.de/" "Mozilla/5.0 (Windows NT 6.1; WOW64; rv:11.0) Gecko/20100101 Firefox/11.0"
92.78.106.27 - - [04/May/2012:08:51:12 +0200] "GET /images/bild4.jpg HTTP/1.1" 200 14402 "http://www.mbingenieure.de/" "Mozilla/5.0 (Windows NT 6.1; WOW64; rv:11.0) Gecko/20100101 Firefox/11.0"
92.78.106.27 - - [04/May/2012:08:51:12 +0200] "GET /images/bild2.jpg HTTP/1.1" 200 14865 "http://www.mbingenieure.de/" "Mozilla/5.0 (Windows NT 6.1; WOW64; rv:11.0) Gecko/20100101 Firefox/11.0"
92.78.106.27 - - [04/May/2012:08:51:12 +0200] "GET /images/footer.jpg HTTP/1.1" 200 5903 "http://www.mbingenieure.de/css/style.css" "Mozilla/5.0 (Windows NT 6.1; WOW64; rv:11.0) Gecko/20100101 Firefox/11.0"
92.78.106.27 - - [04/May/2012:08:51:12 +0200] "GET /images/header.jpg HTTP/1.1" 200 10807 "http://www.mbingenieure.de/css/style.css" "Mozilla/5.0 (Windows NT 6.1; WOW64; rv:11.0) Gecko/20100101 Firefox/11.0"
92.78.106.27 - - [04/May/2012:08:51:12 +0200] "GET /images/navi.jpg HTTP/1.1" 200 32635 "http://www.mbingenieure.de/css/style.css" "Mozilla/5.0 (Windows NT 6.1; WOW64; rv:11.0) Gecko/20100101 Firefox/11.0"
92.78.106.27 - - [04/May/2012:08:51:12 +0200] "GET /images/bild3.png HTTP/1.1" 200 48627 "http://www.mbingenieure.de/" "Mozilla/5.0 (Windows NT 6.1; WOW64; rv:11.0) Gecko/20100101 Firefox/11.0"
92.78.106.27 - - [04/May/2012:08:51:12 +0200] "GET /favicon.ico HTTP/1.1" 200 93062 "-" "Mozilla/5.0 (Windows NT 6.1; WOW64; rv:11.0) Gecko/20100101 Firefox/11.0"
95.108.151.244 - - [04/May/2012:15:51:36 +0200] "GET /robots.txt HTTP/1.1" 404 - "-" "Mozilla/5.0 (compatible; YandexBot/3.0; +http://yandex.com/bots)"
95.108.151.244 - - [04/May/2012:15:51:37 +0200] "GET / HTTP/1.1" 200 2338 "-" "Mozilla/5.0 (compatible; YandexBot/3.0; +http://yandex.com/bots)"
95.108.151.244 - - [04/May/2012:15:51:38 +0200] "GET / HTTP/1.1" 200 2338 "-" "Mozilla/5.0 (compatible; YandexBot/3.0; +http://yandex.com/bots)"
62.116.174.188 - - [05/May/2012:02:35:46 +0200] "GET / HTTP/1.1" 200 2338 "-" "Mozilla/4.0 (compatible; MSIE 6.0; Windows 98; Win 9x4.90)"
176.9.50.103 - - [05/May/2012:11:24:18 +0200] "GET /robots.txt HTTP/1.1" 404 - "-" "Mozilla/5.0 (compatible; SISTRIX Crawler; http://crawler.sistrix.net/)"
176.9.50.103 - - [05/May/2012:11:24:18 +0200] "GET / HTTP/1.1" 200 2338 "-" "Mozilla/5.0 (compatible; SISTRIX Crawler; http://crawler.sistrix.net/)"
176.9.50.103 - - [05/May/2012:11:24:18 +0200] "GET /kontakt.html HTTP/1.1" 200 2183 "-" "Mozilla/5.0 (compatible; SISTRIX Crawler; http://crawler.sistrix.net/)"
176.9.50.103 - - [05/May/2012:11:24:18 +0200] "GET /spektrum.html HTTP/1.1" 200 2273 "-" "Mozilla/5.0 (compatible; SISTRIX Crawler; http://crawler.sistrix.net/)"
176.9.50.103 - - [05/May/2012:11:24:18 +0200] "GET /impressum.html HTTP/1.1" 200 3453 "-" "Mozilla/5.0 (compatible; SISTRIX Crawler; http://crawler.sistrix.net/)"
176.9.50.103 - - [05/May/2012:11:24:18 +0200] "GET /index.html HTTP/1.1" 200 2338 "-" "Mozilla/5.0 (compatible; SISTRIX Crawler; http://crawler.sistrix.net/)"
176.9.50.103 - - [05/May/2012:11:24:18 +0200] "GET /partner.html HTTP/1.1" 200 2119 "-" "Mozilla/5.0 (compatible; SISTRIX Crawler; http://crawler.sistrix.net/)"
176.9.50.103 - - [05/May/2012:11:24:18 +0200] "GET /uns.html HTTP/1.1" 200 2130 "-" "Mozilla/5.0 (compatible; SISTRIX Crawler; http://crawler.sistrix.net/)"
176.9.50.103 - - [05/May/2012:11:24:18 +0200] "GET /referenz.html HTTP/1.1" 200 8403 "-" "Mozilla/5.0 (compatible; SISTRIX Crawler; http://crawler.sistrix.net/)"
66.249.66.41 - - [06/May/2012:08:14:02 +0200] "GET /robots.txt HTTP/1.1" 404 - "-" "Mozilla/5.0 (compatible; Googlebot/2.1; +http://www.google.com/bot.html)"
66.249.66.41 - - [06/May/2012:08:14:02 +0200] "GET / HTTP/1.1" 304 - "-" "Mozilla/5.0 (compatible; Googlebot/2.1; +http://www.google.com/bot.html)"
157.55.16.230 - - [06/May/2012:08:21:42 +0200] "GET /robots.txt HTTP/1.1" 404 - "-" "Mozilla/5.0 (compatible; bingbot/2.0; +http://www.bing.com/bingbot.htm)"
157.55.16.230 - - [06/May/2012:08:22:26 +0200] "GET / HTTP/1.1" 304 - "-" "Mozilla/5.0 (compatible; bingbot/2.0; +http://www.bing.com/bingbot.htm)"
178.77.126.55 - - [06/May/2012:10:23:46 +0200] "GET /robots.txt HTTP/1.1" 404 - "-" "Mozilla/5.0 (compatible; CareerBot/1.1; +http://www.career-x.de/bot.html)"
178.77.126.55 - - [06/May/2012:10:23:53 +0200] "GET / HTTP/1.1" 200 2338 "-" "Mozilla/5.0 (compatible; CareerBot/1.1; +http://www.career-x.de/bot.html)"
178.77.126.55 - - [06/May/2012:10:24:06 +0200] "GET /uns.html HTTP/1.1" 200 2130 "-" "Mozilla/5.0 (compatible; CareerBot/1.1; +http://www.career-x.de/bot.html)"
178.77.126.55 - - [06/May/2012:10:24:23 +0200] "GET /UTF-8 HTTP/1.1" 404 - "-" "Mozilla/5.0 (compatible; CareerBot/1.1; +http://www.career-x.de/bot.html)"
178.77.126.55 - - [06/May/2012:10:24:27 +0200] "GET /index.html HTTP/1.1" 200 2338 "-" "Mozilla/5.0 (compatible; CareerBot/1.1; +http://www.career-x.de/bot.html)"
178.77.126.55 - - [06/May/2012:10:24:34 +0200] "GET /uns.html HTTP/1.1" 200 2130 "-" "Mozilla/5.0 (compatible; CareerBot/1.1; +http://www.career-x.de/bot.html)"
178.77.126.55 - - [06/May/2012:10:24:40 +0200] "GET /spektrum.html HTTP/1.1" 200 2273 "-" "Mozilla/5.0 (compatible; CareerBot/1.1; +http://www.career-x.de/bot.html)"
178.77.126.55 - - [06/May/2012:10:24:53 +0200] "GET /referenz.html HTTP/1.1" 200 8403 "-" "Mozilla/5.0 (compatible; CareerBot/1.1; +http://www.career-x.de/bot.html)"
178.77.126.55 - - [06/May/2012:10:25:17 +0200] "GET /partner.html HTTP/1.1" 200 2119 "-" "Mozilla/5.0 (compatible; CareerBot/1.1; +http://www.career-x.de/bot.html)"
178.77.126.55 - - [06/May/2012:10:25:23 +0200] "GET /kontakt.html HTTP/1.1" 200 2183 "-" "Mozilla/5.0 (compatible; CareerBot/1.1; +http://www.career-x.de/bot.html)"
178.77.126.55 - - [06/May/2012:10:25:36 +0200] "GET /impressum.html HTTP/1.1" 200 3453 "-" "Mozilla/5.0 (compatible; CareerBot/1.1; +http://www.career-x.de/bot.html)"
95.108.128.242 - - [06/May/2012:10:40:23 +0200] "GET /robots.txt HTTP/1.1" 404 - "-" "Mozilla/5.0 (compatible; YandexBot/3.0; +http://yandex.com/bots)"
95.108.128.242 - - [06/May/2012:15:47:11 +0200] "GET / HTTP/1.1" 200 2338 "-" "Mozilla/5.0 (compatible; YandexBot/3.0; +http://yandex.com/bots)"
95.108.128.242 - - [06/May/2012:18:05:30 +0200] "GET /index.html HTTP/1.1" 200 2338 "-" "Mozilla/5.0 (compatible; YandexBot/3.0; +http://yandex.com/bots)"
157.55.16.230 - - [07/May/2012:02:35:35 +0200] "GET /robots.txt HTTP/1.1" 404 - "-" "Mozilla/5.0 (compatible; bingbot/2.0; +http://www.bing.com/bingbot.htm)"
157.55.16.230 - - [07/May/2012:02:36:23 +0200] "GET / HTTP/1.1" 304 - "-" "Mozilla/5.0 (compatible; bingbot/2.0; +http://www.bing.com/bingbot.htm)"
66.249.66.129 - - [07/May/2012:04:01:08 +0200] "GET /robots.txt HTTP/1.1" 404 - "-" "Mozilla/5.0 (compatible; Googlebot/2.1; +http://www.google.com/bot.html)"
66.249.71.49 - - [07/May/2012:04:01:08 +0200] "GET /impressum.html HTTP/1.1" 200 3453 "-" "Mozilla/5.0 (iPhone; U; CPU iPhone OS 4_1 like Mac OS X; en-us) AppleWebKit/532.9 (KHTML, like Gecko) Version/4.0.5 Mobile/8B117 Safari/6531.22.7 (compatible; Googlebot-Mobile/2.1; +http://www.google.com/bot.html)"
92.78.106.27 - - [07/May/2012:18:13:09 +0200] "GET / HTTP/1.1" 200 2338 "-" "Mozilla/5.0 (Windows NT 6.1; WOW64; rv:12.0) Gecko/20100101 Firefox/12.0"
92.78.106.27 - - [07/May/2012:18:13:09 +0200] "GET /css/style.css HTTP/1.1" 200 2439 "http://www.mbingenieure.de/" "Mozilla/5.0 (Windows NT 6.1; WOW64; rv:12.0) Gecko/20100101 Firefox/12.0"
92.78.106.27 - - [07/May/2012:18:13:09 +0200] "GET /images/bild2.jpg HTTP/1.1" 200 14865 "http://www.mbingenieure.de/" "Mozilla/5.0 (Windows NT 6.1; WOW64; rv:12.0) Gecko/20100101 Firefox/12.0"
92.78.106.27 - - [07/May/2012:18:13:09 +0200] "GET /images/bild4.jpg HTTP/1.1" 200 14402 "http://www.mbingenieure.de/" "Mozilla/5.0 (Windows NT 6.1; WOW64; rv:12.0) Gecko/20100101 Firefox/12.0"
92.78.106.27 - - [07/May/2012:18:13:09 +0200] "GET /images/footer.jpg HTTP/1.1" 200 5903 "http://www.mbingenieure.de/css/style.css" "Mozilla/5.0 (Windows NT 6.1; WOW64; rv:12.0) Gecko/20100101 Firefox/12.0"
92.78.106.27 - - [07/May/2012:18:13:09 +0200] "GET /images/header.jpg HTTP/1.1" 200 10807 "http://www.mbingenieure.de/css/style.css" "Mozilla/5.0 (Windows NT 6.1; WOW64; rv:12.0) Gecko/20100101 Firefox/12.0"
92.78.106.27 - - [07/May/2012:18:13:09 +0200] "GET /images/navi.jpg HTTP/1.1" 200 32635 "http://www.mbingenieure.de/css/style.css" "Mozilla/5.0 (Windows NT 6.1; WOW64; rv:12.0) Gecko/20100101 Firefox/12.0"
92.78.106.27 - - [07/May/2012:18:13:09 +0200] "GET /images/bild3.png HTTP/1.1" 200 48627 "http://www.mbingenieure.de/" "Mozilla/5.0 (Windows NT 6.1; WOW64; rv:12.0) Gecko/20100101 Firefox/12.0"
92.78.106.27 - - [07/May/2012:18:13:09 +0200] "GET /favicon.ico HTTP/1.1" 200 93062 "-" "Mozilla/5.0 (Windows NT 6.1; WOW64; rv:12.0) Gecko/20100101 Firefox/12.0"
92.78.106.27 - - [07/May/2012:18:13:11 +0200] "GET /kontakt.html HTTP/1.1" 200 2183 "http://www.mbingenieure.de/" "Mozilla/5.0 (Windows NT 6.1; WOW64; rv:12.0) Gecko/20100101 Firefox/12.0"
92.78.106.27 - - [07/May/2012:18:13:17 +0200] "GET /impressum.html HTTP/1.1" 200 3453 "http://www.mbingenieure.de/kontakt.html" "Mozilla/5.0 (Windows NT 6.1; WOW64; rv:12.0) Gecko/20100101 Firefox/12.0"
92.78.106.27 - - [07/May/2012:18:13:26 +0200] "GET /spektrum.html HTTP/1.1" 200 2273 "http://www.mbingenieure.de/impressum.html" "Mozilla/5.0 (Windows NT 6.1; WOW64; rv:12.0) Gecko/20100101 Firefox/12.0"
92.78.106.27 - - [07/May/2012:18:13:31 +0200] "GET /uns.html HTTP/1.1" 200 2130 "http://www.mbingenieure.de/spektrum.html" "Mozilla/5.0 (Windows NT 6.1; WOW64; rv:12.0) Gecko/20100101 Firefox/12.0"
92.78.106.27 - - [07/May/2012:18:13:33 +0200] "GET /index.html HTTP/1.1" 200 2338 "http://www.mbingenieure.de/uns.html" "Mozilla/5.0 (Windows NT 6.1; WOW64; rv:12.0) Gecko/20100101 Firefox/12.0"
66.249.72.148 - - [07/May/2012:18:41:04 +0200] "GET /robots.txt HTTP/1.1" 404 - "-" "Mozilla/5.0 (compatible; Googlebot/2.1; +http://www.google.com/bot.html)"
66.249.66.129 - - [07/May/2012:18:41:04 +0200] "GET /images/bild4.jpg HTTP/1.1" 304 - "-" "Googlebot-Image/1.0"
208.115.111.69 - - [07/May/2012:19:00:57 +0200] "GET /robots.txt HTTP/1.1" 404 - "-" "Mozilla/5.0 (compatible; Ezooms/1.0; ezooms.bot@gmail.com)"
208.115.111.69 - - [07/May/2012:20:43:09 +0200] "GET /uns.html HTTP/1.1" 200 2130 "-" "Mozilla/5.0 (compatible; Ezooms/1.0; ezooms.bot@gmail.com)"
66.249.72.148 - - [08/May/2012:01:42:17 +0200] "GET /index.html HTTP/1.1" 200 2338 "-" "Mozilla/5.0 (iPhone; U; CPU iPhone OS 4_1 like Mac OS X; en-us) AppleWebKit/532.9 (KHTML, like Gecko) Version/4.0.5 Mobile/8B117 Safari/6531.22.7 (compatible; Googlebot-Mobile/2.1; +http://www.google.com/bot.html)"
66.249.72.148 - - [08/May/2012:01:56:16 +0200] "GET /images/bild4.jpg HTTP/1.1" 200 14402 "http://www.mbingenieure.de/index.html" "Mozilla/5.0 (compatible; Googlebot/2.1; +http://www.google.com/bot.html)"
66.249.66.129 - - [08/May/2012:01:56:17 +0200] "GET /images/bild2.jpg HTTP/1.1" 200 14865 "http://www.mbingenieure.de/index.html" "Mozilla/5.0 (compatible; Googlebot/2.1; +http://www.google.com/bot.html)"
66.249.72.148 - - [08/May/2012:01:56:17 +0200] "GET /images/bild3.png HTTP/1.1" 200 48627 "http://www.mbingenieure.de/index.html" "Mozilla/5.0 (compatible; Googlebot/2.1; +http://www.google.com/bot.html)"
66.249.66.129 - - [08/May/2012:06:46:24 +0200] "GET /robots.txt HTTP/1.1" 404 - "-" "Mozilla/5.0 (compatible; Googlebot/2.1; +http://www.google.com/bot.html)"
66.249.72.197 - - [08/May/2012:06:46:24 +0200] "GET / HTTP/1.1" 304 - "-" "Mozilla/5.0 (iPhone; U; CPU iPhone OS 4_1 like Mac OS X; en-us) AppleWebKit/532.9 (KHTML, like Gecko) Version/4.0.5 Mobile/8B117 Safari/6531.22.7 (compatible; Googlebot-Mobile/2.1; +http://www.google.com/bot.html)"
208.115.113.85 - - [08/May/2012:12:32:08 +0200] "GET /robots.txt HTTP/1.1" 404 - "-" "Mozilla/5.0 (compatible; Ezooms/1.0; ezooms.bot@gmail.com)"
208.115.113.85 - - [08/May/2012:14:08:15 +0200] "GET /spektrum.html HTTP/1.1" 200 2273 "-" "Mozilla/5.0 (compatible; Ezooms/1.0; ezooms.bot@gmail.com)"
79.210.198.80 - - [08/May/2012:14:52:20 +0200] "GET /partner.html HTTP/1.1" 304 - "-" "Mozilla/5.0 (compatible; MSIE 9.0; Windows NT 6.1; Trident/5.0)"
79.210.198.80 - - [08/May/2012:14:52:21 +0200] "GET /css/style.css HTTP/1.1" 200 2439 "http://www.mbingenieure.de/partner.html" "Mozilla/5.0 (compatible; MSIE 9.0; Windows NT 6.1; Trident/5.0)"
79.210.198.80 - - [08/May/2012:14:52:28 +0200] "GET /images/header.jpg HTTP/1.1" 200 10807 "http://www.mbingenieure.de/partner.html" "Mozilla/5.0 (compatible; MSIE 9.0; Windows NT 6.1; Trident/5.0)"
79.210.198.80 - - [08/May/2012:14:52:28 +0200] "GET /images/footer.jpg HTTP/1.1" 200 5903 "http://www.mbingenieure.de/partner.html" "Mozilla/5.0 (compatible; MSIE 9.0; Windows NT 6.1; Trident/5.0)"
66.249.66.193 - - [09/May/2012:04:34:06 +0200] "GET /robots.txt HTTP/1.1" 404 - "-" "Mozilla/5.0 (compatible; Googlebot/2.1; +http://www.google.com/bot.html)"
66.249.66.193 - - [09/May/2012:04:34:06 +0200] "GET /kontakt.html HTTP/1.1" 200 2183 "-" "Mozilla/5.0 (iPhone; U; CPU iPhone OS 4_1 like Mac OS X; en-us) AppleWebKit/532.9 (KHTML, like Gecko) Version/4.0.5 Mobile/8B117 Safari/6531.22.7 (compatible; Googlebot-Mobile/2.1; +http://www.google.com/bot.html)"
95.108.128.242 - - [09/May/2012:06:08:36 +0200] "GET /robots.txt HTTP/1.1" 404 - "-" "Mozilla/5.0 (compatible; YandexBot/3.0; +http://yandex.com/bots)"
92.78.106.27 - - [09/May/2012:15:00:40 +0200] "GET / HTTP/1.1" 200 2338 "-" "Mozilla/5.0 (Windows NT 6.1; WOW64; rv:12.0) Gecko/20100101 Firefox/12.0"
92.78.106.27 - - [09/May/2012:15:00:40 +0200] "GET /css/style.css HTTP/1.1" 200 2439 "http://www.mbingenieure.de/" "Mozilla/5.0 (Windows NT 6.1; WOW64; rv:12.0) Gecko/20100101 Firefox/12.0"
92.78.106.27 - - [09/May/2012:15:00:40 +0200] "GET /images/bild2.jpg HTTP/1.1" 200 14865 "http://www.mbingenieure.de/" "Mozilla/5.0 (Windows NT 6.1; WOW64; rv:12.0) Gecko/20100101 Firefox/12.0"
92.78.106.27 - - [09/May/2012:15:00:40 +0200] "GET /images/bild4.jpg HTTP/1.1" 200 14402 "http://www.mbingenieure.de/" "Mozilla/5.0 (Windows NT 6.1; WOW64; rv:12.0) Gecko/20100101 Firefox/12.0"
92.78.106.27 - - [09/May/2012:15:00:40 +0200] "GET /images/footer.jpg HTTP/1.1" 200 5903 "http://www.mbingenieure.de/css/style.css" "Mozilla/5.0 (Windows NT 6.1; WOW64; rv:12.0) Gecko/20100101 Firefox/12.0"
92.78.106.27 - - [09/May/2012:15:00:40 +0200] "GET /images/header.jpg HTTP/1.1" 200 10807 "http://www.mbingenieure.de/css/style.css" "Mozilla/5.0 (Windows NT 6.1; WOW64; rv:12.0) Gecko/20100101 Firefox/12.0"
92.78.106.27 - - [09/May/2012:15:00:40 +0200] "GET /images/navi.jpg HTTP/1.1" 200 32635 "http://www.mbingenieure.de/css/style.css" "Mozilla/5.0 (Windows NT 6.1; WOW64; rv:12.0) Gecko/20100101 Firefox/12.0"
92.78.106.27 - - [09/May/2012:15:00:40 +0200] "GET /images/bild3.png HTTP/1.1" 200 48627 "http://www.mbingenieure.de/" "Mozilla/5.0 (Windows NT 6.1; WOW64; rv:12.0) Gecko/20100101 Firefox/12.0"
92.78.106.27 - - [09/May/2012:15:00:41 +0200] "GET /favicon.ico HTTP/1.1" 200 93062 "-" "Mozilla/5.0 (Windows NT 6.1; WOW64; rv:12.0) Gecko/20100101 Firefox/12.0"
92.78.106.27 - - [09/May/2012:15:01:33 +0200] "GET /impressum.html HTTP/1.1" 200 3453 "http://www.mbingenieure.de/" "Mozilla/5.0 (Windows NT 6.1; WOW64; rv:12.0) Gecko/20100101 Firefox/12.0"
95.108.128.242 - - [09/May/2012:16:37:39 +0200] "GET / HTTP/1.1" 200 2338 "-" "Mozilla/5.0 (compatible; YandexBot/3.0; +http://yandex.com/bots)"
208.115.113.85 - - [09/May/2012:17:31:32 +0200] "GET /robots.txt HTTP/1.1" 404 - "-" "Mozilla/5.0 (compatible; Ezooms/1.0; ezooms.bot@gmail.com)"
208.115.113.85 - - [09/May/2012:19:11:16 +0200] "GET /kontakt.html HTTP/1.1" 200 2183 "-" "Mozilla/5.0 (compatible; Ezooms/1.0; ezooms.bot@gmail.com)"
66.249.66.193 - - [09/May/2012:19:45:08 +0200] "GET /robots.txt HTTP/1.1" 404 - "-" "Mozilla/5.0 (compatible; Googlebot/2.1; +http://www.google.com/bot.html)"
66.249.66.193 - - [09/May/2012:19:45:09 +0200] "GET /images/bild3.png HTTP/1.1" 304 - "-" "Googlebot-Image/1.0"
66.249.66.193 - - [09/May/2012:19:57:53 +0200] "GET /images/bild2.jpg HTTP/1.1" 304 - "-" "Googlebot-Image/1.0"
157.55.17.145 - - [09/May/2012:20:56:16 +0200] "GET /robots.txt HTTP/1.1" 404 - "-" "Mozilla/5.0 (compatible; bingbot/2.0; +http://www.bing.com/bingbot.htm)"
157.55.17.145 - - [09/May/2012:20:57:07 +0200] "GET /referenz.html HTTP/1.1" 304 - "-" "Mozilla/5.0 (compatible; bingbot/2.0; +http://www.bing.com/bingbot.htm)"
65.52.110.190 - - [10/May/2012:01:27:22 +0200] "GET /robots.txt HTTP/1.1" 404 - "-" "Mozilla/5.0 (compatible; bingbot/2.0; +http://www.bing.com/bingbot.htm)"
65.52.110.190 - - [10/May/2012:01:28:07 +0200] "GET /kontakt.html HTTP/1.1" 304 - "-" "Mozilla/5.0 (compatible; bingbot/2.0; +http://www.bing.com/bingbot.htm)"
66.249.66.193 - - [10/May/2012:03:21:10 +0200] "GET /partner.html HTTP/1.1" 200 2119 "-" "Mozilla/5.0 (iPhone; U; CPU iPhone OS 4_1 like Mac OS X; en-us) AppleWebKit/532.9 (KHTML, like Gecko) Version/4.0.5 Mobile/8B117 Safari/6531.22.7 (compatible; Googlebot-Mobile/2.1; +http://www.google.com/bot.html)"
95.108.128.242 - - [10/May/2012:04:40:29 +0200] "GET / HTTP/1.1" 200 2338 "-" "Mozilla/5.0 (compatible; YandexBot/3.0; +http://yandex.com/bots)"
66.249.66.193 - - [10/May/2012:09:10:43 +0200] "GET /robots.txt HTTP/1.1" 404 - "-" "Mozilla/5.0 (compatible; Googlebot/2.1; +http://www.google.com/bot.html)"
66.249.66.193 - - [10/May/2012:09:10:43 +0200] "GET /uns.html HTTP/1.1" 304 - "-" "Mozilla/5.0 (compatible; Googlebot/2.1; +http://www.google.com/bot.html)"
87.106.137.158 - - [10/May/2012:09:51:57 +0200] "GET /index.html HTTP/1.1" 200 2338 "-" "Mozilla/4.0 (compatible; MSIE 6.0; Windows 98; Win 9x4.90)"
157.55.16.230 - - [10/May/2012:12:17:41 +0200] "GET /robots.txt HTTP/1.1" 404 - "-" "Mozilla/5.0 (compatible; bingbot/2.0; +http://www.bing.com/bingbot.htm)"
157.55.16.230 - - [10/May/2012:12:18:14 +0200] "GET / HTTP/1.1" 200 2338 "-" "Mozilla/5.0 (compatible; bingbot/2.0; +http://www.bing.com/bingbot.htm)"
157.55.16.230 - - [10/May/2012:15:51:37 +0200] "GET /robots.txt HTTP/1.1" 404 - "-" "Mozilla/5.0 (compatible; bingbot/2.0; +http://www.bing.com/bingbot.htm)"
157.55.16.230 - - [10/May/2012:15:52:18 +0200] "GET / HTTP/1.1" 304 - "-" "Mozilla/5.0 (compatible; bingbot/2.0; +http://www.bing.com/bingbot.htm)"
157.55.16.230 - - [10/May/2012:17:11:51 +0200] "GET /impressum.html HTTP/1.1" 304 - "-" "Mozilla/5.0 (compatible; bingbot/2.0; +http://www.bing.com/bingbot.htm)"
62.116.174.188 - - [10/May/2012:21:23:03 +0200] "GET /referenz.html HTTP/1.1" 200 8403 "-" "Mozilla/4.0 (compatible; MSIE 6.0; Windows 98; Win 9x4.90)"
66.249.66.193 - - [11/May/2012:05:05:47 +0200] "GET /robots.txt HTTP/1.1" 404 - "-" "Mozilla/5.0 (compatible; Googlebot/2.1; +http://www.google.com/bot.html)"
66.249.66.193 - - [11/May/2012:05:05:47 +0200] "GET /referenz.html HTTP/1.1" 200 8403 "-" "Mozilla/5.0 (iPhone; U; CPU iPhone OS 4_1 like Mac OS X; en-us) AppleWebKit/532.9 (KHTML, like Gecko) Version/4.0.5 Mobile/8B117 Safari/6531.22.7 (compatible; Googlebot-Mobile/2.1; +http://www.google.com/bot.html)"
94.23.225.68 - - [11/May/2012:09:39:51 +0200] "GET /referenz.html HTTP/1.1" 200 8403 "-" "Mozilla/5.0 (X11; Linux i686; rv:6.0) Gecko/20100101 Firefox/6.0"
94.23.225.68 - - [11/May/2012:09:39:51 +0200] "GET /impressum.html HTTP/1.1" 200 3453 "-" "Mozilla/5.0 (X11; Linux i686; rv:6.0) Gecko/20100101 Firefox/6.0"
94.23.225.68 - - [11/May/2012:09:39:51 +0200] "GET /uns.html HTTP/1.1" 200 2130 "-" "Mozilla/5.0 (X11; Linux i686; rv:6.0) Gecko/20100101 Firefox/6.0"
176.31.244.198 - - [11/May/2012:09:39:51 +0200] "GET /index.html HTTP/1.1" 200 2338 "-" "Mozilla/5.0 (X11; Linux i686; rv:6.0) Gecko/20100101 Firefox/6.0"
157.55.16.230 - - [11/May/2012:22:03:43 +0200] "GET /robots.txt HTTP/1.1" 404 - "-" "Mozilla/5.0 (compatible; bingbot/2.0; +http://www.bing.com/bingbot.htm)"
157.55.16.230 - - [11/May/2012:22:04:38 +0200] "GET /index.html HTTP/1.1" 304 - "-" "Mozilla/5.0 (compatible; bingbot/2.0; +http://www.bing.com/bingbot.htm)"
66.249.66.193 - - [12/May/2012:04:19:14 +0200] "GET /robots.txt HTTP/1.1" 404 - "-" "Mozilla/5.0 (compatible; Googlebot/2.1; +http://www.google.com/bot.html)"
66.249.66.193 - - [12/May/2012:04:19:15 +0200] "GET /spektrum.html HTTP/1.1" 200 2273 "-" "Mozilla/5.0 (iPhone; U; CPU iPhone OS 4_1 like Mac OS X; en-us) AppleWebKit/532.9 (KHTML, like Gecko) Version/4.0.5 Mobile/8B117 Safari/6531.22.7 (compatible; Googlebot-Mobile/2.1; +http://www.google.com/bot.html)"
95.108.128.242 - - [12/May/2012:06:36:43 +0200] "GET /robots.txt HTTP/1.1" 404 - "-" "Mozilla/5.0 (compatible; YandexBot/3.0; +http://yandex.com/bots)"
176.9.139.112 - - [12/May/2012:09:37:13 +0200] "GET /robots.txt HTTP/1.1" 404 - "-" "Mozilla/5.0 (compatible; SISTRIX Crawler; http://crawler.sistrix.net/)"
176.9.139.112 - - [12/May/2012:09:37:13 +0200] "GET / HTTP/1.1" 200 2338 "-" "Mozilla/5.0 (compatible; SISTRIX Crawler; http://crawler.sistrix.net/)"
176.9.139.112 - - [12/May/2012:09:37:14 +0200] "GET /kontakt.html HTTP/1.1" 200 2183 "-" "Mozilla/5.0 (compatible; SISTRIX Crawler; http://crawler.sistrix.net/)"
176.9.139.112 - - [12/May/2012:09:37:14 +0200] "GET /spektrum.html HTTP/1.1" 200 2273 "-" "Mozilla/5.0 (compatible; SISTRIX Crawler; http://crawler.sistrix.net/)"
176.9.139.112 - - [12/May/2012:09:37:14 +0200] "GET /impressum.html HTTP/1.1" 200 3453 "-" "Mozilla/5.0 (compatible; SISTRIX Crawler; http://crawler.sistrix.net/)"
176.9.139.112 - - [12/May/2012:09:37:14 +0200] "GET /index.html HTTP/1.1" 200 2338 "-" "Mozilla/5.0 (compatible; SISTRIX Crawler; http://crawler.sistrix.net/)"
176.9.139.112 - - [12/May/2012:09:37:14 +0200] "GET /partner.html HTTP/1.1" 200 2119 "-" "Mozilla/5.0 (compatible; SISTRIX Crawler; http://crawler.sistrix.net/)"
176.9.139.112 - - [12/May/2012:09:37:14 +0200] "GET /uns.html HTTP/1.1" 200 2130 "-" "Mozilla/5.0 (compatible; SISTRIX Crawler; http://crawler.sistrix.net/)"
176.9.139.112 - - [12/May/2012:09:37:14 +0200] "GET /referenz.html HTTP/1.1" 200 8403 "-" "Mozilla/5.0 (compatible; SISTRIX Crawler; http://crawler.sistrix.net/)"
83.133.125.202 - - [12/May/2012:16:54:41 +0200] "GET / HTTP/1.1" 200 2338 "http://www.bigfinder.de/" "Mozilla/4.0 (compatible; MSIE 8.0; Windows NT 6.0; Trident/4.0; GTB0.0; SLCC1; .NET CLR 2.0.50727; Media Center PC 5.0; .NET CLR 3.5.30729; .NET CLR 3.0.30729; .NET4.0C)"
95.108.128.242 - - [12/May/2012:18:41:20 +0200] "GET / HTTP/1.1" 200 2338 "-" "Mozilla/5.0 (compatible; YandexBot/3.0; +http://yandex.com/bots)"
157.55.16.230 - - [12/May/2012:23:12:17 +0200] "GET /robots.txt HTTP/1.1" 404 - "-" "Mozilla/5.0 (compatible; bingbot/2.0; +http://www.bing.com/bingbot.htm)"
157.55.16.230 - - [12/May/2012:23:12:55 +0200] "GET / HTTP/1.1" 304 - "-" "Mozilla/5.0 (compatible; bingbot/2.0; +http://www.bing.com/bingbot.htm)"
95.108.128.242 - - [13/May/2012:17:15:13 +0200] "GET /robots.txt HTTP/1.1" 404 - "-" "Mozilla/5.0 (compatible; YandexBot/3.0; +http://yandex.com/bots)"
157.55.17.145 - - [13/May/2012:19:27:06 +0200] "GET /robots.txt HTTP/1.1" 404 - "-" "Mozilla/5.0 (compatible; bingbot/2.0; +http://www.bing.com/bingbot.htm)"
157.55.17.145 - - [13/May/2012:19:28:41 +0200] "GET /referenz.html HTTP/1.1" 200 8403 "-" "Mozilla/5.0 (compatible; bingbot/2.0; +http://www.bing.com/bingbot.htm)"
95.108.128.242 - - [14/May/2012:02:18:25 +0200] "GET / HTTP/1.1" 200 2338 "-" "Mozilla/5.0 (compatible; YandexBot/3.0; +http://yandex.com/bots)"
78.54.29.29 - - [14/May/2012:03:15:38 +0200] "GET / HTTP/1.1" 200 2338 "-" "Jakarta Commons-HttpClient/3.1"
78.54.29.29 - - [14/May/2012:03:15:38 +0200] "GET /impressum.html HTTP/1.1" 200 3453 "-" "Jakarta Commons-HttpClient/3.1"
157.55.16.230 - - [14/May/2012:09:26:55 +0200] "GET /robots.txt HTTP/1.1" 404 - "-" "Mozilla/5.0 (compatible; bingbot/2.0; +http://www.bing.com/bingbot.htm)"
157.55.16.230 - - [14/May/2012:09:27:48 +0200] "GET / HTTP/1.1" 304 - "-" "Mozilla/5.0 (compatible; bingbot/2.0; +http://www.bing.com/bingbot.htm)"
87.106.137.158 - - [14/May/2012:14:43:27 +0200] "GET /kontakt.html HTTP/1.1" 200 2183 "-" "Mozilla/4.0 (compatible; MSIE 6.0; Windows 98; Win 9x4.90)"
95.108.128.242 - - [14/May/2012:16:40:22 +0200] "GET /robots.txt HTTP/1.1" 404 - "-" "Mozilla/5.0 (compatible; YandexBot/3.0; +http://yandex.com/bots)"
157.55.17.145 - - [14/May/2012:18:04:19 +0200] "GET /robots.txt HTTP/1.1" 404 - "-" "Mozilla/5.0 (compatible; bingbot/2.0; +http://www.bing.com/bingbot.htm)"
157.55.17.145 - - [14/May/2012:18:05:30 +0200] "GET /spektrum.html HTTP/1.1" 304 - "-" "Mozilla/5.0 (compatible; bingbot/2.0; +http://www.bing.com/bingbot.htm)"
95.108.128.242 - - [14/May/2012:23:37:51 +0200] "GET / HTTP/1.1" 200 2338 "-" "Mozilla/5.0 (compatible; YandexBot/3.0; +http://yandex.com/bots)"
208.115.113.85 - - [15/May/2012:06:25:05 +0200] "GET /robots.txt HTTP/1.1" 404 - "-" "Mozilla/5.0 (compatible; Ezooms/1.0; ezooms.bot@gmail.com)"
208.115.113.85 - - [15/May/2012:06:43:48 +0200] "GET / HTTP/1.1" 200 2338 "-" "Mozilla/5.0 (compatible; Ezooms/1.0; ezooms.bot@gmail.com)"
141.63.77.237 - - [15/May/2012:07:58:26 +0200] "GET / HTTP/1.1" 200 2338 "http://www.facebook.com/l.php?u=http%3A%2F%2Fwww.mbingenieure.de%2F&h=NAQHd_Nbd" "Mozilla/5.0 (Windows NT 6.1; rv:11.0) Gecko/20100101 Firefox/11.0"
141.63.77.237 - - [15/May/2012:07:58:26 +0200] "GET /css/style.css HTTP/1.1" 200 2439 "http://www.mbingenieure.de/" "Mozilla/5.0 (Windows NT 6.1; rv:11.0) Gecko/20100101 Firefox/11.0"
141.63.77.237 - - [15/May/2012:07:58:26 +0200] "GET /images/footer.jpg HTTP/1.1" 200 5903 "http://www.mbingenieure.de/css/style.css" "Mozilla/5.0 (Windows NT 6.1; rv:11.0) Gecko/20100101 Firefox/11.0"
141.63.77.237 - - [15/May/2012:07:58:26 +0200] "GET /images/bild2.jpg HTTP/1.1" 200 14865 "http://www.mbingenieure.de/" "Mozilla/5.0 (Windows NT 6.1; rv:11.0) Gecko/20100101 Firefox/11.0"
141.63.77.237 - - [15/May/2012:07:58:26 +0200] "GET /images/bild4.jpg HTTP/1.1" 200 14402 "http://www.mbingenieure.de/" "Mozilla/5.0 (Windows NT 6.1; rv:11.0) Gecko/20100101 Firefox/11.0"
141.63.77.237 - - [15/May/2012:07:58:26 +0200] "GET /images/navi.jpg HTTP/1.1" 200 32635 "http://www.mbingenieure.de/css/style.css" "Mozilla/5.0 (Windows NT 6.1; rv:11.0) Gecko/20100101 Firefox/11.0"
141.63.77.237 - - [15/May/2012:07:58:26 +0200] "GET /images/header.jpg HTTP/1.1" 200 10807 "http://www.mbingenieure.de/css/style.css" "Mozilla/5.0 (Windows NT 6.1; rv:11.0) Gecko/20100101 Firefox/11.0"
141.63.77.237 - - [15/May/2012:07:58:26 +0200] "GET /images/bild3.png HTTP/1.1" 200 48627 "http://www.mbingenieure.de/" "Mozilla/5.0 (Windows NT 6.1; rv:11.0) Gecko/20100101 Firefox/11.0"
66.220.158.249 - - [15/May/2012:07:58:27 +0200] "GET / HTTP/1.1" 206 2338 "-" "facebookexternalhit/1.1 (+http://www.facebook.com/externalhit_uatext.php)"
141.63.77.237 - - [15/May/2012:07:58:27 +0200] "GET /favicon.ico HTTP/1.1" 200 93062 "-" "Mozilla/5.0 (Windows NT 6.1; rv:11.0) Gecko/20100101 Firefox/11.0"
141.63.77.237 - - [15/May/2012:07:58:51 +0200] "GET /uns.html HTTP/1.1" 200 2130 "http://www.mbingenieure.de/" "Mozilla/5.0 (Windows NT 6.1; rv:11.0) Gecko/20100101 Firefox/11.0"
141.63.77.237 - - [15/May/2012:07:59:06 +0200] "GET /spektrum.html HTTP/1.1" 200 2273 "http://www.mbingenieure.de/uns.html" "Mozilla/5.0 (Windows NT 6.1; rv:11.0) Gecko/20100101 Firefox/11.0"
141.63.77.237 - - [15/May/2012:07:59:14 +0200] "GET /referenz.html HTTP/1.1" 200 8403 "http://www.mbingenieure.de/spektrum.html" "Mozilla/5.0 (Windows NT 6.1; rv:11.0) Gecko/20100101 Firefox/11.0"
141.63.77.237 - - [15/May/2012:07:59:30 +0200] "GET /partner.html HTTP/1.1" 200 2119 "http://www.mbingenieure.de/referenz.html" "Mozilla/5.0 (Windows NT 6.1; rv:11.0) Gecko/20100101 Firefox/11.0"
141.63.77.237 - - [15/May/2012:07:59:32 +0200] "GET /kontakt.html HTTP/1.1" 200 2183 "http://www.mbingenieure.de/partner.html" "Mozilla/5.0 (Windows NT 6.1; rv:11.0) Gecko/20100101 Firefox/11.0"
203.183.81.203 - - [15/May/2012:14:32:28 +0200] "GET /wp-login.php HTTP/1.1" 404 - "-" "-"
66.249.66.193 - - [16/May/2012:22:17:13 +0200] "GET /robots.txt HTTP/1.1" 404 - "-" "Mozilla/5.0 (compatible; Googlebot/2.1; +http://www.google.com/bot.html)"
66.249.66.193 - - [16/May/2012:22:17:13 +0200] "GET / HTTP/1.1" 200 2338 "-" "Mozilla/5.0 (compatible; Googlebot/2.1; +http://www.google.com/bot.html)"
66.249.66.193 - - [16/May/2012:23:31:50 +0200] "GET /impressum.html HTTP/1.1" 304 - "-" "Mozilla/5.0 (compatible; Googlebot/2.1; +http://www.google.com/bot.html)"
62.116.174.188 - - [17/May/2012:05:42:58 +0200] "GET /uns.html HTTP/1.1" 200 2130 "-" "Mozilla/4.0 (compatible; MSIE 6.0; Windows 98; Win 9x4.90)"
66.249.66.193 - - [17/May/2012:10:16:11 +0200] "GET /kontakt.html HTTP/1.1" 304 - "-" "Mozilla/5.0 (compatible; Googlebot/2.1; +http://www.google.com/bot.html)"
207.46.13.51 - - [17/May/2012:11:33:04 +0200] "GET /robots.txt HTTP/1.1" 404 - "-" "Mozilla/5.0 (compatible; bingbot/2.0; +http://www.bing.com/bingbot.htm)"
207.46.13.51 - - [17/May/2012:11:33:55 +0200] "GET / HTTP/1.1" 304 - "-" "Mozilla/5.0 (compatible; bingbot/2.0; +http://www.bing.com/bingbot.htm)"
207.46.13.51 - - [17/May/2012:18:07:47 +0200] "GET /robots.txt HTTP/1.1" 404 - "-" "Mozilla/5.0 (compatible; bingbot/2.0; +http://www.bing.com/bingbot.htm)"
207.46.13.51 - - [17/May/2012:18:09:29 +0200] "GET / HTTP/1.1" 304 - "-" "Mozilla/5.0 (compatible; bingbot/2.0; +http://www.bing.com/bingbot.htm)"
66.249.66.193 - - [17/May/2012:22:38:33 +0200] "GET /robots.txt HTTP/1.1" 404 - "-" "Mozilla/5.0 (compatible; Googlebot/2.1; +http://www.google.com/bot.html)"
66.249.66.193 - - [17/May/2012:22:38:34 +0200] "GET /referenz.html HTTP/1.1" 304 - "-" "Mozilla/5.0 (compatible; Googlebot/2.1; +http://www.google.com/bot.html)"
213.186.127.12 - - [17/May/2012:23:02:58 +0200] "GET /robots.txt HTTP/1.1" 404 - "-" "Mozilla/5.0 (compatible; AhrefsBot/2.0; +http://ahrefs.com/robot/)"
66.249.66.193 - - [18/May/2012:07:48:11 +0200] "GET / HTTP/1.1" 304 - "-" "Mozilla/5.0 (iPhone; U; CPU iPhone OS 4_1 like Mac OS X; en-us) AppleWebKit/532.9 (KHTML, like Gecko) Version/4.0.5 Mobile/8B117 Safari/6531.22.7 (compatible; Googlebot-Mobile/2.1; +http://www.google.com/bot.html)"
85.232.10.130 - - [18/May/2012:07:53:07 +0200] "GET / HTTP/1.1" 200 2338 "http://www.bing.com/search?q=mb+ingenieure&qs=n&form=QBRE&pq=mb+ingenieure&sc=0-5&sp=-1&sk=" "Mozilla/4.0 (compatible; MSIE 8.0; Windows NT 6.0; WOW64; Trident/4.0; SLCC1; .NET CLR 2.0.50727; .NET CLR 1.1.4322; .NET CLR 3.5.30729; .NET CLR 3.0.30618)"
85.232.10.130 - - [18/May/2012:07:53:08 +0200] "GET /css/style.css HTTP/1.1" 200 2439 "http://www.mbingenieure.de/" "Mozilla/4.0 (compatible; MSIE 8.0; Windows NT 6.0; WOW64; Trident/4.0; SLCC1; .NET CLR 2.0.50727; .NET CLR 1.1.4322; .NET CLR 3.5.30729; .NET CLR 3.0.30618)"
85.232.10.130 - - [18/May/2012:07:53:08 +0200] "GET /images/bild4.jpg HTTP/1.1" 200 14402 "http://www.mbingenieure.de/" "Mozilla/4.0 (compatible; MSIE 8.0; Windows NT 6.0; WOW64; Trident/4.0; SLCC1; .NET CLR 2.0.50727; .NET CLR 1.1.4322; .NET CLR 3.5.30729; .NET CLR 3.0.30618)"
85.232.10.130 - - [18/May/2012:07:53:08 +0200] "GET /images/footer.jpg HTTP/1.1" 200 5903 "http://www.mbingenieure.de/" "Mozilla/4.0 (compatible; MSIE 8.0; Windows NT 6.0; WOW64; Trident/4.0; SLCC1; .NET CLR 2.0.50727; .NET CLR 1.1.4322; .NET CLR 3.5.30729; .NET CLR 3.0.30618)"
85.232.10.130 - - [18/May/2012:07:53:08 +0200] "GET /images/bild2.jpg HTTP/1.1" 200 14865 "http://www.mbingenieure.de/" "Mozilla/4.0 (compatible; MSIE 8.0; Windows NT 6.0; WOW64; Trident/4.0; SLCC1; .NET CLR 2.0.50727; .NET CLR 1.1.4322; .NET CLR 3.5.30729; .NET CLR 3.0.30618)"
85.232.10.130 - - [18/May/2012:07:53:08 +0200] "GET /images/bild3.png HTTP/1.1" 200 48627 "http://www.mbingenieure.de/" "Mozilla/4.0 (compatible; MSIE 8.0; Windows NT 6.0; WOW64; Trident/4.0; SLCC1; .NET CLR 2.0.50727; .NET CLR 1.1.4322; .NET CLR 3.5.30729; .NET CLR 3.0.30618)"
85.232.10.130 - - [18/May/2012:07:53:08 +0200] "GET /images/header.jpg HTTP/1.1" 200 10807 "http://www.mbingenieure.de/" "Mozilla/4.0 (compatible; MSIE 8.0; Windows NT 6.0; WOW64; Trident/4.0; SLCC1; .NET CLR 2.0.50727; .NET CLR 1.1.4322; .NET CLR 3.5.30729; .NET CLR 3.0.30618)"
85.232.10.130 - - [18/May/2012:07:53:08 +0200] "GET /images/navi.jpg HTTP/1.1" 200 32635 "http://www.mbingenieure.de/" "Mozilla/4.0 (compatible; MSIE 8.0; Windows NT 6.0; WOW64; Trident/4.0; SLCC1; .NET CLR 2.0.50727; .NET CLR 1.1.4322; .NET CLR 3.5.30729; .NET CLR 3.0.30618)"
85.232.10.130 - - [18/May/2012:07:53:08 +0200] "GET /favicon.ico HTTP/1.1" 200 93062 "-" "Mozilla/4.0 (compatible; MSIE 8.0; Windows NT 6.0; WOW64; Trident/4.0; SLCC1; .NET CLR 2.0.50727; .NET CLR 1.1.4322; .NET CLR 3.5.30729; .NET CLR 3.0.30618)"
85.232.10.130 - - [18/May/2012:07:53:25 +0200] "GET /uns.html HTTP/1.1" 200 2130 "http://www.mbingenieure.de/" "Mozilla/4.0 (compatible; MSIE 8.0; Windows NT 6.0; WOW64; Trident/4.0; SLCC1; .NET CLR 2.0.50727; .NET CLR 1.1.4322; .NET CLR 3.5.30729; .NET CLR 3.0.30618)"
85.232.10.130 - - [18/May/2012:07:53:37 +0200] "GET /spektrum.html HTTP/1.1" 200 2273 "http://www.mbingenieure.de/" "Mozilla/4.0 (compatible; MSIE 8.0; Windows NT 6.0; WOW64; Trident/4.0; SLCC1; .NET CLR 2.0.50727; .NET CLR 1.1.4322; .NET CLR 3.5.30729; .NET CLR 3.0.30618)"
85.232.10.130 - - [18/May/2012:07:53:52 +0200] "GET /partner.html HTTP/1.1" 200 2119 "http://www.mbingenieure.de/spektrum.html" "Mozilla/4.0 (compatible; MSIE 8.0; Windows NT 6.0; WOW64; Trident/4.0; SLCC1; .NET CLR 2.0.50727; .NET CLR 1.1.4322; .NET CLR 3.5.30729; .NET CLR 3.0.30618)"
83.133.125.202 - - [18/May/2012:09:07:54 +0200] "GET / HTTP/1.1" 200 2338 "http://www.bigfinder.de/" "T-Online Browser"
66.249.66.193 - - [18/May/2012:10:04:05 +0200] "GET /partner.html HTTP/1.1" 304 - "-" "Mozilla/5.0 (compatible; Googlebot/2.1; +http://www.google.com/bot.html)"
95.108.151.244 - - [18/May/2012:12:42:47 +0200] "GET /robots.txt HTTP/1.1" 404 - "-" "Mozilla/5.0 (compatible; YandexBot/3.0; +http://yandex.com/bots)"
95.108.151.244 - - [18/May/2012:12:42:48 +0200] "GET / HTTP/1.1" 200 2338 "-" "Mozilla/5.0 (compatible; YandexBot/3.0; +http://yandex.com/bots)"
95.108.151.244 - - [18/May/2012:12:42:49 +0200] "GET / HTTP/1.1" 200 2338 "-" "Mozilla/5.0 (compatible; YandexBot/3.0; +http://yandex.com/bots)"
208.115.113.85 - - [18/May/2012:15:37:42 +0200] "GET /robots.txt HTTP/1.1" 404 - "-" "Mozilla/5.0 (compatible; Ezooms/1.0; ezooms.bot@gmail.com)"
208.115.113.85 - - [18/May/2012:17:13:07 +0200] "GET /index.html HTTP/1.1" 200 2338 "-" "Mozilla/5.0 (compatible; Ezooms/1.0; ezooms.bot@gmail.com)"
66.249.66.193 - - [18/May/2012:22:43:18 +0200] "GET /robots.txt HTTP/1.1" 404 - "-" "Mozilla/5.0 (compatible; Googlebot/2.1; +http://www.google.com/bot.html)"
66.249.66.193 - - [18/May/2012:22:43:18 +0200] "GET /spektrum.html HTTP/1.1" 304 - "-" "Mozilla/5.0 (compatible; Googlebot/2.1; +http://www.google.com/bot.html)"
208.115.113.85 - - [19/May/2012:03:02:37 +0200] "GET /robots.txt HTTP/1.1" 404 - "-" "Mozilla/5.0 (compatible; Ezooms/1.0; ezooms.bot@gmail.com)"
207.46.13.51 - - [19/May/2012:03:40:30 +0200] "GET /robots.txt HTTP/1.1" 404 - "-" "Mozilla/5.0 (compatible; bingbot/2.0; +http://www.bing.com/bingbot.htm)"
207.46.13.51 - - [19/May/2012:03:41:21 +0200] "GET / HTTP/1.1" 304 - "-" "Mozilla/5.0 (compatible; bingbot/2.0; +http://www.bing.com/bingbot.htm)"
208.115.113.85 - - [19/May/2012:04:36:51 +0200] "GET /partner.html HTTP/1.1" 200 2119 "-" "Mozilla/5.0 (compatible; Ezooms/1.0; ezooms.bot@gmail.com)"
176.9.148.197 - - [19/May/2012:09:19:49 +0200] "GET /robots.txt HTTP/1.1" 404 - "-" "Mozilla/5.0 (compatible; SISTRIX Crawler; http://crawler.sistrix.net/)"
176.9.148.197 - - [19/May/2012:09:19:49 +0200] "GET / HTTP/1.1" 200 2338 "-" "Mozilla/5.0 (compatible; SISTRIX Crawler; http://crawler.sistrix.net/)"
176.9.148.197 - - [19/May/2012:09:19:49 +0200] "GET /kontakt.html HTTP/1.1" 200 2183 "-" "Mozilla/5.0 (compatible; SISTRIX Crawler; http://crawler.sistrix.net/)"
176.9.148.197 - - [19/May/2012:09:19:50 +0200] "GET /spektrum.html HTTP/1.1" 200 2273 "-" "Mozilla/5.0 (compatible; SISTRIX Crawler; http://crawler.sistrix.net/)"
176.9.148.197 - - [19/May/2012:09:19:50 +0200] "GET /impressum.html HTTP/1.1" 200 3453 "-" "Mozilla/5.0 (compatible; SISTRIX Crawler; http://crawler.sistrix.net/)"
176.9.148.197 - - [19/May/2012:09:19:50 +0200] "GET /index.html HTTP/1.1" 200 2338 "-" "Mozilla/5.0 (compatible; SISTRIX Crawler; http://crawler.sistrix.net/)"
176.9.148.197 - - [19/May/2012:09:19:50 +0200] "GET /partner.html HTTP/1.1" 200 2119 "-" "Mozilla/5.0 (compatible; SISTRIX Crawler; http://crawler.sistrix.net/)"
176.9.148.197 - - [19/May/2012:09:19:50 +0200] "GET /uns.html HTTP/1.1" 200 2130 "-" "Mozilla/5.0 (compatible; SISTRIX Crawler; http://crawler.sistrix.net/)"
176.9.148.197 - - [19/May/2012:09:19:50 +0200] "GET /referenz.html HTTP/1.1" 200 8403 "-" "Mozilla/5.0 (compatible; SISTRIX Crawler; http://crawler.sistrix.net/)"
157.55.17.145 - - [19/May/2012:11:36:21 +0200] "GET /robots.txt HTTP/1.1" 404 - "-" "Mozilla/5.0 (compatible; bingbot/2.0; +http://www.bing.com/bingbot.htm)"
157.55.17.145 - - [19/May/2012:11:36:56 +0200] "GET /uns.html HTTP/1.1" 304 - "-" "Mozilla/5.0 (compatible; bingbot/2.0; +http://www.bing.com/bingbot.htm)"
95.108.128.242 - - [19/May/2012:22:17:53 +0200] "GET /robots.txt HTTP/1.1" 404 - "-" "Mozilla/5.0 (compatible; YandexBot/3.0; +http://yandex.com/bots)"
95.108.128.242 - - [20/May/2012:01:54:25 +0200] "GET / HTTP/1.1" 200 2338 "-" "Mozilla/5.0 (compatible; YandexBot/3.0; +http://yandex.com/bots)"
207.46.13.51 - - [20/May/2012:11:47:04 +0200] "GET /robots.txt HTTP/1.1" 404 - "-" "Mozilla/5.0 (compatible; bingbot/2.0; +http://www.bing.com/bingbot.htm)"
207.46.13.51 - - [20/May/2012:11:47:42 +0200] "GET / HTTP/1.1" 304 - "-" "Mozilla/5.0 (compatible; bingbot/2.0; +http://www.bing.com/bingbot.htm)"
65.52.110.190 - - [20/May/2012:12:24:42 +0200] "GET /partner.html HTTP/1.1" 304 - "-" "Mozilla/5.0 (compatible; bingbot/2.0; +http://www.bing.com/bingbot.htm)"
207.46.13.51 - - [20/May/2012:16:46:49 +0200] "GET /robots.txt HTTP/1.1" 404 - "-" "Mozilla/5.0 (compatible; bingbot/2.0; +http://www.bing.com/bingbot.htm)"
207.46.13.51 - - [20/May/2012:16:47:48 +0200] "GET / HTTP/1.1" 304 - "-" "Mozilla/5.0 (compatible; bingbot/2.0; +http://www.bing.com/bingbot.htm)"
207.46.199.172 - - [20/May/2012:18:50:45 +0200] "GET /robots.txt HTTP/1.1" 404 - "-" "msnbot-media/1.1 (+http://search.msn.com/msnbot.htm)"
207.46.199.172 - - [20/May/2012:18:50:45 +0200] "GET /images/bild2.jpg HTTP/1.1" 200 14865 "-" "msnbot-media/1.1 (+http://search.msn.com/msnbot.htm)"
207.46.199.172 - - [20/May/2012:18:50:46 +0200] "GET / HTTP/1.1" 200 2338 "-" "msnbot-media/1.1 (+http://search.msn.com/msnbot.htm)"
157.55.17.145 - - [20/May/2012:20:28:26 +0200] "GET /robots.txt HTTP/1.1" 404 - "-" "Mozilla/5.0 (compatible; bingbot/2.0; +http://www.bing.com/bingbot.htm)"
157.55.17.145 - - [20/May/2012:20:29:18 +0200] "GET /referenz.html HTTP/1.1" 304 - "-" "Mozilla/5.0 (compatible; bingbot/2.0; +http://www.bing.com/bingbot.htm)"
62.116.174.188 - - [21/May/2012:16:26:40 +0200] "GET /spektrum.html HTTP/1.1" 200 2273 "-" "Mozilla/4.0 (compatible; MSIE 6.0; Windows 98; Win 9x4.90)"
210.205.6.36 - - [22/May/2012:01:31:58 +0200] "GET /bbs2/zboard.php HTTP/1.1" 404 - "-" "curl/7.12.3 (i386-redhat-linux-gnu) libcurl/7.12.3 OpenSSL/0.9.7a zlib/1.2.1.2 libidn/0.5.6"
210.205.6.36 - - [22/May/2012:01:31:58 +0200] "GET /bbs/zboard.php HTTP/1.1" 404 - "-" "curl/7.12.3 (i386-redhat-linux-gnu) libcurl/7.12.3 OpenSSL/0.9.7a zlib/1.2.1.2 libidn/0.5.6"
210.205.6.36 - - [22/May/2012:01:31:59 +0200] "GET /bb/zboard.php HTTP/1.1" 404 - "-" "curl/7.12.3 (i386-redhat-linux-gnu) libcurl/7.12.3 OpenSSL/0.9.7a zlib/1.2.1.2 libidn/0.5.6"
210.205.6.36 - - [22/May/2012:01:32:00 +0200] "GET /board/zboard.php HTTP/1.1" 404 - "-" "curl/7.12.3 (i386-redhat-linux-gnu) libcurl/7.12.3 OpenSSL/0.9.7a zlib/1.2.1.2 libidn/0.5.6"
210.205.6.36 - - [22/May/2012:01:32:01 +0200] "GET /bulletin/zboard.php HTTP/1.1" 404 - "-" "curl/7.12.3 (i386-redhat-linux-gnu) libcurl/7.12.3 OpenSSL/0.9.7a zlib/1.2.1.2 libidn/0.5.6"
210.205.6.36 - - [22/May/2012:01:32:01 +0200] "GET /game/zboard.php HTTP/1.1" 404 - "-" "curl/7.12.3 (i386-redhat-linux-gnu) libcurl/7.12.3 OpenSSL/0.9.7a zlib/1.2.1.2 libidn/0.5.6"
210.205.6.36 - - [22/May/2012:01:32:02 +0200] "GET /home/bbs/zboard.php HTTP/1.1" 404 - "-" "curl/7.12.3 (i386-redhat-linux-gnu) libcurl/7.12.3 OpenSSL/0.9.7a zlib/1.2.1.2 libidn/0.5.6"
210.205.6.36 - - [22/May/2012:01:32:03 +0200] "GET /home/zboard.php HTTP/1.1" 404 - "-" "curl/7.12.3 (i386-redhat-linux-gnu) libcurl/7.12.3 OpenSSL/0.9.7a zlib/1.2.1.2 libidn/0.5.6"
210.205.6.36 - - [22/May/2012:01:32:03 +0200] "GET /html/bbs1/zboard.php HTTP/1.1" 404 - "-" "curl/7.12.3 (i386-redhat-linux-gnu) libcurl/7.12.3 OpenSSL/0.9.7a zlib/1.2.1.2 libidn/0.5.6"
210.205.6.36 - - [22/May/2012:01:32:04 +0200] "GET /html/bbs/zboard.php HTTP/1.1" 404 - "-" "curl/7.12.3 (i386-redhat-linux-gnu) libcurl/7.12.3 OpenSSL/0.9.7a zlib/1.2.1.2 libidn/0.5.6"
210.205.6.36 - - [22/May/2012:01:32:05 +0200] "GET /html/zboard.php HTTP/1.1" 404 - "-" "curl/7.12.3 (i386-redhat-linux-gnu) libcurl/7.12.3 OpenSSL/0.9.7a zlib/1.2.1.2 libidn/0.5.6"
210.205.6.36 - - [22/May/2012:01:32:05 +0200] "GET /web_bbs/zboard.php HTTP/1.1" 404 - "-" "curl/7.12.3 (i386-redhat-linux-gnu) libcurl/7.12.3 OpenSSL/0.9.7a zlib/1.2.1.2 libidn/0.5.6"
210.205.6.36 - - [22/May/2012:01:32:06 +0200] "GET /z40/zboard.php HTTP/1.1" 404 - "-" "curl/7.12.3 (i386-redhat-linux-gnu) libcurl/7.12.3 OpenSSL/0.9.7a zlib/1.2.1.2 libidn/0.5.6"
210.205.6.36 - - [22/May/2012:01:32:07 +0200] "GET /zb40pl3/zboard.php HTTP/1.1" 404 - "-" "curl/7.12.3 (i386-redhat-linux-gnu) libcurl/7.12.3 OpenSSL/0.9.7a zlib/1.2.1.2 libidn/0.5.6"
210.205.6.36 - - [22/May/2012:01:32:08 +0200] "GET /zb41/zboard.php HTTP/1.1" 404 - "-" "curl/7.12.3 (i386-redhat-linux-gnu) libcurl/7.12.3 OpenSSL/0.9.7a zlib/1.2.1.2 libidn/0.5.6"
210.205.6.36 - - [22/May/2012:01:32:08 +0200] "GET /zbbs/zboard.php HTTP/1.1" 404 - "-" "curl/7.12.3 (i386-redhat-linux-gnu) libcurl/7.12.3 OpenSSL/0.9.7a zlib/1.2.1.2 libidn/0.5.6"
210.205.6.36 - - [22/May/2012:01:32:09 +0200] "GET /zboard4/zboard.php HTTP/1.1" 404 - "-" "curl/7.12.3 (i386-redhat-linux-gnu) libcurl/7.12.3 OpenSSL/0.9.7a zlib/1.2.1.2 libidn/0.5.6"
210.205.6.36 - - [22/May/2012:01:32:10 +0200] "GET /zboard.php HTTP/1.1" 404 - "-" "curl/7.12.3 (i386-redhat-linux-gnu) libcurl/7.12.3 OpenSSL/0.9.7a zlib/1.2.1.2 libidn/0.5.6"
210.205.6.36 - - [22/May/2012:01:32:10 +0200] "GET /zboard/zboard.php HTTP/1.1" 404 - "-" "curl/7.12.3 (i386-redhat-linux-gnu) libcurl/7.12.3 OpenSSL/0.9.7a zlib/1.2.1.2 libidn/0.5.6"
210.205.6.36 - - [22/May/2012:01:32:11 +0200] "GET /zb/zboard.php HTTP/1.1" 404 - "-" "curl/7.12.3 (i386-redhat-linux-gnu) libcurl/7.12.3 OpenSSL/0.9.7a zlib/1.2.1.2 libidn/0.5.6"
210.205.6.36 - - [22/May/2012:01:32:12 +0200] "GET /zeroboard/zboard.php HTTP/1.1" 404 - "-" "curl/7.12.3 (i386-redhat-linux-gnu) libcurl/7.12.3 OpenSSL/0.9.7a zlib/1.2.1.2 libidn/0.5.6"
210.205.6.36 - - [22/May/2012:01:32:12 +0200] "GET /zero/zboard.php HTTP/1.1" 404 - "-" "curl/7.12.3 (i386-redhat-linux-gnu) libcurl/7.12.3 OpenSSL/0.9.7a zlib/1.2.1.2 libidn/0.5.6"
210.205.6.36 - - [22/May/2012:01:32:13 +0200] "GET /z/zboard.php HTTP/1.1" 404 - "-" "curl/7.12.3 (i386-redhat-linux-gnu) libcurl/7.12.3 OpenSSL/0.9.7a zlib/1.2.1.2 libidn/0.5.6"
207.46.13.51 - - [22/May/2012:12:06:24 +0200] "GET /robots.txt HTTP/1.1" 404 - "-" "Mozilla/5.0 (compatible; bingbot/2.0; +http://www.bing.com/bingbot.htm)"
207.46.13.51 - - [22/May/2012:12:07:20 +0200] "GET / HTTP/1.1" 304 - "-" "Mozilla/5.0 (compatible; bingbot/2.0; +http://www.bing.com/bingbot.htm)"
157.55.18.46 - - [22/May/2012:17:01:27 +0200] "GET /referenz.html HTTP/1.1" 200 8403 "-" "Mozilla/4.0 (compatible; MSIE 7.0; Windows NT 5.2; SV1; .NET CLR 1.1.4325; .NET CLR 2.0.50727; .NET CLR 3.0.30729; .NET CLR 3.5.30729; MS-RTC LM 8)"
157.55.18.46 - - [22/May/2012:17:01:29 +0200] "GET /css/style.css HTTP/1.1" 200 2439 "http://www.mbingenieure.de/referenz.html" "Mozilla/4.0 (compatible; MSIE 7.0; Windows NT 5.2; SV1; .NET CLR 1.1.4325; .NET CLR 2.0.50727; .NET CLR 3.0.30729; .NET CLR 3.5.30729; MS-RTC LM 8)"
178.77.126.55 - - [22/May/2012:18:46:48 +0200] "GET /robots.txt HTTP/1.1" 404 - "-" "Mozilla/5.0 (compatible; CareerBot/1.1; +http://www.career-x.de/bot.html)"
178.77.126.55 - - [22/May/2012:18:46:48 +0200] "GET / HTTP/1.1" 200 2338 "-" "Mozilla/5.0 (compatible; CareerBot/1.1; +http://www.career-x.de/bot.html)"
178.77.126.55 - - [22/May/2012:18:46:48 +0200] "GET /uns.html HTTP/1.1" 200 2130 "-" "Mozilla/5.0 (compatible; CareerBot/1.1; +http://www.career-x.de/bot.html)"
178.77.126.55 - - [22/May/2012:18:46:48 +0200] "GET /UTF-8 HTTP/1.1" 404 - "-" "Mozilla/5.0 (compatible; CareerBot/1.1; +http://www.career-x.de/bot.html)"
