178.77.126.55 - - [22/May/2012:18:46:49 +0200] "GET /index.html HTTP/1.1" 200 2338 "-" "Mozilla/5.0 (compatible; CareerBot/1.1; +http://www.career-x.de/bot.html)"
178.77.126.55 - - [22/May/2012:18:46:50 +0200] "GET /uns.html HTTP/1.1" 200 2130 "-" "Mozilla/5.0 (compatible; CareerBot/1.1; +http://www.career-x.de/bot.html)"
178.77.126.55 - - [22/May/2012:18:46:51 +0200] "GET /spektrum.html HTTP/1.1" 200 2273 "-" "Mozilla/5.0 (compatible; CareerBot/1.1; +http://www.career-x.de/bot.html)"
178.77.126.55 - - [22/May/2012:18:46:52 +0200] "GET /referenz.html HTTP/1.1" 200 8403 "-" "Mozilla/5.0 (compatible; CareerBot/1.1; +http://www.career-x.de/bot.html)"
178.77.126.55 - - [22/May/2012:18:46:53 +0200] "GET /partner.html HTTP/1.1" 200 2119 "-" "Mozilla/5.0 (compatible; CareerBot/1.1; +http://www.career-x.de/bot.html)"
178.77.126.55 - - [22/May/2012:18:46:54 +0200] "GET /kontakt.html HTTP/1.1" 200 2183 "-" "Mozilla/5.0 (compatible; CareerBot/1.1; +http://www.career-x.de/bot.html)"
178.77.126.55 - - [22/May/2012:18:46:55 +0200] "GET /impressum.html HTTP/1.1" 200 3453 "-" "Mozilla/5.0 (compatible; CareerBot/1.1; +http://www.career-x.de/bot.html)"
157.55.112.233 - - [22/May/2012:20:22:31 +0200] "GET / HTTP/1.1" 200 2338 "-" "Mozilla/4.0 (compatible; MSIE 7.0; Windows NT 5.1; SV1; .NET CLR 1.1.4325; .NET CLR 2.0.40607; .NET CLR 3.0.30729; .NET CLR 3.5.30729; MS-RTC LM 8)"
157.55.112.233 - - [22/May/2012:20:22:34 +0200] "GET /css/style.css HTTP/1.1" 200 2439 "http://www.mbingenieure.de/" "Mozilla/4.0 (compatible; MSIE 7.0; Windows NT 5.1; SV1; .NET CLR 1.1.4325; .NET CLR 2.0.40607; .NET CLR 3.0.30729; .NET CLR 3.5.30729; MS-RTC LM 8)"
93.196.9.161 - - [23/May/2012:05:37:17 +0200] "GET / HTTP/1.1" 200 2338 "-" "Jakarta Commons-HttpClient/3.1"
93.196.9.161 - - [23/May/2012:05:37:18 +0200] "GET /impressum.html HTTP/1.1" 200 3453 "-" "Jakarta Commons-HttpClient/3.1"
95.108.128.242 - - [23/May/2012:10:21:44 +0200] "GET /robots.txt HTTP/1.1" 404 - "-" "Mozilla/5.0 (compatible; YandexBot/3.0; +http://yandex.com/bots)"
88.198.1.77 - - [23/May/2012:13:52:33 +0200] "GET / HTTP/1.1" 200 2338 "http://www.sitedomain.de/" "Sitedomain-Bot(Sitedomain-Bot 1.0, http://www.sitedomain.de/sitedomain-bot/)"
79.210.230.71 - - [23/May/2012:14:09:57 +0200] "GET /partner.html HTTP/1.1" 200 2119 "-" "Mozilla/5.0 (compatible; MSIE 9.0; Windows NT 6.1; Trident/5.0)"
79.210.230.71 - - [23/May/2012:14:10:00 +0200] "GET /css/style.css HTTP/1.1" 200 2439 "http://www.mbingenieure.de/partner.html" "Mozilla/5.0 (compatible; MSIE 9.0; Windows NT 6.1; Trident/5.0)"
79.210.230.71 - - [23/May/2012:14:10:13 +0200] "GET /images/footer.jpg HTTP/1.1" 200 5903 "http://www.mbingenieure.de/partner.html" "Mozilla/5.0 (compatible; MSIE 9.0; Windows NT 6.1; Trident/5.0)"
79.210.230.71 - - [23/May/2012:14:10:13 +0200] "GET /images/header.jpg HTTP/1.1" 200 10807 "http://www.mbingenieure.de/partner.html" "Mozilla/5.0 (compatible; MSIE 9.0; Windows NT 6.1; Trident/5.0)"
79.210.230.71 - - [23/May/2012:14:10:14 +0200] "GET /images/navi.jpg HTTP/1.1" 200 32635 "http://www.mbingenieure.de/partner.html" "Mozilla/5.0 (compatible; MSIE 9.0; Windows NT 6.1; Trident/5.0)"
79.210.230.71 - - [23/May/2012:14:10:16 +0200] "GET /favicon.ico HTTP/1.1" 200 93062 "-" "Mozilla/5.0 (compatible; MSIE 9.0; Windows NT 6.1; Trident/5.0)"
95.108.128.242 - - [23/May/2012:17:22:10 +0200] "GET / HTTP/1.1" 200 2338 "-" "Mozilla/5.0 (compatible; YandexBot/3.0; +http://yandex.com/bots)"
207.46.13.51 - - [24/May/2012:04:41:10 +0200] "GET /robots.txt HTTP/1.1" 404 - "-" "Mozilla/5.0 (compatible; bingbot/2.0; +http://www.bing.com/bingbot.htm)"
207.46.13.51 - - [24/May/2012:04:42:09 +0200] "GET / HTTP/1.1" 304 - "-" "Mozilla/5.0 (compatible; bingbot/2.0; +http://www.bing.com/bingbot.htm)"
66.249.66.193 - - [24/May/2012:06:08:02 +0200] "GET /robots.txt HTTP/1.1" 404 - "-" "Mozilla/5.0 (compatible; Googlebot/2.1; +http://www.google.com/bot.html)"
66.249.66.193 - - [24/May/2012:06:08:02 +0200] "GET /google96721bab6c5575fe.html HTTP/1.1" 200 53 "-" "Mozilla/5.0 (compatible; Googlebot/2.1; +http://www.google.com/bot.html)"
207.46.13.51 - - [24/May/2012:10:10:42 +0200] "GET /robots.txt HTTP/1.1" 404 - "-" "Mozilla/5.0 (compatible; bingbot/2.0; +http://www.bing.com/bingbot.htm)"
207.46.13.51 - - [24/May/2012:10:11:38 +0200] "GET / HTTP/1.1" 304 - "-" "Mozilla/5.0 (compatible; bingbot/2.0; +http://www.bing.com/bingbot.htm)"
93.223.105.25 - - [24/May/2012:12:07:09 +0200] "GET /impressum.html HTTP/1.1" 200 3453 "http://www.google.de/url?sa=t&rct=j&q=mb%20ingenieure&source=web&cd=4&ved=0CFgQFjAD&url=http%3A%2F%2Fwww.mbingenieure.de%2Fimpressum.html&ei=HAi-T_2aBYvKtAbwv72wDQ&usg=AFQjCNHELIGYYj_HQnujp4z8JvB7XA-W3w" "Mozilla/5.0 (Windows NT 6.1; WOW64; rv:10.0.2) Gecko/20100101 Firefox/10.0.2"
93.223.105.25 - - [24/May/2012:12:07:09 +0200] "GET /css/style.css HTTP/1.1" 200 2439 "http://www.mbingenieure.de/impressum.html" "Mozilla/5.0 (Windows NT 6.1; WOW64; rv:10.0.2) Gecko/20100101 Firefox/10.0.2"
93.223.105.25 - - [24/May/2012:12:07:09 +0200] "GET /images/footer.jpg HTTP/1.1" 200 5903 "http://www.mbingenieure.de/css/style.css" "Mozilla/5.0 (Windows NT 6.1; WOW64; rv:10.0.2) Gecko/20100101 Firefox/10.0.2"
93.223.105.25 - - [24/May/2012:12:07:09 +0200] "GET /images/header.jpg HTTP/1.1" 200 10807 "http://www.mbingenieure.de/css/style.css" "Mozilla/5.0 (Windows NT 6.1; WOW64; rv:10.0.2) Gecko/20100101 Firefox/10.0.2"
93.223.105.25 - - [24/May/2012:12:07:09 +0200] "GET /images/navi.jpg HTTP/1.1" 200 32635 "http://www.mbingenieure.de/css/style.css" "Mozilla/5.0 (Windows NT 6.1; WOW64; rv:10.0.2) Gecko/20100101 Firefox/10.0.2"
93.223.105.25 - - [24/May/2012:12:07:10 +0200] "GET /favicon.ico HTTP/1.1" 200 93062 "-" "Mozilla/5.0 (Windows NT 6.1; WOW64; rv:10.0.2) Gecko/20100101 Firefox/10.0.2"
93.223.105.25 - - [24/May/2012:12:07:17 +0200] "GET /referenz.html HTTP/1.1" 200 8403 "http://www.mbingenieure.de/impressum.html" "Mozilla/5.0 (Windows NT 6.1; WOW64; rv:10.0.2) Gecko/20100101 Firefox/10.0.2"
93.223.105.25 - - [24/May/2012:12:07:19 +0200] "GET /spektrum.html HTTP/1.1" 200 2273 "http://www.mbingenieure.de/referenz.html" "Mozilla/5.0 (Windows NT 6.1; WOW64; rv:10.0.2) Gecko/20100101 Firefox/10.0.2"
93.223.105.25 - - [24/May/2012:12:07:20 +0200] "GET /index.html HTTP/1.1" 200 2338 "http://www.mbingenieure.de/spektrum.html" "Mozilla/5.0 (Windows NT 6.1; WOW64; rv:10.0.2) Gecko/20100101 Firefox/10.0.2"
93.223.105.25 - - [24/May/2012:12:07:21 +0200] "GET /images/bild4.jpg HTTP/1.1" 200 14402 "http://www.mbingenieure.de/index.html" "Mozilla/5.0 (Windows NT 6.1; WOW64; rv:10.0.2) Gecko/20100101 Firefox/10.0.2"
93.223.105.25 - - [24/May/2012:12:07:21 +0200] "GET /images/bild2.jpg HTTP/1.1" 200 14865 "http://www.mbingenieure.de/index.html" "Mozilla/5.0 (Windows NT 6.1; WOW64; rv:10.0.2) Gecko/20100101 Firefox/10.0.2"
93.223.105.25 - - [24/May/2012:12:07:21 +0200] "GET /images/bild3.png HTTP/1.1" 200 48627 "http://www.mbingenieure.de/index.html" "Mozilla/5.0 (Windows NT 6.1; WOW64; rv:10.0.2) Gecko/20100101 Firefox/10.0.2"
93.223.105.25 - - [24/May/2012:12:11:19 +0200] "GET /kontakt.html HTTP/1.1" 200 2183 "http://www.mbingenieure.de/index.html" "Mozilla/5.0 (Windows NT 6.1; WOW64; rv:10.0.2) Gecko/20100101 Firefox/10.0.2"
93.223.105.25 - - [24/May/2012:12:11:38 +0200] "GET /uns.html HTTP/1.1" 200 2130 "http://www.mbingenieure.de/referenz.html" "Mozilla/5.0 (Windows NT 6.1; WOW64; rv:10.0.2) Gecko/20100101 Firefox/10.0.2"
66.249.66.129 - - [24/May/2012:13:37:42 +0200] "GET /uns.html HTTP/1.1" 304 - "-" "Mozilla/5.0 (compatible; Googlebot/2.1; +http://www.google.com/bot.html)"
207.46.13.51 - - [24/May/2012:16:49:41 +0200] "GET /robots.txt HTTP/1.1" 404 - "-" "Mozilla/5.0 (compatible; bingbot/2.0; +http://www.bing.com/bingbot.htm)"
207.46.13.51 - - [24/May/2012:16:50:39 +0200] "GET / HTTP/1.1" 304 - "-" "Mozilla/5.0 (compatible; bingbot/2.0; +http://www.bing.com/bingbot.htm)"
83.133.125.202 - - [24/May/2012:23:04:09 +0200] "GET / HTTP/1.1" 200 2338 "http://www.bigfinder.de/" "Mozilla/4.0 (compatible; MSIE 8.0; Windows NT 6.1; Trident/4.0; SLCC2; .NET CLR 2.0.50727; .NET CLR 3.5.30729; .NET CLR 3.0.30729; Media Center PC 6.0)"
208.115.113.85 - - [25/May/2012:00:51:00 +0200] "GET /robots.txt HTTP/1.1" 404 - "-" "Mozilla/5.0 (compatible; Ezooms/1.0; ezooms.bot@gmail.com)"
208.115.113.85 - - [25/May/2012:02:21:31 +0200] "GET /spektrum.html HTTP/1.1" 200 2273 "-" "Mozilla/5.0 (compatible; Ezooms/1.0; ezooms.bot@gmail.com)"
95.222.250.168 - - [25/May/2012:02:51:07 +0200] "HEAD / HTTP/1.1" 200 - "-" "Mozilla/5.0 (Windows NT 6.1; WOW64; rv:8.0) Gecko/20100101"
87.106.137.158 - - [25/May/2012:03:26:34 +0200] "GET /impressum.html HTTP/1.1" 200 3453 "-" "Mozilla/4.0 (compatible; MSIE 6.0; Windows 98; Win 9x4.90)"
157.55.17.145 - - [25/May/2012:05:09:49 +0200] "GET /robots.txt HTTP/1.1" 404 - "-" "Mozilla/5.0 (compatible; bingbot/2.0; +http://www.bing.com/bingbot.htm)"
157.55.17.145 - - [25/May/2012:05:10:42 +0200] "GET /referenz.html HTTP/1.1" 304 - "-" "Mozilla/5.0 (compatible; bingbot/2.0; +http://www.bing.com/bingbot.htm)"
94.23.225.68 - - [25/May/2012:05:55:25 +0200] "GET /impressum.html HTTP/1.1" 200 3453 "-" "Mozilla/5.0 (X11; Linux i686; rv:6.0) Gecko/20100101 Firefox/6.0"
94.23.225.68 - - [25/May/2012:05:55:25 +0200] "GET /index.html HTTP/1.1" 200 2338 "-" "Mozilla/5.0 (X11; Linux i686; rv:6.0) Gecko/20100101 Firefox/6.0"
94.23.225.68 - - [25/May/2012:05:55:25 +0200] "GET / HTTP/1.1" 200 2338 "-" "Mozilla/5.0 (X11; Linux i686; rv:6.0) Gecko/20100101 Firefox/6.0"
94.23.225.68 - - [25/May/2012:05:55:25 +0200] "GET /referenz.html HTTP/1.1" 200 8403 "-" "Mozilla/5.0 (X11; Linux i686; rv:6.0) Gecko/20100101 Firefox/6.0"
94.23.225.68 - - [25/May/2012:05:55:25 +0200] "GET /uns.html HTTP/1.1" 200 2130 "-" "Mozilla/5.0 (X11; Linux i686; rv:6.0) Gecko/20100101 Firefox/6.0"
94.23.225.68 - - [25/May/2012:05:55:25 +0200] "GET /kontakt.html HTTP/1.1" 200 2183 "-" "Mozilla/5.0 (X11; Linux i686; rv:6.0) Gecko/20100101 Firefox/6.0"
62.116.174.188 - - [25/May/2012:20:33:29 +0200] "GET /partner.html HTTP/1.1" 200 2119 "-" "Mozilla/4.0 (compatible; MSIE 6.0; Windows 98; Win 9x4.90)"
207.46.13.51 - - [26/May/2012:05:12:09 +0200] "GET /robots.txt HTTP/1.1" 404 - "-" "Mozilla/5.0 (compatible; bingbot/2.0; +http://www.bing.com/bingbot.htm)"
207.46.13.51 - - [26/May/2012:05:13:12 +0200] "GET / HTTP/1.1" 304 - "-" "Mozilla/5.0 (compatible; bingbot/2.0; +http://www.bing.com/bingbot.htm)"
66.249.66.203 - - [26/May/2012:08:48:43 +0200] "GET /robots.txt HTTP/1.1" 404 - "-" "Mozilla/5.0 (compatible; Googlebot/2.1; +http://www.google.com/bot.html)"
66.249.66.203 - - [26/May/2012:08:48:43 +0200] "GET / HTTP/1.1" 304 - "-" "Mozilla/5.0 (compatible; Googlebot/2.1; +http://www.google.com/bot.html)"
208.115.113.85 - - [26/May/2012:09:11:28 +0200] "GET /robots.txt HTTP/1.1" 404 - "-" "Mozilla/5.0 (compatible; Ezooms/1.0; ezooms.bot@gmail.com)"
176.9.148.196 - - [26/May/2012:10:25:53 +0200] "GET /robots.txt HTTP/1.1" 404 - "-" "Mozilla/5.0 (compatible; SISTRIX Crawler; http://crawler.sistrix.net/)"
176.9.148.196 - - [26/May/2012:10:25:53 +0200] "GET / HTTP/1.1" 200 2338 "-" "Mozilla/5.0 (compatible; SISTRIX Crawler; http://crawler.sistrix.net/)"
176.9.148.196 - - [26/May/2012:10:25:53 +0200] "GET /kontakt.html HTTP/1.1" 200 2183 "-" "Mozilla/5.0 (compatible; SISTRIX Crawler; http://crawler.sistrix.net/)"
176.9.148.196 - - [26/May/2012:10:25:54 +0200] "GET /spektrum.html HTTP/1.1" 200 2273 "-" "Mozilla/5.0 (compatible; SISTRIX Crawler; http://crawler.sistrix.net/)"
176.9.148.196 - - [26/May/2012:10:25:54 +0200] "GET /impressum.html HTTP/1.1" 200 3453 "-" "Mozilla/5.0 (compatible; SISTRIX Crawler; http://crawler.sistrix.net/)"
176.9.148.196 - - [26/May/2012:10:25:54 +0200] "GET /index.html HTTP/1.1" 200 2338 "-" "Mozilla/5.0 (compatible; SISTRIX Crawler; http://crawler.sistrix.net/)"
176.9.148.196 - - [26/May/2012:10:25:54 +0200] "GET /partner.html HTTP/1.1" 200 2119 "-" "Mozilla/5.0 (compatible; SISTRIX Crawler; http://crawler.sistrix.net/)"
176.9.148.196 - - [26/May/2012:10:25:54 +0200] "GET /uns.html HTTP/1.1" 200 2130 "-" "Mozilla/5.0 (compatible; SISTRIX Crawler; http://crawler.sistrix.net/)"
176.9.148.196 - - [26/May/2012:10:25:54 +0200] "GET /referenz.html HTTP/1.1" 200 8403 "-" "Mozilla/5.0 (compatible; SISTRIX Crawler; http://crawler.sistrix.net/)"
208.115.113.85 - - [26/May/2012:10:47:30 +0200] "GET /kontakt.html HTTP/1.1" 200 2183 "-" "Mozilla/5.0 (compatible; Ezooms/1.0; ezooms.bot@gmail.com)"
95.27.116.176 - - [26/May/2012:16:17:38 +0200] "GET / HTTP/1.1" 200 2338 "http://yandex.ru/yandsearch?text=bieten+Ihnen+umfassende&lr=213" "Mozilla/4.0 (compatible; MSIE 8.0; Windows NT 5.1; Trident/4.0)"
95.27.116.176 - - [26/May/2012:16:17:39 +0200] "GET /css/style.css HTTP/1.1" 200 2439 "http://www.mbingenieure.de/" "Mozilla/4.0 (compatible; MSIE 8.0; Windows NT 5.1; Trident/4.0)"
95.27.116.176 - - [26/May/2012:16:17:39 +0200] "GET /images/bild4.jpg HTTP/1.1" 200 14402 "http://www.mbingenieure.de/" "Mozilla/4.0 (compatible; MSIE 8.0; Windows NT 5.1; Trident/4.0)"
95.27.116.176 - - [26/May/2012:16:17:39 +0200] "GET /images/bild2.jpg HTTP/1.1" 200 14865 "http://www.mbingenieure.de/" "Mozilla/4.0 (compatible; MSIE 8.0; Windows NT 5.1; Trident/4.0)"
95.27.116.176 - - [26/May/2012:16:17:39 +0200] "GET /images/bild3.png HTTP/1.1" 200 48627 "http://www.mbingenieure.de/" "Mozilla/4.0 (compatible; MSIE 8.0; Windows NT 5.1; Trident/4.0)"
95.27.116.176 - - [26/May/2012:16:17:39 +0200] "GET /images/footer.jpg HTTP/1.1" 200 5903 "http://www.mbingenieure.de/" "Mozilla/4.0 (compatible; MSIE 8.0; Windows NT 5.1; Trident/4.0)"
95.27.116.176 - - [26/May/2012:16:17:39 +0200] "GET /images/header.jpg HTTP/1.1" 200 10807 "http://www.mbingenieure.de/" "Mozilla/4.0 (compatible; MSIE 8.0; Windows NT 5.1; Trident/4.0)"
95.27.116.176 - - [26/May/2012:16:17:39 +0200] "GET /images/navi.jpg HTTP/1.1" 200 32635 "http://www.mbingenieure.de/" "Mozilla/4.0 (compatible; MSIE 8.0; Windows NT 5.1; Trident/4.0)"
95.108.128.242 - - [26/May/2012:16:30:41 +0200] "GET /robots.txt HTTP/1.1" 404 - "-" "Mozilla/5.0 (compatible; YandexBot/3.0; +http://yandex.com/bots)"
95.108.128.242 - - [26/May/2012:17:42:47 +0200] "GET / HTTP/1.1" 200 2338 "-" "Mozilla/5.0 (compatible; YandexBot/3.0; +http://yandex.com/bots)"
128.69.84.84 - - [26/May/2012:23:09:55 +0200] "GET / HTTP/1.1" 200 2338 "http://yandex.ru/yandsearch?text=bieten+Ihnen+umfassende&lr=213" "Mozilla/4.0 (compatible; MSIE 6.0; Windows NT 5.1; SV1; InfoPath.1)"
128.69.84.84 - - [26/May/2012:23:09:57 +0200] "GET /images/bild3.png HTTP/1.1" 200 48627 "http://www.mbingenieure.de/" "Mozilla/4.0 (compatible; MSIE 6.0; Windows NT 5.1; SV1; InfoPath.1)"
128.69.84.84 - - [26/May/2012:23:10:00 +0200] "GET /images/bild2.jpg HTTP/1.1" 200 14865 "http://www.mbingenieure.de/" "Mozilla/4.0 (compatible; MSIE 6.0; Windows NT 5.1; SV1; InfoPath.1)"
128.69.84.84 - - [26/May/2012:23:10:00 +0200] "GET /images/bild4.jpg HTTP/1.1" 200 14402 "http://www.mbingenieure.de/" "Mozilla/4.0 (compatible; MSIE 6.0; Windows NT 5.1; SV1; InfoPath.1)"
128.69.84.84 - - [26/May/2012:23:10:00 +0200] "GET /css/style.css HTTP/1.1" 200 2439 "http://www.mbingenieure.de/" "Mozilla/4.0 (compatible; MSIE 6.0; Windows NT 5.1; SV1; InfoPath.1)"
128.69.84.84 - - [26/May/2012:23:10:02 +0200] "GET /images/footer.jpg HTTP/1.1" 200 5903 "http://www.mbingenieure.de/" "Mozilla/4.0 (compatible; MSIE 6.0; Windows NT 5.1; SV1; InfoPath.1)"
128.69.84.84 - - [26/May/2012:23:10:02 +0200] "GET /images/header.jpg HTTP/1.1" 200 10807 "http://www.mbingenieure.de/" "Mozilla/4.0 (compatible; MSIE 6.0; Windows NT 5.1; SV1; InfoPath.1)"
128.69.84.84 - - [26/May/2012:23:10:02 +0200] "GET /images/navi.jpg HTTP/1.1" 200 32635 "http://www.mbingenieure.de/" "Mozilla/4.0 (compatible; MSIE 6.0; Windows NT 5.1; SV1; InfoPath.1)"
178.77.126.55 - - [27/May/2012:01:11:35 +0200] "GET /robots.txt HTTP/1.1" 404 - "-" "Mozilla/5.0 (compatible; CareerBot/1.1; +http://www.career-x.de/bot.html)"
178.77.126.55 - - [27/May/2012:01:11:35 +0200] "GET / HTTP/1.1" 200 2338 "-" "Mozilla/5.0 (compatible; CareerBot/1.1; +http://www.career-x.de/bot.html)"
178.77.126.55 - - [27/May/2012:01:11:35 +0200] "GET /uns.html HTTP/1.1" 200 2130 "-" "Mozilla/5.0 (compatible; CareerBot/1.1; +http://www.career-x.de/bot.html)"
178.77.126.55 - - [27/May/2012:01:11:35 +0200] "GET /UTF-8 HTTP/1.1" 404 - "-" "Mozilla/5.0 (compatible; CareerBot/1.1; +http://www.career-x.de/bot.html)"
178.77.126.55 - - [27/May/2012:01:11:36 +0200] "GET /index.html HTTP/1.1" 200 2338 "-" "Mozilla/5.0 (compatible; CareerBot/1.1; +http://www.career-x.de/bot.html)"
178.77.126.55 - - [27/May/2012:01:11:37 +0200] "GET /uns.html HTTP/1.1" 200 2130 "-" "Mozilla/5.0 (compatible; CareerBot/1.1; +http://www.career-x.de/bot.html)"
178.77.126.55 - - [27/May/2012:01:11:38 +0200] "GET /spektrum.html HTTP/1.1" 200 2273 "-" "Mozilla/5.0 (compatible; CareerBot/1.1; +http://www.career-x.de/bot.html)"
178.77.126.55 - - [27/May/2012:01:11:39 +0200] "GET /referenz.html HTTP/1.1" 200 8403 "-" "Mozilla/5.0 (compatible; CareerBot/1.1; +http://www.career-x.de/bot.html)"
178.77.126.55 - - [27/May/2012:01:11:40 +0200] "GET /partner.html HTTP/1.1" 200 2119 "-" "Mozilla/5.0 (compatible; CareerBot/1.1; +http://www.career-x.de/bot.html)"
178.77.126.55 - - [27/May/2012:01:11:41 +0200] "GET /kontakt.html HTTP/1.1" 200 2183 "-" "Mozilla/5.0 (compatible; CareerBot/1.1; +http://www.career-x.de/bot.html)"
178.77.126.55 - - [27/May/2012:01:11:42 +0200] "GET /impressum.html HTTP/1.1" 200 3453 "-" "Mozilla/5.0 (compatible; CareerBot/1.1; +http://www.career-x.de/bot.html)"
83.133.125.202 - - [27/May/2012:06:36:45 +0200] "GET / HTTP/1.1" 200 2338 "http://www.bigfinder.de/" "Mozilla/4.0 (compatible; MSIE 7.0; Windows NT 6.0; GTB6; SLCC1; .NET CLR 2.0.50727; Media Center PC 5.0; eSobiSubscriber 2.0.4.16; .NET CLR 3.5.30729; .NET CLR 3.0.30729; .NET4.0C)"
207.46.13.51 - - [27/May/2012:19:25:45 +0200] "GET /robots.txt HTTP/1.1" 404 - "-" "Mozilla/5.0 (compatible; bingbot/2.0; +http://www.bing.com/bingbot.htm)"
207.46.13.51 - - [27/May/2012:19:26:45 +0200] "GET / HTTP/1.1" 304 - "-" "Mozilla/5.0 (compatible; bingbot/2.0; +http://www.bing.com/bingbot.htm)"
208.115.113.85 - - [28/May/2012:00:06:23 +0200] "GET /robots.txt HTTP/1.1" 404 - "-" "Mozilla/5.0 (compatible; Ezooms/1.0; ezooms.bot@gmail.com)"
208.115.113.85 - - [28/May/2012:01:39:41 +0200] "GET /impressum.html HTTP/1.1" 200 3453 "-" "Mozilla/5.0 (compatible; Ezooms/1.0; ezooms.bot@gmail.com)"
207.46.13.51 - - [28/May/2012:02:05:04 +0200] "GET /robots.txt HTTP/1.1" 404 - "-" "Mozilla/5.0 (compatible; bingbot/2.0; +http://www.bing.com/bingbot.htm)"
207.46.13.51 - - [28/May/2012:02:05:48 +0200] "GET / HTTP/1.1" 304 - "-" "Mozilla/5.0 (compatible; bingbot/2.0; +http://www.bing.com/bingbot.htm)"
212.227.52.170 - - [28/May/2012:03:15:56 +0200] "GET / HTTP/1.0" 200 2338 "-" "Mozilla/4.0 (compatible; MSIE 5.0; Windows NT 4.0)"
212.227.52.170 - - [28/May/2012:03:16:00 +0200] "GET /index.html HTTP/1.0" 200 2338 "http://www.mbingenieure.de/" "Mozilla/4.0 (compatible; MSIE 5.0; Windows NT 4.0)"
212.227.52.170 - - [28/May/2012:03:16:01 +0200] "GET /uns.html HTTP/1.0" 200 2130 "http://www.mbingenieure.de/" "Mozilla/4.0 (compatible; MSIE 5.0; Windows NT 4.0)"
212.227.52.170 - - [28/May/2012:03:16:01 +0200] "GET /spektrum.html HTTP/1.0" 200 2273 "http://www.mbingenieure.de/" "Mozilla/4.0 (compatible; MSIE 5.0; Windows NT 4.0)"
212.227.52.170 - - [28/May/2012:03:16:02 +0200] "GET /referenz.html HTTP/1.0" 200 8403 "http://www.mbingenieure.de/" "Mozilla/4.0 (compatible; MSIE 5.0; Windows NT 4.0)"
212.227.52.170 - - [28/May/2012:03:16:02 +0200] "GET /partner.html HTTP/1.0" 200 2119 "http://www.mbingenieure.de/" "Mozilla/4.0 (compatible; MSIE 5.0; Windows NT 4.0)"
212.227.52.170 - - [28/May/2012:03:16:03 +0200] "GET /kontakt.html HTTP/1.0" 200 2183 "http://www.mbingenieure.de/" "Mozilla/4.0 (compatible; MSIE 5.0; Windows NT 4.0)"
212.227.52.170 - - [28/May/2012:03:16:10 +0200] "GET /impressum.html HTTP/1.0" 200 3453 "http://www.mbingenieure.de/" "Mozilla/4.0 (compatible; MSIE 5.0; Windows NT 4.0)"
46.4.121.154 - - [28/May/2012:05:16:21 +0200] "GET /robots.txt HTTP/1.1" 404 - "-" "Pixray-Seeker/1.1 (Pixray-Seeker; http://www.pixray.com/pixraybot; crawler@pixray.com)"
46.4.121.154 - - [28/May/2012:05:16:21 +0200] "GET /mb.png HTTP/1.1" 404 - "-" "Pixray-Seeker/1.1 (Pixray-Seeker; http://www.pixray.com/pixraybot; crawler@pixray.com)"
188.40.65.130 - - [28/May/2012:06:45:49 +0200] "GET /robots.txt HTTP/1.1" 404 - "-" "Pixray-Seeker/1.1 (Pixray-Seeker; http://www.pixray.com/pixraybot; crawler@pixray.com)"
188.40.65.130 - - [28/May/2012:06:45:49 +0200] "GET /button2.jpg HTTP/1.1" 404 - "-" "Pixray-Seeker/1.1 (Pixray-Seeker; http://www.pixray.com/pixraybot; crawler@pixray.com)"
207.46.13.51 - - [28/May/2012:08:30:16 +0200] "GET /robots.txt HTTP/1.1" 404 - "-" "Mozilla/5.0 (compatible; bingbot/2.0; +http://www.bing.com/bingbot.htm)"
207.46.13.51 - - [28/May/2012:08:32:21 +0200] "GET /impressum.html HTTP/1.1" 304 - "-" "Mozilla/5.0 (compatible; bingbot/2.0; +http://www.bing.com/bingbot.htm)"
66.249.66.203 - - [28/May/2012:08:46:20 +0200] "GET /robots.txt HTTP/1.1" 404 - "-" "Mozilla/5.0 (compatible; Googlebot/2.1; +http://www.google.com/bot.html)"
66.249.66.203 - - [28/May/2012:08:46:20 +0200] "GET / HTTP/1.1" 304 - "-" "Mozilla/5.0 (iPhone; U; CPU iPhone OS 4_1 like Mac OS X; en-us) AppleWebKit/532.9 (KHTML, like Gecko) Version/4.0.5 Mobile/8B117 Safari/6531.22.7 (compatible; Googlebot-Mobile/2.1; +http://www.google.com/bot.html)"
208.115.111.69 - - [28/May/2012:16:19:05 +0200] "GET /robots.txt HTTP/1.1" 404 - "-" "Mozilla/5.0 (compatible; Ezooms/1.0; ezooms.bot@gmail.com)"
157.55.17.145 - - [28/May/2012:17:05:47 +0200] "GET /robots.txt HTTP/1.1" 404 - "-" "Mozilla/5.0 (compatible; bingbot/2.0; +http://www.bing.com/bingbot.htm)"
157.55.17.145 - - [28/May/2012:17:06:46 +0200] "GET /referenz.html HTTP/1.1" 200 8403 "-" "Mozilla/5.0 (compatible; bingbot/2.0; +http://www.bing.com/bingbot.htm)"
208.115.111.69 - - [28/May/2012:18:01:55 +0200] "GET /uns.html HTTP/1.1" 200 2130 "-" "Mozilla/5.0 (compatible; Ezooms/1.0; ezooms.bot@gmail.com)"
66.249.66.203 - - [28/May/2012:23:02:27 +0200] "GET /robots.txt HTTP/1.1" 404 - "-" "Mozilla/5.0 (compatible; Googlebot/2.1; +http://www.google.com/bot.html)"
66.249.66.203 - - [28/May/2012:23:02:27 +0200] "GET /impressum.html HTTP/1.1" 304 - "-" "Mozilla/5.0 (iPhone; U; CPU iPhone OS 4_1 like Mac OS X; en-us) AppleWebKit/532.9 (KHTML, like Gecko) Version/4.0.5 Mobile/8B117 Safari/6531.22.7 (compatible; Googlebot-Mobile/2.1; +http://www.google.com/bot.html)"
176.9.0.12 - - [29/May/2012:04:27:24 +0200] "GET /robots.txt HTTP/1.1" 404 - "-" "Pixray-Seeker/1.1 (Pixray-Seeker; http://www.pixray.com/pixraybot; crawler@pixray.com)"
176.9.0.12 - - [29/May/2012:04:27:24 +0200] "GET /skyline.jpg HTTP/1.1" 404 - "-" "Pixray-Seeker/1.1 (Pixray-Seeker; http://www.pixray.com/pixraybot; crawler@pixray.com)"
176.9.0.12 - - [29/May/2012:04:28:20 +0200] "GET /button6.jpg HTTP/1.1" 404 - "-" "Pixray-Seeker/1.1 (Pixray-Seeker; http://www.pixray.com/pixraybot; crawler@pixray.com)"
109.73.52.73 - - [29/May/2012:12:14:53 +0200] "GET / HTTP/1.1" 200 2338 "http://www.sumaja.de/" "Mozilla/4.0 (compatible; MSIE 8.0; Windows NT 6.0; Trident/4.0; GTB0.0; SLCC1; .NET CLR 2.0.50727; Media Center PC 5.0; .NET CLR 3.5.30729; .NET CLR 3.0.30729; .NET4.0C)"
83.133.125.202 - - [29/May/2012:12:14:54 +0200] "GET / HTTP/1.0" 200 2338 "-" "-"
83.133.125.202 - - [29/May/2012:12:14:54 +0200] "GET / HTTP/1.0" 200 2338 "-" "-"
92.78.106.27 - - [29/May/2012:15:01:16 +0200] "GET / HTTP/1.1" 200 2338 "http://www.witerra-bau.de/partner.html" "Mozilla/5.0 (Windows NT 6.1; WOW64) AppleWebKit/536.5 (KHTML, like Gecko) Chrome/19.0.1084.52 Safari/536.5"
92.78.106.27 - - [29/May/2012:15:01:18 +0200] "GET /css/style.css HTTP/1.1" 200 2439 "http://www.mbingenieure.de/" "Mozilla/5.0 (Windows NT 6.1; WOW64) AppleWebKit/536.5 (KHTML, like Gecko) Chrome/19.0.1084.52 Safari/536.5"
92.78.106.27 - - [29/May/2012:15:01:18 +0200] "GET /images/bild2.jpg HTTP/1.1" 200 14865 "http://www.mbingenieure.de/" "Mozilla/5.0 (Windows NT 6.1; WOW64) AppleWebKit/536.5 (KHTML, like Gecko) Chrome/19.0.1084.52 Safari/536.5"
92.78.106.27 - - [29/May/2012:15:01:18 +0200] "GET /images/bild4.jpg HTTP/1.1" 200 14402 "http://www.mbingenieure.de/" "Mozilla/5.0 (Windows NT 6.1; WOW64) AppleWebKit/536.5 (KHTML, like Gecko) Chrome/19.0.1084.52 Safari/536.5"
92.78.106.27 - - [29/May/2012:15:01:18 +0200] "GET /images/footer.jpg HTTP/1.1" 200 5903 "http://www.mbingenieure.de/" "Mozilla/5.0 (Windows NT 6.1; WOW64) AppleWebKit/536.5 (KHTML, like Gecko) Chrome/19.0.1084.52 Safari/536.5"
92.78.106.27 - - [29/May/2012:15:01:18 +0200] "GET /images/header.jpg HTTP/1.1" 200 10807 "http://www.mbingenieure.de/" "Mozilla/5.0 (Windows NT 6.1; WOW64) AppleWebKit/536.5 (KHTML, like Gecko) Chrome/19.0.1084.52 Safari/536.5"
92.78.106.27 - - [29/May/2012:15:01:18 +0200] "GET /images/navi.jpg HTTP/1.1" 200 32635 "http://www.mbingenieure.de/" "Mozilla/5.0 (Windows NT 6.1; WOW64) AppleWebKit/536.5 (KHTML, like Gecko) Chrome/19.0.1084.52 Safari/536.5"
92.78.106.27 - - [29/May/2012:15:01:18 +0200] "GET /images/bild3.png HTTP/1.1" 200 48627 "http://www.mbingenieure.de/" "Mozilla/5.0 (Windows NT 6.1; WOW64) AppleWebKit/536.5 (KHTML, like Gecko) Chrome/19.0.1084.52 Safari/536.5"
92.78.106.27 - - [29/May/2012:15:01:19 +0200] "GET /favicon.ico HTTP/1.1" 200 93062 "-" "Mozilla/5.0 (Windows NT 6.1; WOW64) AppleWebKit/536.5 (KHTML, like Gecko) Chrome/19.0.1084.52 Safari/536.5"
207.46.13.51 - - [29/May/2012:18:52:29 +0200] "GET /robots.txt HTTP/1.1" 404 - "-" "Mozilla/5.0 (compatible; bingbot/2.0; +http://www.bing.com/bingbot.htm)"
207.46.13.51 - - [29/May/2012:18:54:59 +0200] "GET / HTTP/1.1" 304 - "-" "Mozilla/5.0 (compatible; bingbot/2.0; +http://www.bing.com/bingbot.htm)"
95.108.128.242 - - [29/May/2012:22:10:59 +0200] "GET /robots.txt HTTP/1.1" 404 - "-" "Mozilla/5.0 (compatible; YandexBot/3.0; +http://yandex.com/bots)"
83.133.125.202 - - [30/May/2012:00:07:31 +0200] "GET / HTTP/1.1" 200 2338 "http://www.bigfinder.de/" "Mozilla/5.0 (Windows; U; Windows NT 6.1; de; rv:1.9.2.8) Gecko/20100722 Firefox/3.6.8 GTB7.1"
95.108.128.242 - - [30/May/2012:01:38:45 +0200] "GET / HTTP/1.1" 200 2338 "-" "Mozilla/5.0 (compatible; YandexBot/3.0; +http://yandex.com/bots)"
109.45.0.104 - - [30/May/2012:18:03:03 +0200] "GET / HTTP/1.1" 200 2338 "http://www.google.de/search?q=www.mbingeneure.+de&ie=UTF-8&oe=UTF-8&hl=de&client=safari" "Mozilla/5.0 (iPhone; U; CPU iPhone OS 4_2_1 like Mac OS X; de-de) AppleWebKit/533.17.9 (KHTML, like Gecko) Version/5.0.2 Mobile/8C148 Safari/6533.18.5"
109.45.0.104 - - [30/May/2012:18:03:03 +0200] "GET /css/style.css HTTP/1.1" 200 2439 "http://www.mbingenieure.de/" "Mozilla/5.0 (iPhone; U; CPU iPhone OS 4_2_1 like Mac OS X; de-de) AppleWebKit/533.17.9 (KHTML, like Gecko) Version/5.0.2 Mobile/8C148 Safari/6533.18.5"
109.45.0.104 - - [30/May/2012:18:03:04 +0200] "GET /images/footer.jpg HTTP/1.1" 200 5903 "http://www.mbingenieure.de/" "Mozilla/5.0 (iPhone; U; CPU iPhone OS 4_2_1 like Mac OS X; de-de) AppleWebKit/533.17.9 (KHTML, like Gecko) Version/5.0.2 Mobile/8C148 Safari/6533.18.5"
109.45.0.104 - - [30/May/2012:18:03:04 +0200] "GET /images/header.jpg HTTP/1.1" 200 10807 "http://www.mbingenieure.de/" "Mozilla/5.0 (iPhone; U; CPU iPhone OS 4_2_1 like Mac OS X; de-de) AppleWebKit/533.17.9 (KHTML, like Gecko) Version/5.0.2 Mobile/8C148 Safari/6533.18.5"
109.45.0.104 - - [30/May/2012:18:03:04 +0200] "GET /images/navi.jpg HTTP/1.1" 200 32635 "http://www.mbingenieure.de/" "Mozilla/5.0 (iPhone; U; CPU iPhone OS 4_2_1 like Mac OS X; de-de) AppleWebKit/533.17.9 (KHTML, like Gecko) Version/5.0.2 Mobile/8C148 Safari/6533.18.5"
109.45.0.104 - - [30/May/2012:18:03:04 +0200] "GET /images/bild2.jpg HTTP/1.1" 200 14865 "http://www.mbingenieure.de/" "Mozilla/5.0 (iPhone; U; CPU iPhone OS 4_2_1 like Mac OS X; de-de) AppleWebKit/533.17.9 (KHTML, like Gecko) Version/5.0.2 Mobile/8C148 Safari/6533.18.5"
109.45.0.104 - - [30/May/2012:18:03:04 +0200] "GET /images/bild4.jpg HTTP/1.1" 200 14402 "http://www.mbingenieure.de/" "Mozilla/5.0 (iPhone; U; CPU iPhone OS 4_2_1 like Mac OS X; de-de) AppleWebKit/533.17.9 (KHTML, like Gecko) Version/5.0.2 Mobile/8C148 Safari/6533.18.5"
109.45.0.104 - - [30/May/2012:18:03:04 +0200] "GET /images/bild3.png HTTP/1.1" 200 48627 "http://www.mbingenieure.de/" "Mozilla/5.0 (iPhone; U; CPU iPhone OS 4_2_1 like Mac OS X; de-de) AppleWebKit/533.17.9 (KHTML, like Gecko) Version/5.0.2 Mobile/8C148 Safari/6533.18.5"
109.45.0.104 - - [30/May/2012:18:03:44 +0200] "GET /referenz.html HTTP/1.1" 200 8403 "http://www.mbingenieure.de/" "Mozilla/5.0 (iPhone; U; CPU iPhone OS 4_2_1 like Mac OS X; de-de) AppleWebKit/533.17.9 (KHTML, like Gecko) Version/5.0.2 Mobile/8C148 Safari/6533.18.5"
109.45.0.104 - - [30/May/2012:18:03:44 +0200] "GET /referenz.html HTTP/1.1" 200 8403 "http://www.mbingenieure.de/" "Mozilla/5.0 (iPhone; U; CPU iPhone OS 4_2_1 like Mac OS X; de-de) AppleWebKit/533.17.9 (KHTML, like Gecko) Version/5.0.2 Mobile/8C148 Safari/6533.18.5"
109.45.0.104 - - [30/May/2012:18:05:19 +0200] "GET /uns.html HTTP/1.1" 200 2130 "http://www.mbingenieure.de/referenz.html" "Mozilla/5.0 (iPhone; U; CPU iPhone OS 4_2_1 like Mac OS X; de-de) AppleWebKit/533.17.9 (KHTML, like Gecko) Version/5.0.2 Mobile/8C148 Safari/6533.18.5"
109.45.0.104 - - [30/May/2012:18:05:55 +0200] "GET /spektrum.html HTTP/1.1" 200 2273 "http://www.mbingenieure.de/uns.html" "Mozilla/5.0 (iPhone; U; CPU iPhone OS 4_2_1 like Mac OS X; de-de) AppleWebKit/533.17.9 (KHTML, like Gecko) Version/5.0.2 Mobile/8C148 Safari/6533.18.5"
109.45.0.104 - - [30/May/2012:18:10:34 +0200] "GET /impressum.html HTTP/1.1" 200 3453 "http://www.mbingenieure.de/uns.html" "Mozilla/5.0 (iPhone; U; CPU iPhone OS 4_2_1 like Mac OS X; de-de) AppleWebKit/533.17.9 (KHTML, like Gecko) Version/5.0.2 Mobile/8C148 Safari/6533.18.5"
109.45.0.104 - - [30/May/2012:18:11:12 +0200] "GET /index.html HTTP/1.1" 200 2338 "http://www.mbingenieure.de/impressum.html" "Mozilla/5.0 (iPhone; U; CPU iPhone OS 4_2_1 like Mac OS X; de-de) AppleWebKit/533.17.9 (KHTML, like Gecko) Version/5.0.2 Mobile/8C148 Safari/6533.18.5"
2.202.147.144 - - [30/May/2012:18:40:59 +0200] "GET /referenz.html HTTP/1.1" 200 8403 "http://www.google.de/url?sa=t&rct=j&q=www.mbingeneure.de&source=web&cd=3&ved=0CFkQFjAC&url=http%3A%2F%2Fwww.mbingenieure.de%2Freferenz.html&ei=cE3GT4HwC4WM4gTTld3zBQ&usg=AFQjCNEjBuJQ2-M4Z4j35BAeh7XDA3bhYQ" "Mozilla/5.0 (compatible; MSIE 9.0; Windows NT 6.0; Trident/5.0; (gmx/1.0.0.8))"
2.202.147.144 - - [30/May/2012:18:40:59 +0200] "GET /css/style.css HTTP/1.1" 200 2439 "http://www.mbingenieure.de/referenz.html" "Mozilla/5.0 (compatible; MSIE 9.0; Windows NT 6.0; Trident/5.0; (gmx/1.0.0.8))"
2.202.147.144 - - [30/May/2012:18:41:00 +0200] "GET /images/header.jpg HTTP/1.1" 200 10807 "http://www.mbingenieure.de/referenz.html" "Mozilla/5.0 (compatible; MSIE 9.0; Windows NT 6.0; Trident/5.0; (gmx/1.0.0.8))"
2.202.147.144 - - [30/May/2012:18:41:00 +0200] "GET /images/footer.jpg HTTP/1.1" 200 5903 "http://www.mbingenieure.de/referenz.html" "Mozilla/5.0 (compatible; MSIE 9.0; Windows NT 6.0; Trident/5.0; (gmx/1.0.0.8))"
2.202.147.144 - - [30/May/2012:18:41:00 +0200] "GET /images/navi.jpg HTTP/1.1" 200 32635 "http://www.mbingenieure.de/referenz.html" "Mozilla/5.0 (compatible; MSIE 9.0; Windows NT 6.0; Trident/5.0; (gmx/1.0.0.8))"
2.202.147.144 - - [30/May/2012:18:41:00 +0200] "GET /favicon.ico HTTP/1.1" 200 93062 "-" "Mozilla/5.0 (compatible; MSIE 9.0; Windows NT 6.0; Trident/5.0; (gmx/1.0.0.8))"
2.202.147.144 - - [30/May/2012:18:41:56 +0200] "GET /spektrum.html HTTP/1.1" 200 2273 "http://www.mbingenieure.de/referenz.html" "Mozilla/5.0 (compatible; MSIE 9.0; Windows NT 6.0; Trident/5.0; (gmx/1.0.0.8))"
2.202.147.144 - - [30/May/2012:18:42:29 +0200] "GET /uns.html HTTP/1.1" 200 2130 "http://www.mbingenieure.de/spektrum.html" "Mozilla/5.0 (compatible; MSIE 9.0; Windows NT 6.0; Trident/5.0; (gmx/1.0.0.8))"
2.202.147.144 - - [30/May/2012:18:42:32 +0200] "GET /partner.html HTTP/1.1" 200 2119 "http://www.mbingenieure.de/uns.html" "Mozilla/5.0 (compatible; MSIE 9.0; Windows NT 6.0; Trident/5.0; (gmx/1.0.0.8))"
2.202.147.144 - - [30/May/2012:18:47:38 +0200] "GET /kontakt.html HTTP/1.1" 200 2183 "http://www.mbingenieure.de/partner.html" "Mozilla/5.0 (compatible; MSIE 9.0; Windows NT 6.0; Trident/5.0; (gmx/1.0.0.8))"
2.202.147.144 - - [30/May/2012:18:47:48 +0200] "GET /impressum.html HTTP/1.1" 200 3453 "http://www.mbingenieure.de/kontakt.html" "Mozilla/5.0 (compatible; MSIE 9.0; Windows NT 6.0; Trident/5.0; (gmx/1.0.0.8))"
2.202.147.144 - - [30/May/2012:18:48:11 +0200] "GET /index.html HTTP/1.1" 200 2338 "http://www.mbingenieure.de/uns.html" "Mozilla/5.0 (compatible; MSIE 9.0; Windows NT 6.0; Trident/5.0; (gmx/1.0.0.8))"
2.202.147.144 - - [30/May/2012:18:48:11 +0200] "GET /images/bild2.jpg HTTP/1.1" 200 14865 "http://www.mbingenieure.de/index.html" "Mozilla/5.0 (compatible; MSIE 9.0; Windows NT 6.0; Trident/5.0; (gmx/1.0.0.8))"
2.202.147.144 - - [30/May/2012:18:48:11 +0200] "GET /images/bild4.jpg HTTP/1.1" 200 14402 "http://www.mbingenieure.de/index.html" "Mozilla/5.0 (compatible; MSIE 9.0; Windows NT 6.0; Trident/5.0; (gmx/1.0.0.8))"
2.202.147.144 - - [30/May/2012:18:48:11 +0200] "GET /images/bild3.png HTTP/1.1" 200 48627 "http://www.mbingenieure.de/index.html" "Mozilla/5.0 (compatible; MSIE 9.0; Windows NT 6.0; Trident/5.0; (gmx/1.0.0.8))"
83.133.125.202 - - [30/May/2012:20:29:06 +0200] "GET / HTTP/1.1" 200 2338 "http://www.bigfinder.de/" "Mozilla/5.0 (Windows; U; Windows NT 6.1; de; rv:1.9.2.8) Gecko/20100722 Firefox/3.6.8 GTB7.1"
66.249.71.101 - - [31/May/2012:03:02:22 +0200] "GET /robots.txt HTTP/1.1" 404 - "-" "Mozilla/5.0 (compatible; Googlebot/2.1; +http://www.google.com/bot.html)"
66.249.71.101 - - [31/May/2012:03:02:22 +0200] "GET /kontakt.html HTTP/1.1" 304 - "-" "Mozilla/5.0 (iPhone; U; CPU iPhone OS 4_1 like Mac OS X; en-us) AppleWebKit/532.9 (KHTML, like Gecko) Version/4.0.5 Mobile/8B117 Safari/6531.22.7 (compatible; Googlebot-Mobile/2.1; +http://www.google.com/bot.html)"
95.108.128.242 - - [31/May/2012:04:51:02 +0200] "GET /robots.txt HTTP/1.1" 404 - "-" "Mozilla/5.0 (compatible; YandexBot/3.0; +http://yandex.com/bots)"
95.108.128.242 - - [31/May/2012:09:30:54 +0200] "GET / HTTP/1.1" 200 2338 "-" "Mozilla/5.0 (compatible; YandexBot/3.0; +http://yandex.com/bots)"
85.214.127.10 - - [31/May/2012:10:35:22 +0200] "GET / HTTP/1.0" 200 2338 "-" "Mozilla"
85.214.127.10 - - [31/May/2012:10:35:22 +0200] "GET /index.html HTTP/1.0" 200 2338 "-" "Mozilla"
85.214.127.10 - - [31/May/2012:10:35:22 +0200] "GET /uns.html HTTP/1.0" 200 2130 "-" "Mozilla"
85.214.127.10 - - [31/May/2012:10:35:22 +0200] "GET /spektrum.html HTTP/1.0" 200 2273 "-" "Mozilla"
85.214.127.10 - - [31/May/2012:10:35:22 +0200] "GET /referenz.html HTTP/1.0" 200 8403 "-" "Mozilla"
85.214.127.10 - - [31/May/2012:10:35:22 +0200] "GET /partner.html HTTP/1.0" 200 2119 "-" "Mozilla"
85.214.127.10 - - [31/May/2012:10:35:22 +0200] "GET /kontakt.html HTTP/1.0" 200 2183 "-" "Mozilla"
85.214.127.10 - - [31/May/2012:10:35:22 +0200] "GET /impressum.html HTTP/1.0" 200 3453 "-" "Mozilla"
46.4.92.140 - - [31/May/2012:13:18:14 +0200] "GET /robots.txt HTTP/1.1" 404 - "-" "Pixray-Seeker/1.1 (Pixray-Seeker; http://www.pixray.com/pixraybot; crawler@pixray.com)"
46.4.92.140 - - [31/May/2012:13:18:14 +0200] "GET /button5.jpg HTTP/1.1" 404 - "-" "Pixray-Seeker/1.1 (Pixray-Seeker; http://www.pixray.com/pixraybot; crawler@pixray.com)"
46.4.92.140 - - [31/May/2012:13:22:35 +0200] "GET /button3.jpg HTTP/1.1" 404 - "-" "Pixray-Seeker/1.1 (Pixray-Seeker; http://www.pixray.com/pixraybot; crawler@pixray.com)"
157.55.17.145 - - [31/May/2012:19:59:19 +0200] "GET /robots.txt HTTP/1.1" 404 - "-" "Mozilla/5.0 (compatible; bingbot/2.0; +http://www.bing.com/bingbot.htm)"
157.55.17.145 - - [31/May/2012:20:00:01 +0200] "GET /referenz.html HTTP/1.1" 304 - "-" "Mozilla/5.0 (compatible; bingbot/2.0; +http://www.bing.com/bingbot.htm)"