213.61.229.5 - - [15/Mar/2012:11:28:34 +0100] "GET /images/header.jpg HTTP/1.1" 304 - "http://www.mbingenieure.de/css/style.css" "Mozilla/5.0 (Windows NT 5.1; rv:10.0.2) Gecko/20100101 Firefox/10.0.2"
213.61.229.5 - - [15/Mar/2012:11:28:34 +0100] "GET /images/navi.jpg HTTP/1.1" 304 - "http://www.mbingenieure.de/css/style.css" "Mozilla/5.0 (Windows NT 5.1; rv:10.0.2) Gecko/20100101 Firefox/10.0.2"
213.61.229.5 - - [15/Mar/2012:11:28:33 +0100] "GET /images/bild3.png HTTP/1.1" 200 48627 "http://www.mbingenieure.de/" "Mozilla/5.0 (Windows NT 5.1; rv:10.0.2) Gecko/20100101 Firefox/10.0.2"
213.61.229.5 - - [15/Mar/2012:11:29:07 +0100] "GET /uns.html HTTP/1.1" 200 2130 "http://www.mbingenieure.de/" "Mozilla/5.0 (Windows NT 5.1; rv:10.0.2) Gecko/20100101 Firefox/10.0.2"
213.61.229.5 - - [15/Mar/2012:11:45:53 +0100] "GET /spektrum.html HTTP/1.1" 200 2273 "http://www.mbingenieure.de/" "Mozilla/5.0 (Windows NT 5.1; rv:10.0.2) Gecko/20100101 Firefox/10.0.2"
213.61.229.5 - - [15/Mar/2012:11:46:23 +0100] "GET /referenz.html HTTP/1.1" 304 - "http://www.mbingenieure.de/spektrum.html" "Mozilla/5.0 (Windows NT 5.1; rv:10.0.2) Gecko/20100101 Firefox/10.0.2"
213.61.229.5 - - [15/Mar/2012:11:47:46 +0100] "GET /partner.html HTTP/1.1" 200 2119 "http://www.mbingenieure.de/referenz.html" "Mozilla/5.0 (Windows NT 5.1; rv:10.0.2) Gecko/20100101 Firefox/10.0.2"
213.61.229.5 - - [15/Mar/2012:11:48:01 +0100] "GET /kontakt.html HTTP/1.1" 200 2183 "http://www.mbingenieure.de/partner.html" "Mozilla/5.0 (Windows NT 5.1; rv:10.0.2) Gecko/20100101 Firefox/10.0.2"
65.52.110.199 - - [15/Mar/2012:14:22:54 +0100] "GET /robots.txt HTTP/1.1" 404 - "-" "Mozilla/5.0 (compatible; bingbot/2.0; +http://www.bing.com/bingbot.htm)"
66.249.71.52 - - [15/Mar/2012:16:22:22 +0100] "GET /partner.html HTTP/1.1" 304 - "-" "Mozilla/5.0 (compatible; Googlebot/2.1; +http://www.google.com/bot.html)"
77.75.77.17 - - [15/Mar/2012:18:27:46 +0100] "GET /robots.txt HTTP/1.1" 404 - "-" "SeznamBot/3.0 (+http://fulltext.sblog.cz/)"
77.75.77.17 - - [15/Mar/2012:18:27:46 +0100] "GET /spektrum.html HTTP/1.1" 304 - "-" "SeznamBot/3.0 (+http://fulltext.sblog.cz/)"
65.52.110.199 - - [15/Mar/2012:22:24:32 +0100] "GET /robots.txt HTTP/1.1" 404 - "-" "Mozilla/5.0 (compatible; bingbot/2.0; +http://www.bing.com/bingbot.htm)"
65.52.110.199 - - [15/Mar/2012:23:51:47 +0100] "GET / HTTP/1.1" 304 - "-" "Mozilla/5.0 (compatible; bingbot/2.0; +http://www.bing.com/bingbot.htm)"
213.186.127.12 - - [16/Mar/2012:03:48:39 +0100] "GET /robots.txt HTTP/1.1" 404 - "-" "Mozilla/5.0 (compatible; AhrefsBot/2.0; +http://ahrefs.com/robot/)"
66.249.72.197 - - [16/Mar/2012:05:24:41 +0100] "GET /robots.txt HTTP/1.1" 404 - "-" "Mozilla/5.0 (compatible; Googlebot/2.1; +http://www.google.com/bot.html)"
66.249.66.179 - - [16/Mar/2012:05:24:42 +0100] "GET /spektrum.html HTTP/1.1" 304 - "-" "Mozilla/5.0 (compatible; Googlebot/2.1; +http://www.google.com/bot.html)"
65.52.109.198 - - [16/Mar/2012:09:24:45 +0100] "GET /robots.txt HTTP/1.1" 404 - "-" "Mozilla/5.0 (compatible; bingbot/2.0; +http://www.bing.com/bingbot.htm)"
176.9.51.146 - - [16/Mar/2012:09:42:01 +0100] "GET /robots.txt HTTP/1.1" 404 - "-" "Mozilla/5.0 (compatible; SISTRIX Crawler; http://crawler.sistrix.net/)"
176.9.51.146 - - [16/Mar/2012:09:42:01 +0100] "GET / HTTP/1.1" 200 2338 "-" "Mozilla/5.0 (compatible; SISTRIX Crawler; http://crawler.sistrix.net/)"
176.9.51.146 - - [16/Mar/2012:09:42:01 +0100] "GET /index.html HTTP/1.1" 200 2338 "-" "Mozilla/5.0 (compatible; SISTRIX Crawler; http://crawler.sistrix.net/)"
176.9.51.146 - - [16/Mar/2012:09:42:02 +0100] "GET /uns.html HTTP/1.1" 200 2130 "-" "Mozilla/5.0 (compatible; SISTRIX Crawler; http://crawler.sistrix.net/)"
176.9.51.146 - - [16/Mar/2012:09:42:02 +0100] "GET /spektrum.html HTTP/1.1" 200 2273 "-" "Mozilla/5.0 (compatible; SISTRIX Crawler; http://crawler.sistrix.net/)"
176.9.51.146 - - [16/Mar/2012:09:42:02 +0100] "GET /referenz.html HTTP/1.1" 200 8403 "-" "Mozilla/5.0 (compatible; SISTRIX Crawler; http://crawler.sistrix.net/)"
176.9.51.146 - - [16/Mar/2012:09:42:02 +0100] "GET /partner.html HTTP/1.1" 200 2119 "-" "Mozilla/5.0 (compatible; SISTRIX Crawler; http://crawler.sistrix.net/)"
176.9.51.146 - - [16/Mar/2012:09:42:03 +0100] "GET /kontakt.html HTTP/1.1" 200 2183 "-" "Mozilla/5.0 (compatible; SISTRIX Crawler; http://crawler.sistrix.net/)"
176.9.51.146 - - [16/Mar/2012:09:42:03 +0100] "GET /impressum.html HTTP/1.1" 200 3453 "-" "Mozilla/5.0 (compatible; SISTRIX Crawler; http://crawler.sistrix.net/)"
141.30.47.72 - - [16/Mar/2012:09:49:18 +0100] "GET / HTTP/1.1" 200 2338 "http://www.tanzkapelle-krause.de/freunde.html" "Mozilla/5.0 (Windows NT 6.1; rv:10.0.2) Gecko/20100101 Firefox/10.0.2"
141.30.47.72 - - [16/Mar/2012:09:49:18 +0100] "GET /css/style.css HTTP/1.1" 200 2439 "http://www.mbingenieure.de/" "Mozilla/5.0 (Windows NT 6.1; rv:10.0.2) Gecko/20100101 Firefox/10.0.2"
141.30.47.72 - - [16/Mar/2012:09:49:18 +0100] "GET /images/bild4.jpg HTTP/1.1" 200 14402 "http://www.mbingenieure.de/" "Mozilla/5.0 (Windows NT 6.1; rv:10.0.2) Gecko/20100101 Firefox/10.0.2"
141.30.47.72 - - [16/Mar/2012:09:49:18 +0100] "GET /images/bild2.jpg HTTP/1.1" 200 14865 "http://www.mbingenieure.de/" "Mozilla/5.0 (Windows NT 6.1; rv:10.0.2) Gecko/20100101 Firefox/10.0.2"
141.30.47.72 - - [16/Mar/2012:09:49:18 +0100] "GET /images/bild3.png HTTP/1.1" 200 48627 "http://www.mbingenieure.de/" "Mozilla/5.0 (Windows NT 6.1; rv:10.0.2) Gecko/20100101 Firefox/10.0.2"
141.30.47.72 - - [16/Mar/2012:09:49:18 +0100] "GET /images/footer.jpg HTTP/1.1" 200 5903 "http://www.mbingenieure.de/css/style.css" "Mozilla/5.0 (Windows NT 6.1; rv:10.0.2) Gecko/20100101 Firefox/10.0.2"
141.30.47.72 - - [16/Mar/2012:09:49:18 +0100] "GET /images/header.jpg HTTP/1.1" 200 10807 "http://www.mbingenieure.de/css/style.css" "Mozilla/5.0 (Windows NT 6.1; rv:10.0.2) Gecko/20100101 Firefox/10.0.2"
141.30.47.72 - - [16/Mar/2012:09:49:18 +0100] "GET /images/navi.jpg HTTP/1.1" 200 32635 "http://www.mbingenieure.de/css/style.css" "Mozilla/5.0 (Windows NT 6.1; rv:10.0.2) Gecko/20100101 Firefox/10.0.2"
141.30.47.72 - - [16/Mar/2012:09:49:19 +0100] "GET /favicon.ico HTTP/1.1" 200 93062 "-" "Mozilla/5.0 (Windows NT 6.1; rv:10.0.2) Gecko/20100101 Firefox/10.0.2"
157.55.16.230 - - [16/Mar/2012:10:35:16 +0100] "GET / HTTP/1.1" 304 - "-" "Mozilla/5.0 (compatible; bingbot/2.0; +http://www.bing.com/bingbot.htm)"
65.52.109.198 - - [16/Mar/2012:11:42:15 +0100] "GET / HTTP/1.1" 304 - "-" "Mozilla/5.0 (compatible; bingbot/2.0; +http://www.bing.com/bingbot.htm)"
77.75.77.11 - - [16/Mar/2012:18:50:47 +0100] "GET /robots.txt HTTP/1.1" 404 - "-" "SeznamBot/3.0 (+http://fulltext.sblog.cz/)"
77.75.77.11 - - [16/Mar/2012:18:50:47 +0100] "GET / HTTP/1.1" 200 2338 "-" "SeznamBot/3.0 (+http://fulltext.sblog.cz/)"
95.108.128.242 - - [17/Mar/2012:01:42:57 +0100] "GET /robots.txt HTTP/1.1" 404 - "-" "Mozilla/5.0 (compatible; YandexBot/3.0; +http://yandex.com/bots)"
66.249.66.179 - - [17/Mar/2012:03:56:32 +0100] "GET /robots.txt HTTP/1.1" 404 - "-" "Mozilla/5.0 (compatible; Googlebot/2.1; +http://www.google.com/bot.html)"
66.249.66.179 - - [17/Mar/2012:03:56:32 +0100] "GET / HTTP/1.1" 304 - "-" "Mozilla/5.0 (compatible; Googlebot/2.1; +http://www.google.com/bot.html)"
213.186.127.12 - - [17/Mar/2012:07:54:30 +0100] "GET /robots.txt HTTP/1.1" 404 - "-" "Mozilla/5.0 (compatible; AhrefsBot/2.0; +http://ahrefs.com/robot/)"
95.108.128.242 - - [17/Mar/2012:09:02:22 +0100] "GET / HTTP/1.1" 200 2338 "-" "Mozilla/5.0 (compatible; YandexBot/3.0; +http://yandex.com/bots)"
77.75.77.17 - - [17/Mar/2012:14:58:19 +0100] "GET /robots.txt HTTP/1.1" 404 - "-" "SeznamBot/3.0 (+http://fulltext.sblog.cz/)"
77.75.77.17 - - [17/Mar/2012:14:58:19 +0100] "GET /impressum.html HTTP/1.1" 200 3453 "-" "SeznamBot/3.0 (+http://fulltext.sblog.cz/)"
157.55.16.230 - - [18/Mar/2012:04:03:34 +0100] "GET / HTTP/1.1" 304 - "-" "Mozilla/5.0 (compatible; bingbot/2.0; +http://www.bing.com/bingbot.htm)"
188.138.84.185 - - [18/Mar/2012:07:01:46 +0100] "GET / HTTP/1.0" 200 2338 "-" "Mozilla"
188.138.84.185 - - [18/Mar/2012:07:01:46 +0100] "GET /index.html HTTP/1.0" 200 2338 "-" "Mozilla"
188.138.84.185 - - [18/Mar/2012:07:01:46 +0100] "GET /uns.html HTTP/1.0" 200 2130 "-" "Mozilla"
188.138.84.185 - - [18/Mar/2012:07:01:46 +0100] "GET /spektrum.html HTTP/1.0" 200 2273 "-" "Mozilla"
188.138.84.185 - - [18/Mar/2012:07:01:46 +0100] "GET /referenz.html HTTP/1.0" 200 8403 "-" "Mozilla"
188.138.84.185 - - [18/Mar/2012:07:01:46 +0100] "GET /partner.html HTTP/1.0" 200 2119 "-" "Mozilla"
188.138.84.185 - - [18/Mar/2012:07:01:47 +0100] "GET /kontakt.html HTTP/1.0" 200 2183 "-" "Mozilla"
188.138.84.185 - - [18/Mar/2012:07:01:47 +0100] "GET /impressum.html HTTP/1.0" 200 3453 "-" "Mozilla"
213.186.127.12 - - [18/Mar/2012:08:35:12 +0100] "GET /robots.txt HTTP/1.1" 404 - "-" "Mozilla/5.0 (compatible; AhrefsBot/2.0; +http://ahrefs.com/robot/)"
157.55.16.230 - - [18/Mar/2012:10:47:00 +0100] "GET / HTTP/1.1" 304 - "-" "Mozilla/5.0 (compatible; bingbot/2.0; +http://www.bing.com/bingbot.htm)"
207.46.199.50 - - [18/Mar/2012:11:48:31 +0100] "GET /robots.txt HTTP/1.1" 404 - "-" "Mozilla/5.0 (compatible; bingbot/2.0; +http://www.bing.com/bingbot.htm)"
207.46.199.50 - - [18/Mar/2012:13:17:48 +0100] "GET /referenz.html HTTP/1.1" 304 - "-" "Mozilla/5.0 (compatible; bingbot/2.0; +http://www.bing.com/bingbot.htm)"
77.75.77.11 - - [18/Mar/2012:15:33:21 +0100] "GET /robots.txt HTTP/1.1" 404 - "-" "SeznamBot/3.0 (+http://fulltext.sblog.cz/)"
77.75.77.11 - - [18/Mar/2012:15:33:21 +0100] "GET /spektrum.html HTTP/1.1" 200 2273 "-" "SeznamBot/3.0 (+http://fulltext.sblog.cz/)"
176.9.139.113 - - [18/Mar/2012:20:06:11 +0100] "GET /robots.txt HTTP/1.1" 404 - "-" "Mozilla/5.0 (compatible; SISTRIX Crawler; http://crawler.sistrix.net/)"
176.9.139.113 - - [18/Mar/2012:20:06:11 +0100] "GET / HTTP/1.1" 200 2338 "-" "Mozilla/5.0 (compatible; SISTRIX Crawler; http://crawler.sistrix.net/)"
157.55.16.230 - - [18/Mar/2012:20:49:20 +0100] "GET /robots.txt HTTP/1.1" 404 - "-" "Mozilla/5.0 (compatible; bingbot/2.0; +http://www.bing.com/bingbot.htm)"
157.55.16.230 - - [18/Mar/2012:20:50:03 +0100] "GET / HTTP/1.1" 304 - "-" "Mozilla/5.0 (compatible; bingbot/2.0; +http://www.bing.com/bingbot.htm)"
83.133.125.202 - - [18/Mar/2012:23:15:58 +0100] "GET / HTTP/1.1" 200 2338 "http://www.bigfinder.de/" "Mozilla/5.0 (Macintosh; U; Intel Mac OS X 10.6; de-DE; rv:1.9.2.8) Gecko/20100722 Firefox/3.6.8"
207.46.199.50 - - [19/Mar/2012:00:46:17 +0100] "GET /referenz.html HTTP/1.1" 304 - "-" "Mozilla/5.0 (compatible; bingbot/2.0; +http://www.bing.com/bingbot.htm)"
77.75.77.11 - - [19/Mar/2012:12:18:09 +0100] "GET /robots.txt HTTP/1.1" 404 - "-" "SeznamBot/3.0 (+http://fulltext.sblog.cz/)"
77.75.77.11 - - [19/Mar/2012:12:18:10 +0100] "GET / HTTP/1.1" 200 2338 "-" "SeznamBot/3.0 (+http://fulltext.sblog.cz/)"
77.75.77.11 - - [19/Mar/2012:12:18:15 +0100] "GET /impressum.html HTTP/1.1" 304 - "-" "SeznamBot/3.0 (+http://fulltext.sblog.cz/)"
157.55.16.230 - - [19/Mar/2012:13:26:16 +0100] "GET /robots.txt HTTP/1.1" 404 - "-" "Mozilla/5.0 (compatible; bingbot/2.0; +http://www.bing.com/bingbot.htm)"
157.55.16.230 - - [19/Mar/2012:13:26:19 +0100] "GET / HTTP/1.1" 304 - "-" "Mozilla/5.0 (compatible; bingbot/2.0; +http://www.bing.com/bingbot.htm)"
157.55.16.230 - - [19/Mar/2012:17:48:49 +0100] "GET / HTTP/1.1" 304 - "-" "Mozilla/5.0 (compatible; bingbot/2.0; +http://www.bing.com/bingbot.htm)"
213.186.127.12 - - [19/Mar/2012:18:05:44 +0100] "GET /robots.txt HTTP/1.1" 404 - "-" "Mozilla/5.0 (compatible; AhrefsBot/2.0; +http://ahrefs.com/robot/)"
176.9.21.194 - - [19/Mar/2012:18:08:20 +0100] "GET /robots.txt HTTP/1.0" 404 - "-" "Mozilla/5.0 (compatible; SEOkicks-Robot +http://www.seokicks.de/robot.html)"
176.9.21.194 - - [19/Mar/2012:18:08:23 +0100] "GET / HTTP/1.0" 200 2338 "-" "Mozilla/5.0 (compatible; SEOkicks-Robot +http://www.seokicks.de/robot.html)"
176.9.21.194 - - [19/Mar/2012:18:08:26 +0100] "GET /css/style.css HTTP/1.0" 200 2439 "http://www.mbingenieure.de/" "Mozilla/5.0 (compatible; SEOkicks-Robot +http://www.seokicks.de/robot.html)"
176.9.21.194 - - [19/Mar/2012:18:08:29 +0100] "GET /index.html HTTP/1.0" 200 2338 "http://www.mbingenieure.de/" "Mozilla/5.0 (compatible; SEOkicks-Robot +http://www.seokicks.de/robot.html)"
176.9.21.194 - - [19/Mar/2012:18:08:33 +0100] "GET /uns.html HTTP/1.0" 200 2130 "http://www.mbingenieure.de/" "Mozilla/5.0 (compatible; SEOkicks-Robot +http://www.seokicks.de/robot.html)"
176.9.21.194 - - [19/Mar/2012:18:08:36 +0100] "GET /spektrum.html HTTP/1.0" 200 2273 "http://www.mbingenieure.de/" "Mozilla/5.0 (compatible; SEOkicks-Robot +http://www.seokicks.de/robot.html)"
176.9.21.194 - - [19/Mar/2012:18:08:42 +0100] "GET /referenz.html HTTP/1.0" 200 8403 "http://www.mbingenieure.de/" "Mozilla/5.0 (compatible; SEOkicks-Robot +http://www.seokicks.de/robot.html)"
176.9.21.194 - - [19/Mar/2012:18:08:47 +0100] "GET /partner.html HTTP/1.0" 200 2119 "http://www.mbingenieure.de/" "Mozilla/5.0 (compatible; SEOkicks-Robot +http://www.seokicks.de/robot.html)"
176.9.21.194 - - [19/Mar/2012:18:08:51 +0100] "GET /kontakt.html HTTP/1.0" 200 2183 "http://www.mbingenieure.de/" "Mozilla/5.0 (compatible; SEOkicks-Robot +http://www.seokicks.de/robot.html)"
176.9.21.194 - - [19/Mar/2012:18:08:54 +0100] "GET /impressum.html HTTP/1.0" 200 3453 "http://www.mbingenieure.de/" "Mozilla/5.0 (compatible; SEOkicks-Robot +http://www.seokicks.de/robot.html)"
81.209.177.145 - - [19/Mar/2012:18:50:25 +0100] "GET /robots.txt HTTP/1.1" 404 - "-" "netEstate NE Crawler (+http://www.sengine.info/)"
81.209.177.145 - - [19/Mar/2012:18:50:25 +0100] "GET / HTTP/1.1" 200 2338 "-" "netEstate NE Crawler (+http://www.sengine.info/)"
176.9.139.113 - - [19/Mar/2012:19:15:12 +0100] "GET /robots.txt HTTP/1.1" 404 - "-" "Mozilla/5.0 (compatible; SISTRIX Crawler; http://crawler.sistrix.net/)"
176.9.139.113 - - [19/Mar/2012:19:15:12 +0100] "GET / HTTP/1.1" 200 2338 "-" "Mozilla/5.0 (compatible; SISTRIX Crawler; http://crawler.sistrix.net/)"
176.9.139.113 - - [19/Mar/2012:19:15:12 +0100] "GET /kontakt.html HTTP/1.1" 200 2183 "-" "Mozilla/5.0 (compatible; SISTRIX Crawler; http://crawler.sistrix.net/)"
176.9.139.113 - - [19/Mar/2012:19:15:13 +0100] "GET /spektrum.html HTTP/1.1" 200 2273 "-" "Mozilla/5.0 (compatible; SISTRIX Crawler; http://crawler.sistrix.net/)"
176.9.139.113 - - [19/Mar/2012:19:15:13 +0100] "GET /impressum.html HTTP/1.1" 200 3453 "-" "Mozilla/5.0 (compatible; SISTRIX Crawler; http://crawler.sistrix.net/)"
176.9.139.113 - - [19/Mar/2012:19:15:13 +0100] "GET /index.html HTTP/1.1" 200 2338 "-" "Mozilla/5.0 (compatible; SISTRIX Crawler; http://crawler.sistrix.net/)"
176.9.139.113 - - [19/Mar/2012:19:15:13 +0100] "GET /partner.html HTTP/1.1" 200 2119 "-" "Mozilla/5.0 (compatible; SISTRIX Crawler; http://crawler.sistrix.net/)"
176.9.139.113 - - [19/Mar/2012:19:15:13 +0100] "GET /uns.html HTTP/1.1" 200 2130 "-" "Mozilla/5.0 (compatible; SISTRIX Crawler; http://crawler.sistrix.net/)"
176.9.139.113 - - [19/Mar/2012:19:15:13 +0100] "GET /referenz.html HTTP/1.1" 200 8403 "-" "Mozilla/5.0 (compatible; SISTRIX Crawler; http://crawler.sistrix.net/)"
66.249.72.197 - - [19/Mar/2012:20:42:55 +0100] "GET /robots.txt HTTP/1.1" 404 - "-" "Mozilla/5.0 (compatible; Googlebot/2.1; +http://www.google.com/bot.html)"
66.249.72.197 - - [19/Mar/2012:20:42:56 +0100] "GET / HTTP/1.1" 200 2338 "-" "Mozilla/5.0 (compatible; Googlebot/2.1; +http://www.google.com/bot.html)"
66.249.66.179 - - [19/Mar/2012:20:53:08 +0100] "GET /uns.html HTTP/1.1" 200 2130 "-" "Mozilla/5.0 (compatible; Googlebot/2.1; +http://www.google.com/bot.html)"
66.249.66.179 - - [19/Mar/2012:20:56:04 +0100] "GET /index.html HTTP/1.1" 200 2338 "-" "Mozilla/5.0 (compatible; Googlebot/2.1; +http://www.google.com/bot.html)"
66.249.66.179 - - [19/Mar/2012:20:57:53 +0100] "GET /kontakt.html HTTP/1.1" 200 2183 "-" "Mozilla/5.0 (compatible; Googlebot/2.1; +http://www.google.com/bot.html)"
66.249.66.179 - - [19/Mar/2012:20:59:43 +0100] "GET /partner.html HTTP/1.1" 200 2119 "-" "Mozilla/5.0 (compatible; Googlebot/2.1; +http://www.google.com/bot.html)"
66.249.72.197 - - [19/Mar/2012:21:03:35 +0100] "GET /spektrum.html HTTP/1.1" 200 2273 "-" "Mozilla/5.0 (compatible; Googlebot/2.1; +http://www.google.com/bot.html)"
66.249.66.179 - - [19/Mar/2012:21:06:25 +0100] "GET /referenz.html HTTP/1.1" 200 8403 "-" "Mozilla/5.0 (compatible; Googlebot/2.1; +http://www.google.com/bot.html)"
66.249.66.179 - - [19/Mar/2012:21:09:00 +0100] "GET /impressum.html HTTP/1.1" 200 3453 "-" "Mozilla/5.0 (compatible; Googlebot/2.1; +http://www.google.com/bot.html)"
66.249.66.179 - - [19/Mar/2012:21:13:09 +0100] "GET /www.asabau.de HTTP/1.1" 404 - "-" "Mozilla/5.0 (compatible; Googlebot/2.1; +http://www.google.com/bot.html)"
66.249.72.197 - - [19/Mar/2012:21:17:02 +0100] "GET /www.witerra-bau.de HTTP/1.1" 404 - "-" "Mozilla/5.0 (compatible; Googlebot/2.1; +http://www.google.com/bot.html)"
65.52.110.190 - - [20/Mar/2012:01:25:59 +0100] "GET /kontakt.html HTTP/1.1" 304 - "-" "Mozilla/5.0 (compatible; bingbot/2.0; +http://www.bing.com/bingbot.htm)"
93.196.7.66 - - [20/Mar/2012:05:52:28 +0100] "GET / HTTP/1.1" 200 2338 "-" "Jakarta Commons-HttpClient/3.1"
93.196.7.66 - - [20/Mar/2012:05:52:28 +0100] "GET /impressum.html HTTP/1.1" 200 3453 "-" "Jakarta Commons-HttpClient/3.1"
95.108.128.242 - - [20/Mar/2012:09:14:43 +0100] "GET /robots.txt HTTP/1.1" 404 - "-" "Mozilla/5.0 (compatible; YandexBot/3.0; +http://yandex.com/bots)"
95.108.128.242 - - [20/Mar/2012:14:47:10 +0100] "GET /index.html HTTP/1.1" 200 2338 "-" "Mozilla/5.0 (compatible; YandexBot/3.0; +http://yandex.com/bots)"
83.133.125.202 - - [21/Mar/2012:00:19:53 +0100] "GET / HTTP/1.1" 200 2338 "http://www.bigfinder.de/" "Mozilla/4.0 (compatible; MSIE 8.0; Windows NT 6.1; Trident/4.0; SLCC2; .NET CLR 2.0.50727; .NET CLR 3.5.30729; .NET CLR 3.0.30729; Media Center PC 6.0)"
212.184.130.88 - - [21/Mar/2012:10:49:21 +0100] "GET / HTTP/1.1" 200 2338 "http://www.google.de/url?sa=t&rct=j&q=mbbauingenieure.de&source=web&cd=1&sqi=2&ved=0CCQQFjAA&url=http%3A%2F%2Fwww.mbingenieure.de%2F&ei=DqRpT8jrLsrotQab9bGQCA&usg=AFQjCNEyLqXMZj9hDUfmjIo04GBdDmaXCQ" "Mozilla/5.0 (compatible; MSIE 9.0; Windows NT 6.0; Trident/5.0)"
212.184.130.88 - - [21/Mar/2012:10:49:21 +0100] "GET /images/bild4.jpg HTTP/1.1" 200 14402 "http://www.mbingenieure.de/" "Mozilla/5.0 (compatible; MSIE 9.0; Windows NT 6.0; Trident/5.0)"
212.184.130.88 - - [21/Mar/2012:10:49:21 +0100] "GET /css/style.css HTTP/1.1" 200 2439 "http://www.mbingenieure.de/" "Mozilla/5.0 (compatible; MSIE 9.0; Windows NT 6.0; Trident/5.0)"
212.184.130.88 - - [21/Mar/2012:10:49:21 +0100] "GET /images/bild2.jpg HTTP/1.1" 200 14865 "http://www.mbingenieure.de/" "Mozilla/5.0 (compatible; MSIE 9.0; Windows NT 6.0; Trident/5.0)"
212.184.130.88 - - [21/Mar/2012:10:49:21 +0100] "GET /images/header.jpg HTTP/1.1" 200 10807 "http://www.mbingenieure.de/" "Mozilla/5.0 (compatible; MSIE 9.0; Windows NT 6.0; Trident/5.0)"
212.184.130.88 - - [21/Mar/2012:10:49:22 +0100] "GET /images/footer.jpg HTTP/1.1" 200 5903 "http://www.mbingenieure.de/" "Mozilla/5.0 (compatible; MSIE 9.0; Windows NT 6.0; Trident/5.0)"
212.184.130.88 - - [21/Mar/2012:10:49:22 +0100] "GET /images/navi.jpg HTTP/1.1" 200 32635 "http://www.mbingenieure.de/" "Mozilla/5.0 (compatible; MSIE 9.0; Windows NT 6.0; Trident/5.0)"
212.184.130.88 - - [21/Mar/2012:10:49:21 +0100] "GET /images/bild3.png HTTP/1.1" 200 48627 "http://www.mbingenieure.de/" "Mozilla/5.0 (compatible; MSIE 9.0; Windows NT 6.0; Trident/5.0)"
212.184.130.88 - - [21/Mar/2012:10:49:22 +0100] "GET /favicon.ico HTTP/1.1" 200 93062 "-" "Mozilla/5.0 (compatible; MSIE 9.0; Windows NT 6.0; Trident/5.0)"
212.184.130.88 - - [21/Mar/2012:10:49:30 +0100] "GET /kontakt.html HTTP/1.1" 200 2183 "http://www.mbingenieure.de/" "Mozilla/5.0 (compatible; MSIE 9.0; Windows NT 6.0; Trident/5.0)"
77.75.77.17 - - [21/Mar/2012:19:43:47 +0100] "GET /robots.txt HTTP/1.1" 404 - "-" "SeznamBot/3.0 (+http://fulltext.sblog.cz/)"
77.75.77.17 - - [21/Mar/2012:19:43:49 +0100] "GET /spektrum.html HTTP/1.1" 200 2273 "-" "SeznamBot/3.0 (+http://fulltext.sblog.cz/)"
77.75.77.17 - - [21/Mar/2012:19:43:49 +0100] "GET /impressum.html HTTP/1.1" 200 3453 "-" "SeznamBot/3.0 (+http://fulltext.sblog.cz/)"
77.75.77.17 - - [21/Mar/2012:19:43:49 +0100] "GET / HTTP/1.1" 200 2338 "-" "SeznamBot/3.0 (+http://fulltext.sblog.cz/)"
94.23.225.68 - - [22/Mar/2012:00:02:59 +0100] "GET /uns.html HTTP/1.1" 200 2130 "-" "Mozilla/5.0 (X11; Linux i686; rv:6.0) Gecko/20100101 Firefox/6.0"
176.31.246.150 - - [22/Mar/2012:00:02:59 +0100] "GET /impressum.html HTTP/1.1" 200 3453 "-" "Mozilla/5.0 (X11; Linux i686; rv:6.0) Gecko/20100101 Firefox/6.0"
176.31.246.150 - - [22/Mar/2012:00:02:59 +0100] "GET /referenz.html HTTP/1.1" 200 8403 "-" "Mozilla/5.0 (X11; Linux i686; rv:6.0) Gecko/20100101 Firefox/6.0"
157.55.16.230 - - [22/Mar/2012:02:13:36 +0100] "GET /robots.txt HTTP/1.1" 404 - "-" "Mozilla/5.0 (compatible; bingbot/2.0; +http://www.bing.com/bingbot.htm)"
157.55.16.230 - - [22/Mar/2012:02:44:59 +0100] "GET / HTTP/1.1" 304 - "-" "Mozilla/5.0 (compatible; bingbot/2.0; +http://www.bing.com/bingbot.htm)"
157.55.16.230 - - [22/Mar/2012:03:02:19 +0100] "GET / HTTP/1.1" 304 - "-" "Mozilla/5.0 (compatible; bingbot/2.0; +http://www.bing.com/bingbot.htm)"
95.108.128.242 - - [22/Mar/2012:04:05:25 +0100] "GET /robots.txt HTTP/1.1" 404 - "-" "Mozilla/5.0 (compatible; YandexBot/3.0; +http://yandex.com/bots)"
208.115.113.85 - - [22/Mar/2012:06:03:44 +0100] "GET /robots.txt HTTP/1.1" 404 - "-" "Mozilla/5.0 (compatible; Ezooms/1.0; ezooms.bot@gmail.com)"
157.55.16.230 - - [22/Mar/2012:06:36:16 +0100] "GET /impressum.html HTTP/1.1" 304 - "-" "Mozilla/5.0 (compatible; bingbot/2.0; +http://www.bing.com/bingbot.htm)"
95.108.128.242 - - [22/Mar/2012:06:53:14 +0100] "GET / HTTP/1.1" 200 2338 "-" "Mozilla/5.0 (compatible; YandexBot/3.0; +http://yandex.com/bots)"
208.115.113.85 - - [22/Mar/2012:08:03:55 +0100] "GET /spektrum.html HTTP/1.1" 200 2273 "-" "Mozilla/5.0 (compatible; Ezooms/1.0; ezooms.bot@gmail.com)"
157.55.16.230 - - [22/Mar/2012:08:22:12 +0100] "GET /impressum.html HTTP/1.1" 304 - "-" "Mozilla/5.0 (compatible; bingbot/2.0; +http://www.bing.com/bingbot.htm)"
66.249.66.179 - - [22/Mar/2012:12:37:35 +0100] "GET /robots.txt HTTP/1.1" 404 - "-" "Mozilla/5.0 (compatible; Googlebot/2.1; +http://www.google.com/bot.html)"
66.249.72.197 - - [22/Mar/2012:12:37:36 +0100] "GET /uns.html HTTP/1.1" 304 - "-" "Mozilla/5.0 (compatible; Googlebot/2.1; +http://www.google.com/bot.html)"
157.55.16.230 - - [22/Mar/2012:13:26:23 +0100] "GET /robots.txt HTTP/1.1" 404 - "-" "Mozilla/5.0 (compatible; bingbot/2.0; +http://www.bing.com/bingbot.htm)"
157.55.16.230 - - [22/Mar/2012:13:34:38 +0100] "GET / HTTP/1.1" 304 - "-" "Mozilla/5.0 (compatible; bingbot/2.0; +http://www.bing.com/bingbot.htm)"
157.55.16.230 - - [22/Mar/2012:15:42:10 +0100] "GET /index.html HTTP/1.1" 304 - "-" "Mozilla/5.0 (compatible; bingbot/2.0; +http://www.bing.com/bingbot.htm)"
109.42.100.165 - - [22/Mar/2012:16:05:18 +0100] "GET / HTTP/1.1" 200 2338 "http://www.google.de/url?sa=t&rct=j&q=mb%20ingenieure%20gmbh%20berlin&source=web&cd=4&ved=0CEoQFjAD&url=http%3A%2F%2Fwww.mbingenieure.de%2F&ei=kj9rT9OBJc_wsgaEktSgAg&usg=AFQjCNEyLqXMZj9hDUfmjIo04GBdDmaXCQ" "Mozilla/5.0 (Windows NT 6.1; WOW64; rv:10.0.2) Gecko/20100101 Firefox/10.0.2"
109.42.100.165 - - [22/Mar/2012:16:05:18 +0100] "GET /css/style.css HTTP/1.1" 200 2439 "http://www.mbingenieure.de/" "Mozilla/5.0 (Windows NT 6.1; WOW64; rv:10.0.2) Gecko/20100101 Firefox/10.0.2"
109.42.100.165 - - [22/Mar/2012:16:05:20 +0100] "GET /images/footer.jpg HTTP/1.1" 200 5903 "http://www.mbingenieure.de/" "Mozilla/5.0 (Windows NT 6.1; WOW64; rv:10.0.2) Gecko/20100101 Firefox/10.0.2"
109.42.100.165 - - [22/Mar/2012:16:05:20 +0100] "GET /images/header.jpg HTTP/1.1" 200 10807 "http://www.mbingenieure.de/" "Mozilla/5.0 (Windows NT 6.1; WOW64; rv:10.0.2) Gecko/20100101 Firefox/10.0.2"
109.42.100.165 - - [22/Mar/2012:16:05:21 +0100] "GET /images/bild2.jpg HTTP/1.1" 200 14865 "http://www.mbingenieure.de/" "Mozilla/5.0 (Windows NT 6.1; WOW64; rv:10.0.2) Gecko/20100101 Firefox/10.0.2"
109.42.100.165 - - [22/Mar/2012:16:05:22 +0100] "GET /images/bild4.jpg HTTP/1.1" 200 14402 "http://www.mbingenieure.de/" "Mozilla/5.0 (Windows NT 6.1; WOW64; rv:10.0.2) Gecko/20100101 Firefox/10.0.2"
109.42.100.165 - - [22/Mar/2012:16:05:22 +0100] "GET /images/navi.jpg HTTP/1.1" 200 32635 "http://www.mbingenieure.de/" "Mozilla/5.0 (Windows NT 6.1; WOW64; rv:10.0.2) Gecko/20100101 Firefox/10.0.2"
109.42.100.165 - - [22/Mar/2012:16:05:22 +0100] "GET /images/bild3.png HTTP/1.1" 200 48627 "http://www.mbingenieure.de/" "Mozilla/5.0 (Windows NT 6.1; WOW64; rv:10.0.2) Gecko/20100101 Firefox/10.0.2"
109.42.100.165 - - [22/Mar/2012:16:05:31 +0100] "GET /impressum.html HTTP/1.1" 200 3453 "http://www.mbingenieure.de/" "Mozilla/5.0 (Windows NT 6.1; WOW64; rv:10.0.2) Gecko/20100101 Firefox/10.0.2"
109.42.100.165 - - [22/Mar/2012:16:05:31 +0100] "GET /favicon.ico HTTP/1.1" 200 93062 "-" "Mozilla/5.0 (Windows NT 6.1; WOW64; rv:10.0.2) Gecko/20100101 Firefox/10.0.2"
208.115.113.85 - - [23/Mar/2012:05:28:34 +0100] "GET /robots.txt HTTP/1.1" 404 - "-" "Mozilla/5.0 (compatible; Ezooms/1.0; ezooms.bot@gmail.com)"
208.115.113.85 - - [23/Mar/2012:07:26:10 +0100] "GET /kontakt.html HTTP/1.1" 200 2183 "-" "Mozilla/5.0 (compatible; Ezooms/1.0; ezooms.bot@gmail.com)"
157.55.16.230 - - [23/Mar/2012:07:27:47 +0100] "GET /robots.txt HTTP/1.1" 404 - "-" "Mozilla/5.0 (compatible; bingbot/2.0; +http://www.bing.com/bingbot.htm)"
157.55.16.230 - - [23/Mar/2012:07:29:08 +0100] "GET / HTTP/1.1" 304 - "-" "Mozilla/5.0 (compatible; bingbot/2.0; +http://www.bing.com/bingbot.htm)"
207.46.199.50 - - [23/Mar/2012:17:47:13 +0100] "GET /robots.txt HTTP/1.1" 404 - "-" "Mozilla/5.0 (compatible; bingbot/2.0; +http://www.bing.com/bingbot.htm)"
207.46.199.50 - - [23/Mar/2012:17:53:04 +0100] "GET /spektrum.html HTTP/1.1" 304 - "-" "Mozilla/5.0 (compatible; bingbot/2.0; +http://www.bing.com/bingbot.htm)"
157.55.16.230 - - [23/Mar/2012:23:20:49 +0100] "GET /robots.txt HTTP/1.1" 404 - "-" "Mozilla/5.0 (compatible; bingbot/2.0; +http://www.bing.com/bingbot.htm)"
157.55.16.230 - - [23/Mar/2012:23:21:37 +0100] "GET / HTTP/1.1" 304 - "-" "Mozilla/5.0 (compatible; bingbot/2.0; +http://www.bing.com/bingbot.htm)"
208.115.113.85 - - [24/Mar/2012:01:17:47 +0100] "GET /robots.txt HTTP/1.1" 404 - "-" "Mozilla/5.0 (compatible; Ezooms/1.0; ezooms.bot@gmail.com)"
208.115.113.85 - - [24/Mar/2012:03:14:09 +0100] "GET /impressum.html HTTP/1.1" 200 3453 "-" "Mozilla/5.0 (compatible; Ezooms/1.0; ezooms.bot@gmail.com)"
66.249.72.197 - - [24/Mar/2012:04:45:41 +0100] "GET /robots.txt HTTP/1.1" 404 - "-" "Mozilla/5.0 (compatible; Googlebot/2.1; +http://www.google.com/bot.html)"
66.249.72.197 - - [24/Mar/2012:04:45:41 +0100] "GET /index.html HTTP/1.1" 200 2338 "-" "Mozilla/5.0 (compatible; Googlebot/2.1; +http://www.google.com/bot.html)"
157.55.16.230 - - [24/Mar/2012:12:09:03 +0100] "GET /robots.txt HTTP/1.1" 404 - "-" "Mozilla/5.0 (compatible; bingbot/2.0; +http://www.bing.com/bingbot.htm)"
157.55.16.230 - - [24/Mar/2012:12:09:45 +0100] "GET / HTTP/1.1" 304 - "-" "Mozilla/5.0 (compatible; bingbot/2.0; +http://www.bing.com/bingbot.htm)"
217.149.63.65 - - [24/Mar/2012:16:55:00 +0100] "GET / HTTP/1.1" 200 2338 "http://www.google.com.my/search?q=anything&ie=utf-8" "Mozilla/5.0"
157.55.16.230 - - [24/Mar/2012:23:17:11 +0100] "GET /robots.txt HTTP/1.1" 404 - "-" "Mozilla/5.0 (compatible; bingbot/2.0; +http://www.bing.com/bingbot.htm)"
157.55.16.230 - - [24/Mar/2012:23:22:38 +0100] "GET / HTTP/1.1" 304 - "-" "Mozilla/5.0 (compatible; bingbot/2.0; +http://www.bing.com/bingbot.htm)"
77.75.77.17 - - [25/Mar/2012:03:23:11 +0200] "GET /robots.txt HTTP/1.1" 404 - "-" "SeznamBot/3.0 (+http://fulltext.sblog.cz/)"
77.75.77.17 - - [25/Mar/2012:03:23:11 +0200] "GET /impressum.html HTTP/1.1" 200 3453 "-" "SeznamBot/3.0 (+http://fulltext.sblog.cz/)"
77.75.77.17 - - [25/Mar/2012:03:23:11 +0200] "GET /spektrum.html HTTP/1.1" 200 2273 "-" "SeznamBot/3.0 (+http://fulltext.sblog.cz/)"
77.75.77.17 - - [25/Mar/2012:03:23:12 +0200] "GET / HTTP/1.1" 200 2338 "-" "SeznamBot/3.0 (+http://fulltext.sblog.cz/)"
95.108.128.242 - - [25/Mar/2012:04:05:08 +0200] "GET /robots.txt HTTP/1.1" 404 - "-" "Mozilla/5.0 (compatible; YandexBot/3.0; +http://yandex.com/bots)"
157.55.16.230 - - [25/Mar/2012:12:49:25 +0200] "GET /robots.txt HTTP/1.1" 404 - "-" "Mozilla/5.0 (compatible; bingbot/2.0; +http://www.bing.com/bingbot.htm)"
157.55.16.230 - - [25/Mar/2012:12:50:42 +0200] "GET / HTTP/1.1" 304 - "-" "Mozilla/5.0 (compatible; bingbot/2.0; +http://www.bing.com/bingbot.htm)"
95.108.128.242 - - [25/Mar/2012:13:12:44 +0200] "GET / HTTP/1.1" 200 2338 "-" "Mozilla/5.0 (compatible; YandexBot/3.0; +http://yandex.com/bots)"
157.55.16.230 - - [25/Mar/2012:15:03:42 +0200] "GET / HTTP/1.1" 304 - "-" "Mozilla/5.0 (compatible; bingbot/2.0; +http://www.bing.com/bingbot.htm)"
157.55.16.230 - - [26/Mar/2012:01:34:33 +0200] "GET /robots.txt HTTP/1.1" 404 - "-" "Mozilla/5.0 (compatible; bingbot/2.0; +http://www.bing.com/bingbot.htm)"
157.55.16.230 - - [26/Mar/2012:01:35:08 +0200] "GET / HTTP/1.1" 304 - "-" "Mozilla/5.0 (compatible; bingbot/2.0; +http://www.bing.com/bingbot.htm)"
157.55.16.230 - - [26/Mar/2012:08:17:43 +0200] "GET /robots.txt HTTP/1.1" 404 - "-" "Mozilla/5.0 (compatible; bingbot/2.0; +http://www.bing.com/bingbot.htm)"
157.55.16.230 - - [26/Mar/2012:08:19:46 +0200] "GET /impressum.html HTTP/1.1" 200 3453 "-" "Mozilla/5.0 (compatible; bingbot/2.0; +http://www.bing.com/bingbot.htm)"
95.108.128.242 - - [26/Mar/2012:10:05:28 +0200] "GET /robots.txt HTTP/1.1" 404 - "-" "Mozilla/5.0 (compatible; YandexBot/3.0; +http://yandex.com/bots)"
157.55.16.230 - - [26/Mar/2012:12:26:59 +0200] "GET /robots.txt HTTP/1.1" 404 - "-" "Mozilla/5.0 (compatible; bingbot/2.0; +http://www.bing.com/bingbot.htm)"
157.55.16.230 - - [26/Mar/2012:12:40:47 +0200] "GET / HTTP/1.1" 304 - "-" "Mozilla/5.0 (compatible; bingbot/2.0; +http://www.bing.com/bingbot.htm)"
157.55.16.230 - - [26/Mar/2012:14:45:12 +0200] "GET / HTTP/1.1" 304 - "-" "Mozilla/5.0 (compatible; bingbot/2.0; +http://www.bing.com/bingbot.htm)"
95.108.128.242 - - [26/Mar/2012:15:33:02 +0200] "GET /index.html HTTP/1.1" 200 2338 "-" "Mozilla/5.0 (compatible; YandexBot/3.0; +http://yandex.com/bots)"
157.55.16.230 - - [26/Mar/2012:16:18:39 +0200] "GET / HTTP/1.1" 304 - "-" "Mozilla/5.0 (compatible; bingbot/2.0; +http://www.bing.com/bingbot.htm)"
83.133.125.202 - - [26/Mar/2012:21:21:54 +0200] "GET / HTTP/1.1" 200 2338 "http://www.sumaja.de/" "Mozilla/4.0 (compatible; MSIE 9.0; Windows NT 5.1)"
83.133.125.202 - - [26/Mar/2012:21:21:55 +0200] "GET / HTTP/1.0" 200 2338 "-" "-"
83.133.125.202 - - [26/Mar/2012:21:21:55 +0200] "GET / HTTP/1.0" 200 2338 "-" "-"
188.40.114.201 - - [26/Mar/2012:21:56:03 +0200] "GET /robots.txt HTTP/1.1" 404 - "-" "Mozilla/5.0 (compatible; NerdByNature.Bot; http://www.nerdbynature.net/bot)"
188.40.114.201 - - [26/Mar/2012:21:56:03 +0200] "GET / HTTP/1.1" 200 2338 "-" "Mozilla/5.0 (compatible; NerdByNature.Bot; http://www.nerdbynature.net/bot)"
188.40.114.201 - - [26/Mar/2012:21:56:03 +0200] "GET /partner.html HTTP/1.1" 200 2119 "-" "Mozilla/5.0 (compatible; NerdByNature.Bot; http://www.nerdbynature.net/bot)"
188.40.114.201 - - [26/Mar/2012:21:56:04 +0200] "GET /spektrum.html HTTP/1.1" 200 2273 "-" "Mozilla/5.0 (compatible; NerdByNature.Bot; http://www.nerdbynature.net/bot)"
188.40.114.201 - - [26/Mar/2012:21:56:04 +0200] "GET /kontakt.html HTTP/1.1" 200 2183 "-" "Mozilla/5.0 (compatible; NerdByNature.Bot; http://www.nerdbynature.net/bot)"
188.40.114.201 - - [26/Mar/2012:21:56:04 +0200] "GET /index.html HTTP/1.1" 200 2338 "-" "Mozilla/5.0 (compatible; NerdByNature.Bot; http://www.nerdbynature.net/bot)"
188.40.114.201 - - [26/Mar/2012:21:56:04 +0200] "GET /impressum.html HTTP/1.1" 200 3453 "-" "Mozilla/5.0 (compatible; NerdByNature.Bot; http://www.nerdbynature.net/bot)"
188.40.114.201 - - [26/Mar/2012:21:56:04 +0200] "GET /referenz.html HTTP/1.1" 200 8403 "-" "Mozilla/5.0 (compatible; NerdByNature.Bot; http://www.nerdbynature.net/bot)"
188.40.114.201 - - [26/Mar/2012:21:56:04 +0200] "GET /uns.html HTTP/1.1" 200 2130 "-" "Mozilla/5.0 (compatible; NerdByNature.Bot; http://www.nerdbynature.net/bot)"
157.55.16.230 - - [27/Mar/2012:02:32:44 +0200] "GET /robots.txt HTTP/1.1" 404 - "-" "Mozilla/5.0 (compatible; bingbot/2.0; +http://www.bing.com/bingbot.htm)"
157.55.16.230 - - [27/Mar/2012:02:33:46 +0200] "GET / HTTP/1.1" 304 - "-" "Mozilla/5.0 (compatible; bingbot/2.0; +http://www.bing.com/bingbot.htm)"
157.55.16.230 - - [27/Mar/2012:03:22:22 +0200] "GET /robots.txt HTTP/1.1" 404 - "-" "Mozilla/5.0 (compatible; bingbot/2.0; +http://www.bing.com/bingbot.htm)"
157.55.16.230 - - [27/Mar/2012:03:27:41 +0200] "GET / HTTP/1.1" 304 - "-" "Mozilla/5.0 (compatible; bingbot/2.0; +http://www.bing.com/bingbot.htm)"
66.249.72.197 - - [27/Mar/2012:03:40:09 +0200] "GET /robots.txt HTTP/1.1" 404 - "-" "Mozilla/5.0 (compatible; Googlebot/2.1; +http://www.google.com/bot.html)"
66.249.72.197 - - [27/Mar/2012:03:40:09 +0200] "GET / HTTP/1.1" 304 - "-" "Mozilla/5.0 (compatible; Googlebot/2.1; +http://www.google.com/bot.html)"
176.9.148.197 - - [27/Mar/2012:04:31:14 +0200] "GET /robots.txt HTTP/1.1" 404 - "-" "Mozilla/5.0 (compatible; SISTRIX Crawler; http://crawler.sistrix.net/)"
176.9.148.197 - - [27/Mar/2012:04:31:14 +0200] "GET / HTTP/1.1" 200 2338 "-" "Mozilla/5.0 (compatible; SISTRIX Crawler; http://crawler.sistrix.net/)"
176.9.148.197 - - [27/Mar/2012:04:31:14 +0200] "GET /kontakt.html HTTP/1.1" 200 2183 "-" "Mozilla/5.0 (compatible; SISTRIX Crawler; http://crawler.sistrix.net/)"
176.9.148.197 - - [27/Mar/2012:04:31:14 +0200] "GET /spektrum.html HTTP/1.1" 200 2273 "-" "Mozilla/5.0 (compatible; SISTRIX Crawler; http://crawler.sistrix.net/)"
176.9.148.197 - - [27/Mar/2012:04:31:14 +0200] "GET /impressum.html HTTP/1.1" 200 3453 "-" "Mozilla/5.0 (compatible; SISTRIX Crawler; http://crawler.sistrix.net/)"
176.9.148.197 - - [27/Mar/2012:04:31:14 +0200] "GET /index.html HTTP/1.1" 200 2338 "-" "Mozilla/5.0 (compatible; SISTRIX Crawler; http://crawler.sistrix.net/)"
176.9.148.197 - - [27/Mar/2012:04:31:14 +0200] "GET /partner.html HTTP/1.1" 200 2119 "-" "Mozilla/5.0 (compatible; SISTRIX Crawler; http://crawler.sistrix.net/)"
176.9.148.197 - - [27/Mar/2012:04:31:14 +0200] "GET /uns.html HTTP/1.1" 200 2130 "-" "Mozilla/5.0 (compatible; SISTRIX Crawler; http://crawler.sistrix.net/)"
176.9.148.197 - - [27/Mar/2012:04:31:14 +0200] "GET /referenz.html HTTP/1.1" 200 8403 "-" "Mozilla/5.0 (compatible; SISTRIX Crawler; http://crawler.sistrix.net/)"
157.55.16.230 - - [27/Mar/2012:12:00:14 +0200] "GET /robots.txt HTTP/1.1" 404 - "-" "Mozilla/5.0 (compatible; bingbot/2.0; +http://www.bing.com/bingbot.htm)"
157.55.16.230 - - [27/Mar/2012:12:01:15 +0200] "GET / HTTP/1.1" 304 - "-" "Mozilla/5.0 (compatible; bingbot/2.0; +http://www.bing.com/bingbot.htm)"
157.55.16.230 - - [27/Mar/2012:16:28:29 +0200] "GET /robots.txt HTTP/1.1" 404 - "-" "Mozilla/5.0 (compatible; bingbot/2.0; +http://www.bing.com/bingbot.htm)"
157.55.16.230 - - [27/Mar/2012:16:29:14 +0200] "GET / HTTP/1.1" 304 - "-" "Mozilla/5.0 (compatible; bingbot/2.0; +http://www.bing.com/bingbot.htm)"
208.115.111.69 - - [27/Mar/2012:18:53:59 +0200] "GET /robots.txt HTTP/1.1" 404 - "-" "Mozilla/5.0 (compatible; Ezooms/1.0; ezooms.bot@gmail.com)"
77.75.77.11 - - [27/Mar/2012:20:58:34 +0200] "GET /robots.txt HTTP/1.1" 404 - "-" "SeznamBot/3.0 (+http://fulltext.sblog.cz/)"
77.75.77.11 - - [27/Mar/2012:20:58:34 +0200] "GET /impressum.html HTTP/1.1" 200 3453 "-" "SeznamBot/3.0 (+http://fulltext.sblog.cz/)"
77.75.77.11 - - [27/Mar/2012:20:58:44 +0200] "GET /spektrum.html HTTP/1.1" 200 2273 "-" "SeznamBot/3.0 (+http://fulltext.sblog.cz/)"
77.75.77.11 - - [27/Mar/2012:20:58:49 +0200] "GET / HTTP/1.1" 200 2338 "-" "SeznamBot/3.0 (+http://fulltext.sblog.cz/)"
208.115.111.69 - - [27/Mar/2012:21:03:04 +0200] "GET /referenz.html HTTP/1.1" 200 8403 "-" "Mozilla/5.0 (compatible; Ezooms/1.0; ezooms.bot@gmail.com)"
157.55.16.230 - - [27/Mar/2012:21:03:16 +0200] "GET /robots.txt HTTP/1.1" 404 - "-" "Mozilla/5.0 (compatible; bingbot/2.0; +http://www.bing.com/bingbot.htm)"
157.55.16.230 - - [27/Mar/2012:21:04:19 +0200] "GET / HTTP/1.1" 304 - "-" "Mozilla/5.0 (compatible; bingbot/2.0; +http://www.bing.com/bingbot.htm)"
208.115.113.85 - - [28/Mar/2012:00:22:20 +0200] "GET /robots.txt HTTP/1.1" 404 - "-" "Mozilla/5.0 (compatible; Ezooms/1.0; ezooms.bot@gmail.com)"
208.115.113.85 - - [28/Mar/2012:00:35:10 +0200] "GET / HTTP/1.1" 200 2338 "-" "Mozilla/5.0 (compatible; Ezooms/1.0; ezooms.bot@gmail.com)"
157.55.16.230 - - [28/Mar/2012:04:51:21 +0200] "GET /robots.txt HTTP/1.1" 404 - "-" "Mozilla/5.0 (compatible; bingbot/2.0; +http://www.bing.com/bingbot.htm)"
157.55.16.230 - - [28/Mar/2012:04:52:57 +0200] "GET / HTTP/1.1" 304 - "-" "Mozilla/5.0 (compatible; bingbot/2.0; +http://www.bing.com/bingbot.htm)"
87.162.20.153 - - [28/Mar/2012:16:26:13 +0200] "GET / HTTP/1.1" 200 2338 "-" "Mozilla/5.0 (Windows NT 5.1; rv:11.0) Gecko/20100101 Firefox/11.0"
87.162.20.153 - - [28/Mar/2012:16:26:14 +0200] "GET /css/style.css HTTP/1.1" 200 2439 "http://www.mbingenieure.de/" "Mozilla/5.0 (Windows NT 5.1; rv:11.0) Gecko/20100101 Firefox/11.0"
87.162.20.153 - - [28/Mar/2012:16:26:14 +0200] "GET /images/bild4.jpg HTTP/1.1" 200 14402 "http://www.mbingenieure.de/" "Mozilla/5.0 (Windows NT 5.1; rv:11.0) Gecko/20100101 Firefox/11.0"
87.162.20.153 - - [28/Mar/2012:16:26:14 +0200] "GET /images/navi.jpg HTTP/1.1" 200 32635 "http://www.mbingenieure.de/css/style.css" "Mozilla/5.0 (Windows NT 5.1; rv:11.0) Gecko/20100101 Firefox/11.0"
87.162.20.153 - - [28/Mar/2012:16:26:14 +0200] "GET /images/bild2.jpg HTTP/1.1" 200 14865 "http://www.mbingenieure.de/" "Mozilla/5.0 (Windows NT 5.1; rv:11.0) Gecko/20100101 Firefox/11.0"
87.162.20.153 - - [28/Mar/2012:16:26:14 +0200] "GET /images/footer.jpg HTTP/1.1" 200 5903 "http://www.mbingenieure.de/css/style.css" "Mozilla/5.0 (Windows NT 5.1; rv:11.0) Gecko/20100101 Firefox/11.0"
87.162.20.153 - - [28/Mar/2012:16:26:14 +0200] "GET /images/header.jpg HTTP/1.1" 200 10807 "http://www.mbingenieure.de/css/style.css" "Mozilla/5.0 (Windows NT 5.1; rv:11.0) Gecko/20100101 Firefox/11.0"
87.162.20.153 - - [28/Mar/2012:16:26:14 +0200] "GET /images/bild3.png HTTP/1.1" 200 48627 "http://www.mbingenieure.de/" "Mozilla/5.0 (Windows NT 5.1; rv:11.0) Gecko/20100101 Firefox/11.0"
87.162.20.153 - - [28/Mar/2012:16:26:14 +0200] "GET /favicon.ico HTTP/1.1" 200 93062 "-" "Mozilla/5.0 (Windows NT 5.1; rv:11.0) Gecko/20100101 Firefox/11.0"
87.162.20.153 - - [28/Mar/2012:16:26:18 +0200] "GET /spektrum.html HTTP/1.1" 200 2273 "http://www.mbingenieure.de/" "Mozilla/5.0 (Windows NT 5.1; rv:11.0) Gecko/20100101 Firefox/11.0"
87.162.20.153 - - [28/Mar/2012:16:26:54 +0200] "GET /referenz.html HTTP/1.1" 200 8403 "http://www.mbingenieure.de/spektrum.html" "Mozilla/5.0 (Windows NT 5.1; rv:11.0) Gecko/20100101 Firefox/11.0"
87.162.20.153 - - [28/Mar/2012:16:27:12 +0200] "GET /partner.html HTTP/1.1" 200 2119 "http://www.mbingenieure.de/referenz.html" "Mozilla/5.0 (Windows NT 5.1; rv:11.0) Gecko/20100101 Firefox/11.0"
87.162.20.153 - - [28/Mar/2012:16:27:17 +0200] "GET /index.html HTTP/1.1" 200 2338 "http://www.mbingenieure.de/referenz.html" "Mozilla/5.0 (Windows NT 5.1; rv:11.0) Gecko/20100101 Firefox/11.0"
157.55.16.230 - - [28/Mar/2012:19:01:51 +0200] "GET /robots.txt HTTP/1.1" 404 - "-" "Mozilla/5.0 (compatible; bingbot/2.0; +http://www.bing.com/bingbot.htm)"
157.55.16.230 - - [28/Mar/2012:19:05:25 +0200] "GET / HTTP/1.1" 304 - "-" "Mozilla/5.0 (compatible; bingbot/2.0; +http://www.bing.com/bingbot.htm)"
95.108.128.242 - - [28/Mar/2012:19:17:12 +0200] "GET /robots.txt HTTP/1.1" 404 - "-" "Mozilla/5.0 (compatible; YandexBot/3.0; +http://yandex.com/bots)"
207.46.199.50 - - [28/Mar/2012:19:27:05 +0200] "GET /referenz.html HTTP/1.1" 304 - "-" "Mozilla/5.0 (compatible; bingbot/2.0; +http://www.bing.com/bingbot.htm)"
157.55.16.230 - - [28/Mar/2012:20:04:42 +0200] "GET / HTTP/1.1" 304 - "-" "Mozilla/5.0 (compatible; bingbot/2.0; +http://www.bing.com/bingbot.htm)"
207.46.199.50 - - [29/Mar/2012:01:42:33 +0200] "GET /robots.txt HTTP/1.1" 404 - "-" "Mozilla/5.0 (compatible; bingbot/2.0; +http://www.bing.com/bingbot.htm)"
207.46.199.50 - - [29/Mar/2012:01:43:20 +0200] "GET /referenz.html HTTP/1.1" 304 - "-" "Mozilla/5.0 (compatible; bingbot/2.0; +http://www.bing.com/bingbot.htm)"
77.75.77.11 - - [29/Mar/2012:02:26:23 +0200] "GET /robots.txt HTTP/1.1" 404 - "-" "SeznamBot/3.0 (+http://fulltext.sblog.cz/)"
77.75.77.11 - - [29/Mar/2012:02:26:23 +0200] "GET /kontakt.html HTTP/1.1" 200 2183 "-" "SeznamBot/3.0 (+http://fulltext.sblog.cz/)"
66.249.66.163 - - [29/Mar/2012:03:40:11 +0200] "GET /robots.txt HTTP/1.1" 404 - "-" "Mozilla/5.0 (compatible; Googlebot/2.1; +http://www.google.com/bot.html)"
66.249.66.163 - - [29/Mar/2012:03:40:11 +0200] "GET /uns.html HTTP/1.1" 304 - "-" "Mozilla/5.0 (compatible; Googlebot/2.1; +http://www.google.com/bot.html)"
157.55.16.230 - - [29/Mar/2012:07:04:54 +0200] "GET /robots.txt HTTP/1.1" 404 - "-" "Mozilla/5.0 (compatible; bingbot/2.0; +http://www.bing.com/bingbot.htm)"
157.55.16.230 - - [29/Mar/2012:07:05:48 +0200] "GET / HTTP/1.1" 304 - "-" "Mozilla/5.0 (compatible; bingbot/2.0; +http://www.bing.com/bingbot.htm)"
90.187.66.102 - - [29/Mar/2012:09:00:25 +0200] "GET /referenz.html HTTP/1.1" 200 8403 "http://www.google.de/url?sa=t&rct=j&q=mb-ingenieure%20berlin&source=web&cd=2&sqi=2&ved=0CE8QFjAB&url=http%3A%2F%2Fwww.mbingenieure.de%2Freferenz.html&ei=dwh0T93JB-H54QTUqMmpDg&usg=AFQjCNEjBuJQ2-M4Z4j35BAeh7XDA3bhYQ" "Mozilla/5.0 (compatible; MSIE 9.0; Windows NT 6.1; Trident/5.0)"
90.187.66.102 - - [29/Mar/2012:09:00:25 +0200] "GET /css/style.css HTTP/1.1" 200 2439 "http://www.mbingenieure.de/referenz.html" "Mozilla/5.0 (compatible; MSIE 9.0; Windows NT 6.1; Trident/5.0)"
90.187.66.102 - - [29/Mar/2012:09:00:26 +0200] "GET /images/header.jpg HTTP/1.1" 200 10807 "http://www.mbingenieure.de/referenz.html" "Mozilla/5.0 (compatible; MSIE 9.0; Windows NT 6.1; Trident/5.0)"
90.187.66.102 - - [29/Mar/2012:09:00:26 +0200] "GET /images/footer.jpg HTTP/1.1" 200 5903 "http://www.mbingenieure.de/referenz.html" "Mozilla/5.0 (compatible; MSIE 9.0; Windows NT 6.1; Trident/5.0)"
90.187.66.102 - - [29/Mar/2012:09:00:26 +0200] "GET /images/navi.jpg HTTP/1.1" 200 32635 "http://www.mbingenieure.de/referenz.html" "Mozilla/5.0 (compatible; MSIE 9.0; Windows NT 6.1; Trident/5.0)"
90.187.66.102 - - [29/Mar/2012:09:00:26 +0200] "GET /favicon.ico HTTP/1.1" 200 93062 "-" "Mozilla/5.0 (compatible; MSIE 9.0; Windows NT 6.1; Trident/5.0)"
90.187.66.102 - - [29/Mar/2012:09:02:12 +0200] "GET /kontakt.html HTTP/1.1" 200 2183 "http://www.mbingenieure.de/referenz.html" "Mozilla/5.0 (compatible; MSIE 9.0; Windows NT 6.1; Trident/5.0)"
90.187.66.102 - - [29/Mar/2012:09:02:51 +0200] "GET /partner.html HTTP/1.1" 200 2119 "http://www.mbingenieure.de/kontakt.html" "Mozilla/5.0 (compatible; MSIE 9.0; Windows NT 6.1; Trident/5.0)"
90.187.66.102 - - [29/Mar/2012:09:03:08 +0200] "GET /uns.html HTTP/1.1" 200 2130 "http://www.mbingenieure.de/partner.html" "Mozilla/5.0 (compatible; MSIE 9.0; Windows NT 6.1; Trident/5.0)"
90.187.66.102 - - [29/Mar/2012:09:03:27 +0200] "GET /spektrum.html HTTP/1.1" 200 2273 "http://www.mbingenieure.de/uns.html" "Mozilla/5.0 (compatible; MSIE 9.0; Windows NT 6.1; Trident/5.0)"
90.187.66.102 - - [29/Mar/2012:09:03:45 +0200] "GET /impressum.html HTTP/1.1" 200 3453 "http://www.mbingenieure.de/spektrum.html" "Mozilla/5.0 (compatible; MSIE 9.0; Windows NT 6.1; Trident/5.0)"
213.61.229.5 - - [29/Mar/2012:09:45:59 +0200] "GET / HTTP/1.1" 304 - "http://www.google.de/url?sa=t&rct=j&q=mb%20ingenieure&source=web&cd=4&sqi=2&ved=0CDgQFjAD&url=http%3A%2F%2Fwww.mbingenieure.de%2F&ei=MBN0T7i3J6314QS5o-WbDg&usg=AFQjCNEyLqXMZj9hDUfmjIo04GBdDmaXCQ" "Mozilla/5.0 (Windows NT 5.1; rv:11.0) Gecko/20100101 Firefox/11.0"
213.61.229.5 - - [29/Mar/2012:09:45:59 +0200] "GET / HTTP/1.1" 304 - "http://www.google.de/url?sa=t&rct=j&q=mb%20ingenieure&source=web&cd=4&sqi=2&ved=0CDgQFjAD&url=http%3A%2F%2Fwww.mbingenieure.de%2F&ei=MBN0T7i3J6314QS5o-WbDg&usg=AFQjCNEyLqXMZj9hDUfmjIo04GBdDmaXCQ" "Mozilla/5.0 (Windows NT 5.1; rv:11.0) Gecko/20100101 Firefox/11.0"
213.61.229.5 - - [29/Mar/2012:09:45:59 +0200] "GET /css/style.css HTTP/1.1" 304 - "http://www.mbingenieure.de/" "Mozilla/5.0 (Windows NT 5.1; rv:11.0) Gecko/20100101 Firefox/11.0"
213.61.229.5 - - [29/Mar/2012:09:45:59 +0200] "GET /images/bild2.jpg HTTP/1.1" 304 - "http://www.mbingenieure.de/" "Mozilla/5.0 (Windows NT 5.1; rv:11.0) Gecko/20100101 Firefox/11.0"
213.61.229.5 - - [29/Mar/2012:09:46:00 +0200] "GET /images/bild4.jpg HTTP/1.1" 304 - "http://www.mbingenieure.de/" "Mozilla/5.0 (Windows NT 5.1; rv:11.0) Gecko/20100101 Firefox/11.0"
213.61.229.5 - - [29/Mar/2012:09:46:00 +0200] "GET /images/bild3.png HTTP/1.1" 304 - "http://www.mbingenieure.de/" "Mozilla/5.0 (Windows NT 5.1; rv:11.0) Gecko/20100101 Firefox/11.0"
213.61.229.5 - - [29/Mar/2012:09:46:00 +0200] "GET /images/footer.jpg HTTP/1.1" 304 - "http://www.mbingenieure.de/css/style.css" "Mozilla/5.0 (Windows NT 5.1; rv:11.0) Gecko/20100101 Firefox/11.0"
213.61.229.5 - - [29/Mar/2012:09:46:00 +0200] "GET /images/header.jpg HTTP/1.1" 304 - "http://www.mbingenieure.de/css/style.css" "Mozilla/5.0 (Windows NT 5.1; rv:11.0) Gecko/20100101 Firefox/11.0"
213.61.229.5 - - [29/Mar/2012:09:46:00 +0200] "GET /images/navi.jpg HTTP/1.1" 304 - "http://www.mbingenieure.de/css/style.css" "Mozilla/5.0 (Windows NT 5.1; rv:11.0) Gecko/20100101 Firefox/11.0"
95.108.128.242 - - [29/Mar/2012:10:41:21 +0200] "GET / HTTP/1.1" 200 2338 "-" "Mozilla/5.0 (compatible; YandexBot/3.0; +http://yandex.com/bots)"
212.144.227.162 - - [29/Mar/2012:12:36:33 +0200] "GET / HTTP/1.0" 200 2338 "-" "Mozilla/5.0 (Windows NT 6.1; WOW64; rv:8.0.1) Gecko/20100101 Firefox/8.0.1"
212.144.227.162 - - [29/Mar/2012:12:36:34 +0200] "GET /css/style.css HTTP/1.0" 200 2439 "http://www.mbingenieure.de/" "Mozilla/5.0 (Windows NT 6.1; WOW64; rv:8.0.1) Gecko/20100101 Firefox/8.0.1"
212.144.227.162 - - [29/Mar/2012:12:36:34 +0200] "GET /images/bild2.jpg HTTP/1.0" 200 14865 "http://www.mbingenieure.de/" "Mozilla/5.0 (Windows NT 6.1; WOW64; rv:8.0.1) Gecko/20100101 Firefox/8.0.1"
212.144.227.162 - - [29/Mar/2012:12:36:34 +0200] "GET /images/footer.jpg HTTP/1.0" 200 5903 "http://www.mbingenieure.de/css/style.css" "Mozilla/5.0 (Windows NT 6.1; WOW64; rv:8.0.1) Gecko/20100101 Firefox/8.0.1"
212.144.227.162 - - [29/Mar/2012:12:36:34 +0200] "GET /images/bild4.jpg HTTP/1.0" 200 14402 "http://www.mbingenieure.de/" "Mozilla/5.0 (Windows NT 6.1; WOW64; rv:8.0.1) Gecko/20100101 Firefox/8.0.1"
212.144.227.162 - - [29/Mar/2012:12:36:34 +0200] "GET /images/header.jpg HTTP/1.0" 200 10807 "http://www.mbingenieure.de/css/style.css" "Mozilla/5.0 (Windows NT 6.1; WOW64; rv:8.0.1) Gecko/20100101 Firefox/8.0.1"
212.144.227.162 - - [29/Mar/2012:12:36:34 +0200] "GET /images/bild3.png HTTP/1.0" 200 48627 "http://www.mbingenieure.de/" "Mozilla/5.0 (Windows NT 6.1; WOW64; rv:8.0.1) Gecko/20100101 Firefox/8.0.1"
212.144.227.162 - - [29/Mar/2012:12:36:34 +0200] "GET /images/navi.jpg HTTP/1.0" 200 32635 "http://www.mbingenieure.de/css/style.css" "Mozilla/5.0 (Windows NT 6.1; WOW64; rv:8.0.1) Gecko/20100101 Firefox/8.0.1"
212.144.227.162 - - [29/Mar/2012:12:36:34 +0200] "GET /favicon.ico HTTP/1.0" 200 93062 "-" "Mozilla/5.0 (Windows NT 6.1; WOW64; rv:8.0.1) Gecko/20100101 Firefox/8.0.1"
212.144.227.162 - - [29/Mar/2012:12:36:43 +0200] "GET /referenz.html HTTP/1.0" 200 8403 "http://www.mbingenieure.de/" "Mozilla/5.0 (Windows NT 6.1; WOW64; rv:8.0.1) Gecko/20100101 Firefox/8.0.1"
207.46.199.50 - - [29/Mar/2012:16:50:37 +0200] "GET /robots.txt HTTP/1.1" 404 - "-" "Mozilla/5.0 (compatible; bingbot/2.0; +http://www.bing.com/bingbot.htm)"
207.46.199.50 - - [29/Mar/2012:17:04:01 +0200] "GET /uns.html HTTP/1.1" 304 - "-" "Mozilla/5.0 (compatible; bingbot/2.0; +http://www.bing.com/bingbot.htm)"
157.55.16.230 - - [29/Mar/2012:21:44:47 +0200] "GET /robots.txt HTTP/1.1" 404 - "-" "Mozilla/5.0 (compatible; bingbot/2.0; +http://www.bing.com/bingbot.htm)"
157.55.16.230 - - [29/Mar/2012:21:45:48 +0200] "GET / HTTP/1.1" 304 - "-" "Mozilla/5.0 (compatible; bingbot/2.0; +http://www.bing.com/bingbot.htm)"
207.46.199.50 - - [30/Mar/2012:08:51:54 +0200] "GET /robots.txt HTTP/1.1" 404 - "-" "Mozilla/5.0 (compatible; bingbot/2.0; +http://www.bing.com/bingbot.htm)"
207.46.199.50 - - [30/Mar/2012:08:57:11 +0200] "GET /uns.html HTTP/1.1" 304 - "-" "Mozilla/5.0 (compatible; bingbot/2.0; +http://www.bing.com/bingbot.htm)"
157.55.16.230 - - [30/Mar/2012:09:35:44 +0200] "GET / HTTP/1.1" 304 - "-" "Mozilla/5.0 (compatible; bingbot/2.0; +http://www.bing.com/bingbot.htm)"
95.108.128.242 - - [30/Mar/2012:10:50:07 +0200] "GET /robots.txt HTTP/1.1" 404 - "-" "Mozilla/5.0 (compatible; YandexBot/3.0; +http://yandex.com/bots)"
176.31.246.150 - - [30/Mar/2012:11:28:11 +0200] "GET /uns.html HTTP/1.1" 200 2130 "-" "Mozilla/5.0 (X11; Linux i686; rv:6.0) Gecko/20100101 Firefox/6.0"
94.23.225.68 - - [30/Mar/2012:11:28:11 +0200] "GET /impressum.html HTTP/1.1" 200 3453 "-" "Mozilla/5.0 (X11; Linux i686; rv:6.0) Gecko/20100101 Firefox/6.0"
94.23.225.68 - - [30/Mar/2012:11:28:11 +0200] "GET /referenz.html HTTP/1.1" 200 8403 "-" "Mozilla/5.0 (X11; Linux i686; rv:6.0) Gecko/20100101 Firefox/6.0"
95.108.128.242 - - [30/Mar/2012:11:29:11 +0200] "GET / HTTP/1.1" 200 2338 "-" "Mozilla/5.0 (compatible; YandexBot/3.0; +http://yandex.com/bots)"
77.75.77.11 - - [30/Mar/2012:15:27:26 +0200] "GET /robots.txt HTTP/1.1" 404 - "-" "SeznamBot/3.0 (+http://fulltext.sblog.cz/)"
77.75.77.11 - - [30/Mar/2012:15:27:26 +0200] "GET /referenz.html HTTP/1.1" 200 8403 "-" "SeznamBot/3.0 (+http://fulltext.sblog.cz/)"
77.75.77.11 - - [30/Mar/2012:15:27:26 +0200] "GET /impressum.html HTTP/1.1" 200 3453 "-" "SeznamBot/3.0 (+http://fulltext.sblog.cz/)"
