150.70.172.111 - - [22/Apr/2013:13:00:57 +0200] "GET / HTTP/1.0" 200 4014 "-" "Mozilla/4.0 (compatible; MSIE 6.0; Windows NT 5.1)"
202.46.60.17 - - [22/Apr/2013:13:03:17 +0200] "GET / HTTP/1.1" 200 4014 "-" "Mozilla/4.0 (compatible; MSIE 7.0; Windows NT 6.0)"
119.63.193.196 - - [22/Apr/2013:13:04:12 +0200] "GET / HTTP/1.1" 200 4014 "-" "Mozilla/4.0 (compatible; MSIE 7.0; Windows NT 6.0)"
91.207.6.34 - - [22/Apr/2013:14:58:14 +0200] "GET / HTTP/1.1" 200 4014 "http://www.vse-prostitutki.org/" "Mozilla/4.0 (compatible; MSIE 6.0; Windows NT 5.1; ru) Opera 8.01"
91.207.6.34 - - [22/Apr/2013:14:58:14 +0200] "GET / HTTP/1.1" 200 4014 "http://www.vse-prostitutki.org/" "Mozilla/4.0 (compatible; MSIE 6.0; Windows NT 5.1; ru) Opera 8.01"
91.207.6.34 - - [22/Apr/2013:14:58:15 +0200] "GET / HTTP/1.1" 200 4014 "http://www.vse-prostitutki.org/" "Mozilla/4.0 (compatible; MSIE 6.0; Windows NT 5.1; ru) Opera 8.01"
202.46.55.23 - - [22/Apr/2013:15:06:39 +0200] "GET / HTTP/1.1" 200 4014 "-" "Mozilla/4.0 (compatible; MSIE 7.0; Windows NT 6.0)"
119.63.193.196 - - [22/Apr/2013:15:07:40 +0200] "GET / HTTP/1.1" 200 4014 "-" "Mozilla/4.0 (compatible; MSIE 7.0; Windows NT 6.0)"
202.46.49.19 - - [22/Apr/2013:19:06:18 +0200] "GET / HTTP/1.1" 200 4014 "-" "Mozilla/4.0 (compatible; MSIE 7.0; Windows NT 6.0)"
119.63.193.132 - - [22/Apr/2013:19:07:20 +0200] "GET / HTTP/1.1" 200 4014 "-" "Mozilla/4.0 (compatible; MSIE 7.0; Windows NT 6.0)"
109.120.157.179 - - [22/Apr/2013:19:31:06 +0200] "GET / HTTP/1.1" 200 4014 "http://www.konsalter.ru/" "Mozilla/5.0 (compatible; Add Catalog/2.1;)"
109.120.157.179 - - [22/Apr/2013:19:31:07 +0200] "GET / HTTP/1.1" 200 4014 "http://www.konsalter.ru/" "Mozilla/5.0 (compatible; Add Catalog/2.1;)"
157.55.34.35 - - [22/Apr/2013:20:01:58 +0200] "GET /robots.txt HTTP/1.1" 404 1256 "-" "Mozilla/5.0 (compatible; bingbot/2.0; +http://www.bing.com/bingbot.htm)"
157.55.34.35 - - [22/Apr/2013:20:03:49 +0200] "GET / HTTP/1.1" 200 4014 "-" "Mozilla/5.0 (compatible; bingbot/2.0; +http://www.bing.com/bingbot.htm)"
180.76.5.16 - - [22/Apr/2013:20:58:46 +0200] "GET /robots.txt HTTP/1.1" 404 1256 "-" "Mozilla/5.0 (Windows NT 5.1; rv:6.0.2) Gecko/20100101 Firefox/6.0.2"
202.46.52.20 - - [22/Apr/2013:21:04:54 +0200] "GET / HTTP/1.1" 200 4014 "-" "Mozilla/4.0 (compatible; MSIE 7.0; Windows NT 6.0)"
119.63.193.130 - - [22/Apr/2013:21:05:52 +0200] "GET / HTTP/1.1" 200 4014 "-" "Mozilla/4.0 (compatible; MSIE 7.0; Windows NT 6.0)"
91.207.6.34 - - [22/Apr/2013:22:31:14 +0200] "GET / HTTP/1.1" 200 4014 "http://www.prostitutki-kharkova.org/" "Mozilla/4.0 (compatible; MSIE 6.0; Windows NT 5.1; ru) Opera 8.01"
91.207.6.34 - - [22/Apr/2013:22:31:14 +0200] "GET / HTTP/1.1" 200 4014 "http://www.prostitutki-tolyatti.org/" "Mozilla/4.0 (compatible; MSIE 6.0; Windows NT 5.1; ru) Opera 8.01"
91.207.6.34 - - [22/Apr/2013:22:31:14 +0200] "GET / HTTP/1.1" 200 4014 "http://www.prostitutki-kharkova.org/" "Mozilla/4.0 (compatible; MSIE 6.0; Windows NT 5.1; ru) Opera 8.01"
91.207.6.34 - - [22/Apr/2013:22:31:15 +0200] "GET / HTTP/1.1" 200 4014 "http://www.prostitutki-tolyatti.org/" "Mozilla/4.0 (compatible; MSIE 6.0; Windows NT 5.1; ru) Opera 8.01"
91.207.6.34 - - [22/Apr/2013:22:31:15 +0200] "GET / HTTP/1.1" 200 4014 "http://www.prostitutki-kharkova.org/" "Mozilla/4.0 (compatible; MSIE 6.0; Windows NT 5.1; ru) Opera 8.01"
91.207.6.34 - - [22/Apr/2013:22:31:15 +0200] "GET / HTTP/1.1" 200 4014 "http://www.prostitutki-tolyatti.org/" "Mozilla/4.0 (compatible; MSIE 6.0; Windows NT 5.1; ru) Opera 8.01"
208.115.111.70 - - [22/Apr/2013:22:55:14 +0200] "GET /robots.txt HTTP/1.1" 404 1256 "-" "Mozilla/5.0 (compatible; Ezooms/1.0; ezooms.bot@gmail.com)"
202.46.53.33 - - [22/Apr/2013:23:03:51 +0200] "GET / HTTP/1.1" 200 4014 "-" "Mozilla/4.0 (compatible; MSIE 7.0; Windows NT 6.0)"
119.63.193.195 - - [22/Apr/2013:23:04:48 +0200] "GET / HTTP/1.1" 200 4014 "-" "Mozilla/4.0 (compatible; MSIE 7.0; Windows NT 6.0)"
208.115.111.70 - - [23/Apr/2013:00:51:34 +0200] "GET / HTTP/1.1" 200 4014 "-" "Mozilla/5.0 (compatible; Ezooms/1.0; ezooms.bot@gmail.com)"
202.46.51.41 - - [23/Apr/2013:01:04:33 +0200] "GET / HTTP/1.1" 200 4014 "-" "Mozilla/4.0 (compatible; MSIE 7.0; Windows NT 6.0)"
119.63.193.196 - - [23/Apr/2013:01:05:33 +0200] "GET / HTTP/1.1" 200 4014 "-" "Mozilla/4.0 (compatible; MSIE 7.0; Windows NT 6.0)"
202.46.52.36 - - [23/Apr/2013:03:05:40 +0200] "GET / HTTP/1.1" 200 4014 "-" "Mozilla/4.0 (compatible; MSIE 7.0; Windows NT 6.0)"
119.63.193.132 - - [23/Apr/2013:03:06:40 +0200] "GET / HTTP/1.1" 200 4014 "-" "Mozilla/4.0 (compatible; MSIE 7.0; Windows NT 6.0)"
176.9.117.179 - - [23/Apr/2013:03:31:27 +0200] "GET /robots.txt HTTP/1.1" 404 1256 "-" "Mozilla/5.0 (compatible; SearchmetricsBot; http://www.searchmetrics.com/en/searchmetrics-bot/)"
176.9.117.179 - - [23/Apr/2013:03:31:27 +0200] "GET / HTTP/1.1" 200 4014 "-" "Mozilla/5.0 (compatible; SearchmetricsBot; http://www.searchmetrics.com/en/searchmetrics-bot/)"
157.55.34.35 - - [23/Apr/2013:04:46:50 +0200] "GET /robots.txt HTTP/1.1" 404 1256 "-" "Mozilla/5.0 (compatible; bingbot/2.0; +http://www.bing.com/bingbot.htm)"
157.55.34.35 - - [23/Apr/2013:04:48:47 +0200] "GET / HTTP/1.1" 200 4014 "-" "Mozilla/5.0 (compatible; bingbot/2.0; +http://www.bing.com/bingbot.htm)"
202.46.48.24 - - [23/Apr/2013:05:01:46 +0200] "GET / HTTP/1.1" 200 4014 "-" "Mozilla/4.0 (compatible; MSIE 7.0; Windows NT 6.0)"
119.63.193.195 - - [23/Apr/2013:05:02:38 +0200] "GET / HTTP/1.1" 200 4014 "-" "Mozilla/4.0 (compatible; MSIE 7.0; Windows NT 6.0)"
202.46.55.22 - - [23/Apr/2013:07:04:40 +0200] "GET / HTTP/1.1" 200 4014 "-" "Mozilla/4.0 (compatible; MSIE 7.0; Windows NT 6.0)"
119.63.193.130 - - [23/Apr/2013:07:05:40 +0200] "GET / HTTP/1.1" 200 4014 "-" "Mozilla/4.0 (compatible; MSIE 7.0; Windows NT 6.0)"
92.249.127.111 - - [23/Apr/2013:07:22:19 +0200] "GET / HTTP/1.1" 200 4014 "http://bestdizajn.ru/" "Mozilla/5.0 (compatible; news bot /2.1)"
92.249.127.111 - - [23/Apr/2013:07:22:20 +0200] "GET / HTTP/1.1" 200 4014 "http://bestdizajn.ru/" "Mozilla/5.0 (compatible; news bot /2.1)"
92.249.127.111 - - [23/Apr/2013:07:22:20 +0200] "GET / HTTP/1.1" 200 4014 "http://bestdizajn.ru/" "Mozilla/5.0 (compatible; news bot /2.1)"
66.249.78.134 - - [23/Apr/2013:07:51:44 +0200] "GET /robots.txt HTTP/1.1" 404 1256 "-" "Mozilla/5.0 (compatible; Googlebot/2.1; +http://www.google.com/bot.html)"
66.249.78.134 - - [23/Apr/2013:07:51:44 +0200] "GET / HTTP/1.1" 200 4014 "-" "Mozilla/5.0 (compatible; Googlebot/2.1; +http://www.google.com/bot.html)"
202.46.60.66 - - [23/Apr/2013:09:03:09 +0200] "GET / HTTP/1.1" 200 4014 "-" "Mozilla/4.0 (compatible; MSIE 7.0; Windows NT 6.0)"
119.63.193.196 - - [23/Apr/2013:09:04:08 +0200] "GET / HTTP/1.1" 200 4014 "-" "Mozilla/4.0 (compatible; MSIE 7.0; Windows NT 6.0)"
202.46.54.178 - - [23/Apr/2013:11:02:31 +0200] "GET / HTTP/1.1" 200 4014 "-" "Mozilla/4.0 (compatible; MSIE 7.0; Windows NT 6.0)"
119.63.193.194 - - [23/Apr/2013:11:03:28 +0200] "GET / HTTP/1.1" 200 4014 "-" "Mozilla/4.0 (compatible; MSIE 7.0; Windows NT 6.0)"
202.46.61.20 - - [23/Apr/2013:13:02:22 +0200] "GET / HTTP/1.1" 200 4014 "-" "Mozilla/4.0 (compatible; MSIE 7.0; Windows NT 6.0)"
119.63.193.131 - - [23/Apr/2013:13:03:17 +0200] "GET / HTTP/1.1" 200 4014 "-" "Mozilla/4.0 (compatible; MSIE 7.0; Windows NT 6.0)"
202.46.55.27 - - [23/Apr/2013:15:06:22 +0200] "GET / HTTP/1.1" 200 4014 "-" "Mozilla/4.0 (compatible; MSIE 7.0; Windows NT 6.0)"
119.63.193.196 - - [23/Apr/2013:15:07:24 +0200] "GET / HTTP/1.1" 200 4014 "-" "Mozilla/4.0 (compatible; MSIE 7.0; Windows NT 6.0)"
5.9.27.74 - - [23/Apr/2013:15:53:25 +0200] "GET /robots.txt HTTP/1.1" 404 1256 "-" "Mozilla/5.0 (compatible; SISTRIX Crawler; http://crawler.sistrix.net/)"
5.9.27.74 - - [23/Apr/2013:15:53:26 +0200] "GET / HTTP/1.1" 200 4014 "-" "Mozilla/5.0 (compatible; SISTRIX Crawler; http://crawler.sistrix.net/)"
202.46.54.39 - - [23/Apr/2013:17:00:53 +0200] "GET / HTTP/1.1" 200 4014 "-" "Mozilla/4.0 (compatible; MSIE 7.0; Windows NT 6.0)"
119.63.193.194 - - [23/Apr/2013:17:01:45 +0200] "GET / HTTP/1.1" 200 4014 "-" "Mozilla/4.0 (compatible; MSIE 7.0; Windows NT 6.0)"
157.56.229.23 - - [23/Apr/2013:18:08:59 +0200] "GET /robots.txt HTTP/1.1" 404 1256 "-" "Mozilla/5.0 (compatible; bingbot/2.0; +http://www.bing.com/bingbot.htm)"
157.56.229.23 - - [23/Apr/2013:18:10:51 +0200] "GET / HTTP/1.1" 200 4014 "-" "Mozilla/5.0 (compatible; bingbot/2.0; +http://www.bing.com/bingbot.htm)"
66.249.78.134 - - [23/Apr/2013:18:24:11 +0200] "GET /index.html HTTP/1.1" 200 4014 "-" "Mozilla/5.0 (compatible; Googlebot/2.1; +http://www.google.com/bot.html)"
202.46.51.50 - - [23/Apr/2013:19:05:36 +0200] "GET / HTTP/1.1" 200 4014 "-" "Mozilla/4.0 (compatible; MSIE 7.0; Windows NT 6.0)"
119.63.193.196 - - [23/Apr/2013:19:06:37 +0200] "GET / HTTP/1.1" 200 4014 "-" "Mozilla/4.0 (compatible; MSIE 7.0; Windows NT 6.0)"
202.46.48.15 - - [23/Apr/2013:21:03:58 +0200] "GET / HTTP/1.1" 200 4014 "-" "Mozilla/4.0 (compatible; MSIE 7.0; Windows NT 6.0)"
119.63.193.194 - - [23/Apr/2013:21:04:56 +0200] "GET / HTTP/1.1" 200 4014 "-" "Mozilla/4.0 (compatible; MSIE 7.0; Windows NT 6.0)"
109.192.116.12 - - [23/Apr/2013:22:11:35 +0200] "GET / HTTP/1.1" 200 4014 "http://www.google.de/url?sa=t&rct=j&q=dialyse%20ettlingen&source=web&cd=4&sqi=2&ved=0CFEQFjAD&url=http%3A%2F%2Fwww.dialyse-waldbronn.de%2F&ei=Heh2Ud-xEMWytAavnYCwAQ&usg=AFQjCNHEX_ZQroPS8hwDzjOxqVHmV6iDWw" "Mozilla/5.0 (Windows NT 5.1; rv:20.0) Gecko/20100101 Firefox/20.0"
109.192.116.12 - - [23/Apr/2013:22:11:35 +0200] "GET /back.jpg HTTP/1.1" 404 1256 "http://www.dialyse-waldbronn.de/" "Mozilla/5.0 (Windows NT 5.1; rv:20.0) Gecko/20100101 Firefox/20.0"
109.192.116.12 - - [23/Apr/2013:22:11:35 +0200] "GET /index.swf HTTP/1.1" 200 8893 "http://www.dialyse-waldbronn.de/" "Mozilla/5.0 (Windows NT 5.1; rv:20.0) Gecko/20100101 Firefox/20.0"
109.192.116.12 - - [23/Apr/2013:22:11:40 +0200] "GET /favicon.ico HTTP/1.1" 404 1256 "-" "Mozilla/5.0 (Windows NT 5.1; rv:20.0) Gecko/20100101 Firefox/20.0"
180.76.5.15 - - [23/Apr/2013:23:16:40 +0200] "GET /robots.txt HTTP/1.1" 404 1256 "-" "Mozilla/5.0 (Windows NT 5.1; rv:6.0.2) Gecko/20100101 Firefox/6.0.2"
62.219.8.231 - - [24/Apr/2013:00:05:08 +0200] "GET / HTTP/1.1" 200 4014 "-" "Mozilla/4.0 (compatible; MSIE 7.0; Windows NT 5.1)"
62.219.8.231 - - [24/Apr/2013:00:05:10 +0200] "GET /index.swf HTTP/1.1" 200 8893 "http://www.dialyse-waldbronn.de/" "Mozilla/5.0 (Windows NT 6.0; WOW64) AppleWebKit/534.30 (KHTML, like Gecko) Chrome/12.0.742.91 Safari/534.30"
192.114.71.13 - - [24/Apr/2013:00:05:14 +0200] "GET /index.swf HTTP/1.0" 200 8893 "-" "Mozilla/5.0 (X11; U; Linux i686; en-US; rv:1.9.2.28) Gecko"
62.219.8.231 - - [24/Apr/2013:00:05:20 +0200] "GET /00themen00.html HTTP/1.1" 200 2236 "http://www.dialyse-waldbronn.de/index.swf" "Mozilla/4.0 (compatible; MSIE 7.0; Windows NT 5.1)"
62.219.8.231 - - [24/Apr/2013:00:05:20 +0200] "GET /02.html HTTP/1.1" 200 1988 "http://www.dialyse-waldbronn.de/00themen00.html" "Mozilla/6.0 (compatible)"
62.219.8.231 - - [24/Apr/2013:00:05:20 +0200] "GET /01.html HTTP/1.1" 200 1988 "http://www.dialyse-waldbronn.de/00themen00.html" "Mozilla/5.0 (compatible)"
62.219.8.231 - - [24/Apr/2013:00:05:20 +0200] "GET /07.html HTTP/1.1" 200 2372 "http://www.dialyse-waldbronn.de/00themen00.html" "Mozilla/4.0 (compatible; MSIE 7.0; Windows NT 5.1)"
62.219.8.231 - - [24/Apr/2013:00:05:21 +0200] "GET /03.html HTTP/1.1" 200 2012 "http://www.dialyse-waldbronn.de/00themen00.html" "Mozilla/6.0 (compatible)"
62.219.8.231 - - [24/Apr/2013:00:05:22 +0200] "GET /04.html HTTP/1.1" 200 1988 "http://www.dialyse-waldbronn.de/00themen00.html" "Mozilla/4.0 (compatible; MSIE 7.0; Windows NT 5.1)"
62.219.8.231 - - [24/Apr/2013:00:05:22 +0200] "GET /05.html HTTP/1.1" 200 1988 "http://www.dialyse-waldbronn.de/00themen00.html" "Mozilla/6.0 (compatible)"
62.219.8.231 - - [24/Apr/2013:00:05:23 +0200] "GET /08.html HTTP/1.1" 200 2068 "http://www.dialyse-waldbronn.de/00themen00.html" "Mozilla/4.0 (compatible; MSIE 7.0; Windows NT 5.1)"
62.219.8.231 - - [24/Apr/2013:00:05:23 +0200] "GET /index.html HTTP/1.1" 200 4014 "http://www.dialyse-waldbronn.de/00themen00.html" "Mozilla/5.0 (Windows NT 6.0; WOW64) AppleWebKit/534.30 (KHTML, like Gecko) Chrome/12.0.742.91 Safari/534.30"
62.219.8.231 - - [24/Apr/2013:00:05:23 +0200] "GET /06.html HTTP/1.1" 200 1988 "http://www.dialyse-waldbronn.de/00themen00.html" "Mozilla/6.0 (compatible)"
62.219.8.231 - - [24/Apr/2013:00:05:23 +0200] "GET /09.html HTTP/1.1" 200 2140 "http://www.dialyse-waldbronn.de/00themen00.html" "Mozilla/4.0 (compatible; MSIE 7.0; Windows NT 5.1)"
62.219.8.231 - - [24/Apr/2013:00:05:24 +0200] "GET /04.swf HTTP/1.1" 200 20526 "http://www.dialyse-waldbronn.de/04.html" "Mozilla/5.0 (Windows NT 6.0; WOW64) AppleWebKit/534.30 (KHTML, like Gecko) Chrome/12.0.742.91 Safari/534.30"
62.219.8.231 - - [24/Apr/2013:00:05:24 +0200] "GET /07.swf HTTP/1.1" 200 22237 "http://www.dialyse-waldbronn.de/07.html" "Mozilla/4.0 (compatible; MSIE 7.0; Windows NT 5.1)"
62.219.8.231 - - [24/Apr/2013:00:05:24 +0200] "GET /03b.html HTTP/1.1" 200 2020 "http://www.dialyse-waldbronn.de/03.html" "Mozilla/5.0 (Windows NT 6.0; WOW64) AppleWebKit/534.30 (KHTML, like Gecko) Chrome/12.0.742.91 Safari/534.30"
62.219.8.231 - - [24/Apr/2013:00:05:24 +0200] "GET /02.swf HTTP/1.1" 200 19509 "http://www.dialyse-waldbronn.de/02.html" "Mozilla/4.0 (compatible; MSIE 7.0; Windows NT 5.1)"
62.219.8.231 - - [24/Apr/2013:00:05:24 +0200] "GET /00themen00.swf HTTP/1.1" 200 12608 "http://www.dialyse-waldbronn.de/00themen00.html" "Mozilla/5.0 (compatible)"
62.219.8.231 - - [24/Apr/2013:00:05:24 +0200] "GET /01.swf HTTP/1.1" 200 36918 "http://www.dialyse-waldbronn.de/01.html" "Mozilla/6.0 (compatible)"
62.219.8.231 - - [24/Apr/2013:00:05:24 +0200] "GET /09.swf HTTP/1.1" 200 23193 "http://www.dialyse-waldbronn.de/09.html" "Mozilla/5.0 (compatible)"
62.219.8.231 - - [24/Apr/2013:00:05:24 +0200] "GET /09a.html HTTP/1.1" 200 2065 "http://www.dialyse-waldbronn.de/09.html" "Mozilla/5.0 (Windows NT 6.0; WOW64) AppleWebKit/534.30 (KHTML, like Gecko) Chrome/12.0.742.91 Safari/534.30"
62.219.8.231 - - [24/Apr/2013:00:05:24 +0200] "GET /06.swf HTTP/1.1" 200 18307 "http://www.dialyse-waldbronn.de/06.html" "Mozilla/5.0 (Windows NT 6.0; WOW64) AppleWebKit/534.30 (KHTML, like Gecko) Chrome/12.0.742.91 Safari/534.30"
62.219.8.231 - - [24/Apr/2013:00:05:24 +0200] "GET /04waldbronn.html HTTP/1.1" 200 2092 "http://www.dialyse-waldbronn.de/08.html" "Mozilla/5.0 (compatible)"
62.219.8.231 - - [24/Apr/2013:00:05:24 +0200] "GET /03.swf HTTP/1.1" 200 79366 "http://www.dialyse-waldbronn.de/03.html" "Mozilla/5.0 (Windows NT 6.0; WOW64) AppleWebKit/534.30 (KHTML, like Gecko) Chrome/12.0.742.91 Safari/534.30"
62.219.8.231 - - [24/Apr/2013:00:05:24 +0200] "GET /08.swf HTTP/1.1" 200 22102 "http://www.dialyse-waldbronn.de/08.html" "Mozilla/5.0 (compatible)"
62.219.8.231 - - [24/Apr/2013:00:05:24 +0200] "GET /05.swf HTTP/1.1" 200 44441 "http://www.dialyse-waldbronn.de/05.html" "Mozilla/5.0 (Windows NT 6.0; WOW64) AppleWebKit/534.30 (KHTML, like Gecko) Chrome/12.0.742.91 Safari/534.30"
62.219.8.231 - - [24/Apr/2013:00:05:24 +0200] "GET /03b.swf HTTP/1.1" 200 198225 "http://www.dialyse-waldbronn.de/03b.html" "Mozilla/5.0 (compatible)"
62.219.8.231 - - [24/Apr/2013:00:05:25 +0200] "GET /04waldbronn.swf HTTP/1.1" 200 20798 "http://www.dialyse-waldbronn.de/04waldbronn.html" "Mozilla/5.0 (compatible)"
192.114.71.13 - - [24/Apr/2013:00:05:25 +0200] "GET /00themen00.swf HTTP/1.0" 200 12608 "-" "Mozilla/5.0 (X11; U; Linux i686; en-US; rv:1.9.2.28) Gecko"
192.114.71.13 - - [24/Apr/2013:00:05:25 +0200] "GET /02.swf HTTP/1.0" 200 19509 "-" "Mozilla/5.0 (X11; U; Linux i686; en-US; rv:1.9.2.28) Gecko"
192.114.71.13 - - [24/Apr/2013:00:05:25 +0200] "GET /07.swf HTTP/1.0" 200 22237 "-" "Mozilla/5.0 (X11; U; Linux i686; en-US; rv:1.9.2.28) Gecko"
192.114.71.13 - - [24/Apr/2013:00:05:25 +0200] "GET /04.swf HTTP/1.0" 200 20526 "-" "Mozilla/5.0 (X11; U; Linux i686; en-US; rv:1.9.2.28) Gecko"
192.114.71.13 - - [24/Apr/2013:00:05:25 +0200] "GET /09.swf HTTP/1.0" 200 23193 "-" "Mozilla/5.0 (X11; U; Linux i686; en-US; rv:1.9.2.28) Gecko"
82.80.249.188 - - [24/Apr/2013:00:05:25 +0200] "GET /03.swf HTTP/1.0" 200 79366 "-" "Mozilla/5.0 (X11; U; Linux i686; en-US; rv:1.9.2.28) Gecko"
192.114.71.13 - - [24/Apr/2013:00:05:25 +0200] "GET /05.swf HTTP/1.0" 200 44441 "-" "Mozilla/5.0 (X11; U; Linux i686; en-US; rv:1.9.2.28) Gecko"
192.114.71.13 - - [24/Apr/2013:00:05:25 +0200] "GET /01.swf HTTP/1.0" 200 36918 "-" "Mozilla/5.0 (X11; U; Linux i686; en-US; rv:1.9.2.28) Gecko"
192.114.71.13 - - [24/Apr/2013:00:05:25 +0200] "GET /08.swf HTTP/1.0" 200 22102 "-" "Mozilla/5.0 (X11; U; Linux i686; en-US; rv:1.9.2.28) Gecko"
192.114.71.13 - - [24/Apr/2013:00:05:25 +0200] "GET /06.swf HTTP/1.0" 200 18307 "-" "Mozilla/5.0 (X11; U; Linux i686; en-US; rv:1.9.2.28) Gecko"
192.114.71.13 - - [24/Apr/2013:00:05:25 +0200] "GET /03b.swf HTTP/1.0" 200 198225 "-" "Mozilla/5.0 (X11; U; Linux i686; en-US; rv:1.9.2.28) Gecko"
62.219.8.231 - - [24/Apr/2013:00:05:26 +0200] "GET /09a.swf HTTP/1.1" 200 19689 "http://www.dialyse-waldbronn.de/09a.html" "Mozilla/6.0 (compatible)"
192.114.71.13 - - [24/Apr/2013:00:05:26 +0200] "GET /04waldbronn.swf HTTP/1.0" 200 20798 "-" "Mozilla/5.0 (X11; U; Linux i686; en-US; rv:1.9.2.28) Gecko"
192.114.71.13 - - [24/Apr/2013:00:05:27 +0200] "GET /09a.swf HTTP/1.0" 200 19689 "-" "Mozilla/5.0 (X11; U; Linux i686; en-US; rv:1.9.2.28) Gecko"
82.80.244.52 - - [24/Apr/2013:00:49:02 +0200] "GET /back.jpg HTTP/1.1" 404 1256 "-" "-"
66.249.78.134 - - [24/Apr/2013:00:56:44 +0200] "GET /robots.txt HTTP/1.1" 404 1256 "-" "Mozilla/5.0 (compatible; Googlebot/2.1; +http://www.google.com/bot.html)"
66.249.75.125 - - [24/Apr/2013:00:56:44 +0200] "GET /03b.html HTTP/1.1" 200 2020 "-" "DoCoMo/2.0 N905i(c100;TB;W24H16) (compatible; Googlebot-Mobile/2.1; +http://www.google.com/bot.html)"
202.46.63.91 - - [24/Apr/2013:01:03:32 +0200] "GET / HTTP/1.1" 200 4014 "-" "Mozilla/4.0 (compatible; MSIE 7.0; Windows NT 6.0)"
119.63.193.130 - - [24/Apr/2013:01:04:30 +0200] "GET / HTTP/1.1" 200 4014 "-" "Mozilla/4.0 (compatible; MSIE 7.0; Windows NT 6.0)"
66.249.78.134 - - [24/Apr/2013:01:09:18 +0200] "GET / HTTP/1.1" 200 4014 "-" "Mozilla/5.0 (iPhone; U; CPU iPhone OS 4_1 like Mac OS X; en-us) AppleWebKit/532.9 (KHTML, like Gecko) Version/4.0.5 Mobile/8B117 Safari/6531.22.7 (compatible; Googlebot-Mobile/2.1; +http://www.google.com/bot.html)"
202.46.48.24 - - [24/Apr/2013:03:04:51 +0200] "GET / HTTP/1.1" 200 4014 "-" "Mozilla/4.0 (compatible; MSIE 7.0; Windows NT 6.0)"
119.63.193.196 - - [24/Apr/2013:03:05:50 +0200] "GET / HTTP/1.1" 200 4014 "-" "Mozilla/4.0 (compatible; MSIE 7.0; Windows NT 6.0)"
202.46.60.12 - - [24/Apr/2013:05:01:29 +0200] "GET / HTTP/1.1" 200 4014 "-" "Mozilla/4.0 (compatible; MSIE 7.0; Windows NT 6.0)"
119.63.193.132 - - [24/Apr/2013:05:02:23 +0200] "GET / HTTP/1.1" 200 4014 "-" "Mozilla/4.0 (compatible; MSIE 7.0; Windows NT 6.0)"
202.46.59.46 - - [24/Apr/2013:07:05:07 +0200] "GET / HTTP/1.1" 200 4014 "-" "Mozilla/4.0 (compatible; MSIE 7.0; Windows NT 6.0)"
119.63.193.132 - - [24/Apr/2013:07:06:08 +0200] "GET / HTTP/1.1" 200 4014 "-" "Mozilla/4.0 (compatible; MSIE 7.0; Windows NT 6.0)"
66.249.78.134 - - [24/Apr/2013:07:32:53 +0200] "GET /09a.html HTTP/1.1" 304 - "-" "Mozilla/5.0 (iPhone; U; CPU iPhone OS 4_1 like Mac OS X; en-us) AppleWebKit/532.9 (KHTML, like Gecko) Version/4.0.5 Mobile/8B117 Safari/6531.22.7 (compatible; Googlebot-Mobile/2.1; +http://www.google.com/bot.html)"
202.46.49.13 - - [24/Apr/2013:09:04:48 +0200] "GET / HTTP/1.1" 200 4014 "-" "Mozilla/4.0 (compatible; MSIE 7.0; Windows NT 6.0)"
119.63.193.130 - - [24/Apr/2013:09:05:48 +0200] "GET / HTTP/1.1" 200 4014 "-" "Mozilla/4.0 (compatible; MSIE 7.0; Windows NT 6.0)"
202.46.55.191 - - [24/Apr/2013:11:03:16 +0200] "GET / HTTP/1.1" 200 4014 "-" "Mozilla/4.0 (compatible; MSIE 7.0; Windows NT 6.0)"
119.63.193.195 - - [24/Apr/2013:11:04:11 +0200] "GET / HTTP/1.1" 200 4014 "-" "Mozilla/4.0 (compatible; MSIE 7.0; Windows NT 6.0)"
202.46.54.42 - - [24/Apr/2013:13:02:50 +0200] "GET / HTTP/1.1" 200 4014 "-" "Mozilla/4.0 (compatible; MSIE 7.0; Windows NT 6.0)"
119.63.193.195 - - [24/Apr/2013:13:03:43 +0200] "GET / HTTP/1.1" 200 4014 "-" "Mozilla/4.0 (compatible; MSIE 7.0; Windows NT 6.0)"
202.46.53.35 - - [24/Apr/2013:15:06:27 +0200] "GET / HTTP/1.1" 200 4014 "-" "Mozilla/4.0 (compatible; MSIE 7.0; Windows NT 6.0)"
119.63.193.194 - - [24/Apr/2013:15:07:30 +0200] "GET / HTTP/1.1" 200 4014 "-" "Mozilla/4.0 (compatible; MSIE 7.0; Windows NT 6.0)"
91.207.6.34 - - [24/Apr/2013:15:38:37 +0200] "GET / HTTP/1.1" 200 4014 "http://www.prostitutki-moskva.org/" "Mozilla/4.0 (compatible; MSIE 6.0; Windows NT 5.1; SV1; .NET CLR 1.1.4322; .NET CLR 2.0.50727)"
91.207.6.34 - - [24/Apr/2013:15:38:37 +0200] "GET / HTTP/1.1" 200 4014 "http://www.prostitutki-moskva.org/" "Mozilla/4.0 (compatible; MSIE 6.0; Windows NT 5.1; SV1; .NET CLR 1.1.4322; .NET CLR 2.0.50727)"
91.207.6.34 - - [24/Apr/2013:15:38:38 +0200] "GET / HTTP/1.1" 200 4014 "http://www.prostitutki-moskva.org/" "Mozilla/4.0 (compatible; MSIE 6.0; Windows NT 5.1; SV1; .NET CLR 1.1.4322; .NET CLR 2.0.50727)"
79.220.234.90 - - [24/Apr/2013:16:37:45 +0200] "GET /09a.html HTTP/1.1" 200 2065 "http://www.google.de/url?sa=t&rct=j&q=dialyse+waldbronn+anja+menzinger&source=web&cd=1&ved=0CDIQFjAA&url=http%3A%2F%2Fwww.dialyse-waldbronn.de%2F09a.html&ei=He53UbeGNsv4sgalhoDgAg&usg=AFQjCNG6uMrHKx5duZ5AcMzcLXwByavrQg" "Mozilla/5.0 (compatible; MSIE 10.0; Windows NT 6.1; WOW64; Trident/6.0)"
79.220.234.90 - - [24/Apr/2013:16:37:45 +0200] "GET /AC_RunActiveContent.js HTTP/1.1" 304 - "http://www.dialyse-waldbronn.de/09a.html" "Mozilla/5.0 (compatible; MSIE 10.0; Windows NT 6.1; WOW64; Trident/6.0)"
79.220.234.90 - - [24/Apr/2013:16:37:45 +0200] "GET /09a.swf HTTP/1.1" 200 19689 "http://www.dialyse-waldbronn.de/09a.html" "Mozilla/5.0 (compatible; MSIE 10.0; Windows NT 6.1; WOW64; Trident/6.0)"
79.220.234.90 - - [24/Apr/2013:16:37:45 +0200] "GET /favicon.ico HTTP/1.1" 404 1256 "-" "Mozilla/5.0 (compatible; MSIE 10.0; Windows NT 6.1; WOW64; Trident/6.0)"
79.220.234.90 - - [24/Apr/2013:16:37:48 +0200] "GET /09.html HTTP/1.1" 200 2140 "http://www.dialyse-waldbronn.de/09a.swf" "Mozilla/5.0 (compatible; MSIE 10.0; Windows NT 6.1; WOW64; Trident/6.0)"
79.220.234.90 - - [24/Apr/2013:16:37:48 +0200] "GET /09.swf HTTP/1.1" 200 23193 "http://www.dialyse-waldbronn.de/09.html" "Mozilla/5.0 (compatible; MSIE 10.0; Windows NT 6.1; WOW64; Trident/6.0)"
79.220.234.90 - - [24/Apr/2013:16:37:48 +0200] "GET /favicon.ico HTTP/1.1" 404 1256 "-" "Mozilla/5.0 (compatible; MSIE 10.0; Windows NT 6.1; WOW64; Trident/6.0)"
79.220.234.90 - - [24/Apr/2013:16:37:53 +0200] "GET /00themen00.html HTTP/1.1" 304 - "http://www.dialyse-waldbronn.de/09.swf" "Mozilla/5.0 (compatible; MSIE 10.0; Windows NT 6.1; WOW64; Trident/6.0)"
79.220.234.90 - - [24/Apr/2013:16:37:53 +0200] "GET /00themen00.swf HTTP/1.1" 200 12608 "http://www.dialyse-waldbronn.de/00themen00.html" "Mozilla/5.0 (compatible; MSIE 10.0; Windows NT 6.1; WOW64; Trident/6.0)"
79.220.234.90 - - [24/Apr/2013:16:37:57 +0200] "GET /01.html HTTP/1.1" 304 - "http://www.dialyse-waldbronn.de/00themen00.swf" "Mozilla/5.0 (compatible; MSIE 10.0; Windows NT 6.1; WOW64; Trident/6.0)"
79.220.234.90 - - [24/Apr/2013:16:37:57 +0200] "GET /01.swf HTTP/1.1" 200 36918 "http://www.dialyse-waldbronn.de/01.html" "Mozilla/5.0 (compatible; MSIE 10.0; Windows NT 6.1; WOW64; Trident/6.0)"
79.220.234.90 - - [24/Apr/2013:16:38:15 +0200] "GET /03.html HTTP/1.1" 200 2012 "http://www.dialyse-waldbronn.de/00themen00.swf" "Mozilla/5.0 (compatible; MSIE 10.0; Windows NT 6.1; WOW64; Trident/6.0)"
79.220.234.90 - - [24/Apr/2013:16:38:15 +0200] "GET /03.swf HTTP/1.1" 200 79366 "http://www.dialyse-waldbronn.de/03.html" "Mozilla/5.0 (compatible; MSIE 10.0; Windows NT 6.1; WOW64; Trident/6.0)"
79.220.234.90 - - [24/Apr/2013:16:38:31 +0200] "GET /03b.html HTTP/1.1" 200 2020 "http://www.dialyse-waldbronn.de/03.swf" "Mozilla/5.0 (compatible; MSIE 10.0; Windows NT 6.1; WOW64; Trident/6.0)"
79.220.234.90 - - [24/Apr/2013:16:38:32 +0200] "GET /03b.swf HTTP/1.1" 200 198225 "http://www.dialyse-waldbronn.de/03b.html" "Mozilla/5.0 (compatible; MSIE 10.0; Windows NT 6.1; WOW64; Trident/6.0)"
79.220.234.90 - - [24/Apr/2013:16:39:42 +0200] "GET /08.html HTTP/1.1" 200 2068 "http://www.dialyse-waldbronn.de/00themen00.swf" "Mozilla/5.0 (compatible; MSIE 10.0; Windows NT 6.1; WOW64; Trident/6.0)"
79.220.234.90 - - [24/Apr/2013:16:39:42 +0200] "GET /08.swf HTTP/1.1" 200 22102 "http://www.dialyse-waldbronn.de/08.html" "Mozilla/5.0 (compatible; MSIE 10.0; Windows NT 6.1; WOW64; Trident/6.0)"
79.220.234.90 - - [24/Apr/2013:16:40:01 +0200] "GET /06.html HTTP/1.1" 200 1988 "http://www.dialyse-waldbronn.de/00themen00.swf" "Mozilla/5.0 (compatible; MSIE 10.0; Windows NT 6.1; WOW64; Trident/6.0)"
79.220.234.90 - - [24/Apr/2013:16:40:01 +0200] "GET /06.swf HTTP/1.1" 200 18307 "http://www.dialyse-waldbronn.de/06.html" "Mozilla/5.0 (compatible; MSIE 10.0; Windows NT 6.1; WOW64; Trident/6.0)"
202.46.62.93 - - [24/Apr/2013:17:00:45 +0200] "GET / HTTP/1.1" 200 4014 "-" "Mozilla/4.0 (compatible; MSIE 7.0; Windows NT 6.0)"
119.63.193.130 - - [24/Apr/2013:17:01:35 +0200] "GET / HTTP/1.1" 200 4014 "-" "Mozilla/4.0 (compatible; MSIE 7.0; Windows NT 6.0)"
202.46.52.30 - - [24/Apr/2013:21:05:18 +0200] "GET / HTTP/1.1" 200 4014 "-" "Mozilla/4.0 (compatible; MSIE 7.0; Windows NT 6.0)"
119.63.193.131 - - [24/Apr/2013:21:06:18 +0200] "GET / HTTP/1.1" 200 4014 "-" "Mozilla/4.0 (compatible; MSIE 7.0; Windows NT 6.0)"
66.249.76.125 - - [24/Apr/2013:21:59:41 +0200] "GET /robots.txt HTTP/1.1" 404 1256 "-" "Mozilla/5.0 (compatible; Googlebot/2.1; +http://www.google.com/bot.html)"
66.249.78.134 - - [24/Apr/2013:21:59:42 +0200] "GET /00themen00.html HTTP/1.1" 200 2236 "-" "Mozilla/5.0 (iPhone; U; CPU iPhone OS 4_1 like Mac OS X; en-us) AppleWebKit/532.9 (KHTML, like Gecko) Version/4.0.5 Mobile/8B117 Safari/6531.22.7 (compatible; Googlebot-Mobile/2.1; +http://www.google.com/bot.html)"
202.46.49.14 - - [24/Apr/2013:23:03:58 +0200] "GET / HTTP/1.1" 200 4014 "-" "Mozilla/4.0 (compatible; MSIE 7.0; Windows NT 6.0)"
119.63.193.195 - - [24/Apr/2013:23:04:55 +0200] "GET / HTTP/1.1" 200 4014 "-" "Mozilla/4.0 (compatible; MSIE 7.0; Windows NT 6.0)"
91.207.6.34 - - [25/Apr/2013:12:31:47 +0200] "GET / HTTP/1.1" 200 4014 "http://www.prostitutki-tyumeni.org/" "Mozilla/4.0 (compatible; MSIE 6.0; Windows NT 5.1; MRA 4.6 (build 01425))"
91.207.6.34 - - [25/Apr/2013:12:31:47 +0200] "GET / HTTP/1.1" 200 4014 "http://www.prostitutki-tyumeni.org/" "Mozilla/4.0 (compatible; MSIE 6.0; Windows NT 5.1; MRA 4.6 (build 01425))"
91.207.6.34 - - [25/Apr/2013:12:31:47 +0200] "GET / HTTP/1.1" 200 4014 "http://www.prostitutki-tyumeni.org/" "Mozilla/4.0 (compatible; MSIE 6.0; Windows NT 5.1; MRA 4.6 (build 01425))"
180.76.6.17 - - [25/Apr/2013:12:33:01 +0200] "GET /robots.txt HTTP/1.1" 404 1256 "-" "Mozilla/5.0 (Windows NT 5.1; rv:6.0.2) Gecko/20100101 Firefox/6.0.2"
66.249.78.134 - - [25/Apr/2013:19:30:06 +0200] "GET /robots.txt HTTP/1.1" 404 1256 "-" "Mozilla/5.0 (compatible; Googlebot/2.1; +http://www.google.com/bot.html)"
66.249.76.125 - - [25/Apr/2013:19:30:06 +0200] "GET /09a.html HTTP/1.1" 200 2065 "-" "Mozilla/5.0 (compatible; Googlebot/2.1; +http://www.google.com/bot.html)"
91.207.6.34 - - [25/Apr/2013:20:44:25 +0200] "GET / HTTP/1.1" 200 4014 "http://www.prostitutki-tolyatti.org/" "Mozilla/4.0 (compatible; MSIE 6.0; Windows NT 5.1; ru) Opera 8.01"
91.207.6.34 - - [25/Apr/2013:20:44:25 +0200] "GET / HTTP/1.1" 200 4014 "http://www.prostitutki-kharkova.org/" "Mozilla/4.0 (compatible; MSIE 6.0; Windows NT 5.1; ru) Opera 8.01"
91.207.6.34 - - [25/Apr/2013:20:44:25 +0200] "GET / HTTP/1.1" 200 4014 "http://www.prostitutki-tolyatti.org/" "Mozilla/4.0 (compatible; MSIE 6.0; Windows NT 5.1; ru) Opera 8.01"
91.207.6.34 - - [25/Apr/2013:20:44:25 +0200] "GET / HTTP/1.1" 200 4014 "http://www.prostitutki-kharkova.org/" "Mozilla/4.0 (compatible; MSIE 6.0; Windows NT 5.1; ru) Opera 8.01"
91.207.6.34 - - [25/Apr/2013:20:44:26 +0200] "GET / HTTP/1.1" 200 4014 "http://www.prostitutki-tolyatti.org/" "Mozilla/4.0 (compatible; MSIE 6.0; Windows NT 5.1; ru) Opera 8.01"
91.207.6.34 - - [25/Apr/2013:20:44:26 +0200] "GET / HTTP/1.1" 200 4014 "http://www.prostitutki-kharkova.org/" "Mozilla/4.0 (compatible; MSIE 6.0; Windows NT 5.1; ru) Opera 8.01"
66.249.76.125 - - [25/Apr/2013:22:50:48 +0200] "GET / HTTP/1.1" 200 4014 "-" "DoCoMo/2.0 N905i(c100;TB;W24H16) (compatible; Googlebot-Mobile/2.1; +http://www.google.com/bot.html)"
91.207.4.186 - - [25/Apr/2013:23:16:40 +0200] "GET / HTTP/1.1" 200 4014 "http://redsined.net/" "Mozilla/4.0 (compatible; MSIE 6.0; Windows NT 5.1; SV1; FunWebProducts; .NET CLR 1.1.4322; PeoplePal 6.2)"
91.207.4.186 - - [25/Apr/2013:23:16:41 +0200] "GET / HTTP/1.1" 200 4014 "http://redsined.net/" "Mozilla/4.0 (compatible; MSIE 6.0; Windows NT 5.1; SV1; FunWebProducts; .NET CLR 1.1.4322; PeoplePal 6.2)"
66.249.78.134 - - [26/Apr/2013:02:58:37 +0200] "GET / HTTP/1.1" 200 4014 "-" "Mozilla/5.0 (compatible; Googlebot/2.1; +http://www.google.com/bot.html)"
66.249.78.134 - - [26/Apr/2013:03:27:56 +0200] "GET / HTTP/1.1" 200 4014 "-" "SAMSUNG-SGH-E250/1.0 Profile/MIDP-2.0 Configuration/CLDC-1.1 UP.Browser/6.2.3.3.c.1.101 (GUI) MMP/2.0 (compatible; Googlebot-Mobile/2.1; +http://www.google.com/bot.html)"
66.249.78.134 - - [26/Apr/2013:05:31:03 +0200] "GET /index.swf HTTP/1.1" 200 8893 "-" "Mozilla/5.0 (iPhone; U; CPU iPhone OS 4_1 like Mac OS X; en-us) AppleWebKit/532.9 (KHTML, like Gecko) Version/4.0.5 Mobile/8B117 Safari/6531.22.7 (compatible; Googlebot-Mobile/2.1; +http://www.google.com/bot.html)"
66.249.76.125 - - [26/Apr/2013:07:50:03 +0200] "GET /robots.txt HTTP/1.1" 404 1256 "-" "Mozilla/5.0 (compatible; Googlebot/2.1; +http://www.google.com/bot.html)"
66.249.78.134 - - [26/Apr/2013:07:50:03 +0200] "GET /03b.html HTTP/1.1" 304 - "-" "Mozilla/5.0 (compatible; Googlebot/2.1; +http://www.google.com/bot.html)"
92.249.127.111 - - [26/Apr/2013:10:09:20 +0200] "GET / HTTP/1.1" 200 4014 "http://bestdizajn.ru/" "Mozilla/5.0 (compatible; news bot /2.1)"
92.249.127.111 - - [26/Apr/2013:10:09:20 +0200] "GET / HTTP/1.1" 200 4014 "http://bestdizajn.ru/" "Mozilla/5.0 (compatible; news bot /2.1)"
92.249.127.111 - - [26/Apr/2013:10:09:20 +0200] "GET / HTTP/1.1" 200 4014 "http://bestdizajn.ru/" "Mozilla/5.0 (compatible; news bot /2.1)"
91.207.4.186 - - [26/Apr/2013:10:25:14 +0200] "GET / HTTP/1.1" 200 4014 "http://masecloud.net/" "Mozilla/4.0 (compatible; MSIE 5.5; Windows NT 5.0; .NET CLR 1.1.4322)"
91.207.4.186 - - [26/Apr/2013:10:25:18 +0200] "GET / HTTP/1.1" 200 4014 "http://masecloud.net/" "Mozilla/4.0 (compatible; MSIE 5.5; Windows NT 5.0; .NET CLR 1.1.4322)"
66.249.78.134 - - [26/Apr/2013:13:57:30 +0200] "GET /robots.txt HTTP/1.1" 404 1256 "-" "Mozilla/5.0 (compatible; Googlebot/2.1; +http://www.google.com/bot.html)"
66.249.78.134 - - [26/Apr/2013:13:57:30 +0200] "GET /00themen00.html HTTP/1.1" 304 - "-" "SAMSUNG-SGH-E250/1.0 Profile/MIDP-2.0 Configuration/CLDC-1.1 UP.Browser/6.2.3.3.c.1.101 (GUI) MMP/2.0 (compatible; Googlebot-Mobile/2.1; +http://www.google.com/bot.html)"
141.8.147.12 - - [26/Apr/2013:20:26:39 +0200] "GET /robots.txt HTTP/1.1" 404 1256 "-" "Mozilla/5.0 (compatible; YandexBot/3.0; +http://yandex.com/bots)"
157.56.93.212 - - [26/Apr/2013:21:06:23 +0200] "GET /robots.txt HTTP/1.1" 404 1256 "-" "Mozilla/5.0 (compatible; bingbot/2.0; +http://www.bing.com/bingbot.htm)"
157.56.93.212 - - [26/Apr/2013:21:07:55 +0200] "GET / HTTP/1.1" 200 4014 "-" "Mozilla/5.0 (compatible; bingbot/2.0; +http://www.bing.com/bingbot.htm)"
141.8.147.12 - - [26/Apr/2013:23:04:03 +0200] "GET / HTTP/1.1" 200 4014 "-" "Mozilla/5.0 (compatible; YandexBot/3.0; +http://yandex.com/bots)"
141.8.147.12 - - [26/Apr/2013:23:07:24 +0200] "GET /00themen00.swf HTTP/1.1" 200 12608 "-" "Mozilla/5.0 (compatible; YandexBot/3.0; +http://yandex.com/bots)"
141.8.147.12 - - [26/Apr/2013:23:07:26 +0200] "GET /index.swf HTTP/1.1" 200 8893 "-" "Mozilla/5.0 (compatible; YandexBot/3.0; +http://yandex.com/bots)"
109.120.157.179 - - [26/Apr/2013:23:09:42 +0200] "GET / HTTP/1.1" 200 4014 "http://ekolog.org/" "Mozilla/5.0 (compatible; Add Catalog/2.1;)"
109.120.157.179 - - [26/Apr/2013:23:09:43 +0200] "GET / HTTP/1.1" 200 4014 "http://ekolog.org/" "Mozilla/5.0 (compatible; Add Catalog/2.1;)"
141.8.147.12 - - [27/Apr/2013:01:45:36 +0200] "GET /09.swf HTTP/1.1" 200 23193 "-" "Mozilla/5.0 (compatible; YandexBot/3.0; +http://yandex.com/bots)"
202.46.49.18 - - [27/Apr/2013:03:05:15 +0200] "GET / HTTP/1.1" 200 4014 "-" "Mozilla/4.0 (compatible; MSIE 7.0; Windows NT 6.0)"
119.63.193.196 - - [27/Apr/2013:03:06:14 +0200] "GET / HTTP/1.1" 200 4014 "-" "Mozilla/4.0 (compatible; MSIE 7.0; Windows NT 6.0)"
66.249.78.134 - - [27/Apr/2013:03:28:48 +0200] "GET /robots.txt HTTP/1.1" 404 1256 "-" "Mozilla/5.0 (compatible; Googlebot/2.1; +http://www.google.com/bot.html)"
66.249.78.134 - - [27/Apr/2013:03:28:49 +0200] "GET / HTTP/1.1" 200 4014 "-" "Mozilla/5.0 (iPhone; U; CPU iPhone OS 4_1 like Mac OS X; en-us) AppleWebKit/532.9 (KHTML, like Gecko) Version/4.0.5 Mobile/8B117 Safari/6531.22.7 (compatible; Googlebot-Mobile/2.1; +http://www.google.com/bot.html)"
91.207.6.34 - - [27/Apr/2013:04:23:00 +0200] "GET / HTTP/1.1" 200 4014 "http://www.prostitutki-omska.org/" "Mozilla/4.0 (compatible; MSIE 6.0; Windows NT 5.1; ru) Opera 8.01"
91.207.6.34 - - [27/Apr/2013:04:23:01 +0200] "GET / HTTP/1.1" 200 4014 "http://www.prostitutki-omska.org/" "Mozilla/4.0 (compatible; MSIE 6.0; Windows NT 5.1; ru) Opera 8.01"
91.207.6.34 - - [27/Apr/2013:04:23:01 +0200] "GET / HTTP/1.1" 200 4014 "http://www.prostitutki-omska.org/" "Mozilla/4.0 (compatible; MSIE 6.0; Windows NT 5.1; ru) Opera 8.01"
202.46.54.42 - - [27/Apr/2013:05:01:34 +0200] "GET / HTTP/1.1" 200 4014 "-" "Mozilla/4.0 (compatible; MSIE 7.0; Windows NT 6.0)"
119.63.193.194 - - [27/Apr/2013:05:02:27 +0200] "GET / HTTP/1.1" 200 4014 "-" "Mozilla/4.0 (compatible; MSIE 7.0; Windows NT 6.0)"
66.249.78.134 - - [27/Apr/2013:05:25:37 +0200] "GET /03.html HTTP/1.1" 304 - "-" "Mozilla/5.0 (iPhone; U; CPU iPhone OS 4_1 like Mac OS X; en-us) AppleWebKit/532.9 (KHTML, like Gecko) Version/4.0.5 Mobile/8B117 Safari/6531.22.7 (compatible; Googlebot-Mobile/2.1; +http://www.google.com/bot.html)"
66.249.78.134 - - [27/Apr/2013:06:36:28 +0200] "GET /index.swf HTTP/1.1" 200 8893 "-" "SAMSUNG-SGH-E250/1.0 Profile/MIDP-2.0 Configuration/CLDC-1.1 UP.Browser/6.2.3.3.c.1.101 (GUI) MMP/2.0 (compatible; Googlebot-Mobile/2.1; +http://www.google.com/bot.html)"
202.46.60.19 - - [27/Apr/2013:07:05:52 +0200] "GET / HTTP/1.1" 200 4014 "-" "Mozilla/4.0 (compatible; MSIE 7.0; Windows NT 6.0)"
119.63.193.131 - - [27/Apr/2013:07:06:55 +0200] "GET / HTTP/1.1" 200 4014 "-" "Mozilla/4.0 (compatible; MSIE 7.0; Windows NT 6.0)"
157.56.93.212 - - [27/Apr/2013:08:26:51 +0200] "GET /robots.txt HTTP/1.1" 404 1256 "-" "Mozilla/5.0 (compatible; bingbot/2.0; +http://www.bing.com/bingbot.htm)"
157.56.93.212 - - [27/Apr/2013:08:28:35 +0200] "GET / HTTP/1.1" 200 4014 "-" "Mozilla/5.0 (compatible; bingbot/2.0; +http://www.bing.com/bingbot.htm)"
202.46.62.91 - - [27/Apr/2013:09:04:31 +0200] "GET / HTTP/1.1" 200 4014 "-" "Mozilla/4.0 (compatible; MSIE 7.0; Windows NT 6.0)"
119.63.193.131 - - [27/Apr/2013:09:05:30 +0200] "GET / HTTP/1.1" 200 4014 "-" "Mozilla/4.0 (compatible; MSIE 7.0; Windows NT 6.0)"
91.207.4.186 - - [27/Apr/2013:09:38:52 +0200] "GET / HTTP/1.1" 200 4014 "http://plutoncosmos.net/" "Mozilla/4.0 (compatible; MSIE 6.0; Windows NT 5.0; T312461)"
91.207.4.186 - - [27/Apr/2013:09:38:53 +0200] "GET / HTTP/1.1" 200 4014 "http://plutoncosmos.net/" "Mozilla/4.0 (compatible; MSIE 6.0; Windows NT 5.0; T312461)"
202.46.63.71 - - [27/Apr/2013:11:04:05 +0200] "GET / HTTP/1.1" 200 4014 "-" "Mozilla/4.0 (compatible; MSIE 7.0; Windows NT 6.0)"
119.63.193.132 - - [27/Apr/2013:11:05:01 +0200] "GET / HTTP/1.1" 200 4014 "-" "Mozilla/4.0 (compatible; MSIE 7.0; Windows NT 6.0)"
202.46.48.28 - - [27/Apr/2013:13:03:16 +0200] "GET / HTTP/1.1" 200 4014 "-" "Mozilla/4.0 (compatible; MSIE 7.0; Windows NT 6.0)"
119.63.193.196 - - [27/Apr/2013:13:04:11 +0200] "GET / HTTP/1.1" 200 4014 "-" "Mozilla/4.0 (compatible; MSIE 7.0; Windows NT 6.0)"
202.46.53.33 - - [27/Apr/2013:15:05:07 +0200] "GET / HTTP/1.1" 200 4014 "-" "Mozilla/4.0 (compatible; MSIE 7.0; Windows NT 6.0)"
119.63.193.131 - - [27/Apr/2013:15:06:08 +0200] "GET / HTTP/1.1" 200 4014 "-" "Mozilla/4.0 (compatible; MSIE 7.0; Windows NT 6.0)"
202.46.48.15 - - [27/Apr/2013:17:00:17 +0200] "GET / HTTP/1.1" 200 4014 "-" "Mozilla/4.0 (compatible; MSIE 7.0; Windows NT 6.0)"
119.63.193.131 - - [27/Apr/2013:17:01:06 +0200] "GET / HTTP/1.1" 200 4014 "-" "Mozilla/4.0 (compatible; MSIE 7.0; Windows NT 6.0)"
217.190.105.138 - - [27/Apr/2013:18:37:47 +0200] "GET / HTTP/1.1" 200 4014 "http://www.bing.com/search?q=dialyse+waldbronn&mkt=de-de&qs=n&pc=SNMS&form=SNYSMS&sk=" "Mozilla/5.0 (compatible; MSIE 10.0; Windows NT 6.1; WOW64; Trident/6.0)"
217.190.105.138 - - [27/Apr/2013:18:37:47 +0200] "GET /back.jpg HTTP/1.1" 404 1256 "http://www.dialyse-waldbronn.de/" "Mozilla/5.0 (compatible; MSIE 10.0; Windows NT 6.1; WOW64; Trident/6.0)"
217.190.105.138 - - [27/Apr/2013:18:37:47 +0200] "HEAD /index.swf HTTP/1.1" 200 - "-" "contype"
217.190.105.138 - - [27/Apr/2013:18:37:47 +0200] "GET /index.swf HTTP/1.1" 200 8893 "http://www.dialyse-waldbronn.de/" "Mozilla/5.0 (compatible; MSIE 10.0; Windows NT 6.1; WOW64; Trident/6.0)"
217.190.105.138 - - [27/Apr/2013:18:37:48 +0200] "GET /favicon.ico HTTP/1.1" 404 1256 "-" "Mozilla/5.0 (compatible; MSIE 10.0; Windows NT 6.1; Win64; x64; Trident/6.0)"
217.190.105.138 - - [27/Apr/2013:18:37:52 +0200] "GET /00themen00.html HTTP/1.1" 200 2236 "http://www.dialyse-waldbronn.de/index.swf" "Mozilla/5.0 (compatible; MSIE 10.0; Windows NT 6.1; WOW64; Trident/6.0)"
217.190.105.138 - - [27/Apr/2013:18:37:52 +0200] "GET /AC_RunActiveContent.js HTTP/1.1" 200 8029 "http://www.dialyse-waldbronn.de/index.swf" "Mozilla/5.0 (compatible; MSIE 10.0; Windows NT 6.1; WOW64; Trident/6.0)"
217.190.105.138 - - [27/Apr/2013:18:37:53 +0200] "GET /00themen00.swf HTTP/1.1" 200 12608 "http://www.dialyse-waldbronn.de/00themen00.html" "Mozilla/5.0 (compatible; MSIE 10.0; Windows NT 6.1; WOW64; Trident/6.0)"
217.190.105.138 - - [27/Apr/2013:18:37:53 +0200] "GET /favicon.ico HTTP/1.1" 404 1256 "-" "Mozilla/5.0 (compatible; MSIE 10.0; Windows NT 6.1; Win64; x64; Trident/6.0)"
217.190.105.138 - - [27/Apr/2013:18:37:58 +0200] "GET /03.html HTTP/1.1" 200 2012 "http://www.dialyse-waldbronn.de/00themen00.swf" "Mozilla/5.0 (compatible; MSIE 10.0; Windows NT 6.1; WOW64; Trident/6.0)"
217.190.105.138 - - [27/Apr/2013:18:37:58 +0200] "GET /03.swf HTTP/1.1" 200 79366 "http://www.dialyse-waldbronn.de/03.html" "Mozilla/5.0 (compatible; MSIE 10.0; Windows NT 6.1; WOW64; Trident/6.0)"
217.190.105.138 - - [27/Apr/2013:18:38:42 +0200] "GET /01.html HTTP/1.1" 200 1988 "http://www.dialyse-waldbronn.de/00themen00.swf" "Mozilla/5.0 (compatible; MSIE 10.0; Windows NT 6.1; WOW64; Trident/6.0)"
217.190.105.138 - - [27/Apr/2013:18:38:42 +0200] "GET /01.swf HTTP/1.1" 200 36918 "http://www.dialyse-waldbronn.de/01.html" "Mozilla/5.0 (compatible; MSIE 10.0; Windows NT 6.1; WOW64; Trident/6.0)"
217.190.105.138 - - [27/Apr/2013:18:39:31 +0200] "GET /02.html HTTP/1.1" 200 1988 "http://www.dialyse-waldbronn.de/00themen00.swf" "Mozilla/5.0 (compatible; MSIE 10.0; Windows NT 6.1; WOW64; Trident/6.0)"
217.190.105.138 - - [27/Apr/2013:18:39:31 +0200] "GET /02.swf HTTP/1.1" 200 19509 "http://www.dialyse-waldbronn.de/02.html" "Mozilla/5.0 (compatible; MSIE 10.0; Windows NT 6.1; WOW64; Trident/6.0)"
217.190.105.138 - - [27/Apr/2013:18:40:25 +0200] "GET /03b.html HTTP/1.1" 200 2020 "http://www.dialyse-waldbronn.de/03.swf" "Mozilla/5.0 (compatible; MSIE 10.0; Windows NT 6.1; WOW64; Trident/6.0)"
217.190.105.138 - - [27/Apr/2013:18:40:25 +0200] "GET /03b.swf HTTP/1.1" 200 198225 "http://www.dialyse-waldbronn.de/03b.html" "Mozilla/5.0 (compatible; MSIE 10.0; Windows NT 6.1; WOW64; Trident/6.0)"
66.249.78.134 - - [27/Apr/2013:18:41:31 +0200] "GET /robots.txt HTTP/1.1" 404 1256 "-" "Mozilla/5.0 (compatible; Googlebot/2.1; +http://www.google.com/bot.html)"
66.249.78.134 - - [27/Apr/2013:18:41:31 +0200] "GET /07.html HTTP/1.1" 200 2372 "-" "Mozilla/5.0 (compatible; Googlebot/2.1; +http://www.google.com/bot.html)"
217.190.105.138 - - [27/Apr/2013:18:41:40 +0200] "GET /04.html HTTP/1.1" 200 1988 "http://www.dialyse-waldbronn.de/00themen00.swf" "Mozilla/5.0 (compatible; MSIE 10.0; Windows NT 6.1; WOW64; Trident/6.0)"
217.190.105.138 - - [27/Apr/2013:18:41:41 +0200] "GET /04.swf HTTP/1.1" 200 20526 "http://www.dialyse-waldbronn.de/04.html" "Mozilla/5.0 (compatible; MSIE 10.0; Windows NT 6.1; WOW64; Trident/6.0)"
217.190.105.138 - - [27/Apr/2013:18:41:54 +0200] "GET /05.html HTTP/1.1" 200 1988 "http://www.dialyse-waldbronn.de/00themen00.swf" "Mozilla/5.0 (compatible; MSIE 10.0; Windows NT 6.1; WOW64; Trident/6.0)"
217.190.105.138 - - [27/Apr/2013:18:41:55 +0200] "GET /05.swf HTTP/1.1" 200 44441 "http://www.dialyse-waldbronn.de/05.html" "Mozilla/5.0 (compatible; MSIE 10.0; Windows NT 6.1; WOW64; Trident/6.0)"
217.190.105.138 - - [27/Apr/2013:18:42:18 +0200] "GET /06.html HTTP/1.1" 200 1988 "http://www.dialyse-waldbronn.de/00themen00.swf" "Mozilla/5.0 (compatible; MSIE 10.0; Windows NT 6.1; WOW64; Trident/6.0)"
217.190.105.138 - - [27/Apr/2013:18:42:18 +0200] "GET /06.swf HTTP/1.1" 200 18307 "http://www.dialyse-waldbronn.de/06.html" "Mozilla/5.0 (compatible; MSIE 10.0; Windows NT 6.1; WOW64; Trident/6.0)"
217.190.105.138 - - [27/Apr/2013:18:42:36 +0200] "GET /07.html HTTP/1.1" 200 2372 "http://www.dialyse-waldbronn.de/00themen00.swf" "Mozilla/5.0 (compatible; MSIE 10.0; Windows NT 6.1; WOW64; Trident/6.0)"
217.190.105.138 - - [27/Apr/2013:18:42:36 +0200] "GET /07.swf HTTP/1.1" 200 22237 "http://www.dialyse-waldbronn.de/07.html" "Mozilla/5.0 (compatible; MSIE 10.0; Windows NT 6.1; WOW64; Trident/6.0)"
217.190.105.138 - - [27/Apr/2013:18:42:52 +0200] "GET /08.html HTTP/1.1" 200 2068 "http://www.dialyse-waldbronn.de/00themen00.swf" "Mozilla/5.0 (compatible; MSIE 10.0; Windows NT 6.1; WOW64; Trident/6.0)"
217.190.105.138 - - [27/Apr/2013:18:42:53 +0200] "GET /08.swf HTTP/1.1" 200 22102 "http://www.dialyse-waldbronn.de/08.html" "Mozilla/5.0 (compatible; MSIE 10.0; Windows NT 6.1; WOW64; Trident/6.0)"
217.190.105.138 - - [27/Apr/2013:18:43:03 +0200] "GET /04waldbronn.html HTTP/1.1" 200 2092 "http://www.dialyse-waldbronn.de/08.swf" "Mozilla/5.0 (compatible; MSIE 10.0; Windows NT 6.1; WOW64; Trident/6.0)"
217.190.105.138 - - [27/Apr/2013:18:43:03 +0200] "GET /04waldbronn.swf HTTP/1.1" 200 20798 "http://www.dialyse-waldbronn.de/04waldbronn.html" "Mozilla/5.0 (compatible; MSIE 10.0; Windows NT 6.1; WOW64; Trident/6.0)"
217.190.105.138 - - [27/Apr/2013:18:43:26 +0200] "GET /09.html HTTP/1.1" 200 2140 "http://www.dialyse-waldbronn.de/00themen00.swf" "Mozilla/5.0 (compatible; MSIE 10.0; Windows NT 6.1; WOW64; Trident/6.0)"
217.190.105.138 - - [27/Apr/2013:18:43:27 +0200] "GET /09.swf HTTP/1.1" 200 23193 "http://www.dialyse-waldbronn.de/09.html" "Mozilla/5.0 (compatible; MSIE 10.0; Windows NT 6.1; WOW64; Trident/6.0)"
217.190.105.138 - - [27/Apr/2013:18:44:09 +0200] "GET /09a.html HTTP/1.1" 200 2065 "http://www.dialyse-waldbronn.de/09.swf" "Mozilla/5.0 (compatible; MSIE 10.0; Windows NT 6.1; WOW64; Trident/6.0)"
217.190.105.138 - - [27/Apr/2013:18:44:09 +0200] "GET /09a.swf HTTP/1.1" 200 19689 "http://www.dialyse-waldbronn.de/09a.html" "Mozilla/5.0 (compatible; MSIE 10.0; Windows NT 6.1; WOW64; Trident/6.0)"
202.46.55.26 - - [27/Apr/2013:19:06:28 +0200] "GET / HTTP/1.1" 200 4014 "-" "Mozilla/4.0 (compatible; MSIE 7.0; Windows NT 6.0)"
119.63.193.194 - - [27/Apr/2013:19:07:30 +0200] "GET / HTTP/1.1" 200 4014 "-" "Mozilla/4.0 (compatible; MSIE 7.0; Windows NT 6.0)"
157.56.92.173 - - [27/Apr/2013:20:43:39 +0200] "GET /robots.txt HTTP/1.1" 404 1256 "-" "Mozilla/5.0 (compatible; bingbot/2.0; +http://www.bing.com/bingbot.htm)"
157.56.92.173 - - [27/Apr/2013:20:45:15 +0200] "GET / HTTP/1.1" 200 4014 "-" "Mozilla/5.0 (compatible; bingbot/2.0; +http://www.bing.com/bingbot.htm)"
202.46.53.34 - - [27/Apr/2013:23:02:46 +0200] "GET / HTTP/1.1" 200 4014 "-" "Mozilla/4.0 (compatible; MSIE 7.0; Windows NT 6.0)"
119.63.193.132 - - [27/Apr/2013:23:03:43 +0200] "GET / HTTP/1.1" 200 4014 "-" "Mozilla/4.0 (compatible; MSIE 7.0; Windows NT 6.0)"
202.46.55.53 - - [28/Apr/2013:01:03:52 +0200] "GET / HTTP/1.1" 200 4014 "-" "Mozilla/4.0 (compatible; MSIE 7.0; Windows NT 6.0)"
119.63.193.131 - - [28/Apr/2013:01:04:47 +0200] "GET / HTTP/1.1" 200 4014 "-" "Mozilla/4.0 (compatible; MSIE 7.0; Windows NT 6.0)"
202.46.54.41 - - [28/Apr/2013:03:04:58 +0200] "GET / HTTP/1.1" 200 4014 "-" "Mozilla/4.0 (compatible; MSIE 7.0; Windows NT 6.0)"
119.63.193.196 - - [28/Apr/2013:03:05:55 +0200] "GET / HTTP/1.1" 200 4014 "-" "Mozilla/4.0 (compatible; MSIE 7.0; Windows NT 6.0)"
202.46.54.178 - - [28/Apr/2013:05:02:05 +0200] "GET / HTTP/1.1" 200 4014 "-" "Mozilla/4.0 (compatible; MSIE 7.0; Windows NT 6.0)"
119.63.193.131 - - [28/Apr/2013:05:02:57 +0200] "GET / HTTP/1.1" 200 4014 "-" "Mozilla/4.0 (compatible; MSIE 7.0; Windows NT 6.0)"
193.106.136.43 - - [28/Apr/2013:05:08:11 +0200] "GET / HTTP/1.1" 200 4014 "http://renkele.net/" "Mozilla/4.61 [en] (X11; U; ) - BrowseX (2.0.0 Windows)"
193.106.136.43 - - [28/Apr/2013:05:08:11 +0200] "GET / HTTP/1.1" 200 4014 "http://renkele.net/" "Mozilla/4.61 [en] (X11; U; ) - BrowseX (2.0.0 Windows)"
92.249.127.111 - - [28/Apr/2013:05:21:13 +0200] "GET / HTTP/1.1" 200 4014 "http://pronekut.com/news.php?readmore=14" "Mozilla/5.0 (compatible; news bot /2.1)"
92.249.127.111 - - [28/Apr/2013:05:21:14 +0200] "GET / HTTP/1.1" 200 4014 "http://pronekut.com/news.php?readmore=14" "Mozilla/5.0 (compatible; news bot /2.1)"
66.249.78.134 - - [28/Apr/2013:06:57:45 +0200] "GET /robots.txt HTTP/1.1" 404 1256 "-" "Mozilla/5.0 (compatible; Googlebot/2.1; +http://www.google.com/bot.html)"
66.249.78.134 - - [28/Apr/2013:06:57:45 +0200] "GET /09a.html HTTP/1.1" 304 - "-" "Mozilla/5.0 (iPhone; U; CPU iPhone OS 4_1 like Mac OS X; en-us) AppleWebKit/532.9 (KHTML, like Gecko) Version/4.0.5 Mobile/8B117 Safari/6531.22.7 (compatible; Googlebot-Mobile/2.1; +http://www.google.com/bot.html)"
202.46.60.17 - - [28/Apr/2013:07:06:30 +0200] "GET / HTTP/1.1" 200 4014 "-" "Mozilla/4.0 (compatible; MSIE 7.0; Windows NT 6.0)"
119.63.193.195 - - [28/Apr/2013:07:07:30 +0200] "GET / HTTP/1.1" 200 4014 "-" "Mozilla/4.0 (compatible; MSIE 7.0; Windows NT 6.0)"
157.55.33.253 - - [28/Apr/2013:09:03:40 +0200] "GET /robots.txt HTTP/1.1" 404 1256 "-" "Mozilla/5.0 (compatible; bingbot/2.0; +http://www.bing.com/bingbot.htm)"
202.46.49.76 - - [28/Apr/2013:09:05:41 +0200] "GET / HTTP/1.1" 200 4014 "-" "Mozilla/4.0 (compatible; MSIE 7.0; Windows NT 6.0)"
119.63.193.130 - - [28/Apr/2013:09:06:41 +0200] "GET / HTTP/1.1" 200 4014 "-" "Mozilla/4.0 (compatible; MSIE 7.0; Windows NT 6.0)"
157.55.33.253 - - [28/Apr/2013:09:07:32 +0200] "GET / HTTP/1.1" 200 4014 "-" "Mozilla/5.0 (compatible; bingbot/2.0; +http://www.bing.com/bingbot.htm)"
202.46.63.74 - - [28/Apr/2013:11:03:59 +0200] "GET / HTTP/1.1" 200 4014 "-" "Mozilla/4.0 (compatible; MSIE 7.0; Windows NT 6.0)"
119.63.193.132 - - [28/Apr/2013:11:04:55 +0200] "GET / HTTP/1.1" 200 4014 "-" "Mozilla/4.0 (compatible; MSIE 7.0; Windows NT 6.0)"
202.46.52.22 - - [28/Apr/2013:13:02:17 +0200] "GET / HTTP/1.1" 200 4014 "-" "Mozilla/4.0 (compatible; MSIE 7.0; Windows NT 6.0)"
119.63.193.195 - - [28/Apr/2013:13:03:10 +0200] "GET / HTTP/1.1" 200 4014 "-" "Mozilla/4.0 (compatible; MSIE 7.0; Windows NT 6.0)"
69.30.238.162 - - [28/Apr/2013:13:45:55 +0200] "GET /robots.txt HTTP/1.0" 404 1256 "-" "Mozilla/5.0 (compatible; MJ12bot/v1.4.3; http://www.majestic12.co.uk/bot.php?+)"
69.30.238.162 - - [28/Apr/2013:13:45:57 +0200] "GET / HTTP/1.0" 200 4014 "-" "Mozilla/5.0 (compatible; MJ12bot/v1.4.3; http://www.majestic12.co.uk/bot.php?+)"
202.46.56.53 - - [28/Apr/2013:15:06:54 +0200] "GET / HTTP/1.1" 200 4014 "-" "Mozilla/4.0 (compatible; MSIE 7.0; Windows NT 6.0)"
119.63.193.130 - - [28/Apr/2013:15:07:55 +0200] "GET / HTTP/1.1" 200 4014 "-" "Mozilla/4.0 (compatible; MSIE 7.0; Windows NT 6.0)"
202.46.51.45 - - [28/Apr/2013:17:01:06 +0200] "GET / HTTP/1.1" 200 4014 "-" "Mozilla/4.0 (compatible; MSIE 7.0; Windows NT 6.0)"
119.63.193.196 - - [28/Apr/2013:17:01:55 +0200] "GET / HTTP/1.1" 200 4014 "-" "Mozilla/4.0 (compatible; MSIE 7.0; Windows NT 6.0)"
157.56.93.95 - - [28/Apr/2013:18:34:55 +0200] "GET /robots.txt HTTP/1.1" 404 1256 "-" "Mozilla/5.0 (compatible; bingbot/2.0; +http://www.bing.com/bingbot.htm)"
157.56.93.95 - - [28/Apr/2013:18:37:33 +0200] "GET / HTTP/1.1" 200 4014 "-" "Mozilla/5.0 (compatible; bingbot/2.0; +http://www.bing.com/bingbot.htm)"
84.163.51.141 - - [28/Apr/2013:18:38:20 +0200] "GET / HTTP/1.1" 200 4014 "http://www.google.de/url?sa=t&rct=j&q=&esrc=s&source=web&cd=1&ved=0CDIQFjAA&url=http%3A%2F%2Fwww.dialyse-waldbronn.de%2F&ei=QVB9UZuLAePf4QSS3YHwDQ&usg=AFQjCNHEX_ZQroPS8hwDzjOxqVHmV6iDWw&bvm=bv.45645796,d.bGE" "Mozilla/5.0 (Macintosh; Intel Mac OS X 10_8_3) AppleWebKit/536.29.13 (KHTML, like Gecko) Version/6.0.4 Safari/536.29.13"
84.163.51.141 - - [28/Apr/2013:18:38:21 +0200] "GET /back.jpg HTTP/1.1" 404 1256 "http://www.dialyse-waldbronn.de/" "Mozilla/5.0 (Macintosh; Intel Mac OS X 10_8_3) AppleWebKit/536.29.13 (KHTML, like Gecko) Version/6.0.4 Safari/536.29.13"
84.163.51.141 - - [28/Apr/2013:18:38:21 +0200] "GET /index.swf HTTP/1.1" 200 8893 "http://www.dialyse-waldbronn.de/" "Mozilla/5.0 (Macintosh; Intel Mac OS X 10_8_3) AppleWebKit/536.29.13 (KHTML, like Gecko) Version/6.0.4 Safari/536.29.13"
84.163.51.141 - - [28/Apr/2013:18:38:21 +0200] "GET /favicon.ico HTTP/1.1" 404 1256 "http://www.dialyse-waldbronn.de/" "Mozilla/5.0 (Macintosh; Intel Mac OS X 10_8_3) AppleWebKit/536.29.13 (KHTML, like Gecko) Version/6.0.4 Safari/536.29.13"
