91.207.9.226 - - [14/Apr/2013:18:14:37 +0200] "GET / HTTP/1.1" 200 4014 "http://dorklin.ru/" "Mozilla/4.0 (compatible; MSIE 6.0; Windows NT 5.0; Avant Browser [avantbrowser.com]; Hotbar 4.4.5.0)"
91.207.9.226 - - [14/Apr/2013:18:14:38 +0200] "GET / HTTP/1.1" 200 4014 "http://dorklin.ru/" "Mozilla/4.0 (compatible; MSIE 6.0; Windows NT 5.0; Avant Browser [avantbrowser.com]; Hotbar 4.4.5.0)"
91.207.9.226 - - [14/Apr/2013:18:14:38 +0200] "GET / HTTP/1.1" 200 4014 "http://dorklin.ru/" "Mozilla/4.0 (compatible; MSIE 6.0; Windows NT 5.0; Avant Browser [avantbrowser.com]; Hotbar 4.4.5.0)"
202.46.63.90 - - [14/Apr/2013:19:08:05 +0200] "GET / HTTP/1.1" 200 4014 "-" "Mozilla/4.0 (compatible; MSIE 7.0; Windows NT 6.0)"
119.63.193.196 - - [14/Apr/2013:19:09:09 +0200] "GET / HTTP/1.1" 200 4014 "-" "Mozilla/4.0 (compatible; MSIE 7.0; Windows NT 6.0)"
157.55.33.20 - - [14/Apr/2013:20:14:16 +0200] "GET /robots.txt HTTP/1.1" 404 1256 "-" "Mozilla/5.0 (compatible; bingbot/2.0; +http://www.bing.com/bingbot.htm)"
157.55.33.20 - - [14/Apr/2013:20:16:12 +0200] "GET / HTTP/1.1" 200 4014 "-" "Mozilla/5.0 (compatible; bingbot/2.0; +http://www.bing.com/bingbot.htm)"
157.55.33.20 - - [14/Apr/2013:20:16:12 +0200] "GET / HTTP/1.1" 200 4014 "-" "Mozilla/5.0 (compatible; bingbot/2.0; +http://www.bing.com/bingbot.htm)"
202.46.54.49 - - [14/Apr/2013:21:04:56 +0200] "GET / HTTP/1.1" 200 4014 "-" "Mozilla/4.0 (compatible; MSIE 7.0; Windows NT 6.0)"
119.63.193.196 - - [14/Apr/2013:21:05:54 +0200] "GET / HTTP/1.1" 200 4014 "-" "Mozilla/4.0 (compatible; MSIE 7.0; Windows NT 6.0)"
66.249.75.125 - - [14/Apr/2013:21:58:08 +0200] "GET /robots.txt HTTP/1.1" 404 1256 "-" "Mozilla/5.0 (compatible; Googlebot/2.1; +http://www.google.com/bot.html)"
66.249.75.125 - - [14/Apr/2013:21:58:08 +0200] "GET /08.html HTTP/1.1" 200 2068 "-" "Mozilla/5.0 (compatible; Googlebot/2.1; +http://www.google.com/bot.html)"
202.46.63.47 - - [14/Apr/2013:23:04:56 +0200] "GET / HTTP/1.1" 200 4014 "-" "Mozilla/4.0 (compatible; MSIE 7.0; Windows NT 6.0)"
119.63.193.131 - - [14/Apr/2013:23:05:51 +0200] "GET / HTTP/1.1" 200 4014 "-" "Mozilla/4.0 (compatible; MSIE 7.0; Windows NT 6.0)"
92.249.127.111 - - [14/Apr/2013:23:50:14 +0200] "GET / HTTP/1.1" 200 4014 "http://bestdizajn.ru/" "Mozilla/5.0 (compatible; news bot /2.1)"
92.249.127.111 - - [14/Apr/2013:23:50:14 +0200] "GET / HTTP/1.1" 200 4014 "http://bestdizajn.ru/" "Mozilla/5.0 (compatible; news bot /2.1)"
92.249.127.111 - - [14/Apr/2013:23:50:15 +0200] "GET / HTTP/1.1" 200 4014 "http://bestdizajn.ru/" "Mozilla/5.0 (compatible; news bot /2.1)"
66.249.75.125 - - [15/Apr/2013:00:23:48 +0200] "GET /03.html HTTP/1.1" 304 - "-" "Mozilla/5.0 (compatible; Googlebot/2.1; +http://www.google.com/bot.html)"
66.249.75.125 - - [15/Apr/2013:01:03:27 +0200] "GET /08.swf HTTP/1.1" 200 22102 "-" "Mozilla/5.0 (compatible; Googlebot/2.1; +http://www.google.com/bot.html)"
202.46.63.71 - - [15/Apr/2013:01:04:58 +0200] "GET / HTTP/1.1" 200 4014 "-" "Mozilla/4.0 (compatible; MSIE 7.0; Windows NT 6.0)"
119.63.193.130 - - [15/Apr/2013:01:05:55 +0200] "GET / HTTP/1.1" 200 4014 "-" "Mozilla/4.0 (compatible; MSIE 7.0; Windows NT 6.0)"
46.118.119.252 - - [15/Apr/2013:02:26:02 +0200] "GET / HTTP/1.1" 200 4014 "http://www.spatex.ru/" "Mozilla/4.0 (compatible; MSIE 6.0; Windows XP)"
46.118.119.252 - - [15/Apr/2013:02:26:02 +0200] "GET / HTTP/1.1" 200 4014 "http://allproall.com/stopwords/" "Mozilla/4.0 (compatible; MSIE 6.0; Windows XP)"
46.118.119.252 - - [15/Apr/2013:02:26:02 +0200] "GET / HTTP/1.1" 200 4014 "http://www.spatex.ru/" "Mozilla/4.0 (compatible; MSIE 6.0; Windows XP)"
46.118.119.252 - - [15/Apr/2013:02:26:02 +0200] "GET / HTTP/1.1" 200 4014 "http://allproall.com/stopwords/" "Mozilla/4.0 (compatible; MSIE 6.0; Windows XP)"
46.118.119.252 - - [15/Apr/2013:02:26:03 +0200] "GET / HTTP/1.1" 200 4014 "http://www.spatex.ru/" "Mozilla/4.0 (compatible; MSIE 6.0; Windows XP)"
46.118.119.252 - - [15/Apr/2013:02:26:03 +0200] "GET / HTTP/1.1" 200 4014 "http://allproall.com/stopwords/" "Mozilla/4.0 (compatible; MSIE 6.0; Windows XP)"
141.8.147.12 - - [15/Apr/2013:02:34:12 +0200] "GET /robots.txt HTTP/1.1" 404 1256 "-" "Mozilla/5.0 (compatible; YandexBot/3.0; +http://yandex.com/bots)"
202.46.57.69 - - [15/Apr/2013:03:06:06 +0200] "GET / HTTP/1.1" 200 4014 "-" "Mozilla/4.0 (compatible; MSIE 7.0; Windows NT 6.0)"
119.63.193.196 - - [15/Apr/2013:03:07:06 +0200] "GET / HTTP/1.1" 200 4014 "-" "Mozilla/4.0 (compatible; MSIE 7.0; Windows NT 6.0)"
66.249.75.125 - - [15/Apr/2013:03:15:46 +0200] "GET /00themen00.swf HTTP/1.1" 200 12608 "-" "Googlebot-Video/1.0"
141.8.147.12 - - [15/Apr/2013:04:20:39 +0200] "GET / HTTP/1.1" 200 4014 "-" "Mozilla/5.0 (compatible; YandexBot/3.0; +http://yandex.com/bots)"
141.8.147.12 - - [15/Apr/2013:04:20:50 +0200] "GET /index.swf HTTP/1.1" 200 8893 "-" "Mozilla/5.0 (compatible; YandexBot/3.0; +http://yandex.com/bots)"
202.46.63.77 - - [15/Apr/2013:05:03:14 +0200] "GET / HTTP/1.1" 200 4014 "-" "Mozilla/4.0 (compatible; MSIE 7.0; Windows NT 6.0)"
119.63.193.131 - - [15/Apr/2013:05:04:07 +0200] "GET / HTTP/1.1" 200 4014 "-" "Mozilla/4.0 (compatible; MSIE 7.0; Windows NT 6.0)"
193.106.136.50 - - [15/Apr/2013:05:06:00 +0200] "GET / HTTP/1.1" 200 4014 "http://adtimes.ru/" "Mozilla/4.0 (compatible; MSIE 6.0; Windows NT 5.0; Avant Browser [avantbrowser.com]; Hotbar 4.4.5.0)"
193.106.136.50 - - [15/Apr/2013:05:06:01 +0200] "GET / HTTP/1.1" 200 4014 "http://adtimes.ru/" "Mozilla/4.0 (compatible; MSIE 6.0; Windows NT 5.0; Avant Browser [avantbrowser.com]; Hotbar 4.4.5.0)"
193.106.136.50 - - [15/Apr/2013:05:06:01 +0200] "GET / HTTP/1.1" 200 4014 "http://adtimes.ru/" "Mozilla/4.0 (compatible; MSIE 6.0; Windows NT 5.0; Avant Browser [avantbrowser.com]; Hotbar 4.4.5.0)"
66.249.75.125 - - [15/Apr/2013:07:00:55 +0200] "GET /00themen00.html HTTP/1.1" 304 - "-" "Mozilla/5.0 (iPhone; U; CPU iPhone OS 4_1 like Mac OS X; en-us) AppleWebKit/532.9 (KHTML, like Gecko) Version/4.0.5 Mobile/8B117 Safari/6531.22.7 (compatible; Googlebot-Mobile/2.1; +http://www.google.com/bot.html)"
202.46.53.179 - - [15/Apr/2013:07:06:46 +0200] "GET / HTTP/1.1" 200 4014 "-" "Mozilla/4.0 (compatible; MSIE 7.0; Windows NT 6.0)"
119.63.193.131 - - [15/Apr/2013:07:07:48 +0200] "GET / HTTP/1.1" 200 4014 "-" "Mozilla/4.0 (compatible; MSIE 7.0; Windows NT 6.0)"
178.137.129.44 - - [15/Apr/2013:08:31:06 +0200] "GET / HTTP/1.1" 200 4014 "http://www.sim-bler.ru/" "Opera/9.0 (Windows NT 5.1; U; en)"
178.137.129.44 - - [15/Apr/2013:08:31:07 +0200] "GET / HTTP/1.1" 200 4014 "http://www.sim-bler.ru/" "Opera/9.0 (Windows NT 5.1; U; en)"
178.137.129.44 - - [15/Apr/2013:08:31:07 +0200] "GET / HTTP/1.1" 200 4014 "http://www.sim-bler.ru/" "Opera/9.0 (Windows NT 5.1; U; en)"
202.46.62.19 - - [15/Apr/2013:09:05:56 +0200] "GET / HTTP/1.1" 200 4014 "-" "Mozilla/4.0 (compatible; MSIE 7.0; Windows NT 6.0)"
119.63.193.196 - - [15/Apr/2013:09:06:55 +0200] "GET / HTTP/1.1" 200 4014 "-" "Mozilla/4.0 (compatible; MSIE 7.0; Windows NT 6.0)"
199.19.249.196 - - [15/Apr/2013:10:26:09 +0200] "GET / HTTP/1.1" 200 4014 "-" "Mozilla/4.0 (compatible; MSIE 7.0; Windows NT 5.1; InfoPath.1; .NET CLR 2.0.50727; .NET CLR 1.1.4322; MS-RTC LM 8; .NET CLR 3.0.4506.2152; .NET CLR 3.5.30729)"
195.167.217.120 - - [15/Apr/2013:10:26:09 +0200] "GET / HTTP/1.1" 304 - "http://www.google.de/search?q=dialyse+waldbronn" "Mozilla/4.0 (compatible; MSIE 7.0; Windows NT 5.1; .NET CLR 2.0.50727; .NET CLR 3.0.04506.30; .NET CLR 3.0.04506.648; .NET CLR 3.0.4506.2152; .NET CLR 3.5.30729)"
195.167.217.120 - - [15/Apr/2013:10:26:09 +0200] "GET /back.jpg HTTP/1.1" 404 1256 "http://www.dialyse-waldbronn.de/" "Mozilla/4.0 (compatible; MSIE 7.0; Windows NT 5.1; .NET CLR 2.0.50727; .NET CLR 3.0.04506.30; .NET CLR 3.0.04506.648; .NET CLR 3.0.4506.2152; .NET CLR 3.5.30729)"
195.167.217.120 - - [15/Apr/2013:10:26:09 +0200] "GET /index.swf HTTP/1.1" 200 8893 "-" "contype"
199.19.249.196 - - [15/Apr/2013:10:26:21 +0200] "GET /00themen00.html HTTP/1.1" 200 2236 "-" "Mozilla/4.0 (compatible; MSIE 7.0; Windows NT 5.1; InfoPath.1; .NET CLR 2.0.50727; .NET CLR 1.1.4322; MS-RTC LM 8; .NET CLR 3.0.4506.2152; .NET CLR 3.5.30729)"
195.167.217.120 - - [15/Apr/2013:10:26:22 +0200] "GET /00themen00.html HTTP/1.1" 200 2236 "http://www.dialyse-waldbronn.de/index.swf" "Mozilla/4.0 (compatible; MSIE 7.0; Windows NT 5.1; .NET CLR 2.0.50727; .NET CLR 3.0.04506.30; .NET CLR 3.0.04506.648; .NET CLR 3.0.4506.2152; .NET CLR 3.5.30729)"
195.167.217.120 - - [15/Apr/2013:10:26:22 +0200] "GET /AC_RunActiveContent.js HTTP/1.1" 200 8029 "-" "Mozilla/4.0 (compatible;)"
195.167.217.120 - - [15/Apr/2013:10:26:22 +0200] "GET /00themen00.swf HTTP/1.1" 200 12608 "-" "Mozilla/4.0 (compatible;)"
195.167.217.120 - - [15/Apr/2013:10:26:22 +0200] "GET /favicon.ico HTTP/1.1" 404 1256 "-" "Mozilla/4.0 (compatible; MSIE 7.0; Windows NT 5.1; .NET CLR 2.0.50727; .NET CLR 3.0.04506.30; .NET CLR 3.0.04506.648; .NET CLR 3.0.4506.2152; .NET CLR 3.5.30729)"
199.19.249.196 - - [15/Apr/2013:10:26:25 +0200] "GET /03.html HTTP/1.1" 200 2012 "-" "Mozilla/4.0 (compatible; MSIE 7.0; Windows NT 5.1; InfoPath.1; .NET CLR 2.0.50727; .NET CLR 1.1.4322; MS-RTC LM 8; .NET CLR 3.0.4506.2152; .NET CLR 3.5.30729)"
195.167.217.120 - - [15/Apr/2013:10:26:25 +0200] "GET /03.html HTTP/1.1" 200 2012 "http://www.dialyse-waldbronn.de/00themen00.swf" "Mozilla/4.0 (compatible; MSIE 7.0; Windows NT 5.1; .NET CLR 2.0.50727; .NET CLR 3.0.04506.30; .NET CLR 3.0.04506.648; .NET CLR 3.0.4506.2152; .NET CLR 3.5.30729)"
195.167.217.120 - - [15/Apr/2013:10:26:25 +0200] "GET /03.swf HTTP/1.1" 200 79366 "-" "Mozilla/4.0 (compatible;)"
199.19.249.196 - - [15/Apr/2013:10:26:35 +0200] "GET /08.html HTTP/1.1" 200 2068 "-" "Mozilla/4.0 (compatible; MSIE 7.0; Windows NT 5.1; InfoPath.1; .NET CLR 2.0.50727; .NET CLR 1.1.4322; MS-RTC LM 8; .NET CLR 3.0.4506.2152; .NET CLR 3.5.30729)"
195.167.217.120 - - [15/Apr/2013:10:26:35 +0200] "GET /08.html HTTP/1.1" 200 2068 "http://www.dialyse-waldbronn.de/00themen00.swf" "Mozilla/4.0 (compatible; MSIE 7.0; Windows NT 5.1; .NET CLR 2.0.50727; .NET CLR 3.0.04506.30; .NET CLR 3.0.04506.648; .NET CLR 3.0.4506.2152; .NET CLR 3.5.30729)"
195.167.217.120 - - [15/Apr/2013:10:26:35 +0200] "GET /08.swf HTTP/1.1" 200 22102 "-" "Mozilla/4.0 (compatible;)"
91.207.4.186 - - [15/Apr/2013:10:45:01 +0200] "GET / HTTP/1.1" 200 4014 "http://redsined.net/" "Mozilla/4.0 (compatible; MSIE 6.0; Windows NT 5.2; Win64; x64; SV1; .NET CLR 2.0.50727)"
91.207.4.186 - - [15/Apr/2013:10:45:01 +0200] "GET / HTTP/1.1" 200 4014 "http://redsined.net/" "Mozilla/4.0 (compatible; MSIE 6.0; Windows NT 5.2; Win64; x64; SV1; .NET CLR 2.0.50727)"
202.46.57.64 - - [15/Apr/2013:11:03:46 +0200] "GET / HTTP/1.1" 200 4014 "-" "Mozilla/4.0 (compatible; MSIE 7.0; Windows NT 6.0)"
119.63.193.194 - - [15/Apr/2013:11:04:38 +0200] "GET / HTTP/1.1" 200 4014 "-" "Mozilla/4.0 (compatible; MSIE 7.0; Windows NT 6.0)"
202.46.61.31 - - [15/Apr/2013:15:06:59 +0200] "GET / HTTP/1.1" 200 4014 "-" "Mozilla/4.0 (compatible; MSIE 7.0; Windows NT 6.0)"
119.63.193.194 - - [15/Apr/2013:15:07:59 +0200] "GET / HTTP/1.1" 200 4014 "-" "Mozilla/4.0 (compatible; MSIE 7.0; Windows NT 6.0)"
87.139.125.58 - - [15/Apr/2013:16:54:16 +0200] "GET / HTTP/1.1" 200 4014 "http://www.vnp-bw.de/der-vnp/mitglieder?start=50" "Mozilla/4.0 (compatible; MSIE 6.0; Windows NT 5.1; SV1; .NET CLR 1.1.4322; .NET CLR 2.0.50727; .NET CLR 3.0.04506.30; .NET CLR 3.0.04506.648; .NET CLR 3.5.21022; .NET CLR 3.0.4506.2152; .NET CLR 3.5.30729)"
87.139.125.58 - - [15/Apr/2013:16:54:16 +0200] "GET /back.jpg HTTP/1.1" 404 1256 "http://www.dialyse-waldbronn.de/" "Mozilla/4.0 (compatible; MSIE 6.0; Windows NT 5.1; SV1; .NET CLR 1.1.4322; .NET CLR 2.0.50727; .NET CLR 3.0.04506.30; .NET CLR 3.0.04506.648; .NET CLR 3.5.21022; .NET CLR 3.0.4506.2152; .NET CLR 3.5.30729)"
87.139.125.58 - - [15/Apr/2013:16:54:16 +0200] "GET /index.swf HTTP/1.1" 200 8893 "-" "contype"
87.139.125.58 - - [15/Apr/2013:16:54:16 +0200] "GET /index.swf HTTP/1.1" 206 8893 "-" "Mozilla/4.0 (compatible; MSIE 6.0; Windows NT 5.1; SV1; .NET CLR 1.1.4322; .NET CLR 2.0.50727; .NET CLR 3.0.04506.30; .NET CLR 3.0.04506.648; .NET CLR 3.5.21022; .NET CLR 3.0.4506.2152; .NET CLR 3.5.30729)"
87.139.125.58 - - [15/Apr/2013:16:54:29 +0200] "GET /00themen00.html HTTP/1.1" 200 2236 "-" "Mozilla/4.0 (compatible; MSIE 6.0; Windows NT 5.1; SV1; .NET CLR 1.1.4322; .NET CLR 2.0.50727; .NET CLR 3.0.04506.30; .NET CLR 3.0.04506.648; .NET CLR 3.5.21022; .NET CLR 3.0.4506.2152; .NET CLR 3.5.30729)"
87.139.125.58 - - [15/Apr/2013:16:54:29 +0200] "GET /AC_RunActiveContent.js HTTP/1.1" 200 8029 "http://www.dialyse-waldbronn.de/00themen00.html" "Mozilla/4.0 (compatible; MSIE 6.0; Windows NT 5.1; SV1; .NET CLR 1.1.4322; .NET CLR 2.0.50727; .NET CLR 3.0.04506.30; .NET CLR 3.0.04506.648; .NET CLR 3.5.21022; .NET CLR 3.0.4506.2152; .NET CLR 3.5.30729)"
87.139.125.58 - - [15/Apr/2013:16:55:01 +0200] "GET /back.jpg HTTP/1.1" 404 1256 "http://www.dialyse-waldbronn.de/" "Mozilla/4.0 (compatible; MSIE 6.0; Windows NT 5.1; SV1; .NET CLR 1.1.4322; .NET CLR 2.0.50727; .NET CLR 3.0.04506.30; .NET CLR 3.0.04506.648; .NET CLR 3.5.21022; .NET CLR 3.0.4506.2152; .NET CLR 3.5.30729)"
87.139.125.58 - - [15/Apr/2013:16:55:13 +0200] "GET /back.jpg HTTP/1.1" 404 1256 "http://www.dialyse-waldbronn.de/" "Mozilla/4.0 (compatible; MSIE 6.0; Windows NT 5.1; SV1; .NET CLR 1.1.4322; .NET CLR 2.0.50727; .NET CLR 3.0.04506.30; .NET CLR 3.0.04506.648; .NET CLR 3.5.21022; .NET CLR 3.0.4506.2152; .NET CLR 3.5.30729)"
87.139.125.58 - - [15/Apr/2013:16:55:29 +0200] "GET /back.jpg HTTP/1.1" 404 1256 "http://www.dialyse-waldbronn.de/" "Mozilla/4.0 (compatible; MSIE 6.0; Windows NT 5.1; SV1; .NET CLR 1.1.4322; .NET CLR 2.0.50727; .NET CLR 3.0.04506.30; .NET CLR 3.0.04506.648; .NET CLR 3.5.21022; .NET CLR 3.0.4506.2152; .NET CLR 3.5.30729)"
87.139.125.58 - - [15/Apr/2013:16:55:39 +0200] "GET / HTTP/1.1" 304 - "http://www.dialyse-waldbronn.de/" "Mozilla/4.0 (compatible; MSIE 6.0; Windows NT 5.1; SV1; .NET CLR 1.1.4322; .NET CLR 2.0.50727; .NET CLR 3.0.04506.30; .NET CLR 3.0.04506.648; .NET CLR 3.5.21022; .NET CLR 3.0.4506.2152; .NET CLR 3.5.30729)"
87.139.125.58 - - [15/Apr/2013:16:55:39 +0200] "GET /back.jpg HTTP/1.1" 404 1256 "http://www.dialyse-waldbronn.de/" "Mozilla/4.0 (compatible; MSIE 6.0; Windows NT 5.1; SV1; .NET CLR 1.1.4322; .NET CLR 2.0.50727; .NET CLR 3.0.04506.30; .NET CLR 3.0.04506.648; .NET CLR 3.5.21022; .NET CLR 3.0.4506.2152; .NET CLR 3.5.30729)"
87.139.125.58 - - [15/Apr/2013:16:55:39 +0200] "GET /index.swf HTTP/1.1" 304 - "-" "contype"
87.139.125.58 - - [15/Apr/2013:16:55:45 +0200] "GET / HTTP/1.1" 304 - "http://www.dialyse-waldbronn.de/" "Mozilla/4.0 (compatible; MSIE 6.0; Windows NT 5.1; SV1; .NET CLR 1.1.4322; .NET CLR 2.0.50727; .NET CLR 3.0.04506.30; .NET CLR 3.0.04506.648; .NET CLR 3.5.21022; .NET CLR 3.0.4506.2152; .NET CLR 3.5.30729)"
87.139.125.58 - - [15/Apr/2013:16:55:45 +0200] "GET /back.jpg HTTP/1.1" 404 1256 "http://www.dialyse-waldbronn.de/" "Mozilla/4.0 (compatible; MSIE 6.0; Windows NT 5.1; SV1; .NET CLR 1.1.4322; .NET CLR 2.0.50727; .NET CLR 3.0.04506.30; .NET CLR 3.0.04506.648; .NET CLR 3.5.21022; .NET CLR 3.0.4506.2152; .NET CLR 3.5.30729)"
87.139.125.58 - - [15/Apr/2013:16:55:45 +0200] "GET /index.swf HTTP/1.1" 304 - "-" "contype"
87.139.125.58 - - [15/Apr/2013:16:55:50 +0200] "GET / HTTP/1.1" 304 - "http://www.dialyse-waldbronn.de/" "Mozilla/4.0 (compatible; MSIE 6.0; Windows NT 5.1; SV1; .NET CLR 1.1.4322; .NET CLR 2.0.50727; .NET CLR 3.0.04506.30; .NET CLR 3.0.04506.648; .NET CLR 3.5.21022; .NET CLR 3.0.4506.2152; .NET CLR 3.5.30729)"
87.139.125.58 - - [15/Apr/2013:16:55:50 +0200] "GET /back.jpg HTTP/1.1" 404 1256 "http://www.dialyse-waldbronn.de/" "Mozilla/4.0 (compatible; MSIE 6.0; Windows NT 5.1; SV1; .NET CLR 1.1.4322; .NET CLR 2.0.50727; .NET CLR 3.0.04506.30; .NET CLR 3.0.04506.648; .NET CLR 3.5.21022; .NET CLR 3.0.4506.2152; .NET CLR 3.5.30729)"
87.139.125.58 - - [15/Apr/2013:16:55:50 +0200] "GET /index.swf HTTP/1.1" 304 - "-" "contype"
87.139.125.58 - - [15/Apr/2013:16:55:58 +0200] "GET / HTTP/1.1" 304 - "http://www.dialyse-waldbronn.de/" "Mozilla/4.0 (compatible; MSIE 6.0; Windows NT 5.1; SV1; .NET CLR 1.1.4322; .NET CLR 2.0.50727; .NET CLR 3.0.04506.30; .NET CLR 3.0.04506.648; .NET CLR 3.5.21022; .NET CLR 3.0.4506.2152; .NET CLR 3.5.30729)"
87.139.125.58 - - [15/Apr/2013:16:55:58 +0200] "GET /back.jpg HTTP/1.1" 404 1256 "http://www.dialyse-waldbronn.de/" "Mozilla/4.0 (compatible; MSIE 6.0; Windows NT 5.1; SV1; .NET CLR 1.1.4322; .NET CLR 2.0.50727; .NET CLR 3.0.04506.30; .NET CLR 3.0.04506.648; .NET CLR 3.5.21022; .NET CLR 3.0.4506.2152; .NET CLR 3.5.30729)"
87.139.125.58 - - [15/Apr/2013:16:55:58 +0200] "GET /index.swf HTTP/1.1" 304 - "-" "contype"
87.139.125.58 - - [15/Apr/2013:16:56:08 +0200] "GET / HTTP/1.1" 304 - "http://www.vnp-bw.de/der-vnp/mitglieder?start=50" "Mozilla/4.0 (compatible; MSIE 6.0; Windows NT 5.1; SV1; .NET CLR 1.1.4322; .NET CLR 2.0.50727; .NET CLR 3.0.04506.30; .NET CLR 3.0.04506.648; .NET CLR 3.5.21022; .NET CLR 3.0.4506.2152; .NET CLR 3.5.30729)"
87.139.125.58 - - [15/Apr/2013:16:56:08 +0200] "GET /back.jpg HTTP/1.1" 404 1256 "http://www.dialyse-waldbronn.de/" "Mozilla/4.0 (compatible; MSIE 6.0; Windows NT 5.1; SV1; .NET CLR 1.1.4322; .NET CLR 2.0.50727; .NET CLR 3.0.04506.30; .NET CLR 3.0.04506.648; .NET CLR 3.5.21022; .NET CLR 3.0.4506.2152; .NET CLR 3.5.30729)"
87.139.125.58 - - [15/Apr/2013:16:56:08 +0200] "GET /index.swf HTTP/1.1" 304 - "-" "contype"
87.139.125.58 - - [15/Apr/2013:16:56:14 +0200] "GET / HTTP/1.1" 304 - "http://www.dialyse-waldbronn.de/" "Mozilla/4.0 (compatible; MSIE 6.0; Windows NT 5.1; SV1; .NET CLR 1.1.4322; .NET CLR 2.0.50727; .NET CLR 3.0.04506.30; .NET CLR 3.0.04506.648; .NET CLR 3.5.21022; .NET CLR 3.0.4506.2152; .NET CLR 3.5.30729)"
87.139.125.58 - - [15/Apr/2013:16:56:14 +0200] "GET /back.jpg HTTP/1.1" 404 1256 "http://www.dialyse-waldbronn.de/" "Mozilla/4.0 (compatible; MSIE 6.0; Windows NT 5.1; SV1; .NET CLR 1.1.4322; .NET CLR 2.0.50727; .NET CLR 3.0.04506.30; .NET CLR 3.0.04506.648; .NET CLR 3.5.21022; .NET CLR 3.0.4506.2152; .NET CLR 3.5.30729)"
87.139.125.58 - - [15/Apr/2013:16:56:14 +0200] "GET /index.swf HTTP/1.1" 304 - "-" "contype"
87.139.125.58 - - [15/Apr/2013:16:56:16 +0200] "GET /00themen00.html HTTP/1.1" 304 - "-" "Mozilla/4.0 (compatible; MSIE 6.0; Windows NT 5.1; SV1; .NET CLR 1.1.4322; .NET CLR 2.0.50727; .NET CLR 3.0.04506.30; .NET CLR 3.0.04506.648; .NET CLR 3.5.21022; .NET CLR 3.0.4506.2152; .NET CLR 3.5.30729)"
87.139.125.58 - - [15/Apr/2013:16:56:16 +0200] "GET /AC_RunActiveContent.js HTTP/1.1" 304 - "http://www.dialyse-waldbronn.de/00themen00.html" "Mozilla/4.0 (compatible; MSIE 6.0; Windows NT 5.1; SV1; .NET CLR 1.1.4322; .NET CLR 2.0.50727; .NET CLR 3.0.04506.30; .NET CLR 3.0.04506.648; .NET CLR 3.5.21022; .NET CLR 3.0.4506.2152; .NET CLR 3.5.30729)"
150.70.172.111 - - [15/Apr/2013:16:57:31 +0200] "GET / HTTP/1.0" 200 4014 "-" "Mozilla/4.0 (compatible; MSIE 6.0; Windows NT 5.1)"
202.46.61.35 - - [15/Apr/2013:19:06:25 +0200] "GET / HTTP/1.1" 200 4014 "-" "Mozilla/4.0 (compatible; MSIE 7.0; Windows NT 6.0)"
119.63.193.131 - - [15/Apr/2013:19:07:25 +0200] "GET / HTTP/1.1" 200 4014 "-" "Mozilla/4.0 (compatible; MSIE 7.0; Windows NT 6.0)"
141.8.147.12 - - [15/Apr/2013:20:23:09 +0200] "GET /robots.txt HTTP/1.1" 404 1256 "-" "Mozilla/5.0 (compatible; YandexBot/3.0; +http://yandex.com/bots)"
141.8.147.12 - - [15/Apr/2013:20:35:54 +0200] "GET /index.swf HTTP/1.1" 200 8893 "-" "Mozilla/5.0 (compatible; YandexBot/3.0; +http://yandex.com/bots)"
202.46.59.77 - - [15/Apr/2013:21:05:44 +0200] "GET / HTTP/1.1" 200 4014 "-" "Mozilla/4.0 (compatible; MSIE 7.0; Windows NT 6.0)"
119.63.193.130 - - [15/Apr/2013:21:06:43 +0200] "GET / HTTP/1.1" 200 4014 "-" "Mozilla/4.0 (compatible; MSIE 7.0; Windows NT 6.0)"
88.22.225.193 - - [15/Apr/2013:21:07:26 +0200] "GET / HTTP/1.1" 200 4014 "-" "Java/1.4.1_04"
88.22.225.193 - - [15/Apr/2013:21:07:28 +0200] "GET /'+fc_protocol+'://www.flash-counter.com/scripts/counter.js HTTP/1.1" 404 1256 "-" "Java/1.4.1_04"
180.76.5.60 - - [15/Apr/2013:21:14:35 +0200] "GET / HTTP/1.1" 200 4014 "-" "Mozilla/5.0 (compatible; Baiduspider/2.0; +http://www.baidu.com/search/spider.html)"
193.106.136.45 - - [15/Apr/2013:22:56:07 +0200] "GET / HTTP/1.1" 200 4014 "http://nayra.ru/" "Mozilla/4.0 (compatible; MSIE 6.0; Windows NT 5.0; Avant Browser [avantbrowser.com]; Hotbar 4.4.5.0)"
193.106.136.45 - - [15/Apr/2013:22:56:08 +0200] "GET / HTTP/1.1" 200 4014 "http://nayra.ru/" "Mozilla/4.0 (compatible; MSIE 6.0; Windows NT 5.0; Avant Browser [avantbrowser.com]; Hotbar 4.4.5.0)"
202.46.49.70 - - [15/Apr/2013:23:04:49 +0200] "GET / HTTP/1.1" 200 4014 "-" "Mozilla/4.0 (compatible; MSIE 7.0; Windows NT 6.0)"
119.63.193.196 - - [15/Apr/2013:23:05:45 +0200] "GET / HTTP/1.1" 200 4014 "-" "Mozilla/4.0 (compatible; MSIE 7.0; Windows NT 6.0)"
202.46.54.120 - - [16/Apr/2013:03:06:05 +0200] "GET / HTTP/1.1" 200 4014 "-" "Mozilla/4.0 (compatible; MSIE 7.0; Windows NT 6.0)"
119.63.193.194 - - [16/Apr/2013:03:07:04 +0200] "GET / HTTP/1.1" 200 4014 "-" "Mozilla/4.0 (compatible; MSIE 7.0; Windows NT 6.0)"
91.207.6.34 - - [16/Apr/2013:03:25:23 +0200] "GET / HTTP/1.1" 200 4014 "http://www.prostitutki-omska.org/" "Mozilla/4.0 (compatible; MSIE 6.0; Windows NT 5.1; ru) Opera 8.01"
91.207.6.34 - - [16/Apr/2013:03:25:23 +0200] "GET / HTTP/1.1" 200 4014 "http://www.prostitutki-omska.org/" "Mozilla/4.0 (compatible; MSIE 6.0; Windows NT 5.1; ru) Opera 8.01"
91.207.6.34 - - [16/Apr/2013:03:25:24 +0200] "GET / HTTP/1.1" 200 4014 "http://www.prostitutki-omska.org/" "Mozilla/4.0 (compatible; MSIE 6.0; Windows NT 5.1; ru) Opera 8.01"
46.118.119.252 - - [16/Apr/2013:04:12:22 +0200] "GET / HTTP/1.1" 200 4014 "http://visa-plus.com.ua/" "Mozilla/4.0 (compatible; MSIE 6.0; AOL 9.0; Windows NT 5.1)"
46.118.119.252 - - [16/Apr/2013:04:12:23 +0200] "GET / HTTP/1.1" 200 4014 "http://visa-plus.com.ua/" "Mozilla/4.0 (compatible; MSIE 6.0; AOL 9.0; Windows NT 5.1)"
46.118.119.252 - - [16/Apr/2013:04:12:23 +0200] "GET / HTTP/1.1" 200 4014 "http://visa-plus.com.ua/" "Mozilla/4.0 (compatible; MSIE 6.0; AOL 9.0; Windows NT 5.1)"
202.46.54.40 - - [16/Apr/2013:05:00:53 +0200] "GET / HTTP/1.1" 200 4014 "-" "Mozilla/4.0 (compatible; MSIE 7.0; Windows NT 6.0)"
119.63.193.194 - - [16/Apr/2013:05:01:47 +0200] "GET / HTTP/1.1" 200 4014 "-" "Mozilla/4.0 (compatible; MSIE 7.0; Windows NT 6.0)"
46.118.119.252 - - [16/Apr/2013:05:46:02 +0200] "GET / HTTP/1.1" 200 4014 "http://forexjobs.biz/" "Mozilla/4.0 (compatible; MSIE 6.0; Windows NT 5.1; Deepnet Explorer 1.5.0; .NET CLR 1.0.3705)"
46.118.119.252 - - [16/Apr/2013:05:46:02 +0200] "GET / HTTP/1.1" 200 4014 "http://forexjobs.biz/" "Mozilla/4.0 (compatible; MSIE 6.0; Windows NT 5.1; Deepnet Explorer 1.5.0; .NET CLR 1.0.3705)"
46.118.119.252 - - [16/Apr/2013:05:46:02 +0200] "GET / HTTP/1.1" 200 4014 "http://forexjobs.biz/" "Mozilla/4.0 (compatible; MSIE 6.0; Windows NT 5.1; Deepnet Explorer 1.5.0; .NET CLR 1.0.3705)"
91.207.6.34 - - [16/Apr/2013:06:05:39 +0200] "GET / HTTP/1.1" 200 4014 "http://www.vse-prostitutki.org/" "Mozilla/4.0 (compatible; MSIE 6.0; Windows NT 5.1; ru) Opera 8.01"
91.207.6.34 - - [16/Apr/2013:06:05:40 +0200] "GET / HTTP/1.1" 200 4014 "http://www.vse-prostitutki.org/" "Mozilla/4.0 (compatible; MSIE 6.0; Windows NT 5.1; ru) Opera 8.01"
91.207.6.34 - - [16/Apr/2013:06:05:40 +0200] "GET / HTTP/1.1" 200 4014 "http://www.vse-prostitutki.org/" "Mozilla/4.0 (compatible; MSIE 6.0; Windows NT 5.1; ru) Opera 8.01"
202.46.54.40 - - [16/Apr/2013:07:05:19 +0200] "GET / HTTP/1.1" 200 4014 "-" "Mozilla/4.0 (compatible; MSIE 7.0; Windows NT 6.0)"
119.63.193.196 - - [16/Apr/2013:07:06:19 +0200] "GET / HTTP/1.1" 200 4014 "-" "Mozilla/4.0 (compatible; MSIE 7.0; Windows NT 6.0)"
66.249.73.7 - - [16/Apr/2013:07:18:20 +0200] "GET /robots.txt HTTP/1.1" 404 1256 "-" "Mozilla/5.0 (compatible; Googlebot/2.1; +http://www.google.com/bot.html)"
66.249.73.7 - - [16/Apr/2013:07:18:20 +0200] "GET / HTTP/1.1" 200 4014 "-" "Mozilla/5.0 (iPhone; U; CPU iPhone OS 4_1 like Mac OS X; en-us) AppleWebKit/532.9 (KHTML, like Gecko) Version/4.0.5 Mobile/8B117 Safari/6531.22.7 (compatible; Googlebot-Mobile/2.1; +http://www.google.com/bot.html)"
149.172.167.57 - - [16/Apr/2013:08:23:03 +0200] "GET / HTTP/1.1" 200 4014 "-" "Mozilla/4.0 (compatible; MSIE 8.0; Windows NT 5.1; Trident/4.0; .NET CLR 1.1.4322; .NET CLR 2.0.50727; .NET CLR 3.0.4506.2152; .NET CLR 3.5.30729)"
149.172.167.57 - - [16/Apr/2013:08:23:03 +0200] "GET /back.jpg HTTP/1.1" 404 1256 "http://www.dialyse-waldbronn.de/" "Mozilla/4.0 (compatible; MSIE 8.0; Windows NT 5.1; Trident/4.0; .NET CLR 1.1.4322; .NET CLR 2.0.50727; .NET CLR 3.0.4506.2152; .NET CLR 3.5.30729)"
149.172.167.57 - - [16/Apr/2013:08:23:03 +0200] "GET /index.swf HTTP/1.1" 200 8893 "-" "contype"
149.172.167.57 - - [16/Apr/2013:08:23:04 +0200] "GET /index.swf HTTP/1.1" 200 8893 "http://www.dialyse-waldbronn.de/" "Mozilla/4.0 (compatible; MSIE 8.0; Windows NT 5.1; Trident/4.0; .NET CLR 1.1.4322; .NET CLR 2.0.50727; .NET CLR 3.0.4506.2152; .NET CLR 3.5.30729)"
149.172.167.57 - - [16/Apr/2013:08:23:04 +0200] "GET /favicon.ico HTTP/1.1" 404 1256 "-" "Mozilla/4.0 (compatible; MSIE 8.0; Windows NT 5.1; Trident/4.0; .NET CLR 1.1.4322; .NET CLR 2.0.50727; .NET CLR 3.0.4506.2152; .NET CLR 3.5.30729)"
149.172.167.57 - - [16/Apr/2013:08:23:09 +0200] "GET /00themen00.html HTTP/1.1" 200 2236 "http://www.dialyse-waldbronn.de/index.swf" "Mozilla/4.0 (compatible; MSIE 8.0; Windows NT 5.1; Trident/4.0; .NET CLR 1.1.4322; .NET CLR 2.0.50727; .NET CLR 3.0.4506.2152; .NET CLR 3.5.30729)"
149.172.167.57 - - [16/Apr/2013:08:23:09 +0200] "GET /AC_RunActiveContent.js HTTP/1.1" 200 8029 "http://www.dialyse-waldbronn.de/index.swf" "Mozilla/4.0 (compatible; MSIE 8.0; Windows NT 5.1; Trident/4.0; .NET CLR 1.1.4322; .NET CLR 2.0.50727; .NET CLR 3.0.4506.2152; .NET CLR 3.5.30729)"
149.172.167.57 - - [16/Apr/2013:08:23:09 +0200] "GET /00themen00.swf HTTP/1.1" 200 12608 "http://www.dialyse-waldbronn.de/00themen00.html" "Mozilla/4.0 (compatible; MSIE 8.0; Windows NT 5.1; Trident/4.0; .NET CLR 1.1.4322; .NET CLR 2.0.50727; .NET CLR 3.0.4506.2152; .NET CLR 3.5.30729)"
149.172.167.57 - - [16/Apr/2013:08:23:09 +0200] "GET /favicon.ico HTTP/1.1" 404 1256 "-" "Mozilla/4.0 (compatible; MSIE 8.0; Windows NT 5.1; Trident/4.0; .NET CLR 1.1.4322; .NET CLR 2.0.50727; .NET CLR 3.0.4506.2152; .NET CLR 3.5.30729)"
149.172.167.57 - - [16/Apr/2013:08:23:16 +0200] "GET /01.html HTTP/1.1" 200 1988 "http://www.dialyse-waldbronn.de/00themen00.swf" "Mozilla/4.0 (compatible; MSIE 8.0; Windows NT 5.1; Trident/4.0; .NET CLR 1.1.4322; .NET CLR 2.0.50727; .NET CLR 3.0.4506.2152; .NET CLR 3.5.30729)"
149.172.167.57 - - [16/Apr/2013:08:23:16 +0200] "GET /01.swf HTTP/1.1" 200 36918 "http://www.dialyse-waldbronn.de/01.html" "Mozilla/4.0 (compatible; MSIE 8.0; Windows NT 5.1; Trident/4.0; .NET CLR 1.1.4322; .NET CLR 2.0.50727; .NET CLR 3.0.4506.2152; .NET CLR 3.5.30729)"
149.172.167.57 - - [16/Apr/2013:08:23:26 +0200] "GET /08.html HTTP/1.1" 200 2068 "http://www.dialyse-waldbronn.de/00themen00.swf" "Mozilla/4.0 (compatible; MSIE 8.0; Windows NT 5.1; Trident/4.0; .NET CLR 1.1.4322; .NET CLR 2.0.50727; .NET CLR 3.0.4506.2152; .NET CLR 3.5.30729)"
149.172.167.57 - - [16/Apr/2013:08:23:26 +0200] "GET /08.swf HTTP/1.1" 200 22102 "http://www.dialyse-waldbronn.de/08.html" "Mozilla/4.0 (compatible; MSIE 8.0; Windows NT 5.1; Trident/4.0; .NET CLR 1.1.4322; .NET CLR 2.0.50727; .NET CLR 3.0.4506.2152; .NET CLR 3.5.30729)"
66.249.73.7 - - [16/Apr/2013:08:36:29 +0200] "GET / HTTP/1.1" 200 4014 "-" "Mozilla/5.0 (compatible; Googlebot/2.1; +http://www.google.com/bot.html)"
202.46.63.90 - - [16/Apr/2013:09:03:21 +0200] "GET / HTTP/1.1" 200 4014 "-" "Mozilla/4.0 (compatible; MSIE 7.0; Windows NT 6.0)"
119.63.193.131 - - [16/Apr/2013:09:04:18 +0200] "GET / HTTP/1.1" 200 4014 "-" "Mozilla/4.0 (compatible; MSIE 7.0; Windows NT 6.0)"
5.9.112.66 - - [16/Apr/2013:10:23:52 +0200] "GET /robots.txt HTTP/1.1" 404 1256 "-" "Mozilla/5.0 (compatible; SISTRIX Crawler; http://crawler.sistrix.net/)"
5.9.112.66 - - [16/Apr/2013:10:23:52 +0200] "GET / HTTP/1.1" 200 4014 "-" "Mozilla/5.0 (compatible; SISTRIX Crawler; http://crawler.sistrix.net/)"
89.108.102.171 - - [16/Apr/2013:11:01:35 +0200] "GET / HTTP/1.1" 200 4014 "http://wmcash-change.com/" "Mozilla/4.0 (compatible; MSIE 7.0b; Windows NT 6.0)"
89.108.102.171 - - [16/Apr/2013:11:01:36 +0200] "GET / HTTP/1.1" 200 4014 "http://wmcash-change.com/" "Mozilla/4.0 (compatible; MSIE 7.0b; Windows NT 6.0)"
202.46.57.61 - - [16/Apr/2013:11:02:58 +0200] "GET / HTTP/1.1" 200 4014 "-" "Mozilla/4.0 (compatible; MSIE 7.0; Windows NT 6.0)"
119.63.193.196 - - [16/Apr/2013:11:03:55 +0200] "GET / HTTP/1.1" 200 4014 "-" "Mozilla/4.0 (compatible; MSIE 7.0; Windows NT 6.0)"
66.249.73.7 - - [16/Apr/2013:11:19:42 +0200] "GET /09.html HTTP/1.1" 304 - "-" "Mozilla/5.0 (iPhone; U; CPU iPhone OS 4_1 like Mac OS X; en-us) AppleWebKit/532.9 (KHTML, like Gecko) Version/4.0.5 Mobile/8B117 Safari/6531.22.7 (compatible; Googlebot-Mobile/2.1; +http://www.google.com/bot.html)"
202.46.56.44 - - [16/Apr/2013:13:03:12 +0200] "GET / HTTP/1.1" 200 4014 "-" "Mozilla/4.0 (compatible; MSIE 7.0; Windows NT 6.0)"
119.63.193.195 - - [16/Apr/2013:13:04:07 +0200] "GET / HTTP/1.1" 200 4014 "-" "Mozilla/4.0 (compatible; MSIE 7.0; Windows NT 6.0)"
79.220.228.29 - - [16/Apr/2013:13:20:40 +0200] "GET / HTTP/1.1" 200 4014 "http://www.google.de/url?sa=t&rct=j&q=dialyse%20waldbronn&source=web&cd=1&sqi=2&ved=0CDUQFjAA&url=http%3A%2F%2Fwww.dialyse-waldbronn.de%2F&ei=3TNtUZPcCsSNtQaV0oH4Aw&usg=AFQjCNHEX_ZQroPS8hwDzjOxqVHmV6iDWw&bvm=bv.45175338,d.Yms" "Mozilla/5.0 (iPad; U; CPU OS 4_3_5 like Mac OS X; de-de) AppleWebKit/533.17.9 (KHTML, like Gecko) Version/5.0.2 Mobile/8L1 Safari/6533.18.5"
79.220.228.29 - - [16/Apr/2013:13:20:40 +0200] "GET /back.jpg HTTP/1.1" 404 1256 "http://www.dialyse-waldbronn.de/" "Mozilla/5.0 (iPad; U; CPU OS 4_3_5 like Mac OS X; de-de) AppleWebKit/533.17.9 (KHTML, like Gecko) Version/5.0.2 Mobile/8L1 Safari/6533.18.5"
79.220.228.29 - - [16/Apr/2013:13:20:59 +0200] "GET /09a.html HTTP/1.1" 200 2065 "http://www.google.de/url?sa=t&rct=j&q=dialyse%20waldbronn&source=web&cd=2&sqi=2&ved=0CDgQjBAwAQ&url=http%3A%2F%2Fwww.dialyse-waldbronn.de%2F09a.html&ei=3TNtUZPcCsSNtQaV0oH4Aw&usg=AFQjCNG6uMrHKx5duZ5AcMzcLXwByavrQg&bvm=bv.45175338,d.Yms" "Mozilla/5.0 (iPad; U; CPU OS 4_3_5 like Mac OS X; de-de) AppleWebKit/533.17.9 (KHTML, like Gecko) Version/5.0.2 Mobile/8L1 Safari/6533.18.5"
79.220.228.29 - - [16/Apr/2013:13:20:59 +0200] "GET /AC_RunActiveContent.js HTTP/1.1" 200 8029 "http://www.dialyse-waldbronn.de/09a.html" "Mozilla/5.0 (iPad; U; CPU OS 4_3_5 like Mac OS X; de-de) AppleWebKit/533.17.9 (KHTML, like Gecko) Version/5.0.2 Mobile/8L1 Safari/6533.18.5"
202.46.50.71 - - [16/Apr/2013:15:05:41 +0200] "GET / HTTP/1.1" 200 4014 "-" "Mozilla/4.0 (compatible; MSIE 7.0; Windows NT 6.0)"
119.63.193.131 - - [16/Apr/2013:15:06:42 +0200] "GET / HTTP/1.1" 200 4014 "-" "Mozilla/4.0 (compatible; MSIE 7.0; Windows NT 6.0)"
91.207.4.186 - - [16/Apr/2013:15:21:18 +0200] "GET / HTTP/1.1" 200 4014 "http://danelkon.net/" "Mozilla/4.0 (compatible; MSIE 6.0; Windows NT 5.1; .NET CLR 1.1.4322)"
91.207.4.186 - - [16/Apr/2013:15:21:19 +0200] "GET / HTTP/1.1" 200 4014 "http://danelkon.net/" "Mozilla/4.0 (compatible; MSIE 6.0; Windows NT 5.1; .NET CLR 1.1.4322)"
91.207.9.226 - - [16/Apr/2013:15:48:50 +0200] "GET / HTTP/1.1" 200 4014 "http://mug-na-chas-moscow.ru/" "Mozilla/4.0 (compatible; MSIE 5.5; Windows NT 5.0; .NET CLR 1.1.4322)"
91.207.9.226 - - [16/Apr/2013:15:48:50 +0200] "GET / HTTP/1.1" 200 4014 "http://mug-na-chas-moscow.ru/" "Mozilla/4.0 (compatible; MSIE 5.5; Windows NT 5.0; .NET CLR 1.1.4322)"
91.207.9.226 - - [16/Apr/2013:15:48:51 +0200] "GET / HTTP/1.1" 200 4014 "http://mug-na-chas-moscow.ru/" "Mozilla/4.0 (compatible; MSIE 5.5; Windows NT 5.0; .NET CLR 1.1.4322)"
84.160.32.159 - - [16/Apr/2013:15:59:54 +0200] "GET /09a.html HTTP/1.1" 200 2065 "http://www.google.de/url?sa=t&rct=j&q=menzinger%20waldbronn&source=web&cd=2&sqi=2&ved=0CDwQFjAB&url=http%3A%2F%2Fwww.dialyse-waldbronn.de%2F09a.html&ei=TFltUf-0MI3HsgbOtYC4Dg&usg=AFQjCNG6uMrHKx5duZ5AcMzcLXwByavrQg&bvm=bv.45175338,d.Yms" "Mozilla/5.0 (X11; Linux i686; rv:7.0.1) Gecko/20100101 Firefox/7.0.1"
84.160.32.159 - - [16/Apr/2013:15:59:54 +0200] "GET /AC_RunActiveContent.js HTTP/1.1" 200 8029 "http://www.dialyse-waldbronn.de/09a.html" "Mozilla/5.0 (X11; Linux i686; rv:7.0.1) Gecko/20100101 Firefox/7.0.1"
84.160.32.159 - - [16/Apr/2013:15:59:55 +0200] "GET /favicon.ico HTTP/1.1" 404 1256 "-" "Mozilla/5.0 (X11; Linux i686; rv:7.0.1) Gecko/20100101 Firefox/7.0.1"
84.160.32.159 - - [16/Apr/2013:15:59:55 +0200] "GET /favicon.ico HTTP/1.1" 404 1256 "-" "Mozilla/5.0 (X11; Linux i686; rv:7.0.1) Gecko/20100101 Firefox/7.0.1"
84.160.32.159 - - [16/Apr/2013:15:59:55 +0200] "GET /09a.swf HTTP/1.1" 200 19689 "http://www.dialyse-waldbronn.de/09a.html" "Mozilla/5.0 (X11; Linux i686; rv:7.0.1) Gecko/20100101 Firefox/7.0.1"
84.160.32.159 - - [16/Apr/2013:16:01:06 +0200] "GET / HTTP/1.1" 200 4014 "-" "Mozilla/5.0 (X11; Linux i686; rv:7.0.1) Gecko/20100101 Firefox/7.0.1"
84.160.32.159 - - [16/Apr/2013:16:01:07 +0200] "GET /back.jpg HTTP/1.1" 404 1256 "http://www.dialyse-waldbronn.de/" "Mozilla/5.0 (X11; Linux i686; rv:7.0.1) Gecko/20100101 Firefox/7.0.1"
84.160.32.159 - - [16/Apr/2013:16:01:07 +0200] "GET /index.swf HTTP/1.1" 200 8893 "http://www.dialyse-waldbronn.de/" "Mozilla/5.0 (X11; Linux i686; rv:7.0.1) Gecko/20100101 Firefox/7.0.1"
84.160.32.159 - - [16/Apr/2013:16:01:11 +0200] "GET /00themen00.html HTTP/1.1" 200 2236 "http://www.dialyse-waldbronn.de/" "Mozilla/5.0 (X11; Linux i686; rv:7.0.1) Gecko/20100101 Firefox/7.0.1"
84.160.32.159 - - [16/Apr/2013:16:01:12 +0200] "GET /00themen00.swf HTTP/1.1" 200 12608 "http://www.dialyse-waldbronn.de/00themen00.html" "Mozilla/5.0 (X11; Linux i686; rv:7.0.1) Gecko/20100101 Firefox/7.0.1"
84.160.32.159 - - [16/Apr/2013:16:01:14 +0200] "GET /01.html HTTP/1.1" 200 1988 "http://www.dialyse-waldbronn.de/00themen00.html" "Mozilla/5.0 (X11; Linux i686; rv:7.0.1) Gecko/20100101 Firefox/7.0.1"
84.160.32.159 - - [16/Apr/2013:16:01:14 +0200] "GET /01.swf HTTP/1.1" 200 36918 "http://www.dialyse-waldbronn.de/01.html" "Mozilla/5.0 (X11; Linux i686; rv:7.0.1) Gecko/20100101 Firefox/7.0.1"
84.160.32.159 - - [16/Apr/2013:16:01:28 +0200] "GET /03.html HTTP/1.1" 200 2012 "http://www.dialyse-waldbronn.de/00themen00.html" "Mozilla/5.0 (X11; Linux i686; rv:7.0.1) Gecko/20100101 Firefox/7.0.1"
84.160.32.159 - - [16/Apr/2013:16:01:28 +0200] "GET /03.swf HTTP/1.1" 200 79366 "http://www.dialyse-waldbronn.de/03.html" "Mozilla/5.0 (X11; Linux i686; rv:7.0.1) Gecko/20100101 Firefox/7.0.1"
84.160.32.159 - - [16/Apr/2013:16:01:41 +0200] "GET /03b.html HTTP/1.1" 200 2020 "http://www.dialyse-waldbronn.de/03.html" "Mozilla/5.0 (X11; Linux i686; rv:7.0.1) Gecko/20100101 Firefox/7.0.1"
84.160.32.159 - - [16/Apr/2013:16:01:41 +0200] "GET /03b.swf HTTP/1.1" 200 198225 "http://www.dialyse-waldbronn.de/03b.html" "Mozilla/5.0 (X11; Linux i686; rv:7.0.1) Gecko/20100101 Firefox/7.0.1"
84.160.32.159 - - [16/Apr/2013:16:02:02 +0200] "GET /08.html HTTP/1.1" 200 2068 "http://www.dialyse-waldbronn.de/00themen00.html" "Mozilla/5.0 (X11; Linux i686; rv:7.0.1) Gecko/20100101 Firefox/7.0.1"
84.160.32.159 - - [16/Apr/2013:16:02:02 +0200] "GET /08.swf HTTP/1.1" 200 22102 "http://www.dialyse-waldbronn.de/08.html" "Mozilla/5.0 (X11; Linux i686; rv:7.0.1) Gecko/20100101 Firefox/7.0.1"
202.46.57.80 - - [16/Apr/2013:17:00:41 +0200] "GET / HTTP/1.1" 200 4014 "-" "Mozilla/4.0 (compatible; MSIE 7.0; Windows NT 6.0)"
119.63.193.131 - - [16/Apr/2013:17:01:33 +0200] "GET / HTTP/1.1" 200 4014 "-" "Mozilla/4.0 (compatible; MSIE 7.0; Windows NT 6.0)"
66.249.75.125 - - [16/Apr/2013:17:30:04 +0200] "GET /robots.txt HTTP/1.1" 404 1256 "-" "Mozilla/5.0 (compatible; Googlebot/2.1; +http://www.google.com/bot.html)"
66.249.75.125 - - [16/Apr/2013:17:30:04 +0200] "GET /00themen00.html HTTP/1.1" 304 - "-" "Mozilla/5.0 (compatible; Googlebot/2.1; +http://www.google.com/bot.html)"
94.153.64.197 - - [16/Apr/2013:17:39:07 +0200] "GET / HTTP/1.1" 200 4014 "http://www.offshorewealth.info/" "Opera/7.60 (Windows NT 5.2; U) [en] (IBM EVV/3.0/EAK01AG9/LE)"
94.153.64.197 - - [16/Apr/2013:17:39:08 +0200] "GET / HTTP/1.1" 200 4014 "http://www.offshorewealth.info/" "Opera/7.60 (Windows NT 5.2; U) [en] (IBM EVV/3.0/EAK01AG9/LE)"
94.153.64.197 - - [16/Apr/2013:17:39:08 +0200] "GET / HTTP/1.1" 200 4014 "http://www.offshorewealth.info/" "Opera/7.60 (Windows NT 5.2; U) [en] (IBM EVV/3.0/EAK01AG9/LE)"
202.46.54.56 - - [16/Apr/2013:19:05:44 +0200] "GET / HTTP/1.1" 200 4014 "-" "Mozilla/4.0 (compatible; MSIE 7.0; Windows NT 6.0)"
119.63.193.131 - - [16/Apr/2013:19:06:45 +0200] "GET / HTTP/1.1" 200 4014 "-" "Mozilla/4.0 (compatible; MSIE 7.0; Windows NT 6.0)"
202.46.51.50 - - [16/Apr/2013:21:04:12 +0200] "GET / HTTP/1.1" 200 4014 "-" "Mozilla/4.0 (compatible; MSIE 7.0; Windows NT 6.0)"
119.63.193.195 - - [16/Apr/2013:21:05:09 +0200] "GET / HTTP/1.1" 200 4014 "-" "Mozilla/4.0 (compatible; MSIE 7.0; Windows NT 6.0)"
180.76.5.58 - - [16/Apr/2013:21:12:56 +0200] "GET /robots.txt HTTP/1.1" 404 1256 "-" "Mozilla/5.0 (Windows NT 5.1; rv:6.0.2) Gecko/20100101 Firefox/6.0.2"
66.249.75.125 - - [16/Apr/2013:22:08:23 +0200] "GET /09.html HTTP/1.1" 200 2140 "-" "Mozilla/5.0 (compatible; Googlebot/2.1; +http://www.google.com/bot.html)"
202.46.54.57 - - [16/Apr/2013:23:03:34 +0200] "GET / HTTP/1.1" 200 4014 "-" "Mozilla/4.0 (compatible; MSIE 7.0; Windows NT 6.0)"
119.63.193.194 - - [16/Apr/2013:23:04:31 +0200] "GET / HTTP/1.1" 200 4014 "-" "Mozilla/4.0 (compatible; MSIE 7.0; Windows NT 6.0)"
64.246.165.170 - - [16/Apr/2013:23:43:11 +0200] "GET /robots.txt HTTP/1.0" 404 1256 "-" "Mozilla/5.0 (Windows; U; Windows NT 5.1; en; rv:1.9.0.13) Gecko/2009073022 Firefox/3.5.2 (.NET CLR 3.5.30729) SurveyBot/2.3 (DomainTools)"
64.246.165.170 - - [16/Apr/2013:23:43:11 +0200] "GET / HTTP/1.1" 200 4014 "http://whois.domaintools.com/dialyse-waldbronn.de" "Mozilla/5.0 (Windows; U; Windows NT 5.1; en; rv:1.9.0.13) Gecko/2009073022 Firefox/3.5.2 (.NET CLR 3.5.30729) SurveyBot/2.3 (DomainTools)"
66.249.75.125 - - [17/Apr/2013:00:09:07 +0200] "GET / HTTP/1.1" 200 4014 "-" "SAMSUNG-SGH-E250/1.0 Profile/MIDP-2.0 Configuration/CLDC-1.1 UP.Browser/6.2.3.3.c.1.101 (GUI) MMP/2.0 (compatible; Googlebot-Mobile/2.1; +http://www.google.com/bot.html)"
66.249.75.125 - - [17/Apr/2013:00:10:11 +0200] "GET / HTTP/1.1" 200 4014 "-" "DoCoMo/2.0 N905i(c100;TB;W24H16) (compatible; Googlebot-Mobile/2.1; +http://www.google.com/bot.html)"
202.46.63.79 - - [17/Apr/2013:01:03:43 +0200] "GET / HTTP/1.1" 200 4014 "-" "Mozilla/4.0 (compatible; MSIE 7.0; Windows NT 6.0)"
119.63.193.195 - - [17/Apr/2013:01:04:41 +0200] "GET / HTTP/1.1" 200 4014 "-" "Mozilla/4.0 (compatible; MSIE 7.0; Windows NT 6.0)"
202.46.58.35 - - [17/Apr/2013:03:05:17 +0200] "GET / HTTP/1.1" 200 4014 "-" "Mozilla/4.0 (compatible; MSIE 7.0; Windows NT 6.0)"
119.63.193.130 - - [17/Apr/2013:03:06:17 +0200] "GET / HTTP/1.1" 200 4014 "-" "Mozilla/4.0 (compatible; MSIE 7.0; Windows NT 6.0)"
157.56.93.220 - - [17/Apr/2013:04:18:16 +0200] "GET /robots.txt HTTP/1.1" 404 1256 "-" "Mozilla/5.0 (compatible; bingbot/2.0; +http://www.bing.com/bingbot.htm)"
157.56.93.220 - - [17/Apr/2013:04:19:39 +0200] "GET / HTTP/1.1" 200 4014 "-" "Mozilla/5.0 (compatible; bingbot/2.0; +http://www.bing.com/bingbot.htm)"
66.249.75.125 - - [17/Apr/2013:05:01:19 +0200] "GET /robots.txt HTTP/1.1" 404 1256 "-" "Mozilla/5.0 (compatible; Googlebot/2.1; +http://www.google.com/bot.html)"
66.249.75.125 - - [17/Apr/2013:06:06:26 +0200] "GET /index.swf HTTP/1.1" 200 8893 "-" "Mozilla/5.0 (iPhone; U; CPU iPhone OS 4_1 like Mac OS X; en-us) AppleWebKit/532.9 (KHTML, like Gecko) Version/4.0.5 Mobile/8B117 Safari/6531.22.7 (compatible; Googlebot-Mobile/2.1; +http://www.google.com/bot.html)"
91.207.6.34 - - [17/Apr/2013:06:29:42 +0200] "GET / HTTP/1.1" 200 4014 "http://www.prostitutki-tolyatti.org/" "Mozilla/4.0 (compatible; MSIE 6.0; Windows NT 5.1; ru) Opera 8.01"
91.207.6.34 - - [17/Apr/2013:06:29:42 +0200] "GET / HTTP/1.1" 200 4014 "http://www.prostitutki-tolyatti.org/" "Mozilla/4.0 (compatible; MSIE 6.0; Windows NT 5.1; ru) Opera 8.01"
91.207.6.34 - - [17/Apr/2013:06:29:43 +0200] "GET / HTTP/1.1" 200 4014 "http://www.prostitutki-tolyatti.org/" "Mozilla/4.0 (compatible; MSIE 6.0; Windows NT 5.1; ru) Opera 8.01"
202.46.60.17 - - [17/Apr/2013:07:05:10 +0200] "GET / HTTP/1.1" 200 4014 "-" "Mozilla/4.0 (compatible; MSIE 7.0; Windows NT 6.0)"
119.63.193.195 - - [17/Apr/2013:07:06:09 +0200] "GET / HTTP/1.1" 200 4014 "-" "Mozilla/4.0 (compatible; MSIE 7.0; Windows NT 6.0)"
66.249.75.125 - - [17/Apr/2013:07:28:13 +0200] "GET /index.swf HTTP/1.1" 200 8893 "-" "Mozilla/5.0 (compatible; Googlebot/2.1; +http://www.google.com/bot.html)"
91.207.6.34 - - [17/Apr/2013:07:52:35 +0200] "GET / HTTP/1.1" 200 4014 "http://www.prostitutki-kharkova.org/" "Mozilla/4.0 (compatible; MSIE 6.0; Windows NT 5.1; ru) Opera 8.01"
91.207.6.34 - - [17/Apr/2013:07:52:35 +0200] "GET / HTTP/1.1" 200 4014 "http://www.prostitutki-kharkova.org/" "Mozilla/4.0 (compatible; MSIE 6.0; Windows NT 5.1; ru) Opera 8.01"
91.207.6.34 - - [17/Apr/2013:07:52:36 +0200] "GET / HTTP/1.1" 200 4014 "http://www.prostitutki-kharkova.org/" "Mozilla/4.0 (compatible; MSIE 6.0; Windows NT 5.1; ru) Opera 8.01"
202.46.50.17 - - [17/Apr/2013:09:04:28 +0200] "GET / HTTP/1.1" 200 4014 "-" "Mozilla/4.0 (compatible; MSIE 7.0; Windows NT 6.0)"
119.63.193.196 - - [17/Apr/2013:09:05:29 +0200] "GET / HTTP/1.1" 200 4014 "-" "Mozilla/4.0 (compatible; MSIE 7.0; Windows NT 6.0)"
213.23.84.208 - - [17/Apr/2013:10:34:25 +0200] "GET /09a.html HTTP/1.0" 200 2065 "http://www.google.com/search?hl=de&source=hp&q=dr.+anja+menzinger+waldbronn&gbv=2&oq=dr.+anja+menzinger&gs_l=heirloom-hp.1.0.0.203.8310.0.11059.15.6.0.9.9.0.438.1125.3-2j1.3.0...0.0...1ac.1.G12ylDiS_bE" "Mozilla/4.0 (compatible; MSIE 7.0; Windows NT 5.1; .NET CLR 2.0.50727; .NET CLR 3.0.04506.30; .NET CLR 3.0.4506.2152; .NET CLR 3.5.30729; InfoPath.1)"
213.23.84.208 - - [17/Apr/2013:10:34:26 +0200] "GET /AC_RunActiveContent.js HTTP/1.0" 200 8029 "http://www.dialyse-waldbronn.de/09a.html" "Mozilla/4.0 (compatible; MSIE 7.0; Windows NT 5.1; .NET CLR 2.0.50727; .NET CLR 3.0.04506.30; .NET CLR 3.0.4506.2152; .NET CLR 3.5.30729; InfoPath.1)"
213.23.84.208 - - [17/Apr/2013:10:34:31 +0200] "GET /favicon.ico HTTP/1.0" 404 1256 "-" "Mozilla/4.0 (compatible; MSIE 7.0; Windows NT 5.1; .NET CLR 2.0.50727; .NET CLR 3.0.04506.30; .NET CLR 3.0.4506.2152; .NET CLR 3.5.30729; InfoPath.1)"
202.46.63.125 - - [17/Apr/2013:11:02:51 +0200] "GET / HTTP/1.1" 200 4014 "-" "Mozilla/4.0 (compatible; MSIE 7.0; Windows NT 6.0)"
119.63.193.194 - - [17/Apr/2013:11:03:48 +0200] "GET / HTTP/1.1" 200 4014 "-" "Mozilla/4.0 (compatible; MSIE 7.0; Windows NT 6.0)"
193.106.136.61 - - [17/Apr/2013:11:25:50 +0200] "GET / HTTP/1.1" 200 4014 "http://nayra.ru/" "Mozilla/4.0 (compatible; MSIE 6.0; Windows NT 5.0; Avant Browser [avantbrowser.com]; Hotbar 4.4.5.0)"
193.106.136.61 - - [17/Apr/2013:11:25:50 +0200] "GET / HTTP/1.1" 200 4014 "http://nayra.ru/" "Mozilla/4.0 (compatible; MSIE 6.0; Windows NT 5.0; Avant Browser [avantbrowser.com]; Hotbar 4.4.5.0)"
202.46.55.58 - - [17/Apr/2013:13:02:40 +0200] "GET / HTTP/1.1" 200 4014 "-" "Mozilla/4.0 (compatible; MSIE 7.0; Windows NT 6.0)"
119.63.193.196 - - [17/Apr/2013:13:03:34 +0200] "GET / HTTP/1.1" 200 4014 "-" "Mozilla/4.0 (compatible; MSIE 7.0; Windows NT 6.0)"
66.249.75.125 - - [17/Apr/2013:13:45:30 +0200] "GET /01.html HTTP/1.1" 200 1988 "-" "Mozilla/5.0 (compatible; Googlebot/2.1; +http://www.google.com/bot.html)"
202.46.48.17 - - [17/Apr/2013:15:05:59 +0200] "GET / HTTP/1.1" 200 4014 "-" "Mozilla/4.0 (compatible; MSIE 7.0; Windows NT 6.0)"
119.63.193.196 - - [17/Apr/2013:15:07:02 +0200] "GET / HTTP/1.1" 200 4014 "-" "Mozilla/4.0 (compatible; MSIE 7.0; Windows NT 6.0)"
66.249.75.125 - - [17/Apr/2013:15:16:24 +0200] "GET /09a.html HTTP/1.1" 304 - "-" "Mozilla/5.0 (compatible; Googlebot/2.1; +http://www.google.com/bot.html)"
202.46.54.41 - - [17/Apr/2013:17:01:10 +0200] "GET / HTTP/1.1" 200 4014 "-" "Mozilla/4.0 (compatible; MSIE 7.0; Windows NT 6.0)"
119.63.193.130 - - [17/Apr/2013:17:02:01 +0200] "GET / HTTP/1.1" 200 4014 "-" "Mozilla/4.0 (compatible; MSIE 7.0; Windows NT 6.0)"
202.46.52.22 - - [17/Apr/2013:19:05:47 +0200] "GET / HTTP/1.1" 200 4014 "-" "Mozilla/4.0 (compatible; MSIE 7.0; Windows NT 6.0)"
119.63.193.194 - - [17/Apr/2013:19:06:48 +0200] "GET / HTTP/1.1" 200 4014 "-" "Mozilla/4.0 (compatible; MSIE 7.0; Windows NT 6.0)"
157.55.32.95 - - [17/Apr/2013:20:24:07 +0200] "GET /robots.txt HTTP/1.1" 404 1256 "-" "Mozilla/5.0 (compatible; bingbot/2.0; +http://www.bing.com/bingbot.htm)"
157.55.32.95 - - [17/Apr/2013:20:25:51 +0200] "GET / HTTP/1.1" 200 4014 "-" "Mozilla/5.0 (compatible; bingbot/2.0; +http://www.bing.com/bingbot.htm)"
157.55.32.95 - - [17/Apr/2013:21:01:53 +0200] "GET / HTTP/1.1" 200 4014 "-" "Mozilla/5.0 (compatible; bingbot/2.0; +http://www.bing.com/bingbot.htm)"
202.46.54.121 - - [17/Apr/2013:21:05:24 +0200] "GET / HTTP/1.1" 200 4014 "-" "Mozilla/4.0 (compatible; MSIE 7.0; Windows NT 6.0)"
119.63.193.130 - - [17/Apr/2013:21:06:22 +0200] "GET / HTTP/1.1" 200 4014 "-" "Mozilla/4.0 (compatible; MSIE 7.0; Windows NT 6.0)"
92.249.127.111 - - [17/Apr/2013:22:29:05 +0200] "GET / HTTP/1.1" 200 4014 "http://bestdizajn.ru/" "Mozilla/5.0 (compatible; news bot /2.1)"
92.249.127.111 - - [17/Apr/2013:22:29:05 +0200] "GET / HTTP/1.1" 200 4014 "http://bestdizajn.ru/" "Mozilla/5.0 (compatible; news bot /2.1)"
92.249.127.111 - - [17/Apr/2013:22:29:06 +0200] "GET / HTTP/1.1" 200 4014 "http://bestdizajn.ru/" "Mozilla/5.0 (compatible; news bot /2.1)"
202.46.57.69 - - [17/Apr/2013:23:04:14 +0200] "GET / HTTP/1.1" 200 4014 "-" "Mozilla/4.0 (compatible; MSIE 7.0; Windows NT 6.0)"
141.8.147.12 - - [17/Apr/2013:23:04:33 +0200] "GET /robots.txt HTTP/1.1" 404 1256 "-" "Mozilla/5.0 (compatible; YandexBot/3.0; +http://yandex.com/bots)"
119.63.193.194 - - [17/Apr/2013:23:05:11 +0200] "GET / HTTP/1.1" 200 4014 "-" "Mozilla/4.0 (compatible; MSIE 7.0; Windows NT 6.0)"
202.46.50.16 - - [18/Apr/2013:01:03:35 +0200] "GET / HTTP/1.1" 200 4014 "-" "Mozilla/4.0 (compatible; MSIE 7.0; Windows NT 6.0)"
119.63.193.195 - - [18/Apr/2013:01:04:31 +0200] "GET / HTTP/1.1" 200 4014 "-" "Mozilla/4.0 (compatible; MSIE 7.0; Windows NT 6.0)"
141.8.147.12 - - [18/Apr/2013:02:55:34 +0200] "GET / HTTP/1.1" 200 4014 "-" "Mozilla/5.0 (compatible; YandexBot/3.0; +http://yandex.com/bots)"
141.8.147.12 - - [18/Apr/2013:02:56:06 +0200] "GET /09.swf HTTP/1.1" 200 23193 "-" "Mozilla/5.0 (compatible; YandexBot/3.0; +http://yandex.com/bots)"
141.8.147.12 - - [18/Apr/2013:02:56:08 +0200] "GET /index.swf HTTP/1.1" 200 8893 "-" "Mozilla/5.0 (compatible; YandexBot/3.0; +http://yandex.com/bots)"
202.46.54.122 - - [18/Apr/2013:03:05:10 +0200] "GET / HTTP/1.1" 200 4014 "-" "Mozilla/4.0 (compatible; MSIE 7.0; Windows NT 6.0)"
119.63.193.196 - - [18/Apr/2013:03:06:10 +0200] "GET / HTTP/1.1" 200 4014 "-" "Mozilla/4.0 (compatible; MSIE 7.0; Windows NT 6.0)"
66.249.75.125 - - [18/Apr/2013:03:20:42 +0200] "GET /robots.txt HTTP/1.1" 404 1256 "-" "Mozilla/5.0 (compatible; Googlebot/2.1; +http://www.google.com/bot.html)"
66.249.75.125 - - [18/Apr/2013:03:20:42 +0200] "GET / HTTP/1.1" 200 4014 "-" "Mozilla/5.0 (iPhone; U; CPU iPhone OS 4_1 like Mac OS X; en-us) AppleWebKit/532.9 (KHTML, like Gecko) Version/4.0.5 Mobile/8B117 Safari/6531.22.7 (compatible; Googlebot-Mobile/2.1; +http://www.google.com/bot.html)"
202.46.51.49 - - [18/Apr/2013:05:00:17 +0200] "GET / HTTP/1.1" 200 4014 "-" "Mozilla/4.0 (compatible; MSIE 7.0; Windows NT 6.0)"
119.63.193.132 - - [18/Apr/2013:05:01:06 +0200] "GET / HTTP/1.1" 200 4014 "-" "Mozilla/4.0 (compatible; MSIE 7.0; Windows NT 6.0)"
202.46.56.42 - - [18/Apr/2013:07:05:28 +0200] "GET / HTTP/1.1" 200 4014 "-" "Mozilla/4.0 (compatible; MSIE 7.0; Windows NT 6.0)"
119.63.193.196 - - [18/Apr/2013:07:06:29 +0200] "GET / HTTP/1.1" 200 4014 "-" "Mozilla/4.0 (compatible; MSIE 7.0; Windows NT 6.0)"
66.249.75.125 - - [18/Apr/2013:07:39:51 +0200] "GET /09.html HTTP/1.1" 304 - "-" "SAMSUNG-SGH-E250/1.0 Profile/MIDP-2.0 Configuration/CLDC-1.1 UP.Browser/6.2.3.3.c.1.101 (GUI) MMP/2.0 (compatible; Googlebot-Mobile/2.1; +http://www.google.com/bot.html)"
202.46.53.31 - - [18/Apr/2013:09:04:07 +0200] "GET / HTTP/1.1" 200 4014 "-" "Mozilla/4.0 (compatible; MSIE 7.0; Windows NT 6.0)"
119.63.193.132 - - [18/Apr/2013:09:05:07 +0200] "GET / HTTP/1.1" 200 4014 "-" "Mozilla/4.0 (compatible; MSIE 7.0; Windows NT 6.0)"
66.249.75.125 - - [18/Apr/2013:09:08:23 +0200] "GET /03.html HTTP/1.1" 304 - "-" "Mozilla/5.0 (iPhone; U; CPU iPhone OS 4_1 like Mac OS X; en-us) AppleWebKit/532.9 (KHTML, like Gecko) Version/4.0.5 Mobile/8B117 Safari/6531.22.7 (compatible; Googlebot-Mobile/2.1; +http://www.google.com/bot.html)"
91.61.248.97 - - [18/Apr/2013:10:24:18 +0200] "GET /09a.html HTTP/1.1" 200 2065 "http://www.google.de/url?sa=f&rct=j&url=http://www.dialyse-waldbronn.de/09a.html&q=anja+Menzinger&ei=jq1vUYLDF8TXtAbJkoGYDg&usg=AFQjCNGY3gD7YTbuUpqJvwY3yDO5pmv4jw" "Mozilla/5.0 (Windows NT 6.1; WOW64) AppleWebKit/537.31 (KHTML, like Gecko) Chrome/26.0.1410.64 Safari/537.31"
91.61.248.97 - - [18/Apr/2013:10:24:18 +0200] "GET /AC_RunActiveContent.js HTTP/1.1" 200 8029 "http://www.dialyse-waldbronn.de/09a.html" "Mozilla/5.0 (Windows NT 6.1; WOW64) AppleWebKit/537.31 (KHTML, like Gecko) Chrome/26.0.1410.64 Safari/537.31"
91.61.248.97 - - [18/Apr/2013:10:24:18 +0200] "GET /favicon.ico HTTP/1.1" 404 1256 "-" "Mozilla/5.0 (Windows NT 6.1; WOW64) AppleWebKit/537.31 (KHTML, like Gecko) Chrome/26.0.1410.64 Safari/537.31"
91.61.248.97 - - [18/Apr/2013:10:24:38 +0200] "GET /favicon.ico HTTP/1.1" 404 1256 "-" "Mozilla/5.0 (Windows NT 6.1; WOW64) AppleWebKit/537.31 (KHTML, like Gecko) Chrome/26.0.1410.64 Safari/537.31"
