46.5.249.163 - - [03/Apr/2013:15:51:51 +0200] "GET /favicon.ico HTTP/1.1" 404 1256 "-" "Mozilla/5.0 (Windows NT 6.1; WOW64; rv:19.0) Gecko/20100101 Firefox/19.0"
46.5.249.163 - - [03/Apr/2013:15:56:05 +0200] "GET /00themen00.html HTTP/1.1" 200 2236 "http://www.dialyse-waldbronn.de/" "Mozilla/5.0 (Windows NT 6.1; WOW64; rv:19.0) Gecko/20100101 Firefox/19.0"
46.5.249.163 - - [03/Apr/2013:15:56:05 +0200] "GET /AC_RunActiveContent.js HTTP/1.1" 200 8029 "http://www.dialyse-waldbronn.de/00themen00.html" "Mozilla/5.0 (Windows NT 6.1; WOW64; rv:19.0) Gecko/20100101 Firefox/19.0"
46.5.249.163 - - [03/Apr/2013:15:56:05 +0200] "GET /00themen00.swf HTTP/1.1" 200 12608 "http://www.dialyse-waldbronn.de/00themen00.html" "Mozilla/5.0 (Windows NT 6.1; WOW64; rv:19.0) Gecko/20100101 Firefox/19.0"
46.5.249.163 - - [03/Apr/2013:15:56:12 +0200] "GET /01.html HTTP/1.1" 200 1988 "http://www.dialyse-waldbronn.de/00themen00.html" "Mozilla/5.0 (Windows NT 6.1; WOW64; rv:19.0) Gecko/20100101 Firefox/19.0"
46.5.249.163 - - [03/Apr/2013:15:56:12 +0200] "GET /01.swf HTTP/1.1" 200 36918 "http://www.dialyse-waldbronn.de/01.html" "Mozilla/5.0 (Windows NT 6.1; WOW64; rv:19.0) Gecko/20100101 Firefox/19.0"
46.5.249.163 - - [03/Apr/2013:15:56:20 +0200] "GET /02.html HTTP/1.1" 200 1988 "http://www.dialyse-waldbronn.de/00themen00.html" "Mozilla/5.0 (Windows NT 6.1; WOW64; rv:19.0) Gecko/20100101 Firefox/19.0"
46.5.249.163 - - [03/Apr/2013:15:56:21 +0200] "GET /02.swf HTTP/1.1" 200 19509 "http://www.dialyse-waldbronn.de/02.html" "Mozilla/5.0 (Windows NT 6.1; WOW64; rv:19.0) Gecko/20100101 Firefox/19.0"
46.5.249.163 - - [03/Apr/2013:15:56:42 +0200] "GET /03.html HTTP/1.1" 200 2012 "http://www.dialyse-waldbronn.de/00themen00.html" "Mozilla/5.0 (Windows NT 6.1; WOW64; rv:19.0) Gecko/20100101 Firefox/19.0"
46.5.249.163 - - [03/Apr/2013:15:56:42 +0200] "GET /03.swf HTTP/1.1" 200 79366 "http://www.dialyse-waldbronn.de/03.html" "Mozilla/5.0 (Windows NT 6.1; WOW64; rv:19.0) Gecko/20100101 Firefox/19.0"
46.5.249.163 - - [03/Apr/2013:15:56:54 +0200] "GET /04.html HTTP/1.1" 200 1988 "http://www.dialyse-waldbronn.de/00themen00.html" "Mozilla/5.0 (Windows NT 6.1; WOW64; rv:19.0) Gecko/20100101 Firefox/19.0"
46.5.249.163 - - [03/Apr/2013:15:56:54 +0200] "GET /04.swf HTTP/1.1" 200 20526 "http://www.dialyse-waldbronn.de/04.html" "Mozilla/5.0 (Windows NT 6.1; WOW64; rv:19.0) Gecko/20100101 Firefox/19.0"
46.5.249.163 - - [03/Apr/2013:15:57:05 +0200] "GET /05.html HTTP/1.1" 200 1988 "http://www.dialyse-waldbronn.de/00themen00.html" "Mozilla/5.0 (Windows NT 6.1; WOW64; rv:19.0) Gecko/20100101 Firefox/19.0"
46.5.249.163 - - [03/Apr/2013:15:57:05 +0200] "GET /05.swf HTTP/1.1" 200 44441 "http://www.dialyse-waldbronn.de/05.html" "Mozilla/5.0 (Windows NT 6.1; WOW64; rv:19.0) Gecko/20100101 Firefox/19.0"
46.5.249.163 - - [03/Apr/2013:15:57:12 +0200] "GET /06.html HTTP/1.1" 200 1988 "http://www.dialyse-waldbronn.de/00themen00.html" "Mozilla/5.0 (Windows NT 6.1; WOW64; rv:19.0) Gecko/20100101 Firefox/19.0"
46.5.249.163 - - [03/Apr/2013:15:57:13 +0200] "GET /06.swf HTTP/1.1" 200 18307 "http://www.dialyse-waldbronn.de/06.html" "Mozilla/5.0 (Windows NT 6.1; WOW64; rv:19.0) Gecko/20100101 Firefox/19.0"
91.207.4.186 - - [03/Apr/2013:15:57:13 +0200] "GET / HTTP/1.1" 200 4014 "http://masteralke.net/news.php?readmore=71" "Mozilla/4.0 (compatible; MSIE 6.0; Windows NT 5.1; SV1; .NET CLR 1.1.4322) Babya Discoverer 8.0:"
91.207.4.186 - - [03/Apr/2013:15:57:13 +0200] "GET / HTTP/1.1" 200 4014 "http://masteralke.net/news.php?readmore=71" "Mozilla/4.0 (compatible; MSIE 6.0; Windows NT 5.1; SV1; .NET CLR 1.1.4322) Babya Discoverer 8.0:"
46.5.249.163 - - [03/Apr/2013:15:57:21 +0200] "GET /07.html HTTP/1.1" 200 2372 "http://www.dialyse-waldbronn.de/00themen00.html" "Mozilla/5.0 (Windows NT 6.1; WOW64; rv:19.0) Gecko/20100101 Firefox/19.0"
46.5.249.163 - - [03/Apr/2013:15:57:21 +0200] "GET /07.swf HTTP/1.1" 200 22237 "http://www.dialyse-waldbronn.de/07.html" "Mozilla/5.0 (Windows NT 6.1; WOW64; rv:19.0) Gecko/20100101 Firefox/19.0"
46.5.249.163 - - [03/Apr/2013:15:57:36 +0200] "GET /08.html HTTP/1.1" 200 2068 "http://www.dialyse-waldbronn.de/00themen00.html" "Mozilla/5.0 (Windows NT 6.1; WOW64; rv:19.0) Gecko/20100101 Firefox/19.0"
46.5.249.163 - - [03/Apr/2013:15:57:36 +0200] "GET /08.swf HTTP/1.1" 200 22102 "http://www.dialyse-waldbronn.de/08.html" "Mozilla/5.0 (Windows NT 6.1; WOW64; rv:19.0) Gecko/20100101 Firefox/19.0"
46.5.249.163 - - [03/Apr/2013:15:58:09 +0200] "GET /index.html HTTP/1.1" 200 4014 "http://www.dialyse-waldbronn.de/00themen00.html" "Mozilla/5.0 (Windows NT 6.1; WOW64; rv:19.0) Gecko/20100101 Firefox/19.0"
46.5.249.163 - - [03/Apr/2013:15:58:10 +0200] "GET /back.jpg HTTP/1.1" 404 1256 "http://www.dialyse-waldbronn.de/index.html" "Mozilla/5.0 (Windows NT 6.1; WOW64; rv:19.0) Gecko/20100101 Firefox/19.0"
109.43.0.36 - - [03/Apr/2013:17:09:42 +0200] "GET / HTTP/1.1" 200 4014 "-" "Mozilla/5.0 (Linux; U; Android 4.1.2; de-de; GT-I9300 Build/JZO54K) AppleWebKit/534.30 (KHTML, like Gecko) Version/4.0 Mobile Safari/534.30"
109.43.0.36 - - [03/Apr/2013:17:09:44 +0200] "GET /back.jpg HTTP/1.1" 404 1256 "http://www.dialyse-waldbronn.de/" "Mozilla/5.0 (Linux; U; Android 4.1.2; de-de; GT-I9300 Build/JZO54K) AppleWebKit/534.30 (KHTML, like Gecko) Version/4.0 Mobile Safari/534.30"
109.43.0.36 - - [03/Apr/2013:17:09:45 +0200] "GET /back.jpg HTTP/1.1" 404 1256 "http://www.dialyse-waldbronn.de/" "Mozilla/5.0 (Linux; U; Android 4.1.2; de-de; GT-I9300 Build/JZO54K) AppleWebKit/534.30 (KHTML, like Gecko) Version/4.0 Mobile Safari/534.30"
109.43.0.36 - - [03/Apr/2013:17:09:46 +0200] "GET /favicon.ico HTTP/1.1" 404 1256 "http://www.dialyse-waldbronn.de/" "Mozilla/5.0 (Linux; U; Android 4.1.2; de-de; GT-I9300 Build/JZO54K) AppleWebKit/534.30 (KHTML, like Gecko) Version/4.0 Mobile Safari/534.30"
141.8.147.12 - - [03/Apr/2013:19:46:41 +0200] "GET /robots.txt HTTP/1.1" 404 1256 "-" "Mozilla/5.0 (compatible; YandexBot/3.0; +http://yandex.com/bots)"
195.242.218.133 - - [03/Apr/2013:19:52:01 +0200] "GET / HTTP/1.1" 200 4014 "http://pc.su/" "Mozilla/4.0 (compatible; MSIE 6.0; Windows NT 5.1; SV1; .NET CLR 1.1.4322; XMPP Tiscali Communicator v.10.0.2; .NET CLR 2.0.50727)"
195.242.218.133 - - [03/Apr/2013:19:52:02 +0200] "GET / HTTP/1.1" 200 4014 "http://pc.su/" "Mozilla/4.0 (compatible; MSIE 6.0; Windows NT 5.1; SV1; .NET CLR 1.1.4322; XMPP Tiscali Communicator v.10.0.2; .NET CLR 2.0.50727)"
195.242.218.133 - - [03/Apr/2013:19:52:02 +0200] "GET / HTTP/1.1" 200 4014 "http://pc.su/" "Mozilla/4.0 (compatible; MSIE 6.0; Windows NT 5.1; SV1; .NET CLR 1.1.4322; XMPP Tiscali Communicator v.10.0.2; .NET CLR 2.0.50727)"
141.8.147.12 - - [03/Apr/2013:22:25:47 +0200] "GET / HTTP/1.1" 200 4014 "-" "Mozilla/5.0 (compatible; YandexBot/3.0; +http://yandex.com/bots)"
141.8.147.12 - - [03/Apr/2013:22:25:50 +0200] "GET / HTTP/1.1" 200 4014 "-" "Mozilla/5.0 (compatible; YandexBot/3.0; MirrorDetector; +http://yandex.com/bots)"
141.8.147.12 - - [03/Apr/2013:22:26:23 +0200] "GET / HTTP/1.1" 200 4014 "-" "Mozilla/5.0 (compatible; YandexBot/3.0; MirrorDetector; +http://yandex.com/bots)"
141.8.147.12 - - [03/Apr/2013:22:27:21 +0200] "GET /index.swf HTTP/1.1" 200 8893 "-" "Mozilla/5.0 (compatible; YandexBot/3.0; +http://yandex.com/bots)"
46.118.119.252 - - [03/Apr/2013:23:16:18 +0200] "GET / HTTP/1.1" 200 4014 "http://www.plentagos.com/" "Mozilla/4.0 (compatible; MSIE 6.0; Windows XP)"
46.118.119.252 - - [03/Apr/2013:23:16:18 +0200] "GET / HTTP/1.1" 200 4014 "http://www.plentagos.com/" "Mozilla/4.0 (compatible; MSIE 6.0; Windows XP)"
46.118.119.252 - - [03/Apr/2013:23:16:19 +0200] "GET / HTTP/1.1" 200 4014 "http://www.plentagos.com/" "Mozilla/4.0 (compatible; MSIE 6.0; Windows XP)"
91.207.4.186 - - [03/Apr/2013:23:44:32 +0200] "GET / HTTP/1.1" 200 4014 "http://landteme.net/" "Mozilla/4.0 (compatible; MSIE 6.0; Windows NT 5.0; Avant Browser [avantbrowser.com]; Hotbar 4.4.5.0)"
91.207.4.186 - - [03/Apr/2013:23:44:33 +0200] "GET / HTTP/1.1" 200 4014 "http://landteme.net/" "Mozilla/4.0 (compatible; MSIE 6.0; Windows NT 5.0; Avant Browser [avantbrowser.com]; Hotbar 4.4.5.0)"
91.207.6.34 - - [04/Apr/2013:04:29:54 +0200] "GET / HTTP/1.1" 200 4014 "http://www.prostitutki-omska.org/" "Mozilla/4.0 (compatible; MSIE 6.0; Windows NT 5.1; ru) Opera 8.01"
91.207.6.34 - - [04/Apr/2013:04:29:54 +0200] "GET / HTTP/1.1" 200 4014 "http://www.prostitutki-omska.org/" "Mozilla/4.0 (compatible; MSIE 6.0; Windows NT 5.1; ru) Opera 8.01"
91.207.6.34 - - [04/Apr/2013:04:29:55 +0200] "GET / HTTP/1.1" 200 4014 "http://www.prostitutki-omska.org/" "Mozilla/4.0 (compatible; MSIE 6.0; Windows NT 5.1; ru) Opera 8.01"
193.106.136.62 - - [04/Apr/2013:04:33:07 +0200] "GET / HTTP/1.1" 200 4014 "http://adtimes.ru/" "Mozilla/4.0 (compatible; MSIE 6.0; Windows NT 5.0; Avant Browser [avantbrowser.com]; Hotbar 4.4.5.0)"
46.118.119.252 - - [04/Apr/2013:04:57:23 +0200] "GET / HTTP/1.1" 200 4014 "http://parket-k.ru/" "Mozilla/4.0 (compatible; MSIE 6.0; Windows XP)"
46.118.119.252 - - [04/Apr/2013:04:57:24 +0200] "GET / HTTP/1.1" 200 4014 "http://parket-k.ru/" "Mozilla/4.0 (compatible; MSIE 6.0; Windows XP)"
46.118.119.252 - - [04/Apr/2013:04:57:24 +0200] "GET / HTTP/1.1" 200 4014 "http://parket-k.ru/" "Mozilla/4.0 (compatible; MSIE 6.0; Windows XP)"
66.249.76.125 - - [04/Apr/2013:06:19:26 +0200] "GET /robots.txt HTTP/1.1" 404 1256 "-" "Mozilla/5.0 (compatible; Googlebot/2.1; +http://www.google.com/bot.html)"
66.249.76.125 - - [04/Apr/2013:06:19:27 +0200] "GET / HTTP/1.1" 200 4014 "-" "Mozilla/5.0 (iPhone; U; CPU iPhone OS 4_1 like Mac OS X; en-us) AppleWebKit/532.9 (KHTML, like Gecko) Version/4.0.5 Mobile/8B117 Safari/6531.22.7 (compatible; Googlebot-Mobile/2.1; +http://www.google.com/bot.html)"
91.207.6.34 - - [04/Apr/2013:08:00:01 +0200] "GET / HTTP/1.1" 200 4014 "http://www.vse-prostitutki.org/" "Mozilla/4.0 (compatible; MSIE 6.0; Windows NT 5.1; ru) Opera 8.01"
91.207.6.34 - - [04/Apr/2013:08:00:02 +0200] "GET / HTTP/1.1" 200 4014 "http://www.prostitutki-kharkova.org/" "Mozilla/4.0 (compatible; MSIE 6.0; Windows NT 5.1; ru) Opera 8.01"
91.207.6.34 - - [04/Apr/2013:08:00:02 +0200] "GET / HTTP/1.1" 200 4014 "http://www.vse-prostitutki.org/" "Mozilla/4.0 (compatible; MSIE 6.0; Windows NT 5.1; ru) Opera 8.01"
91.207.6.34 - - [04/Apr/2013:08:00:02 +0200] "GET / HTTP/1.1" 200 4014 "http://www.prostitutki-kharkova.org/" "Mozilla/4.0 (compatible; MSIE 6.0; Windows NT 5.1; ru) Opera 8.01"
91.207.6.34 - - [04/Apr/2013:08:00:02 +0200] "GET / HTTP/1.1" 200 4014 "http://www.vse-prostitutki.org/" "Mozilla/4.0 (compatible; MSIE 6.0; Windows NT 5.1; ru) Opera 8.01"
91.207.6.34 - - [04/Apr/2013:08:00:02 +0200] "GET / HTTP/1.1" 200 4014 "http://www.prostitutki-kharkova.org/" "Mozilla/4.0 (compatible; MSIE 6.0; Windows NT 5.1; ru) Opera 8.01"
66.249.76.125 - - [04/Apr/2013:08:36:42 +0200] "GET /index.swf HTTP/1.1" 200 8893 "-" "Mozilla/5.0 (iPhone; U; CPU iPhone OS 4_1 like Mac OS X; en-us) AppleWebKit/532.9 (KHTML, like Gecko) Version/4.0.5 Mobile/8B117 Safari/6531.22.7 (compatible; Googlebot-Mobile/2.1; +http://www.google.com/bot.html)"
91.207.9.226 - - [04/Apr/2013:09:10:29 +0200] "GET / HTTP/1.1" 200 4014 "http://mug-na-chas-moscow.ru/" "Mozilla/4.0 (compatible; MSIE 6.0; Windows NT 5.0; Avant Browser [avantbrowser.com]; Hotbar 4.4.5.0)"
91.207.9.226 - - [04/Apr/2013:09:10:30 +0200] "GET / HTTP/1.1" 200 4014 "http://mug-na-chas-moscow.ru/" "Mozilla/4.0 (compatible; MSIE 6.0; Windows NT 5.0; Avant Browser [avantbrowser.com]; Hotbar 4.4.5.0)"
91.207.9.226 - - [04/Apr/2013:09:10:30 +0200] "GET / HTTP/1.1" 200 4014 "http://mug-na-chas-moscow.ru/" "Mozilla/4.0 (compatible; MSIE 6.0; Windows NT 5.0; Avant Browser [avantbrowser.com]; Hotbar 4.4.5.0)"
66.249.76.125 - - [04/Apr/2013:12:19:10 +0200] "GET /09a.html HTTP/1.1" 304 - "-" "Mozilla/5.0 (compatible; Googlebot/2.1; +http://www.google.com/bot.html)"
202.46.55.53 - - [04/Apr/2013:13:02:55 +0200] "GET / HTTP/1.1" 200 4014 "-" "Mozilla/4.0 (compatible; MSIE 7.0; Windows NT 6.0)"
119.63.193.132 - - [04/Apr/2013:13:03:51 +0200] "GET / HTTP/1.1" 200 4014 "-" "Mozilla/4.0 (compatible; MSIE 7.0; Windows NT 6.0)"
85.214.134.94 - - [04/Apr/2013:15:03:35 +0200] "GET /robots.txt HTTP/1.1" 404 1256 "-" "Mozilla/5.0 (compatible; emefgebot/beta; +http://emefge.de/bot.html)"
85.214.134.94 - - [04/Apr/2013:15:03:36 +0200] "GET / HTTP/1.1" 200 4014 "-" "Mozilla/5.0 (compatible; emefgebot/beta; +http://emefge.de/bot.html)"
202.46.49.14 - - [04/Apr/2013:15:06:12 +0200] "GET / HTTP/1.1" 200 4014 "-" "Mozilla/4.0 (compatible; MSIE 7.0; Windows NT 6.0)"
119.63.193.194 - - [04/Apr/2013:15:07:15 +0200] "GET / HTTP/1.1" 200 4014 "-" "Mozilla/4.0 (compatible; MSIE 7.0; Windows NT 6.0)"
202.46.54.59 - - [04/Apr/2013:17:01:11 +0200] "GET / HTTP/1.1" 200 4014 "-" "Mozilla/4.0 (compatible; MSIE 7.0; Windows NT 6.0)"
119.63.193.130 - - [04/Apr/2013:17:02:02 +0200] "GET / HTTP/1.1" 200 4014 "-" "Mozilla/4.0 (compatible; MSIE 7.0; Windows NT 6.0)"
66.249.76.125 - - [04/Apr/2013:17:10:13 +0200] "GET /03b.swf HTTP/1.1" 200 198225 "-" "Mozilla/5.0 (compatible; Googlebot/2.1; +http://www.google.com/bot.html)"
66.249.76.125 - - [04/Apr/2013:17:15:01 +0200] "GET /00themen00.swf HTTP/1.1" 200 12608 "-" "Mozilla/5.0 (compatible; Googlebot/2.1; +http://www.google.com/bot.html)"
66.249.76.125 - - [04/Apr/2013:18:41:38 +0200] "GET /robots.txt HTTP/1.1" 404 1256 "-" "Mozilla/5.0 (compatible; Googlebot/2.1; +http://www.google.com/bot.html)"
66.249.76.125 - - [04/Apr/2013:18:41:38 +0200] "GET / HTTP/1.1" 200 4014 "-" "Mozilla/5.0 (compatible; Googlebot/2.1; +http://www.google.com/bot.html)"
202.46.50.12 - - [04/Apr/2013:19:06:31 +0200] "GET / HTTP/1.1" 200 4014 "-" "Mozilla/4.0 (compatible; MSIE 7.0; Windows NT 6.0)"
119.63.193.196 - - [04/Apr/2013:19:07:32 +0200] "GET / HTTP/1.1" 200 4014 "-" "Mozilla/4.0 (compatible; MSIE 7.0; Windows NT 6.0)"
91.207.6.34 - - [04/Apr/2013:19:23:31 +0200] "GET / HTTP/1.1" 200 4014 "http://www.prostitutki-tolyatti.org/" "Mozilla/4.0 (compatible; MSIE 6.0; Windows NT 5.1; ru) Opera 8.01"
91.207.6.34 - - [04/Apr/2013:19:23:32 +0200] "GET / HTTP/1.1" 200 4014 "http://www.prostitutki-tolyatti.org/" "Mozilla/4.0 (compatible; MSIE 6.0; Windows NT 5.1; ru) Opera 8.01"
91.207.6.34 - - [04/Apr/2013:19:23:32 +0200] "GET / HTTP/1.1" 200 4014 "http://www.prostitutki-tolyatti.org/" "Mozilla/4.0 (compatible; MSIE 6.0; Windows NT 5.1; ru) Opera 8.01"
180.76.6.213 - - [04/Apr/2013:20:04:31 +0200] "GET /robots.txt HTTP/1.1" 404 1256 "-" "Mozilla/5.0 (Windows NT 5.1; rv:6.0.2) Gecko/20100101 Firefox/6.0.2"
65.55.52.97 - - [04/Apr/2013:22:40:32 +0200] "GET /robots.txt HTTP/1.1" 404 1256 "-" "Mozilla/5.0 (compatible; bingbot/2.0; +http://www.bing.com/bingbot.htm)"
65.55.52.97 - - [04/Apr/2013:22:42:16 +0200] "GET / HTTP/1.1" 200 4014 "-" "Mozilla/5.0 (compatible; bingbot/2.0; +http://www.bing.com/bingbot.htm)"
202.46.63.75 - - [04/Apr/2013:23:04:14 +0200] "GET / HTTP/1.1" 200 4014 "-" "Mozilla/4.0 (compatible; MSIE 7.0; Windows NT 6.0)"
91.207.9.226 - - [04/Apr/2013:23:04:45 +0200] "GET / HTTP/1.1" 200 4014 "http://remont-ustanovka-tehniki.ru/" "Mozilla/4.0 (compatible; MSIE 6.0; Windows NT 5.0; Avant Browser [avantbrowser.com]; Hotbar 4.4.5.0)"
91.207.9.226 - - [04/Apr/2013:23:04:45 +0200] "GET / HTTP/1.1" 200 4014 "http://remont-ustanovka-tehniki.ru/" "Mozilla/4.0 (compatible; MSIE 6.0; Windows NT 5.0; Avant Browser [avantbrowser.com]; Hotbar 4.4.5.0)"
91.207.9.226 - - [04/Apr/2013:23:04:45 +0200] "GET / HTTP/1.1" 200 4014 "http://remont-ustanovka-tehniki.ru/" "Mozilla/4.0 (compatible; MSIE 6.0; Windows NT 5.0; Avant Browser [avantbrowser.com]; Hotbar 4.4.5.0)"
119.63.193.196 - - [04/Apr/2013:23:05:12 +0200] "GET / HTTP/1.1" 200 4014 "-" "Mozilla/4.0 (compatible; MSIE 7.0; Windows NT 6.0)"
91.207.4.186 - - [04/Apr/2013:23:22:00 +0200] "GET / HTTP/1.1" 200 4014 "http://redsined.net/news.php?readmore=70" "Mozilla/4.0 (compatible; MSIE 6.0; Windows NT 5.0; Avant Browser [avantbrowser.com]; Hotbar 4.4.5.0)"
91.207.4.186 - - [04/Apr/2013:23:22:00 +0200] "GET / HTTP/1.1" 200 4014 "http://redsined.net/news.php?readmore=70" "Mozilla/4.0 (compatible; MSIE 6.0; Windows NT 5.0; Avant Browser [avantbrowser.com]; Hotbar 4.4.5.0)"
202.46.62.27 - - [05/Apr/2013:01:03:41 +0200] "GET / HTTP/1.1" 200 4014 "-" "Mozilla/4.0 (compatible; MSIE 7.0; Windows NT 6.0)"
119.63.193.130 - - [05/Apr/2013:01:04:37 +0200] "GET / HTTP/1.1" 200 4014 "-" "Mozilla/4.0 (compatible; MSIE 7.0; Windows NT 6.0)"
91.207.9.226 - - [05/Apr/2013:01:44:38 +0200] "GET / HTTP/1.1" 200 4014 "http://nayra.ru/" "Mozilla/4.0 (compatible; MSIE 6.0; Windows NT 5.0; Avant Browser [avantbrowser.com]; Hotbar 4.4.5.0)"
91.207.9.226 - - [05/Apr/2013:01:44:38 +0200] "GET / HTTP/1.1" 200 4014 "http://nayra.ru/" "Mozilla/4.0 (compatible; MSIE 6.0; Windows NT 5.0; Avant Browser [avantbrowser.com]; Hotbar 4.4.5.0)"
91.207.9.226 - - [05/Apr/2013:01:44:38 +0200] "GET / HTTP/1.1" 200 4014 "http://nayra.ru/" "Mozilla/4.0 (compatible; MSIE 6.0; Windows NT 5.0; Avant Browser [avantbrowser.com]; Hotbar 4.4.5.0)"
202.46.61.31 - - [05/Apr/2013:03:04:11 +0200] "GET / HTTP/1.1" 200 4014 "-" "Mozilla/4.0 (compatible; MSIE 7.0; Windows NT 6.0)"
119.63.193.130 - - [05/Apr/2013:03:05:08 +0200] "GET / HTTP/1.1" 200 4014 "-" "Mozilla/4.0 (compatible; MSIE 7.0; Windows NT 6.0)"
202.46.53.36 - - [05/Apr/2013:05:01:48 +0200] "GET / HTTP/1.1" 200 4014 "-" "Mozilla/4.0 (compatible; MSIE 7.0; Windows NT 6.0)"
119.63.193.196 - - [05/Apr/2013:05:02:40 +0200] "GET / HTTP/1.1" 200 4014 "-" "Mozilla/4.0 (compatible; MSIE 7.0; Windows NT 6.0)"
202.46.53.63 - - [05/Apr/2013:07:05:06 +0200] "GET / HTTP/1.1" 200 4014 "-" "Mozilla/4.0 (compatible; MSIE 7.0; Windows NT 6.0)"
119.63.193.130 - - [05/Apr/2013:07:06:06 +0200] "GET / HTTP/1.1" 200 4014 "-" "Mozilla/4.0 (compatible; MSIE 7.0; Windows NT 6.0)"
66.249.76.125 - - [05/Apr/2013:08:27:09 +0200] "GET /robots.txt HTTP/1.1" 404 1256 "-" "Mozilla/5.0 (compatible; Googlebot/2.1; +http://www.google.com/bot.html)"
66.249.76.125 - - [05/Apr/2013:08:27:09 +0200] "GET /00themen00.html HTTP/1.1" 200 2236 "-" "SAMSUNG-SGH-E250/1.0 Profile/MIDP-2.0 Configuration/CLDC-1.1 UP.Browser/6.2.3.3.c.1.101 (GUI) MMP/2.0 (compatible; Googlebot-Mobile/2.1; +http://www.google.com/bot.html)"
46.118.119.252 - - [05/Apr/2013:08:36:06 +0200] "GET / HTTP/1.1" 200 4014 "http://allproall.com/stopwords/" "Mozilla/4.0 (compatible; MSIE 6.0; Windows XP)"
46.118.119.252 - - [05/Apr/2013:08:36:06 +0200] "GET / HTTP/1.1" 200 4014 "http://eroticbeauties.ru/" "Mozilla/4.0 (compatible; MSIE 6.0; Windows XP)"
46.118.119.252 - - [05/Apr/2013:08:36:06 +0200] "GET / HTTP/1.1" 200 4014 "http://allproall.com/stopwords/" "Mozilla/4.0 (compatible; MSIE 6.0; Windows XP)"
46.118.119.252 - - [05/Apr/2013:08:36:07 +0200] "GET / HTTP/1.1" 200 4014 "http://eroticbeauties.ru/" "Mozilla/4.0 (compatible; MSIE 6.0; Windows XP)"
46.118.119.252 - - [05/Apr/2013:08:36:07 +0200] "GET / HTTP/1.1" 200 4014 "http://allproall.com/stopwords/" "Mozilla/4.0 (compatible; MSIE 6.0; Windows XP)"
46.118.119.252 - - [05/Apr/2013:08:36:07 +0200] "GET / HTTP/1.1" 200 4014 "http://eroticbeauties.ru/" "Mozilla/4.0 (compatible; MSIE 6.0; Windows XP)"
91.207.4.186 - - [05/Apr/2013:08:50:59 +0200] "GET / HTTP/1.1" 200 4014 "http://nalroken.net/" "Mozilla/4.0 (compatible; MSIE 6.0; Windows NT 5.0; Avant Browser [avantbrowser.com]; Hotbar 4.4.5.0)"
91.207.4.186 - - [05/Apr/2013:08:51:00 +0200] "GET / HTTP/1.1" 200 4014 "http://nalroken.net/" "Mozilla/4.0 (compatible; MSIE 6.0; Windows NT 5.0; Avant Browser [avantbrowser.com]; Hotbar 4.4.5.0)"
202.46.50.158 - - [05/Apr/2013:09:05:03 +0200] "GET / HTTP/1.1" 200 4014 "-" "Mozilla/4.0 (compatible; MSIE 7.0; Windows NT 6.0)"
119.63.193.130 - - [05/Apr/2013:09:06:02 +0200] "GET / HTTP/1.1" 200 4014 "-" "Mozilla/4.0 (compatible; MSIE 7.0; Windows NT 6.0)"
193.106.136.44 - - [05/Apr/2013:10:07:00 +0200] "GET / HTTP/1.1" 200 4014 "http://adtimes.ru/" "Mozilla/4.0 (compatible; MSIE 6.0; Windows NT 5.0; Avant Browser [avantbrowser.com]; Hotbar 4.4.5.0)"
193.106.136.44 - - [05/Apr/2013:10:07:00 +0200] "GET / HTTP/1.1" 200 4014 "http://adtimes.ru/" "Mozilla/4.0 (compatible; MSIE 6.0; Windows NT 5.0; Avant Browser [avantbrowser.com]; Hotbar 4.4.5.0)"
202.46.62.33 - - [05/Apr/2013:11:04:01 +0200] "GET / HTTP/1.1" 200 4014 "-" "Mozilla/4.0 (compatible; MSIE 7.0; Windows NT 6.0)"
119.63.193.195 - - [05/Apr/2013:11:04:58 +0200] "GET / HTTP/1.1" 200 4014 "-" "Mozilla/4.0 (compatible; MSIE 7.0; Windows NT 6.0)"
94.153.64.11 - - [05/Apr/2013:11:22:47 +0200] "GET / HTTP/1.1" 200 4014 "http://www.wallpapers.su/" "Mozilla/4.0 (compatible; MSIE 6.0; Windows NT 5.1; MRA 4.3 (build 01218); .NET CLR 1.1.4322)"
94.153.64.11 - - [05/Apr/2013:11:22:47 +0200] "GET / HTTP/1.1" 200 4014 "http://www.wallpapers.su/" "Mozilla/4.0 (compatible; MSIE 6.0; Windows NT 5.1; MRA 4.3 (build 01218); .NET CLR 1.1.4322)"
94.153.64.11 - - [05/Apr/2013:11:22:47 +0200] "GET / HTTP/1.1" 200 4014 "http://www.wallpapers.su/" "Mozilla/4.0 (compatible; MSIE 6.0; Windows NT 5.1; MRA 4.3 (build 01218); .NET CLR 1.1.4322)"
91.207.4.186 - - [05/Apr/2013:12:46:40 +0200] "GET / HTTP/1.1" 200 4014 "http://studycomets.net/news.php?readmore=93" "Mozilla/4.0 (compatible; MSIE 6.0; Windows NT 5.0; Avant Browser [avantbrowser.com]; Hotbar 4.4.5.0)"
91.207.4.186 - - [05/Apr/2013:12:46:40 +0200] "GET / HTTP/1.1" 200 4014 "http://studycomets.net/news.php?readmore=93" "Mozilla/4.0 (compatible; MSIE 6.0; Windows NT 5.0; Avant Browser [avantbrowser.com]; Hotbar 4.4.5.0)"
202.46.55.54 - - [05/Apr/2013:13:03:16 +0200] "GET / HTTP/1.1" 200 4014 "-" "Mozilla/4.0 (compatible; MSIE 7.0; Windows NT 6.0)"
119.63.193.196 - - [05/Apr/2013:13:04:11 +0200] "GET / HTTP/1.1" 200 4014 "-" "Mozilla/4.0 (compatible; MSIE 7.0; Windows NT 6.0)"
66.249.78.134 - - [05/Apr/2013:14:55:33 +0200] "GET /04.swf HTTP/1.1" 200 20526 "-" "Mozilla/5.0 (compatible; Googlebot/2.1; +http://www.google.com/bot.html)"
202.46.58.22 - - [05/Apr/2013:15:06:04 +0200] "GET / HTTP/1.1" 200 4014 "-" "Mozilla/4.0 (compatible; MSIE 7.0; Windows NT 6.0)"
119.63.193.196 - - [05/Apr/2013:15:07:06 +0200] "GET / HTTP/1.1" 200 4014 "-" "Mozilla/4.0 (compatible; MSIE 7.0; Windows NT 6.0)"
94.153.64.11 - - [05/Apr/2013:16:06:51 +0200] "GET / HTTP/1.1" 200 4014 "http://www.sim-bler.ru/" "Opera/9.0 (Windows NT 5.1; U; en)"
94.153.64.11 - - [05/Apr/2013:16:06:51 +0200] "GET / HTTP/1.1" 200 4014 "http://www.sim-bler.ru/" "Opera/9.0 (Windows NT 5.1; U; en)"
94.153.64.11 - - [05/Apr/2013:16:06:51 +0200] "GET / HTTP/1.1" 200 4014 "http://www.sim-bler.ru/" "Opera/9.0 (Windows NT 5.1; U; en)"
64.246.165.210 - - [05/Apr/2013:16:32:44 +0200] "GET /robots.txt HTTP/1.0" 404 1256 "-" "Mozilla/5.0 (Windows; U; Windows NT 5.1; en; rv:1.9.0.13) Gecko/2009073022 Firefox/3.5.2 (.NET CLR 3.5.30729) SurveyBot/2.3 (DomainTools)"
64.246.165.210 - - [05/Apr/2013:16:32:44 +0200] "GET / HTTP/1.1" 200 4014 "http://whois.domaintools.com/dialyse-waldbronn.de" "Mozilla/5.0 (Windows; U; Windows NT 5.1; en; rv:1.9.0.13) Gecko/2009073022 Firefox/3.5.2 (.NET CLR 3.5.30729) SurveyBot/2.3 (DomainTools)"
202.46.56.52 - - [05/Apr/2013:16:59:59 +0200] "GET / HTTP/1.1" 200 4014 "-" "Mozilla/4.0 (compatible; MSIE 7.0; Windows NT 6.0)"
119.63.193.194 - - [05/Apr/2013:17:00:46 +0200] "GET / HTTP/1.1" 200 4014 "-" "Mozilla/4.0 (compatible; MSIE 7.0; Windows NT 6.0)"
141.8.147.12 - - [05/Apr/2013:17:14:25 +0200] "GET /robots.txt HTTP/1.1" 404 1256 "-" "Mozilla/5.0 (compatible; YandexBot/3.0; +http://yandex.com/bots)"
202.46.55.31 - - [05/Apr/2013:19:06:18 +0200] "GET / HTTP/1.1" 200 4014 "-" "Mozilla/4.0 (compatible; MSIE 7.0; Windows NT 6.0)"
119.63.193.195 - - [05/Apr/2013:19:07:21 +0200] "GET / HTTP/1.1" 200 4014 "-" "Mozilla/4.0 (compatible; MSIE 7.0; Windows NT 6.0)"
109.120.157.179 - - [05/Apr/2013:19:33:20 +0200] "GET / HTTP/1.1" 200 4014 "http://bizlog.ru/" "Mozilla/5.0 (compatible; Add Catalog/2.1;)"
109.120.157.179 - - [05/Apr/2013:19:33:21 +0200] "GET / HTTP/1.1" 200 4014 "http://bizlog.ru/" "Mozilla/5.0 (compatible; Add Catalog/2.1;)"
91.207.4.186 - - [05/Apr/2013:20:31:38 +0200] "GET / HTTP/1.1" 200 4014 "http://landteme.net/" "Mozilla/4.0 (compatible; MSIE 6.0; Windows NT 5.0; Avant Browser [avantbrowser.com]; Hotbar 4.4.5.0)"
91.207.4.186 - - [05/Apr/2013:20:31:39 +0200] "GET / HTTP/1.1" 200 4014 "http://landteme.net/" "Mozilla/4.0 (compatible; MSIE 6.0; Windows NT 5.0; Avant Browser [avantbrowser.com]; Hotbar 4.4.5.0)"
141.8.147.12 - - [05/Apr/2013:20:43:42 +0200] "GET / HTTP/1.1" 200 4014 "-" "Mozilla/5.0 (compatible; YandexBot/3.0; +http://yandex.com/bots)"
141.8.147.12 - - [05/Apr/2013:20:46:29 +0200] "GET /index.swf HTTP/1.1" 200 8893 "-" "Mozilla/5.0 (compatible; YandexBot/3.0; +http://yandex.com/bots)"
202.46.49.73 - - [05/Apr/2013:21:04:29 +0200] "GET / HTTP/1.1" 200 4014 "-" "Mozilla/4.0 (compatible; MSIE 7.0; Windows NT 6.0)"
119.63.193.131 - - [05/Apr/2013:21:05:27 +0200] "GET / HTTP/1.1" 200 4014 "-" "Mozilla/4.0 (compatible; MSIE 7.0; Windows NT 6.0)"
176.9.117.179 - - [05/Apr/2013:21:34:49 +0200] "GET /robots.txt HTTP/1.1" 404 1256 "-" "Mozilla/5.0 (compatible; SearchmetricsBot; http://www.searchmetrics.com/en/searchmetrics-bot/)"
176.9.117.179 - - [05/Apr/2013:21:34:49 +0200] "GET / HTTP/1.1" 200 4014 "-" "Mozilla/5.0 (compatible; SearchmetricsBot; http://www.searchmetrics.com/en/searchmetrics-bot/)"
89.108.102.171 - - [05/Apr/2013:22:30:32 +0200] "GET / HTTP/1.1" 200 4014 "http://getseo.co.il/" "Mozilla/4.0 (compatible; MSIE 7.0b; Windows NT 6.0)"
89.108.102.171 - - [05/Apr/2013:22:30:36 +0200] "GET / HTTP/1.1" 200 4014 "http://getseo.co.il/" "Mozilla/4.0 (compatible; MSIE 7.0b; Windows NT 6.0)"
202.46.56.41 - - [05/Apr/2013:23:04:13 +0200] "GET / HTTP/1.1" 200 4014 "-" "Mozilla/4.0 (compatible; MSIE 7.0; Windows NT 6.0)"
119.63.193.194 - - [05/Apr/2013:23:05:10 +0200] "GET / HTTP/1.1" 200 4014 "-" "Mozilla/4.0 (compatible; MSIE 7.0; Windows NT 6.0)"
180.76.5.191 - - [05/Apr/2013:23:26:15 +0200] "GET /robots.txt HTTP/1.1" 404 1256 "-" "Mozilla/5.0 (Windows NT 5.1; rv:6.0.2) Gecko/20100101 Firefox/6.0.2"
202.46.48.26 - - [06/Apr/2013:01:02:55 +0200] "GET / HTTP/1.1" 200 4014 "-" "Mozilla/4.0 (compatible; MSIE 7.0; Windows NT 6.0)"
119.63.193.195 - - [06/Apr/2013:01:03:49 +0200] "GET / HTTP/1.1" 200 4014 "-" "Mozilla/4.0 (compatible; MSIE 7.0; Windows NT 6.0)"
92.249.127.111 - - [06/Apr/2013:01:47:35 +0200] "GET / HTTP/1.1" 200 4014 "http://nayra.ru/" "Mozilla/5.0 (compatible; news bot /2.1)"
92.249.127.111 - - [06/Apr/2013:01:47:35 +0200] "GET / HTTP/1.1" 200 4014 "http://nayra.ru/" "Mozilla/5.0 (compatible; news bot /2.1)"
92.249.127.111 - - [06/Apr/2013:01:47:36 +0200] "GET / HTTP/1.1" 200 4014 "http://nayra.ru/" "Mozilla/5.0 (compatible; news bot /2.1)"
202.46.48.16 - - [06/Apr/2013:03:04:30 +0200] "GET / HTTP/1.1" 200 4014 "-" "Mozilla/4.0 (compatible; MSIE 7.0; Windows NT 6.0)"
119.63.193.132 - - [06/Apr/2013:03:05:29 +0200] "GET / HTTP/1.1" 200 4014 "-" "Mozilla/4.0 (compatible; MSIE 7.0; Windows NT 6.0)"
180.76.5.151 - - [06/Apr/2013:04:04:41 +0200] "GET / HTTP/1.1" 200 4014 "-" "Mozilla/5.0 (compatible; Baiduspider/2.0; +http://www.baidu.com/search/spider.html)"
66.249.78.134 - - [06/Apr/2013:04:58:48 +0200] "GET /robots.txt HTTP/1.1" 404 1256 "-" "Mozilla/5.0 (compatible; Googlebot/2.1; +http://www.google.com/bot.html)"
66.249.78.134 - - [06/Apr/2013:04:58:49 +0200] "GET / HTTP/1.1" 200 4014 "-" "Mozilla/5.0 (iPhone; U; CPU iPhone OS 4_1 like Mac OS X; en-us) AppleWebKit/532.9 (KHTML, like Gecko) Version/4.0.5 Mobile/8B117 Safari/6531.22.7 (compatible; Googlebot-Mobile/2.1; +http://www.google.com/bot.html)"
202.46.57.65 - - [06/Apr/2013:05:00:57 +0200] "GET / HTTP/1.1" 200 4014 "-" "Mozilla/4.0 (compatible; MSIE 7.0; Windows NT 6.0)"
119.63.193.196 - - [06/Apr/2013:05:01:47 +0200] "GET / HTTP/1.1" 200 4014 "-" "Mozilla/4.0 (compatible; MSIE 7.0; Windows NT 6.0)"
91.207.9.226 - - [06/Apr/2013:06:05:47 +0200] "GET / HTTP/1.1" 200 4014 "http://dorklin.ru/" "Mozilla/4.0 (compatible; MSIE 6.0; Windows NT 5.0; Avant Browser [avantbrowser.com]; Hotbar 4.4.5.0)"
91.207.9.226 - - [06/Apr/2013:06:05:47 +0200] "GET / HTTP/1.1" 200 4014 "http://dorklin.ru/" "Mozilla/4.0 (compatible; MSIE 6.0; Windows NT 5.0; Avant Browser [avantbrowser.com]; Hotbar 4.4.5.0)"
91.207.9.226 - - [06/Apr/2013:06:05:48 +0200] "GET / HTTP/1.1" 200 4014 "http://dorklin.ru/" "Mozilla/4.0 (compatible; MSIE 6.0; Windows NT 5.0; Avant Browser [avantbrowser.com]; Hotbar 4.4.5.0)"
202.46.61.147 - - [06/Apr/2013:07:05:34 +0200] "GET / HTTP/1.1" 200 4014 "-" "Mozilla/4.0 (compatible; MSIE 7.0; Windows NT 6.0)"
119.63.193.195 - - [06/Apr/2013:07:06:34 +0200] "GET / HTTP/1.1" 200 4014 "-" "Mozilla/4.0 (compatible; MSIE 7.0; Windows NT 6.0)"
46.118.119.252 - - [06/Apr/2013:08:22:57 +0200] "GET / HTTP/1.1" 200 4014 "http://www.plentagos.com/" "Mozilla/4.0 (compatible; MSIE 6.0; Windows XP)"
46.118.119.252 - - [06/Apr/2013:08:22:57 +0200] "GET / HTTP/1.1" 200 4014 "http://www.plentagos.com/" "Mozilla/4.0 (compatible; MSIE 6.0; Windows XP)"
46.118.119.252 - - [06/Apr/2013:08:22:57 +0200] "GET / HTTP/1.1" 200 4014 "http://www.plentagos.com/" "Mozilla/4.0 (compatible; MSIE 6.0; Windows XP)"
202.46.63.123 - - [06/Apr/2013:09:04:32 +0200] "GET / HTTP/1.1" 200 4014 "-" "Mozilla/4.0 (compatible; MSIE 7.0; Windows NT 6.0)"
119.63.193.195 - - [06/Apr/2013:09:05:31 +0200] "GET / HTTP/1.1" 200 4014 "-" "Mozilla/4.0 (compatible; MSIE 7.0; Windows NT 6.0)"
66.249.78.134 - - [06/Apr/2013:09:10:27 +0200] "GET /robots.txt HTTP/1.1" 404 1256 "-" "Mozilla/5.0 (compatible; Googlebot/2.1; +http://www.google.com/bot.html)"
66.249.78.134 - - [06/Apr/2013:10:00:06 +0200] "GET /index.swf HTTP/1.1" 200 8893 "-" "SAMSUNG-SGH-E250/1.0 Profile/MIDP-2.0 Configuration/CLDC-1.1 UP.Browser/6.2.3.3.c.1.101 (GUI) MMP/2.0 (compatible; Googlebot-Mobile/2.1; +http://www.google.com/bot.html)"
202.46.55.50 - - [06/Apr/2013:11:03:59 +0200] "GET / HTTP/1.1" 200 4014 "-" "Mozilla/4.0 (compatible; MSIE 7.0; Windows NT 6.0)"
119.63.193.194 - - [06/Apr/2013:11:04:56 +0200] "GET / HTTP/1.1" 200 4014 "-" "Mozilla/4.0 (compatible; MSIE 7.0; Windows NT 6.0)"
202.46.59.75 - - [06/Apr/2013:13:02:43 +0200] "GET / HTTP/1.1" 200 4014 "-" "Mozilla/4.0 (compatible; MSIE 7.0; Windows NT 6.0)"
119.63.193.194 - - [06/Apr/2013:13:03:37 +0200] "GET / HTTP/1.1" 200 4014 "-" "Mozilla/4.0 (compatible; MSIE 7.0; Windows NT 6.0)"
66.249.78.134 - - [06/Apr/2013:13:14:38 +0200] "GET /robots.txt HTTP/1.1" 404 1256 "-" "Mozilla/5.0 (compatible; Googlebot/2.1; +http://www.google.com/bot.html)"
66.249.75.125 - - [06/Apr/2013:13:14:39 +0200] "GET /09a.swf HTTP/1.1" 200 19689 "-" "Mozilla/5.0 (compatible; Googlebot/2.1; +http://www.google.com/bot.html)"
46.118.119.252 - - [06/Apr/2013:13:41:05 +0200] "GET / HTTP/1.1" 200 4014 "http://modamoda.com.ua/" "Mozilla/4.0 (compatible; MSIE 6.0; Windows NT 5.1; SV1; .NET CLR 1.1.4322; .NET CLR 2.0.50727)"
46.118.119.252 - - [06/Apr/2013:13:41:06 +0200] "GET / HTTP/1.1" 200 4014 "http://modamoda.com.ua/" "Mozilla/4.0 (compatible; MSIE 6.0; Windows NT 5.1; SV1; .NET CLR 1.1.4322; .NET CLR 2.0.50727)"
46.118.119.252 - - [06/Apr/2013:13:41:06 +0200] "GET / HTTP/1.1" 200 4014 "http://modamoda.com.ua/" "Mozilla/4.0 (compatible; MSIE 6.0; Windows NT 5.1; SV1; .NET CLR 1.1.4322; .NET CLR 2.0.50727)"
202.46.63.70 - - [06/Apr/2013:15:05:41 +0200] "GET / HTTP/1.1" 200 4014 "-" "Mozilla/4.0 (compatible; MSIE 7.0; Windows NT 6.0)"
119.63.193.195 - - [06/Apr/2013:15:06:41 +0200] "GET / HTTP/1.1" 200 4014 "-" "Mozilla/4.0 (compatible; MSIE 7.0; Windows NT 6.0)"
66.249.78.134 - - [06/Apr/2013:16:20:26 +0200] "GET /03.html HTTP/1.1" 304 - "-" "Mozilla/5.0 (iPhone; U; CPU iPhone OS 4_1 like Mac OS X; en-us) AppleWebKit/532.9 (KHTML, like Gecko) Version/4.0.5 Mobile/8B117 Safari/6531.22.7 (compatible; Googlebot-Mobile/2.1; +http://www.google.com/bot.html)"
202.46.49.16 - - [06/Apr/2013:17:00:33 +0200] "GET / HTTP/1.1" 200 4014 "-" "Mozilla/4.0 (compatible; MSIE 7.0; Windows NT 6.0)"
119.63.193.194 - - [06/Apr/2013:17:01:23 +0200] "GET / HTTP/1.1" 200 4014 "-" "Mozilla/4.0 (compatible; MSIE 7.0; Windows NT 6.0)"
180.76.5.89 - - [06/Apr/2013:18:22:44 +0200] "GET /robots.txt HTTP/1.1" 404 1256 "-" "Mozilla/5.0 (Windows NT 5.1; rv:6.0.2) Gecko/20100101 Firefox/6.0.2"
202.46.63.124 - - [06/Apr/2013:19:06:21 +0200] "GET / HTTP/1.1" 200 4014 "-" "Mozilla/4.0 (compatible; MSIE 7.0; Windows NT 6.0)"
119.63.193.195 - - [06/Apr/2013:19:07:23 +0200] "GET / HTTP/1.1" 200 4014 "-" "Mozilla/4.0 (compatible; MSIE 7.0; Windows NT 6.0)"
91.207.4.186 - - [06/Apr/2013:20:09:09 +0200] "GET / HTTP/1.1" 200 4014 "http://redsined.net/news.php?readmore=70" "Mozilla/4.0 (compatible; MSIE 6.0; Windows NT 5.0; Avant Browser [avantbrowser.com]; Hotbar 4.4.5.0)"
91.207.4.186 - - [06/Apr/2013:20:09:09 +0200] "GET / HTTP/1.1" 200 4014 "http://redsined.net/news.php?readmore=70" "Mozilla/4.0 (compatible; MSIE 6.0; Windows NT 5.0; Avant Browser [avantbrowser.com]; Hotbar 4.4.5.0)"
157.56.93.227 - - [06/Apr/2013:20:28:31 +0200] "GET /robots.txt HTTP/1.1" 404 1256 "-" "Mozilla/5.0 (compatible; bingbot/2.0; +http://www.bing.com/bingbot.htm)"
157.56.93.227 - - [06/Apr/2013:20:31:20 +0200] "GET / HTTP/1.1" 200 4014 "-" "Mozilla/5.0 (compatible; bingbot/2.0; +http://www.bing.com/bingbot.htm)"
193.106.136.44 - - [06/Apr/2013:20:35:02 +0200] "GET / HTTP/1.1" 200 4014 "http://adtimes.ru/" "Mozilla/4.0 (compatible; MSIE 6.0; Windows NT 5.0; Avant Browser [avantbrowser.com]; Hotbar 4.4.5.0)"
193.106.136.44 - - [06/Apr/2013:20:35:02 +0200] "GET / HTTP/1.1" 200 4014 "http://adtimes.ru/" "Mozilla/4.0 (compatible; MSIE 6.0; Windows NT 5.0; Avant Browser [avantbrowser.com]; Hotbar 4.4.5.0)"
202.46.62.92 - - [06/Apr/2013:21:05:36 +0200] "GET / HTTP/1.1" 200 4014 "-" "Mozilla/4.0 (compatible; MSIE 7.0; Windows NT 6.0)"
119.63.193.130 - - [06/Apr/2013:21:06:35 +0200] "GET / HTTP/1.1" 200 4014 "-" "Mozilla/4.0 (compatible; MSIE 7.0; Windows NT 6.0)"
202.46.54.50 - - [06/Apr/2013:23:02:47 +0200] "GET / HTTP/1.1" 200 4014 "-" "Mozilla/4.0 (compatible; MSIE 7.0; Windows NT 6.0)"
119.63.193.130 - - [06/Apr/2013:23:03:43 +0200] "GET / HTTP/1.1" 200 4014 "-" "Mozilla/4.0 (compatible; MSIE 7.0; Windows NT 6.0)"
66.249.78.134 - - [07/Apr/2013:00:12:42 +0200] "GET / HTTP/1.1" 200 4014 "-" "Mozilla/5.0 (compatible; Googlebot/2.1; +http://www.google.com/bot.html)"
91.207.9.226 - - [07/Apr/2013:00:50:37 +0200] "GET / HTTP/1.1" 200 4014 "http://mug-na-chas-moscow.ru/" "Mozilla/4.0 (compatible; MSIE 6.0; Windows NT 5.0; Avant Browser [avantbrowser.com]; Hotbar 4.4.5.0)"
91.207.9.226 - - [07/Apr/2013:00:50:37 +0200] "GET / HTTP/1.1" 200 4014 "http://mug-na-chas-moscow.ru/" "Mozilla/4.0 (compatible; MSIE 6.0; Windows NT 5.0; Avant Browser [avantbrowser.com]; Hotbar 4.4.5.0)"
91.207.9.226 - - [07/Apr/2013:00:50:38 +0200] "GET / HTTP/1.1" 200 4014 "http://mug-na-chas-moscow.ru/" "Mozilla/4.0 (compatible; MSIE 6.0; Windows NT 5.0; Avant Browser [avantbrowser.com]; Hotbar 4.4.5.0)"
202.46.62.13 - - [07/Apr/2013:01:02:46 +0200] "GET / HTTP/1.1" 200 4014 "-" "Mozilla/4.0 (compatible; MSIE 7.0; Windows NT 6.0)"
119.63.193.130 - - [07/Apr/2013:01:03:41 +0200] "GET / HTTP/1.1" 200 4014 "-" "Mozilla/4.0 (compatible; MSIE 7.0; Windows NT 6.0)"
66.249.78.134 - - [07/Apr/2013:02:37:08 +0200] "GET /robots.txt HTTP/1.1" 404 1256 "-" "Mozilla/5.0 (compatible; Googlebot/2.1; +http://www.google.com/bot.html)"
66.249.78.134 - - [07/Apr/2013:02:39:31 +0200] "GET /index.swf HTTP/1.1" 200 8893 "-" "Mozilla/5.0 (compatible; Googlebot/2.1; +http://www.google.com/bot.html)"
91.207.6.34 - - [07/Apr/2013:03:01:51 +0200] "GET / HTTP/1.1" 200 4014 "http://www.prostitutki-omska.org/" "Mozilla/4.0 (compatible; MSIE 6.0; Windows NT 5.1; ru) Opera 8.01"
91.207.6.34 - - [07/Apr/2013:03:01:52 +0200] "GET / HTTP/1.1" 200 4014 "http://www.prostitutki-omska.org/" "Mozilla/4.0 (compatible; MSIE 6.0; Windows NT 5.1; ru) Opera 8.01"
91.207.6.34 - - [07/Apr/2013:03:01:52 +0200] "GET / HTTP/1.1" 200 4014 "http://www.prostitutki-omska.org/" "Mozilla/4.0 (compatible; MSIE 6.0; Windows NT 5.1; ru) Opera 8.01"
202.46.60.67 - - [07/Apr/2013:05:01:25 +0200] "GET / HTTP/1.1" 200 4014 "-" "Mozilla/4.0 (compatible; MSIE 7.0; Windows NT 6.0)"
119.63.193.195 - - [07/Apr/2013:05:02:15 +0200] "GET / HTTP/1.1" 200 4014 "-" "Mozilla/4.0 (compatible; MSIE 7.0; Windows NT 6.0)"
66.249.78.134 - - [07/Apr/2013:06:01:14 +0200] "GET /09a.html HTTP/1.1" 304 - "-" "Mozilla/5.0 (iPhone; U; CPU iPhone OS 4_1 like Mac OS X; en-us) AppleWebKit/532.9 (KHTML, like Gecko) Version/4.0.5 Mobile/8B117 Safari/6531.22.7 (compatible; Googlebot-Mobile/2.1; +http://www.google.com/bot.html)"
91.207.6.34 - - [07/Apr/2013:06:31:50 +0200] "GET / HTTP/1.1" 200 4014 "http://www.prostitutki-kharkova.org/" "Mozilla/4.0 (compatible; MSIE 6.0; Windows NT 5.1; ru) Opera 8.01"
91.207.6.34 - - [07/Apr/2013:06:31:50 +0200] "GET / HTTP/1.1" 200 4014 "http://www.prostitutki-kharkova.org/" "Mozilla/4.0 (compatible; MSIE 6.0; Windows NT 5.1; ru) Opera 8.01"
91.207.6.34 - - [07/Apr/2013:06:31:51 +0200] "GET / HTTP/1.1" 200 4014 "http://www.prostitutki-kharkova.org/" "Mozilla/4.0 (compatible; MSIE 6.0; Windows NT 5.1; ru) Opera 8.01"
202.46.63.74 - - [07/Apr/2013:07:06:09 +0200] "GET / HTTP/1.1" 200 4014 "-" "Mozilla/4.0 (compatible; MSIE 7.0; Windows NT 6.0)"
119.63.193.194 - - [07/Apr/2013:07:07:09 +0200] "GET / HTTP/1.1" 200 4014 "-" "Mozilla/4.0 (compatible; MSIE 7.0; Windows NT 6.0)"
202.46.56.52 - - [07/Apr/2013:09:04:37 +0200] "GET / HTTP/1.1" 200 4014 "-" "Mozilla/4.0 (compatible; MSIE 7.0; Windows NT 6.0)"
119.63.193.132 - - [07/Apr/2013:09:05:44 +0200] "GET / HTTP/1.1" 200 4014 "-" "Mozilla/4.0 (compatible; MSIE 7.0; Windows NT 6.0)"
91.207.4.186 - - [07/Apr/2013:09:15:48 +0200] "GET / HTTP/1.1" 200 4014 "http://renkele.net/news.php?readmore=69" "Mozilla/4.0 (compatible; MSIE 6.0; Windows NT 5.2; WOW64; SV1; .NET CLR 2.0.50727)"
91.207.4.186 - - [07/Apr/2013:09:15:49 +0200] "GET / HTTP/1.1" 200 4014 "http://renkele.net/news.php?readmore=69" "Mozilla/4.0 (compatible; MSIE 6.0; Windows NT 5.2; WOW64; SV1; .NET CLR 2.0.50727)"
66.249.78.134 - - [07/Apr/2013:09:43:16 +0200] "GET /09a.swf HTTP/1.1" 200 19689 "-" "Mozilla/5.0 (compatible; Googlebot/2.1; +http://www.google.com/bot.html)"
66.249.75.125 - - [07/Apr/2013:10:33:54 +0200] "GET /09.html HTTP/1.1" 304 - "-" "DoCoMo/2.0 N905i(c100;TB;W24H16) (compatible; Googlebot-Mobile/2.1; +http://www.google.com/bot.html)"
208.115.111.70 - - [07/Apr/2013:11:01:28 +0200] "GET /robots.txt HTTP/1.1" 404 1256 "-" "Mozilla/5.0 (compatible; Ezooms/1.0; ezooms.bot@gmail.com)"
208.115.111.70 - - [07/Apr/2013:12:42:26 +0200] "GET / HTTP/1.1" 200 4014 "-" "Mozilla/5.0 (compatible; Ezooms/1.0; ezooms.bot@gmail.com)"
202.46.53.36 - - [07/Apr/2013:13:01:39 +0200] "GET / HTTP/1.1" 200 4014 "-" "Mozilla/4.0 (compatible; MSIE 7.0; Windows NT 6.0)"
119.63.193.130 - - [07/Apr/2013:13:02:33 +0200] "GET / HTTP/1.1" 200 4014 "-" "Mozilla/4.0 (compatible; MSIE 7.0; Windows NT 6.0)"
5.9.7.208 - - [07/Apr/2013:13:03:31 +0200] "GET /robots.txt HTTP/1.0" 404 1256 "-" "Mozilla/5.0 (compatible; MJ12bot/v1.4.3; http://www.majestic12.co.uk/bot.php?+)"
5.9.7.208 - - [07/Apr/2013:13:03:33 +0200] "GET / HTTP/1.0" 200 4014 "-" "Mozilla/5.0 (compatible; MJ12bot/v1.4.3; http://www.majestic12.co.uk/bot.php?+)"
91.207.9.226 - - [07/Apr/2013:14:37:56 +0200] "GET / HTTP/1.1" 200 4014 "http://komportal.ru/" "Mozilla/4.79 [en] (Windows NT 5.0; U)"
91.207.9.226 - - [07/Apr/2013:14:37:56 +0200] "GET / HTTP/1.1" 200 4014 "http://komportal.ru/" "Mozilla/4.79 [en] (Windows NT 5.0; U)"
91.207.9.226 - - [07/Apr/2013:14:37:57 +0200] "GET / HTTP/1.1" 200 4014 "http://komportal.ru/" "Mozilla/4.79 [en] (Windows NT 5.0; U)"
202.46.55.21 - - [07/Apr/2013:15:05:34 +0200] "GET / HTTP/1.1" 200 4014 "-" "Mozilla/4.0 (compatible; MSIE 7.0; Windows NT 6.0)"
119.63.193.132 - - [07/Apr/2013:15:06:34 +0200] "GET / HTTP/1.1" 200 4014 "-" "Mozilla/4.0 (compatible; MSIE 7.0; Windows NT 6.0)"
94.153.64.11 - - [07/Apr/2013:15:38:25 +0200] "GET / HTTP/1.1" 200 4014 "http://www.wallpapers.su/" "Mozilla/4.0 (compatible; MSIE 6.0; Windows NT 5.1; MRA 4.3 (build 01218); .NET CLR 1.1.4322)"
94.153.64.11 - - [07/Apr/2013:15:38:25 +0200] "GET / HTTP/1.1" 200 4014 "http://www.wallpapers.su/" "Mozilla/4.0 (compatible; MSIE 6.0; Windows NT 5.1; MRA 4.3 (build 01218); .NET CLR 1.1.4322)"
94.153.64.11 - - [07/Apr/2013:15:38:26 +0200] "GET / HTTP/1.1" 200 4014 "http://www.wallpapers.su/" "Mozilla/4.0 (compatible; MSIE 6.0; Windows NT 5.1; MRA 4.3 (build 01218); .NET CLR 1.1.4322)"
202.46.53.31 - - [07/Apr/2013:17:00:34 +0200] "GET / HTTP/1.1" 200 4014 "-" "Mozilla/4.0 (compatible; MSIE 7.0; Windows NT 6.0)"
119.63.193.196 - - [07/Apr/2013:17:01:22 +0200] "GET / HTTP/1.1" 200 4014 "-" "Mozilla/4.0 (compatible; MSIE 7.0; Windows NT 6.0)"
91.207.9.226 - - [07/Apr/2013:17:09:09 +0200] "GET / HTTP/1.1" 200 4014 "http://greenalco.ru/" "Mozilla/4.0 (compatible; MSIE 5.5; Windows NT 5.0)"
91.207.9.226 - - [07/Apr/2013:17:09:09 +0200] "GET / HTTP/1.1" 200 4014 "http://greenalco.ru/" "Mozilla/4.0 (compatible; MSIE 5.5; Windows NT 5.0)"
91.207.9.226 - - [07/Apr/2013:17:09:09 +0200] "GET / HTTP/1.1" 200 4014 "http://greenalco.ru/" "Mozilla/4.0 (compatible; MSIE 5.5; Windows NT 5.0)"
91.207.6.34 - - [07/Apr/2013:17:49:59 +0200] "GET / HTTP/1.1" 200 4014 "http://www.prostitutki-ufa.org/" "Mozilla/4.0 (compatible; MSIE 6.0; Windows NT 5.1; SV1; .NET CLR 1.1.4322; .NET CLR 2.0.50727)"
91.207.6.34 - - [07/Apr/2013:17:49:59 +0200] "GET / HTTP/1.1" 200 4014 "http://www.prostitutki-ufa.org/" "Mozilla/4.0 (compatible; MSIE 6.0; Windows NT 5.1; SV1; .NET CLR 1.1.4322; .NET CLR 2.0.50727)"
91.207.6.34 - - [07/Apr/2013:17:50:00 +0200] "GET / HTTP/1.1" 200 4014 "http://www.prostitutki-ufa.org/" "Mozilla/4.0 (compatible; MSIE 6.0; Windows NT 5.1; SV1; .NET CLR 1.1.4322; .NET CLR 2.0.50727)"
46.118.119.252 - - [07/Apr/2013:18:30:34 +0200] "GET / HTTP/1.1" 200 4014 "http://spbinweb.ru/" "Mozilla/4.0 (compatible; MSIE 6.0; Windows XP)"
46.118.119.252 - - [07/Apr/2013:18:30:34 +0200] "GET / HTTP/1.1" 200 4014 "http://allproall.com/stopwords/" "Mozilla/4.0 (compatible; MSIE 6.0; Windows XP)"
46.118.119.252 - - [07/Apr/2013:18:30:35 +0200] "GET / HTTP/1.1" 200 4014 "http://spbinweb.ru/" "Mozilla/4.0 (compatible; MSIE 6.0; Windows XP)"
46.118.119.252 - - [07/Apr/2013:18:30:35 +0200] "GET / HTTP/1.1" 200 4014 "http://allproall.com/stopwords/" "Mozilla/4.0 (compatible; MSIE 6.0; Windows XP)"
46.118.119.252 - - [07/Apr/2013:18:30:35 +0200] "GET / HTTP/1.1" 200 4014 "http://spbinweb.ru/" "Mozilla/4.0 (compatible; MSIE 6.0; Windows XP)"
46.118.119.252 - - [07/Apr/2013:18:30:35 +0200] "GET / HTTP/1.1" 200 4014 "http://allproall.com/stopwords/" "Mozilla/4.0 (compatible; MSIE 6.0; Windows XP)"
91.207.4.186 - - [07/Apr/2013:18:32:29 +0200] "GET / HTTP/1.1" 200 4014 "http://lentover.net/" "Mozilla/6.0 (compatible; MSIE 7.0a1; Windows NT 5.2; SV1)"
91.207.4.186 - - [07/Apr/2013:18:32:30 +0200] "GET / HTTP/1.1" 200 4014 "http://lentover.net/" "Mozilla/6.0 (compatible; MSIE 7.0a1; Windows NT 5.2; SV1)"
202.46.63.75 - - [07/Apr/2013:19:06:22 +0200] "GET / HTTP/1.1" 200 4014 "-" "Mozilla/4.0 (compatible; MSIE 7.0; Windows NT 6.0)"
119.63.193.194 - - [07/Apr/2013:19:07:23 +0200] "GET / HTTP/1.1" 200 4014 "-" "Mozilla/4.0 (compatible; MSIE 7.0; Windows NT 6.0)"
94.153.64.11 - - [07/Apr/2013:19:12:14 +0200] "GET / HTTP/1.1" 200 4014 "http://www.sim-bler.ru/" "Opera/9.0 (Windows NT 5.1; U; en)"
94.153.64.11 - - [07/Apr/2013:19:12:14 +0200] "GET / HTTP/1.1" 200 4014 "http://www.sim-bler.ru/" "Opera/9.0 (Windows NT 5.1; U; en)"
94.153.64.11 - - [07/Apr/2013:19:12:14 +0200] "GET / HTTP/1.1" 200 4014 "http://www.sim-bler.ru/" "Opera/9.0 (Windows NT 5.1; U; en)"
84.56.233.62 - - [07/Apr/2013:21:04:34 +0200] "GET / HTTP/1.1" 200 4014 "http://www.ddnae.de/view.php?id=125dfbd5345a876b2dd41c1dd52bab2d&plz=&land=Baden-W%FCrttemberg&p=5" "Mozilla/5.0 (Macintosh; U; Intel Mac OS X 10.4; de; rv:1.9.2.28) Gecko/20120306 Firefox/3.6.28"
84.56.233.62 - - [07/Apr/2013:21:04:34 +0200] "GET /back.jpg HTTP/1.1" 404 1256 "http://www.dialyse-waldbronn.de/" "Mozilla/5.0 (Macintosh; U; Intel Mac OS X 10.4; de; rv:1.9.2.28) Gecko/20120306 Firefox/3.6.28"
84.56.233.62 - - [07/Apr/2013:21:04:34 +0200] "GET /index.swf HTTP/1.1" 200 8893 "http://www.dialyse-waldbronn.de/" "Mozilla/5.0 (Macintosh; U; Intel Mac OS X 10.4; de; rv:1.9.2.28) Gecko/20120306 Firefox/3.6.28"
84.56.233.62 - - [07/Apr/2013:21:04:34 +0200] "GET /favicon.ico HTTP/1.1" 404 1256 "-" "Mozilla/5.0 (Macintosh; U; Intel Mac OS X 10.4; de; rv:1.9.2.28) Gecko/20120306 Firefox/3.6.28"
202.46.49.15 - - [07/Apr/2013:21:04:38 +0200] "GET / HTTP/1.1" 200 4014 "-" "Mozilla/4.0 (compatible; MSIE 7.0; Windows NT 6.0)"
84.56.233.62 - - [07/Apr/2013:21:04:47 +0200] "GET /back.jpg HTTP/1.1" 404 1256 "http://www.dialyse-waldbronn.de/" "Mozilla/5.0 (Macintosh; U; Intel Mac OS X 10.4; de; rv:1.9.2.28) Gecko/20120306 Firefox/3.6.28"
84.56.233.62 - - [07/Apr/2013:21:04:48 +0200] "GET /favicon.ico HTTP/1.1" 404 1256 "-" "Mozilla/5.0 (Macintosh; U; Intel Mac OS X 10.4; de; rv:1.9.2.28) Gecko/20120306 Firefox/3.6.28"
84.56.233.62 - - [07/Apr/2013:21:04:49 +0200] "GET /00themen00.html HTTP/1.1" 200 2236 "http://www.dialyse-waldbronn.de/" "Mozilla/5.0 (Macintosh; U; Intel Mac OS X 10.4; de; rv:1.9.2.28) Gecko/20120306 Firefox/3.6.28"
84.56.233.62 - - [07/Apr/2013:21:04:49 +0200] "GET /AC_RunActiveContent.js HTTP/1.1" 200 8029 "http://www.dialyse-waldbronn.de/00themen00.html" "Mozilla/5.0 (Macintosh; U; Intel Mac OS X 10.4; de; rv:1.9.2.28) Gecko/20120306 Firefox/3.6.28"
84.56.233.62 - - [07/Apr/2013:21:04:50 +0200] "GET /favicon.ico HTTP/1.1" 404 1256 "-" "Mozilla/5.0 (Macintosh; U; Intel Mac OS X 10.4; de; rv:1.9.2.28) Gecko/20120306 Firefox/3.6.28"
84.56.233.62 - - [07/Apr/2013:21:04:50 +0200] "GET /00themen00.swf HTTP/1.1" 200 12608 "http://www.dialyse-waldbronn.de/00themen00.html" "Mozilla/5.0 (Macintosh; U; Intel Mac OS X 10.4; de; rv:1.9.2.28) Gecko/20120306 Firefox/3.6.28"
84.56.233.62 - - [07/Apr/2013:21:04:54 +0200] "GET /01.html HTTP/1.1" 200 1988 "http://www.dialyse-waldbronn.de/00themen00.html" "Mozilla/5.0 (Macintosh; U; Intel Mac OS X 10.4; de; rv:1.9.2.28) Gecko/20120306 Firefox/3.6.28"
84.56.233.62 - - [07/Apr/2013:21:04:54 +0200] "GET /favicon.ico HTTP/1.1" 404 1256 "-" "Mozilla/5.0 (Macintosh; U; Intel Mac OS X 10.4; de; rv:1.9.2.28) Gecko/20120306 Firefox/3.6.28"
84.56.233.62 - - [07/Apr/2013:21:04:54 +0200] "GET /01.swf HTTP/1.1" 200 36918 "http://www.dialyse-waldbronn.de/01.html" "Mozilla/5.0 (Macintosh; U; Intel Mac OS X 10.4; de; rv:1.9.2.28) Gecko/20120306 Firefox/3.6.28"
84.56.233.62 - - [07/Apr/2013:21:05:05 +0200] "GET /favicon.ico HTTP/1.1" 404 1256 "-" "Mozilla/5.0 (Macintosh; U; Intel Mac OS X 10.4; de; rv:1.9.2.28) Gecko/20120306 Firefox/3.6.28"
84.56.233.62 - - [07/Apr/2013:21:05:07 +0200] "GET /02.html HTTP/1.1" 200 1988 "http://www.dialyse-waldbronn.de/00themen00.html" "Mozilla/5.0 (Macintosh; U; Intel Mac OS X 10.4; de; rv:1.9.2.28) Gecko/20120306 Firefox/3.6.28"
84.56.233.62 - - [07/Apr/2013:21:05:07 +0200] "GET /favicon.ico HTTP/1.1" 404 1256 "-" "Mozilla/5.0 (Macintosh; U; Intel Mac OS X 10.4; de; rv:1.9.2.28) Gecko/20120306 Firefox/3.6.28"
84.56.233.62 - - [07/Apr/2013:21:05:07 +0200] "GET /02.swf HTTP/1.1" 200 19509 "http://www.dialyse-waldbronn.de/02.html" "Mozilla/5.0 (Macintosh; U; Intel Mac OS X 10.4; de; rv:1.9.2.28) Gecko/20120306 Firefox/3.6.28"
84.56.233.62 - - [07/Apr/2013:21:05:12 +0200] "GET /favicon.ico HTTP/1.1" 404 1256 "-" "Mozilla/5.0 (Macintosh; U; Intel Mac OS X 10.4; de; rv:1.9.2.28) Gecko/20120306 Firefox/3.6.28"
84.56.233.62 - - [07/Apr/2013:21:05:15 +0200] "GET /03.html HTTP/1.1" 200 2012 "http://www.dialyse-waldbronn.de/00themen00.html" "Mozilla/5.0 (Macintosh; U; Intel Mac OS X 10.4; de; rv:1.9.2.28) Gecko/20120306 Firefox/3.6.28"
84.56.233.62 - - [07/Apr/2013:21:05:15 +0200] "GET /favicon.ico HTTP/1.1" 404 1256 "-" "Mozilla/5.0 (Macintosh; U; Intel Mac OS X 10.4; de; rv:1.9.2.28) Gecko/20120306 Firefox/3.6.28"
84.56.233.62 - - [07/Apr/2013:21:05:15 +0200] "GET /03.swf HTTP/1.1" 200 79366 "http://www.dialyse-waldbronn.de/03.html" "Mozilla/5.0 (Macintosh; U; Intel Mac OS X 10.4; de; rv:1.9.2.28) Gecko/20120306 Firefox/3.6.28"
84.56.233.62 - - [07/Apr/2013:21:05:35 +0200] "GET /favicon.ico HTTP/1.1" 404 1256 "-" "Mozilla/5.0 (Macintosh; U; Intel Mac OS X 10.4; de; rv:1.9.2.28) Gecko/20120306 Firefox/3.6.28"
119.63.193.196 - - [07/Apr/2013:21:05:36 +0200] "GET / HTTP/1.1" 200 4014 "-" "Mozilla/4.0 (compatible; MSIE 7.0; Windows NT 6.0)"
84.56.233.62 - - [07/Apr/2013:21:05:38 +0200] "GET /04.html HTTP/1.1" 200 1988 "http://www.dialyse-waldbronn.de/00themen00.html" "Mozilla/5.0 (Macintosh; U; Intel Mac OS X 10.4; de; rv:1.9.2.28) Gecko/20120306 Firefox/3.6.28"
84.56.233.62 - - [07/Apr/2013:21:05:38 +0200] "GET /favicon.ico HTTP/1.1" 404 1256 "-" "Mozilla/5.0 (Macintosh; U; Intel Mac OS X 10.4; de; rv:1.9.2.28) Gecko/20120306 Firefox/3.6.28"
84.56.233.62 - - [07/Apr/2013:21:05:38 +0200] "GET /04.swf HTTP/1.1" 200 20526 "http://www.dialyse-waldbronn.de/04.html" "Mozilla/5.0 (Macintosh; U; Intel Mac OS X 10.4; de; rv:1.9.2.28) Gecko/20120306 Firefox/3.6.28"
84.56.233.62 - - [07/Apr/2013:21:05:45 +0200] "GET /favicon.ico HTTP/1.1" 404 1256 "-" "Mozilla/5.0 (Macintosh; U; Intel Mac OS X 10.4; de; rv:1.9.2.28) Gecko/20120306 Firefox/3.6.28"
84.56.233.62 - - [07/Apr/2013:21:05:58 +0200] "GET /07.html HTTP/1.1" 200 2372 "http://www.dialyse-waldbronn.de/00themen00.html" "Mozilla/5.0 (Macintosh; U; Intel Mac OS X 10.4; de; rv:1.9.2.28) Gecko/20120306 Firefox/3.6.28"
84.56.233.62 - - [07/Apr/2013:21:05:58 +0200] "GET /favicon.ico HTTP/1.1" 404 1256 "-" "Mozilla/5.0 (Macintosh; U; Intel Mac OS X 10.4; de; rv:1.9.2.28) Gecko/20120306 Firefox/3.6.28"
84.56.233.62 - - [07/Apr/2013:21:05:58 +0200] "GET /07.swf HTTP/1.1" 200 22237 "http://www.dialyse-waldbronn.de/07.html" "Mozilla/5.0 (Macintosh; U; Intel Mac OS X 10.4; de; rv:1.9.2.28) Gecko/20120306 Firefox/3.6.28"
