212.34.171.69 - - [06/Aug/2012:17:20:38 +0200] "GET / HTTP/1.1" 304 - "http://www.dialyse-waldbronn.de/" "Mozilla/4.0 (compatible; MSIE 8.0; Windows NT 5.1; Trident/4.0; QXW03413; GTB7.3; .NET CLR 1.1.4322; .NET CLR 2.0.50727; .NET CLR 3.0.04506.648; .NET CLR 3.5.21022; .NET CLR 3.0.4506.2152; .NET CLR 3.5.30729; .NET4.0C; OfficeLiveConnector.1.5; OfficeLivePatch.1.3; Creative AutoUpdate v1.10.10)"
212.34.171.69 - - [06/Aug/2012:17:20:38 +0200] "GET /back.jpg HTTP/1.1" 404 1256 "http://www.dialyse-waldbronn.de/" "Mozilla/4.0 (compatible; MSIE 8.0; Windows NT 5.1; Trident/4.0; QXW03413; GTB7.3; .NET CLR 1.1.4322; .NET CLR 2.0.50727; .NET CLR 3.0.04506.648; .NET CLR 3.5.21022; .NET CLR 3.0.4506.2152; .NET CLR 3.5.30729; .NET4.0C; OfficeLiveConnector.1.5; OfficeLivePatch.1.3; Creative AutoUpdate v1.10.10)"
212.34.171.69 - - [06/Aug/2012:17:20:38 +0200] "GET /index.swf HTTP/1.1" 304 - "-" "contype"
212.34.171.69 - - [06/Aug/2012:17:20:38 +0200] "GET /favicon.ico HTTP/1.1" 404 1256 "-" "Mozilla/4.0 (compatible; MSIE 8.0; Windows NT 5.1; Trident/4.0; QXW03413; GTB7.3; .NET CLR 1.1.4322; .NET CLR 2.0.50727; .NET CLR 3.0.04506.648; .NET CLR 3.5.21022; .NET CLR 3.0.4506.2152; .NET CLR 3.5.30729; .NET4.0C; OfficeLiveConnector.1.5; OfficeLivePatch.1.3; Creative AutoUpdate v1.10.10)"
212.34.171.69 - - [06/Aug/2012:17:20:41 +0200] "GET /00themen00.html HTTP/1.1" 200 2236 "http://www.dialyse-waldbronn.de/index.swf" "Mozilla/4.0 (compatible; MSIE 8.0; Windows NT 5.1; Trident/4.0; QXW03413; GTB7.3; .NET CLR 1.1.4322; .NET CLR 2.0.50727; .NET CLR 3.0.04506.648; .NET CLR 3.5.21022; .NET CLR 3.0.4506.2152; .NET CLR 3.5.30729; .NET4.0C; OfficeLiveConnector.1.5; OfficeLivePatch.1.3; Creative AutoUpdate v1.10.10)"
212.34.171.69 - - [06/Aug/2012:17:20:41 +0200] "GET /AC_RunActiveContent.js HTTP/1.1" 200 8029 "http://www.dialyse-waldbronn.de/index.swf" "Mozilla/4.0 (compatible; MSIE 8.0; Windows NT 5.1; Trident/4.0; QXW03413; GTB7.3; .NET CLR 1.1.4322; .NET CLR 2.0.50727; .NET CLR 3.0.04506.648; .NET CLR 3.5.21022; .NET CLR 3.0.4506.2152; .NET CLR 3.5.30729; .NET4.0C; OfficeLiveConnector.1.5; OfficeLivePatch.1.3; Creative AutoUpdate v1.10.10)"
212.34.171.69 - - [06/Aug/2012:17:20:41 +0200] "GET /00themen00.swf HTTP/1.1" 200 12608 "http://www.dialyse-waldbronn.de/00themen00.html" "Mozilla/4.0 (compatible; MSIE 8.0; Windows NT 5.1; Trident/4.0; QXW03413; GTB7.3; .NET CLR 1.1.4322; .NET CLR 2.0.50727; .NET CLR 3.0.04506.648; .NET CLR 3.5.21022; .NET CLR 3.0.4506.2152; .NET CLR 3.5.30729; .NET4.0C; OfficeLiveConnector.1.5; OfficeLivePatch.1.3; Creative AutoUpdate v1.10.10)"
46.4.101.183 - - [07/Aug/2012:06:18:23 +0200] "GET /robots.txt HTTP/1.1" 404 1256 "-" "Domnutch-Bot/Nutch-1.0 (Domnutch; http://www.Nutch.de/)"
46.4.101.183 - - [07/Aug/2012:06:18:23 +0200] "GET / HTTP/1.1" 200 4014 "-" "Domnutch-Bot/Nutch-1.0 (Domnutch; http://www.Nutch.de/)"
66.249.72.13 - - [07/Aug/2012:06:19:37 +0200] "GET /robots.txt HTTP/1.1" 404 1256 "-" "Mozilla/5.0 (compatible; Googlebot/2.1; +http://www.google.com/bot.html)"
66.249.72.13 - - [07/Aug/2012:06:19:37 +0200] "GET /08.swf HTTP/1.1" 200 22102 "-" "Mozilla/5.0 (compatible; Googlebot/2.1; +http://www.google.com/bot.html)"
193.0.212.119 - - [07/Aug/2012:09:35:27 +0200] "GET / HTTP/1.1" 200 4014 "http://lafasof.com/" "Mozilla/1.22 (compatible; MSIE 2.0d; Windows NT)"
193.0.212.119 - - [07/Aug/2012:09:35:27 +0200] "GET / HTTP/1.1" 200 4014 "http://lafasof.com/" "Mozilla/1.22 (compatible; MSIE 2.0d; Windows NT)"
65.52.110.26 - - [07/Aug/2012:13:38:18 +0200] "GET /robots.txt HTTP/1.1" 404 1256 "-" "Mozilla/5.0 (compatible; bingbot/2.0; +http://www.bing.com/bingbot.htm)"
65.52.110.26 - - [07/Aug/2012:13:45:22 +0200] "GET / HTTP/1.1" 304 - "-" "Mozilla/5.0 (compatible; bingbot/2.0; +http://www.bing.com/bingbot.htm)"
213.186.119.144 - - [07/Aug/2012:13:49:38 +0200] "GET /robots.txt HTTP/1.1" 404 1256 "-" "Mozilla/5.0 (compatible; AhrefsBot/3.1; +http://ahrefs.com/robot/)"
109.120.157.179 - - [07/Aug/2012:14:11:05 +0200] "GET / HTTP/1.1" 200 4014 "http://shopozona.ru/" "Mozilla/5.0 (compatible; Add Catalog/2.1;)"
109.120.157.179 - - [07/Aug/2012:14:11:05 +0200] "GET / HTTP/1.1" 200 4014 "http://shopozona.ru/" "Mozilla/5.0 (compatible; Add Catalog/2.1;)"
89.166.224.210 - - [07/Aug/2012:18:03:04 +0200] "GET / HTTP/1.1" 200 4014 "http://www.google.de/url?sa=t&rct=j&q=dialysestationen%20im%20schwarzwald&source=web&cd=12&ved=0CG8QFjABOAo&url=http%3A%2F%2Fwww.dialyse-waldbronn.de%2F&ei=GDwhUMX0K8TPtAaPw4D4Bg&usg=AFQjCNHEX_ZQroPS8hwDzjOxqVHmV6iDWw" "Mozilla/4.0 (compatible; MSIE 8.0; Windows NT 5.1; Trident/4.0; .NET CLR 1.1.4322; .NET CLR 2.0.50727; .NET CLR 3.0.04506.30; .NET CLR 3.0.4506.2152; .NET CLR 3.5.30729)"
89.166.224.210 - - [07/Aug/2012:18:03:04 +0200] "GET /back.jpg HTTP/1.1" 404 1256 "http://www.dialyse-waldbronn.de/" "Mozilla/4.0 (compatible; MSIE 8.0; Windows NT 5.1; Trident/4.0; .NET CLR 1.1.4322; .NET CLR 2.0.50727; .NET CLR 3.0.04506.30; .NET CLR 3.0.4506.2152; .NET CLR 3.5.30729)"
89.166.224.210 - - [07/Aug/2012:18:03:04 +0200] "GET /index.swf HTTP/1.1" 200 8893 "-" "contype"
89.166.224.210 - - [07/Aug/2012:18:03:04 +0200] "GET /index.swf HTTP/1.1" 200 8893 "http://www.dialyse-waldbronn.de/" "Mozilla/4.0 (compatible; MSIE 8.0; Windows NT 5.1; Trident/4.0; .NET CLR 1.1.4322; .NET CLR 2.0.50727; .NET CLR 3.0.04506.30; .NET CLR 3.0.4506.2152; .NET CLR 3.5.30729)"
89.166.224.210 - - [07/Aug/2012:18:03:05 +0200] "GET /favicon.ico HTTP/1.1" 404 1256 "-" "Mozilla/4.0 (compatible; MSIE 8.0; Windows NT 5.1; Trident/4.0; .NET CLR 1.1.4322; .NET CLR 2.0.50727; .NET CLR 3.0.04506.30; .NET CLR 3.0.4506.2152; .NET CLR 3.5.30729)"
89.166.224.210 - - [07/Aug/2012:18:03:12 +0200] "GET /00themen00.html HTTP/1.1" 200 2236 "http://www.dialyse-waldbronn.de/index.swf" "Mozilla/4.0 (compatible; MSIE 8.0; Windows NT 5.1; Trident/4.0; .NET CLR 1.1.4322; .NET CLR 2.0.50727; .NET CLR 3.0.04506.30; .NET CLR 3.0.4506.2152; .NET CLR 3.5.30729)"
89.166.224.210 - - [07/Aug/2012:18:03:12 +0200] "GET /AC_RunActiveContent.js HTTP/1.1" 200 8029 "http://www.dialyse-waldbronn.de/index.swf" "Mozilla/4.0 (compatible; MSIE 8.0; Windows NT 5.1; Trident/4.0; .NET CLR 1.1.4322; .NET CLR 2.0.50727; .NET CLR 3.0.04506.30; .NET CLR 3.0.4506.2152; .NET CLR 3.5.30729)"
89.166.224.210 - - [07/Aug/2012:18:03:12 +0200] "GET /00themen00.swf HTTP/1.1" 200 12608 "http://www.dialyse-waldbronn.de/00themen00.html" "Mozilla/4.0 (compatible; MSIE 8.0; Windows NT 5.1; Trident/4.0; .NET CLR 1.1.4322; .NET CLR 2.0.50727; .NET CLR 3.0.04506.30; .NET CLR 3.0.4506.2152; .NET CLR 3.5.30729)"
89.166.224.210 - - [07/Aug/2012:18:03:12 +0200] "GET /favicon.ico HTTP/1.1" 404 1256 "-" "Mozilla/4.0 (compatible; MSIE 8.0; Windows NT 5.1; Trident/4.0; .NET CLR 1.1.4322; .NET CLR 2.0.50727; .NET CLR 3.0.04506.30; .NET CLR 3.0.4506.2152; .NET CLR 3.5.30729)"
89.166.224.210 - - [07/Aug/2012:18:03:14 +0200] "GET /04.html HTTP/1.1" 200 1988 "http://www.dialyse-waldbronn.de/00themen00.swf" "Mozilla/4.0 (compatible; MSIE 8.0; Windows NT 5.1; Trident/4.0; .NET CLR 1.1.4322; .NET CLR 2.0.50727; .NET CLR 3.0.04506.30; .NET CLR 3.0.4506.2152; .NET CLR 3.5.30729)"
89.166.224.210 - - [07/Aug/2012:18:03:14 +0200] "GET /04.swf HTTP/1.1" 200 20526 "http://www.dialyse-waldbronn.de/04.html" "Mozilla/4.0 (compatible; MSIE 8.0; Windows NT 5.1; Trident/4.0; .NET CLR 1.1.4322; .NET CLR 2.0.50727; .NET CLR 3.0.04506.30; .NET CLR 3.0.4506.2152; .NET CLR 3.5.30729)"
89.166.224.210 - - [07/Aug/2012:18:03:28 +0200] "GET /05.html HTTP/1.1" 200 1988 "http://www.dialyse-waldbronn.de/00themen00.swf" "Mozilla/4.0 (compatible; MSIE 8.0; Windows NT 5.1; Trident/4.0; .NET CLR 1.1.4322; .NET CLR 2.0.50727; .NET CLR 3.0.04506.30; .NET CLR 3.0.4506.2152; .NET CLR 3.5.30729)"
89.166.224.210 - - [07/Aug/2012:18:03:28 +0200] "GET /05.swf HTTP/1.1" 200 44441 "http://www.dialyse-waldbronn.de/05.html" "Mozilla/4.0 (compatible; MSIE 8.0; Windows NT 5.1; Trident/4.0; .NET CLR 1.1.4322; .NET CLR 2.0.50727; .NET CLR 3.0.04506.30; .NET CLR 3.0.4506.2152; .NET CLR 3.5.30729)"
89.166.224.210 - - [07/Aug/2012:18:03:53 +0200] "GET /back.jpg HTTP/1.1" 404 1256 "http://www.dialyse-waldbronn.de/" "Mozilla/4.0 (compatible; MSIE 8.0; Windows NT 5.1; Trident/4.0; .NET CLR 1.1.4322; .NET CLR 2.0.50727; .NET CLR 3.0.04506.30; .NET CLR 3.0.4506.2152; .NET CLR 3.5.30729)"
178.137.129.128 - - [07/Aug/2012:20:01:33 +0200] "GET / HTTP/1.1" 200 4014 "http://dlm.dn.ua/" "Mozilla/4.0 (compatible; MSIE 6.0; Windows NT 5.1; SV1; InfoPath.1)"
178.137.129.128 - - [07/Aug/2012:20:01:35 +0200] "GET / HTTP/1.1" 200 4014 "http://dlm.dn.ua/" "Mozilla/4.0 (compatible; MSIE 6.0; Windows NT 5.1; SV1; InfoPath.1)"
66.249.72.13 - - [08/Aug/2012:02:40:33 +0200] "GET /robots.txt HTTP/1.1" 404 1256 "-" "Mozilla/5.0 (compatible; Googlebot/2.1; +http://www.google.com/bot.html)"
66.249.72.13 - - [08/Aug/2012:02:40:34 +0200] "GET /09.html HTTP/1.1" 304 - "-" "Mozilla/5.0 (compatible; Googlebot/2.1; +http://www.google.com/bot.html)"
192.162.19.183 - - [08/Aug/2012:03:58:01 +0200] "GET / HTTP/1.1" 200 4014 "http://mmmbmw.ru/" "Mozilla/5.0 (Admin Catalog; Windows NT 5.1; infobot.4942@yahoo.com)"
192.162.19.183 - - [08/Aug/2012:03:58:01 +0200] "GET / HTTP/1.1" 200 4014 "http://mmmbmw.ru/" "Mozilla/5.0 (Admin Catalog; Windows NT 5.1; infobot.4942@yahoo.com)"
89.108.102.171 - - [08/Aug/2012:05:05:43 +0200] "GET / HTTP/1.1" 200 4014 "http://blablabla.in/" "Mozilla/5.0 (compatible; YandexBot/3.0; +http://yandex.com/bots)"
89.108.102.171 - - [08/Aug/2012:05:05:44 +0200] "GET / HTTP/1.1" 200 4014 "http://blablabla.in/" "Mozilla/5.0 (compatible; YandexBot/3.0; +http://yandex.com/bots)"
91.56.204.19 - - [08/Aug/2012:09:25:14 +0200] "GET /robots.txt HTTP/1.0" 404 1256 "-" "Mozilla/5.0 (compatible; MJ12bot/v1.4.3; http://www.majestic12.co.uk/bot.php?+)"
91.56.204.19 - - [08/Aug/2012:09:25:16 +0200] "GET / HTTP/1.1" 200 4014 "-" "Mozilla/5.0 (compatible; MJ12bot/v1.4.3; http://www.majestic12.co.uk/bot.php?+)"
149.172.168.13 - - [08/Aug/2012:09:42:32 +0200] "GET /05.html HTTP/1.1" 200 1988 "-" "Mozilla/5.0 (Windows NT 6.2; WOW64) AppleWebKit/537.1 (KHTML, like Gecko) Chrome/21.0.1180.60 Safari/537.1"
149.172.168.13 - - [08/Aug/2012:09:42:33 +0200] "GET /AC_RunActiveContent.js HTTP/1.1" 200 8029 "http://www.dialyse-waldbronn.de/05.html" "Mozilla/5.0 (Windows NT 6.2; WOW64) AppleWebKit/537.1 (KHTML, like Gecko) Chrome/21.0.1180.60 Safari/537.1"
149.172.168.13 - - [08/Aug/2012:09:42:33 +0200] "GET /05.swf HTTP/1.1" 200 44441 "http://www.dialyse-waldbronn.de/05.html" "Mozilla/5.0 (Windows NT 6.2; WOW64) AppleWebKit/537.1 (KHTML, like Gecko) Chrome/21.0.1180.60 Safari/537.1"
149.172.168.13 - - [08/Aug/2012:09:42:33 +0200] "GET /favicon.ico HTTP/1.1" 404 1256 "-" "Mozilla/5.0 (Windows NT 6.2; WOW64) AppleWebKit/537.1 (KHTML, like Gecko) Chrome/21.0.1180.60 Safari/537.1"
149.172.168.13 - - [08/Aug/2012:09:42:34 +0200] "GET /favicon.ico HTTP/1.1" 404 1256 "-" "Mozilla/5.0 (Windows NT 6.2; WOW64) AppleWebKit/537.1 (KHTML, like Gecko) Chrome/21.0.1180.60 Safari/537.1"
149.172.168.13 - - [08/Aug/2012:09:42:34 +0200] "GET /favicon.ico HTTP/1.1" 404 1256 "-" "Mozilla/5.0 (Windows NT 6.2; WOW64) AppleWebKit/537.1 (KHTML, like Gecko) Chrome/21.0.1180.60 Safari/537.1"
149.172.168.13 - - [08/Aug/2012:09:42:34 +0200] "GET /favicon.ico HTTP/1.1" 404 1256 "-" "Mozilla/5.0 (Windows NT 6.2; WOW64) AppleWebKit/537.1 (KHTML, like Gecko) Chrome/21.0.1180.60 Safari/537.1"
149.172.168.13 - - [08/Aug/2012:09:42:34 +0200] "GET /favicon.ico HTTP/1.1" 404 1256 "-" "Mozilla/5.0 (Windows NT 6.2; WOW64) AppleWebKit/537.1 (KHTML, like Gecko) Chrome/21.0.1180.60 Safari/537.1"
149.172.168.13 - - [08/Aug/2012:09:42:34 +0200] "GET /favicon.ico HTTP/1.1" 404 1256 "-" "Mozilla/5.0 (Windows NT 6.2; WOW64) AppleWebKit/537.1 (KHTML, like Gecko) Chrome/21.0.1180.60 Safari/537.1"
149.172.168.13 - - [08/Aug/2012:09:42:35 +0200] "GET /favicon.ico HTTP/1.1" 404 1256 "-" "Mozilla/5.0 (Windows NT 6.2; WOW64) AppleWebKit/537.1 (KHTML, like Gecko) Chrome/21.0.1180.60 Safari/537.1"
149.172.168.13 - - [08/Aug/2012:09:42:35 +0200] "GET /favicon.ico HTTP/1.1" 404 1256 "-" "Mozilla/5.0 (Windows NT 6.2; WOW64) AppleWebKit/537.1 (KHTML, like Gecko) Chrome/21.0.1180.60 Safari/537.1"
149.172.168.13 - - [08/Aug/2012:09:42:35 +0200] "GET /favicon.ico HTTP/1.1" 404 1256 "-" "Mozilla/5.0 (Windows NT 6.2; WOW64) AppleWebKit/537.1 (KHTML, like Gecko) Chrome/21.0.1180.60 Safari/537.1"
149.172.168.13 - - [08/Aug/2012:09:42:35 +0200] "GET /favicon.ico HTTP/1.1" 404 1256 "-" "Mozilla/5.0 (Windows NT 6.2; WOW64) AppleWebKit/537.1 (KHTML, like Gecko) Chrome/21.0.1180.60 Safari/537.1"
149.172.168.13 - - [08/Aug/2012:09:42:36 +0200] "GET /favicon.ico HTTP/1.1" 404 1256 "-" "Mozilla/5.0 (Windows NT 6.2; WOW64) AppleWebKit/537.1 (KHTML, like Gecko) Chrome/21.0.1180.60 Safari/537.1"
149.172.168.13 - - [08/Aug/2012:09:42:40 +0200] "GET /favicon.ico HTTP/1.1" 404 1256 "-" "Mozilla/5.0 (Windows NT 6.2; WOW64) AppleWebKit/537.1 (KHTML, like Gecko) Chrome/21.0.1180.60 Safari/537.1"
149.172.168.13 - - [08/Aug/2012:09:44:21 +0200] "GET /favicon.ico HTTP/1.1" 404 1256 "-" "Mozilla/5.0 (Windows NT 6.2; WOW64) AppleWebKit/537.1 (KHTML, like Gecko) Chrome/21.0.1180.60 Safari/537.1"
149.172.168.13 - - [08/Aug/2012:09:44:25 +0200] "GET /favicon.ico HTTP/1.1" 404 1256 "-" "Mozilla/5.0 (Windows NT 6.2; WOW64) AppleWebKit/537.1 (KHTML, like Gecko) Chrome/21.0.1180.60 Safari/537.1"
149.172.168.13 - - [08/Aug/2012:09:44:26 +0200] "GET /favicon.ico HTTP/1.1" 404 1256 "-" "Mozilla/5.0 (Windows NT 6.2; WOW64) AppleWebKit/537.1 (KHTML, like Gecko) Chrome/21.0.1180.60 Safari/537.1"
149.172.168.13 - - [08/Aug/2012:09:44:26 +0200] "GET /favicon.ico HTTP/1.1" 404 1256 "-" "Mozilla/5.0 (Windows NT 6.2; WOW64) AppleWebKit/537.1 (KHTML, like Gecko) Chrome/21.0.1180.60 Safari/537.1"
149.172.168.13 - - [08/Aug/2012:09:44:26 +0200] "GET /favicon.ico HTTP/1.1" 404 1256 "-" "Mozilla/5.0 (Windows NT 6.2; WOW64) AppleWebKit/537.1 (KHTML, like Gecko) Chrome/21.0.1180.60 Safari/537.1"
149.172.168.13 - - [08/Aug/2012:09:44:26 +0200] "GET /favicon.ico HTTP/1.1" 404 1256 "-" "Mozilla/5.0 (Windows NT 6.2; WOW64) AppleWebKit/537.1 (KHTML, like Gecko) Chrome/21.0.1180.60 Safari/537.1"
149.172.168.13 - - [08/Aug/2012:09:44:26 +0200] "GET /favicon.ico HTTP/1.1" 404 1256 "-" "Mozilla/5.0 (Windows NT 6.2; WOW64) AppleWebKit/537.1 (KHTML, like Gecko) Chrome/21.0.1180.60 Safari/537.1"
149.172.168.13 - - [08/Aug/2012:09:44:26 +0200] "GET /favicon.ico HTTP/1.1" 404 1256 "-" "Mozilla/5.0 (Windows NT 6.2; WOW64) AppleWebKit/537.1 (KHTML, like Gecko) Chrome/21.0.1180.60 Safari/537.1"
149.172.168.13 - - [08/Aug/2012:09:44:27 +0200] "GET /favicon.ico HTTP/1.1" 404 1256 "-" "Mozilla/5.0 (Windows NT 6.2; WOW64) AppleWebKit/537.1 (KHTML, like Gecko) Chrome/21.0.1180.60 Safari/537.1"
149.172.168.13 - - [08/Aug/2012:09:44:27 +0200] "GET /favicon.ico HTTP/1.1" 404 1256 "-" "Mozilla/5.0 (Windows NT 6.2; WOW64) AppleWebKit/537.1 (KHTML, like Gecko) Chrome/21.0.1180.60 Safari/537.1"
149.172.168.13 - - [08/Aug/2012:09:44:27 +0200] "GET /favicon.ico HTTP/1.1" 404 1256 "-" "Mozilla/5.0 (Windows NT 6.2; WOW64) AppleWebKit/537.1 (KHTML, like Gecko) Chrome/21.0.1180.60 Safari/537.1"
149.172.168.13 - - [08/Aug/2012:09:44:27 +0200] "GET /favicon.ico HTTP/1.1" 404 1256 "-" "Mozilla/5.0 (Windows NT 6.2; WOW64) AppleWebKit/537.1 (KHTML, like Gecko) Chrome/21.0.1180.60 Safari/537.1"
149.172.168.13 - - [08/Aug/2012:09:44:27 +0200] "GET /favicon.ico HTTP/1.1" 404 1256 "-" "Mozilla/5.0 (Windows NT 6.2; WOW64) AppleWebKit/537.1 (KHTML, like Gecko) Chrome/21.0.1180.60 Safari/537.1"
149.172.168.13 - - [08/Aug/2012:09:44:32 +0200] "GET /favicon.ico HTTP/1.1" 404 1256 "-" "Mozilla/5.0 (Windows NT 6.2; WOW64) AppleWebKit/537.1 (KHTML, like Gecko) Chrome/21.0.1180.60 Safari/537.1"
188.97.91.17 - - [08/Aug/2012:09:47:52 +0200] "GET / HTTP/1.1" 200 4014 "http://www.google.de/url?sa=t&rct=j&q=dialyse%20in%20bad%20herrenalb&source=web&cd=1&ved=0CFYQFjAA&url=http%3A%2F%2Fwww.dialyse-waldbronn.de%2F&ei=cBkiUNDOAYnvsgb224GQDw&usg=AFQjCNHEX_ZQroPS8hwDzjOxqVHmV6iDWw" "Mozilla/5.0 (Windows NT 5.1) AppleWebKit/537.1 (KHTML, like Gecko) Chrome/21.0.1180.60 Safari/537.1"
188.97.91.17 - - [08/Aug/2012:09:47:52 +0200] "GET /back.jpg HTTP/1.1" 404 1256 "http://www.dialyse-waldbronn.de/" "Mozilla/5.0 (Windows NT 5.1) AppleWebKit/537.1 (KHTML, like Gecko) Chrome/21.0.1180.60 Safari/537.1"
188.97.91.17 - - [08/Aug/2012:09:47:52 +0200] "GET /index.swf HTTP/1.1" 200 8893 "http://www.dialyse-waldbronn.de/" "Mozilla/5.0 (Windows NT 5.1) AppleWebKit/537.1 (KHTML, like Gecko) Chrome/21.0.1180.60 Safari/537.1"
188.97.91.17 - - [08/Aug/2012:09:47:53 +0200] "GET /favicon.ico HTTP/1.1" 404 1256 "-" "Mozilla/5.0 (Windows NT 5.1) AppleWebKit/537.1 (KHTML, like Gecko) Chrome/21.0.1180.60 Safari/537.1"
91.19.25.151 - - [08/Aug/2012:10:26:16 +0200] "GET / HTTP/1.1" 200 4014 "http://www.google.de/search?q=dialyse+waldbronn&ie=UTF-8&oe=UTF-8&hl=de&client=safari" "Mozilla/5.0 (iPhone; CPU iPhone OS 5_1_1 like Mac OS X) AppleWebKit/534.46 (KHTML, like Gecko) Version/5.1 Mobile/9B206 Safari/7534.48.3"
91.19.25.151 - - [08/Aug/2012:10:26:16 +0200] "GET /back.jpg HTTP/1.1" 404 1256 "http://www.dialyse-waldbronn.de/" "Mozilla/5.0 (iPhone; CPU iPhone OS 5_1_1 like Mac OS X) AppleWebKit/534.46 (KHTML, like Gecko) Version/5.1 Mobile/9B206 Safari/7534.48.3"
91.19.25.151 - - [08/Aug/2012:10:26:30 +0200] "GET / HTTP/1.1" 200 4014 "http://www.google.de/search?q=dialyse+waldbronn&ie=UTF-8&oe=UTF-8&hl=de&client=safari" "Mozilla/5.0 (iPhone; CPU iPhone OS 5_1_1 like Mac OS X) AppleWebKit/534.46 (KHTML, like Gecko) Version/5.1 Mobile/9B206 Safari/7534.48.3"
91.19.25.151 - - [08/Aug/2012:10:26:32 +0200] "GET / HTTP/1.1" 200 4014 "http://www.google.de/search?q=dialyse+waldbronn&ie=UTF-8&oe=UTF-8&hl=de&client=safari" "Mozilla/5.0 (iPhone; CPU iPhone OS 5_1_1 like Mac OS X) AppleWebKit/534.46 (KHTML, like Gecko) Version/5.1 Mobile/9B206 Safari/7534.48.3"
91.19.25.151 - - [08/Aug/2012:10:26:33 +0200] "GET /back.jpg HTTP/1.1" 404 1256 "http://www.dialyse-waldbronn.de/" "Mozilla/5.0 (iPhone; CPU iPhone OS 5_1_1 like Mac OS X) AppleWebKit/534.46 (KHTML, like Gecko) Version/5.1 Mobile/9B206 Safari/7534.48.3"
91.19.25.151 - - [08/Aug/2012:10:26:41 +0200] "GET / HTTP/1.1" 200 4014 "http://www.google.de/search?q=dialyse+waldbronn&ie=UTF-8&oe=UTF-8&hl=de&client=safari" "Mozilla/5.0 (iPhone; CPU iPhone OS 5_1_1 like Mac OS X) AppleWebKit/534.46 (KHTML, like Gecko) Version/5.1 Mobile/9B206 Safari/7534.48.3"
91.19.25.151 - - [08/Aug/2012:10:26:41 +0200] "GET /back.jpg HTTP/1.1" 404 1256 "http://www.dialyse-waldbronn.de/" "Mozilla/5.0 (iPhone; CPU iPhone OS 5_1_1 like Mac OS X) AppleWebKit/534.46 (KHTML, like Gecko) Version/5.1 Mobile/9B206 Safari/7534.48.3"
91.19.25.151 - - [08/Aug/2012:10:26:43 +0200] "GET / HTTP/1.1" 200 4014 "http://www.google.de/search?q=dialyse+waldbronn&ie=UTF-8&oe=UTF-8&hl=de&client=safari" "Mozilla/5.0 (iPhone; CPU iPhone OS 5_1_1 like Mac OS X) AppleWebKit/534.46 (KHTML, like Gecko) Version/5.1 Mobile/9B206 Safari/7534.48.3"
91.19.25.151 - - [08/Aug/2012:10:26:44 +0200] "GET /back.jpg HTTP/1.1" 404 1256 "http://www.dialyse-waldbronn.de/" "Mozilla/5.0 (iPhone; CPU iPhone OS 5_1_1 like Mac OS X) AppleWebKit/534.46 (KHTML, like Gecko) Version/5.1 Mobile/9B206 Safari/7534.48.3"
193.0.212.119 - - [08/Aug/2012:13:49:53 +0200] "GET / HTTP/1.1" 200 4014 "http://lafasof.com/" "Mozilla/1.22 (compatible; MSIE 2.0d; Windows NT)"
193.0.212.119 - - [08/Aug/2012:13:49:54 +0200] "GET / HTTP/1.1" 200 4014 "http://lafasof.com/" "Mozilla/1.22 (compatible; MSIE 2.0d; Windows NT)"
193.106.136.45 - - [08/Aug/2012:14:02:22 +0200] "GET / HTTP/1.1" 200 4014 "http://www.velomagazin.com.ua/" "Mozilla/4.0 (compatible; MSIE 5.5; Windows NT 5.0; .NET CLR 1.1.4322)"
193.106.136.45 - - [08/Aug/2012:14:02:23 +0200] "GET / HTTP/1.1" 200 4014 "http://www.velomagazin.com.ua/" "Mozilla/4.0 (compatible; MSIE 5.5; Windows NT 5.0; .NET CLR 1.1.4322)"
95.88.178.184 - - [08/Aug/2012:18:20:34 +0200] "GET / HTTP/1.1" 200 4014 "http://www.google.de/url?sa=t&rct=j&q=dialyse%20waldbronn&source=web&cd=1&ved=0CFMQFjAA&url=http%3A%2F%2Fwww.dialyse-waldbronn.de%2F&ei=sJEiUL6HOsTitQarmYGQCA&usg=AFQjCNHEX_ZQroPS8hwDzjOxqVHmV6iDWw" "Mozilla/5.0 (Macintosh; Intel Mac OS X 10_7_4) AppleWebKit/534.56.5 (KHTML, like Gecko) Version/5.1.6 Safari/534.56.5"
95.88.178.184 - - [08/Aug/2012:18:20:34 +0200] "GET /back.jpg HTTP/1.1" 404 1256 "http://www.dialyse-waldbronn.de/" "Mozilla/5.0 (Macintosh; Intel Mac OS X 10_7_4) AppleWebKit/534.56.5 (KHTML, like Gecko) Version/5.1.6 Safari/534.56.5"
95.88.178.184 - - [08/Aug/2012:18:20:34 +0200] "GET /index.swf HTTP/1.1" 200 8893 "http://www.dialyse-waldbronn.de/" "Mozilla/5.0 (Macintosh; Intel Mac OS X 10_7_4) AppleWebKit/534.56.5 (KHTML, like Gecko) Version/5.1.6 Safari/534.56.5"
95.88.178.184 - - [08/Aug/2012:18:20:36 +0200] "GET /00themen00.html HTTP/1.1" 200 2236 "http://www.dialyse-waldbronn.de/" "Mozilla/5.0 (Macintosh; Intel Mac OS X 10_7_4) AppleWebKit/534.56.5 (KHTML, like Gecko) Version/5.1.6 Safari/534.56.5"
95.88.178.184 - - [08/Aug/2012:18:20:36 +0200] "GET /AC_RunActiveContent.js HTTP/1.1" 200 8029 "http://www.dialyse-waldbronn.de/00themen00.html" "Mozilla/5.0 (Macintosh; Intel Mac OS X 10_7_4) AppleWebKit/534.56.5 (KHTML, like Gecko) Version/5.1.6 Safari/534.56.5"
95.88.178.184 - - [08/Aug/2012:18:20:36 +0200] "GET /favicon.ico HTTP/1.1" 404 1256 "http://www.dialyse-waldbronn.de/00themen00.html" "Mozilla/5.0 (Macintosh; Intel Mac OS X 10_7_4) AppleWebKit/534.56.5 (KHTML, like Gecko) Version/5.1.6 Safari/534.56.5"
95.88.178.184 - - [08/Aug/2012:18:20:36 +0200] "GET /00themen00.swf HTTP/1.1" 200 12608 "http://www.dialyse-waldbronn.de/00themen00.html" "Mozilla/5.0 (Macintosh; Intel Mac OS X 10_7_4) AppleWebKit/534.56.5 (KHTML, like Gecko) Version/5.1.6 Safari/534.56.5"
95.88.178.184 - - [08/Aug/2012:18:20:39 +0200] "GET /01.html HTTP/1.1" 200 1988 "http://www.dialyse-waldbronn.de/00themen00.html" "Mozilla/5.0 (Macintosh; Intel Mac OS X 10_7_4) AppleWebKit/534.56.5 (KHTML, like Gecko) Version/5.1.6 Safari/534.56.5"
95.88.178.184 - - [08/Aug/2012:18:20:39 +0200] "GET /01.swf HTTP/1.1" 200 36918 "http://www.dialyse-waldbronn.de/01.html" "Mozilla/5.0 (Macintosh; Intel Mac OS X 10_7_4) AppleWebKit/534.56.5 (KHTML, like Gecko) Version/5.1.6 Safari/534.56.5"
66.249.72.13 - - [09/Aug/2012:02:48:29 +0200] "GET /robots.txt HTTP/1.1" 404 1256 "-" "Mozilla/5.0 (compatible; Googlebot/2.1; +http://www.google.com/bot.html)"
66.249.72.13 - - [09/Aug/2012:02:48:29 +0200] "GET /02.swf HTTP/1.1" 200 19509 "-" "Mozilla/5.0 (compatible; Googlebot/2.1; +http://www.google.com/bot.html)"
176.9.148.194 - - [09/Aug/2012:06:19:18 +0200] "GET /robots.txt HTTP/1.1" 404 1256 "-" "Mozilla/5.0 (compatible; SISTRIX Crawler; http://crawler.sistrix.net/)"
176.9.148.194 - - [09/Aug/2012:06:19:18 +0200] "GET / HTTP/1.1" 200 4014 "-" "Mozilla/5.0 (compatible; SISTRIX Crawler; http://crawler.sistrix.net/)"
66.249.72.13 - - [09/Aug/2012:07:00:46 +0200] "GET /02.swf HTTP/1.1" 200 19509 "-" "Mozilla/5.0 (compatible; Googlebot/2.1; +http://www.google.com/bot.html)"
208.90.57.196 - - [09/Aug/2012:10:47:23 +0200] "GET / HTTP/1.1" 200 4014 "-" "Mozilla/5.0 (Macintosh; Intel Mac OS X 10.6; rv:2.0.1) Gecko/20100101 Firefox/4.0.1"
213.110.133.221 - - [09/Aug/2012:14:09:54 +0200] "GET / HTTP/1.1" 200 4014 "http://gazetart.su/" "Mozilla/4.0 (compatible; Blog Search;)"
213.110.133.221 - - [09/Aug/2012:14:09:54 +0200] "GET / HTTP/1.1" 200 4014 "http://gazetart.su/" "Mozilla/4.0 (compatible; Blog Search;)"
66.249.72.13 - - [09/Aug/2012:14:26:20 +0200] "GET /robots.txt HTTP/1.1" 404 1256 "-" "Mozilla/5.0 (compatible; Googlebot/2.1; +http://www.google.com/bot.html)"
66.249.72.13 - - [09/Aug/2012:14:26:20 +0200] "GET /04waldbronn.html HTTP/1.1" 200 2092 "-" "Mozilla/5.0 (compatible; Googlebot/2.1; +http://www.google.com/bot.html)"
178.137.129.128 - - [09/Aug/2012:14:30:24 +0200] "GET / HTTP/1.1" 200 4014 "http://dlm.dn.ua/" "Mozilla/4.0 (compatible; MSIE 6.0; Windows NT 5.1; KKman2.0)"
178.137.129.128 - - [09/Aug/2012:14:30:24 +0200] "GET / HTTP/1.1" 200 4014 "http://dlm.dn.ua/" "Mozilla/4.0 (compatible; MSIE 6.0; Windows NT 5.1; KKman2.0)"
65.52.110.26 - - [09/Aug/2012:16:57:11 +0200] "GET /robots.txt HTTP/1.1" 404 1256 "-" "Mozilla/5.0 (compatible; bingbot/2.0; +http://www.bing.com/bingbot.htm)"
65.52.110.26 - - [09/Aug/2012:16:58:00 +0200] "GET / HTTP/1.1" 200 4014 "-" "Mozilla/5.0 (compatible; bingbot/2.0; +http://www.bing.com/bingbot.htm)"
192.162.19.183 - - [10/Aug/2012:00:38:53 +0200] "GET / HTTP/1.1" 200 4014 "http://www.onlainfilmov.net/" "Mozilla/4.0 (Add Catalog; Windows NT 5.1; infobot.4942@yahoo.com)"
192.162.19.183 - - [10/Aug/2012:00:38:54 +0200] "GET / HTTP/1.1" 200 4014 "http://www.onlainfilmov.net/" "Mozilla/4.0 (Add Catalog; Windows NT 5.1; infobot.4942@yahoo.com)"
193.0.212.119 - - [10/Aug/2012:00:40:26 +0200] "GET / HTTP/1.1" 200 4014 "http://bimatoprost-careprost.com.ua/" "Mozilla/4.0 (compatible; MSIE 6.0; Windows NT 5.1; SV1; .NET CLR 1.1.4322) NS8/0.9.6"
193.0.212.119 - - [10/Aug/2012:00:40:27 +0200] "GET / HTTP/1.1" 200 4014 "http://bimatoprost-careprost.com.ua/" "Mozilla/4.0 (compatible; MSIE 6.0; Windows NT 5.1; SV1; .NET CLR 1.1.4322) NS8/0.9.6"
84.57.123.208 - - [10/Aug/2012:11:00:29 +0200] "GET / HTTP/1.1" 200 4014 "http://www.google.de/url?sa=t&rct=j&q=dialyse%20waldbronn&source=web&cd=1&sqi=2&ved=0CEgQFjAA&url=http%3A%2F%2Fwww.dialyse-waldbronn.de%2F&ei=Y80kUPeVB8nusgb3ooDIDQ&usg=AFQjCNHEX_ZQroPS8hwDzjOxqVHmV6iDWw&cad=rja" "Mozilla/5.0 (Windows NT 6.1; WOW64; rv:14.0) Gecko/20100101 Firefox/14.0.1"
84.57.123.208 - - [10/Aug/2012:11:00:29 +0200] "GET /back.jpg HTTP/1.1" 404 1256 "http://www.dialyse-waldbronn.de/" "Mozilla/5.0 (Windows NT 6.1; WOW64; rv:14.0) Gecko/20100101 Firefox/14.0.1"
84.57.123.208 - - [10/Aug/2012:11:00:29 +0200] "GET /index.swf HTTP/1.1" 200 8893 "http://www.dialyse-waldbronn.de/" "Mozilla/5.0 (Windows NT 6.1; WOW64; rv:14.0) Gecko/20100101 Firefox/14.0.1"
84.57.123.208 - - [10/Aug/2012:11:00:30 +0200] "GET /favicon.ico HTTP/1.1" 404 1256 "-" "Mozilla/5.0 (Windows NT 6.1; WOW64; rv:14.0) Gecko/20100101 Firefox/14.0.1"
84.57.123.208 - - [10/Aug/2012:11:00:36 +0200] "GET /00themen00.html HTTP/1.1" 200 2236 "http://www.dialyse-waldbronn.de/" "Mozilla/5.0 (Windows NT 6.1; WOW64; rv:14.0) Gecko/20100101 Firefox/14.0.1"
84.57.123.208 - - [10/Aug/2012:11:00:36 +0200] "GET /AC_RunActiveContent.js HTTP/1.1" 200 8029 "http://www.dialyse-waldbronn.de/00themen00.html" "Mozilla/5.0 (Windows NT 6.1; WOW64; rv:14.0) Gecko/20100101 Firefox/14.0.1"
84.57.123.208 - - [10/Aug/2012:11:00:36 +0200] "GET /00themen00.swf HTTP/1.1" 200 12608 "http://www.dialyse-waldbronn.de/00themen00.html" "Mozilla/5.0 (Windows NT 6.1; WOW64; rv:14.0) Gecko/20100101 Firefox/14.0.1"
84.57.123.208 - - [10/Aug/2012:11:00:46 +0200] "GET /09.html HTTP/1.1" 200 2140 "http://www.dialyse-waldbronn.de/00themen00.html" "Mozilla/5.0 (Windows NT 6.1; WOW64; rv:14.0) Gecko/20100101 Firefox/14.0.1"
84.57.123.208 - - [10/Aug/2012:11:00:47 +0200] "GET /09.swf HTTP/1.1" 200 23193 "http://www.dialyse-waldbronn.de/09.html" "Mozilla/5.0 (Windows NT 6.1; WOW64; rv:14.0) Gecko/20100101 Firefox/14.0.1"
84.57.123.208 - - [10/Aug/2012:11:03:24 +0200] "GET /back.jpg HTTP/1.1" 404 1256 "http://www.dialyse-waldbronn.de/" "Mozilla/5.0 (Windows NT 6.1; WOW64; rv:14.0) Gecko/20100101 Firefox/14.0.1"
84.57.123.208 - - [10/Aug/2012:11:03:29 +0200] "GET /04.html HTTP/1.1" 200 1988 "http://www.dialyse-waldbronn.de/00themen00.html" "Mozilla/5.0 (Windows NT 6.1; WOW64; rv:14.0) Gecko/20100101 Firefox/14.0.1"
84.57.123.208 - - [10/Aug/2012:11:03:29 +0200] "GET /04.swf HTTP/1.1" 200 20526 "http://www.dialyse-waldbronn.de/04.html" "Mozilla/5.0 (Windows NT 6.1; WOW64; rv:14.0) Gecko/20100101 Firefox/14.0.1"
84.57.123.208 - - [10/Aug/2012:11:03:58 +0200] "GET /08.html HTTP/1.1" 200 2068 "http://www.dialyse-waldbronn.de/00themen00.html" "Mozilla/5.0 (Windows NT 6.1; WOW64; rv:14.0) Gecko/20100101 Firefox/14.0.1"
84.57.123.208 - - [10/Aug/2012:11:03:58 +0200] "GET /08.swf HTTP/1.1" 200 22102 "http://www.dialyse-waldbronn.de/08.html" "Mozilla/5.0 (Windows NT 6.1; WOW64; rv:14.0) Gecko/20100101 Firefox/14.0.1"
84.57.123.208 - - [10/Aug/2012:11:04:14 +0200] "GET /04waldbronn.html HTTP/1.1" 200 2092 "http://www.dialyse-waldbronn.de/08.html" "Mozilla/5.0 (Windows NT 6.1; WOW64; rv:14.0) Gecko/20100101 Firefox/14.0.1"
84.57.123.208 - - [10/Aug/2012:11:04:14 +0200] "GET /04waldbronn.swf HTTP/1.1" 200 20798 "http://www.dialyse-waldbronn.de/04waldbronn.html" "Mozilla/5.0 (Windows NT 6.1; WOW64; rv:14.0) Gecko/20100101 Firefox/14.0.1"
193.106.136.59 - - [10/Aug/2012:13:33:05 +0200] "GET / HTTP/1.1" 200 4014 "http://goshara.ru/" "Mozilla/4.0 (compatible; MSIE 5.5; Windows 95; BCD2000)"
193.106.136.59 - - [10/Aug/2012:13:33:05 +0200] "GET / HTTP/1.1" 200 4014 "http://goshara.ru/" "Mozilla/4.0 (compatible; MSIE 5.5; Windows 95; BCD2000)"
178.154.179.250 - - [10/Aug/2012:14:14:05 +0200] "GET /robots.txt HTTP/1.1" 404 1256 "-" "Mozilla/5.0 (compatible; YandexBot/3.0; +http://yandex.com/bots)"
66.249.72.13 - - [10/Aug/2012:19:17:19 +0200] "GET /robots.txt HTTP/1.1" 404 1256 "-" "Mozilla/5.0 (compatible; Googlebot/2.1; +http://www.google.com/bot.html)"
66.249.72.13 - - [10/Aug/2012:19:17:19 +0200] "GET /03.html HTTP/1.1" 304 - "-" "Mozilla/5.0 (iPhone; U; CPU iPhone OS 4_1 like Mac OS X; en-us) AppleWebKit/532.9 (KHTML, like Gecko) Version/4.0.5 Mobile/8B117 Safari/6531.22.7 (compatible; Googlebot-Mobile/2.1; +http://www.google.com/bot.html)"
178.154.179.250 - - [10/Aug/2012:22:00:44 +0200] "GET / HTTP/1.1" 200 4014 "-" "Mozilla/5.0 (compatible; YandexBot/3.0; +http://yandex.com/bots)"
178.154.179.250 - - [10/Aug/2012:22:00:49 +0200] "GET /index.swf HTTP/1.1" 200 8893 "-" "Mozilla/5.0 (compatible; YandexBot/3.0; +http://yandex.com/bots)"
178.137.129.128 - - [11/Aug/2012:06:12:19 +0200] "GET / HTTP/1.1" 200 4014 "http://photo-lol.com/" "Mozilla/4.0 (compatible; Powermarks/3.5; Windows 95/98/2000/NT)"
178.137.129.128 - - [11/Aug/2012:06:12:19 +0200] "GET / HTTP/1.1" 200 4014 "http://photo-lol.com/" "Mozilla/4.0 (compatible; Powermarks/3.5; Windows 95/98/2000/NT)"
66.249.72.13 - - [11/Aug/2012:08:41:20 +0200] "GET /robots.txt HTTP/1.1" 404 1256 "-" "Mozilla/5.0 (compatible; Googlebot/2.1; +http://www.google.com/bot.html)"
66.249.72.13 - - [11/Aug/2012:08:41:20 +0200] "GET /03b.swf HTTP/1.1" 200 198225 "-" "Mozilla/5.0 (compatible; Googlebot/2.1; +http://www.google.com/bot.html)"
89.108.102.171 - - [11/Aug/2012:10:39:45 +0200] "GET / HTTP/1.1" 200 4014 "http://www.rospromtest.ru/" "Mozilla/5.0 (compatible; YandexBot/3.0; +http://yandex.com/bots)"
89.108.102.171 - - [11/Aug/2012:10:39:48 +0200] "GET / HTTP/1.1" 200 4014 "http://www.rospromtest.ru/" "Mozilla/5.0 (compatible; YandexBot/3.0; +http://yandex.com/bots)"
178.154.179.250 - - [11/Aug/2012:12:57:45 +0200] "GET /robots.txt HTTP/1.1" 404 1256 "-" "Mozilla/5.0 (compatible; YandexBot/3.0; +http://yandex.com/bots)"
80.218.38.101 - - [11/Aug/2012:16:05:39 +0200] "GET / HTTP/1.1" 200 4014 "http://www.google.ch/url?sa=t&rct=j&q=Schwarzwald+mit+Dialysem%C3%B6glichkeit&source=web&cd=9&ved=0CHUQFjAI&url=http%3A%2F%2Fwww.dialyse-waldbronn.de%2F&ei=p2MmUMiYBOnP4QS_y4G4CQ&usg=AFQjCNHEX_ZQroPS8hwDzjOxqVHmV6iDWw" "Mozilla/5.0 (Windows NT 5.1; rv:14.0) Gecko/20100101 Firefox/14.0.1"
80.218.38.101 - - [11/Aug/2012:16:05:39 +0200] "GET /back.jpg HTTP/1.1" 404 1256 "http://www.dialyse-waldbronn.de/" "Mozilla/5.0 (Windows NT 5.1; rv:14.0) Gecko/20100101 Firefox/14.0.1"
80.218.38.101 - - [11/Aug/2012:16:05:39 +0200] "GET /index.swf HTTP/1.1" 200 8893 "http://www.dialyse-waldbronn.de/" "Mozilla/5.0 (Windows NT 5.1; rv:14.0) Gecko/20100101 Firefox/14.0.1"
80.218.38.101 - - [11/Aug/2012:16:05:39 +0200] "GET /favicon.ico HTTP/1.1" 404 1256 "-" "Mozilla/5.0 (Windows NT 5.1; rv:14.0) Gecko/20100101 Firefox/14.0.1"
80.218.38.101 - - [11/Aug/2012:16:05:39 +0200] "GET /favicon.ico HTTP/1.1" 404 1256 "-" "Mozilla/5.0 (Windows NT 5.1; rv:14.0) Gecko/20100101 Firefox/14.0.1"
178.154.179.250 - - [11/Aug/2012:20:01:51 +0200] "GET / HTTP/1.1" 200 4014 "-" "Mozilla/5.0 (compatible; YandexBot/3.0; +http://yandex.com/bots)"
178.154.179.250 - - [11/Aug/2012:20:02:00 +0200] "GET /index.swf HTTP/1.1" 200 8893 "-" "Mozilla/5.0 (compatible; YandexBot/3.0; +http://yandex.com/bots)"
109.120.157.179 - - [11/Aug/2012:21:39:39 +0200] "GET / HTTP/1.1" 200 4014 "http://www.artparquet.ru/" "Mozilla/5.0 (compatible; Add Catalog/2.1;)"
109.120.157.179 - - [11/Aug/2012:21:39:39 +0200] "GET / HTTP/1.1" 200 4014 "http://www.artparquet.ru/" "Mozilla/5.0 (compatible; Add Catalog/2.1;)"
192.162.19.183 - - [11/Aug/2012:21:56:32 +0200] "GET / HTTP/1.1" 200 4014 "http://www.onlainfilmov.net/" "Mozilla/4.0 (Add Catalog; Windows NT 5.1; infobot.4942@yahoo.com)"
192.162.19.183 - - [11/Aug/2012:21:56:32 +0200] "GET / HTTP/1.1" 200 4014 "http://www.onlainfilmov.net/" "Mozilla/4.0 (Add Catalog; Windows NT 5.1; infobot.4942@yahoo.com)"
192.162.19.183 - - [11/Aug/2012:21:56:32 +0200] "GET / HTTP/1.1" 200 4014 "http://www.onlainfilmov.net/" "Mozilla/4.0 (Add Catalog; Windows NT 5.1; infobot.4942@yahoo.com)"
79.255.109.210 - - [12/Aug/2012:00:00:07 +0200] "GET / HTTP/1.1" 200 4014 "http://www.dialyse-calw.de/06.html" "Mozilla/5.0 (Windows NT 5.1; rv:14.0) Gecko/20100101 Firefox/14.0.1"
79.255.109.210 - - [12/Aug/2012:00:00:07 +0200] "GET /back.jpg HTTP/1.1" 404 1256 "http://www.dialyse-waldbronn.de/" "Mozilla/5.0 (Windows NT 5.1; rv:14.0) Gecko/20100101 Firefox/14.0.1"
79.255.109.210 - - [12/Aug/2012:00:00:07 +0200] "GET /index.swf HTTP/1.1" 200 8893 "http://www.dialyse-waldbronn.de/" "Mozilla/5.0 (Windows NT 5.1; rv:14.0) Gecko/20100101 Firefox/14.0.1"
79.255.109.210 - - [12/Aug/2012:00:00:07 +0200] "GET /favicon.ico HTTP/1.1" 404 1256 "-" "Mozilla/5.0 (Windows NT 5.1; rv:14.0) Gecko/20100101 Firefox/14.0.1"
79.255.109.210 - - [12/Aug/2012:00:00:07 +0200] "GET /favicon.ico HTTP/1.1" 404 1256 "-" "Mozilla/5.0 (Windows NT 5.1; rv:14.0) Gecko/20100101 Firefox/14.0.1"
79.255.109.210 - - [12/Aug/2012:00:00:09 +0200] "GET /00themen00.html HTTP/1.1" 200 2236 "http://www.dialyse-waldbronn.de/" "Mozilla/5.0 (Windows NT 5.1; rv:14.0) Gecko/20100101 Firefox/14.0.1"
79.255.109.210 - - [12/Aug/2012:00:00:09 +0200] "GET /AC_RunActiveContent.js HTTP/1.1" 200 8029 "http://www.dialyse-waldbronn.de/00themen00.html" "Mozilla/5.0 (Windows NT 5.1; rv:14.0) Gecko/20100101 Firefox/14.0.1"
79.255.109.210 - - [12/Aug/2012:00:00:10 +0200] "GET /00themen00.swf HTTP/1.1" 200 12608 "http://www.dialyse-waldbronn.de/00themen00.html" "Mozilla/5.0 (Windows NT 5.1; rv:14.0) Gecko/20100101 Firefox/14.0.1"
79.255.109.210 - - [12/Aug/2012:00:00:16 +0200] "GET /08.html HTTP/1.1" 200 2068 "http://www.dialyse-waldbronn.de/00themen00.html" "Mozilla/5.0 (Windows NT 5.1; rv:14.0) Gecko/20100101 Firefox/14.0.1"
79.255.109.210 - - [12/Aug/2012:00:00:16 +0200] "GET /08.swf HTTP/1.1" 200 22102 "http://www.dialyse-waldbronn.de/08.html" "Mozilla/5.0 (Windows NT 5.1; rv:14.0) Gecko/20100101 Firefox/14.0.1"
79.255.109.210 - - [12/Aug/2012:00:01:02 +0200] "GET /index.html HTTP/1.1" 200 4014 "http://www.dialyse-waldbronn.de/08.html" "Mozilla/5.0 (Windows NT 5.1; rv:14.0) Gecko/20100101 Firefox/14.0.1"
79.255.109.210 - - [12/Aug/2012:00:01:02 +0200] "GET /back.jpg HTTP/1.1" 404 1256 "http://www.dialyse-waldbronn.de/index.html" "Mozilla/5.0 (Windows NT 5.1; rv:14.0) Gecko/20100101 Firefox/14.0.1"
79.255.109.210 - - [12/Aug/2012:00:01:08 +0200] "GET /01.html HTTP/1.1" 200 1988 "http://www.dialyse-waldbronn.de/00themen00.html" "Mozilla/5.0 (Windows NT 5.1; rv:14.0) Gecko/20100101 Firefox/14.0.1"
79.255.109.210 - - [12/Aug/2012:00:01:09 +0200] "GET /01.swf HTTP/1.1" 200 36918 "http://www.dialyse-waldbronn.de/01.html" "Mozilla/5.0 (Windows NT 5.1; rv:14.0) Gecko/20100101 Firefox/14.0.1"
79.255.109.210 - - [12/Aug/2012:00:01:28 +0200] "GET /02.html HTTP/1.1" 200 1988 "http://www.dialyse-waldbronn.de/00themen00.html" "Mozilla/5.0 (Windows NT 5.1; rv:14.0) Gecko/20100101 Firefox/14.0.1"
79.255.109.210 - - [12/Aug/2012:00:01:28 +0200] "GET /02.swf HTTP/1.1" 200 19509 "http://www.dialyse-waldbronn.de/02.html" "Mozilla/5.0 (Windows NT 5.1; rv:14.0) Gecko/20100101 Firefox/14.0.1"
79.255.109.210 - - [12/Aug/2012:00:01:58 +0200] "GET /03.html HTTP/1.1" 200 2012 "http://www.dialyse-waldbronn.de/00themen00.html" "Mozilla/5.0 (Windows NT 5.1; rv:14.0) Gecko/20100101 Firefox/14.0.1"
79.255.109.210 - - [12/Aug/2012:00:01:58 +0200] "GET /03.swf HTTP/1.1" 200 79366 "http://www.dialyse-waldbronn.de/03.html" "Mozilla/5.0 (Windows NT 5.1; rv:14.0) Gecko/20100101 Firefox/14.0.1"
79.255.109.210 - - [12/Aug/2012:00:02:08 +0200] "GET /03b.html HTTP/1.1" 200 2020 "http://www.dialyse-waldbronn.de/03.html" "Mozilla/5.0 (Windows NT 5.1; rv:14.0) Gecko/20100101 Firefox/14.0.1"
79.255.109.210 - - [12/Aug/2012:00:02:08 +0200] "GET /03b.swf HTTP/1.1" 200 198225 "http://www.dialyse-waldbronn.de/03b.html" "Mozilla/5.0 (Windows NT 5.1; rv:14.0) Gecko/20100101 Firefox/14.0.1"
79.255.109.210 - - [12/Aug/2012:00:02:18 +0200] "GET /05.html HTTP/1.1" 200 1988 "http://www.dialyse-waldbronn.de/00themen00.html" "Mozilla/5.0 (Windows NT 5.1; rv:14.0) Gecko/20100101 Firefox/14.0.1"
79.255.109.210 - - [12/Aug/2012:00:02:19 +0200] "GET /05.swf HTTP/1.1" 200 44441 "http://www.dialyse-waldbronn.de/05.html" "Mozilla/5.0 (Windows NT 5.1; rv:14.0) Gecko/20100101 Firefox/14.0.1"
79.255.109.210 - - [12/Aug/2012:00:02:23 +0200] "GET /06.html HTTP/1.1" 200 1988 "http://www.dialyse-waldbronn.de/00themen00.html" "Mozilla/5.0 (Windows NT 5.1; rv:14.0) Gecko/20100101 Firefox/14.0.1"
79.255.109.210 - - [12/Aug/2012:00:02:23 +0200] "GET /06.swf HTTP/1.1" 200 18307 "http://www.dialyse-waldbronn.de/06.html" "Mozilla/5.0 (Windows NT 5.1; rv:14.0) Gecko/20100101 Firefox/14.0.1"
79.255.109.210 - - [12/Aug/2012:00:02:33 +0200] "GET /07.html HTTP/1.1" 200 2372 "http://www.dialyse-waldbronn.de/00themen00.html" "Mozilla/5.0 (Windows NT 5.1; rv:14.0) Gecko/20100101 Firefox/14.0.1"
79.255.109.210 - - [12/Aug/2012:00:02:33 +0200] "GET /07.swf HTTP/1.1" 200 22237 "http://www.dialyse-waldbronn.de/07.html" "Mozilla/5.0 (Windows NT 5.1; rv:14.0) Gecko/20100101 Firefox/14.0.1"
79.255.109.210 - - [12/Aug/2012:00:03:00 +0200] "GET /09.html HTTP/1.1" 200 2140 "http://www.dialyse-waldbronn.de/00themen00.html" "Mozilla/5.0 (Windows NT 5.1; rv:14.0) Gecko/20100101 Firefox/14.0.1"
79.255.109.210 - - [12/Aug/2012:00:03:00 +0200] "GET /09.swf HTTP/1.1" 200 23193 "http://www.dialyse-waldbronn.de/09.html" "Mozilla/5.0 (Windows NT 5.1; rv:14.0) Gecko/20100101 Firefox/14.0.1"
93.170.1.53 - - [12/Aug/2012:03:44:51 +0200] "GET / HTTP/1.1" 200 4014 "http://sonalbino.net/" "Mozilla/4.0 (compatible; MSIE 6.0; Windows NT 5.2; Win64; AMD64)"
93.170.1.53 - - [12/Aug/2012:03:44:52 +0200] "GET / HTTP/1.1" 200 4014 "http://sonalbino.net/" "Mozilla/4.0 (compatible; MSIE 6.0; Windows NT 5.2; Win64; AMD64)"
65.52.110.26 - - [12/Aug/2012:10:18:02 +0200] "GET /robots.txt HTTP/1.1" 404 1256 "-" "Mozilla/5.0 (compatible; bingbot/2.0; +http://www.bing.com/bingbot.htm)"
207.46.13.48 - - [12/Aug/2012:10:18:57 +0200] "GET /index.swf HTTP/1.1" 200 8893 "-" "Mozilla/5.0 (compatible; bingbot/2.0; +http://www.bing.com/bingbot.htm)"
65.52.110.26 - - [12/Aug/2012:10:19:01 +0200] "GET / HTTP/1.1" 200 4014 "-" "Mozilla/5.0 (compatible; bingbot/2.0; +http://www.bing.com/bingbot.htm)"
149.172.0.216 - - [12/Aug/2012:11:33:18 +0200] "GET / HTTP/1.1" 200 4014 "http://www.google.de/url?sa=t&rct=j&q=&esrc=s&source=web&cd=282&ved=0CFEQFjABOJgC&url=http%3A%2F%2Fwww.dialyse-waldbronn.de%2F&ei=8HcnUITLOcfHswbPioCADA&usg=AFQjCNHEX_ZQroPS8hwDzjOxqVHmV6iDWw" "Mozilla/5.0 (Windows NT 5.1; rv:14.0) Gecko/20100101 Firefox/14.0.1"
149.172.0.216 - - [12/Aug/2012:11:33:18 +0200] "GET /back.jpg HTTP/1.1" 404 1256 "http://www.dialyse-waldbronn.de/" "Mozilla/5.0 (Windows NT 5.1; rv:14.0) Gecko/20100101 Firefox/14.0.1"
149.172.0.216 - - [12/Aug/2012:11:33:18 +0200] "GET /index.swf HTTP/1.1" 200 8893 "http://www.dialyse-waldbronn.de/" "Mozilla/5.0 (Windows NT 5.1; rv:14.0) Gecko/20100101 Firefox/14.0.1"
149.172.0.216 - - [12/Aug/2012:11:33:19 +0200] "GET /favicon.ico HTTP/1.1" 404 1256 "-" "Mozilla/5.0 (Windows NT 5.1; rv:14.0) Gecko/20100101 Firefox/14.0.1"
149.172.0.216 - - [12/Aug/2012:11:33:19 +0200] "GET /favicon.ico HTTP/1.1" 404 1256 "-" "Mozilla/5.0 (Windows NT 5.1; rv:14.0) Gecko/20100101 Firefox/14.0.1"
149.172.0.216 - - [12/Aug/2012:11:33:23 +0200] "GET /00themen00.html HTTP/1.1" 200 2236 "http://www.dialyse-waldbronn.de/" "Mozilla/5.0 (Windows NT 5.1; rv:14.0) Gecko/20100101 Firefox/14.0.1"
149.172.0.216 - - [12/Aug/2012:11:33:23 +0200] "GET /AC_RunActiveContent.js HTTP/1.1" 200 8029 "http://www.dialyse-waldbronn.de/00themen00.html" "Mozilla/5.0 (Windows NT 5.1; rv:14.0) Gecko/20100101 Firefox/14.0.1"
149.172.0.216 - - [12/Aug/2012:11:33:23 +0200] "GET /00themen00.swf HTTP/1.1" 200 12608 "http://www.dialyse-waldbronn.de/00themen00.html" "Mozilla/5.0 (Windows NT 5.1; rv:14.0) Gecko/20100101 Firefox/14.0.1"
149.172.0.216 - - [12/Aug/2012:11:33:26 +0200] "GET /03.html HTTP/1.1" 200 2012 "http://www.dialyse-waldbronn.de/00themen00.html" "Mozilla/5.0 (Windows NT 5.1; rv:14.0) Gecko/20100101 Firefox/14.0.1"
149.172.0.216 - - [12/Aug/2012:11:33:26 +0200] "GET /03.swf HTTP/1.1" 200 79366 "http://www.dialyse-waldbronn.de/03.html" "Mozilla/5.0 (Windows NT 5.1; rv:14.0) Gecko/20100101 Firefox/14.0.1"
149.172.0.216 - - [12/Aug/2012:11:33:45 +0200] "GET /03b.html HTTP/1.1" 200 2020 "http://www.dialyse-waldbronn.de/03.html" "Mozilla/5.0 (Windows NT 5.1; rv:14.0) Gecko/20100101 Firefox/14.0.1"
149.172.0.216 - - [12/Aug/2012:11:33:45 +0200] "GET /03b.swf HTTP/1.1" 200 198225 "http://www.dialyse-waldbronn.de/03b.html" "Mozilla/5.0 (Windows NT 5.1; rv:14.0) Gecko/20100101 Firefox/14.0.1"
149.172.0.216 - - [12/Aug/2012:11:34:33 +0200] "GET /back.jpg HTTP/1.1" 404 1256 "http://www.dialyse-waldbronn.de/" "Mozilla/5.0 (Windows NT 5.1; rv:14.0) Gecko/20100101 Firefox/14.0.1"
193.106.136.63 - - [12/Aug/2012:11:36:02 +0200] "GET / HTTP/1.1" 200 4014 "http://www.design-interiors.com.ua/" "Mozilla/4.0 (compatible; MSIE 5.5; Windows NT 5.0; T312461)"
193.106.136.63 - - [12/Aug/2012:11:36:03 +0200] "GET / HTTP/1.1" 200 4014 "http://www.design-interiors.com.ua/" "Mozilla/4.0 (compatible; MSIE 5.5; Windows NT 5.0; T312461)"
83.133.125.202 - - [12/Aug/2012:15:17:15 +0200] "GET / HTTP/1.1" 200 4014 "http://www.bigfinder.de/" "Mozilla/5.0 (Macintosh; U; Intel Mac OS X 10.6; de-DE; rv:1.9.2.8) Gecko/20100722 Firefox/3.6.8"
66.249.73.3 - - [12/Aug/2012:15:47:54 +0200] "GET /robots.txt HTTP/1.1" 404 1256 "-" "Mozilla/5.0 (compatible; Googlebot/2.1; +http://www.google.com/bot.html)"
66.249.73.3 - - [12/Aug/2012:15:47:54 +0200] "GET / HTTP/1.1" 200 4014 "-" "Mozilla/5.0 (iPhone; U; CPU iPhone OS 4_1 like Mac OS X; en-us) AppleWebKit/532.9 (KHTML, like Gecko) Version/4.0.5 Mobile/8B117 Safari/6531.22.7 (compatible; Googlebot-Mobile/2.1; +http://www.google.com/bot.html)"
66.249.73.3 - - [12/Aug/2012:16:01:03 +0200] "GET /back.jpg HTTP/1.1" 404 1256 "-" "Mozilla/5.0 (compatible; Googlebot/2.1; +http://www.google.com/bot.html)"
178.154.179.250 - - [12/Aug/2012:17:24:13 +0200] "GET /robots.txt HTTP/1.1" 404 1256 "-" "Mozilla/5.0 (compatible; YandexBot/3.0; +http://yandex.com/bots)"
193.0.212.119 - - [12/Aug/2012:18:12:24 +0200] "GET / HTTP/1.1" 200 4014 "http://lafasof.com/" "Mozilla/1.22 (compatible; MSIE 2.0d; Windows NT)"
193.0.212.119 - - [12/Aug/2012:18:12:24 +0200] "GET / HTTP/1.1" 200 4014 "http://lafasof.com/" "Mozilla/1.22 (compatible; MSIE 2.0d; Windows NT)"
178.154.179.250 - - [12/Aug/2012:21:14:47 +0200] "GET / HTTP/1.1" 200 4014 "-" "Mozilla/5.0 (compatible; YandexBot/3.0; +http://yandex.com/bots)"
178.154.179.250 - - [12/Aug/2012:21:14:53 +0200] "GET /index.swf HTTP/1.1" 200 8893 "-" "Mozilla/5.0 (compatible; YandexBot/3.0; +http://yandex.com/bots)"
178.137.129.128 - - [12/Aug/2012:21:50:02 +0200] "GET / HTTP/1.1" 200 4014 "http://photo-lol.com/" "Mozilla/4.0 (compatible; MSIE 6.0; Windows NT 5.1; en) Opera 8.00"
178.137.129.128 - - [12/Aug/2012:21:50:02 +0200] "GET / HTTP/1.1" 200 4014 "http://photo-lol.com/" "Mozilla/4.0 (compatible; MSIE 6.0; Windows NT 5.1; en) Opera 8.00"
66.249.72.13 - - [12/Aug/2012:23:02:22 +0200] "GET /robots.txt HTTP/1.1" 404 1256 "-" "Mozilla/5.0 (compatible; Googlebot/2.1; +http://www.google.com/bot.html)"
66.249.72.13 - - [12/Aug/2012:23:02:22 +0200] "GET /07.html HTTP/1.1" 200 2372 "-" "Mozilla/5.0 (compatible; Googlebot/2.1; +http://www.google.com/bot.html)"
65.52.110.26 - - [12/Aug/2012:23:07:01 +0200] "GET /robots.txt HTTP/1.1" 404 1256 "-" "Mozilla/5.0 (compatible; bingbot/2.0; +http://www.bing.com/bingbot.htm)"
157.55.112.206 - - [12/Aug/2012:23:07:43 +0200] "GET / HTTP/1.1" 200 4014 "-" "Mozilla/5.0 (Windows NT 6.1; WOW64) AppleWebKit/534+ (KHTML, like Gecko) BingPreview/1.0b"
62.245.223.194 - - [12/Aug/2012:23:46:51 +0200] "GET / HTTP/1.1" 304 - "-" "Mozilla/4.0 (compatible;)"
66.249.72.13 - - [13/Aug/2012:00:25:07 +0200] "GET /07.swf HTTP/1.1" 200 22237 "-" "Mozilla/5.0 (compatible; Googlebot/2.1; +http://www.google.com/bot.html)"
66.249.72.13 - - [13/Aug/2012:00:45:59 +0200] "GET /09a.html HTTP/1.1" 200 2065 "-" "Mozilla/5.0 (compatible; Googlebot/2.1; +http://www.google.com/bot.html)"
66.249.72.13 - - [13/Aug/2012:00:47:54 +0200] "GET /AC_RunActiveContent.js HTTP/1.1" 200 8029 "-" "Mozilla/5.0 (compatible; Googlebot/2.1; +http://www.google.com/bot.html)"
66.249.72.13 - - [13/Aug/2012:00:47:57 +0200] "GET /09a.swf HTTP/1.1" 200 19689 "-" "Mozilla/5.0 (compatible; Googlebot/2.1; +http://www.google.com/bot.html)"
66.249.72.13 - - [13/Aug/2012:05:11:51 +0200] "GET /robots.txt HTTP/1.1" 404 1256 "-" "Mozilla/5.0 (compatible; Googlebot/2.1; +http://www.google.com/bot.html)"
66.249.72.13 - - [13/Aug/2012:05:11:51 +0200] "GET /09.swf HTTP/1.1" 200 23193 "-" "Mozilla/5.0 (compatible; Googlebot/2.1; +http://www.google.com/bot.html)"
213.110.133.221 - - [13/Aug/2012:08:35:27 +0200] "GET / HTTP/1.1" 200 4014 "http://eurasia.msk.ru/" "Mozilla/4.0 (compatible; Blog Search;)"
213.110.133.221 - - [13/Aug/2012:08:35:28 +0200] "GET / HTTP/1.1" 200 4014 "http://eurasia.msk.ru/" "Mozilla/4.0 (compatible; Blog Search;)"
109.120.157.179 - - [13/Aug/2012:19:27:14 +0200] "GET / HTTP/1.1" 200 4014 "http://mmoanons.ru/" "Mozilla/5.0 (compatible; Add Catalog/2.1;)"
109.120.157.179 - - [13/Aug/2012:19:27:15 +0200] "GET / HTTP/1.1" 200 4014 "http://mmoanons.ru/" "Mozilla/5.0 (compatible; Add Catalog/2.1;)"
195.42.102.21 - - [13/Aug/2012:21:02:31 +0200] "GET /robots.txt HTTP/1.1" 404 1256 "-" "Mozilla/5.0 (compatible; WBSearchBot/1.1; +http://www.warebay.com/bot.html)"
195.42.102.21 - - [13/Aug/2012:21:02:35 +0200] "GET / HTTP/1.1" 200 4014 "-" "Mozilla/5.0 (compatible; WBSearchBot/1.1; +http://www.warebay.com/bot.html)"
178.154.179.250 - - [13/Aug/2012:21:14:40 +0200] "GET /robots.txt HTTP/1.1" 404 1256 "-" "Mozilla/5.0 (compatible; YandexBot/3.0; +http://yandex.com/bots)"
178.154.179.250 - - [14/Aug/2012:01:30:01 +0200] "GET / HTTP/1.1" 200 4014 "-" "Mozilla/5.0 (compatible; YandexBot/3.0; +http://yandex.com/bots)"
178.154.179.250 - - [14/Aug/2012:01:30:06 +0200] "GET /index.swf HTTP/1.1" 200 8893 "-" "Mozilla/5.0 (compatible; YandexBot/3.0; +http://yandex.com/bots)"
66.249.72.13 - - [14/Aug/2012:05:24:24 +0200] "GET /robots.txt HTTP/1.1" 404 1256 "-" "Mozilla/5.0 (compatible; Googlebot/2.1; +http://www.google.com/bot.html)"
66.249.72.13 - - [14/Aug/2012:05:24:24 +0200] "GET / HTTP/1.1" 200 4014 "-" "Mozilla/5.0 (compatible; Googlebot/2.1; +http://www.google.com/bot.html)"
66.249.72.13 - - [14/Aug/2012:06:31:17 +0200] "GET / HTTP/1.1" 200 4014 "-" "Mozilla/5.0 (iPhone; U; CPU iPhone OS 4_1 like Mac OS X; en-us) AppleWebKit/532.9 (KHTML, like Gecko) Version/4.0.5 Mobile/8B117 Safari/6531.22.7 (compatible; Googlebot-Mobile/2.1; +http://www.google.com/bot.html)"
193.106.136.63 - - [14/Aug/2012:08:28:12 +0200] "GET / HTTP/1.1" 200 4014 "http://mazzquito.com/" "Mozilla/4.0 (compatible; MSIE 6.0; Windows NT 5.1; MRA 4.3 (build 01218); .NET CLR 1.1.4322)"
193.106.136.63 - - [14/Aug/2012:08:28:12 +0200] "GET / HTTP/1.1" 200 4014 "http://mazzquito.com/" "Mozilla/4.0 (compatible; MSIE 6.0; Windows NT 5.1; MRA 4.3 (build 01218); .NET CLR 1.1.4322)"
87.139.183.142 - - [14/Aug/2012:09:03:42 +0200] "GET / HTTP/1.1" 200 4014 "http://www.google.de/url?sa=t&rct=j&q=&esrc=s&source=web&cd=1&ved=0CEsQFjAA&url=http%3A%2F%2Fwww.dialyse-waldbronn.de%2F&ei=PfgpUNnzH8_Psgab3YGIDw&usg=AFQjCNHEX_ZQroPS8hwDzjOxqVHmV6iDWw" "Mozilla/5.0 (Windows NT 5.1; rv:14.0) Gecko/20100101 Firefox/14.0.1"
87.139.183.142 - - [14/Aug/2012:09:03:42 +0200] "GET /back.jpg HTTP/1.1" 404 1256 "http://www.dialyse-waldbronn.de/" "Mozilla/5.0 (Windows NT 5.1; rv:14.0) Gecko/20100101 Firefox/14.0.1"
87.139.183.142 - - [14/Aug/2012:09:03:42 +0200] "GET /index.swf HTTP/1.1" 200 8893 "http://www.dialyse-waldbronn.de/" "Mozilla/5.0 (Windows NT 5.1; rv:14.0) Gecko/20100101 Firefox/14.0.1"
87.139.183.142 - - [14/Aug/2012:09:03:43 +0200] "GET /favicon.ico HTTP/1.1" 404 1256 "-" "Mozilla/5.0 (Windows NT 5.1; rv:14.0) Gecko/20100101 Firefox/14.0.1"
87.139.183.142 - - [14/Aug/2012:09:03:43 +0200] "GET /favicon.ico HTTP/1.1" 404 1256 "-" "Mozilla/5.0 (Windows NT 5.1; rv:14.0) Gecko/20100101 Firefox/14.0.1"
87.139.183.142 - - [14/Aug/2012:09:03:48 +0200] "GET /00themen00.html HTTP/1.1" 200 2236 "http://www.dialyse-waldbronn.de/" "Mozilla/5.0 (Windows NT 5.1; rv:14.0) Gecko/20100101 Firefox/14.0.1"
87.139.183.142 - - [14/Aug/2012:09:03:48 +0200] "GET /AC_RunActiveContent.js HTTP/1.1" 200 8029 "http://www.dialyse-waldbronn.de/00themen00.html" "Mozilla/5.0 (Windows NT 5.1; rv:14.0) Gecko/20100101 Firefox/14.0.1"
87.139.183.142 - - [14/Aug/2012:09:03:48 +0200] "GET /00themen00.swf HTTP/1.1" 200 12608 "http://www.dialyse-waldbronn.de/00themen00.html" "Mozilla/5.0 (Windows NT 5.1; rv:14.0) Gecko/20100101 Firefox/14.0.1"
